-- MySQL dump 10.13  Distrib 5.7.34, for osx10.12 (x86_64)
--
-- Host: 127.0.0.1    Database: laraclassifier
-- ------------------------------------------------------
-- Server version	5.7.34

/*!40101 SET @OLD_CHARACTER_SET_CLIENT=@@CHARACTER_SET_CLIENT */;
/*!40101 SET @OLD_CHARACTER_SET_RESULTS=@@CHARACTER_SET_RESULTS */;
/*!40101 SET @OLD_COLLATION_CONNECTION=@@COLLATION_CONNECTION */;
/*!40101 SET NAMES utf8 */;
/*!40103 SET @OLD_TIME_ZONE=@@TIME_ZONE */;
/*!40103 SET TIME_ZONE='+00:00' */;
/*!40014 SET @OLD_UNIQUE_CHECKS=@@UNIQUE_CHECKS, UNIQUE_CHECKS=0 */;
/*!40014 SET @OLD_FOREIGN_KEY_CHECKS=@@FOREIGN_KEY_CHECKS, FOREIGN_KEY_CHECKS=0 */;
/*!40101 SET @OLD_SQL_MODE=@@SQL_MODE, SQL_MODE='NO_AUTO_VALUE_ON_ZERO' */;
/*!40111 SET @OLD_SQL_NOTES=@@SQL_NOTES, SQL_NOTES=0 */;

--
-- Dumping data for table `__PREFIX__subadmin1`
--

/*!40000 ALTER TABLE `__PREFIX__subadmin1` DISABLE KEYS */;
INSERT INTO `__PREFIX__subadmin1` (`code`, `country_code`, `name`, `active`) VALUES ('AF.28','AF','{\"en\":\"Zabul\"}',1);
INSERT INTO `__PREFIX__subadmin1` (`code`, `country_code`, `name`, `active`) VALUES ('AF.27','AF','{\"en\":\"Vardak\"}',1);
INSERT INTO `__PREFIX__subadmin1` (`code`, `country_code`, `name`, `active`) VALUES ('AF.26','AF','{\"en\":\"Takhar\"}',1);
INSERT INTO `__PREFIX__subadmin1` (`code`, `country_code`, `name`, `active`) VALUES ('AF.33','AF','{\"en\":\"Sar-e Pol\"}',1);
INSERT INTO `__PREFIX__subadmin1` (`code`, `country_code`, `name`, `active`) VALUES ('AF.32','AF','{\"en\":\"Samangan\"}',1);
INSERT INTO `__PREFIX__subadmin1` (`code`, `country_code`, `name`, `active`) VALUES ('AF.40','AF','{\"en\":\"Parwan\"}',1);
INSERT INTO `__PREFIX__subadmin1` (`code`, `country_code`, `name`, `active`) VALUES ('AF.29','AF','{\"en\":\"Paktika\"}',1);
INSERT INTO `__PREFIX__subadmin1` (`code`, `country_code`, `name`, `active`) VALUES ('AF.36','AF','{\"en\":\"Paktia\"}',1);
INSERT INTO `__PREFIX__subadmin1` (`code`, `country_code`, `name`, `active`) VALUES ('AF.39','AF','{\"en\":\"Oruzgan\"}',1);
INSERT INTO `__PREFIX__subadmin1` (`code`, `country_code`, `name`, `active`) VALUES ('AF.19','AF','{\"en\":\"Nimroz\"}',1);
INSERT INTO `__PREFIX__subadmin1` (`code`, `country_code`, `name`, `active`) VALUES ('AF.18','AF','{\"en\":\"Nangarhar\"}',1);
INSERT INTO `__PREFIX__subadmin1` (`code`, `country_code`, `name`, `active`) VALUES ('AF.17','AF','{\"en\":\"Logar\"}',1);
INSERT INTO `__PREFIX__subadmin1` (`code`, `country_code`, `name`, `active`) VALUES ('AF.35','AF','{\"en\":\"Laghman\"}',1);
INSERT INTO `__PREFIX__subadmin1` (`code`, `country_code`, `name`, `active`) VALUES ('AF.24','AF','{\"en\":\"Kunduz\"}',1);
INSERT INTO `__PREFIX__subadmin1` (`code`, `country_code`, `name`, `active`) VALUES ('AF.34','AF','{\"en\":\"Kunar\"}',1);
INSERT INTO `__PREFIX__subadmin1` (`code`, `country_code`, `name`, `active`) VALUES ('AF.14','AF','{\"en\":\"Kapisa\"}',1);
INSERT INTO `__PREFIX__subadmin1` (`code`, `country_code`, `name`, `active`) VALUES ('AF.23','AF','{\"en\":\"Kandahar\"}',1);
INSERT INTO `__PREFIX__subadmin1` (`code`, `country_code`, `name`, `active`) VALUES ('AF.13','AF','{\"en\":\"Kabul\"}',1);
INSERT INTO `__PREFIX__subadmin1` (`code`, `country_code`, `name`, `active`) VALUES ('AF.31','AF','{\"en\":\"Jowzjan\"}',1);
INSERT INTO `__PREFIX__subadmin1` (`code`, `country_code`, `name`, `active`) VALUES ('AF.11','AF','{\"en\":\"Herat\"}',1);
INSERT INTO `__PREFIX__subadmin1` (`code`, `country_code`, `name`, `active`) VALUES ('AF.10','AF','{\"en\":\"Helmand\"}',1);
INSERT INTO `__PREFIX__subadmin1` (`code`, `country_code`, `name`, `active`) VALUES ('AF.09','AF','{\"en\":\"Ghowr\"}',1);
INSERT INTO `__PREFIX__subadmin1` (`code`, `country_code`, `name`, `active`) VALUES ('AF.08','AF','{\"en\":\"Ghazni\"}',1);
INSERT INTO `__PREFIX__subadmin1` (`code`, `country_code`, `name`, `active`) VALUES ('AF.07','AF','{\"en\":\"Faryab\"}',1);
INSERT INTO `__PREFIX__subadmin1` (`code`, `country_code`, `name`, `active`) VALUES ('AF.06','AF','{\"en\":\"Farah\"}',1);
INSERT INTO `__PREFIX__subadmin1` (`code`, `country_code`, `name`, `active`) VALUES ('AF.05','AF','{\"en\":\"Bamyan\"}',1);
INSERT INTO `__PREFIX__subadmin1` (`code`, `country_code`, `name`, `active`) VALUES ('AF.30','AF','{\"en\":\"Balkh\"}',1);
INSERT INTO `__PREFIX__subadmin1` (`code`, `country_code`, `name`, `active`) VALUES ('AF.03','AF','{\"en\":\"Baghlan\"}',1);
INSERT INTO `__PREFIX__subadmin1` (`code`, `country_code`, `name`, `active`) VALUES ('AF.02','AF','{\"en\":\"Badghis\"}',1);
INSERT INTO `__PREFIX__subadmin1` (`code`, `country_code`, `name`, `active`) VALUES ('AF.01','AF','{\"en\":\"Badakhshan\"}',1);
INSERT INTO `__PREFIX__subadmin1` (`code`, `country_code`, `name`, `active`) VALUES ('AF.37','AF','{\"en\":\"Khowst\"}',1);
INSERT INTO `__PREFIX__subadmin1` (`code`, `country_code`, `name`, `active`) VALUES ('AF.38','AF','{\"en\":\"Nuristan\"}',1);
INSERT INTO `__PREFIX__subadmin1` (`code`, `country_code`, `name`, `active`) VALUES ('AF.41','AF','{\"en\":\"Daykundi\"}',1);
INSERT INTO `__PREFIX__subadmin1` (`code`, `country_code`, `name`, `active`) VALUES ('AF.42','AF','{\"en\":\"Panjshir\"}',1);
/*!40000 ALTER TABLE `__PREFIX__subadmin1` ENABLE KEYS */;

--
-- Dumping data for table `__PREFIX__subadmin2`
--

/*!40000 ALTER TABLE `__PREFIX__subadmin2` DISABLE KEYS */;
INSERT INTO `__PREFIX__subadmin2` (`code`, `country_code`, `subadmin1_code`, `name`, `active`) VALUES ('AF.01.1109','AF','AF.01','{\"en\":\"Shighnan District\"}',1);
INSERT INTO `__PREFIX__subadmin2` (`code`, `country_code`, `subadmin1_code`, `name`, `active`) VALUES ('AF.08.609','AF','AF.08','{\"en\":\"Gēlān\"}',1);
INSERT INTO `__PREFIX__subadmin2` (`code`, `country_code`, `subadmin1_code`, `name`, `active`) VALUES ('AF.01.1114','AF','AF.01','{\"en\":\"Arghanj Khwāh\"}',1);
INSERT INTO `__PREFIX__subadmin2` (`code`, `country_code`, `subadmin1_code`, `name`, `active`) VALUES ('AF.01.1115','AF','AF.01','{\"en\":\"Argō\"}',1);
INSERT INTO `__PREFIX__subadmin2` (`code`, `country_code`, `subadmin1_code`, `name`, `active`) VALUES ('AF.01.1108','AF','AF.01','{\"en\":\"Bahārak\"}',1);
INSERT INTO `__PREFIX__subadmin2` (`code`, `country_code`, `subadmin1_code`, `name`, `active`) VALUES ('AF.01.1116','AF','AF.01','{\"en\":\"Darāyim\"}',1);
INSERT INTO `__PREFIX__subadmin2` (`code`, `country_code`, `subadmin1_code`, `name`, `active`) VALUES ('AF.01.1117','AF','AF.01','{\"en\":\"Darwāz-e Bālā\"}',1);
INSERT INTO `__PREFIX__subadmin2` (`code`, `country_code`, `subadmin1_code`, `name`, `active`) VALUES ('AF.01.1110','AF','AF.01','{\"en\":\"Darwāz-e Pā’īn\"}',1);
INSERT INTO `__PREFIX__subadmin2` (`code`, `country_code`, `subadmin1_code`, `name`, `active`) VALUES ('AF.01.1101','AF','AF.01','{\"en\":\"Faīẕābād\"}',1);
INSERT INTO `__PREFIX__subadmin2` (`code`, `country_code`, `subadmin1_code`, `name`, `active`) VALUES ('AF.01.1107','AF','AF.01','{\"en\":\"Ishkāshim\"}',1);
INSERT INTO `__PREFIX__subadmin2` (`code`, `country_code`, `subadmin1_code`, `name`, `active`) VALUES ('AF.01.1103','AF','AF.01','{\"en\":\"Jurm\"}',1);
INSERT INTO `__PREFIX__subadmin2` (`code`, `country_code`, `subadmin1_code`, `name`, `active`) VALUES ('AF.01.1118','AF','AF.01','{\"en\":\"Khāsh\"}',1);
INSERT INTO `__PREFIX__subadmin2` (`code`, `country_code`, `subadmin1_code`, `name`, `active`) VALUES ('AF.01.1111','AF','AF.01','{\"en\":\"Khwāhān\"}',1);
INSERT INTO `__PREFIX__subadmin2` (`code`, `country_code`, `subadmin1_code`, `name`, `active`) VALUES ('AF.01.1102','AF','AF.01','{\"en\":\"Kishim\"}',1);
INSERT INTO `__PREFIX__subadmin2` (`code`, `country_code`, `subadmin1_code`, `name`, `active`) VALUES ('AF.01.1119','AF','AF.01','{\"en\":\"Kōhistān\"}',1);
INSERT INTO `__PREFIX__subadmin2` (`code`, `country_code`, `subadmin1_code`, `name`, `active`) VALUES ('AF.01.1120','AF','AF.01','{\"en\":\"Kūf Āb\"}',1);
INSERT INTO `__PREFIX__subadmin2` (`code`, `country_code`, `subadmin1_code`, `name`, `active`) VALUES ('AF.01.1112','AF','AF.01','{\"en\":\"Rāghistān\"}',1);
INSERT INTO `__PREFIX__subadmin2` (`code`, `country_code`, `subadmin1_code`, `name`, `active`) VALUES ('AF.01.1113','AF','AF.01','{\"en\":\"Shahr-e Buzurg\"}',1);
INSERT INTO `__PREFIX__subadmin2` (`code`, `country_code`, `subadmin1_code`, `name`, `active`) VALUES ('AF.01.1121','AF','AF.01','{\"en\":\"Shikī\"}',1);
INSERT INTO `__PREFIX__subadmin2` (`code`, `country_code`, `subadmin1_code`, `name`, `active`) VALUES ('AF.01.1122','AF','AF.01','{\"en\":\"Shuhadā\"}',1);
INSERT INTO `__PREFIX__subadmin2` (`code`, `country_code`, `subadmin1_code`, `name`, `active`) VALUES ('AF.01.1123','AF','AF.01','{\"en\":\"Tagāb\"}',1);
INSERT INTO `__PREFIX__subadmin2` (`code`, `country_code`, `subadmin1_code`, `name`, `active`) VALUES ('AF.01.1124','AF','AF.01','{\"en\":\"Tashkān\"}',1);
INSERT INTO `__PREFIX__subadmin2` (`code`, `country_code`, `subadmin1_code`, `name`, `active`) VALUES ('AF.01.1106','AF','AF.01','{\"en\":\"Wākhān\"}',1);
INSERT INTO `__PREFIX__subadmin2` (`code`, `country_code`, `subadmin1_code`, `name`, `active`) VALUES ('AF.01.1125','AF','AF.01','{\"en\":\"Wardūj\"}',1);
INSERT INTO `__PREFIX__subadmin2` (`code`, `country_code`, `subadmin1_code`, `name`, `active`) VALUES ('AF.01.1126','AF','AF.01','{\"en\":\"Yaftal-e Suflá\"}',1);
INSERT INTO `__PREFIX__subadmin2` (`code`, `country_code`, `subadmin1_code`, `name`, `active`) VALUES ('AF.01.1127','AF','AF.01','{\"en\":\"Yamgān\"}',1);
INSERT INTO `__PREFIX__subadmin2` (`code`, `country_code`, `subadmin1_code`, `name`, `active`) VALUES ('AF.01.1128','AF','AF.01','{\"en\":\"Yāwān\"}',1);
INSERT INTO `__PREFIX__subadmin2` (`code`, `country_code`, `subadmin1_code`, `name`, `active`) VALUES ('AF.01.1105','AF','AF.01','{\"en\":\"Zaybāk\"}',1);
INSERT INTO `__PREFIX__subadmin2` (`code`, `country_code`, `subadmin1_code`, `name`, `active`) VALUES ('AF.02.1902','AF','AF.02','{\"en\":\"Āb-e Kamarī\"}',1);
INSERT INTO `__PREFIX__subadmin2` (`code`, `country_code`, `subadmin1_code`, `name`, `active`) VALUES ('AF.02.1905','AF','AF.02','{\"en\":\"Ghōrmāch\"}',1);
INSERT INTO `__PREFIX__subadmin2` (`code`, `country_code`, `subadmin1_code`, `name`, `active`) VALUES ('AF.02.1904','AF','AF.02','{\"en\":\"Jowand\"}',1);
INSERT INTO `__PREFIX__subadmin2` (`code`, `country_code`, `subadmin1_code`, `name`, `active`) VALUES ('AF.02.1907','AF','AF.02','{\"en\":\"Muqur\"}',1);
INSERT INTO `__PREFIX__subadmin2` (`code`, `country_code`, `subadmin1_code`, `name`, `active`) VALUES ('AF.02.1906','AF','AF.02','{\"en\":\"Murghāb\"}',1);
INSERT INTO `__PREFIX__subadmin2` (`code`, `country_code`, `subadmin1_code`, `name`, `active`) VALUES ('AF.02.1903','AF','AF.02','{\"en\":\"Qādis\"}',1);
INSERT INTO `__PREFIX__subadmin2` (`code`, `country_code`, `subadmin1_code`, `name`, `active`) VALUES ('AF.02.1901','AF','AF.02','{\"en\":\"Qal‘ah-ye Now\"}',1);
INSERT INTO `__PREFIX__subadmin2` (`code`, `country_code`, `subadmin1_code`, `name`, `active`) VALUES ('AF.03.1307','AF','AF.03','{\"en\":\"Andarāb\"}',1);
INSERT INTO `__PREFIX__subadmin2` (`code`, `country_code`, `subadmin1_code`, `name`, `active`) VALUES ('AF.03.1311','AF','AF.03','{\"en\":\"Baghlān-e Jadīd\"}',1);
INSERT INTO `__PREFIX__subadmin2` (`code`, `country_code`, `subadmin1_code`, `name`, `active`) VALUES ('AF.03.1310','AF','AF.03','{\"en\":\"Būrkah\"}',1);
INSERT INTO `__PREFIX__subadmin2` (`code`, `country_code`, `subadmin1_code`, `name`, `active`) VALUES ('AF.03.1303','AF','AF.03','{\"en\":\"Dahanah-ye Ghōrī\"}',1);
INSERT INTO `__PREFIX__subadmin2` (`code`, `country_code`, `subadmin1_code`, `name`, `active`) VALUES ('AF.03.1312','AF','AF.03','{\"en\":\"Deh-e Şalāḩ\"}',1);
INSERT INTO `__PREFIX__subadmin2` (`code`, `country_code`, `subadmin1_code`, `name`, `active`) VALUES ('AF.03.1304','AF','AF.03','{\"en\":\"Dōshī\"}',1);
INSERT INTO `__PREFIX__subadmin2` (`code`, `country_code`, `subadmin1_code`, `name`, `active`) VALUES ('AF.03.1313','AF','AF.03','{\"en\":\"Firing wa Ghārū\"}',1);
INSERT INTO `__PREFIX__subadmin2` (`code`, `country_code`, `subadmin1_code`, `name`, `active`) VALUES ('AF.03.1314','AF','AF.03','{\"en\":\"Guz̄argāh-e Nūr\"}',1);
INSERT INTO `__PREFIX__subadmin2` (`code`, `country_code`, `subadmin1_code`, `name`, `active`) VALUES ('AF.03.1306','AF','AF.03','{\"en\":\"Khinjān\"}',1);
INSERT INTO `__PREFIX__subadmin2` (`code`, `country_code`, `subadmin1_code`, `name`, `active`) VALUES ('AF.03.1308','AF','AF.03','{\"en\":\"Khōst wa Firing\"}',1);
INSERT INTO `__PREFIX__subadmin2` (`code`, `country_code`, `subadmin1_code`, `name`, `active`) VALUES ('AF.03.1315','AF','AF.03','{\"en\":\"Khwājah Hijrān\"}',1);
INSERT INTO `__PREFIX__subadmin2` (`code`, `country_code`, `subadmin1_code`, `name`, `active`) VALUES ('AF.03.1309','AF','AF.03','{\"en\":\"Nahrīn\"}',1);
INSERT INTO `__PREFIX__subadmin2` (`code`, `country_code`, `subadmin1_code`, `name`, `active`) VALUES ('AF.03.1302','AF','AF.03','{\"en\":\"Pul-e Ḩişār\"}',1);
INSERT INTO `__PREFIX__subadmin2` (`code`, `country_code`, `subadmin1_code`, `name`, `active`) VALUES ('AF.03.1305','AF','AF.03','{\"en\":\"Tālah wa Barfak\"}',1);
INSERT INTO `__PREFIX__subadmin2` (`code`, `country_code`, `subadmin1_code`, `name`, `active`) VALUES ('AF.05.2803','AF','AF.05','{\"en\":\"Kahmard\"}',1);
INSERT INTO `__PREFIX__subadmin2` (`code`, `country_code`, `subadmin1_code`, `name`, `active`) VALUES ('AF.05.2805','AF','AF.05','{\"en\":\"Panjāb\"}',1);
INSERT INTO `__PREFIX__subadmin2` (`code`, `country_code`, `subadmin1_code`, `name`, `active`) VALUES ('AF.05.2807','AF','AF.05','{\"en\":\"Sayghān\"}',1);
INSERT INTO `__PREFIX__subadmin2` (`code`, `country_code`, `subadmin1_code`, `name`, `active`) VALUES ('AF.05.2806','AF','AF.05','{\"en\":\"Waras̄\"}',1);
INSERT INTO `__PREFIX__subadmin2` (`code`, `country_code`, `subadmin1_code`, `name`, `active`) VALUES ('AF.05.2804','AF','AF.05','{\"en\":\"Yakāwlang\"}',1);
INSERT INTO `__PREFIX__subadmin2` (`code`, `country_code`, `subadmin1_code`, `name`, `active`) VALUES ('AF.06.2107','AF','AF.06','{\"en\":\"Anār Darah\"}',1);
INSERT INTO `__PREFIX__subadmin2` (`code`, `country_code`, `subadmin1_code`, `name`, `active`) VALUES ('AF.06.2102','AF','AF.06','{\"en\":\"Bakwāh\"}',1);
INSERT INTO `__PREFIX__subadmin2` (`code`, `country_code`, `subadmin1_code`, `name`, `active`) VALUES ('AF.06.2105','AF','AF.06','{\"en\":\"Bālā Bulūk\"}',1);
INSERT INTO `__PREFIX__subadmin2` (`code`, `country_code`, `subadmin1_code`, `name`, `active`) VALUES ('AF.06.2103','AF','AF.06','{\"en\":\"Gulistān\"}',1);
INSERT INTO `__PREFIX__subadmin2` (`code`, `country_code`, `subadmin1_code`, `name`, `active`) VALUES ('AF.06.2106','AF','AF.06','{\"en\":\"Khāk-e Safēd\"}',1);
INSERT INTO `__PREFIX__subadmin2` (`code`, `country_code`, `subadmin1_code`, `name`, `active`) VALUES ('AF.06.2109','AF','AF.06','{\"en\":\"Lāsh-e Juwayn\"}',1);
INSERT INTO `__PREFIX__subadmin2` (`code`, `country_code`, `subadmin1_code`, `name`, `active`) VALUES ('AF.06.2104','AF','AF.06','{\"en\":\"Pur Chaman\"}',1);
INSERT INTO `__PREFIX__subadmin2` (`code`, `country_code`, `subadmin1_code`, `name`, `active`) VALUES ('AF.06.2111','AF','AF.06','{\"en\":\"Pusht-e Rōd\"}',1);
INSERT INTO `__PREFIX__subadmin2` (`code`, `country_code`, `subadmin1_code`, `name`, `active`) VALUES ('AF.06.2108','AF','AF.06','{\"en\":\"Qal‘ah-ye Kāh\"}',1);
INSERT INTO `__PREFIX__subadmin2` (`code`, `country_code`, `subadmin1_code`, `name`, `active`) VALUES ('AF.06.2110','AF','AF.06','{\"en\":\"Shayb Kōh\"}',1);
INSERT INTO `__PREFIX__subadmin2` (`code`, `country_code`, `subadmin1_code`, `name`, `active`) VALUES ('AF.07.1811','AF','AF.07','{\"en\":\"Khān-e Chahār Bāgh\"}',1);
INSERT INTO `__PREFIX__subadmin2` (`code`, `country_code`, `subadmin1_code`, `name`, `active`) VALUES ('AF.07.1803','AF','AF.07','{\"en\":\"Almār\"}',1);
INSERT INTO `__PREFIX__subadmin2` (`code`, `country_code`, `subadmin1_code`, `name`, `active`) VALUES ('AF.07.1812','AF','AF.07','{\"en\":\"Andkhōy\"}',1);
INSERT INTO `__PREFIX__subadmin2` (`code`, `country_code`, `subadmin1_code`, `name`, `active`) VALUES ('AF.07.1806','AF','AF.07','{\"en\":\"Bal Chirāgh\"}',1);
INSERT INTO `__PREFIX__subadmin2` (`code`, `country_code`, `subadmin1_code`, `name`, `active`) VALUES ('AF.07.1809','AF','AF.07','{\"en\":\"Dowlatābād\"}',1);
INSERT INTO `__PREFIX__subadmin2` (`code`, `country_code`, `subadmin1_code`, `name`, `active`) VALUES ('AF.07.1807','AF','AF.07','{\"en\":\"Gurzīwān\"}',1);
INSERT INTO `__PREFIX__subadmin2` (`code`, `country_code`, `subadmin1_code`, `name`, `active`) VALUES ('AF.07.1813','AF','AF.07','{\"en\":\"Khwājah Sabz Pōsh\"}',1);
INSERT INTO `__PREFIX__subadmin2` (`code`, `country_code`, `subadmin1_code`, `name`, `active`) VALUES ('AF.07.1805','AF','AF.07','{\"en\":\"Kōhistān\"}',1);
INSERT INTO `__PREFIX__subadmin2` (`code`, `country_code`, `subadmin1_code`, `name`, `active`) VALUES ('AF.07.1801','AF','AF.07','{\"en\":\"Maīmanah\"}',1);
INSERT INTO `__PREFIX__subadmin2` (`code`, `country_code`, `subadmin1_code`, `name`, `active`) VALUES ('AF.07.1802','AF','AF.07','{\"en\":\"Pas̲h̲tūn Kōṯ\"}',1);
INSERT INTO `__PREFIX__subadmin2` (`code`, `country_code`, `subadmin1_code`, `name`, `active`) VALUES ('AF.07.1804','AF','AF.07','{\"en\":\"Qaīşār\"}',1);
INSERT INTO `__PREFIX__subadmin2` (`code`, `country_code`, `subadmin1_code`, `name`, `active`) VALUES ('AF.07.1810','AF','AF.07','{\"en\":\"Qaram Qōl\"}',1);
INSERT INTO `__PREFIX__subadmin2` (`code`, `country_code`, `subadmin1_code`, `name`, `active`) VALUES ('AF.07.1814','AF','AF.07','{\"en\":\"Qurghān\"}',1);
INSERT INTO `__PREFIX__subadmin2` (`code`, `country_code`, `subadmin1_code`, `name`, `active`) VALUES ('AF.07.1808','AF','AF.07','{\"en\":\"Shīrīn Tagāb\"}',1);
INSERT INTO `__PREFIX__subadmin2` (`code`, `country_code`, `subadmin1_code`, `name`, `active`) VALUES ('AF.08.611','AF','AF.08','{\"en\":\"Āb Band\"}',1);
INSERT INTO `__PREFIX__subadmin2` (`code`, `country_code`, `subadmin1_code`, `name`, `active`) VALUES ('AF.08.605','AF','AF.08','{\"en\":\"Ajristān\"}',1);
INSERT INTO `__PREFIX__subadmin2` (`code`, `country_code`, `subadmin1_code`, `name`, `active`) VALUES ('AF.08.614','AF','AF.08','{\"en\":\"Andaṟ\"}',1);
INSERT INTO `__PREFIX__subadmin2` (`code`, `country_code`, `subadmin1_code`, `name`, `active`) VALUES ('AF.08.602','AF','AF.08','{\"en\":\"Bahrām-e Shahīd\"}',1);
INSERT INTO `__PREFIX__subadmin2` (`code`, `country_code`, `subadmin1_code`, `name`, `active`) VALUES ('AF.08.615','AF','AF.08','{\"en\":\"Deh Yak\"}',1);
INSERT INTO `__PREFIX__subadmin2` (`code`, `country_code`, `subadmin1_code`, `name`, `active`) VALUES ('AF.08.601','AF','AF.08','{\"en\":\"Ghaznī\"}',1);
INSERT INTO `__PREFIX__subadmin2` (`code`, `country_code`, `subadmin1_code`, `name`, `active`) VALUES ('AF.08.612','AF','AF.08','{\"en\":\"Gīrō\"}',1);
INSERT INTO `__PREFIX__subadmin2` (`code`, `country_code`, `subadmin1_code`, `name`, `active`) VALUES ('AF.08.607','AF','AF.08','{\"en\":\"Jāghūrī\"}',1);
INSERT INTO `__PREFIX__subadmin2` (`code`, `country_code`, `subadmin1_code`, `name`, `active`) VALUES ('AF.08.603','AF','AF.08','{\"en\":\"Khwājah ‘Omarī\"}',1);
INSERT INTO `__PREFIX__subadmin2` (`code`, `country_code`, `subadmin1_code`, `name`, `active`) VALUES ('AF.08.606','AF','AF.08','{\"en\":\"Mālistān\"}',1);
INSERT INTO `__PREFIX__subadmin2` (`code`, `country_code`, `subadmin1_code`, `name`, `active`) VALUES ('AF.08.608','AF','AF.08','{\"en\":\"Muqêr\"}',1);
INSERT INTO `__PREFIX__subadmin2` (`code`, `country_code`, `subadmin1_code`, `name`, `active`) VALUES ('AF.08.610','AF','AF.08','{\"en\":\"Nāwah\"}',1);
INSERT INTO `__PREFIX__subadmin2` (`code`, `country_code`, `subadmin1_code`, `name`, `active`) VALUES ('AF.08.604','AF','AF.08','{\"en\":\"Nāwur\"}',1);
INSERT INTO `__PREFIX__subadmin2` (`code`, `country_code`, `subadmin1_code`, `name`, `active`) VALUES ('AF.08.613','AF','AF.08','{\"en\":\"Qarah Bāgh\"}',1);
INSERT INTO `__PREFIX__subadmin2` (`code`, `country_code`, `subadmin1_code`, `name`, `active`) VALUES ('AF.08.617','AF','AF.08','{\"en\":\"Rashīdān\"}',1);
INSERT INTO `__PREFIX__subadmin2` (`code`, `country_code`, `subadmin1_code`, `name`, `active`) VALUES ('AF.08.618','AF','AF.08','{\"en\":\"Wāghaz̧\"}',1);
INSERT INTO `__PREFIX__subadmin2` (`code`, `country_code`, `subadmin1_code`, `name`, `active`) VALUES ('AF.08.619','AF','AF.08','{\"en\":\"Walī Muḩammad Shahīd Khūgyāṉī\"}',1);
INSERT INTO `__PREFIX__subadmin2` (`code`, `country_code`, `subadmin1_code`, `name`, `active`) VALUES ('AF.08.616','AF','AF.08','{\"en\":\"Zanakhān\"}',1);
INSERT INTO `__PREFIX__subadmin2` (`code`, `country_code`, `subadmin1_code`, `name`, `active`) VALUES ('AF.09.2701','AF','AF.09','{\"en\":\"Chaghcharān\"}',1);
INSERT INTO `__PREFIX__subadmin2` (`code`, `country_code`, `subadmin1_code`, `name`, `active`) VALUES ('AF.09.2708','AF','AF.09','{\"en\":\"Chahār Şadah\"}',1);
INSERT INTO `__PREFIX__subadmin2` (`code`, `country_code`, `subadmin1_code`, `name`, `active`) VALUES ('AF.09.2710','AF','AF.09','{\"en\":\"Dū Laīnah\"}',1);
INSERT INTO `__PREFIX__subadmin2` (`code`, `country_code`, `subadmin1_code`, `name`, `active`) VALUES ('AF.09.2709','AF','AF.09','{\"en\":\"Dowlatyār\"}',1);
INSERT INTO `__PREFIX__subadmin2` (`code`, `country_code`, `subadmin1_code`, `name`, `active`) VALUES ('AF.09.2707','AF','AF.09','{\"en\":\"La‘l wa Sar Jangal\"}',1);
INSERT INTO `__PREFIX__subadmin2` (`code`, `country_code`, `subadmin1_code`, `name`, `active`) VALUES ('AF.09.2706','AF','AF.09','{\"en\":\"Pasāband\"}',1);
INSERT INTO `__PREFIX__subadmin2` (`code`, `country_code`, `subadmin1_code`, `name`, `active`) VALUES ('AF.09.2704','AF','AF.09','{\"en\":\"Sāghar\"}',1);
INSERT INTO `__PREFIX__subadmin2` (`code`, `country_code`, `subadmin1_code`, `name`, `active`) VALUES ('AF.09.2702','AF','AF.09','{\"en\":\"Shahrak\"}',1);
INSERT INTO `__PREFIX__subadmin2` (`code`, `country_code`, `subadmin1_code`, `name`, `active`) VALUES ('AF.09.2705','AF','AF.09','{\"en\":\"Taywarah\"}',1);
INSERT INTO `__PREFIX__subadmin2` (`code`, `country_code`, `subadmin1_code`, `name`, `active`) VALUES ('AF.09.2703','AF','AF.09','{\"en\":\"Tūlak\"}',1);
INSERT INTO `__PREFIX__subadmin2` (`code`, `country_code`, `subadmin1_code`, `name`, `active`) VALUES ('AF.10.2305','AF','AF.10','{\"en\":\"Bāghrān\"}',1);
INSERT INTO `__PREFIX__subadmin2` (`code`, `country_code`, `subadmin1_code`, `name`, `active`) VALUES ('AF.10.2310','AF','AF.10','{\"en\":\"Dīshū\"}',1);
INSERT INTO `__PREFIX__subadmin2` (`code`, `country_code`, `subadmin1_code`, `name`, `active`) VALUES ('AF.10.2303','AF','AF.10','{\"en\":\"Kajakī\"}',1);
INSERT INTO `__PREFIX__subadmin2` (`code`, `country_code`, `subadmin1_code`, `name`, `active`) VALUES ('AF.10.2301','AF','AF.10','{\"en\":\"Lashkar Gāh\"}',1);
INSERT INTO `__PREFIX__subadmin2` (`code`, `country_code`, `subadmin1_code`, `name`, `active`) VALUES ('AF.10.2304','AF','AF.10','{\"en\":\"Mūsá Qal‘ah\"}',1);
INSERT INTO `__PREFIX__subadmin2` (`code`, `country_code`, `subadmin1_code`, `name`, `active`) VALUES ('AF.10.2308','AF','AF.10','{\"en\":\"Nād ‘Alī\"}',1);
INSERT INTO `__PREFIX__subadmin2` (`code`, `country_code`, `subadmin1_code`, `name`, `active`) VALUES ('AF.10.2302','AF','AF.10','{\"en\":\"Nahr-e Sarāj\"}',1);
INSERT INTO `__PREFIX__subadmin2` (`code`, `country_code`, `subadmin1_code`, `name`, `active`) VALUES ('AF.10.2309','AF','AF.10','{\"en\":\"Nāwah-ye Bārakzaī\"}',1);
INSERT INTO `__PREFIX__subadmin2` (`code`, `country_code`, `subadmin1_code`, `name`, `active`) VALUES ('AF.10.2313','AF','AF.10','{\"en\":\"Rēg-e Khān Neshīn\"}',1);
INSERT INTO `__PREFIX__subadmin2` (`code`, `country_code`, `subadmin1_code`, `name`, `active`) VALUES ('AF.10.2312','AF','AF.10','{\"en\":\"Sangīn\"}',1);
INSERT INTO `__PREFIX__subadmin2` (`code`, `country_code`, `subadmin1_code`, `name`, `active`) VALUES ('AF.10.2307','AF','AF.10','{\"en\":\"Wāshēr\"}',1);
INSERT INTO `__PREFIX__subadmin2` (`code`, `country_code`, `subadmin1_code`, `name`, `active`) VALUES ('AF.11.2011','AF','AF.11','{\"en\":\"Adraskan\"}',1);
INSERT INTO `__PREFIX__subadmin2` (`code`, `country_code`, `subadmin1_code`, `name`, `active`) VALUES ('AF.11.2015','AF','AF.11','{\"en\":\"Chisht-e Sharīf\"}',1);
INSERT INTO `__PREFIX__subadmin2` (`code`, `country_code`, `subadmin1_code`, `name`, `active`) VALUES ('AF.11.2013','AF','AF.11','{\"en\":\"Farsī\"}',1);
INSERT INTO `__PREFIX__subadmin2` (`code`, `country_code`, `subadmin1_code`, `name`, `active`) VALUES ('AF.11.2009','AF','AF.11','{\"en\":\"Ghōriyān\"}',1);
INSERT INTO `__PREFIX__subadmin2` (`code`, `country_code`, `subadmin1_code`, `name`, `active`) VALUES ('AF.11.2007','AF','AF.11','{\"en\":\"Gulrān\"}',1);
INSERT INTO `__PREFIX__subadmin2` (`code`, `country_code`, `subadmin1_code`, `name`, `active`) VALUES ('AF.11.2002','AF','AF.11','{\"en\":\"Injīl\"}',1);
INSERT INTO `__PREFIX__subadmin2` (`code`, `country_code`, `subadmin1_code`, `name`, `active`) VALUES ('AF.11.2005','AF','AF.11','{\"en\":\"Karukh\"}',1);
INSERT INTO `__PREFIX__subadmin2` (`code`, `country_code`, `subadmin1_code`, `name`, `active`) VALUES ('AF.11.2008','AF','AF.11','{\"en\":\"Kuhsān\"}',1);
INSERT INTO `__PREFIX__subadmin2` (`code`, `country_code`, `subadmin1_code`, `name`, `active`) VALUES ('AF.11.2006','AF','AF.11','{\"en\":\"Kushk\"}',1);
INSERT INTO `__PREFIX__subadmin2` (`code`, `country_code`, `subadmin1_code`, `name`, `active`) VALUES ('AF.11.2016','AF','AF.11','{\"en\":\"Kushk-e Kuhnah\"}',1);
INSERT INTO `__PREFIX__subadmin2` (`code`, `country_code`, `subadmin1_code`, `name`, `active`) VALUES ('AF.11.2003','AF','AF.11','{\"en\":\"Guz̄arah\"}',1);
INSERT INTO `__PREFIX__subadmin2` (`code`, `country_code`, `subadmin1_code`, `name`, `active`) VALUES ('AF.11.2012','AF','AF.11','{\"en\":\"Ōbêh\"}',1);
INSERT INTO `__PREFIX__subadmin2` (`code`, `country_code`, `subadmin1_code`, `name`, `active`) VALUES ('AF.11.2004','AF','AF.11','{\"en\":\"Pas̲h̲tūn Zarghūn\"}',1);
INSERT INTO `__PREFIX__subadmin2` (`code`, `country_code`, `subadmin1_code`, `name`, `active`) VALUES ('AF.11.2014','AF','AF.11','{\"en\":\"Shīnḏanḏ\"}',1);
INSERT INTO `__PREFIX__subadmin2` (`code`, `country_code`, `subadmin1_code`, `name`, `active`) VALUES ('AF.11.2010','AF','AF.11','{\"en\":\"Zindah Jān\"}',1);
INSERT INTO `__PREFIX__subadmin2` (`code`, `country_code`, `subadmin1_code`, `name`, `active`) VALUES ('AF.13.110','AF','AF.13','{\"en\":\"Bagrāmī\"}',1);
INSERT INTO `__PREFIX__subadmin2` (`code`, `country_code`, `subadmin1_code`, `name`, `active`) VALUES ('AF.13.109','AF','AF.13','{\"en\":\"Chahār Āsyāb\"}',1);
INSERT INTO `__PREFIX__subadmin2` (`code`, `country_code`, `subadmin1_code`, `name`, `active`) VALUES ('AF.13.102','AF','AF.13','{\"en\":\"Deh-e Sabz\"}',1);
INSERT INTO `__PREFIX__subadmin2` (`code`, `country_code`, `subadmin1_code`, `name`, `active`) VALUES ('AF.13.115','AF','AF.13','{\"en\":\"Farzah\"}',1);
INSERT INTO `__PREFIX__subadmin2` (`code`, `country_code`, `subadmin1_code`, `name`, `active`) VALUES ('AF.13.113','AF','AF.13','{\"en\":\"Gul Darah\"}',1);
INSERT INTO `__PREFIX__subadmin2` (`code`, `country_code`, `subadmin1_code`, `name`, `active`) VALUES ('AF.13.106','AF','AF.13','{\"en\":\"Istālif\"}',1);
INSERT INTO `__PREFIX__subadmin2` (`code`, `country_code`, `subadmin1_code`, `name`, `active`) VALUES ('AF.13.104','AF','AF.13','{\"en\":\"Kalakān\"}',1);
INSERT INTO `__PREFIX__subadmin2` (`code`, `country_code`, `subadmin1_code`, `name`, `active`) VALUES ('AF.13.111','AF','AF.13','{\"en\":\"Khāk-e Jabār\"}',1);
INSERT INTO `__PREFIX__subadmin2` (`code`, `country_code`, `subadmin1_code`, `name`, `active`) VALUES ('AF.13.103','AF','AF.13','{\"en\":\"Mīr Bachah Kōṯ\"}',1);
INSERT INTO `__PREFIX__subadmin2` (`code`, `country_code`, `subadmin1_code`, `name`, `active`) VALUES ('AF.13.114','AF','AF.13','{\"en\":\"Mūsahī\"}',1);
INSERT INTO `__PREFIX__subadmin2` (`code`, `country_code`, `subadmin1_code`, `name`, `active`) VALUES ('AF.13.108','AF','AF.13','{\"en\":\"Paghmān\"}',1);
INSERT INTO `__PREFIX__subadmin2` (`code`, `country_code`, `subadmin1_code`, `name`, `active`) VALUES ('AF.13.105','AF','AF.13','{\"en\":\"Qarah Bāgh\"}',1);
INSERT INTO `__PREFIX__subadmin2` (`code`, `country_code`, `subadmin1_code`, `name`, `active`) VALUES ('AF.13.107','AF','AF.13','{\"en\":\"Shakar Darah\"}',1);
INSERT INTO `__PREFIX__subadmin2` (`code`, `country_code`, `subadmin1_code`, `name`, `active`) VALUES ('AF.14.206','AF','AF.14','{\"en\":\"Alah Sāy\"}',1);
INSERT INTO `__PREFIX__subadmin2` (`code`, `country_code`, `subadmin1_code`, `name`, `active`) VALUES ('AF.14.202','AF','AF.14','{\"en\":\"Ḩişah-ye Awal-e Kōhistān\"}',1);
INSERT INTO `__PREFIX__subadmin2` (`code`, `country_code`, `subadmin1_code`, `name`, `active`) VALUES ('AF.14.207','AF','AF.14','{\"en\":\"Ḩişah-ye Duwum-e Kōhistān\"}',1);
INSERT INTO `__PREFIX__subadmin2` (`code`, `country_code`, `subadmin1_code`, `name`, `active`) VALUES ('AF.14.203','AF','AF.14','{\"en\":\"Kōh Band\"}',1);
INSERT INTO `__PREFIX__subadmin2` (`code`, `country_code`, `subadmin1_code`, `name`, `active`) VALUES ('AF.14.201','AF','AF.14','{\"en\":\"Maḩmūd-e Rāqī\"}',1);
INSERT INTO `__PREFIX__subadmin2` (`code`, `country_code`, `subadmin1_code`, `name`, `active`) VALUES ('AF.14.204','AF','AF.14','{\"en\":\"Nijrāb\"}',1);
INSERT INTO `__PREFIX__subadmin2` (`code`, `country_code`, `subadmin1_code`, `name`, `active`) VALUES ('AF.14.205','AF','AF.14','{\"en\":\"Tagāb\"}',1);
INSERT INTO `__PREFIX__subadmin2` (`code`, `country_code`, `subadmin1_code`, `name`, `active`) VALUES ('AF.23.2403','AF','AF.23','{\"en\":\"Shāh Walī Kōṯ\"}',1);
INSERT INTO `__PREFIX__subadmin2` (`code`, `country_code`, `subadmin1_code`, `name`, `active`) VALUES ('AF.17.506','AF','AF.17','{\"en\":\"Azrah\"}',1);
INSERT INTO `__PREFIX__subadmin2` (`code`, `country_code`, `subadmin1_code`, `name`, `active`) VALUES ('AF.17.503','AF','AF.17','{\"en\":\"Barakī Barak\"}',1);
INSERT INTO `__PREFIX__subadmin2` (`code`, `country_code`, `subadmin1_code`, `name`, `active`) VALUES ('AF.17.502','AF','AF.17','{\"en\":\"Charkh\"}',1);
INSERT INTO `__PREFIX__subadmin2` (`code`, `country_code`, `subadmin1_code`, `name`, `active`) VALUES ('AF.17.507','AF','AF.17','{\"en\":\"Kharwār\"}',1);
INSERT INTO `__PREFIX__subadmin2` (`code`, `country_code`, `subadmin1_code`, `name`, `active`) VALUES ('AF.17.504','AF','AF.17','{\"en\":\"Khōshī\"}',1);
INSERT INTO `__PREFIX__subadmin2` (`code`, `country_code`, `subadmin1_code`, `name`, `active`) VALUES ('AF.17.505','AF','AF.17','{\"en\":\"Muḩammad Āghah\"}',1);
INSERT INTO `__PREFIX__subadmin2` (`code`, `country_code`, `subadmin1_code`, `name`, `active`) VALUES ('AF.17.501','AF','AF.17','{\"en\":\"Pul-e ‘Alam\"}',1);
INSERT INTO `__PREFIX__subadmin2` (`code`, `country_code`, `subadmin1_code`, `name`, `active`) VALUES ('AF.18.810','AF','AF.18','{\"en\":\"Achīn\"}',1);
INSERT INTO `__PREFIX__subadmin2` (`code`, `country_code`, `subadmin1_code`, `name`, `active`) VALUES ('AF.18.817','AF','AF.18','{\"en\":\"Batī Kōṯ\"}',1);
INSERT INTO `__PREFIX__subadmin2` (`code`, `country_code`, `subadmin1_code`, `name`, `active`) VALUES ('AF.18.821','AF','AF.18','{\"en\":\"Bihsūd\"}',1);
INSERT INTO `__PREFIX__subadmin2` (`code`, `country_code`, `subadmin1_code`, `name`, `active`) VALUES ('AF.18.806','AF','AF.18','{\"en\":\"Chaparhār\"}',1);
INSERT INTO `__PREFIX__subadmin2` (`code`, `country_code`, `subadmin1_code`, `name`, `active`) VALUES ('AF.18.820','AF','AF.18','{\"en\":\"Darah-ye Nūr\"}',1);
INSERT INTO `__PREFIX__subadmin2` (`code`, `country_code`, `subadmin1_code`, `name`, `active`) VALUES ('AF.18.808','AF','AF.18','{\"en\":\"Deh Bālā\"}',1);
INSERT INTO `__PREFIX__subadmin2` (`code`, `country_code`, `subadmin1_code`, `name`, `active`) VALUES ('AF.18.812','AF','AF.18','{\"en\":\"Dur Bābā\"}',1);
INSERT INTO `__PREFIX__subadmin2` (`code`, `country_code`, `subadmin1_code`, `name`, `active`) VALUES ('AF.18.816','AF','AF.18','{\"en\":\"Gōshtah\"}',1);
INSERT INTO `__PREFIX__subadmin2` (`code`, `country_code`, `subadmin1_code`, `name`, `active`) VALUES ('AF.18.803','AF','AF.18','{\"en\":\"Ḩişārak\"}',1);
INSERT INTO `__PREFIX__subadmin2` (`code`, `country_code`, `subadmin1_code`, `name`, `active`) VALUES ('AF.18.801','AF','AF.18','{\"en\":\"Jalālābād\"}',1);
INSERT INTO `__PREFIX__subadmin2` (`code`, `country_code`, `subadmin1_code`, `name`, `active`) VALUES ('AF.18.818','AF','AF.18','{\"en\":\"Kāmah\"}',1);
INSERT INTO `__PREFIX__subadmin2` (`code`, `country_code`, `subadmin1_code`, `name`, `active`) VALUES ('AF.18.805','AF','AF.18','{\"en\":\"Khūgyāṉī\"}',1);
INSERT INTO `__PREFIX__subadmin2` (`code`, `country_code`, `subadmin1_code`, `name`, `active`) VALUES ('AF.18.822','AF','AF.18','{\"en\":\"Kōṯ\"}',1);
INSERT INTO `__PREFIX__subadmin2` (`code`, `country_code`, `subadmin1_code`, `name`, `active`) VALUES ('AF.18.819','AF','AF.18','{\"en\":\"Kūz Kunaṟ\"}',1);
INSERT INTO `__PREFIX__subadmin2` (`code`, `country_code`, `subadmin1_code`, `name`, `active`) VALUES ('AF.18.815','AF','AF.18','{\"en\":\"La‘lpūr\"}',1);
INSERT INTO `__PREFIX__subadmin2` (`code`, `country_code`, `subadmin1_code`, `name`, `active`) VALUES ('AF.18.814','AF','AF.18','{\"en\":\"Mohmand Darah\"}',1);
INSERT INTO `__PREFIX__subadmin2` (`code`, `country_code`, `subadmin1_code`, `name`, `active`) VALUES ('AF.18.811','AF','AF.18','{\"en\":\"Nāziyān\"}',1);
INSERT INTO `__PREFIX__subadmin2` (`code`, `country_code`, `subadmin1_code`, `name`, `active`) VALUES ('AF.18.807','AF','AF.18','{\"en\":\"Pachīr wa Āgām\"}',1);
INSERT INTO `__PREFIX__subadmin2` (`code`, `country_code`, `subadmin1_code`, `name`, `active`) VALUES ('AF.18.809','AF','AF.18','{\"en\":\"Rōdāt\"}',1);
INSERT INTO `__PREFIX__subadmin2` (`code`, `country_code`, `subadmin1_code`, `name`, `active`) VALUES ('AF.18.804','AF','AF.18','{\"en\":\"Shērzād\"}',1);
INSERT INTO `__PREFIX__subadmin2` (`code`, `country_code`, `subadmin1_code`, `name`, `active`) VALUES ('AF.18.813','AF','AF.18','{\"en\":\"Shīnwār\"}',1);
INSERT INTO `__PREFIX__subadmin2` (`code`, `country_code`, `subadmin1_code`, `name`, `active`) VALUES ('AF.18.802','AF','AF.18','{\"en\":\"Surkh Rōd\"}',1);
INSERT INTO `__PREFIX__subadmin2` (`code`, `country_code`, `subadmin1_code`, `name`, `active`) VALUES ('AF.19.2203','AF','AF.19','{\"en\":\"Chahār Burjak\"}',1);
INSERT INTO `__PREFIX__subadmin2` (`code`, `country_code`, `subadmin1_code`, `name`, `active`) VALUES ('AF.19.2202','AF','AF.19','{\"en\":\"Kang\"}',1);
INSERT INTO `__PREFIX__subadmin2` (`code`, `country_code`, `subadmin1_code`, `name`, `active`) VALUES ('AF.19.2205','AF','AF.19','{\"en\":\"Khāsh Rōd\"}',1);
INSERT INTO `__PREFIX__subadmin2` (`code`, `country_code`, `subadmin1_code`, `name`, `active`) VALUES ('AF.19.2201','AF','AF.19','{\"en\":\"Zaranj\"}',1);
INSERT INTO `__PREFIX__subadmin2` (`code`, `country_code`, `subadmin1_code`, `name`, `active`) VALUES ('AF.23.2404','AF','AF.23','{\"en\":\"Arghandāb\"}',1);
INSERT INTO `__PREFIX__subadmin2` (`code`, `country_code`, `subadmin1_code`, `name`, `active`) VALUES ('AF.23.2412','AF','AF.23','{\"en\":\"Arghistān\"}',1);
INSERT INTO `__PREFIX__subadmin2` (`code`, `country_code`, `subadmin1_code`, `name`, `active`) VALUES ('AF.23.2402','AF','AF.23','{\"en\":\"Dāmān\"}',1);
INSERT INTO `__PREFIX__subadmin2` (`code`, `country_code`, `subadmin1_code`, `name`, `active`) VALUES ('AF.23.2406','AF','AF.23','{\"en\":\"Ghōrak\"}',1);
INSERT INTO `__PREFIX__subadmin2` (`code`, `country_code`, `subadmin1_code`, `name`, `active`) VALUES ('AF.23.2405','AF','AF.23','{\"en\":\"Khākrēz\"}',1);
INSERT INTO `__PREFIX__subadmin2` (`code`, `country_code`, `subadmin1_code`, `name`, `active`) VALUES ('AF.23.2413','AF','AF.23','{\"en\":\"Ma‘rūf\"}',1);
INSERT INTO `__PREFIX__subadmin2` (`code`, `country_code`, `subadmin1_code`, `name`, `active`) VALUES ('AF.23.2407','AF','AF.23','{\"en\":\"Maywand\"}',1);
INSERT INTO `__PREFIX__subadmin2` (`code`, `country_code`, `subadmin1_code`, `name`, `active`) VALUES ('AF.23.2414','AF','AF.23','{\"en\":\"Myā Neshīn\"}',1);
INSERT INTO `__PREFIX__subadmin2` (`code`, `country_code`, `subadmin1_code`, `name`, `active`) VALUES ('AF.23.2415','AF','AF.23','{\"en\":\"Nēsh\"}',1);
INSERT INTO `__PREFIX__subadmin2` (`code`, `country_code`, `subadmin1_code`, `name`, `active`) VALUES ('AF.23.2408','AF','AF.23','{\"en\":\"Panjwā’ī\"}',1);
INSERT INTO `__PREFIX__subadmin2` (`code`, `country_code`, `subadmin1_code`, `name`, `active`) VALUES ('AF.23.2409','AF','AF.23','{\"en\":\"Rēgistān\"}',1);
INSERT INTO `__PREFIX__subadmin2` (`code`, `country_code`, `subadmin1_code`, `name`, `active`) VALUES ('AF.23.2410','AF','AF.23','{\"en\":\"Shōrābak\"}',1);
INSERT INTO `__PREFIX__subadmin2` (`code`, `country_code`, `subadmin1_code`, `name`, `active`) VALUES ('AF.23.2411','AF','AF.23','{\"en\":\"Spīn Bōldak\"}',1);
INSERT INTO `__PREFIX__subadmin2` (`code`, `country_code`, `subadmin1_code`, `name`, `active`) VALUES ('AF.23.2416','AF','AF.23','{\"en\":\"Zhaṟêy\"}',1);
INSERT INTO `__PREFIX__subadmin2` (`code`, `country_code`, `subadmin1_code`, `name`, `active`) VALUES ('AF.24.1405','AF','AF.24','{\"en\":\"‘Alīābād\"}',1);
INSERT INTO `__PREFIX__subadmin2` (`code`, `country_code`, `subadmin1_code`, `name`, `active`) VALUES ('AF.24.1407','AF','AF.24','{\"en\":\"Dasht-e Archī\"}',1);
INSERT INTO `__PREFIX__subadmin2` (`code`, `country_code`, `subadmin1_code`, `name`, `active`) VALUES ('AF.24.1402','AF','AF.24','{\"en\":\"Imām Şāḩib\"}',1);
INSERT INTO `__PREFIX__subadmin2` (`code`, `country_code`, `subadmin1_code`, `name`, `active`) VALUES ('AF.24.1406','AF','AF.24','{\"en\":\"Khānābād\"}',1);
INSERT INTO `__PREFIX__subadmin2` (`code`, `country_code`, `subadmin1_code`, `name`, `active`) VALUES ('AF.24.1403','AF','AF.24','{\"en\":\"Qal‘ah-ye Zāl\"}',1);
INSERT INTO `__PREFIX__subadmin2` (`code`, `country_code`, `subadmin1_code`, `name`, `active`) VALUES ('AF.26.1213','AF','AF.26','{\"en\":\"Bahārak\"}',1);
INSERT INTO `__PREFIX__subadmin2` (`code`, `country_code`, `subadmin1_code`, `name`, `active`) VALUES ('AF.26.1202','AF','AF.26','{\"en\":\"Bangī\"}',1);
INSERT INTO `__PREFIX__subadmin2` (`code`, `country_code`, `subadmin1_code`, `name`, `active`) VALUES ('AF.26.1209','AF','AF.26','{\"en\":\"Chāh Āb\"}',1);
INSERT INTO `__PREFIX__subadmin2` (`code`, `country_code`, `subadmin1_code`, `name`, `active`) VALUES ('AF.26.1204','AF','AF.26','{\"en\":\"Chāl\"}',1);
INSERT INTO `__PREFIX__subadmin2` (`code`, `country_code`, `subadmin1_code`, `name`, `active`) VALUES ('AF.26.1211','AF','AF.26','{\"en\":\"Darqad\"}',1);
INSERT INTO `__PREFIX__subadmin2` (`code`, `country_code`, `subadmin1_code`, `name`, `active`) VALUES ('AF.26.1214','AF','AF.26','{\"en\":\"Dasht-e Qal‘ah\"}',1);
INSERT INTO `__PREFIX__subadmin2` (`code`, `country_code`, `subadmin1_code`, `name`, `active`) VALUES ('AF.26.1206','AF','AF.26','{\"en\":\"Farkhār\"}',1);
INSERT INTO `__PREFIX__subadmin2` (`code`, `country_code`, `subadmin1_code`, `name`, `active`) VALUES ('AF.26.1215','AF','AF.26','{\"en\":\"Hazār Sumūch\"}',1);
INSERT INTO `__PREFIX__subadmin2` (`code`, `country_code`, `subadmin1_code`, `name`, `active`) VALUES ('AF.26.1203','AF','AF.26','{\"en\":\"Ishkamish\"}',1);
INSERT INTO `__PREFIX__subadmin2` (`code`, `country_code`, `subadmin1_code`, `name`, `active`) VALUES ('AF.26.1207','AF','AF.26','{\"en\":\"Kalafgān\"}',1);
INSERT INTO `__PREFIX__subadmin2` (`code`, `country_code`, `subadmin1_code`, `name`, `active`) VALUES ('AF.26.1216','AF','AF.26','{\"en\":\"Khwājah Bahāwuddīn\"}',1);
INSERT INTO `__PREFIX__subadmin2` (`code`, `country_code`, `subadmin1_code`, `name`, `active`) VALUES ('AF.26.1212','AF','AF.26','{\"en\":\"Khwājah Ghār\"}',1);
INSERT INTO `__PREFIX__subadmin2` (`code`, `country_code`, `subadmin1_code`, `name`, `active`) VALUES ('AF.26.1217','AF','AF.26','{\"en\":\"Namak Āb\"}',1);
INSERT INTO `__PREFIX__subadmin2` (`code`, `country_code`, `subadmin1_code`, `name`, `active`) VALUES ('AF.26.1208','AF','AF.26','{\"en\":\"Rustāq\"}',1);
INSERT INTO `__PREFIX__subadmin2` (`code`, `country_code`, `subadmin1_code`, `name`, `active`) VALUES ('AF.26.1201','AF','AF.26','{\"en\":\"Tāluqān\"}',1);
INSERT INTO `__PREFIX__subadmin2` (`code`, `country_code`, `subadmin1_code`, `name`, `active`) VALUES ('AF.26.1205','AF','AF.26','{\"en\":\"Warsaj\"}',1);
INSERT INTO `__PREFIX__subadmin2` (`code`, `country_code`, `subadmin1_code`, `name`, `active`) VALUES ('AF.26.1210','AF','AF.26','{\"en\":\"Yangī Qal‘ah\"}',1);
INSERT INTO `__PREFIX__subadmin2` (`code`, `country_code`, `subadmin1_code`, `name`, `active`) VALUES ('AF.27.406','AF','AF.27','{\"en\":\"Chak-e Wardak\"}',1);
INSERT INTO `__PREFIX__subadmin2` (`code`, `country_code`, `subadmin1_code`, `name`, `active`) VALUES ('AF.27.403','AF','AF.27','{\"en\":\"Ḩişah-ye Awal-e Bihsūd\"}',1);
INSERT INTO `__PREFIX__subadmin2` (`code`, `country_code`, `subadmin1_code`, `name`, `active`) VALUES ('AF.27.409','AF','AF.27','{\"en\":\"Jaghatū\"}',1);
INSERT INTO `__PREFIX__subadmin2` (`code`, `country_code`, `subadmin1_code`, `name`, `active`) VALUES ('AF.27.402','AF','AF.27','{\"en\":\"Jalrayz\"}',1);
INSERT INTO `__PREFIX__subadmin2` (`code`, `country_code`, `subadmin1_code`, `name`, `active`) VALUES ('AF.27.401','AF','AF.27','{\"en\":\"Maīdān Shahr\"}',1);
INSERT INTO `__PREFIX__subadmin2` (`code`, `country_code`, `subadmin1_code`, `name`, `active`) VALUES ('AF.27.407','AF','AF.27','{\"en\":\"Sayyidābād\"}',1);
INSERT INTO `__PREFIX__subadmin2` (`code`, `country_code`, `subadmin1_code`, `name`, `active`) VALUES ('AF.28.2503','AF','AF.28','{\"en\":\"Arghandāb\"}',1);
INSERT INTO `__PREFIX__subadmin2` (`code`, `country_code`, `subadmin1_code`, `name`, `active`) VALUES ('AF.28.2508','AF','AF.28','{\"en\":\"Aṯghar\"}',1);
INSERT INTO `__PREFIX__subadmin2` (`code`, `country_code`, `subadmin1_code`, `name`, `active`) VALUES ('AF.28.2504','AF','AF.28','{\"en\":\"Dāychōpān\"}',1);
INSERT INTO `__PREFIX__subadmin2` (`code`, `country_code`, `subadmin1_code`, `name`, `active`) VALUES ('AF.28.2510','AF','AF.28','{\"en\":\"Kākar\"}',1);
INSERT INTO `__PREFIX__subadmin2` (`code`, `country_code`, `subadmin1_code`, `name`, `active`) VALUES ('AF.28.2505','AF','AF.28','{\"en\":\"Mīzān\"}',1);
INSERT INTO `__PREFIX__subadmin2` (`code`, `country_code`, `subadmin1_code`, `name`, `active`) VALUES ('AF.28.2511','AF','AF.28','{\"en\":\"Now Bahār\"}',1);
INSERT INTO `__PREFIX__subadmin2` (`code`, `country_code`, `subadmin1_code`, `name`, `active`) VALUES ('AF.28.2502','AF','AF.28','{\"en\":\"Shāh Jōy\"}',1);
INSERT INTO `__PREFIX__subadmin2` (`code`, `country_code`, `subadmin1_code`, `name`, `active`) VALUES ('AF.28.2509','AF','AF.28','{\"en\":\"Shamulzaī\"}',1);
INSERT INTO `__PREFIX__subadmin2` (`code`, `country_code`, `subadmin1_code`, `name`, `active`) VALUES ('AF.28.2507','AF','AF.28','{\"en\":\"Shīnkaī\"}',1);
INSERT INTO `__PREFIX__subadmin2` (`code`, `country_code`, `subadmin1_code`, `name`, `active`) VALUES ('AF.28.2506','AF','AF.28','{\"en\":\"Tarnêk wa Jaldak\"}',1);
INSERT INTO `__PREFIX__subadmin2` (`code`, `country_code`, `subadmin1_code`, `name`, `active`) VALUES ('AF.29.2909','AF','AF.29','{\"en\":\"Bêrmal\"}',1);
INSERT INTO `__PREFIX__subadmin2` (`code`, `country_code`, `subadmin1_code`, `name`, `active`) VALUES ('AF.29.2903','AF','AF.29','{\"en\":\"Ḏīlah\"}',1);
INSERT INTO `__PREFIX__subadmin2` (`code`, `country_code`, `subadmin1_code`, `name`, `active`) VALUES ('AF.29.2910','AF','AF.29','{\"en\":\"Giyān\"}',1);
INSERT INTO `__PREFIX__subadmin2` (`code`, `country_code`, `subadmin1_code`, `name`, `active`) VALUES ('AF.29.2906','AF','AF.29','{\"en\":\"Gōmal\"}',1);
INSERT INTO `__PREFIX__subadmin2` (`code`, `country_code`, `subadmin1_code`, `name`, `active`) VALUES ('AF.29.2916','AF','AF.29','{\"en\":\"Jānī Khēl\"}',1);
INSERT INTO `__PREFIX__subadmin2` (`code`, `country_code`, `subadmin1_code`, `name`, `active`) VALUES ('AF.29.2915','AF','AF.29','{\"en\":\"Mutā Khān\"}',1);
INSERT INTO `__PREFIX__subadmin2` (`code`, `country_code`, `subadmin1_code`, `name`, `active`) VALUES ('AF.29.2913','AF','AF.29','{\"en\":\"Nīkêh\"}',1);
INSERT INTO `__PREFIX__subadmin2` (`code`, `country_code`, `subadmin1_code`, `name`, `active`) VALUES ('AF.29.2907','AF','AF.29','{\"en\":\"Ōmnah\"}',1);
INSERT INTO `__PREFIX__subadmin2` (`code`, `country_code`, `subadmin1_code`, `name`, `active`) VALUES ('AF.29.2911','AF','AF.29','{\"en\":\"Urgun District\"}',1);
INSERT INTO `__PREFIX__subadmin2` (`code`, `country_code`, `subadmin1_code`, `name`, `active`) VALUES ('AF.29.2914','AF','AF.29','{\"en\":\"Sar Rowẕah\"}',1);
INSERT INTO `__PREFIX__subadmin2` (`code`, `country_code`, `subadmin1_code`, `name`, `active`) VALUES ('AF.29.2908','AF','AF.29','{\"en\":\"Saṟōbī\"}',1);
INSERT INTO `__PREFIX__subadmin2` (`code`, `country_code`, `subadmin1_code`, `name`, `active`) VALUES ('AF.29.2901','AF','AF.29','{\"en\":\"Sharan\"}',1);
INSERT INTO `__PREFIX__subadmin2` (`code`, `country_code`, `subadmin1_code`, `name`, `active`) VALUES ('AF.29.2917','AF','AF.29','{\"en\":\"Têrwō\"}',1);
INSERT INTO `__PREFIX__subadmin2` (`code`, `country_code`, `subadmin1_code`, `name`, `active`) VALUES ('AF.29.2904','AF','AF.29','{\"en\":\"Wāzah Khwāh\"}',1);
INSERT INTO `__PREFIX__subadmin2` (`code`, `country_code`, `subadmin1_code`, `name`, `active`) VALUES ('AF.29.2905','AF','AF.29','{\"en\":\"Wuṟ Mamay\"}',1);
INSERT INTO `__PREFIX__subadmin2` (`code`, `country_code`, `subadmin1_code`, `name`, `active`) VALUES ('AF.29.2918','AF','AF.29','{\"en\":\"Yaḩyá Khēl\"}',1);
INSERT INTO `__PREFIX__subadmin2` (`code`, `country_code`, `subadmin1_code`, `name`, `active`) VALUES ('AF.29.2919','AF','AF.29','{\"en\":\"Yōsuf Khēl\"}',1);
INSERT INTO `__PREFIX__subadmin2` (`code`, `country_code`, `subadmin1_code`, `name`, `active`) VALUES ('AF.29.2902','AF','AF.29','{\"en\":\"Zarghūn Shahr\"}',1);
INSERT INTO `__PREFIX__subadmin2` (`code`, `country_code`, `subadmin1_code`, `name`, `active`) VALUES ('AF.29.2912','AF','AF.29','{\"en\":\"Zīṟūk\"}',1);
INSERT INTO `__PREFIX__subadmin2` (`code`, `country_code`, `subadmin1_code`, `name`, `active`) VALUES ('AF.30.1607','AF','AF.30','{\"en\":\"Chahār Bōlak\"}',1);
INSERT INTO `__PREFIX__subadmin2` (`code`, `country_code`, `subadmin1_code`, `name`, `active`) VALUES ('AF.30.1611','AF','AF.30','{\"en\":\"Chahār Kent\"}',1);
INSERT INTO `__PREFIX__subadmin2` (`code`, `country_code`, `subadmin1_code`, `name`, `active`) VALUES ('AF.30.1608','AF','AF.30','{\"en\":\"Chimtāl\"}',1);
INSERT INTO `__PREFIX__subadmin2` (`code`, `country_code`, `subadmin1_code`, `name`, `active`) VALUES ('AF.30.1612','AF','AF.30','{\"en\":\"Dehdādī\"}',1);
INSERT INTO `__PREFIX__subadmin2` (`code`, `country_code`, `subadmin1_code`, `name`, `active`) VALUES ('AF.30.1605','AF','AF.30','{\"en\":\"Dowlatābād\"}',1);
INSERT INTO `__PREFIX__subadmin2` (`code`, `country_code`, `subadmin1_code`, `name`, `active`) VALUES ('AF.30.1613','AF','AF.30','{\"en\":\"Kaldār\"}',1);
INSERT INTO `__PREFIX__subadmin2` (`code`, `country_code`, `subadmin1_code`, `name`, `active`) VALUES ('AF.30.1614','AF','AF.30','{\"en\":\"Khulm\"}',1);
INSERT INTO `__PREFIX__subadmin2` (`code`, `country_code`, `subadmin1_code`, `name`, `active`) VALUES ('AF.30.1610','AF','AF.30','{\"en\":\"Kishindeh\"}',1);
INSERT INTO `__PREFIX__subadmin2` (`code`, `country_code`, `subadmin1_code`, `name`, `active`) VALUES ('AF.30.1615','AF','AF.30','{\"en\":\"Mārmul\"}',1);
INSERT INTO `__PREFIX__subadmin2` (`code`, `country_code`, `subadmin1_code`, `name`, `active`) VALUES ('AF.30.1604','AF','AF.30','{\"en\":\"Shōr Tepah\"}',1);
INSERT INTO `__PREFIX__subadmin2` (`code`, `country_code`, `subadmin1_code`, `name`, `active`) VALUES ('AF.30.1603','AF','AF.30','{\"en\":\"Zārī\"}',1);
INSERT INTO `__PREFIX__subadmin2` (`code`, `country_code`, `subadmin1_code`, `name`, `active`) VALUES ('AF.31.1706','AF','AF.31','{\"en\":\"Āqchah\"}',1);
INSERT INTO `__PREFIX__subadmin2` (`code`, `country_code`, `subadmin1_code`, `name`, `active`) VALUES ('AF.31.1703','AF','AF.31','{\"en\":\"Darzāb\"}',1);
INSERT INTO `__PREFIX__subadmin2` (`code`, `country_code`, `subadmin1_code`, `name`, `active`) VALUES ('AF.31.1708','AF','AF.31','{\"en\":\"Faīẕābād\"}',1);
INSERT INTO `__PREFIX__subadmin2` (`code`, `country_code`, `subadmin1_code`, `name`, `active`) VALUES ('AF.31.1709','AF','AF.31','{\"en\":\"Khamyāb\"}',1);
INSERT INTO `__PREFIX__subadmin2` (`code`, `country_code`, `subadmin1_code`, `name`, `active`) VALUES ('AF.31.1710','AF','AF.31','{\"en\":\"Khānaqāh\"}',1);
INSERT INTO `__PREFIX__subadmin2` (`code`, `country_code`, `subadmin1_code`, `name`, `active`) VALUES ('AF.31.1702','AF','AF.31','{\"en\":\"Khwājah Dū Kōh\"}',1);
INSERT INTO `__PREFIX__subadmin2` (`code`, `country_code`, `subadmin1_code`, `name`, `active`) VALUES ('AF.31.1707','AF','AF.31','{\"en\":\"Mardīān\"}',1);
INSERT INTO `__PREFIX__subadmin2` (`code`, `country_code`, `subadmin1_code`, `name`, `active`) VALUES ('AF.31.1704','AF','AF.31','{\"en\":\"Mingajik\"}',1);
INSERT INTO `__PREFIX__subadmin2` (`code`, `country_code`, `subadmin1_code`, `name`, `active`) VALUES ('AF.31.1705','AF','AF.31','{\"en\":\"Qarqīn\"}',1);
INSERT INTO `__PREFIX__subadmin2` (`code`, `country_code`, `subadmin1_code`, `name`, `active`) VALUES ('AF.31.1711','AF','AF.31','{\"en\":\"Qūsh Tepah\"}',1);
INSERT INTO `__PREFIX__subadmin2` (`code`, `country_code`, `subadmin1_code`, `name`, `active`) VALUES ('AF.31.1701','AF','AF.31','{\"en\":\"Shibirghān\"}',1);
INSERT INTO `__PREFIX__subadmin2` (`code`, `country_code`, `subadmin1_code`, `name`, `active`) VALUES ('AF.32.1501','AF','AF.32','{\"en\":\"Aībak\"}',1);
INSERT INTO `__PREFIX__subadmin2` (`code`, `country_code`, `subadmin1_code`, `name`, `active`) VALUES ('AF.32.1503','AF','AF.32','{\"en\":\"Darah-ye Şūf-e Bālā\"}',1);
INSERT INTO `__PREFIX__subadmin2` (`code`, `country_code`, `subadmin1_code`, `name`, `active`) VALUES ('AF.32.1504','AF','AF.32','{\"en\":\"Darah-ye Şūf-e Pā’īn\"}',1);
INSERT INTO `__PREFIX__subadmin2` (`code`, `country_code`, `subadmin1_code`, `name`, `active`) VALUES ('AF.32.1507','AF','AF.32','{\"en\":\"Fayrōz Nakhchīr\"}',1);
INSERT INTO `__PREFIX__subadmin2` (`code`, `country_code`, `subadmin1_code`, `name`, `active`) VALUES ('AF.32.1502','AF','AF.32','{\"en\":\"Ḩaẕrat-e Sulţān\"}',1);
INSERT INTO `__PREFIX__subadmin2` (`code`, `country_code`, `subadmin1_code`, `name`, `active`) VALUES ('AF.32.1506','AF','AF.32','{\"en\":\"Khuram wa Sār Bāgh\"}',1);
INSERT INTO `__PREFIX__subadmin2` (`code`, `country_code`, `subadmin1_code`, `name`, `active`) VALUES ('AF.32.1505','AF','AF.32','{\"en\":\"Rūy Dūāb\"}',1);
INSERT INTO `__PREFIX__subadmin2` (`code`, `country_code`, `subadmin1_code`, `name`, `active`) VALUES ('AF.33.3104','AF','AF.33','{\"en\":\"Balkhāb\"}',1);
INSERT INTO `__PREFIX__subadmin2` (`code`, `country_code`, `subadmin1_code`, `name`, `active`) VALUES ('AF.33.3107','AF','AF.33','{\"en\":\"Gōsfandī\"}',1);
INSERT INTO `__PREFIX__subadmin2` (`code`, `country_code`, `subadmin1_code`, `name`, `active`) VALUES ('AF.33.3103','AF','AF.33','{\"en\":\"Kōhistānāt\"}',1);
INSERT INTO `__PREFIX__subadmin2` (`code`, `country_code`, `subadmin1_code`, `name`, `active`) VALUES ('AF.33.3102','AF','AF.33','{\"en\":\"Sangchārak\"}',1);
INSERT INTO `__PREFIX__subadmin2` (`code`, `country_code`, `subadmin1_code`, `name`, `active`) VALUES ('AF.33.3101','AF','AF.33','{\"en\":\"Sar-e Pul\"}',1);
INSERT INTO `__PREFIX__subadmin2` (`code`, `country_code`, `subadmin1_code`, `name`, `active`) VALUES ('AF.33.3106','AF','AF.33','{\"en\":\"Şayād\"}',1);
INSERT INTO `__PREFIX__subadmin2` (`code`, `country_code`, `subadmin1_code`, `name`, `active`) VALUES ('AF.33.3105','AF','AF.33','{\"en\":\"Sōzmah Qal‘ah\"}',1);
INSERT INTO `__PREFIX__subadmin2` (`code`, `country_code`, `subadmin1_code`, `name`, `active`) VALUES ('AF.34.1001','AF','AF.34','{\"en\":\"Asadābād\"}',1);
INSERT INTO `__PREFIX__subadmin2` (`code`, `country_code`, `subadmin1_code`, `name`, `active`) VALUES ('AF.34.1003','AF','AF.34','{\"en\":\"Bar Kunaṟ\"}',1);
INSERT INTO `__PREFIX__subadmin2` (`code`, `country_code`, `subadmin1_code`, `name`, `active`) VALUES ('AF.34.1009','AF','AF.34','{\"en\":\"Chapah Darah\"}',1);
INSERT INTO `__PREFIX__subadmin2` (`code`, `country_code`, `subadmin1_code`, `name`, `active`) VALUES ('AF.34.1012','AF','AF.34','{\"en\":\"Tsowkêy\"}',1);
INSERT INTO `__PREFIX__subadmin2` (`code`, `country_code`, `subadmin1_code`, `name`, `active`) VALUES ('AF.34.1004','AF','AF.34','{\"en\":\"Dāngām\"}',1);
INSERT INTO `__PREFIX__subadmin2` (`code`, `country_code`, `subadmin1_code`, `name`, `active`) VALUES ('AF.34.1010','AF','AF.34','{\"en\":\"Darah-ye Pēch\"}',1);
INSERT INTO `__PREFIX__subadmin2` (`code`, `country_code`, `subadmin1_code`, `name`, `active`) VALUES ('AF.34.1006','AF','AF.34','{\"en\":\"Ghāzīābād\"}',1);
INSERT INTO `__PREFIX__subadmin2` (`code`, `country_code`, `subadmin1_code`, `name`, `active`) VALUES ('AF.34.1014','AF','AF.34','{\"en\":\"Khāş Kunaṟ\"}',1);
INSERT INTO `__PREFIX__subadmin2` (`code`, `country_code`, `subadmin1_code`, `name`, `active`) VALUES ('AF.34.1002','AF','AF.34','{\"en\":\"Marawarah\"}',1);
INSERT INTO `__PREFIX__subadmin2` (`code`, `country_code`, `subadmin1_code`, `name`, `active`) VALUES ('AF.34.1011','AF','AF.34','{\"en\":\"Narang\"}',1);
INSERT INTO `__PREFIX__subadmin2` (`code`, `country_code`, `subadmin1_code`, `name`, `active`) VALUES ('AF.34.1005','AF','AF.34','{\"en\":\"Nāṟay\"}',1);
INSERT INTO `__PREFIX__subadmin2` (`code`, `country_code`, `subadmin1_code`, `name`, `active`) VALUES ('AF.34.1013','AF','AF.34','{\"en\":\"Nūrgal\"}',1);
INSERT INTO `__PREFIX__subadmin2` (`code`, `country_code`, `subadmin1_code`, `name`, `active`) VALUES ('AF.34.1007','AF','AF.34','{\"en\":\"Shīgal wa Shêltan\"}',1);
INSERT INTO `__PREFIX__subadmin2` (`code`, `country_code`, `subadmin1_code`, `name`, `active`) VALUES ('AF.34.1008','AF','AF.34','{\"en\":\"Wuṯahpūr\"}',1);
INSERT INTO `__PREFIX__subadmin2` (`code`, `country_code`, `subadmin1_code`, `name`, `active`) VALUES ('AF.35.903','AF','AF.35','{\"en\":\"‘Alīngār\"}',1);
INSERT INTO `__PREFIX__subadmin2` (`code`, `country_code`, `subadmin1_code`, `name`, `active`) VALUES ('AF.35.905','AF','AF.35','{\"en\":\"‘Alīsheng\"}',1);
INSERT INTO `__PREFIX__subadmin2` (`code`, `country_code`, `subadmin1_code`, `name`, `active`) VALUES ('AF.35.904','AF','AF.35','{\"en\":\"Dowlat Shāh\"}',1);
INSERT INTO `__PREFIX__subadmin2` (`code`, `country_code`, `subadmin1_code`, `name`, `active`) VALUES ('AF.35.901','AF','AF.35','{\"en\":\"Mehtar Lām\"}',1);
INSERT INTO `__PREFIX__subadmin2` (`code`, `country_code`, `subadmin1_code`, `name`, `active`) VALUES ('AF.35.902','AF','AF.35','{\"en\":\"Qarghah’ī\"}',1);
INSERT INTO `__PREFIX__subadmin2` (`code`, `country_code`, `subadmin1_code`, `name`, `active`) VALUES ('AF.36.705','AF','AF.36','{\"en\":\"Aḩmadābād\"}',1);
INSERT INTO `__PREFIX__subadmin2` (`code`, `country_code`, `subadmin1_code`, `name`, `active`) VALUES ('AF.36.708','AF','AF.36','{\"en\":\"Tsamkanī\"}',1);
INSERT INTO `__PREFIX__subadmin2` (`code`, `country_code`, `subadmin1_code`, `name`, `active`) VALUES ('AF.36.707','AF','AF.36','{\"en\":\"Ḏanḏ Paṯān\"}',1);
INSERT INTO `__PREFIX__subadmin2` (`code`, `country_code`, `subadmin1_code`, `name`, `active`) VALUES ('AF.36.701','AF','AF.36','{\"en\":\"Gardez\"}',1);
INSERT INTO `__PREFIX__subadmin2` (`code`, `country_code`, `subadmin1_code`, `name`, `active`) VALUES ('AF.36.711','AF','AF.36','{\"en\":\"Jājī\"}',1);
INSERT INTO `__PREFIX__subadmin2` (`code`, `country_code`, `subadmin1_code`, `name`, `active`) VALUES ('AF.36.706','AF','AF.36','{\"en\":\"Jānī Khēl\"}',1);
INSERT INTO `__PREFIX__subadmin2` (`code`, `country_code`, `subadmin1_code`, `name`, `active`) VALUES ('AF.36.709','AF','AF.36','{\"en\":\"Lajah Aḩmad Khēl\"}',1);
INSERT INTO `__PREFIX__subadmin2` (`code`, `country_code`, `subadmin1_code`, `name`, `active`) VALUES ('AF.36.710','AF','AF.36','{\"en\":\"Sayyid Karam\"}',1);
INSERT INTO `__PREFIX__subadmin2` (`code`, `country_code`, `subadmin1_code`, `name`, `active`) VALUES ('AF.36.703','AF','AF.36','{\"en\":\"Shwāk\"}',1);
INSERT INTO `__PREFIX__subadmin2` (`code`, `country_code`, `subadmin1_code`, `name`, `active`) VALUES ('AF.36.704','AF','AF.36','{\"en\":\"Dzadrān\"}',1);
INSERT INTO `__PREFIX__subadmin2` (`code`, `country_code`, `subadmin1_code`, `name`, `active`) VALUES ('AF.36.702','AF','AF.36','{\"en\":\"Zurmat\"}',1);
INSERT INTO `__PREFIX__subadmin2` (`code`, `country_code`, `subadmin1_code`, `name`, `active`) VALUES ('AF.37.3210','AF','AF.37','{\"en\":\"Bāk\"}',1);
INSERT INTO `__PREFIX__subadmin2` (`code`, `country_code`, `subadmin1_code`, `name`, `active`) VALUES ('AF.37.3211','AF','AF.37','{\"en\":\"Gurbuz\"}',1);
INSERT INTO `__PREFIX__subadmin2` (`code`, `country_code`, `subadmin1_code`, `name`, `active`) VALUES ('AF.37.3202','AF','AF.37','{\"en\":\"Jājī Maīdān\"}',1);
INSERT INTO `__PREFIX__subadmin2` (`code`, `country_code`, `subadmin1_code`, `name`, `active`) VALUES ('AF.37.3201','AF','AF.37','{\"en\":\"Khōst\"}',1);
INSERT INTO `__PREFIX__subadmin2` (`code`, `country_code`, `subadmin1_code`, `name`, `active`) VALUES ('AF.37.3206','AF','AF.37','{\"en\":\"Mandūzaī\"}',1);
INSERT INTO `__PREFIX__subadmin2` (`code`, `country_code`, `subadmin1_code`, `name`, `active`) VALUES ('AF.37.3205','AF','AF.37','{\"en\":\"Mūsá Khēl\"}',1);
INSERT INTO `__PREFIX__subadmin2` (`code`, `country_code`, `subadmin1_code`, `name`, `active`) VALUES ('AF.37.3208','AF','AF.37','{\"en\":\"Nādir Shāh Kōṯ\"}',1);
INSERT INTO `__PREFIX__subadmin2` (`code`, `country_code`, `subadmin1_code`, `name`, `active`) VALUES ('AF.37.3212','AF','AF.37','{\"en\":\"Qalandar\"}',1);
INSERT INTO `__PREFIX__subadmin2` (`code`, `country_code`, `subadmin1_code`, `name`, `active`) VALUES ('AF.37.3209','AF','AF.37','{\"en\":\"Şabarī\"}',1);
INSERT INTO `__PREFIX__subadmin2` (`code`, `country_code`, `subadmin1_code`, `name`, `active`) VALUES ('AF.37.3213','AF','AF.37','{\"en\":\"Shamul\"}',1);
INSERT INTO `__PREFIX__subadmin2` (`code`, `country_code`, `subadmin1_code`, `name`, `active`) VALUES ('AF.37.3204','AF','AF.37','{\"en\":\"Spērah\"}',1);
INSERT INTO `__PREFIX__subadmin2` (`code`, `country_code`, `subadmin1_code`, `name`, `active`) VALUES ('AF.37.3207','AF','AF.37','{\"en\":\"Têrayzaī\"}',1);
INSERT INTO `__PREFIX__subadmin2` (`code`, `country_code`, `subadmin1_code`, `name`, `active`) VALUES ('AF.38.3005','AF','AF.38','{\"en\":\"Barg-e Matāl\"}',1);
INSERT INTO `__PREFIX__subadmin2` (`code`, `country_code`, `subadmin1_code`, `name`, `active`) VALUES ('AF.38.3007','AF','AF.38','{\"en\":\"Dū Āb\"}',1);
INSERT INTO `__PREFIX__subadmin2` (`code`, `country_code`, `subadmin1_code`, `name`, `active`) VALUES ('AF.38.3002','AF','AF.38','{\"en\":\"Kāmdēsh\"}',1);
INSERT INTO `__PREFIX__subadmin2` (`code`, `country_code`, `subadmin1_code`, `name`, `active`) VALUES ('AF.38.3004','AF','AF.38','{\"en\":\"Mandōl\"}',1);
INSERT INTO `__PREFIX__subadmin2` (`code`, `country_code`, `subadmin1_code`, `name`, `active`) VALUES ('AF.38.3008','AF','AF.38','{\"en\":\"Nūrgarām\"}',1);
INSERT INTO `__PREFIX__subadmin2` (`code`, `country_code`, `subadmin1_code`, `name`, `active`) VALUES ('AF.38.3001','AF','AF.38','{\"en\":\"Pārūn\"}',1);
INSERT INTO `__PREFIX__subadmin2` (`code`, `country_code`, `subadmin1_code`, `name`, `active`) VALUES ('AF.38.3006','AF','AF.38','{\"en\":\"Wāmā\"}',1);
INSERT INTO `__PREFIX__subadmin2` (`code`, `country_code`, `subadmin1_code`, `name`, `active`) VALUES ('AF.38.3003','AF','AF.38','{\"en\":\"Wāygal\"}',1);
INSERT INTO `__PREFIX__subadmin2` (`code`, `country_code`, `subadmin1_code`, `name`, `active`) VALUES ('AF.39.2602','AF','AF.39','{\"en\":\"Chōrah\"}',1);
INSERT INTO `__PREFIX__subadmin2` (`code`, `country_code`, `subadmin1_code`, `name`, `active`) VALUES ('AF.39.2605','AF','AF.39','{\"en\":\"Deh Rāwud\"}',1);
INSERT INTO `__PREFIX__subadmin2` (`code`, `country_code`, `subadmin1_code`, `name`, `active`) VALUES ('AF.39.2603','AF','AF.39','{\"en\":\"Khāş Uruzgān\"}',1);
INSERT INTO `__PREFIX__subadmin2` (`code`, `country_code`, `subadmin1_code`, `name`, `active`) VALUES ('AF.39.2604','AF','AF.39','{\"en\":\"Shahīd-e Ḩasās\"}',1);
INSERT INTO `__PREFIX__subadmin2` (`code`, `country_code`, `subadmin1_code`, `name`, `active`) VALUES ('AF.39.2601','AF','AF.39','{\"en\":\"Tarīn Kōṯ\"}',1);
INSERT INTO `__PREFIX__subadmin2` (`code`, `country_code`, `subadmin1_code`, `name`, `active`) VALUES ('AF.40.308','AF','AF.40','{\"en\":\"Bagrām\"}',1);
INSERT INTO `__PREFIX__subadmin2` (`code`, `country_code`, `subadmin1_code`, `name`, `active`) VALUES ('AF.40.301','AF','AF.40','{\"en\":\"Chārīkār\"}',1);
INSERT INTO `__PREFIX__subadmin2` (`code`, `country_code`, `subadmin1_code`, `name`, `active`) VALUES ('AF.40.302','AF','AF.40','{\"en\":\"Jabal us Sarāj\"}',1);
INSERT INTO `__PREFIX__subadmin2` (`code`, `country_code`, `subadmin1_code`, `name`, `active`) VALUES ('AF.40.309','AF','AF.40','{\"en\":\"Kōh-e Şāfī\"}',1);
INSERT INTO `__PREFIX__subadmin2` (`code`, `country_code`, `subadmin1_code`, `name`, `active`) VALUES ('AF.40.303','AF','AF.40','{\"en\":\"Sālang\"}',1);
INSERT INTO `__PREFIX__subadmin2` (`code`, `country_code`, `subadmin1_code`, `name`, `active`) VALUES ('AF.40.310','AF','AF.40','{\"en\":\"Sayyid Khēl\"}',1);
INSERT INTO `__PREFIX__subadmin2` (`code`, `country_code`, `subadmin1_code`, `name`, `active`) VALUES ('AF.40.306','AF','AF.40','{\"en\":\"Shaykh ‘Alī\"}',1);
INSERT INTO `__PREFIX__subadmin2` (`code`, `country_code`, `subadmin1_code`, `name`, `active`) VALUES ('AF.40.304','AF','AF.40','{\"en\":\"Shīnwārī\"}',1);
INSERT INTO `__PREFIX__subadmin2` (`code`, `country_code`, `subadmin1_code`, `name`, `active`) VALUES ('AF.40.305','AF','AF.40','{\"en\":\"Siyāhgird Ghōrband\"}',1);
INSERT INTO `__PREFIX__subadmin2` (`code`, `country_code`, `subadmin1_code`, `name`, `active`) VALUES ('AF.41.3406','AF','AF.41','{\"en\":\"Gaytī\"}',1);
INSERT INTO `__PREFIX__subadmin2` (`code`, `country_code`, `subadmin1_code`, `name`, `active`) VALUES ('AF.41.3402','AF','AF.41','{\"en\":\"Gīzāb\"}',1);
INSERT INTO `__PREFIX__subadmin2` (`code`, `country_code`, `subadmin1_code`, `name`, `active`) VALUES ('AF.41.3403','AF','AF.41','{\"en\":\"Ishtarlay\"}',1);
INSERT INTO `__PREFIX__subadmin2` (`code`, `country_code`, `subadmin1_code`, `name`, `active`) VALUES ('AF.41.3404','AF','AF.41','{\"en\":\"Kajrān\"}',1);
INSERT INTO `__PREFIX__subadmin2` (`code`, `country_code`, `subadmin1_code`, `name`, `active`) VALUES ('AF.41.3405','AF','AF.41','{\"en\":\"Khadīr\"}',1);
INSERT INTO `__PREFIX__subadmin2` (`code`, `country_code`, `subadmin1_code`, `name`, `active`) VALUES ('AF.41.3407','AF','AF.41','{\"en\":\"Mīr Āmōr\"}',1);
INSERT INTO `__PREFIX__subadmin2` (`code`, `country_code`, `subadmin1_code`, `name`, `active`) VALUES ('AF.41.3401','AF','AF.41','{\"en\":\"Nīlī\"}',1);
INSERT INTO `__PREFIX__subadmin2` (`code`, `country_code`, `subadmin1_code`, `name`, `active`) VALUES ('AF.41.3408','AF','AF.41','{\"en\":\"Sang-e Takht\"}',1);
INSERT INTO `__PREFIX__subadmin2` (`code`, `country_code`, `subadmin1_code`, `name`, `active`) VALUES ('AF.41.3409','AF','AF.41','{\"en\":\"Shahristān\"}',1);
INSERT INTO `__PREFIX__subadmin2` (`code`, `country_code`, `subadmin1_code`, `name`, `active`) VALUES ('AF.42.3306','AF','AF.42','{\"en\":\"‘Unābah\"}',1);
INSERT INTO `__PREFIX__subadmin2` (`code`, `country_code`, `subadmin1_code`, `name`, `active`) VALUES ('AF.42.3301','AF','AF.42','{\"en\":\"Bāzārak\"}',1);
INSERT INTO `__PREFIX__subadmin2` (`code`, `country_code`, `subadmin1_code`, `name`, `active`) VALUES ('AF.42.3302','AF','AF.42','{\"en\":\"Darah\"}',1);
INSERT INTO `__PREFIX__subadmin2` (`code`, `country_code`, `subadmin1_code`, `name`, `active`) VALUES ('AF.42.3303','AF','AF.42','{\"en\":\"Khinj\"}',1);
INSERT INTO `__PREFIX__subadmin2` (`code`, `country_code`, `subadmin1_code`, `name`, `active`) VALUES ('AF.42.3304','AF','AF.42','{\"en\":\"Parīān\"}',1);
INSERT INTO `__PREFIX__subadmin2` (`code`, `country_code`, `subadmin1_code`, `name`, `active`) VALUES ('AF.42.3307','AF','AF.42','{\"en\":\"Rukhah\"}',1);
INSERT INTO `__PREFIX__subadmin2` (`code`, `country_code`, `subadmin1_code`, `name`, `active`) VALUES ('AF.42.3305','AF','AF.42','{\"en\":\"Shutul\"}',1);
INSERT INTO `__PREFIX__subadmin2` (`code`, `country_code`, `subadmin1_code`, `name`, `active`) VALUES ('AF.13.101','AF','AF.13','{\"en\":\"Kabul\"}',1);
INSERT INTO `__PREFIX__subadmin2` (`code`, `country_code`, `subadmin1_code`, `name`, `active`) VALUES ('AF.24.1401','AF','AF.24','{\"en\":\"Kunduz\"}',1);
INSERT INTO `__PREFIX__subadmin2` (`code`, `country_code`, `subadmin1_code`, `name`, `active`) VALUES ('AF.19.2204','AF','AF.19','{\"en\":\"Chakhansur\"}',1);
INSERT INTO `__PREFIX__subadmin2` (`code`, `country_code`, `subadmin1_code`, `name`, `active`) VALUES ('AF.06.2101','AF','AF.06','{\"en\":\"Farah\"}',1);
INSERT INTO `__PREFIX__subadmin2` (`code`, `country_code`, `subadmin1_code`, `name`, `active`) VALUES ('AF.05.2801','AF','AF.05','{\"en\":\"Bamyan\"}',1);
INSERT INTO `__PREFIX__subadmin2` (`code`, `country_code`, `subadmin1_code`, `name`, `active`) VALUES ('AF.03.1301','AF','AF.03','{\"en\":\"Puli Khumri\"}',1);
INSERT INTO `__PREFIX__subadmin2` (`code`, `country_code`, `subadmin1_code`, `name`, `active`) VALUES ('AF.13.112','AF','AF.13','{\"en\":\"Surobi\"}',1);
INSERT INTO `__PREFIX__subadmin2` (`code`, `country_code`, `subadmin1_code`, `name`, `active`) VALUES ('AF.28.2501','AF','AF.28','{\"en\":\"Qalāt\"}',1);
INSERT INTO `__PREFIX__subadmin2` (`code`, `country_code`, `subadmin1_code`, `name`, `active`) VALUES ('AF.01.1104','AF','AF.01','{\"en\":\"Kuran Wa Munjan\"}',1);
INSERT INTO `__PREFIX__subadmin2` (`code`, `country_code`, `subadmin1_code`, `name`, `active`) VALUES ('AF.05.2802','AF','AF.05','{\"en\":\"Shibar\"}',1);
INSERT INTO `__PREFIX__subadmin2` (`code`, `country_code`, `subadmin1_code`, `name`, `active`) VALUES ('AF.40.307','AF','AF.40','{\"en\":\"Surkhi Parsa\"}',1);
INSERT INTO `__PREFIX__subadmin2` (`code`, `country_code`, `subadmin1_code`, `name`, `active`) VALUES ('AF.10.2311','AF','AF.10','{\"en\":\"Garmsīr\"}',1);
INSERT INTO `__PREFIX__subadmin2` (`code`, `country_code`, `subadmin1_code`, `name`, `active`) VALUES ('AF.30.1602','AF','AF.30','{\"en\":\"Nahri Shahi\"}',1);
INSERT INTO `__PREFIX__subadmin2` (`code`, `country_code`, `subadmin1_code`, `name`, `active`) VALUES ('AF.30.1609','AF','AF.30','{\"en\":\"Sholgara\"}',1);
INSERT INTO `__PREFIX__subadmin2` (`code`, `country_code`, `subadmin1_code`, `name`, `active`) VALUES ('AF.27.405','AF','AF.27','{\"en\":\"Day Mirdad\"}',1);
INSERT INTO `__PREFIX__subadmin2` (`code`, `country_code`, `subadmin1_code`, `name`, `active`) VALUES ('AF.24.1404','AF','AF.24','{\"en\":\"Chahar Dara\"}',1);
INSERT INTO `__PREFIX__subadmin2` (`code`, `country_code`, `subadmin1_code`, `name`, `active`) VALUES ('AF.37.3203','AF','AF.37','{\"en\":\"Tani\"}',1);
INSERT INTO `__PREFIX__subadmin2` (`code`, `country_code`, `subadmin1_code`, `name`, `active`) VALUES ('AF.34.1015','AF','AF.34','{\"en\":\"Sirkanay\"}',1);
INSERT INTO `__PREFIX__subadmin2` (`code`, `country_code`, `subadmin1_code`, `name`, `active`) VALUES ('AF.27.404','AF','AF.27','{\"en\":\"Markazi Bihsud\"}',1);
INSERT INTO `__PREFIX__subadmin2` (`code`, `country_code`, `subadmin1_code`, `name`, `active`) VALUES ('AF.27.408','AF','AF.27','{\"en\":\"Nirkh\"}',1);
INSERT INTO `__PREFIX__subadmin2` (`code`, `country_code`, `subadmin1_code`, `name`, `active`) VALUES ('AF.30.1601','AF','AF.30','{\"en\":\"Mazār-e Sharīf\"}',1);
INSERT INTO `__PREFIX__subadmin2` (`code`, `country_code`, `subadmin1_code`, `name`, `active`) VALUES ('AF.11.2001','AF','AF.11','{\"en\":\"Herat District\"}',1);
INSERT INTO `__PREFIX__subadmin2` (`code`, `country_code`, `subadmin1_code`, `name`, `active`) VALUES ('AF.10.2306','AF','AF.10','{\"en\":\"Naw Zad\"}',1);
INSERT INTO `__PREFIX__subadmin2` (`code`, `country_code`, `subadmin1_code`, `name`, `active`) VALUES ('AF.23.2401','AF','AF.23','{\"en\":\"Kandahar District\"}',1);
INSERT INTO `__PREFIX__subadmin2` (`code`, `country_code`, `subadmin1_code`, `name`, `active`) VALUES ('AF.30.1606','AF','AF.30','{\"en\":\"Balkh District\"}',1);
/*!40000 ALTER TABLE `__PREFIX__subadmin2` ENABLE KEYS */;

--
-- Dumping data for table `__PREFIX__cities`
--

/*!40000 ALTER TABLE `__PREFIX__cities` DISABLE KEYS */;
INSERT INTO `__PREFIX__cities` (`country_code`, `name`, `longitude`, `latitude`, `feature_class`, `feature_code`, `subadmin1_code`, `subadmin2_code`, `population`, `time_zone`, `active`, `created_at`, `updated_at`) VALUES ('AF','{\"en\":\"Kuhsān\"}',61.20,34.65,'P','PPLA2','AF.11','AF.11.2008',12087,'Asia/Kabul',1,'2020-06-08 23:00:00','2020-06-08 23:00:00');
INSERT INTO `__PREFIX__cities` (`country_code`, `name`, `longitude`, `latitude`, `feature_class`, `feature_code`, `subadmin1_code`, `subadmin2_code`, `population`, `time_zone`, `active`, `created_at`, `updated_at`) VALUES ('AF','{\"en\":\"Tukzār\"}',66.42,35.95,'P','PPLA2','AF.33','AF.33.3102',12021,'Asia/Kabul',1,'2020-06-08 23:00:00','2020-06-08 23:00:00');
INSERT INTO `__PREFIX__cities` (`country_code`, `name`, `longitude`, `latitude`, `feature_class`, `feature_code`, `subadmin1_code`, `subadmin2_code`, `population`, `time_zone`, `active`, `created_at`, `updated_at`) VALUES ('AF','{\"en\":\"Zindah Jān\"}',61.75,34.34,'P','PPLA2','AF.11','AF.11.2010',10104,'Asia/Kabul',1,'2018-02-16 23:00:00','2018-02-16 23:00:00');
INSERT INTO `__PREFIX__cities` (`country_code`, `name`, `longitude`, `latitude`, `feature_class`, `feature_code`, `subadmin1_code`, `subadmin2_code`, `population`, `time_zone`, `active`, `created_at`, `updated_at`) VALUES ('AF','{\"en\":\"Zarghūn Shahr\"}',68.45,32.85,'P','PPL','AF.29','AF.29.2902',13737,'Asia/Kabul',1,'2020-06-08 23:00:00','2020-06-08 23:00:00');
INSERT INTO `__PREFIX__cities` (`country_code`, `name`, `longitude`, `latitude`, `feature_class`, `feature_code`, `subadmin1_code`, `subadmin2_code`, `population`, `time_zone`, `active`, `created_at`, `updated_at`) VALUES ('AF','{\"en\":\"Zaṟah Sharan\"}',68.79,33.15,'P','PPL','AF.29','AF.29.2901',7366,'Asia/Kabul',1,'2020-06-08 23:00:00','2020-06-08 23:00:00');
INSERT INTO `__PREFIX__cities` (`country_code`, `name`, `longitude`, `latitude`, `feature_class`, `feature_code`, `subadmin1_code`, `subadmin2_code`, `population`, `time_zone`, `active`, `created_at`, `updated_at`) VALUES ('AF','{\"en\":\"Zaranj\"}',61.86,30.96,'P','PPLA','AF.19','AF.19.2201',49851,'Asia/Kabul',1,'2018-02-12 23:00:00','2018-02-12 23:00:00');
INSERT INTO `__PREFIX__cities` (`country_code`, `name`, `longitude`, `latitude`, `feature_class`, `feature_code`, `subadmin1_code`, `subadmin2_code`, `population`, `time_zone`, `active`, `created_at`, `updated_at`) VALUES ('AF','{\"en\":\"Yangī Qal‘ah\"}',69.61,37.47,'P','PPL','AF.26','AF.26.1210',6541,'Asia/Kabul',1,'2020-06-08 23:00:00','2020-06-08 23:00:00');
INSERT INTO `__PREFIX__cities` (`country_code`, `name`, `longitude`, `latitude`, `feature_class`, `feature_code`, `subadmin1_code`, `subadmin2_code`, `population`, `time_zone`, `active`, `created_at`, `updated_at`) VALUES ('AF','{\"en\":\"Bāzār-e Yakāwlang\"}',66.97,34.74,'P','PPLW','AF.05','AF.05.2804',65000,'Asia/Kabul',1,'2020-01-01 23:00:00','2020-01-01 23:00:00');
INSERT INTO `__PREFIX__cities` (`country_code`, `name`, `longitude`, `latitude`, `feature_class`, `feature_code`, `subadmin1_code`, `subadmin2_code`, `population`, `time_zone`, `active`, `created_at`, `updated_at`) VALUES ('AF','{\"en\":\"Tīr Pul\"}',61.27,34.59,'P','PPL','AF.11','AF.11.2008',6979,'Asia/Kabul',1,'2020-06-08 23:00:00','2020-06-08 23:00:00');
INSERT INTO `__PREFIX__cities` (`country_code`, `name`, `longitude`, `latitude`, `feature_class`, `feature_code`, `subadmin1_code`, `subadmin2_code`, `population`, `time_zone`, `active`, `created_at`, `updated_at`) VALUES ('AF','{\"en\":\"Tarinkot\"}',65.88,32.63,'P','PPLA','AF.39','AF.39.2601',10000,'Asia/Kabul',1,'2018-02-12 23:00:00','2018-02-12 23:00:00');
INSERT INTO `__PREFIX__cities` (`country_code`, `name`, `longitude`, `latitude`, `feature_class`, `feature_code`, `subadmin1_code`, `subadmin2_code`, `population`, `time_zone`, `active`, `created_at`, `updated_at`) VALUES ('AF','{\"en\":\"Taloqan\"}',69.53,36.74,'P','PPLA','AF.26','AF.26.1201',64256,'Asia/Kabul',1,'2018-02-16 23:00:00','2018-02-16 23:00:00');
INSERT INTO `__PREFIX__cities` (`country_code`, `name`, `longitude`, `latitude`, `feature_class`, `feature_code`, `subadmin1_code`, `subadmin2_code`, `population`, `time_zone`, `active`, `created_at`, `updated_at`) VALUES ('AF','{\"en\":\"Tagāw-Bāy\"}',66.06,35.70,'P','PPL','AF.33','AF.33.3103',9096,'Asia/Kabul',1,'2020-06-08 23:00:00','2020-06-08 23:00:00');
INSERT INTO `__PREFIX__cities` (`country_code`, `name`, `longitude`, `latitude`, `feature_class`, `feature_code`, `subadmin1_code`, `subadmin2_code`, `population`, `time_zone`, `active`, `created_at`, `updated_at`) VALUES ('AF','{\"en\":\"Tagāb\"}',69.65,34.86,'P','PPL','AF.14','AF.14.205',6400,'Asia/Kabul',1,'2020-06-08 23:00:00','2020-06-08 23:00:00');
INSERT INTO `__PREFIX__cities` (`country_code`, `name`, `longitude`, `latitude`, `feature_class`, `feature_code`, `subadmin1_code`, `subadmin2_code`, `population`, `time_zone`, `active`, `created_at`, `updated_at`) VALUES ('AF','{\"en\":\"Shīnḏanḏ\"}',62.15,33.30,'P','PPLA2','AF.11','AF.11.2014',29264,'Asia/Kabul',1,'2020-06-08 23:00:00','2020-06-08 23:00:00');
INSERT INTO `__PREFIX__cities` (`country_code`, `name`, `longitude`, `latitude`, `feature_class`, `feature_code`, `subadmin1_code`, `subadmin2_code`, `population`, `time_zone`, `active`, `created_at`, `updated_at`) VALUES ('AF','{\"en\":\"Shibirghān\"}',65.75,36.67,'P','PPLA','AF.31','AF.31.1701',55641,'Asia/Kabul',1,'2020-06-08 23:00:00','2020-06-08 23:00:00');
INSERT INTO `__PREFIX__cities` (`country_code`, `name`, `longitude`, `latitude`, `feature_class`, `feature_code`, `subadmin1_code`, `subadmin2_code`, `population`, `time_zone`, `active`, `created_at`, `updated_at`) VALUES ('AF','{\"en\":\"Shahrak\"}',64.31,34.11,'P','PPLA2','AF.09','AF.09.2702',15967,'Asia/Kabul',1,'2018-02-16 23:00:00','2018-02-16 23:00:00');
INSERT INTO `__PREFIX__cities` (`country_code`, `name`, `longitude`, `latitude`, `feature_class`, `feature_code`, `subadmin1_code`, `subadmin2_code`, `population`, `time_zone`, `active`, `created_at`, `updated_at`) VALUES ('AF','{\"en\":\"Sidqābād\"}',69.35,35.02,'P','PPLA','AF.14','AF.14.201',7407,'Asia/Kabul',1,'2018-02-12 23:00:00','2018-02-12 23:00:00');
INSERT INTO `__PREFIX__cities` (`country_code`, `name`, `longitude`, `latitude`, `feature_class`, `feature_code`, `subadmin1_code`, `subadmin2_code`, `population`, `time_zone`, `active`, `created_at`, `updated_at`) VALUES ('AF','{\"en\":\"Sar-e Pul\"}',65.93,36.22,'P','PPLA','AF.33','AF.33.3101',52121,'Asia/Kabul',1,'2018-02-16 23:00:00','2018-02-16 23:00:00');
INSERT INTO `__PREFIX__cities` (`country_code`, `name`, `longitude`, `latitude`, `feature_class`, `feature_code`, `subadmin1_code`, `subadmin2_code`, `population`, `time_zone`, `active`, `created_at`, `updated_at`) VALUES ('AF','{\"en\":\"Sangīn\"}',64.84,32.07,'P','PPLA2','AF.10','AF.10.2312',13579,'Asia/Kabul',1,'2020-06-08 23:00:00','2020-06-08 23:00:00');
INSERT INTO `__PREFIX__cities` (`country_code`, `name`, `longitude`, `latitude`, `feature_class`, `feature_code`, `subadmin1_code`, `subadmin2_code`, `population`, `time_zone`, `active`, `created_at`, `updated_at`) VALUES ('AF','{\"en\":\"Sang-e Chārak\"}',66.44,35.85,'P','PPL','AF.33','AF.33.3102',15377,'Asia/Kabul',1,'2018-02-16 23:00:00','2018-02-16 23:00:00');
INSERT INTO `__PREFIX__cities` (`country_code`, `name`, `longitude`, `latitude`, `feature_class`, `feature_code`, `subadmin1_code`, `subadmin2_code`, `population`, `time_zone`, `active`, `created_at`, `updated_at`) VALUES ('AF','{\"en\":\"Aībak\"}',68.02,36.26,'P','PPLA','AF.32','AF.32.1501',47823,'Asia/Kabul',1,'2020-06-08 23:00:00','2020-06-08 23:00:00');
INSERT INTO `__PREFIX__cities` (`country_code`, `name`, `longitude`, `latitude`, `feature_class`, `feature_code`, `subadmin1_code`, `subadmin2_code`, `population`, `time_zone`, `active`, `created_at`, `updated_at`) VALUES ('AF','{\"en\":\"Rūdbār\"}',62.60,30.15,'P','PPL','AF.19','AF.19.2203',11034,'Asia/Kabul',1,'2018-12-03 23:00:00','2018-12-03 23:00:00');
INSERT INTO `__PREFIX__cities` (`country_code`, `name`, `longitude`, `latitude`, `feature_class`, `feature_code`, `subadmin1_code`, `subadmin2_code`, `population`, `time_zone`, `active`, `created_at`, `updated_at`) VALUES ('AF','{\"en\":\"Rustāq\"}',69.83,37.13,'P','PPLA2','AF.26','AF.26.1208',25636,'Asia/Kabul',1,'2020-06-08 23:00:00','2020-06-08 23:00:00');
INSERT INTO `__PREFIX__cities` (`country_code`, `name`, `longitude`, `latitude`, `feature_class`, `feature_code`, `subadmin1_code`, `subadmin2_code`, `population`, `time_zone`, `active`, `created_at`, `updated_at`) VALUES ('AF','{\"en\":\"Qarqīn\"}',66.04,37.42,'P','PPLA2','AF.31','AF.31.1705',15018,'Asia/Kabul',1,'2020-06-08 23:00:00','2020-06-08 23:00:00');
INSERT INTO `__PREFIX__cities` (`country_code`, `name`, `longitude`, `latitude`, `feature_class`, `feature_code`, `subadmin1_code`, `subadmin2_code`, `population`, `time_zone`, `active`, `created_at`, `updated_at`) VALUES ('AF','{\"en\":\"Qarchī Gak\"}',66.79,37.04,'P','PPL','AF.30','AF.30.1605',8942,'Asia/Kabul',1,'2018-02-16 23:00:00','2018-02-16 23:00:00');
INSERT INTO `__PREFIX__cities` (`country_code`, `name`, `longitude`, `latitude`, `feature_class`, `feature_code`, `subadmin1_code`, `subadmin2_code`, `population`, `time_zone`, `active`, `created_at`, `updated_at`) VALUES ('AF','{\"en\":\"Qarāwul\"}',68.78,37.22,'P','PPL','AF.24','AF.24.1402',24544,'Asia/Kabul',1,'2020-06-08 23:00:00','2020-06-08 23:00:00');
INSERT INTO `__PREFIX__cities` (`country_code`, `name`, `longitude`, `latitude`, `feature_class`, `feature_code`, `subadmin1_code`, `subadmin2_code`, `population`, `time_zone`, `active`, `created_at`, `updated_at`) VALUES ('AF','{\"en\":\"Qarah Bāgh\"}',61.78,34.94,'P','PPLA2','AF.11','AF.11.2007',12412,'Asia/Kabul',1,'2020-06-08 23:00:00','2020-06-08 23:00:00');
INSERT INTO `__PREFIX__cities` (`country_code`, `name`, `longitude`, `latitude`, `feature_class`, `feature_code`, `subadmin1_code`, `subadmin2_code`, `population`, `time_zone`, `active`, `created_at`, `updated_at`) VALUES ('AF','{\"en\":\"Qala i Naw\"}',63.13,34.99,'P','PPLA','AF.02','AF.02.1901',9000,'Asia/Kabul',1,'2018-02-16 23:00:00','2018-02-16 23:00:00');
INSERT INTO `__PREFIX__cities` (`country_code`, `name`, `longitude`, `latitude`, `feature_class`, `feature_code`, `subadmin1_code`, `subadmin2_code`, `population`, `time_zone`, `active`, `created_at`, `updated_at`) VALUES ('AF','{\"en\":\"Qal‘ah-ye Shahr\"}',65.57,35.55,'P','PPL','AF.33','AF.33.3103',7756,'Asia/Kabul',1,'2018-02-16 23:00:00','2018-02-16 23:00:00');
INSERT INTO `__PREFIX__cities` (`country_code`, `name`, `longitude`, `latitude`, `feature_class`, `feature_code`, `subadmin1_code`, `subadmin2_code`, `population`, `time_zone`, `active`, `created_at`, `updated_at`) VALUES ('AF','{\"en\":\"Qalāt\"}',66.91,32.11,'P','PPLA','AF.28','AF.28.2501',12191,'Asia/Kabul',1,'2020-06-08 23:00:00','2020-06-08 23:00:00');
INSERT INTO `__PREFIX__cities` (`country_code`, `name`, `longitude`, `latitude`, `feature_class`, `feature_code`, `subadmin1_code`, `subadmin2_code`, `population`, `time_zone`, `active`, `created_at`, `updated_at`) VALUES ('AF','{\"en\":\"Pārūn\"}',70.92,35.42,'P','PPLA','AF.38','AF.38.3001',1000,'Asia/Kabul',1,'2020-06-08 23:00:00','2020-06-08 23:00:00');
INSERT INTO `__PREFIX__cities` (`country_code`, `name`, `longitude`, `latitude`, `feature_class`, `feature_code`, `subadmin1_code`, `subadmin2_code`, `population`, `time_zone`, `active`, `created_at`, `updated_at`) VALUES ('AF','{\"en\":\"Pul-e Khumrī\"}',68.72,35.94,'P','PPLA','AF.03','AF.03.1301',56369,'Asia/Kabul',1,'2020-06-08 23:00:00','2020-06-08 23:00:00');
INSERT INTO `__PREFIX__cities` (`country_code`, `name`, `longitude`, `latitude`, `feature_class`, `feature_code`, `subadmin1_code`, `subadmin2_code`, `population`, `time_zone`, `active`, `created_at`, `updated_at`) VALUES ('AF','{\"en\":\"Pul-e ‘Alam\"}',69.02,34.00,'P','PPLA','AF.17','AF.17.501',13247,'Asia/Kabul',1,'2020-06-08 23:00:00','2020-06-08 23:00:00');
INSERT INTO `__PREFIX__cities` (`country_code`, `name`, `longitude`, `latitude`, `feature_class`, `feature_code`, `subadmin1_code`, `subadmin2_code`, `population`, `time_zone`, `active`, `created_at`, `updated_at`) VALUES ('AF','{\"en\":\"Panjāb\"}',67.02,34.39,'P','PPLA2','AF.05','AF.05.2805',13471,'Asia/Kabul',1,'2020-06-08 23:00:00','2020-06-08 23:00:00');
INSERT INTO `__PREFIX__cities` (`country_code`, `name`, `longitude`, `latitude`, `feature_class`, `feature_code`, `subadmin1_code`, `subadmin2_code`, `population`, `time_zone`, `active`, `created_at`, `updated_at`) VALUES ('AF','{\"en\":\"Paghmān\"}',68.95,34.59,'P','PPL','AF.13','AF.13.108',49157,'Asia/Kabul',1,'2020-06-08 23:00:00','2020-06-08 23:00:00');
INSERT INTO `__PREFIX__cities` (`country_code`, `name`, `longitude`, `latitude`, `feature_class`, `feature_code`, `subadmin1_code`, `subadmin2_code`, `population`, `time_zone`, `active`, `created_at`, `updated_at`) VALUES ('AF','{\"en\":\"Uruzgān\"}',66.63,32.93,'P','PPL','AF.39','AF.39.2603',13388,'Asia/Kabul',1,'2020-06-08 23:00:00','2020-06-08 23:00:00');
INSERT INTO `__PREFIX__cities` (`country_code`, `name`, `longitude`, `latitude`, `feature_class`, `feature_code`, `subadmin1_code`, `subadmin2_code`, `population`, `time_zone`, `active`, `created_at`, `updated_at`) VALUES ('AF','{\"en\":\"Nīlī\"}',66.13,33.72,'P','PPLA','AF.41','AF.41.3401',0,'Asia/Kabul',1,'2018-02-16 23:00:00','2018-02-16 23:00:00');
INSERT INTO `__PREFIX__cities` (`country_code`, `name`, `longitude`, `latitude`, `feature_class`, `feature_code`, `subadmin1_code`, `subadmin2_code`, `population`, `time_zone`, `active`, `created_at`, `updated_at`) VALUES ('AF','{\"en\":\"Nahrīn\"}',69.13,36.06,'P','PPLA2','AF.03','AF.03.1309',22363,'Asia/Kabul',1,'2020-06-08 23:00:00','2020-06-08 23:00:00');
INSERT INTO `__PREFIX__cities` (`country_code`, `name`, `longitude`, `latitude`, `feature_class`, `feature_code`, `subadmin1_code`, `subadmin2_code`, `population`, `time_zone`, `active`, `created_at`, `updated_at`) VALUES ('AF','{\"en\":\"Mīr Bachah Kōṯ\"}',69.12,34.75,'P','PPLA2','AF.13','AF.13.103',5405,'Asia/Kabul',1,'2020-06-08 23:00:00','2020-06-08 23:00:00');
INSERT INTO `__PREFIX__cities` (`country_code`, `name`, `longitude`, `latitude`, `feature_class`, `feature_code`, `subadmin1_code`, `subadmin2_code`, `population`, `time_zone`, `active`, `created_at`, `updated_at`) VALUES ('AF','{\"en\":\"Mīrābād\"}',61.84,30.44,'P','PPL','AF.19','AF.19.2203',14160,'Asia/Kabul',1,'2018-02-16 23:00:00','2018-02-16 23:00:00');
INSERT INTO `__PREFIX__cities` (`country_code`, `name`, `longitude`, `latitude`, `feature_class`, `feature_code`, `subadmin1_code`, `subadmin2_code`, `population`, `time_zone`, `active`, `created_at`, `updated_at`) VALUES ('AF','{\"en\":\"Maymana\"}',64.78,35.92,'P','PPLA','AF.07','AF.07.1801',75900,'Asia/Kabul',1,'2018-02-16 23:00:00','2018-02-16 23:00:00');
INSERT INTO `__PREFIX__cities` (`country_code`, `name`, `longitude`, `latitude`, `feature_class`, `feature_code`, `subadmin1_code`, `subadmin2_code`, `population`, `time_zone`, `active`, `created_at`, `updated_at`) VALUES ('AF','{\"en\":\"Mehtar Lām\"}',70.21,34.67,'P','PPLA','AF.35','AF.35.901',17345,'Asia/Kabul',1,'2020-06-08 23:00:00','2020-06-08 23:00:00');
INSERT INTO `__PREFIX__cities` (`country_code`, `name`, `longitude`, `latitude`, `feature_class`, `feature_code`, `subadmin1_code`, `subadmin2_code`, `population`, `time_zone`, `active`, `created_at`, `updated_at`) VALUES ('AF','{\"en\":\"Mazār-e Sharīf\"}',67.11,36.71,'P','PPLA','AF.30','AF.30.1601',303282,'Asia/Kabul',1,'2020-06-08 23:00:00','2020-06-08 23:00:00');
INSERT INTO `__PREFIX__cities` (`country_code`, `name`, `longitude`, `latitude`, `feature_class`, `feature_code`, `subadmin1_code`, `subadmin2_code`, `population`, `time_zone`, `active`, `created_at`, `updated_at`) VALUES ('AF','{\"en\":\"Lashkar Gāh\"}',64.37,31.59,'P','PPLA','AF.10','AF.10.2301',43934,'Asia/Kabul',1,'2020-06-08 23:00:00','2020-06-08 23:00:00');
INSERT INTO `__PREFIX__cities` (`country_code`, `name`, `longitude`, `latitude`, `feature_class`, `feature_code`, `subadmin1_code`, `subadmin2_code`, `population`, `time_zone`, `active`, `created_at`, `updated_at`) VALUES ('AF','{\"en\":\"Larkird\"}',66.66,35.49,'P','PPL','AF.33','AF.33.3104',11635,'Asia/Kabul',1,'2018-02-16 23:00:00','2018-02-16 23:00:00');
INSERT INTO `__PREFIX__cities` (`country_code`, `name`, `longitude`, `latitude`, `feature_class`, `feature_code`, `subadmin1_code`, `subadmin2_code`, `population`, `time_zone`, `active`, `created_at`, `updated_at`) VALUES ('AF','{\"en\":\"Kushk\"}',61.95,33.30,'P','PPL','AF.11','AF.11.2014',16952,'Asia/Kabul',1,'2018-02-16 23:00:00','2018-02-16 23:00:00');
INSERT INTO `__PREFIX__cities` (`country_code`, `name`, `longitude`, `latitude`, `feature_class`, `feature_code`, `subadmin1_code`, `subadmin2_code`, `population`, `time_zone`, `active`, `created_at`, `updated_at`) VALUES ('AF','{\"en\":\"Kunduz\"}',68.86,36.73,'P','PPLA','AF.24','AF.24.1401',161902,'Asia/Kabul',1,'2019-02-25 23:00:00','2019-02-25 23:00:00');
INSERT INTO `__PREFIX__cities` (`country_code`, `name`, `longitude`, `latitude`, `feature_class`, `feature_code`, `subadmin1_code`, `subadmin2_code`, `population`, `time_zone`, `active`, `created_at`, `updated_at`) VALUES ('AF','{\"en\":\"Khōst\"}',69.92,33.34,'P','PPLA','AF.37','AF.37.3201',96123,'Asia/Kabul',1,'2020-06-08 23:00:00','2020-06-08 23:00:00');
INSERT INTO `__PREFIX__cities` (`country_code`, `name`, `longitude`, `latitude`, `feature_class`, `feature_code`, `subadmin1_code`, `subadmin2_code`, `population`, `time_zone`, `active`, `created_at`, `updated_at`) VALUES ('AF','{\"en\":\"Khulm\"}',67.70,36.70,'P','PPLA2','AF.30','AF.30.1614',64933,'Asia/Kabul',1,'2018-02-16 23:00:00','2018-02-16 23:00:00');
INSERT INTO `__PREFIX__cities` (`country_code`, `name`, `longitude`, `latitude`, `feature_class`, `feature_code`, `subadmin1_code`, `subadmin2_code`, `population`, `time_zone`, `active`, `created_at`, `updated_at`) VALUES ('AF','{\"en\":\"Khāsh\"}',62.79,31.53,'P','PPL','AF.19','AF.19.2205',15133,'Asia/Kabul',1,'2018-02-16 23:00:00','2018-02-16 23:00:00');
INSERT INTO `__PREFIX__cities` (`country_code`, `name`, `longitude`, `latitude`, `feature_class`, `feature_code`, `subadmin1_code`, `subadmin2_code`, `population`, `time_zone`, `active`, `created_at`, `updated_at`) VALUES ('AF','{\"en\":\"Khandūd\"}',72.32,36.95,'P','PPLA2','AF.01','AF.01.1106',5521,'Asia/Kabul',1,'2020-06-08 23:00:00','2020-06-08 23:00:00');
INSERT INTO `__PREFIX__cities` (`country_code`, `name`, `longitude`, `latitude`, `feature_class`, `feature_code`, `subadmin1_code`, `subadmin2_code`, `population`, `time_zone`, `active`, `created_at`, `updated_at`) VALUES ('AF','{\"en\":\"Khanabad\"}',69.11,36.68,'P','PPLA2','AF.24','AF.24.1406',71531,'Asia/Kabul',1,'2020-06-08 23:00:00','2020-06-08 23:00:00');
INSERT INTO `__PREFIX__cities` (`country_code`, `name`, `longitude`, `latitude`, `feature_class`, `feature_code`, `subadmin1_code`, `subadmin2_code`, `population`, `time_zone`, `active`, `created_at`, `updated_at`) VALUES ('AF','{\"en\":\"Karukh\"}',62.59,34.48,'P','PPLA2','AF.11','AF.11.2005',17484,'Asia/Kabul',1,'2018-02-16 23:00:00','2018-02-16 23:00:00');
INSERT INTO `__PREFIX__cities` (`country_code`, `name`, `longitude`, `latitude`, `feature_class`, `feature_code`, `subadmin1_code`, `subadmin2_code`, `population`, `time_zone`, `active`, `created_at`, `updated_at`) VALUES ('AF','{\"en\":\"Kandahār\"}',65.71,31.61,'P','PPLA','AF.23','AF.23.2401',391190,'Asia/Kabul',1,'2020-06-08 23:00:00','2020-06-08 23:00:00');
INSERT INTO `__PREFIX__cities` (`country_code`, `name`, `longitude`, `latitude`, `feature_class`, `feature_code`, `subadmin1_code`, `subadmin2_code`, `population`, `time_zone`, `active`, `created_at`, `updated_at`) VALUES ('AF','{\"en\":\"Kabul\"}',69.17,34.53,'P','PPLC','AF.13','AF.13.101',3043532,'Asia/Kabul',1,'2019-09-04 23:00:00','2019-09-04 23:00:00');
INSERT INTO `__PREFIX__cities` (`country_code`, `name`, `longitude`, `latitude`, `feature_class`, `feature_code`, `subadmin1_code`, `subadmin2_code`, `population`, `time_zone`, `active`, `created_at`, `updated_at`) VALUES ('AF','{\"en\":\"Jurm\"}',70.83,36.86,'P','PPLA2','AF.01','AF.01.1103',12106,'Asia/Kabul',1,'2018-02-16 23:00:00','2018-02-16 23:00:00');
INSERT INTO `__PREFIX__cities` (`country_code`, `name`, `longitude`, `latitude`, `feature_class`, `feature_code`, `subadmin1_code`, `subadmin2_code`, `population`, `time_zone`, `active`, `created_at`, `updated_at`) VALUES ('AF','{\"en\":\"Jalālābād\"}',70.45,34.43,'P','PPLA','AF.18','AF.18.801',200331,'Asia/Kabul',1,'2020-06-08 23:00:00','2020-06-08 23:00:00');
INSERT INTO `__PREFIX__cities` (`country_code`, `name`, `longitude`, `latitude`, `feature_class`, `feature_code`, `subadmin1_code`, `subadmin2_code`, `population`, `time_zone`, `active`, `created_at`, `updated_at`) VALUES ('AF','{\"en\":\"Jabal os Saraj\"}',69.24,35.12,'P','PPL','AF.40','AF.40.302',15032,'Asia/Kabul',1,'2018-02-16 23:00:00','2018-02-16 23:00:00');
INSERT INTO `__PREFIX__cities` (`country_code`, `name`, `longitude`, `latitude`, `feature_class`, `feature_code`, `subadmin1_code`, `subadmin2_code`, `population`, `time_zone`, `active`, `created_at`, `updated_at`) VALUES ('AF','{\"en\":\"Herāt\"}',62.20,34.35,'P','PPLA','AF.11','AF.11.2001',272806,'Asia/Kabul',1,'2020-06-08 23:00:00','2020-06-08 23:00:00');
INSERT INTO `__PREFIX__cities` (`country_code`, `name`, `longitude`, `latitude`, `feature_class`, `feature_code`, `subadmin1_code`, `subadmin2_code`, `population`, `time_zone`, `active`, `created_at`, `updated_at`) VALUES ('AF','{\"en\":\"Ghormach\"}',63.78,35.73,'P','PPLA2','AF.02','AF.02.1905',30000,'Asia/Kabul',1,'2018-02-12 23:00:00','2018-02-12 23:00:00');
INSERT INTO `__PREFIX__cities` (`country_code`, `name`, `longitude`, `latitude`, `feature_class`, `feature_code`, `subadmin1_code`, `subadmin2_code`, `population`, `time_zone`, `active`, `created_at`, `updated_at`) VALUES ('AF','{\"en\":\"Ghazni\"}',68.42,33.55,'P','PPLA','AF.08','AF.08.601',141000,'Asia/Kabul',1,'2018-02-16 23:00:00','2018-02-16 23:00:00');
INSERT INTO `__PREFIX__cities` (`country_code`, `name`, `longitude`, `latitude`, `feature_class`, `feature_code`, `subadmin1_code`, `subadmin2_code`, `population`, `time_zone`, `active`, `created_at`, `updated_at`) VALUES ('AF','{\"en\":\"Gereshk\"}',64.57,31.82,'P','PPLA2','AF.10','AF.10.2302',43588,'Asia/Kabul',1,'2018-02-16 23:00:00','2018-02-16 23:00:00');
INSERT INTO `__PREFIX__cities` (`country_code`, `name`, `longitude`, `latitude`, `feature_class`, `feature_code`, `subadmin1_code`, `subadmin2_code`, `population`, `time_zone`, `active`, `created_at`, `updated_at`) VALUES ('AF','{\"en\":\"Gardez\"}',69.23,33.60,'P','PPLA','AF.36','AF.36.701',103601,'Asia/Kabul',1,'2018-02-12 23:00:00','2018-02-12 23:00:00');
INSERT INTO `__PREFIX__cities` (`country_code`, `name`, `longitude`, `latitude`, `feature_class`, `feature_code`, `subadmin1_code`, `subadmin2_code`, `population`, `time_zone`, `active`, `created_at`, `updated_at`) VALUES ('AF','{\"en\":\"Fayzabad\"}',70.58,37.12,'P','PPLA','AF.01','AF.01.1101',44421,'Asia/Kabul',1,'2018-02-16 23:00:00','2018-02-16 23:00:00');
INSERT INTO `__PREFIX__cities` (`country_code`, `name`, `longitude`, `latitude`, `feature_class`, `feature_code`, `subadmin1_code`, `subadmin2_code`, `population`, `time_zone`, `active`, `created_at`, `updated_at`) VALUES ('AF','{\"en\":\"Farkhār\"}',69.86,36.57,'P','PPLA2','AF.26','AF.26.1206',10480,'Asia/Kabul',1,'2018-02-16 23:00:00','2018-02-16 23:00:00');
INSERT INTO `__PREFIX__cities` (`country_code`, `name`, `longitude`, `latitude`, `feature_class`, `feature_code`, `subadmin1_code`, `subadmin2_code`, `population`, `time_zone`, `active`, `created_at`, `updated_at`) VALUES ('AF','{\"en\":\"Farah\"}',62.12,32.37,'P','PPLA','AF.06','AF.06.2101',43561,'Asia/Kabul',1,'2018-02-16 23:00:00','2018-02-16 23:00:00');
INSERT INTO `__PREFIX__cities` (`country_code`, `name`, `longitude`, `latitude`, `feature_class`, `feature_code`, `subadmin1_code`, `subadmin2_code`, `population`, `time_zone`, `active`, `created_at`, `updated_at`) VALUES ('AF','{\"en\":\"Kafir Qala\"}',61.07,34.67,'P','PPL','AF.11','AF.11.2008',18086,'Asia/Kabul',1,'2018-02-16 23:00:00','2018-02-16 23:00:00');
INSERT INTO `__PREFIX__cities` (`country_code`, `name`, `longitude`, `latitude`, `feature_class`, `feature_code`, `subadmin1_code`, `subadmin2_code`, `population`, `time_zone`, `active`, `created_at`, `updated_at`) VALUES ('AF','{\"en\":\"Imām Şāḩib\"}',68.94,37.19,'P','PPLA2','AF.24','AF.24.1402',9659,'Asia/Kabul',1,'2020-06-08 23:00:00','2020-06-08 23:00:00');
INSERT INTO `__PREFIX__cities` (`country_code`, `name`, `longitude`, `latitude`, `feature_class`, `feature_code`, `subadmin1_code`, `subadmin2_code`, `population`, `time_zone`, `active`, `created_at`, `updated_at`) VALUES ('AF','{\"en\":\"Dasht-e Archī\"}',69.17,37.13,'P','PPL','AF.24','AF.24.1402',8263,'Asia/Kabul',1,'2018-12-03 23:00:00','2018-12-03 23:00:00');
INSERT INTO `__PREFIX__cities` (`country_code`, `name`, `longitude`, `latitude`, `feature_class`, `feature_code`, `subadmin1_code`, `subadmin2_code`, `population`, `time_zone`, `active`, `created_at`, `updated_at`) VALUES ('AF','{\"en\":\"Darzāb\"}',65.38,35.98,'P','PPLA2','AF.31','AF.31.1703',9642,'Asia/Kabul',1,'2018-02-16 23:00:00','2018-02-16 23:00:00');
INSERT INTO `__PREFIX__cities` (`country_code`, `name`, `longitude`, `latitude`, `feature_class`, `feature_code`, `subadmin1_code`, `subadmin2_code`, `population`, `time_zone`, `active`, `created_at`, `updated_at`) VALUES ('AF','{\"en\":\"Markaz-e Ḩukūmat-e Darwēshān\"}',64.19,31.13,'P','PPL','AF.10','AF.10.2311',9012,'Asia/Kabul',1,'2018-02-16 23:00:00','2018-02-16 23:00:00');
INSERT INTO `__PREFIX__cities` (`country_code`, `name`, `longitude`, `latitude`, `feature_class`, `feature_code`, `subadmin1_code`, `subadmin2_code`, `population`, `time_zone`, `active`, `created_at`, `updated_at`) VALUES ('AF','{\"en\":\"Chīras\"}',65.98,35.42,'P','PPL','AF.33','AF.33.3103',12779,'Asia/Kabul',1,'2018-02-16 23:00:00','2018-02-16 23:00:00');
INSERT INTO `__PREFIX__cities` (`country_code`, `name`, `longitude`, `latitude`, `feature_class`, `feature_code`, `subadmin1_code`, `subadmin2_code`, `population`, `time_zone`, `active`, `created_at`, `updated_at`) VALUES ('AF','{\"en\":\"Charikar\"}',69.17,35.01,'P','PPLA','AF.40','AF.40.301',53676,'Asia/Kabul',1,'2019-02-27 23:00:00','2019-02-27 23:00:00');
INSERT INTO `__PREFIX__cities` (`country_code`, `name`, `longitude`, `latitude`, `feature_class`, `feature_code`, `subadmin1_code`, `subadmin2_code`, `population`, `time_zone`, `active`, `created_at`, `updated_at`) VALUES ('AF','{\"en\":\"Chahār Burj\"}',62.19,34.24,'P','PPL','AF.11','AF.11.2003',11935,'Asia/Kabul',1,'2020-06-08 23:00:00','2020-06-08 23:00:00');
INSERT INTO `__PREFIX__cities` (`country_code`, `name`, `longitude`, `latitude`, `feature_class`, `feature_code`, `subadmin1_code`, `subadmin2_code`, `population`, `time_zone`, `active`, `created_at`, `updated_at`) VALUES ('AF','{\"en\":\"Fayrōz Kōh\"}',65.25,34.52,'P','PPLA','AF.09','AF.09.2701',15000,'Asia/Kabul',1,'2020-06-08 23:00:00','2020-06-08 23:00:00');
INSERT INTO `__PREFIX__cities` (`country_code`, `name`, `longitude`, `latitude`, `feature_class`, `feature_code`, `subadmin1_code`, `subadmin2_code`, `population`, `time_zone`, `active`, `created_at`, `updated_at`) VALUES ('AF','{\"en\":\"Bāsawul\"}',70.87,34.25,'P','PPLA2','AF.18','AF.18.814',6835,'Asia/Kabul',1,'2020-06-08 23:00:00','2020-06-08 23:00:00');
INSERT INTO `__PREFIX__cities` (`country_code`, `name`, `longitude`, `latitude`, `feature_class`, `feature_code`, `subadmin1_code`, `subadmin2_code`, `population`, `time_zone`, `active`, `created_at`, `updated_at`) VALUES ('AF','{\"en\":\"Baraki Barak\"}',68.95,33.97,'P','PPLA2','AF.17','AF.17.503',22305,'Asia/Kabul',1,'2018-02-16 23:00:00','2018-02-16 23:00:00');
INSERT INTO `__PREFIX__cities` (`country_code`, `name`, `longitude`, `latitude`, `feature_class`, `feature_code`, `subadmin1_code`, `subadmin2_code`, `population`, `time_zone`, `active`, `created_at`, `updated_at`) VALUES ('AF','{\"en\":\"Bāmyān\"}',67.83,34.82,'P','PPLA','AF.05','AF.05.2801',61863,'Asia/Kabul',1,'2020-06-08 23:00:00','2020-06-08 23:00:00');
INSERT INTO `__PREFIX__cities` (`country_code`, `name`, `longitude`, `latitude`, `feature_class`, `feature_code`, `subadmin1_code`, `subadmin2_code`, `population`, `time_zone`, `active`, `created_at`, `updated_at`) VALUES ('AF','{\"en\":\"Balkh\"}',66.90,36.76,'P','PPLA2','AF.30','AF.30.1606',114883,'Asia/Kabul',1,'2018-02-16 23:00:00','2018-02-16 23:00:00');
INSERT INTO `__PREFIX__cities` (`country_code`, `name`, `longitude`, `latitude`, `feature_class`, `feature_code`, `subadmin1_code`, `subadmin2_code`, `population`, `time_zone`, `active`, `created_at`, `updated_at`) VALUES ('AF','{\"en\":\"Baghlān\"}',68.71,36.13,'P','PPLA2','AF.03','AF.03.1311',108449,'Asia/Kabul',1,'2020-06-08 23:00:00','2020-06-08 23:00:00');
INSERT INTO `__PREFIX__cities` (`country_code`, `name`, `longitude`, `latitude`, `feature_class`, `feature_code`, `subadmin1_code`, `subadmin2_code`, `population`, `time_zone`, `active`, `created_at`, `updated_at`) VALUES ('AF','{\"en\":\"Ḩukūmatī Azrah\"}',69.65,34.17,'P','PPLA2','AF.17','AF.17.506',12526,'Asia/Kabul',1,'2020-06-08 23:00:00','2020-06-08 23:00:00');
INSERT INTO `__PREFIX__cities` (`country_code`, `name`, `longitude`, `latitude`, `feature_class`, `feature_code`, `subadmin1_code`, `subadmin2_code`, `population`, `time_zone`, `active`, `created_at`, `updated_at`) VALUES ('AF','{\"en\":\"Ārt Khwājah\"}',69.48,37.09,'P','PPL','AF.26','AF.26.1214',18623,'Asia/Kabul',1,'2018-02-16 23:00:00','2018-02-16 23:00:00');
INSERT INTO `__PREFIX__cities` (`country_code`, `name`, `longitude`, `latitude`, `feature_class`, `feature_code`, `subadmin1_code`, `subadmin2_code`, `population`, `time_zone`, `active`, `created_at`, `updated_at`) VALUES ('AF','{\"en\":\"Āsmār\"}',71.36,35.03,'P','PPLA2','AF.34','AF.34.1003',15708,'Asia/Kabul',1,'2020-06-08 23:00:00','2020-06-08 23:00:00');
INSERT INTO `__PREFIX__cities` (`country_code`, `name`, `longitude`, `latitude`, `feature_class`, `feature_code`, `subadmin1_code`, `subadmin2_code`, `population`, `time_zone`, `active`, `created_at`, `updated_at`) VALUES ('AF','{\"en\":\"Ashkāsham\"}',71.53,36.68,'P','PPL','AF.01','AF.01.1107',12120,'Asia/Kabul',1,'2018-02-16 23:00:00','2018-02-16 23:00:00');
INSERT INTO `__PREFIX__cities` (`country_code`, `name`, `longitude`, `latitude`, `feature_class`, `feature_code`, `subadmin1_code`, `subadmin2_code`, `population`, `time_zone`, `active`, `created_at`, `updated_at`) VALUES ('AF','{\"en\":\"Asadābād\"}',71.15,34.87,'P','PPLA','AF.34','AF.34.1001',48400,'Asia/Kabul',1,'2020-06-08 23:00:00','2020-06-08 23:00:00');
INSERT INTO `__PREFIX__cities` (`country_code`, `name`, `longitude`, `latitude`, `feature_class`, `feature_code`, `subadmin1_code`, `subadmin2_code`, `population`, `time_zone`, `active`, `created_at`, `updated_at`) VALUES ('AF','{\"en\":\"Andkhōy\"}',65.12,36.95,'P','PPLA2','AF.07','AF.07.1812',29208,'Asia/Kabul',1,'2020-06-08 23:00:00','2020-06-08 23:00:00');
INSERT INTO `__PREFIX__cities` (`country_code`, `name`, `longitude`, `latitude`, `feature_class`, `feature_code`, `subadmin1_code`, `subadmin2_code`, `population`, `time_zone`, `active`, `created_at`, `updated_at`) VALUES ('AF','{\"en\":\"Anār Darah\"}',61.65,32.76,'P','PPLA2','AF.06','AF.06.2107',10023,'Asia/Kabul',1,'2020-06-08 23:00:00','2020-06-08 23:00:00');
INSERT INTO `__PREFIX__cities` (`country_code`, `name`, `longitude`, `latitude`, `feature_class`, `feature_code`, `subadmin1_code`, `subadmin2_code`, `population`, `time_zone`, `active`, `created_at`, `updated_at`) VALUES ('AF','{\"en\":\"‘Alāqahdārī Dīshū\"}',63.30,30.43,'P','PPLA2','AF.10','AF.10.2310',9196,'Asia/Kabul',1,'2018-02-16 23:00:00','2018-02-16 23:00:00');
INSERT INTO `__PREFIX__cities` (`country_code`, `name`, `longitude`, `latitude`, `feature_class`, `feature_code`, `subadmin1_code`, `subadmin2_code`, `population`, `time_zone`, `active`, `created_at`, `updated_at`) VALUES ('AF','{\"en\":\"Bāzārak\"}',69.52,35.31,'P','PPLA','AF.42','AF.42.3301',65000,'Asia/Kabul',1,'2020-06-10 23:00:00','2020-06-10 23:00:00');
INSERT INTO `__PREFIX__cities` (`country_code`, `name`, `longitude`, `latitude`, `feature_class`, `feature_code`, `subadmin1_code`, `subadmin2_code`, `population`, `time_zone`, `active`, `created_at`, `updated_at`) VALUES ('AF','{\"en\":\"Maydanshakhr\"}',68.87,34.40,'P','PPLA','AF.27','AF.27.401',1600,'Asia/Kabul',1,'2018-02-16 23:00:00','2018-02-16 23:00:00');
INSERT INTO `__PREFIX__cities` (`country_code`, `name`, `longitude`, `latitude`, `feature_class`, `feature_code`, `subadmin1_code`, `subadmin2_code`, `population`, `time_zone`, `active`, `created_at`, `updated_at`) VALUES ('AF','{\"en\":\"Markaz-e Woluswalī-ye Āchīn\"}',70.71,34.13,'P','PPL','AF.18','AF.18.810',15098,'Asia/Kabul',1,'2018-02-16 23:00:00','2018-02-16 23:00:00');
INSERT INTO `__PREFIX__cities` (`country_code`, `name`, `longitude`, `latitude`, `feature_class`, `feature_code`, `subadmin1_code`, `subadmin2_code`, `population`, `time_zone`, `active`, `created_at`, `updated_at`) VALUES ('AF','{\"en\":\"Sharan\"}',68.73,33.18,'P','PPLA','AF.29','AF.29.2901',2200,'Asia/Kabul',1,'2018-02-12 23:00:00','2018-02-12 23:00:00');
/*!40000 ALTER TABLE `__PREFIX__cities` ENABLE KEYS */;
/*!40103 SET TIME_ZONE=@OLD_TIME_ZONE */;

/*!40101 SET SQL_MODE=@OLD_SQL_MODE */;
/*!40014 SET FOREIGN_KEY_CHECKS=@OLD_FOREIGN_KEY_CHECKS */;
/*!40014 SET UNIQUE_CHECKS=@OLD_UNIQUE_CHECKS */;
/*!40101 SET CHARACTER_SET_CLIENT=@OLD_CHARACTER_SET_CLIENT */;
/*!40101 SET CHARACTER_SET_RESULTS=@OLD_CHARACTER_SET_RESULTS */;
/*!40101 SET COLLATION_CONNECTION=@OLD_COLLATION_CONNECTION */;
/*!40111 SET SQL_NOTES=@OLD_SQL_NOTES */;

-- Dump completed
