-- MySQL dump 10.13  Distrib 5.7.34, for osx10.12 (x86_64)
--
-- Host: 127.0.0.1    Database: laraclassifier
-- ------------------------------------------------------
-- Server version	5.7.34

/*!40101 SET @OLD_CHARACTER_SET_CLIENT=@@CHARACTER_SET_CLIENT */;
/*!40101 SET @OLD_CHARACTER_SET_RESULTS=@@CHARACTER_SET_RESULTS */;
/*!40101 SET @OLD_COLLATION_CONNECTION=@@COLLATION_CONNECTION */;
/*!40101 SET NAMES utf8 */;
/*!40103 SET @OLD_TIME_ZONE=@@TIME_ZONE */;
/*!40103 SET TIME_ZONE='+00:00' */;
/*!40014 SET @OLD_UNIQUE_CHECKS=@@UNIQUE_CHECKS, UNIQUE_CHECKS=0 */;
/*!40014 SET @OLD_FOREIGN_KEY_CHECKS=@@FOREIGN_KEY_CHECKS, FOREIGN_KEY_CHECKS=0 */;
/*!40101 SET @OLD_SQL_MODE=@@SQL_MODE, SQL_MODE='NO_AUTO_VALUE_ON_ZERO' */;
/*!40111 SET @OLD_SQL_NOTES=@@SQL_NOTES, SQL_NOTES=0 */;

--
-- Dumping data for table `__PREFIX__subadmin1`
--

/*!40000 ALTER TABLE `__PREFIX__subadmin1` DISABLE KEYS */;
INSERT INTO `__PREFIX__subadmin1` (`code`, `country_code`, `name`, `active`) VALUES ('AT.09','AT','{\"en\":\"Vienna\"}',1);
INSERT INTO `__PREFIX__subadmin1` (`code`, `country_code`, `name`, `active`) VALUES ('AT.08','AT','{\"en\":\"Vorarlberg\"}',1);
INSERT INTO `__PREFIX__subadmin1` (`code`, `country_code`, `name`, `active`) VALUES ('AT.07','AT','{\"en\":\"Tyrol\"}',1);
INSERT INTO `__PREFIX__subadmin1` (`code`, `country_code`, `name`, `active`) VALUES ('AT.06','AT','{\"en\":\"Styria\"}',1);
INSERT INTO `__PREFIX__subadmin1` (`code`, `country_code`, `name`, `active`) VALUES ('AT.05','AT','{\"en\":\"Salzburg\"}',1);
INSERT INTO `__PREFIX__subadmin1` (`code`, `country_code`, `name`, `active`) VALUES ('AT.04','AT','{\"en\":\"Upper Austria\"}',1);
INSERT INTO `__PREFIX__subadmin1` (`code`, `country_code`, `name`, `active`) VALUES ('AT.03','AT','{\"en\":\"Lower Austria\"}',1);
INSERT INTO `__PREFIX__subadmin1` (`code`, `country_code`, `name`, `active`) VALUES ('AT.02','AT','{\"en\":\"Carinthia\"}',1);
INSERT INTO `__PREFIX__subadmin1` (`code`, `country_code`, `name`, `active`) VALUES ('AT.01','AT','{\"en\":\"Burgenland\"}',1);
/*!40000 ALTER TABLE `__PREFIX__subadmin1` ENABLE KEYS */;

--
-- Dumping data for table `__PREFIX__subadmin2`
--

/*!40000 ALTER TABLE `__PREFIX__subadmin2` DISABLE KEYS */;
INSERT INTO `__PREFIX__subadmin2` (`code`, `country_code`, `subadmin1_code`, `name`, `active`) VALUES ('AT.03.325','AT','AT.03','{\"en\":\"Politischer Bezirk Zwettl\"}',1);
INSERT INTO `__PREFIX__subadmin2` (`code`, `country_code`, `subadmin1_code`, `name`, `active`) VALUES ('AT.05.506','AT','AT.05','{\"en\":\"Politischer Bezirk Zell am See\"}',1);
INSERT INTO `__PREFIX__subadmin2` (`code`, `country_code`, `subadmin1_code`, `name`, `active`) VALUES ('AT.02.209','AT','AT.02','{\"en\":\"Politischer Bezirk Wolfsberg\"}',1);
INSERT INTO `__PREFIX__subadmin2` (`code`, `country_code`, `subadmin1_code`, `name`, `active`) VALUES ('AT.09.900','AT','AT.09','{\"en\":\"Wien Stadt\"}',1);
INSERT INTO `__PREFIX__subadmin2` (`code`, `country_code`, `subadmin1_code`, `name`, `active`) VALUES ('AT.03.304','AT','AT.03','{\"en\":\"Wiener Neustadt Stadt\"}',1);
INSERT INTO `__PREFIX__subadmin2` (`code`, `country_code`, `subadmin1_code`, `name`, `active`) VALUES ('AT.03.323','AT','AT.03','{\"en\":\"Politischer Bezirk Wiener Neustadt\"}',1);
INSERT INTO `__PREFIX__subadmin2` (`code`, `country_code`, `subadmin1_code`, `name`, `active`) VALUES ('AT.04.418','AT','AT.04','{\"en\":\"Wels-Land\"}',1);
INSERT INTO `__PREFIX__subadmin2` (`code`, `country_code`, `subadmin1_code`, `name`, `active`) VALUES ('AT.06.617','AT','AT.06','{\"en\":\"Politischer Bezirk Weiz\"}',1);
INSERT INTO `__PREFIX__subadmin2` (`code`, `country_code`, `subadmin1_code`, `name`, `active`) VALUES ('AT.03.322','AT','AT.03','{\"en\":\"Politischer Bezirk Waidhofen an der Thaya\"}',1);
INSERT INTO `__PREFIX__subadmin2` (`code`, `country_code`, `subadmin1_code`, `name`, `active`) VALUES ('AT.02.208','AT','AT.02','{\"en\":\"Politischer Bezirk Völkermarkt\"}',1);
INSERT INTO `__PREFIX__subadmin2` (`code`, `country_code`, `subadmin1_code`, `name`, `active`) VALUES ('AT.06.616','AT','AT.06','{\"en\":\"Politischer Bezirk Voitsberg\"}',1);
INSERT INTO `__PREFIX__subadmin2` (`code`, `country_code`, `subadmin1_code`, `name`, `active`) VALUES ('AT.04.417','AT','AT.04','{\"en\":\"Politischer Bezirk Vöcklabruck\"}',1);
INSERT INTO `__PREFIX__subadmin2` (`code`, `country_code`, `subadmin1_code`, `name`, `active`) VALUES ('AT.02.202','AT','AT.02','{\"en\":\"Villach Stadt\"}',1);
INSERT INTO `__PREFIX__subadmin2` (`code`, `country_code`, `subadmin1_code`, `name`, `active`) VALUES ('AT.02.207','AT','AT.02','{\"en\":\"Politischer Bezirk Villach Land\"}',1);
INSERT INTO `__PREFIX__subadmin2` (`code`, `country_code`, `subadmin1_code`, `name`, `active`) VALUES ('AT.04.416','AT','AT.04','{\"en\":\"Politischer Bezirk Urfahr-Umgebung\"}',1);
INSERT INTO `__PREFIX__subadmin2` (`code`, `country_code`, `subadmin1_code`, `name`, `active`) VALUES ('AT.03.321','AT','AT.03','{\"en\":\"Politischer Bezirk Tulln\"}',1);
INSERT INTO `__PREFIX__subadmin2` (`code`, `country_code`, `subadmin1_code`, `name`, `active`) VALUES ('AT.05.505','AT','AT.05','{\"en\":\"Politischer Bezirk Tamsweg\"}',1);
INSERT INTO `__PREFIX__subadmin2` (`code`, `country_code`, `subadmin1_code`, `name`, `active`) VALUES ('AT.04.402','AT','AT.04','{\"en\":\"Steyr Stadt\"}',1);
INSERT INTO `__PREFIX__subadmin2` (`code`, `country_code`, `subadmin1_code`, `name`, `active`) VALUES ('AT.04.415','AT','AT.04','{\"en\":\"Politischer Bezirk Steyr-Land\"}',1);
INSERT INTO `__PREFIX__subadmin2` (`code`, `country_code`, `subadmin1_code`, `name`, `active`) VALUES ('AT.02.206','AT','AT.02','{\"en\":\"Politischer Bezirk Spittal an der Drau\"}',1);
INSERT INTO `__PREFIX__subadmin2` (`code`, `country_code`, `subadmin1_code`, `name`, `active`) VALUES ('AT.07.709','AT','AT.07','{\"en\":\"Politischer Bezirk Schwaz\"}',1);
INSERT INTO `__PREFIX__subadmin2` (`code`, `country_code`, `subadmin1_code`, `name`, `active`) VALUES ('AT.03.320','AT','AT.03','{\"en\":\"Politischer Bezirk Scheibbs\"}',1);
INSERT INTO `__PREFIX__subadmin2` (`code`, `country_code`, `subadmin1_code`, `name`, `active`) VALUES ('AT.04.414','AT','AT.04','{\"en\":\"Politischer Bezirk Schärding\"}',1);
INSERT INTO `__PREFIX__subadmin2` (`code`, `country_code`, `subadmin1_code`, `name`, `active`) VALUES ('AT.02.205','AT','AT.02','{\"en\":\"Politischer Bezirk Sankt Veit an der Glan\"}',1);
INSERT INTO `__PREFIX__subadmin2` (`code`, `country_code`, `subadmin1_code`, `name`, `active`) VALUES ('AT.03.302','AT','AT.03','{\"en\":\"Sankt Pölten Stadt\"}',1);
INSERT INTO `__PREFIX__subadmin2` (`code`, `country_code`, `subadmin1_code`, `name`, `active`) VALUES ('AT.03.319','AT','AT.03','{\"en\":\"Politischer Bezirk Sankt Pölten\"}',1);
INSERT INTO `__PREFIX__subadmin2` (`code`, `country_code`, `subadmin1_code`, `name`, `active`) VALUES ('AT.05.504','AT','AT.05','{\"en\":\"Politischer Bezirk Sankt Johann im Pongau\"}',1);
INSERT INTO `__PREFIX__subadmin2` (`code`, `country_code`, `subadmin1_code`, `name`, `active`) VALUES ('AT.05.503','AT','AT.05','{\"en\":\"Politischer Bezirk Salzburg-Umgebung\"}',1);
INSERT INTO `__PREFIX__subadmin2` (`code`, `country_code`, `subadmin1_code`, `name`, `active`) VALUES ('AT.05.501','AT','AT.05','{\"en\":\"Salzburg Stadt\"}',1);
INSERT INTO `__PREFIX__subadmin2` (`code`, `country_code`, `subadmin1_code`, `name`, `active`) VALUES ('AT.01.102','AT','AT.01','{\"en\":\"Rust\"}',1);
INSERT INTO `__PREFIX__subadmin2` (`code`, `country_code`, `subadmin1_code`, `name`, `active`) VALUES ('AT.04.413','AT','AT.04','{\"en\":\"Politischer Bezirk Rohrbach\"}',1);
INSERT INTO `__PREFIX__subadmin2` (`code`, `country_code`, `subadmin1_code`, `name`, `active`) VALUES ('AT.04.412','AT','AT.04','{\"en\":\"Politischer Bezirk Ried im Innkreis\"}',1);
INSERT INTO `__PREFIX__subadmin2` (`code`, `country_code`, `subadmin1_code`, `name`, `active`) VALUES ('AT.07.708','AT','AT.07','{\"en\":\"Politischer Bezirk Reutte\"}',1);
INSERT INTO `__PREFIX__subadmin2` (`code`, `country_code`, `subadmin1_code`, `name`, `active`) VALUES ('AT.04.411','AT','AT.04','{\"en\":\"Politischer Bezirk Perg\"}',1);
INSERT INTO `__PREFIX__subadmin2` (`code`, `country_code`, `subadmin1_code`, `name`, `active`) VALUES ('AT.01.109','AT','AT.01','{\"en\":\"Politischer Bezirk Oberwart\"}',1);
INSERT INTO `__PREFIX__subadmin2` (`code`, `country_code`, `subadmin1_code`, `name`, `active`) VALUES ('AT.01.108','AT','AT.01','{\"en\":\"Politischer Bezirk Oberpullendorf\"}',1);
INSERT INTO `__PREFIX__subadmin2` (`code`, `country_code`, `subadmin1_code`, `name`, `active`) VALUES ('AT.01.107','AT','AT.01','{\"en\":\"Politischer Bezirk Neusiedl am See\"}',1);
INSERT INTO `__PREFIX__subadmin2` (`code`, `country_code`, `subadmin1_code`, `name`, `active`) VALUES ('AT.03.318','AT','AT.03','{\"en\":\"Politischer Bezirk Neunkirchen\"}',1);
INSERT INTO `__PREFIX__subadmin2` (`code`, `country_code`, `subadmin1_code`, `name`, `active`) VALUES ('AT.06.614','AT','AT.06','{\"en\":\"Politischer Bezirk Murau\"}',1);
INSERT INTO `__PREFIX__subadmin2` (`code`, `country_code`, `subadmin1_code`, `name`, `active`) VALUES ('AT.03.317','AT','AT.03','{\"en\":\"Politischer Bezirk Mödling\"}',1);
INSERT INTO `__PREFIX__subadmin2` (`code`, `country_code`, `subadmin1_code`, `name`, `active`) VALUES ('AT.03.316','AT','AT.03','{\"en\":\"Politischer Bezirk Mistelbach\"}',1);
INSERT INTO `__PREFIX__subadmin2` (`code`, `country_code`, `subadmin1_code`, `name`, `active`) VALUES ('AT.03.315','AT','AT.03','{\"en\":\"Politischer Bezirk Melk\"}',1);
INSERT INTO `__PREFIX__subadmin2` (`code`, `country_code`, `subadmin1_code`, `name`, `active`) VALUES ('AT.01.106','AT','AT.01','{\"en\":\"Politischer Bezirk Mattersburg\"}',1);
INSERT INTO `__PREFIX__subadmin2` (`code`, `country_code`, `subadmin1_code`, `name`, `active`) VALUES ('AT.04.401','AT','AT.04','{\"en\":\"Linz Stadt\"}',1);
INSERT INTO `__PREFIX__subadmin2` (`code`, `country_code`, `subadmin1_code`, `name`, `active`) VALUES ('AT.04.410','AT','AT.04','{\"en\":\"Politischer Bezirk Linz-Land\"}',1);
INSERT INTO `__PREFIX__subadmin2` (`code`, `country_code`, `subadmin1_code`, `name`, `active`) VALUES ('AT.03.314','AT','AT.03','{\"en\":\"Politischer Bezirk Lilienfeld\"}',1);
INSERT INTO `__PREFIX__subadmin2` (`code`, `country_code`, `subadmin1_code`, `name`, `active`) VALUES ('AT.06.612','AT','AT.06','{\"en\":\"Politischer Bezirk Liezen\"}',1);
INSERT INTO `__PREFIX__subadmin2` (`code`, `country_code`, `subadmin1_code`, `name`, `active`) VALUES ('AT.07.707','AT','AT.07','{\"en\":\"Politischer Bezirk Lienz\"}',1);
INSERT INTO `__PREFIX__subadmin2` (`code`, `country_code`, `subadmin1_code`, `name`, `active`) VALUES ('AT.06.611','AT','AT.06','{\"en\":\"Politischer Bezirk Leoben\"}',1);
INSERT INTO `__PREFIX__subadmin2` (`code`, `country_code`, `subadmin1_code`, `name`, `active`) VALUES ('AT.06.610','AT','AT.06','{\"en\":\"Politischer Bezirk Leibnitz\"}',1);
INSERT INTO `__PREFIX__subadmin2` (`code`, `country_code`, `subadmin1_code`, `name`, `active`) VALUES ('AT.07.706','AT','AT.07','{\"en\":\"Politischer Bezirk Landeck\"}',1);
INSERT INTO `__PREFIX__subadmin2` (`code`, `country_code`, `subadmin1_code`, `name`, `active`) VALUES ('AT.07.705','AT','AT.07','{\"en\":\"Politischer Bezirk Kufstein\"}',1);
INSERT INTO `__PREFIX__subadmin2` (`code`, `country_code`, `subadmin1_code`, `name`, `active`) VALUES ('AT.03.301','AT','AT.03','{\"en\":\"Krems an der Donau\"}',1);
INSERT INTO `__PREFIX__subadmin2` (`code`, `country_code`, `subadmin1_code`, `name`, `active`) VALUES ('AT.03.313','AT','AT.03','{\"en\":\"Politischer Bezirk Krems\"}',1);
INSERT INTO `__PREFIX__subadmin2` (`code`, `country_code`, `subadmin1_code`, `name`, `active`) VALUES ('AT.03.312','AT','AT.03','{\"en\":\"Politischer Bezirk Korneuburg\"}',1);
INSERT INTO `__PREFIX__subadmin2` (`code`, `country_code`, `subadmin1_code`, `name`, `active`) VALUES ('AT.02.201','AT','AT.02','{\"en\":\"Klagenfurt am Wörthersee\"}',1);
INSERT INTO `__PREFIX__subadmin2` (`code`, `country_code`, `subadmin1_code`, `name`, `active`) VALUES ('AT.02.204','AT','AT.02','{\"en\":\"Politischer Bezirk Klagenfurt Land\"}',1);
INSERT INTO `__PREFIX__subadmin2` (`code`, `country_code`, `subadmin1_code`, `name`, `active`) VALUES ('AT.07.704','AT','AT.07','{\"en\":\"Politischer Bezirk Kitzbühel\"}',1);
INSERT INTO `__PREFIX__subadmin2` (`code`, `country_code`, `subadmin1_code`, `name`, `active`) VALUES ('AT.04.409','AT','AT.04','{\"en\":\"Politischer Bezirk Kirchdorf an der Krems\"}',1);
INSERT INTO `__PREFIX__subadmin2` (`code`, `country_code`, `subadmin1_code`, `name`, `active`) VALUES ('AT.01.105','AT','AT.01','{\"en\":\"Politischer Bezirk Jennersdorf\"}',1);
INSERT INTO `__PREFIX__subadmin2` (`code`, `country_code`, `subadmin1_code`, `name`, `active`) VALUES ('AT.07.701','AT','AT.07','{\"en\":\"Innsbruck Stadt\"}',1);
INSERT INTO `__PREFIX__subadmin2` (`code`, `country_code`, `subadmin1_code`, `name`, `active`) VALUES ('AT.07.703','AT','AT.07','{\"en\":\"Politischer Bezirk Innsbruck Land\"}',1);
INSERT INTO `__PREFIX__subadmin2` (`code`, `country_code`, `subadmin1_code`, `name`, `active`) VALUES ('AT.07.702','AT','AT.07','{\"en\":\"Politischer Bezirk Imst\"}',1);
INSERT INTO `__PREFIX__subadmin2` (`code`, `country_code`, `subadmin1_code`, `name`, `active`) VALUES ('AT.03.311','AT','AT.03','{\"en\":\"Politischer Bezirk Horn\"}',1);
INSERT INTO `__PREFIX__subadmin2` (`code`, `country_code`, `subadmin1_code`, `name`, `active`) VALUES ('AT.03.310','AT','AT.03','{\"en\":\"Politischer Bezirk Hollabrunn\"}',1);
INSERT INTO `__PREFIX__subadmin2` (`code`, `country_code`, `subadmin1_code`, `name`, `active`) VALUES ('AT.02.203','AT','AT.02','{\"en\":\"Politischer Bezirk Hermagor\"}',1);
INSERT INTO `__PREFIX__subadmin2` (`code`, `country_code`, `subadmin1_code`, `name`, `active`) VALUES ('AT.05.502','AT','AT.05','{\"en\":\"Politischer Bezirk Hallein\"}',1);
INSERT INTO `__PREFIX__subadmin2` (`code`, `country_code`, `subadmin1_code`, `name`, `active`) VALUES ('AT.01.104','AT','AT.01','{\"en\":\"Politischer Bezirk Güssing\"}',1);
INSERT INTO `__PREFIX__subadmin2` (`code`, `country_code`, `subadmin1_code`, `name`, `active`) VALUES ('AT.04.408','AT','AT.04','{\"en\":\"Politischer Bezirk Grieskirchen\"}',1);
INSERT INTO `__PREFIX__subadmin2` (`code`, `country_code`, `subadmin1_code`, `name`, `active`) VALUES ('AT.06.606','AT','AT.06','{\"en\":\"Politischer Bezirk Graz-Umgebung\"}',1);
INSERT INTO `__PREFIX__subadmin2` (`code`, `country_code`, `subadmin1_code`, `name`, `active`) VALUES ('AT.06.601','AT','AT.06','{\"en\":\"Graz Stadt\"}',1);
INSERT INTO `__PREFIX__subadmin2` (`code`, `country_code`, `subadmin1_code`, `name`, `active`) VALUES ('AT.04.407','AT','AT.04','{\"en\":\"Politischer Bezirk Gmunden\"}',1);
INSERT INTO `__PREFIX__subadmin2` (`code`, `country_code`, `subadmin1_code`, `name`, `active`) VALUES ('AT.03.309','AT','AT.03','{\"en\":\"Politischer Bezirk Gmünd\"}',1);
INSERT INTO `__PREFIX__subadmin2` (`code`, `country_code`, `subadmin1_code`, `name`, `active`) VALUES ('AT.03.308','AT','AT.03','{\"en\":\"Politischer Bezirk Gänserndorf\"}',1);
INSERT INTO `__PREFIX__subadmin2` (`code`, `country_code`, `subadmin1_code`, `name`, `active`) VALUES ('AT.04.406','AT','AT.04','{\"en\":\"Politischer Bezirk Freistadt\"}',1);
INSERT INTO `__PREFIX__subadmin2` (`code`, `country_code`, `subadmin1_code`, `name`, `active`) VALUES ('AT.08.804','AT','AT.08','{\"en\":\"Politischer Bezirk Feldkirch\"}',1);
INSERT INTO `__PREFIX__subadmin2` (`code`, `country_code`, `subadmin1_code`, `name`, `active`) VALUES ('AT.01.101','AT','AT.01','{\"en\":\"Eisenstadt\"}',1);
INSERT INTO `__PREFIX__subadmin2` (`code`, `country_code`, `subadmin1_code`, `name`, `active`) VALUES ('AT.01.103','AT','AT.01','{\"en\":\"Eisenstadt-Umgebung\"}',1);
INSERT INTO `__PREFIX__subadmin2` (`code`, `country_code`, `subadmin1_code`, `name`, `active`) VALUES ('AT.04.405','AT','AT.04','{\"en\":\"Politischer Bezirk Eferding\"}',1);
INSERT INTO `__PREFIX__subadmin2` (`code`, `country_code`, `subadmin1_code`, `name`, `active`) VALUES ('AT.08.803','AT','AT.08','{\"en\":\"Politischer Bezirk Dornbirn\"}',1);
INSERT INTO `__PREFIX__subadmin2` (`code`, `country_code`, `subadmin1_code`, `name`, `active`) VALUES ('AT.06.603','AT','AT.06','{\"en\":\"Politischer Bezirk Deutschlandsberg\"}',1);
INSERT INTO `__PREFIX__subadmin2` (`code`, `country_code`, `subadmin1_code`, `name`, `active`) VALUES ('AT.03.307','AT','AT.03','{\"en\":\"Politischer Bezirk Bruck an der Leitha\"}',1);
INSERT INTO `__PREFIX__subadmin2` (`code`, `country_code`, `subadmin1_code`, `name`, `active`) VALUES ('AT.08.802','AT','AT.08','{\"en\":\"Politischer Bezirk Bregenz\"}',1);
INSERT INTO `__PREFIX__subadmin2` (`code`, `country_code`, `subadmin1_code`, `name`, `active`) VALUES ('AT.04.404','AT','AT.04','{\"en\":\"Politischer Bezirk Braunau am Inn\"}',1);
INSERT INTO `__PREFIX__subadmin2` (`code`, `country_code`, `subadmin1_code`, `name`, `active`) VALUES ('AT.08.801','AT','AT.08','{\"en\":\"Politischer Bezirk Bludenz\"}',1);
INSERT INTO `__PREFIX__subadmin2` (`code`, `country_code`, `subadmin1_code`, `name`, `active`) VALUES ('AT.03.306','AT','AT.03','{\"en\":\"Politischer Bezirk Baden\"}',1);
INSERT INTO `__PREFIX__subadmin2` (`code`, `country_code`, `subadmin1_code`, `name`, `active`) VALUES ('AT.03.305','AT','AT.03','{\"en\":\"Politischer Bezirk Amstetten\"}',1);
INSERT INTO `__PREFIX__subadmin2` (`code`, `country_code`, `subadmin1_code`, `name`, `active`) VALUES ('AT.02.210','AT','AT.02','{\"en\":\"Politischer Bezirk Feldkirchen\"}',1);
INSERT INTO `__PREFIX__subadmin2` (`code`, `country_code`, `subadmin1_code`, `name`, `active`) VALUES ('AT.03.303','AT','AT.03','{\"en\":\"Waidhofen an der Ybbs Stadt\"}',1);
INSERT INTO `__PREFIX__subadmin2` (`code`, `country_code`, `subadmin1_code`, `name`, `active`) VALUES ('AT.04.403','AT','AT.04','{\"en\":\"Wels Stadt\"}',1);
INSERT INTO `__PREFIX__subadmin2` (`code`, `country_code`, `subadmin1_code`, `name`, `active`) VALUES ('AT.06.620','AT','AT.06','{\"en\":\"Politischer Bezirk Murtal\"}',1);
INSERT INTO `__PREFIX__subadmin2` (`code`, `country_code`, `subadmin1_code`, `name`, `active`) VALUES ('AT.06.621','AT','AT.06','{\"en\":\"Politischer Bezirk Bruck-Mürzzuschlag\"}',1);
INSERT INTO `__PREFIX__subadmin2` (`code`, `country_code`, `subadmin1_code`, `name`, `active`) VALUES ('AT.06.622','AT','AT.06','{\"en\":\"Politischer Bezirk Hartberg-Fürstenfeld\"}',1);
INSERT INTO `__PREFIX__subadmin2` (`code`, `country_code`, `subadmin1_code`, `name`, `active`) VALUES ('AT.06.623','AT','AT.06','{\"en\":\"Politischer Bezirk Südoststeiermark\"}',1);
/*!40000 ALTER TABLE `__PREFIX__subadmin2` ENABLE KEYS */;

--
-- Dumping data for table `__PREFIX__cities`
--

/*!40000 ALTER TABLE `__PREFIX__cities` DISABLE KEYS */;
INSERT INTO `__PREFIX__cities` (`country_code`, `name`, `longitude`, `latitude`, `feature_class`, `feature_code`, `subadmin1_code`, `subadmin2_code`, `population`, `time_zone`, `active`, `created_at`, `updated_at`) VALUES ('AT','{\"en\":\"Neu-Guntramsdorf\"}',16.32,48.06,'P','PPL','AT.03','AT.03.317',9071,'Europe/Vienna',1,'2013-07-27 23:00:00','2013-07-27 23:00:00');
INSERT INTO `__PREFIX__cities` (`country_code`, `name`, `longitude`, `latitude`, `feature_class`, `feature_code`, `subadmin1_code`, `subadmin2_code`, `population`, `time_zone`, `active`, `created_at`, `updated_at`) VALUES ('AT','{\"en\":\"Zirl\"}',11.24,47.27,'P','PPLA3','AT.07','AT.07.703',8162,'Europe/Vienna',1,'2018-07-27 23:00:00','2018-07-27 23:00:00');
INSERT INTO `__PREFIX__cities` (`country_code`, `name`, `longitude`, `latitude`, `feature_class`, `feature_code`, `subadmin1_code`, `subadmin2_code`, `population`, `time_zone`, `active`, `created_at`, `updated_at`) VALUES ('AT','{\"en\":\"Zell am See\"}',12.80,47.32,'P','PPLA3','AT.05','AT.05.506',7619,'Europe/Vienna',1,'2020-08-21 23:00:00','2020-08-21 23:00:00');
INSERT INTO `__PREFIX__cities` (`country_code`, `name`, `longitude`, `latitude`, `feature_class`, `feature_code`, `subadmin1_code`, `subadmin2_code`, `population`, `time_zone`, `active`, `created_at`, `updated_at`) VALUES ('AT','{\"en\":\"Wörgl\"}',12.06,47.49,'P','PPLA3','AT.07','AT.07.705',13811,'Europe/Vienna',1,'2018-07-27 23:00:00','2018-07-27 23:00:00');
INSERT INTO `__PREFIX__cities` (`country_code`, `name`, `longitude`, `latitude`, `feature_class`, `feature_code`, `subadmin1_code`, `subadmin2_code`, `population`, `time_zone`, `active`, `created_at`, `updated_at`) VALUES ('AT','{\"en\":\"Wolfurt\"}',9.75,47.47,'P','PPLA3','AT.08','AT.08.802',8446,'Europe/Vienna',1,'2018-07-27 23:00:00','2018-07-27 23:00:00');
INSERT INTO `__PREFIX__cities` (`country_code`, `name`, `longitude`, `latitude`, `feature_class`, `feature_code`, `subadmin1_code`, `subadmin2_code`, `population`, `time_zone`, `active`, `created_at`, `updated_at`) VALUES ('AT','{\"en\":\"Wölfnitz\"}',14.26,46.67,'P','PPL','AT.02','AT.02.201',5316,'Europe/Vienna',1,'2018-07-28 23:00:00','2018-07-28 23:00:00');
INSERT INTO `__PREFIX__cities` (`country_code`, `name`, `longitude`, `latitude`, `feature_class`, `feature_code`, `subadmin1_code`, `subadmin2_code`, `population`, `time_zone`, `active`, `created_at`, `updated_at`) VALUES ('AT','{\"en\":\"Wimpassing\"}',13.98,48.17,'P','PPL','AT.04','AT.04.403',5748,'Europe/Vienna',1,'2018-07-27 23:00:00','2018-07-27 23:00:00');
INSERT INTO `__PREFIX__cities` (`country_code`, `name`, `longitude`, `latitude`, `feature_class`, `feature_code`, `subadmin1_code`, `subadmin2_code`, `population`, `time_zone`, `active`, `created_at`, `updated_at`) VALUES ('AT','{\"en\":\"Wilten\"}',11.39,47.26,'P','PPLX','AT.07','AT.07.701',18142,'Europe/Vienna',1,'2018-07-30 23:00:00','2018-07-30 23:00:00');
INSERT INTO `__PREFIX__cities` (`country_code`, `name`, `longitude`, `latitude`, `feature_class`, `feature_code`, `subadmin1_code`, `subadmin2_code`, `population`, `time_zone`, `active`, `created_at`, `updated_at`) VALUES ('AT','{\"en\":\"Wilhelmsburg\"}',15.61,48.11,'P','PPLA3','AT.03','AT.03.319',6557,'Europe/Vienna',1,'2018-07-27 23:00:00','2018-07-27 23:00:00');
INSERT INTO `__PREFIX__cities` (`country_code`, `name`, `longitude`, `latitude`, `feature_class`, `feature_code`, `subadmin1_code`, `subadmin2_code`, `population`, `time_zone`, `active`, `created_at`, `updated_at`) VALUES ('AT','{\"en\":\"Wiener Neustadt\"}',16.23,47.80,'P','PPLA3','AT.03','AT.03.304',44820,'Europe/Vienna',1,'2019-02-10 23:00:00','2019-02-10 23:00:00');
INSERT INTO `__PREFIX__cities` (`country_code`, `name`, `longitude`, `latitude`, `feature_class`, `feature_code`, `subadmin1_code`, `subadmin2_code`, `population`, `time_zone`, `active`, `created_at`, `updated_at`) VALUES ('AT','{\"en\":\"Wiener Neudorf\"}',16.31,48.08,'P','PPLA3','AT.03','AT.03.317',9405,'Europe/Vienna',1,'2018-07-27 23:00:00','2018-07-27 23:00:00');
INSERT INTO `__PREFIX__cities` (`country_code`, `name`, `longitude`, `latitude`, `feature_class`, `feature_code`, `subadmin1_code`, `subadmin2_code`, `population`, `time_zone`, `active`, `created_at`, `updated_at`) VALUES ('AT','{\"en\":\"Vienna\"}',16.37,48.21,'P','PPLC','AT.09','AT.09.900',1691468,'Europe/Vienna',1,'2019-07-29 23:00:00','2019-07-29 23:00:00');
INSERT INTO `__PREFIX__cities` (`country_code`, `name`, `longitude`, `latitude`, `feature_class`, `feature_code`, `subadmin1_code`, `subadmin2_code`, `population`, `time_zone`, `active`, `created_at`, `updated_at`) VALUES ('AT','{\"en\":\"Wetzelsdorf\"}',15.40,47.05,'P','PPLX','AT.06','AT.06.601',15687,'Europe/Vienna',1,'2018-07-28 23:00:00','2018-07-28 23:00:00');
INSERT INTO `__PREFIX__cities` (`country_code`, `name`, `longitude`, `latitude`, `feature_class`, `feature_code`, `subadmin1_code`, `subadmin2_code`, `population`, `time_zone`, `active`, `created_at`, `updated_at`) VALUES ('AT','{\"en\":\"Wels\"}',14.03,48.17,'P','PPLA2','AT.04','AT.04.403',16857,'Europe/Vienna',1,'2018-07-27 23:00:00','2018-07-27 23:00:00');
INSERT INTO `__PREFIX__cities` (`country_code`, `name`, `longitude`, `latitude`, `feature_class`, `feature_code`, `subadmin1_code`, `subadmin2_code`, `population`, `time_zone`, `active`, `created_at`, `updated_at`) VALUES ('AT','{\"en\":\"Weiz\"}',15.62,47.22,'P','PPLA3','AT.06','AT.06.617',9221,'Europe/Vienna',1,'2018-11-27 23:00:00','2018-11-27 23:00:00');
INSERT INTO `__PREFIX__cities` (`country_code`, `name`, `longitude`, `latitude`, `feature_class`, `feature_code`, `subadmin1_code`, `subadmin2_code`, `population`, `time_zone`, `active`, `created_at`, `updated_at`) VALUES ('AT','{\"en\":\"Weinzierl bei Krems\"}',15.60,48.40,'P','PPLX','AT.03','AT.03.313',24092,'Europe/Vienna',1,'2013-07-27 23:00:00','2013-07-27 23:00:00');
INSERT INTO `__PREFIX__cities` (`country_code`, `name`, `longitude`, `latitude`, `feature_class`, `feature_code`, `subadmin1_code`, `subadmin2_code`, `population`, `time_zone`, `active`, `created_at`, `updated_at`) VALUES ('AT','{\"en\":\"Wattens\"}',11.59,47.29,'P','PPLA3','AT.07','AT.07.703',7881,'Europe/Vienna',1,'2018-07-27 23:00:00','2018-07-27 23:00:00');
INSERT INTO `__PREFIX__cities` (`country_code`, `name`, `longitude`, `latitude`, `feature_class`, `feature_code`, `subadmin1_code`, `subadmin2_code`, `population`, `time_zone`, `active`, `created_at`, `updated_at`) VALUES ('AT','{\"en\":\"Waltendorf\"}',15.47,47.07,'P','PPLX','AT.06','AT.06.601',11960,'Europe/Vienna',1,'2018-07-28 23:00:00','2018-07-28 23:00:00');
INSERT INTO `__PREFIX__cities` (`country_code`, `name`, `longitude`, `latitude`, `feature_class`, `feature_code`, `subadmin1_code`, `subadmin2_code`, `population`, `time_zone`, `active`, `created_at`, `updated_at`) VALUES ('AT','{\"en\":\"Vösendorf\"}',16.34,48.12,'P','PPLA3','AT.03','AT.03.317',6990,'Europe/Vienna',1,'2018-07-27 23:00:00','2018-07-27 23:00:00');
INSERT INTO `__PREFIX__cities` (`country_code`, `name`, `longitude`, `latitude`, `feature_class`, `feature_code`, `subadmin1_code`, `subadmin2_code`, `population`, `time_zone`, `active`, `created_at`, `updated_at`) VALUES ('AT','{\"en\":\"Vorchdorf\"}',13.92,48.00,'P','PPL','AT.04','AT.04.407',7475,'Europe/Vienna',1,'2018-07-27 23:00:00','2018-07-27 23:00:00');
INSERT INTO `__PREFIX__cities` (`country_code`, `name`, `longitude`, `latitude`, `feature_class`, `feature_code`, `subadmin1_code`, `subadmin2_code`, `population`, `time_zone`, `active`, `created_at`, `updated_at`) VALUES ('AT','{\"en\":\"Völs\"}',11.33,47.25,'P','PPLA3','AT.07','AT.07.703',6738,'Europe/Vienna',1,'2018-07-27 23:00:00','2018-07-27 23:00:00');
INSERT INTO `__PREFIX__cities` (`country_code`, `name`, `longitude`, `latitude`, `feature_class`, `feature_code`, `subadmin1_code`, `subadmin2_code`, `population`, `time_zone`, `active`, `created_at`, `updated_at`) VALUES ('AT','{\"en\":\"Völkendorf\"}',13.83,46.61,'P','PPLX','AT.02','AT.02.202',5474,'Europe/Vienna',1,'2018-07-27 23:00:00','2018-07-27 23:00:00');
INSERT INTO `__PREFIX__cities` (`country_code`, `name`, `longitude`, `latitude`, `feature_class`, `feature_code`, `subadmin1_code`, `subadmin2_code`, `population`, `time_zone`, `active`, `created_at`, `updated_at`) VALUES ('AT','{\"en\":\"Voitsberg\"}',15.15,47.04,'P','PPLA3','AT.06','AT.06.616',9403,'Europe/Vienna',1,'2018-07-27 23:00:00','2018-07-27 23:00:00');
INSERT INTO `__PREFIX__cities` (`country_code`, `name`, `longitude`, `latitude`, `feature_class`, `feature_code`, `subadmin1_code`, `subadmin2_code`, `population`, `time_zone`, `active`, `created_at`, `updated_at`) VALUES ('AT','{\"en\":\"Villach\"}',13.86,46.61,'P','PPLA2','AT.02','AT.02.202',58882,'Europe/Vienna',1,'2019-09-04 23:00:00','2019-09-04 23:00:00');
INSERT INTO `__PREFIX__cities` (`country_code`, `name`, `longitude`, `latitude`, `feature_class`, `feature_code`, `subadmin1_code`, `subadmin2_code`, `population`, `time_zone`, `active`, `created_at`, `updated_at`) VALUES ('AT','{\"en\":\"Viktring\"}',14.27,46.59,'P','PPL','AT.02','AT.02.201',9407,'Europe/Vienna',1,'2018-07-28 23:00:00','2018-07-28 23:00:00');
INSERT INTO `__PREFIX__cities` (`country_code`, `name`, `longitude`, `latitude`, `feature_class`, `feature_code`, `subadmin1_code`, `subadmin2_code`, `population`, `time_zone`, `active`, `created_at`, `updated_at`) VALUES ('AT','{\"en\":\"Tulln\"}',16.06,48.33,'P','PPLA2','AT.03','AT.03.321',12421,'Europe/Vienna',1,'2019-07-11 23:00:00','2019-07-11 23:00:00');
INSERT INTO `__PREFIX__cities` (`country_code`, `name`, `longitude`, `latitude`, `feature_class`, `feature_code`, `subadmin1_code`, `subadmin2_code`, `population`, `time_zone`, `active`, `created_at`, `updated_at`) VALUES ('AT','{\"en\":\"Trofaiach\"}',15.01,47.43,'P','PPLA3','AT.06','AT.06.611',7728,'Europe/Vienna',1,'2018-07-27 23:00:00','2018-07-27 23:00:00');
INSERT INTO `__PREFIX__cities` (`country_code`, `name`, `longitude`, `latitude`, `feature_class`, `feature_code`, `subadmin1_code`, `subadmin2_code`, `population`, `time_zone`, `active`, `created_at`, `updated_at`) VALUES ('AT','{\"en\":\"Traun\"}',14.24,48.22,'P','PPL','AT.04','AT.04.410',11267,'Europe/Vienna',1,'2019-10-31 23:00:00','2019-10-31 23:00:00');
INSERT INTO `__PREFIX__cities` (`country_code`, `name`, `longitude`, `latitude`, `feature_class`, `feature_code`, `subadmin1_code`, `subadmin2_code`, `population`, `time_zone`, `active`, `created_at`, `updated_at`) VALUES ('AT','{\"en\":\"Traiskirchen\"}',16.29,48.01,'P','PPLA3','AT.03','AT.03.306',6608,'Europe/Vienna',1,'2018-07-27 23:00:00','2018-07-27 23:00:00');
INSERT INTO `__PREFIX__cities` (`country_code`, `name`, `longitude`, `latitude`, `feature_class`, `feature_code`, `subadmin1_code`, `subadmin2_code`, `population`, `time_zone`, `active`, `created_at`, `updated_at`) VALUES ('AT','{\"en\":\"Ternitz\"}',16.04,47.72,'P','PPLA3','AT.03','AT.03.318',7378,'Europe/Vienna',1,'2018-07-27 23:00:00','2018-07-27 23:00:00');
INSERT INTO `__PREFIX__cities` (`country_code`, `name`, `longitude`, `latitude`, `feature_class`, `feature_code`, `subadmin1_code`, `subadmin2_code`, `population`, `time_zone`, `active`, `created_at`, `updated_at`) VALUES ('AT','{\"en\":\"Telfs\"}',11.07,47.31,'P','PPLA3','AT.07','AT.07.703',15229,'Europe/Vienna',1,'2018-07-27 23:00:00','2018-07-27 23:00:00');
INSERT INTO `__PREFIX__cities` (`country_code`, `name`, `longitude`, `latitude`, `feature_class`, `feature_code`, `subadmin1_code`, `subadmin2_code`, `population`, `time_zone`, `active`, `created_at`, `updated_at`) VALUES ('AT','{\"en\":\"Strasshof an der Nordbahn\"}',16.67,48.32,'P','PPLA3','AT.03','AT.03.308',10009,'Europe/Vienna',1,'2018-07-27 23:00:00','2018-07-27 23:00:00');
INSERT INTO `__PREFIX__cities` (`country_code`, `name`, `longitude`, `latitude`, `feature_class`, `feature_code`, `subadmin1_code`, `subadmin2_code`, `population`, `time_zone`, `active`, `created_at`, `updated_at`) VALUES ('AT','{\"en\":\"Straßgang\"}',15.40,47.03,'P','PPL','AT.06','AT.06.601',16268,'Europe/Vienna',1,'2018-07-28 23:00:00','2018-07-28 23:00:00');
INSERT INTO `__PREFIX__cities` (`country_code`, `name`, `longitude`, `latitude`, `feature_class`, `feature_code`, `subadmin1_code`, `subadmin2_code`, `population`, `time_zone`, `active`, `created_at`, `updated_at`) VALUES ('AT','{\"en\":\"Stockerau\"}',16.22,48.38,'P','PPLA3','AT.03','AT.03.312',16292,'Europe/Vienna',1,'2019-09-04 23:00:00','2019-09-04 23:00:00');
INSERT INTO `__PREFIX__cities` (`country_code`, `name`, `longitude`, `latitude`, `feature_class`, `feature_code`, `subadmin1_code`, `subadmin2_code`, `population`, `time_zone`, `active`, `created_at`, `updated_at`) VALUES ('AT','{\"en\":\"Steyr\"}',14.42,48.04,'P','PPLA3','AT.04','AT.04.402',38331,'Europe/Vienna',1,'2019-09-04 23:00:00','2019-09-04 23:00:00');
INSERT INTO `__PREFIX__cities` (`country_code`, `name`, `longitude`, `latitude`, `feature_class`, `feature_code`, `subadmin1_code`, `subadmin2_code`, `population`, `time_zone`, `active`, `created_at`, `updated_at`) VALUES ('AT','{\"en\":\"Spratzern\"}',15.62,48.17,'P','PPLX','AT.03','AT.03.302',6376,'Europe/Vienna',1,'2018-07-27 23:00:00','2018-07-27 23:00:00');
INSERT INTO `__PREFIX__cities` (`country_code`, `name`, `longitude`, `latitude`, `feature_class`, `feature_code`, `subadmin1_code`, `subadmin2_code`, `population`, `time_zone`, `active`, `created_at`, `updated_at`) VALUES ('AT','{\"en\":\"Spittal an der Drau\"}',13.50,46.80,'P','PPLA3','AT.02','AT.02.206',12880,'Europe/Vienna',1,'2018-07-27 23:00:00','2018-07-27 23:00:00');
INSERT INTO `__PREFIX__cities` (`country_code`, `name`, `longitude`, `latitude`, `feature_class`, `feature_code`, `subadmin1_code`, `subadmin2_code`, `population`, `time_zone`, `active`, `created_at`, `updated_at`) VALUES ('AT','{\"en\":\"Sollenau\"}',16.25,47.90,'P','PPLA3','AT.03','AT.03.323',5038,'Europe/Vienna',1,'2018-10-11 23:00:00','2018-10-11 23:00:00');
INSERT INTO `__PREFIX__cities` (`country_code`, `name`, `longitude`, `latitude`, `feature_class`, `feature_code`, `subadmin1_code`, `subadmin2_code`, `population`, `time_zone`, `active`, `created_at`, `updated_at`) VALUES ('AT','{\"en\":\"Hall in Tirol\"}',11.52,47.28,'P','PPLA3','AT.07','AT.07.703',13334,'Europe/Vienna',1,'2018-07-27 23:00:00','2018-07-27 23:00:00');
INSERT INTO `__PREFIX__cities` (`country_code`, `name`, `longitude`, `latitude`, `feature_class`, `feature_code`, `subadmin1_code`, `subadmin2_code`, `population`, `time_zone`, `active`, `created_at`, `updated_at`) VALUES ('AT','{\"en\":\"Simmering\"}',16.43,48.18,'P','PPLX','AT.09','AT.09.900',101420,'Europe/Vienna',1,'2018-07-28 23:00:00','2018-07-28 23:00:00');
INSERT INTO `__PREFIX__cities` (`country_code`, `name`, `longitude`, `latitude`, `feature_class`, `feature_code`, `subadmin1_code`, `subadmin2_code`, `population`, `time_zone`, `active`, `created_at`, `updated_at`) VALUES ('AT','{\"en\":\"Seiersberg\"}',15.40,47.00,'P','PPLA3','AT.06','AT.06.606',7728,'Europe/Vienna',1,'2018-07-27 23:00:00','2018-07-27 23:00:00');
INSERT INTO `__PREFIX__cities` (`country_code`, `name`, `longitude`, `latitude`, `feature_class`, `feature_code`, `subadmin1_code`, `subadmin2_code`, `population`, `time_zone`, `active`, `created_at`, `updated_at`) VALUES ('AT','{\"en\":\"Schwechat\"}',16.47,48.13,'P','PPLA3','AT.03','AT.03.307',12351,'Europe/Vienna',1,'2018-07-27 23:00:00','2018-07-27 23:00:00');
INSERT INTO `__PREFIX__cities` (`country_code`, `name`, `longitude`, `latitude`, `feature_class`, `feature_code`, `subadmin1_code`, `subadmin2_code`, `population`, `time_zone`, `active`, `created_at`, `updated_at`) VALUES ('AT','{\"en\":\"Schwaz\"}',11.71,47.35,'P','PPLA2','AT.07','AT.07.709',13728,'Europe/Vienna',1,'2018-07-27 23:00:00','2018-07-27 23:00:00');
INSERT INTO `__PREFIX__cities` (`country_code`, `name`, `longitude`, `latitude`, `feature_class`, `feature_code`, `subadmin1_code`, `subadmin2_code`, `population`, `time_zone`, `active`, `created_at`, `updated_at`) VALUES ('AT','{\"en\":\"Sankt Veit an der Glan\"}',14.36,46.77,'P','PPLA2','AT.02','AT.02.205',10841,'Europe/Vienna',1,'2019-10-02 23:00:00','2019-10-02 23:00:00');
INSERT INTO `__PREFIX__cities` (`country_code`, `name`, `longitude`, `latitude`, `feature_class`, `feature_code`, `subadmin1_code`, `subadmin2_code`, `population`, `time_zone`, `active`, `created_at`, `updated_at`) VALUES ('AT','{\"en\":\"Sankt Valentin\"}',14.52,48.17,'P','PPL','AT.03','AT.03.305',9340,'Europe/Vienna',1,'2019-10-02 23:00:00','2019-10-02 23:00:00');
INSERT INTO `__PREFIX__cities` (`country_code`, `name`, `longitude`, `latitude`, `feature_class`, `feature_code`, `subadmin1_code`, `subadmin2_code`, `population`, `time_zone`, `active`, `created_at`, `updated_at`) VALUES ('AT','{\"en\":\"Sankt Ruprecht\"}',14.32,46.60,'P','PPLX','AT.02','AT.02.201',7442,'Europe/Vienna',1,'2018-07-27 23:00:00','2018-07-27 23:00:00');
INSERT INTO `__PREFIX__cities` (`country_code`, `name`, `longitude`, `latitude`, `feature_class`, `feature_code`, `subadmin1_code`, `subadmin2_code`, `population`, `time_zone`, `active`, `created_at`, `updated_at`) VALUES ('AT','{\"en\":\"Sankt Pölten\"}',15.63,48.20,'P','PPLA','AT.03','AT.03.302',21911,'Europe/Vienna',1,'2021-02-19 23:00:00','2021-02-19 23:00:00');
INSERT INTO `__PREFIX__cities` (`country_code`, `name`, `longitude`, `latitude`, `feature_class`, `feature_code`, `subadmin1_code`, `subadmin2_code`, `population`, `time_zone`, `active`, `created_at`, `updated_at`) VALUES ('AT','{\"en\":\"Sankt Peter\"}',15.47,47.05,'P','PPLX','AT.06','AT.06.601',15187,'Europe/Vienna',1,'2018-07-28 23:00:00','2018-07-28 23:00:00');
INSERT INTO `__PREFIX__cities` (`country_code`, `name`, `longitude`, `latitude`, `feature_class`, `feature_code`, `subadmin1_code`, `subadmin2_code`, `population`, `time_zone`, `active`, `created_at`, `updated_at`) VALUES ('AT','{\"en\":\"Sankt Peter\"}',14.34,46.63,'P','PPLX','AT.02','AT.02.201',20320,'Europe/Vienna',1,'2018-07-27 23:00:00','2018-07-27 23:00:00');
INSERT INTO `__PREFIX__cities` (`country_code`, `name`, `longitude`, `latitude`, `feature_class`, `feature_code`, `subadmin1_code`, `subadmin2_code`, `population`, `time_zone`, `active`, `created_at`, `updated_at`) VALUES ('AT','{\"en\":\"Sankt Martin\"}',14.28,46.62,'P','PPLX','AT.02','AT.02.201',20000,'Europe/Vienna',1,'2018-08-14 23:00:00','2018-08-14 23:00:00');
INSERT INTO `__PREFIX__cities` (`country_code`, `name`, `longitude`, `latitude`, `feature_class`, `feature_code`, `subadmin1_code`, `subadmin2_code`, `population`, `time_zone`, `active`, `created_at`, `updated_at`) VALUES ('AT','{\"en\":\"Sankt Martin\"}',14.27,48.23,'P','PPL','AT.04','AT.04.410',6984,'Europe/Vienna',1,'2018-07-27 23:00:00','2018-07-27 23:00:00');
INSERT INTO `__PREFIX__cities` (`country_code`, `name`, `longitude`, `latitude`, `feature_class`, `feature_code`, `subadmin1_code`, `subadmin2_code`, `population`, `time_zone`, `active`, `created_at`, `updated_at`) VALUES ('AT','{\"en\":\"Sankt Johann in Tirol\"}',12.42,47.52,'P','PPLA3','AT.07','AT.07.704',9428,'Europe/Vienna',1,'2019-09-15 23:00:00','2019-09-15 23:00:00');
INSERT INTO `__PREFIX__cities` (`country_code`, `name`, `longitude`, `latitude`, `feature_class`, `feature_code`, `subadmin1_code`, `subadmin2_code`, `population`, `time_zone`, `active`, `created_at`, `updated_at`) VALUES ('AT','{\"en\":\"Salzburg\"}',13.04,47.80,'P','PPLA','AT.05','AT.05.501',153377,'Europe/Vienna',1,'2021-08-07 23:00:00','2021-08-07 23:00:00');
INSERT INTO `__PREFIX__cities` (`country_code`, `name`, `longitude`, `latitude`, `feature_class`, `feature_code`, `subadmin1_code`, `subadmin2_code`, `population`, `time_zone`, `active`, `created_at`, `updated_at`) VALUES ('AT','{\"en\":\"Saalfelden am Steinernen Meer\"}',12.85,47.43,'P','PPLA3','AT.05','AT.05.506',16790,'Europe/Vienna',1,'2021-06-04 23:00:00','2021-06-04 23:00:00');
INSERT INTO `__PREFIX__cities` (`country_code`, `name`, `longitude`, `latitude`, `feature_class`, `feature_code`, `subadmin1_code`, `subadmin2_code`, `population`, `time_zone`, `active`, `created_at`, `updated_at`) VALUES ('AT','{\"en\":\"Rum\"}',11.45,47.28,'P','PPLA3','AT.07','AT.07.703',9190,'Europe/Vienna',1,'2018-07-27 23:00:00','2018-07-27 23:00:00');
INSERT INTO `__PREFIX__cities` (`country_code`, `name`, `longitude`, `latitude`, `feature_class`, `feature_code`, `subadmin1_code`, `subadmin2_code`, `population`, `time_zone`, `active`, `created_at`, `updated_at`) VALUES ('AT','{\"en\":\"Ries\"}',15.48,47.08,'P','PPLX','AT.06','AT.06.601',5819,'Europe/Vienna',1,'2018-07-28 23:00:00','2018-07-28 23:00:00');
INSERT INTO `__PREFIX__cities` (`country_code`, `name`, `longitude`, `latitude`, `feature_class`, `feature_code`, `subadmin1_code`, `subadmin2_code`, `population`, `time_zone`, `active`, `created_at`, `updated_at`) VALUES ('AT','{\"en\":\"Ried im Innkreis\"}',13.49,48.21,'P','PPLA3','AT.04','AT.04.412',11903,'Europe/Vienna',1,'2018-07-27 23:00:00','2018-07-27 23:00:00');
INSERT INTO `__PREFIX__cities` (`country_code`, `name`, `longitude`, `latitude`, `feature_class`, `feature_code`, `subadmin1_code`, `subadmin2_code`, `population`, `time_zone`, `active`, `created_at`, `updated_at`) VALUES ('AT','{\"en\":\"Reutte\"}',10.72,47.48,'P','PPLA3','AT.07','AT.07.708',6704,'Europe/Vienna',1,'2018-07-27 23:00:00','2018-07-27 23:00:00');
INSERT INTO `__PREFIX__cities` (`country_code`, `name`, `longitude`, `latitude`, `feature_class`, `feature_code`, `subadmin1_code`, `subadmin2_code`, `population`, `time_zone`, `active`, `created_at`, `updated_at`) VALUES ('AT','{\"en\":\"Rankweil\"}',9.64,47.27,'P','PPLA3','AT.08','AT.08.804',11855,'Europe/Vienna',1,'2018-07-27 23:00:00','2018-07-27 23:00:00');
INSERT INTO `__PREFIX__cities` (`country_code`, `name`, `longitude`, `latitude`, `feature_class`, `feature_code`, `subadmin1_code`, `subadmin2_code`, `population`, `time_zone`, `active`, `created_at`, `updated_at`) VALUES ('AT','{\"en\":\"Purkersdorf\"}',16.18,48.21,'P','PPLA3','AT.03','AT.03.319',9701,'Europe/Vienna',1,'2018-07-27 23:00:00','2018-07-27 23:00:00');
INSERT INTO `__PREFIX__cities` (`country_code`, `name`, `longitude`, `latitude`, `feature_class`, `feature_code`, `subadmin1_code`, `subadmin2_code`, `population`, `time_zone`, `active`, `created_at`, `updated_at`) VALUES ('AT','{\"en\":\"Puntigam\"}',15.43,47.03,'P','PPLX','AT.06','AT.06.601',8647,'Europe/Vienna',1,'2018-07-28 23:00:00','2018-07-28 23:00:00');
INSERT INTO `__PREFIX__cities` (`country_code`, `name`, `longitude`, `latitude`, `feature_class`, `feature_code`, `subadmin1_code`, `subadmin2_code`, `population`, `time_zone`, `active`, `created_at`, `updated_at`) VALUES ('AT','{\"en\":\"Pressbaum\"}',16.08,48.18,'P','PPLA3','AT.03','AT.03.319',6237,'Europe/Vienna',1,'2018-07-27 23:00:00','2018-07-27 23:00:00');
INSERT INTO `__PREFIX__cities` (`country_code`, `name`, `longitude`, `latitude`, `feature_class`, `feature_code`, `subadmin1_code`, `subadmin2_code`, `population`, `time_zone`, `active`, `created_at`, `updated_at`) VALUES ('AT','{\"en\":\"Pradl\"}',11.42,47.27,'P','PPLX','AT.07','AT.07.701',32588,'Europe/Vienna',1,'2018-07-30 23:00:00','2018-07-30 23:00:00');
INSERT INTO `__PREFIX__cities` (`country_code`, `name`, `longitude`, `latitude`, `feature_class`, `feature_code`, `subadmin1_code`, `subadmin2_code`, `population`, `time_zone`, `active`, `created_at`, `updated_at`) VALUES ('AT','{\"en\":\"Pöllau\"}',15.83,47.30,'P','PPL','AT.06','AT.06.622',6014,'Europe/Vienna',1,'2020-03-03 23:00:00','2020-03-03 23:00:00');
INSERT INTO `__PREFIX__cities` (`country_code`, `name`, `longitude`, `latitude`, `feature_class`, `feature_code`, `subadmin1_code`, `subadmin2_code`, `population`, `time_zone`, `active`, `created_at`, `updated_at`) VALUES ('AT','{\"en\":\"Pinkafeld\"}',16.12,47.37,'P','PPLA3','AT.01','AT.01.109',5438,'Europe/Vienna',1,'2021-06-13 23:00:00','2021-06-13 23:00:00');
INSERT INTO `__PREFIX__cities` (`country_code`, `name`, `longitude`, `latitude`, `feature_class`, `feature_code`, `subadmin1_code`, `subadmin2_code`, `population`, `time_zone`, `active`, `created_at`, `updated_at`) VALUES ('AT','{\"en\":\"Perg\"}',14.63,48.25,'P','PPLA2','AT.04','AT.04.411',5812,'Europe/Vienna',1,'2018-07-27 23:00:00','2018-07-27 23:00:00');
INSERT INTO `__PREFIX__cities` (`country_code`, `name`, `longitude`, `latitude`, `feature_class`, `feature_code`, `subadmin1_code`, `subadmin2_code`, `population`, `time_zone`, `active`, `created_at`, `updated_at`) VALUES ('AT','{\"en\":\"Perchtoldsdorf\"}',16.27,48.12,'P','PPLA3','AT.03','AT.03.317',15047,'Europe/Vienna',1,'2018-07-27 23:00:00','2018-07-27 23:00:00');
INSERT INTO `__PREFIX__cities` (`country_code`, `name`, `longitude`, `latitude`, `feature_class`, `feature_code`, `subadmin1_code`, `subadmin2_code`, `population`, `time_zone`, `active`, `created_at`, `updated_at`) VALUES ('AT','{\"en\":\"Ottakring\"}',16.30,48.22,'P','PPLX','AT.09','AT.09.900',104627,'Europe/Vienna',1,'2018-07-28 23:00:00','2018-07-28 23:00:00');
INSERT INTO `__PREFIX__cities` (`country_code`, `name`, `longitude`, `latitude`, `feature_class`, `feature_code`, `subadmin1_code`, `subadmin2_code`, `population`, `time_zone`, `active`, `created_at`, `updated_at`) VALUES ('AT','{\"en\":\"Oberwart\"}',16.21,47.29,'P','PPLA2','AT.01','AT.01.109',7288,'Europe/Vienna',1,'2018-07-27 23:00:00','2018-07-27 23:00:00');
INSERT INTO `__PREFIX__cities` (`country_code`, `name`, `longitude`, `latitude`, `feature_class`, `feature_code`, `subadmin1_code`, `subadmin2_code`, `population`, `time_zone`, `active`, `created_at`, `updated_at`) VALUES ('AT','{\"en\":\"Oberndorf bei Salzburg\"}',12.93,47.95,'P','PPLA3','AT.05','AT.05.503',5794,'Europe/Vienna',1,'2018-07-27 23:00:00','2018-07-27 23:00:00');
INSERT INTO `__PREFIX__cities` (`country_code`, `name`, `longitude`, `latitude`, `feature_class`, `feature_code`, `subadmin1_code`, `subadmin2_code`, `population`, `time_zone`, `active`, `created_at`, `updated_at`) VALUES ('AT','{\"en\":\"Neuzeug\"}',14.33,48.05,'P','PPL','AT.04','AT.04.415',5346,'Europe/Vienna',1,'2018-07-27 23:00:00','2018-07-27 23:00:00');
INSERT INTO `__PREFIX__cities` (`country_code`, `name`, `longitude`, `latitude`, `feature_class`, `feature_code`, `subadmin1_code`, `subadmin2_code`, `population`, `time_zone`, `active`, `created_at`, `updated_at`) VALUES ('AT','{\"en\":\"Neusiedl am See\"}',16.84,47.95,'P','PPLA2','AT.01','AT.01.107',8235,'Europe/Vienna',1,'2018-07-27 23:00:00','2018-07-27 23:00:00');
INSERT INTO `__PREFIX__cities` (`country_code`, `name`, `longitude`, `latitude`, `feature_class`, `feature_code`, `subadmin1_code`, `subadmin2_code`, `population`, `time_zone`, `active`, `created_at`, `updated_at`) VALUES ('AT','{\"en\":\"Neunkirchen\"}',16.08,47.72,'P','PPLA3','AT.03','AT.03.318',11461,'Europe/Vienna',1,'2019-08-27 23:00:00','2019-08-27 23:00:00');
INSERT INTO `__PREFIX__cities` (`country_code`, `name`, `longitude`, `latitude`, `feature_class`, `feature_code`, `subadmin1_code`, `subadmin2_code`, `population`, `time_zone`, `active`, `created_at`, `updated_at`) VALUES ('AT','{\"en\":\"Neuhofen an der Krems\"}',14.23,48.14,'P','PPL','AT.04','AT.04.410',6269,'Europe/Vienna',1,'2018-07-27 23:00:00','2018-07-27 23:00:00');
INSERT INTO `__PREFIX__cities` (`country_code`, `name`, `longitude`, `latitude`, `feature_class`, `feature_code`, `subadmin1_code`, `subadmin2_code`, `population`, `time_zone`, `active`, `created_at`, `updated_at`) VALUES ('AT','{\"en\":\"Mürzzuschlag\"}',15.67,47.61,'P','PPLA3','AT.06','AT.06.621',5975,'Europe/Vienna',1,'2018-07-27 23:00:00','2018-07-27 23:00:00');
INSERT INTO `__PREFIX__cities` (`country_code`, `name`, `longitude`, `latitude`, `feature_class`, `feature_code`, `subadmin1_code`, `subadmin2_code`, `population`, `time_zone`, `active`, `created_at`, `updated_at`) VALUES ('AT','{\"en\":\"Mühlau\"}',11.40,47.28,'P','PPL','AT.07','AT.07.701',5435,'Europe/Vienna',1,'2018-07-27 23:00:00','2018-07-27 23:00:00');
INSERT INTO `__PREFIX__cities` (`country_code`, `name`, `longitude`, `latitude`, `feature_class`, `feature_code`, `subadmin1_code`, `subadmin2_code`, `population`, `time_zone`, `active`, `created_at`, `updated_at`) VALUES ('AT','{\"en\":\"Mödling\"}',16.29,48.09,'P','PPLA3','AT.03','AT.03.317',20555,'Europe/Vienna',1,'2018-07-27 23:00:00','2018-07-27 23:00:00');
INSERT INTO `__PREFIX__cities` (`country_code`, `name`, `longitude`, `latitude`, `feature_class`, `feature_code`, `subadmin1_code`, `subadmin2_code`, `population`, `time_zone`, `active`, `created_at`, `updated_at`) VALUES ('AT','{\"en\":\"Mistelbach\"}',16.58,48.57,'P','PPLA3','AT.03','AT.03.316',6463,'Europe/Vienna',1,'2018-07-27 23:00:00','2018-07-27 23:00:00');
INSERT INTO `__PREFIX__cities` (`country_code`, `name`, `longitude`, `latitude`, `feature_class`, `feature_code`, `subadmin1_code`, `subadmin2_code`, `population`, `time_zone`, `active`, `created_at`, `updated_at`) VALUES ('AT','{\"en\":\"Micheldorf in Oberösterreich\"}',14.13,47.88,'P','PPL','AT.04','AT.04.409',5854,'Europe/Vienna',1,'2018-07-27 23:00:00','2018-07-27 23:00:00');
INSERT INTO `__PREFIX__cities` (`country_code`, `name`, `longitude`, `latitude`, `feature_class`, `feature_code`, `subadmin1_code`, `subadmin2_code`, `population`, `time_zone`, `active`, `created_at`, `updated_at`) VALUES ('AT','{\"en\":\"Meidling\"}',16.33,48.17,'P','PPLX','AT.09','AT.09.900',97624,'Europe/Vienna',1,'2018-07-28 23:00:00','2018-07-28 23:00:00');
INSERT INTO `__PREFIX__cities` (`country_code`, `name`, `longitude`, `latitude`, `feature_class`, `feature_code`, `subadmin1_code`, `subadmin2_code`, `population`, `time_zone`, `active`, `created_at`, `updated_at`) VALUES ('AT','{\"en\":\"Mattighofen\"}',13.15,48.11,'P','PPLA3','AT.04','AT.04.404',6524,'Europe/Vienna',1,'2018-07-27 23:00:00','2018-07-27 23:00:00');
INSERT INTO `__PREFIX__cities` (`country_code`, `name`, `longitude`, `latitude`, `feature_class`, `feature_code`, `subadmin1_code`, `subadmin2_code`, `population`, `time_zone`, `active`, `created_at`, `updated_at`) VALUES ('AT','{\"en\":\"Mattersburg\"}',16.40,47.73,'P','PPLA2','AT.01','AT.01.106',6577,'Europe/Vienna',1,'2018-07-27 23:00:00','2018-07-27 23:00:00');
INSERT INTO `__PREFIX__cities` (`country_code`, `name`, `longitude`, `latitude`, `feature_class`, `feature_code`, `subadmin1_code`, `subadmin2_code`, `population`, `time_zone`, `active`, `created_at`, `updated_at`) VALUES ('AT','{\"en\":\"Mariatrost\"}',15.47,47.10,'P','PPLX','AT.06','AT.06.601',9631,'Europe/Vienna',1,'2021-04-20 23:00:00','2021-04-20 23:00:00');
INSERT INTO `__PREFIX__cities` (`country_code`, `name`, `longitude`, `latitude`, `feature_class`, `feature_code`, `subadmin1_code`, `subadmin2_code`, `population`, `time_zone`, `active`, `created_at`, `updated_at`) VALUES ('AT','{\"en\":\"Maria Enzersdorf\"}',16.28,48.10,'P','PPLA3','AT.03','AT.03.317',8829,'Europe/Vienna',1,'2018-07-27 23:00:00','2018-07-27 23:00:00');
INSERT INTO `__PREFIX__cities` (`country_code`, `name`, `longitude`, `latitude`, `feature_class`, `feature_code`, `subadmin1_code`, `subadmin2_code`, `population`, `time_zone`, `active`, `created_at`, `updated_at`) VALUES ('AT','{\"en\":\"Marchtrenk\"}',14.11,48.19,'P','PPLA3','AT.04','AT.04.418',8394,'Europe/Vienna',1,'2019-10-31 23:00:00','2019-10-31 23:00:00');
INSERT INTO `__PREFIX__cities` (`country_code`, `name`, `longitude`, `latitude`, `feature_class`, `feature_code`, `subadmin1_code`, `subadmin2_code`, `population`, `time_zone`, `active`, `created_at`, `updated_at`) VALUES ('AT','{\"en\":\"Lustenau\"}',9.66,47.43,'P','PPLA3','AT.08','AT.08.803',22821,'Europe/Vienna',1,'2018-07-27 23:00:00','2018-07-27 23:00:00');
INSERT INTO `__PREFIX__cities` (`country_code`, `name`, `longitude`, `latitude`, `feature_class`, `feature_code`, `subadmin1_code`, `subadmin2_code`, `population`, `time_zone`, `active`, `created_at`, `updated_at`) VALUES ('AT','{\"en\":\"Lochau\"}',9.75,47.53,'P','PPLA3','AT.08','AT.08.802',5747,'Europe/Vienna',1,'2018-07-27 23:00:00','2018-07-27 23:00:00');
INSERT INTO `__PREFIX__cities` (`country_code`, `name`, `longitude`, `latitude`, `feature_class`, `feature_code`, `subadmin1_code`, `subadmin2_code`, `population`, `time_zone`, `active`, `created_at`, `updated_at`) VALUES ('AT','{\"en\":\"Linz\"}',14.29,48.31,'P','PPLA','AT.04','AT.04.401',204846,'Europe/Vienna',1,'2019-09-04 23:00:00','2019-09-04 23:00:00');
INSERT INTO `__PREFIX__cities` (`country_code`, `name`, `longitude`, `latitude`, `feature_class`, `feature_code`, `subadmin1_code`, `subadmin2_code`, `population`, `time_zone`, `active`, `created_at`, `updated_at`) VALUES ('AT','{\"en\":\"Liezen\"}',14.23,47.57,'P','PPLA3','AT.06','AT.06.612',6587,'Europe/Vienna',1,'2018-07-27 23:00:00','2018-07-27 23:00:00');
INSERT INTO `__PREFIX__cities` (`country_code`, `name`, `longitude`, `latitude`, `feature_class`, `feature_code`, `subadmin1_code`, `subadmin2_code`, `population`, `time_zone`, `active`, `created_at`, `updated_at`) VALUES ('AT','{\"en\":\"Lienz\"}',12.77,46.83,'P','PPLA3','AT.07','AT.07.707',11572,'Europe/Vienna',1,'2018-07-27 23:00:00','2018-07-27 23:00:00');
INSERT INTO `__PREFIX__cities` (`country_code`, `name`, `longitude`, `latitude`, `feature_class`, `feature_code`, `subadmin1_code`, `subadmin2_code`, `population`, `time_zone`, `active`, `created_at`, `updated_at`) VALUES ('AT','{\"en\":\"Liebenau\"}',15.47,47.03,'P','PPLX','AT.06','AT.06.601',14447,'Europe/Vienna',1,'2018-07-28 23:00:00','2018-07-28 23:00:00');
INSERT INTO `__PREFIX__cities` (`country_code`, `name`, `longitude`, `latitude`, `feature_class`, `feature_code`, `subadmin1_code`, `subadmin2_code`, `population`, `time_zone`, `active`, `created_at`, `updated_at`) VALUES ('AT','{\"en\":\"Lichtenegg\"}',14.00,48.15,'P','PPL','AT.04','AT.04.403',6163,'Europe/Vienna',1,'2018-07-27 23:00:00','2018-07-27 23:00:00');
INSERT INTO `__PREFIX__cities` (`country_code`, `name`, `longitude`, `latitude`, `feature_class`, `feature_code`, `subadmin1_code`, `subadmin2_code`, `population`, `time_zone`, `active`, `created_at`, `updated_at`) VALUES ('AT','{\"en\":\"Leopoldsdorf\"}',16.39,48.12,'P','PPLA3','AT.03','AT.03.307',5078,'Europe/Vienna',1,'2018-07-27 23:00:00','2018-07-27 23:00:00');
INSERT INTO `__PREFIX__cities` (`country_code`, `name`, `longitude`, `latitude`, `feature_class`, `feature_code`, `subadmin1_code`, `subadmin2_code`, `population`, `time_zone`, `active`, `created_at`, `updated_at`) VALUES ('AT','{\"en\":\"Leoben\"}',15.09,47.38,'P','PPLA3','AT.06','AT.06.611',8264,'Europe/Vienna',1,'2018-07-27 23:00:00','2018-07-27 23:00:00');
INSERT INTO `__PREFIX__cities` (`country_code`, `name`, `longitude`, `latitude`, `feature_class`, `feature_code`, `subadmin1_code`, `subadmin2_code`, `population`, `time_zone`, `active`, `created_at`, `updated_at`) VALUES ('AT','{\"en\":\"Leibnitz\"}',15.54,46.78,'P','PPLA3','AT.06','AT.06.610',8533,'Europe/Vienna',1,'2018-07-27 23:00:00','2018-07-27 23:00:00');
INSERT INTO `__PREFIX__cities` (`country_code`, `name`, `longitude`, `latitude`, `feature_class`, `feature_code`, `subadmin1_code`, `subadmin2_code`, `population`, `time_zone`, `active`, `created_at`, `updated_at`) VALUES ('AT','{\"en\":\"Lauterach\"}',9.73,47.48,'P','PPLA3','AT.08','AT.08.802',10267,'Europe/Vienna',1,'2018-07-28 23:00:00','2018-07-28 23:00:00');
INSERT INTO `__PREFIX__cities` (`country_code`, `name`, `longitude`, `latitude`, `feature_class`, `feature_code`, `subadmin1_code`, `subadmin2_code`, `population`, `time_zone`, `active`, `created_at`, `updated_at`) VALUES ('AT','{\"en\":\"Langenzersdorf\"}',16.36,48.30,'P','PPLA3','AT.03','AT.03.312',8137,'Europe/Vienna',1,'2018-07-27 23:00:00','2018-07-27 23:00:00');
INSERT INTO `__PREFIX__cities` (`country_code`, `name`, `longitude`, `latitude`, `feature_class`, `feature_code`, `subadmin1_code`, `subadmin2_code`, `population`, `time_zone`, `active`, `created_at`, `updated_at`) VALUES ('AT','{\"en\":\"Landeck\"}',10.57,47.14,'P','PPLA3','AT.07','AT.07.706',7725,'Europe/Vienna',1,'2018-07-27 23:00:00','2018-07-27 23:00:00');
INSERT INTO `__PREFIX__cities` (`country_code`, `name`, `longitude`, `latitude`, `feature_class`, `feature_code`, `subadmin1_code`, `subadmin2_code`, `population`, `time_zone`, `active`, `created_at`, `updated_at`) VALUES ('AT','{\"en\":\"Laakirchen\"}',13.82,47.98,'P','PPL','AT.04','AT.04.407',9861,'Europe/Vienna',1,'2018-07-27 23:00:00','2018-07-27 23:00:00');
INSERT INTO `__PREFIX__cities` (`country_code`, `name`, `longitude`, `latitude`, `feature_class`, `feature_code`, `subadmin1_code`, `subadmin2_code`, `population`, `time_zone`, `active`, `created_at`, `updated_at`) VALUES ('AT','{\"en\":\"Kufstein\"}',12.17,47.58,'P','PPLA3','AT.07','AT.07.705',9848,'Europe/Vienna',1,'2018-07-27 23:00:00','2018-07-27 23:00:00');
INSERT INTO `__PREFIX__cities` (`country_code`, `name`, `longitude`, `latitude`, `feature_class`, `feature_code`, `subadmin1_code`, `subadmin2_code`, `population`, `time_zone`, `active`, `created_at`, `updated_at`) VALUES ('AT','{\"en\":\"Kremsmünster\"}',14.13,48.05,'P','PPL','AT.04','AT.04.409',6585,'Europe/Vienna',1,'2018-07-27 23:00:00','2018-07-27 23:00:00');
INSERT INTO `__PREFIX__cities` (`country_code`, `name`, `longitude`, `latitude`, `feature_class`, `feature_code`, `subadmin1_code`, `subadmin2_code`, `population`, `time_zone`, `active`, `created_at`, `updated_at`) VALUES ('AT','{\"en\":\"Krems an der Donau\"}',15.61,48.41,'P','PPLA3','AT.03','AT.03.301',14473,'Europe/Vienna',1,'2018-07-27 23:00:00','2018-07-27 23:00:00');
INSERT INTO `__PREFIX__cities` (`country_code`, `name`, `longitude`, `latitude`, `feature_class`, `feature_code`, `subadmin1_code`, `subadmin2_code`, `population`, `time_zone`, `active`, `created_at`, `updated_at`) VALUES ('AT','{\"en\":\"Kottingbrunn\"}',16.23,47.95,'P','PPLA3','AT.03','AT.03.306',7417,'Europe/Vienna',1,'2018-07-27 23:00:00','2018-07-27 23:00:00');
INSERT INTO `__PREFIX__cities` (`country_code`, `name`, `longitude`, `latitude`, `feature_class`, `feature_code`, `subadmin1_code`, `subadmin2_code`, `population`, `time_zone`, `active`, `created_at`, `updated_at`) VALUES ('AT','{\"en\":\"Korneuburg\"}',16.33,48.35,'P','PPLA3','AT.03','AT.03.312',12986,'Europe/Vienna',1,'2018-07-27 23:00:00','2018-07-27 23:00:00');
INSERT INTO `__PREFIX__cities` (`country_code`, `name`, `longitude`, `latitude`, `feature_class`, `feature_code`, `subadmin1_code`, `subadmin2_code`, `population`, `time_zone`, `active`, `created_at`, `updated_at`) VALUES ('AT','{\"en\":\"Knittelfeld\"}',14.82,47.22,'P','PPLA3','AT.06','AT.06.620',11521,'Europe/Vienna',1,'2018-07-27 23:00:00','2018-07-27 23:00:00');
INSERT INTO `__PREFIX__cities` (`country_code`, `name`, `longitude`, `latitude`, `feature_class`, `feature_code`, `subadmin1_code`, `subadmin2_code`, `population`, `time_zone`, `active`, `created_at`, `updated_at`) VALUES ('AT','{\"en\":\"Klosterneuburg\"}',16.33,48.31,'P','PPLA3','AT.03','AT.03.321',15614,'Europe/Vienna',1,'2019-09-04 23:00:00','2019-09-04 23:00:00');
INSERT INTO `__PREFIX__cities` (`country_code`, `name`, `longitude`, `latitude`, `feature_class`, `feature_code`, `subadmin1_code`, `subadmin2_code`, `population`, `time_zone`, `active`, `created_at`, `updated_at`) VALUES ('AT','{\"en\":\"Klagenfurt am Wörthersee\"}',14.31,46.62,'P','PPLA','AT.02','AT.02.201',90610,'Europe/Vienna',1,'2018-03-12 23:00:00','2018-03-12 23:00:00');
INSERT INTO `__PREFIX__cities` (`country_code`, `name`, `longitude`, `latitude`, `feature_class`, `feature_code`, `subadmin1_code`, `subadmin2_code`, `population`, `time_zone`, `active`, `created_at`, `updated_at`) VALUES ('AT','{\"en\":\"Kitzbühel\"}',12.39,47.45,'P','PPLA3','AT.07','AT.07.704',8272,'Europe/Vienna',1,'2018-07-27 23:00:00','2018-07-27 23:00:00');
INSERT INTO `__PREFIX__cities` (`country_code`, `name`, `longitude`, `latitude`, `feature_class`, `feature_code`, `subadmin1_code`, `subadmin2_code`, `population`, `time_zone`, `active`, `created_at`, `updated_at`) VALUES ('AT','{\"en\":\"Kirchberg in Tirol\"}',12.32,47.45,'P','PPLA3','AT.07','AT.07.704',5245,'Europe/Vienna',1,'2018-07-27 23:00:00','2018-07-27 23:00:00');
INSERT INTO `__PREFIX__cities` (`country_code`, `name`, `longitude`, `latitude`, `feature_class`, `feature_code`, `subadmin1_code`, `subadmin2_code`, `population`, `time_zone`, `active`, `created_at`, `updated_at`) VALUES ('AT','{\"en\":\"Kindberg\"}',15.45,47.50,'P','PPLA3','AT.06','AT.06.621',5197,'Europe/Vienna',1,'2018-07-27 23:00:00','2018-07-27 23:00:00');
INSERT INTO `__PREFIX__cities` (`country_code`, `name`, `longitude`, `latitude`, `feature_class`, `feature_code`, `subadmin1_code`, `subadmin2_code`, `population`, `time_zone`, `active`, `created_at`, `updated_at`) VALUES ('AT','{\"en\":\"Kalsdorf bei Graz\"}',15.48,46.97,'P','PPLA3','AT.06','AT.06.606',5171,'Europe/Vienna',1,'2018-07-27 23:00:00','2018-07-27 23:00:00');
INSERT INTO `__PREFIX__cities` (`country_code`, `name`, `longitude`, `latitude`, `feature_class`, `feature_code`, `subadmin1_code`, `subadmin2_code`, `population`, `time_zone`, `active`, `created_at`, `updated_at`) VALUES ('AT','{\"en\":\"Judendorf\"}',15.10,47.40,'P','PPLX','AT.06','AT.06.611',5475,'Europe/Vienna',1,'2018-07-27 23:00:00','2018-07-27 23:00:00');
INSERT INTO `__PREFIX__cities` (`country_code`, `name`, `longitude`, `latitude`, `feature_class`, `feature_code`, `subadmin1_code`, `subadmin2_code`, `population`, `time_zone`, `active`, `created_at`, `updated_at`) VALUES ('AT','{\"en\":\"Judenburg\"}',14.67,47.17,'P','PPLA3','AT.06','AT.06.620',8481,'Europe/Vienna',1,'2018-07-27 23:00:00','2018-07-27 23:00:00');
INSERT INTO `__PREFIX__cities` (`country_code`, `name`, `longitude`, `latitude`, `feature_class`, `feature_code`, `subadmin1_code`, `subadmin2_code`, `population`, `time_zone`, `active`, `created_at`, `updated_at`) VALUES ('AT','{\"en\":\"Jenbach\"}',11.77,47.39,'P','PPLA3','AT.07','AT.07.709',7120,'Europe/Vienna',1,'2018-07-27 23:00:00','2018-07-27 23:00:00');
INSERT INTO `__PREFIX__cities` (`country_code`, `name`, `longitude`, `latitude`, `feature_class`, `feature_code`, `subadmin1_code`, `subadmin2_code`, `population`, `time_zone`, `active`, `created_at`, `updated_at`) VALUES ('AT','{\"en\":\"Innsbruck\"}',11.39,47.26,'P','PPLA','AT.07','AT.07.701',132493,'Europe/Vienna',1,'2019-09-04 23:00:00','2019-09-04 23:00:00');
INSERT INTO `__PREFIX__cities` (`country_code`, `name`, `longitude`, `latitude`, `feature_class`, `feature_code`, `subadmin1_code`, `subadmin2_code`, `population`, `time_zone`, `active`, `created_at`, `updated_at`) VALUES ('AT','{\"en\":\"Innere Stadt\"}',16.37,48.21,'P','PPLX','AT.09','AT.09.900',16450,'Europe/Vienna',1,'2018-07-28 23:00:00','2018-07-28 23:00:00');
INSERT INTO `__PREFIX__cities` (`country_code`, `name`, `longitude`, `latitude`, `feature_class`, `feature_code`, `subadmin1_code`, `subadmin2_code`, `population`, `time_zone`, `active`, `created_at`, `updated_at`) VALUES ('AT','{\"en\":\"Imst\"}',10.74,47.25,'P','PPLA3','AT.07','AT.07.702',10504,'Europe/Vienna',1,'2018-07-27 23:00:00','2018-07-27 23:00:00');
INSERT INTO `__PREFIX__cities` (`country_code`, `name`, `longitude`, `latitude`, `feature_class`, `feature_code`, `subadmin1_code`, `subadmin2_code`, `population`, `time_zone`, `active`, `created_at`, `updated_at`) VALUES ('AT','{\"en\":\"Hötting\"}',11.37,47.27,'P','PPLX','AT.07','AT.07.701',35043,'Europe/Vienna',1,'2018-07-30 23:00:00','2018-07-30 23:00:00');
INSERT INTO `__PREFIX__cities` (`country_code`, `name`, `longitude`, `latitude`, `feature_class`, `feature_code`, `subadmin1_code`, `subadmin2_code`, `population`, `time_zone`, `active`, `created_at`, `updated_at`) VALUES ('AT','{\"en\":\"Horn\"}',15.66,48.66,'P','PPLA3','AT.03','AT.03.311',5494,'Europe/Vienna',1,'2018-07-27 23:00:00','2018-07-27 23:00:00');
INSERT INTO `__PREFIX__cities` (`country_code`, `name`, `longitude`, `latitude`, `feature_class`, `feature_code`, `subadmin1_code`, `subadmin2_code`, `population`, `time_zone`, `active`, `created_at`, `updated_at`) VALUES ('AT','{\"en\":\"Hörbranz\"}',9.75,47.55,'P','PPLA3','AT.08','AT.08.802',6346,'Europe/Vienna',1,'2018-07-27 23:00:00','2018-07-27 23:00:00');
INSERT INTO `__PREFIX__cities` (`country_code`, `name`, `longitude`, `latitude`, `feature_class`, `feature_code`, `subadmin1_code`, `subadmin2_code`, `population`, `time_zone`, `active`, `created_at`, `updated_at`) VALUES ('AT','{\"en\":\"Hollabrunn\"}',16.08,48.55,'P','PPLA3','AT.03','AT.03.310',6882,'Europe/Vienna',1,'2018-07-27 23:00:00','2018-07-27 23:00:00');
INSERT INTO `__PREFIX__cities` (`country_code`, `name`, `longitude`, `latitude`, `feature_class`, `feature_code`, `subadmin1_code`, `subadmin2_code`, `population`, `time_zone`, `active`, `created_at`, `updated_at`) VALUES ('AT','{\"en\":\"Hohenems\"}',9.69,47.36,'P','PPLA3','AT.08','AT.08.803',16317,'Europe/Vienna',1,'2021-09-30 23:00:00','2021-09-30 23:00:00');
INSERT INTO `__PREFIX__cities` (`country_code`, `name`, `longitude`, `latitude`, `feature_class`, `feature_code`, `subadmin1_code`, `subadmin2_code`, `population`, `time_zone`, `active`, `created_at`, `updated_at`) VALUES ('AT','{\"en\":\"Höchst\"}',9.64,47.46,'P','PPLA3','AT.08','AT.08.802',7995,'Europe/Vienna',1,'2018-07-27 23:00:00','2018-07-27 23:00:00');
INSERT INTO `__PREFIX__cities` (`country_code`, `name`, `longitude`, `latitude`, `feature_class`, `feature_code`, `subadmin1_code`, `subadmin2_code`, `population`, `time_zone`, `active`, `created_at`, `updated_at`) VALUES ('AT','{\"en\":\"Himberg\"}',16.43,48.08,'P','PPLA3','AT.03','AT.03.307',5331,'Europe/Vienna',1,'2018-07-27 23:00:00','2018-07-27 23:00:00');
INSERT INTO `__PREFIX__cities` (`country_code`, `name`, `longitude`, `latitude`, `feature_class`, `feature_code`, `subadmin1_code`, `subadmin2_code`, `population`, `time_zone`, `active`, `created_at`, `updated_at`) VALUES ('AT','{\"en\":\"Hietzing\"}',16.30,48.19,'P','PPLX','AT.09','AT.09.900',54265,'Europe/Vienna',1,'2018-07-28 23:00:00','2018-07-28 23:00:00');
INSERT INTO `__PREFIX__cities` (`country_code`, `name`, `longitude`, `latitude`, `feature_class`, `feature_code`, `subadmin1_code`, `subadmin2_code`, `population`, `time_zone`, `active`, `created_at`, `updated_at`) VALUES ('AT','{\"en\":\"Hernals\"}',16.27,48.23,'P','PPLX','AT.09','AT.09.900',57546,'Europe/Vienna',1,'2018-07-28 23:00:00','2018-07-28 23:00:00');
INSERT INTO `__PREFIX__cities` (`country_code`, `name`, `longitude`, `latitude`, `feature_class`, `feature_code`, `subadmin1_code`, `subadmin2_code`, `population`, `time_zone`, `active`, `created_at`, `updated_at`) VALUES ('AT','{\"en\":\"Hart\"}',14.26,48.27,'P','PPL','AT.04','AT.04.410',5610,'Europe/Vienna',1,'2018-07-27 23:00:00','2018-07-27 23:00:00');
INSERT INTO `__PREFIX__cities` (`country_code`, `name`, `longitude`, `latitude`, `feature_class`, `feature_code`, `subadmin1_code`, `subadmin2_code`, `population`, `time_zone`, `active`, `created_at`, `updated_at`) VALUES ('AT','{\"en\":\"Hard\"}',9.68,47.48,'P','PPLA3','AT.08','AT.08.802',13495,'Europe/Vienna',1,'2018-07-27 23:00:00','2018-07-27 23:00:00');
INSERT INTO `__PREFIX__cities` (`country_code`, `name`, `longitude`, `latitude`, `feature_class`, `feature_code`, `subadmin1_code`, `subadmin2_code`, `population`, `time_zone`, `active`, `created_at`, `updated_at`) VALUES ('AT','{\"en\":\"Hallein\"}',13.10,47.68,'P','PPLA3','AT.05','AT.05.502',7208,'Europe/Vienna',1,'2018-07-27 23:00:00','2018-07-27 23:00:00');
INSERT INTO `__PREFIX__cities` (`country_code`, `name`, `longitude`, `latitude`, `feature_class`, `feature_code`, `subadmin1_code`, `subadmin2_code`, `population`, `time_zone`, `active`, `created_at`, `updated_at`) VALUES ('AT','{\"en\":\"Hainburg an der Donau\"}',16.95,48.15,'P','PPL','AT.03','AT.03.307',6570,'Europe/Vienna',1,'2018-07-27 23:00:00','2018-07-27 23:00:00');
INSERT INTO `__PREFIX__cities` (`country_code`, `name`, `longitude`, `latitude`, `feature_class`, `feature_code`, `subadmin1_code`, `subadmin2_code`, `population`, `time_zone`, `active`, `created_at`, `updated_at`) VALUES ('AT','{\"en\":\"Haid\"}',14.25,48.20,'P','PPL','AT.04','AT.04.410',7424,'Europe/Vienna',1,'2018-07-27 23:00:00','2018-07-27 23:00:00');
INSERT INTO `__PREFIX__cities` (`country_code`, `name`, `longitude`, `latitude`, `feature_class`, `feature_code`, `subadmin1_code`, `subadmin2_code`, `population`, `time_zone`, `active`, `created_at`, `updated_at`) VALUES ('AT','{\"en\":\"Hafendorf\"}',15.32,47.46,'P','PPL','AT.06','AT.06.621',6506,'Europe/Vienna',1,'2018-07-27 23:00:00','2018-07-27 23:00:00');
INSERT INTO `__PREFIX__cities` (`country_code`, `name`, `longitude`, `latitude`, `feature_class`, `feature_code`, `subadmin1_code`, `subadmin2_code`, `population`, `time_zone`, `active`, `created_at`, `updated_at`) VALUES ('AT','{\"en\":\"Haag\"}',14.27,48.27,'P','PPL','AT.04','AT.04.410',5273,'Europe/Vienna',1,'2018-07-27 23:00:00','2018-07-27 23:00:00');
INSERT INTO `__PREFIX__cities` (`country_code`, `name`, `longitude`, `latitude`, `feature_class`, `feature_code`, `subadmin1_code`, `subadmin2_code`, `population`, `time_zone`, `active`, `created_at`, `updated_at`) VALUES ('AT','{\"en\":\"Guntramsdorf\"}',16.31,48.05,'P','PPLA3','AT.03','AT.03.317',9179,'Europe/Vienna',1,'2018-07-27 23:00:00','2018-07-27 23:00:00');
INSERT INTO `__PREFIX__cities` (`country_code`, `name`, `longitude`, `latitude`, `feature_class`, `feature_code`, `subadmin1_code`, `subadmin2_code`, `population`, `time_zone`, `active`, `created_at`, `updated_at`) VALUES ('AT','{\"en\":\"Groß-Enzersdorf\"}',16.55,48.20,'P','PPLA3','AT.03','AT.03.308',6616,'Europe/Vienna',1,'2021-08-26 23:00:00','2021-08-26 23:00:00');
INSERT INTO `__PREFIX__cities` (`country_code`, `name`, `longitude`, `latitude`, `feature_class`, `feature_code`, `subadmin1_code`, `subadmin2_code`, `population`, `time_zone`, `active`, `created_at`, `updated_at`) VALUES ('AT','{\"en\":\"Graz\"}',15.45,47.07,'P','PPLA','AT.06','AT.06.601',222326,'Europe/Vienna',1,'2021-08-07 23:00:00','2021-08-07 23:00:00');
INSERT INTO `__PREFIX__cities` (`country_code`, `name`, `longitude`, `latitude`, `feature_class`, `feature_code`, `subadmin1_code`, `subadmin2_code`, `population`, `time_zone`, `active`, `created_at`, `updated_at`) VALUES ('AT','{\"en\":\"Gratkorn\"}',15.35,47.13,'P','PPLA3','AT.06','AT.06.606',6806,'Europe/Vienna',1,'2011-07-30 23:00:00','2011-07-30 23:00:00');
INSERT INTO `__PREFIX__cities` (`country_code`, `name`, `longitude`, `latitude`, `feature_class`, `feature_code`, `subadmin1_code`, `subadmin2_code`, `population`, `time_zone`, `active`, `created_at`, `updated_at`) VALUES ('AT','{\"en\":\"Götzis\"}',9.63,47.33,'P','PPLA3','AT.08','AT.08.804',11473,'Europe/Vienna',1,'2018-07-27 23:00:00','2018-07-27 23:00:00');
INSERT INTO `__PREFIX__cities` (`country_code`, `name`, `longitude`, `latitude`, `feature_class`, `feature_code`, `subadmin1_code`, `subadmin2_code`, `population`, `time_zone`, `active`, `created_at`, `updated_at`) VALUES ('AT','{\"en\":\"Gösting\"}',15.40,47.10,'P','PPLX','AT.06','AT.06.601',11255,'Europe/Vienna',1,'2018-07-28 23:00:00','2018-07-28 23:00:00');
INSERT INTO `__PREFIX__cities` (`country_code`, `name`, `longitude`, `latitude`, `feature_class`, `feature_code`, `subadmin1_code`, `subadmin2_code`, `population`, `time_zone`, `active`, `created_at`, `updated_at`) VALUES ('AT','{\"en\":\"Gmunden\"}',13.80,47.92,'P','PPL','AT.04','AT.04.407',13191,'Europe/Vienna',1,'2018-07-27 23:00:00','2018-07-27 23:00:00');
INSERT INTO `__PREFIX__cities` (`country_code`, `name`, `longitude`, `latitude`, `feature_class`, `feature_code`, `subadmin1_code`, `subadmin2_code`, `population`, `time_zone`, `active`, `created_at`, `updated_at`) VALUES ('AT','{\"en\":\"Gleisdorf\"}',15.71,47.11,'P','PPLA3','AT.06','AT.06.617',6418,'Europe/Vienna',1,'2020-04-25 23:00:00','2020-04-25 23:00:00');
INSERT INTO `__PREFIX__cities` (`country_code`, `name`, `longitude`, `latitude`, `feature_class`, `feature_code`, `subadmin1_code`, `subadmin2_code`, `population`, `time_zone`, `active`, `created_at`, `updated_at`) VALUES ('AT','{\"en\":\"Gerasdorf bei Wien\"}',16.47,48.29,'P','PPLA3','AT.03','AT.03.312',9442,'Europe/Vienna',1,'2018-07-27 23:00:00','2018-07-27 23:00:00');
INSERT INTO `__PREFIX__cities` (`country_code`, `name`, `longitude`, `latitude`, `feature_class`, `feature_code`, `subadmin1_code`, `subadmin2_code`, `population`, `time_zone`, `active`, `created_at`, `updated_at`) VALUES ('AT','{\"en\":\"Gänserndorf\"}',16.72,48.34,'P','PPLA3','AT.03','AT.03.308',11404,'Europe/Vienna',1,'2018-07-27 23:00:00','2018-07-27 23:00:00');
INSERT INTO `__PREFIX__cities` (`country_code`, `name`, `longitude`, `latitude`, `feature_class`, `feature_code`, `subadmin1_code`, `subadmin2_code`, `population`, `time_zone`, `active`, `created_at`, `updated_at`) VALUES ('AT','{\"en\":\"Gallneukirchen\"}',14.42,48.35,'P','PPLA3','AT.04','AT.04.416',6492,'Europe/Vienna',1,'2018-07-27 23:00:00','2018-07-27 23:00:00');
INSERT INTO `__PREFIX__cities` (`country_code`, `name`, `longitude`, `latitude`, `feature_class`, `feature_code`, `subadmin1_code`, `subadmin2_code`, `population`, `time_zone`, `active`, `created_at`, `updated_at`) VALUES ('AT','{\"en\":\"Fürstenfeld\"}',16.08,47.05,'P','PPLA3','AT.06','AT.06.622',6327,'Europe/Vienna',1,'2018-07-27 23:00:00','2018-07-27 23:00:00');
INSERT INTO `__PREFIX__cities` (`country_code`, `name`, `longitude`, `latitude`, `feature_class`, `feature_code`, `subadmin1_code`, `subadmin2_code`, `population`, `time_zone`, `active`, `created_at`, `updated_at`) VALUES ('AT','{\"en\":\"Freistadt\"}',14.50,48.51,'P','PPL','AT.04','AT.04.406',7397,'Europe/Vienna',1,'2018-07-27 23:00:00','2018-07-27 23:00:00');
INSERT INTO `__PREFIX__cities` (`country_code`, `name`, `longitude`, `latitude`, `feature_class`, `feature_code`, `subadmin1_code`, `subadmin2_code`, `population`, `time_zone`, `active`, `created_at`, `updated_at`) VALUES ('AT','{\"en\":\"Floridsdorf\"}',16.40,48.25,'P','PPLX','AT.09','AT.09.900',162779,'Europe/Vienna',1,'2018-07-28 23:00:00','2018-07-28 23:00:00');
INSERT INTO `__PREFIX__cities` (`country_code`, `name`, `longitude`, `latitude`, `feature_class`, `feature_code`, `subadmin1_code`, `subadmin2_code`, `population`, `time_zone`, `active`, `created_at`, `updated_at`) VALUES ('AT','{\"en\":\"Feldkirch\"}',9.60,47.23,'P','PPLA2','AT.08','AT.08.804',33420,'Europe/Vienna',1,'2018-07-27 23:00:00','2018-07-27 23:00:00');
INSERT INTO `__PREFIX__cities` (`country_code`, `name`, `longitude`, `latitude`, `feature_class`, `feature_code`, `subadmin1_code`, `subadmin2_code`, `population`, `time_zone`, `active`, `created_at`, `updated_at`) VALUES ('AT','{\"en\":\"Enns\"}',14.48,48.21,'P','PPL','AT.04','AT.04.410',9812,'Europe/Vienna',1,'2018-07-27 23:00:00','2018-07-27 23:00:00');
INSERT INTO `__PREFIX__cities` (`country_code`, `name`, `longitude`, `latitude`, `feature_class`, `feature_code`, `subadmin1_code`, `subadmin2_code`, `population`, `time_zone`, `active`, `created_at`, `updated_at`) VALUES ('AT','{\"en\":\"Eisenstadt\"}',16.52,47.85,'P','PPLA','AT.01','AT.01.101',9217,'Europe/Vienna',1,'2019-09-04 23:00:00','2019-09-04 23:00:00');
INSERT INTO `__PREFIX__cities` (`country_code`, `name`, `longitude`, `latitude`, `feature_class`, `feature_code`, `subadmin1_code`, `subadmin2_code`, `population`, `time_zone`, `active`, `created_at`, `updated_at`) VALUES ('AT','{\"en\":\"Eggenberg\"}',15.40,47.07,'P','PPLX','AT.06','AT.06.601',20511,'Europe/Vienna',1,'2018-07-28 23:00:00','2018-07-28 23:00:00');
INSERT INTO `__PREFIX__cities` (`country_code`, `name`, `longitude`, `latitude`, `feature_class`, `feature_code`, `subadmin1_code`, `subadmin2_code`, `population`, `time_zone`, `active`, `created_at`, `updated_at`) VALUES ('AT','{\"en\":\"Ebreichsdorf\"}',16.41,47.96,'P','PPLA3','AT.03','AT.03.306',5236,'Europe/Vienna',1,'2018-07-27 23:00:00','2018-07-27 23:00:00');
INSERT INTO `__PREFIX__cities` (`country_code`, `name`, `longitude`, `latitude`, `feature_class`, `feature_code`, `subadmin1_code`, `subadmin2_code`, `population`, `time_zone`, `active`, `created_at`, `updated_at`) VALUES ('AT','{\"en\":\"Dornbirn\"}',9.74,47.41,'P','PPLA3','AT.08','AT.08.803',49278,'Europe/Vienna',1,'2019-09-04 23:00:00','2019-09-04 23:00:00');
INSERT INTO `__PREFIX__cities` (`country_code`, `name`, `longitude`, `latitude`, `feature_class`, `feature_code`, `subadmin1_code`, `subadmin2_code`, `population`, `time_zone`, `active`, `created_at`, `updated_at`) VALUES ('AT','{\"en\":\"Deutsch-Wagram\"}',16.57,48.30,'P','PPLA3','AT.03','AT.03.308',8651,'Europe/Vienna',1,'2019-09-04 23:00:00','2019-09-04 23:00:00');
INSERT INTO `__PREFIX__cities` (`country_code`, `name`, `longitude`, `latitude`, `feature_class`, `feature_code`, `subadmin1_code`, `subadmin2_code`, `population`, `time_zone`, `active`, `created_at`, `updated_at`) VALUES ('AT','{\"en\":\"Deutschlandsberg\"}',15.22,46.82,'P','PPLA3','AT.06','AT.06.603',8429,'Europe/Vienna',1,'2018-07-27 23:00:00','2018-07-27 23:00:00');
INSERT INTO `__PREFIX__cities` (`country_code`, `name`, `longitude`, `latitude`, `feature_class`, `feature_code`, `subadmin1_code`, `subadmin2_code`, `population`, `time_zone`, `active`, `created_at`, `updated_at`) VALUES ('AT','{\"en\":\"Deuchendorf\"}',15.32,47.47,'P','PPL','AT.06','AT.06.621',5507,'Europe/Vienna',1,'2018-07-27 23:00:00','2018-07-27 23:00:00');
INSERT INTO `__PREFIX__cities` (`country_code`, `name`, `longitude`, `latitude`, `feature_class`, `feature_code`, `subadmin1_code`, `subadmin2_code`, `population`, `time_zone`, `active`, `created_at`, `updated_at`) VALUES ('AT','{\"en\":\"Brunn am Gebirge\"}',16.28,48.11,'P','PPLA3','AT.03','AT.03.317',11864,'Europe/Vienna',1,'2018-07-27 23:00:00','2018-07-27 23:00:00');
INSERT INTO `__PREFIX__cities` (`country_code`, `name`, `longitude`, `latitude`, `feature_class`, `feature_code`, `subadmin1_code`, `subadmin2_code`, `population`, `time_zone`, `active`, `created_at`, `updated_at`) VALUES ('AT','{\"en\":\"Bruck an der Mur\"}',15.28,47.42,'P','PPLA3','AT.06','AT.06.621',9093,'Europe/Vienna',1,'2018-07-27 23:00:00','2018-07-27 23:00:00');
INSERT INTO `__PREFIX__cities` (`country_code`, `name`, `longitude`, `latitude`, `feature_class`, `feature_code`, `subadmin1_code`, `subadmin2_code`, `population`, `time_zone`, `active`, `created_at`, `updated_at`) VALUES ('AT','{\"en\":\"Bruck an der Leitha\"}',16.78,48.02,'P','PPLA3','AT.03','AT.03.307',6882,'Europe/Vienna',1,'2021-04-30 23:00:00','2021-04-30 23:00:00');
INSERT INTO `__PREFIX__cities` (`country_code`, `name`, `longitude`, `latitude`, `feature_class`, `feature_code`, `subadmin1_code`, `subadmin2_code`, `population`, `time_zone`, `active`, `created_at`, `updated_at`) VALUES ('AT','{\"en\":\"Breitenfurt bei Wien\"}',16.15,48.13,'P','PPLA3','AT.03','AT.03.317',5853,'Europe/Vienna',1,'2018-07-27 23:00:00','2018-07-27 23:00:00');
INSERT INTO `__PREFIX__cities` (`country_code`, `name`, `longitude`, `latitude`, `feature_class`, `feature_code`, `subadmin1_code`, `subadmin2_code`, `population`, `time_zone`, `active`, `created_at`, `updated_at`) VALUES ('AT','{\"en\":\"Bregenz\"}',9.75,47.50,'P','PPLA','AT.08','AT.08.802',29471,'Europe/Vienna',1,'2019-09-04 23:00:00','2019-09-04 23:00:00');
INSERT INTO `__PREFIX__cities` (`country_code`, `name`, `longitude`, `latitude`, `feature_class`, `feature_code`, `subadmin1_code`, `subadmin2_code`, `population`, `time_zone`, `active`, `created_at`, `updated_at`) VALUES ('AT','{\"en\":\"Bludenz\"}',9.82,47.15,'P','PPLA2','AT.08','AT.08.801',13534,'Europe/Vienna',1,'2018-07-27 23:00:00','2018-07-27 23:00:00');
INSERT INTO `__PREFIX__cities` (`country_code`, `name`, `longitude`, `latitude`, `feature_class`, `feature_code`, `subadmin1_code`, `subadmin2_code`, `population`, `time_zone`, `active`, `created_at`, `updated_at`) VALUES ('AT','{\"en\":\"Bischofshofen\"}',13.22,47.42,'P','PPLA3','AT.05','AT.05.504',7457,'Europe/Vienna',1,'2018-07-27 23:00:00','2018-07-27 23:00:00');
INSERT INTO `__PREFIX__cities` (`country_code`, `name`, `longitude`, `latitude`, `feature_class`, `feature_code`, `subadmin1_code`, `subadmin2_code`, `population`, `time_zone`, `active`, `created_at`, `updated_at`) VALUES ('AT','{\"en\":\"Berndorf\"}',16.11,47.95,'P','PPLA3','AT.03','AT.03.306',9064,'Europe/Vienna',1,'2018-07-27 23:00:00','2018-07-27 23:00:00');
INSERT INTO `__PREFIX__cities` (`country_code`, `name`, `longitude`, `latitude`, `feature_class`, `feature_code`, `subadmin1_code`, `subadmin2_code`, `population`, `time_zone`, `active`, `created_at`, `updated_at`) VALUES ('AT','{\"en\":\"Bad Vöslau\"}',16.21,47.97,'P','PPLA3','AT.03','AT.03.306',7469,'Europe/Vienna',1,'2018-07-27 23:00:00','2018-07-27 23:00:00');
INSERT INTO `__PREFIX__cities` (`country_code`, `name`, `longitude`, `latitude`, `feature_class`, `feature_code`, `subadmin1_code`, `subadmin2_code`, `population`, `time_zone`, `active`, `created_at`, `updated_at`) VALUES ('AT','{\"en\":\"Bad Hall\"}',14.21,48.04,'P','PPL','AT.04','AT.04.415',5296,'Europe/Vienna',1,'2018-07-27 23:00:00','2018-07-27 23:00:00');
INSERT INTO `__PREFIX__cities` (`country_code`, `name`, `longitude`, `latitude`, `feature_class`, `feature_code`, `subadmin1_code`, `subadmin2_code`, `population`, `time_zone`, `active`, `created_at`, `updated_at`) VALUES ('AT','{\"en\":\"Baden\"}',16.23,48.01,'P','PPLA3','AT.03','AT.03.306',26286,'Europe/Vienna',1,'2018-07-27 23:00:00','2018-07-27 23:00:00');
INSERT INTO `__PREFIX__cities` (`country_code`, `name`, `longitude`, `latitude`, `feature_class`, `feature_code`, `subadmin1_code`, `subadmin2_code`, `population`, `time_zone`, `active`, `created_at`, `updated_at`) VALUES ('AT','{\"en\":\"Axams\"}',11.28,47.23,'P','PPLA3','AT.07','AT.07.703',5130,'Europe/Vienna',1,'2018-07-27 23:00:00','2018-07-27 23:00:00');
INSERT INTO `__PREFIX__cities` (`country_code`, `name`, `longitude`, `latitude`, `feature_class`, `feature_code`, `subadmin1_code`, `subadmin2_code`, `population`, `time_zone`, `active`, `created_at`, `updated_at`) VALUES ('AT','{\"en\":\"Arzl\"}',11.43,47.28,'P','PPLX','AT.07','AT.07.701',11082,'Europe/Vienna',1,'2018-07-27 23:00:00','2018-07-27 23:00:00');
INSERT INTO `__PREFIX__cities` (`country_code`, `name`, `longitude`, `latitude`, `feature_class`, `feature_code`, `subadmin1_code`, `subadmin2_code`, `population`, `time_zone`, `active`, `created_at`, `updated_at`) VALUES ('AT','{\"en\":\"Annabichl\"}',14.32,46.65,'P','PPLX','AT.02','AT.02.201',11374,'Europe/Vienna',1,'2018-07-28 23:00:00','2018-07-28 23:00:00');
INSERT INTO `__PREFIX__cities` (`country_code`, `name`, `longitude`, `latitude`, `feature_class`, `feature_code`, `subadmin1_code`, `subadmin2_code`, `population`, `time_zone`, `active`, `created_at`, `updated_at`) VALUES ('AT','{\"en\":\"Amstetten\"}',14.87,48.12,'P','PPLA3','AT.03','AT.03.305',15559,'Europe/Vienna',1,'2018-07-27 23:00:00','2018-07-27 23:00:00');
INSERT INTO `__PREFIX__cities` (`country_code`, `name`, `longitude`, `latitude`, `feature_class`, `feature_code`, `subadmin1_code`, `subadmin2_code`, `population`, `time_zone`, `active`, `created_at`, `updated_at`) VALUES ('AT','{\"en\":\"Amras\"}',11.42,47.25,'P','PPLX','AT.07','AT.07.701',5771,'Europe/Vienna',1,'2018-07-27 23:00:00','2018-07-27 23:00:00');
INSERT INTO `__PREFIX__cities` (`country_code`, `name`, `longitude`, `latitude`, `feature_class`, `feature_code`, `subadmin1_code`, `subadmin2_code`, `population`, `time_zone`, `active`, `created_at`, `updated_at`) VALUES ('AT','{\"en\":\"Altach\"}',9.65,47.35,'P','PPLA3','AT.08','AT.08.804',6624,'Europe/Vienna',1,'2021-06-20 23:00:00','2021-06-20 23:00:00');
INSERT INTO `__PREFIX__cities` (`country_code`, `name`, `longitude`, `latitude`, `feature_class`, `feature_code`, `subadmin1_code`, `subadmin2_code`, `population`, `time_zone`, `active`, `created_at`, `updated_at`) VALUES ('AT','{\"en\":\"Absam\"}',11.51,47.30,'P','PPLA3','AT.07','AT.07.703',7112,'Europe/Vienna',1,'2018-07-30 23:00:00','2018-07-30 23:00:00');
INSERT INTO `__PREFIX__cities` (`country_code`, `name`, `longitude`, `latitude`, `feature_class`, `feature_code`, `subadmin1_code`, `subadmin2_code`, `population`, `time_zone`, `active`, `created_at`, `updated_at`) VALUES ('AT','{\"en\":\"Finkenstein am Faaker See\"}',13.87,46.56,'P','PPLA3','AT.02','AT.02.207',8406,'Europe/Vienna',1,'2020-04-14 23:00:00','2020-04-14 23:00:00');
INSERT INTO `__PREFIX__cities` (`country_code`, `name`, `longitude`, `latitude`, `feature_class`, `feature_code`, `subadmin1_code`, `subadmin2_code`, `population`, `time_zone`, `active`, `created_at`, `updated_at`) VALUES ('AT','{\"en\":\"Attnang-Puchheim\"}',13.72,48.01,'P','PPLA3','AT.04','AT.04.417',8908,'Europe/Vienna',1,'2011-07-30 23:00:00','2011-07-30 23:00:00');
INSERT INTO `__PREFIX__cities` (`country_code`, `name`, `longitude`, `latitude`, `feature_class`, `feature_code`, `subadmin1_code`, `subadmin2_code`, `population`, `time_zone`, `active`, `created_at`, `updated_at`) VALUES ('AT','{\"en\":\"Auen\"}',13.84,46.60,'P','PPLX','AT.02','AT.02.202',6563,'Europe/Vienna',1,'2018-07-27 23:00:00','2018-07-27 23:00:00');
INSERT INTO `__PREFIX__cities` (`country_code`, `name`, `longitude`, `latitude`, `feature_class`, `feature_code`, `subadmin1_code`, `subadmin2_code`, `population`, `time_zone`, `active`, `created_at`, `updated_at`) VALUES ('AT','{\"en\":\"Favoriten\"}',16.38,48.16,'P','PPLX','AT.09','AT.09.900',201882,'Europe/Vienna',1,'2018-07-28 23:00:00','2018-07-28 23:00:00');
INSERT INTO `__PREFIX__cities` (`country_code`, `name`, `longitude`, `latitude`, `feature_class`, `feature_code`, `subadmin1_code`, `subadmin2_code`, `population`, `time_zone`, `active`, `created_at`, `updated_at`) VALUES ('AT','{\"en\":\"Frastanz\"}',9.63,47.22,'P','PPL','AT.08','AT.08.804',6434,'Europe/Vienna',1,'2018-07-27 23:00:00','2018-07-27 23:00:00');
INSERT INTO `__PREFIX__cities` (`country_code`, `name`, `longitude`, `latitude`, `feature_class`, `feature_code`, `subadmin1_code`, `subadmin2_code`, `population`, `time_zone`, `active`, `created_at`, `updated_at`) VALUES ('AT','{\"en\":\"Kirchbichl\"}',12.10,47.52,'P','PPL','AT.07','AT.07.705',5855,'Europe/Vienna',1,'2018-07-27 23:00:00','2018-07-27 23:00:00');
INSERT INTO `__PREFIX__cities` (`country_code`, `name`, `longitude`, `latitude`, `feature_class`, `feature_code`, `subadmin1_code`, `subadmin2_code`, `population`, `time_zone`, `active`, `created_at`, `updated_at`) VALUES ('AT','{\"en\":\"Kirchenviertel\"}',15.35,47.13,'P','PPLX','AT.06','AT.06.606',5791,'Europe/Vienna',1,'2018-07-27 23:00:00','2018-07-27 23:00:00');
INSERT INTO `__PREFIX__cities` (`country_code`, `name`, `longitude`, `latitude`, `feature_class`, `feature_code`, `subadmin1_code`, `subadmin2_code`, `population`, `time_zone`, `active`, `created_at`, `updated_at`) VALUES ('AT','{\"en\":\"Oberhaid\"}',14.01,48.18,'P','PPLX','AT.04','AT.04.403',5100,'Europe/Vienna',1,'2018-07-27 23:00:00','2018-07-27 23:00:00');
INSERT INTO `__PREFIX__cities` (`country_code`, `name`, `longitude`, `latitude`, `feature_class`, `feature_code`, `subadmin1_code`, `subadmin2_code`, `population`, `time_zone`, `active`, `created_at`, `updated_at`) VALUES ('AT','{\"en\":\"Villacher Vorstadt\"}',14.29,46.62,'P','PPLX','AT.02','AT.02.201',8421,'Europe/Vienna',1,'2018-07-27 23:00:00','2018-07-27 23:00:00');
INSERT INTO `__PREFIX__cities` (`country_code`, `name`, `longitude`, `latitude`, `feature_class`, `feature_code`, `subadmin1_code`, `subadmin2_code`, `population`, `time_zone`, `active`, `created_at`, `updated_at`) VALUES ('AT','{\"en\":\"Lind\"}',13.85,46.62,'P','PPLX','AT.02','AT.02.202',5252,'Europe/Vienna',1,'2018-07-27 23:00:00','2018-07-27 23:00:00');
INSERT INTO `__PREFIX__cities` (`country_code`, `name`, `longitude`, `latitude`, `feature_class`, `feature_code`, `subadmin1_code`, `subadmin2_code`, `population`, `time_zone`, `active`, `created_at`, `updated_at`) VALUES ('AT','{\"en\":\"Villach-Innere Stadt\"}',13.85,46.61,'P','PPLX','AT.02','AT.02.202',8189,'Europe/Vienna',1,'2018-07-27 23:00:00','2018-07-27 23:00:00');
INSERT INTO `__PREFIX__cities` (`country_code`, `name`, `longitude`, `latitude`, `feature_class`, `feature_code`, `subadmin1_code`, `subadmin2_code`, `population`, `time_zone`, `active`, `created_at`, `updated_at`) VALUES ('AT','{\"en\":\"Donaustadt\"}',16.46,48.23,'P','PPLX','AT.09','AT.09.900',187007,'Europe/Vienna',1,'2018-07-28 23:00:00','2018-07-28 23:00:00');
INSERT INTO `__PREFIX__cities` (`country_code`, `name`, `longitude`, `latitude`, `feature_class`, `feature_code`, `subadmin1_code`, `subadmin2_code`, `population`, `time_zone`, `active`, `created_at`, `updated_at`) VALUES ('AT','{\"en\":\"Jakomini\"}',15.45,47.05,'P','PPLX','AT.06','AT.06.601',32912,'Europe/Vienna',1,'2018-07-28 23:00:00','2018-07-28 23:00:00');
INSERT INTO `__PREFIX__cities` (`country_code`, `name`, `longitude`, `latitude`, `feature_class`, `feature_code`, `subadmin1_code`, `subadmin2_code`, `population`, `time_zone`, `active`, `created_at`, `updated_at`) VALUES ('AT','{\"en\":\"Lend\"}',15.42,47.08,'P','PPLX','AT.06','AT.06.601',31147,'Europe/Vienna',1,'2018-07-28 23:00:00','2018-07-28 23:00:00');
INSERT INTO `__PREFIX__cities` (`country_code`, `name`, `longitude`, `latitude`, `feature_class`, `feature_code`, `subadmin1_code`, `subadmin2_code`, `population`, `time_zone`, `active`, `created_at`, `updated_at`) VALUES ('AT','{\"en\":\"Geidorf\"}',15.44,47.08,'P','PPLX','AT.06','AT.06.601',24767,'Europe/Vienna',1,'2018-07-28 23:00:00','2018-07-28 23:00:00');
INSERT INTO `__PREFIX__cities` (`country_code`, `name`, `longitude`, `latitude`, `feature_class`, `feature_code`, `subadmin1_code`, `subadmin2_code`, `population`, `time_zone`, `active`, `created_at`, `updated_at`) VALUES ('AT','{\"en\":\"Sankt Leonhard\"}',15.46,47.07,'P','PPLX','AT.06','AT.06.601',15853,'Europe/Vienna',1,'2018-07-28 23:00:00','2018-07-28 23:00:00');
INSERT INTO `__PREFIX__cities` (`country_code`, `name`, `longitude`, `latitude`, `feature_class`, `feature_code`, `subadmin1_code`, `subadmin2_code`, `population`, `time_zone`, `active`, `created_at`, `updated_at`) VALUES ('AT','{\"en\":\"Andritz\"}',15.42,47.11,'P','PPLX','AT.06','AT.06.601',19020,'Europe/Vienna',1,'2018-07-28 23:00:00','2018-07-28 23:00:00');
INSERT INTO `__PREFIX__cities` (`country_code`, `name`, `longitude`, `latitude`, `feature_class`, `feature_code`, `subadmin1_code`, `subadmin2_code`, `population`, `time_zone`, `active`, `created_at`, `updated_at`) VALUES ('AT','{\"en\":\"Gries\"}',15.42,47.06,'P','PPLX','AT.06','AT.06.601',29363,'Europe/Vienna',1,'2018-07-28 23:00:00','2018-07-28 23:00:00');
/*!40000 ALTER TABLE `__PREFIX__cities` ENABLE KEYS */;
/*!40103 SET TIME_ZONE=@OLD_TIME_ZONE */;

/*!40101 SET SQL_MODE=@OLD_SQL_MODE */;
/*!40014 SET FOREIGN_KEY_CHECKS=@OLD_FOREIGN_KEY_CHECKS */;
/*!40014 SET UNIQUE_CHECKS=@OLD_UNIQUE_CHECKS */;
/*!40101 SET CHARACTER_SET_CLIENT=@OLD_CHARACTER_SET_CLIENT */;
/*!40101 SET CHARACTER_SET_RESULTS=@OLD_CHARACTER_SET_RESULTS */;
/*!40101 SET COLLATION_CONNECTION=@OLD_COLLATION_CONNECTION */;
/*!40111 SET SQL_NOTES=@OLD_SQL_NOTES */;

-- Dump completed
