-- MySQL dump 10.13  Distrib 5.7.34, for osx10.12 (x86_64)
--
-- Host: 127.0.0.1    Database: laraclassifier
-- ------------------------------------------------------
-- Server version	5.7.34

/*!40101 SET @OLD_CHARACTER_SET_CLIENT=@@CHARACTER_SET_CLIENT */;
/*!40101 SET @OLD_CHARACTER_SET_RESULTS=@@CHARACTER_SET_RESULTS */;
/*!40101 SET @OLD_COLLATION_CONNECTION=@@COLLATION_CONNECTION */;
/*!40101 SET NAMES utf8 */;
/*!40103 SET @OLD_TIME_ZONE=@@TIME_ZONE */;
/*!40103 SET TIME_ZONE='+00:00' */;
/*!40014 SET @OLD_UNIQUE_CHECKS=@@UNIQUE_CHECKS, UNIQUE_CHECKS=0 */;
/*!40014 SET @OLD_FOREIGN_KEY_CHECKS=@@FOREIGN_KEY_CHECKS, FOREIGN_KEY_CHECKS=0 */;
/*!40101 SET @OLD_SQL_MODE=@@SQL_MODE, SQL_MODE='NO_AUTO_VALUE_ON_ZERO' */;
/*!40111 SET @OLD_SQL_NOTES=@@SQL_NOTES, SQL_NOTES=0 */;

--
-- Dumping data for table `__PREFIX__subadmin1`
--

/*!40000 ALTER TABLE `__PREFIX__subadmin1` DISABLE KEYS */;
INSERT INTO `__PREFIX__subadmin1` (`code`, `country_code`, `name`, `active`) VALUES ('AZ.12','AZ','{\"en\":\"Beyləqan\"}',1);
INSERT INTO `__PREFIX__subadmin1` (`code`, `country_code`, `name`, `active`) VALUES ('AZ.69','AZ','{\"en\":\"Zǝngilan\"}',1);
INSERT INTO `__PREFIX__subadmin1` (`code`, `country_code`, `name`, `active`) VALUES ('AZ.66','AZ','{\"en\":\"Yardımlı\"}',1);
INSERT INTO `__PREFIX__subadmin1` (`code`, `country_code`, `name`, `active`) VALUES ('AZ.55','AZ','{\"en\":\"Shusha\"}',1);
INSERT INTO `__PREFIX__subadmin1` (`code`, `country_code`, `name`, `active`) VALUES ('AZ.49','AZ','{\"en\":\"Salyan\"}',1);
INSERT INTO `__PREFIX__subadmin1` (`code`, `country_code`, `name`, `active`) VALUES ('AZ.46','AZ','{\"en\":\"Sabirabad\"}',1);
INSERT INTO `__PREFIX__subadmin1` (`code`, `country_code`, `name`, `active`) VALUES ('AZ.45','AZ','{\"en\":\"Saatlı\"}',1);
INSERT INTO `__PREFIX__subadmin1` (`code`, `country_code`, `name`, `active`) VALUES ('AZ.13','AZ','{\"en\":\"Bilǝsuvar\"}',1);
INSERT INTO `__PREFIX__subadmin1` (`code`, `country_code`, `name`, `active`) VALUES ('AZ.36','AZ','{\"en\":\"Neftçala\"}',1);
INSERT INTO `__PREFIX__subadmin1` (`code`, `country_code`, `name`, `active`) VALUES ('AZ.35','AZ','{\"en\":\"Nakhichevan\"}',1);
INSERT INTO `__PREFIX__subadmin1` (`code`, `country_code`, `name`, `active`) VALUES ('AZ.32','AZ','{\"en\":\"Masally\"}',1);
INSERT INTO `__PREFIX__subadmin1` (`code`, `country_code`, `name`, `active`) VALUES ('AZ.31','AZ','{\"en\":\"Lerik\"}',1);
INSERT INTO `__PREFIX__subadmin1` (`code`, `country_code`, `name`, `active`) VALUES ('AZ.29','AZ','{\"en\":\"Lənkəran\"}',1);
INSERT INTO `__PREFIX__subadmin1` (`code`, `country_code`, `name`, `active`) VALUES ('AZ.28','AZ','{\"en\":\"Laçın\"}',1);
INSERT INTO `__PREFIX__subadmin1` (`code`, `country_code`, `name`, `active`) VALUES ('AZ.43','AZ','{\"en\":\"Qubadlı\"}',1);
INSERT INTO `__PREFIX__subadmin1` (`code`, `country_code`, `name`, `active`) VALUES ('AZ.24','AZ','{\"en\":\"İmişli\"}',1);
INSERT INTO `__PREFIX__subadmin1` (`code`, `country_code`, `name`, `active`) VALUES ('AZ.18','AZ','{\"en\":\"Füzuli\"}',1);
INSERT INTO `__PREFIX__subadmin1` (`code`, `country_code`, `name`, `active`) VALUES ('AZ.14','AZ','{\"en\":\"Jabrayil\"}',1);
INSERT INTO `__PREFIX__subadmin1` (`code`, `country_code`, `name`, `active`) VALUES ('AZ.15','AZ','{\"en\":\"Jalilabad\"}',1);
INSERT INTO `__PREFIX__subadmin1` (`code`, `country_code`, `name`, `active`) VALUES ('AZ.08','AZ','{\"en\":\"Astara\"}',1);
INSERT INTO `__PREFIX__subadmin1` (`code`, `country_code`, `name`, `active`) VALUES ('AZ.64','AZ','{\"en\":\"Xocalı\"}',1);
INSERT INTO `__PREFIX__subadmin1` (`code`, `country_code`, `name`, `active`) VALUES ('AZ.02','AZ','{\"en\":\"Ağcabǝdi\"}',1);
INSERT INTO `__PREFIX__subadmin1` (`code`, `country_code`, `name`, `active`) VALUES ('AZ.03','AZ','{\"en\":\"Ağdam\"}',1);
INSERT INTO `__PREFIX__subadmin1` (`code`, `country_code`, `name`, `active`) VALUES ('AZ.07','AZ','{\"en\":\"Shirvan\"}',1);
INSERT INTO `__PREFIX__subadmin1` (`code`, `country_code`, `name`, `active`) VALUES ('AZ.30','AZ','{\"en\":\"Lankaran Sahari\"}',1);
INSERT INTO `__PREFIX__subadmin1` (`code`, `country_code`, `name`, `active`) VALUES ('AZ.56','AZ','{\"en\":\"Shusha City\"}',1);
INSERT INTO `__PREFIX__subadmin1` (`code`, `country_code`, `name`, `active`) VALUES ('AZ.57','AZ','{\"en\":\"Tǝrtǝr\"}',1);
INSERT INTO `__PREFIX__subadmin1` (`code`, `country_code`, `name`, `active`) VALUES ('AZ.61','AZ','{\"en\":\"Xankǝndi\"}',1);
INSERT INTO `__PREFIX__subadmin1` (`code`, `country_code`, `name`, `active`) VALUES ('AZ.65','AZ','{\"en\":\"Khojavend\"}',1);
INSERT INTO `__PREFIX__subadmin1` (`code`, `country_code`, `name`, `active`) VALUES ('AZ.71','AZ','{\"en\":\"Zərdab\"}',1);
INSERT INTO `__PREFIX__subadmin1` (`code`, `country_code`, `name`, `active`) VALUES ('AZ.70','AZ','{\"en\":\"Zaqatala\"}',1);
INSERT INTO `__PREFIX__subadmin1` (`code`, `country_code`, `name`, `active`) VALUES ('AZ.67','AZ','{\"en\":\"Yevlax\"}',1);
INSERT INTO `__PREFIX__subadmin1` (`code`, `country_code`, `name`, `active`) VALUES ('AZ.37','AZ','{\"en\":\"Oğuz\"}',1);
INSERT INTO `__PREFIX__subadmin1` (`code`, `country_code`, `name`, `active`) VALUES ('AZ.59','AZ','{\"en\":\"Ucar\"}',1);
INSERT INTO `__PREFIX__subadmin1` (`code`, `country_code`, `name`, `active`) VALUES ('AZ.58','AZ','{\"en\":\"Tovuz\"}',1);
INSERT INTO `__PREFIX__subadmin1` (`code`, `country_code`, `name`, `active`) VALUES ('AZ.50','AZ','{\"en\":\"Şamaxı\"}',1);
INSERT INTO `__PREFIX__subadmin1` (`code`, `country_code`, `name`, `active`) VALUES ('AZ.47','AZ','{\"en\":\"Shaki\"}',1);
INSERT INTO `__PREFIX__subadmin1` (`code`, `country_code`, `name`, `active`) VALUES ('AZ.51','AZ','{\"en\":\"Şǝmkir\"}',1);
INSERT INTO `__PREFIX__subadmin1` (`code`, `country_code`, `name`, `active`) VALUES ('AZ.27','AZ','{\"en\":\"Kürdǝmir\"}',1);
INSERT INTO `__PREFIX__subadmin1` (`code`, `country_code`, `name`, `active`) VALUES ('AZ.38','AZ','{\"en\":\"Qǝbǝlǝ\"}',1);
INSERT INTO `__PREFIX__subadmin1` (`code`, `country_code`, `name`, `active`) VALUES ('AZ.44','AZ','{\"en\":\"Qusar\"}',1);
INSERT INTO `__PREFIX__subadmin1` (`code`, `country_code`, `name`, `active`) VALUES ('AZ.42','AZ','{\"en\":\"Quba\"}',1);
INSERT INTO `__PREFIX__subadmin1` (`code`, `country_code`, `name`, `active`) VALUES ('AZ.62','AZ','{\"en\":\"Goygol Rayon\"}',1);
INSERT INTO `__PREFIX__subadmin1` (`code`, `country_code`, `name`, `active`) VALUES ('AZ.60','AZ','{\"en\":\"Xaçmaz\"}',1);
INSERT INTO `__PREFIX__subadmin1` (`code`, `country_code`, `name`, `active`) VALUES ('AZ.26','AZ','{\"en\":\"Kalbajar\"}',1);
INSERT INTO `__PREFIX__subadmin1` (`code`, `country_code`, `name`, `active`) VALUES ('AZ.40','AZ','{\"en\":\"Qazax\"}',1);
INSERT INTO `__PREFIX__subadmin1` (`code`, `country_code`, `name`, `active`) VALUES ('AZ.21','AZ','{\"en\":\"Goranboy\"}',1);
INSERT INTO `__PREFIX__subadmin1` (`code`, `country_code`, `name`, `active`) VALUES ('AZ.39','AZ','{\"en\":\"Qax\"}',1);
INSERT INTO `__PREFIX__subadmin1` (`code`, `country_code`, `name`, `active`) VALUES ('AZ.25','AZ','{\"en\":\"İsmayıllı\"}',1);
INSERT INTO `__PREFIX__subadmin1` (`code`, `country_code`, `name`, `active`) VALUES ('AZ.22','AZ','{\"en\":\"Göyçay\"}',1);
INSERT INTO `__PREFIX__subadmin1` (`code`, `country_code`, `name`, `active`) VALUES ('AZ.17','AZ','{\"en\":\"Shabran\"}',1);
INSERT INTO `__PREFIX__subadmin1` (`code`, `country_code`, `name`, `active`) VALUES ('AZ.16','AZ','{\"en\":\"Daşkǝsǝn\"}',1);
INSERT INTO `__PREFIX__subadmin1` (`code`, `country_code`, `name`, `active`) VALUES ('AZ.10','AZ','{\"en\":\"Balakǝn\"}',1);
INSERT INTO `__PREFIX__subadmin1` (`code`, `country_code`, `name`, `active`) VALUES ('AZ.11','AZ','{\"en\":\"Barda\"}',1);
INSERT INTO `__PREFIX__subadmin1` (`code`, `country_code`, `name`, `active`) VALUES ('AZ.09','AZ','{\"en\":\"Baki\"}',1);
INSERT INTO `__PREFIX__subadmin1` (`code`, `country_code`, `name`, `active`) VALUES ('AZ.01','AZ','{\"en\":\"Abşeron\"}',1);
INSERT INTO `__PREFIX__subadmin1` (`code`, `country_code`, `name`, `active`) VALUES ('AZ.06','AZ','{\"en\":\"Ağsu\"}',1);
INSERT INTO `__PREFIX__subadmin1` (`code`, `country_code`, `name`, `active`) VALUES ('AZ.04','AZ','{\"en\":\"Ağdaş\"}',1);
INSERT INTO `__PREFIX__subadmin1` (`code`, `country_code`, `name`, `active`) VALUES ('AZ.19','AZ','{\"en\":\"Gǝdǝbǝy\"}',1);
INSERT INTO `__PREFIX__subadmin1` (`code`, `country_code`, `name`, `active`) VALUES ('AZ.05','AZ','{\"en\":\"Ağstafa\"}',1);
INSERT INTO `__PREFIX__subadmin1` (`code`, `country_code`, `name`, `active`) VALUES ('AZ.20','AZ','{\"en\":\"Gǝncǝ\"}',1);
INSERT INTO `__PREFIX__subadmin1` (`code`, `country_code`, `name`, `active`) VALUES ('AZ.33','AZ','{\"en\":\"Mingǝcevir\"}',1);
INSERT INTO `__PREFIX__subadmin1` (`code`, `country_code`, `name`, `active`) VALUES ('AZ.34','AZ','{\"en\":\"Naftalan\"}',1);
INSERT INTO `__PREFIX__subadmin1` (`code`, `country_code`, `name`, `active`) VALUES ('AZ.41','AZ','{\"en\":\"Qobustan\"}',1);
INSERT INTO `__PREFIX__subadmin1` (`code`, `country_code`, `name`, `active`) VALUES ('AZ.52','AZ','{\"en\":\"Samux\"}',1);
INSERT INTO `__PREFIX__subadmin1` (`code`, `country_code`, `name`, `active`) VALUES ('AZ.48','AZ','{\"en\":\"Shaki City\"}',1);
INSERT INTO `__PREFIX__subadmin1` (`code`, `country_code`, `name`, `active`) VALUES ('AZ.53','AZ','{\"en\":\"Siyǝzǝn\"}',1);
INSERT INTO `__PREFIX__subadmin1` (`code`, `country_code`, `name`, `active`) VALUES ('AZ.54','AZ','{\"en\":\"Sumqayit\"}',1);
INSERT INTO `__PREFIX__subadmin1` (`code`, `country_code`, `name`, `active`) VALUES ('AZ.63','AZ','{\"en\":\"Xızı\"}',1);
INSERT INTO `__PREFIX__subadmin1` (`code`, `country_code`, `name`, `active`) VALUES ('AZ.68','AZ','{\"en\":\"Yevlax City\"}',1);
INSERT INTO `__PREFIX__subadmin1` (`code`, `country_code`, `name`, `active`) VALUES ('AZ.23','AZ','{\"en\":\"Hacıqabul\"}',1);
/*!40000 ALTER TABLE `__PREFIX__subadmin1` ENABLE KEYS */;

--
-- Dumping data for table `__PREFIX__subadmin2`
--

/*!40000 ALTER TABLE `__PREFIX__subadmin2` DISABLE KEYS */;
INSERT INTO `__PREFIX__subadmin2` (`code`, `country_code`, `subadmin1_code`, `name`, `active`) VALUES ('AZ.35.147212','AZ','AZ.35','{\"en\":\"Shahbuz Rayon\"}',1);
INSERT INTO `__PREFIX__subadmin2` (`code`, `country_code`, `subadmin1_code`, `name`, `active`) VALUES ('AZ.35.147365','AZ','AZ.35','{\"en\":\"Ordubad Rayon\"}',1);
INSERT INTO `__PREFIX__subadmin2` (`code`, `country_code`, `subadmin1_code`, `name`, `active`) VALUES ('AZ.35.147997','AZ','AZ.35','{\"en\":\"Sharur Rayon\"}',1);
INSERT INTO `__PREFIX__subadmin2` (`code`, `country_code`, `subadmin1_code`, `name`, `active`) VALUES ('AZ.35.148132','AZ','AZ.35','{\"en\":\"Julfa Rayon\"}',1);
INSERT INTO `__PREFIX__subadmin2` (`code`, `country_code`, `subadmin1_code`, `name`, `active`) VALUES ('AZ.35.148412','AZ','AZ.35','{\"en\":\"Nakhchivan City\"}',1);
INSERT INTO `__PREFIX__subadmin2` (`code`, `country_code`, `subadmin1_code`, `name`, `active`) VALUES ('AZ.35.409387','AZ','AZ.35','{\"en\":\"Sadarak Rayon\"}',1);
INSERT INTO `__PREFIX__subadmin2` (`code`, `country_code`, `subadmin1_code`, `name`, `active`) VALUES ('AZ.21.585038','AZ','AZ.21','{\"en\":\"Shaumyan Rayon\"}',1);
INSERT INTO `__PREFIX__subadmin2` (`code`, `country_code`, `subadmin1_code`, `name`, `active`) VALUES ('AZ.09.585039','AZ','AZ.09','{\"en\":\"Shaumyanovskiy Rayon\"}',1);
INSERT INTO `__PREFIX__subadmin2` (`code`, `country_code`, `subadmin1_code`, `name`, `active`) VALUES ('AZ.09.585320','AZ','AZ.09','{\"en\":\"Ordzhonikidzevskiy Rayon))\"}',1);
INSERT INTO `__PREFIX__subadmin2` (`code`, `country_code`, `subadmin1_code`, `name`, `active`) VALUES ('AZ.09.585328','AZ','AZ.09','{\"en\":\"Oktyabr\'skiy Rayon\"}',1);
INSERT INTO `__PREFIX__subadmin2` (`code`, `country_code`, `subadmin1_code`, `name`, `active`) VALUES ('AZ.09.585358','AZ','AZ.09','{\"en\":\"Nizaminskiy Rayon\"}',1);
INSERT INTO `__PREFIX__subadmin2` (`code`, `country_code`, `subadmin1_code`, `name`, `active`) VALUES ('AZ.57.585509','AZ','AZ.57','{\"en\":\"Mirbǝşir Rayonu\"}',1);
INSERT INTO `__PREFIX__subadmin2` (`code`, `country_code`, `subadmin1_code`, `name`, `active`) VALUES ('AZ.01.585638','AZ','AZ.01','{\"en\":\"Leninskiy Rayon\"}',1);
INSERT INTO `__PREFIX__subadmin2` (`code`, `country_code`, `subadmin1_code`, `name`, `active`) VALUES ('AZ.01.585882','AZ','AZ.01','{\"en\":\"Kirovskiy Rayon\"}',1);
INSERT INTO `__PREFIX__subadmin2` (`code`, `country_code`, `subadmin1_code`, `name`, `active`) VALUES ('AZ.09.586209','AZ','AZ.09','{\"en\":\"Garadagh region\"}',1);
INSERT INTO `__PREFIX__subadmin2` (`code`, `country_code`, `subadmin1_code`, `name`, `active`) VALUES ('AZ.09.586342','AZ','AZ.09','{\"en\":\"Imeni Dvadtsati Shesti Bakinskikh Komissarov Rayon\"}',1);
INSERT INTO `__PREFIX__subadmin2` (`code`, `country_code`, `subadmin1_code`, `name`, `active`) VALUES ('AZ.35.7669114','AZ','AZ.35','{\"en\":\"Babek Rayon\"}',1);
INSERT INTO `__PREFIX__subadmin2` (`code`, `country_code`, `subadmin1_code`, `name`, `active`) VALUES ('AZ.09.7669203','AZ','AZ.09','{\"en\":\"Khatai raion\"}',1);
INSERT INTO `__PREFIX__subadmin2` (`code`, `country_code`, `subadmin1_code`, `name`, `active`) VALUES ('AZ.35.8014931','AZ','AZ.35','{\"en\":\"Kangarli Rayon\"}',1);
INSERT INTO `__PREFIX__subadmin2` (`code`, `country_code`, `subadmin1_code`, `name`, `active`) VALUES ('AZ.35.8411069','AZ','AZ.35','{\"en\":\"Nakhchivan\"}',1);
INSERT INTO `__PREFIX__subadmin2` (`code`, `country_code`, `subadmin1_code`, `name`, `active`) VALUES ('AZ.09.8572651','AZ','AZ.09','{\"en\":\"Nizami Rayonu\"}',1);
/*!40000 ALTER TABLE `__PREFIX__subadmin2` ENABLE KEYS */;

--
-- Dumping data for table `__PREFIX__cities`
--

/*!40000 ALTER TABLE `__PREFIX__cities` DISABLE KEYS */;
INSERT INTO `__PREFIX__cities` (`country_code`, `name`, `longitude`, `latitude`, `feature_class`, `feature_code`, `subadmin1_code`, `subadmin2_code`, `population`, `time_zone`, `active`, `created_at`, `updated_at`) VALUES ('AZ','{\"en\":\"Sharur City\"}',44.98,39.55,'P','PPLA2','AZ.35','AZ.35.147997',7100,'Asia/Baku',1,'2016-03-24 23:00:00','2016-03-24 23:00:00');
INSERT INTO `__PREFIX__cities` (`country_code`, `name`, `longitude`, `latitude`, `feature_class`, `feature_code`, `subadmin1_code`, `subadmin2_code`, `population`, `time_zone`, `active`, `created_at`, `updated_at`) VALUES ('AZ','{\"en\":\"Geytepe\"}',48.59,39.12,'P','PPL','AZ.15',NULL,13340,'Asia/Baku',1,'2021-08-30 23:00:00','2021-08-30 23:00:00');
INSERT INTO `__PREFIX__cities` (`country_code`, `name`, `longitude`, `latitude`, `feature_class`, `feature_code`, `subadmin1_code`, `subadmin2_code`, `population`, `time_zone`, `active`, `created_at`, `updated_at`) VALUES ('AZ','{\"en\":\"Zangilan\"}',46.66,39.08,'P','PPLA','AZ.69',NULL,7483,'Asia/Baku',1,'2018-12-03 23:00:00','2018-12-03 23:00:00');
INSERT INTO `__PREFIX__cities` (`country_code`, `name`, `longitude`, `latitude`, `feature_class`, `feature_code`, `subadmin1_code`, `subadmin2_code`, `population`, `time_zone`, `active`, `created_at`, `updated_at`) VALUES ('AZ','{\"en\":\"Yaycı\"}',45.73,38.94,'P','PPL','AZ.35','AZ.35.148132',8500,'Asia/Baku',1,'2020-06-09 23:00:00','2020-06-09 23:00:00');
INSERT INTO `__PREFIX__cities` (`country_code`, `name`, `longitude`, `latitude`, `feature_class`, `feature_code`, `subadmin1_code`, `subadmin2_code`, `population`, `time_zone`, `active`, `created_at`, `updated_at`) VALUES ('AZ','{\"en\":\"Yardımlı\"}',48.24,38.91,'P','PPLA','AZ.66',NULL,4004,'Asia/Baku',1,'2020-06-09 23:00:00','2020-06-09 23:00:00');
INSERT INTO `__PREFIX__cities` (`country_code`, `name`, `longitude`, `latitude`, `feature_class`, `feature_code`, `subadmin1_code`, `subadmin2_code`, `population`, `time_zone`, `active`, `created_at`, `updated_at`) VALUES ('AZ','{\"en\":\"Novyy Karanlug\"}',47.11,39.79,'P','PPLA','AZ.65',NULL,5079,'Asia/Baku',1,'2018-12-03 23:00:00','2018-12-03 23:00:00');
INSERT INTO `__PREFIX__cities` (`country_code`, `name`, `longitude`, `latitude`, `feature_class`, `feature_code`, `subadmin1_code`, `subadmin2_code`, `population`, `time_zone`, `active`, `created_at`, `updated_at`) VALUES ('AZ','{\"en\":\"Xankandi\"}',46.75,39.82,'P','PPL','AZ.61',NULL,53100,'Asia/Baku',1,'2021-11-02 23:00:00','2021-11-02 23:00:00');
INSERT INTO `__PREFIX__cities` (`country_code`, `name`, `longitude`, `latitude`, `feature_class`, `feature_code`, `subadmin1_code`, `subadmin2_code`, `population`, `time_zone`, `active`, `created_at`, `updated_at`) VALUES ('AZ','{\"en\":\"Əhmədbəyli\"}',48.39,39.88,'P','PPL','AZ.45',NULL,17242,'Asia/Baku',1,'2018-08-06 23:00:00','2018-08-06 23:00:00');
INSERT INTO `__PREFIX__cities` (`country_code`, `name`, `longitude`, `latitude`, `feature_class`, `feature_code`, `subadmin1_code`, `subadmin2_code`, `population`, `time_zone`, `active`, `created_at`, `updated_at`) VALUES ('AZ','{\"en\":\"Şuşa\"}',46.75,39.76,'P','PPLA','AZ.55',NULL,18662,'Asia/Baku',1,'2020-12-14 23:00:00','2020-12-14 23:00:00');
INSERT INTO `__PREFIX__cities` (`country_code`, `name`, `longitude`, `latitude`, `feature_class`, `feature_code`, `subadmin1_code`, `subadmin2_code`, `population`, `time_zone`, `active`, `created_at`, `updated_at`) VALUES ('AZ','{\"en\":\"Salyan\"}',48.98,39.60,'P','PPLA','AZ.49',NULL,36555,'Asia/Baku',1,'2013-04-02 23:00:00','2013-04-02 23:00:00');
INSERT INTO `__PREFIX__cities` (`country_code`, `name`, `longitude`, `latitude`, `feature_class`, `feature_code`, `subadmin1_code`, `subadmin2_code`, `population`, `time_zone`, `active`, `created_at`, `updated_at`) VALUES ('AZ','{\"en\":\"Saatlı\"}',48.37,39.93,'P','PPLA','AZ.45',NULL,87000,'Asia/Baku',1,'2020-06-09 23:00:00','2020-06-09 23:00:00');
INSERT INTO `__PREFIX__cities` (`country_code`, `name`, `longitude`, `latitude`, `feature_class`, `feature_code`, `subadmin1_code`, `subadmin2_code`, `population`, `time_zone`, `active`, `created_at`, `updated_at`) VALUES ('AZ','{\"en\":\"Qubadlı\"}',46.58,39.34,'P','PPLA','AZ.43',NULL,6890,'Asia/Baku',1,'2020-10-25 23:00:00','2020-10-25 23:00:00');
INSERT INTO `__PREFIX__cities` (`country_code`, `name`, `longitude`, `latitude`, `feature_class`, `feature_code`, `subadmin1_code`, `subadmin2_code`, `population`, `time_zone`, `active`, `created_at`, `updated_at`) VALUES ('AZ','{\"en\":\"Ordubad\"}',46.02,38.91,'P','PPLA2','AZ.35','AZ.35.147365',9781,'Asia/Baku',1,'2016-04-13 23:00:00','2016-04-13 23:00:00');
INSERT INTO `__PREFIX__cities` (`country_code`, `name`, `longitude`, `latitude`, `feature_class`, `feature_code`, `subadmin1_code`, `subadmin2_code`, `population`, `time_zone`, `active`, `created_at`, `updated_at`) VALUES ('AZ','{\"en\":\"Neftçala\"}',49.25,39.38,'P','PPLA','AZ.36',NULL,18661,'Asia/Baku',1,'2020-06-09 23:00:00','2020-06-09 23:00:00');
INSERT INTO `__PREFIX__cities` (`country_code`, `name`, `longitude`, `latitude`, `feature_class`, `feature_code`, `subadmin1_code`, `subadmin2_code`, `population`, `time_zone`, `active`, `created_at`, `updated_at`) VALUES ('AZ','{\"en\":\"Nakhchivan\"}',45.41,39.21,'P','PPLA','AZ.35','AZ.35.7669114',64754,'Asia/Baku',1,'2018-07-20 23:00:00','2018-07-20 23:00:00');
INSERT INTO `__PREFIX__cities` (`country_code`, `name`, `longitude`, `latitude`, `feature_class`, `feature_code`, `subadmin1_code`, `subadmin2_code`, `population`, `time_zone`, `active`, `created_at`, `updated_at`) VALUES ('AZ','{\"en\":\"Mincivan\"}',46.72,39.03,'P','PPL','AZ.69',NULL,6353,'Asia/Baku',1,'2018-12-03 23:00:00','2018-12-03 23:00:00');
INSERT INTO `__PREFIX__cities` (`country_code`, `name`, `longitude`, `latitude`, `feature_class`, `feature_code`, `subadmin1_code`, `subadmin2_code`, `population`, `time_zone`, `active`, `created_at`, `updated_at`) VALUES ('AZ','{\"en\":\"Masally\"}',48.67,39.04,'P','PPLA','AZ.32',NULL,9604,'Asia/Baku',1,'2013-06-25 23:00:00','2013-06-25 23:00:00');
INSERT INTO `__PREFIX__cities` (`country_code`, `name`, `longitude`, `latitude`, `feature_class`, `feature_code`, `subadmin1_code`, `subadmin2_code`, `population`, `time_zone`, `active`, `created_at`, `updated_at`) VALUES ('AZ','{\"en\":\"Lerik\"}',48.41,38.77,'P','PPLA','AZ.31',NULL,7094,'Asia/Baku',1,'2020-01-31 23:00:00','2020-01-31 23:00:00');
INSERT INTO `__PREFIX__cities` (`country_code`, `name`, `longitude`, `latitude`, `feature_class`, `feature_code`, `subadmin1_code`, `subadmin2_code`, `population`, `time_zone`, `active`, `created_at`, `updated_at`) VALUES ('AZ','{\"en\":\"Lankaran\"}',48.85,38.75,'P','PPLA','AZ.29',NULL,240300,'Asia/Baku',1,'2017-06-26 23:00:00','2017-06-26 23:00:00');
INSERT INTO `__PREFIX__cities` (`country_code`, `name`, `longitude`, `latitude`, `feature_class`, `feature_code`, `subadmin1_code`, `subadmin2_code`, `population`, `time_zone`, `active`, `created_at`, `updated_at`) VALUES ('AZ','{\"en\":\"Laçın\"}',46.55,39.60,'P','PPLA','AZ.28',NULL,2300,'Asia/Baku',1,'2020-12-14 23:00:00','2020-12-14 23:00:00');
INSERT INTO `__PREFIX__cities` (`country_code`, `name`, `longitude`, `latitude`, `feature_class`, `feature_code`, `subadmin1_code`, `subadmin2_code`, `population`, `time_zone`, `active`, `created_at`, `updated_at`) VALUES ('AZ','{\"en\":\"Xocalı\"}',46.79,39.91,'P','PPLA','AZ.64',NULL,5810,'Asia/Baku',1,'2020-06-09 23:00:00','2020-06-09 23:00:00');
INSERT INTO `__PREFIX__cities` (`country_code`, `name`, `longitude`, `latitude`, `feature_class`, `feature_code`, `subadmin1_code`, `subadmin2_code`, `population`, `time_zone`, `active`, `created_at`, `updated_at`) VALUES ('AZ','{\"en\":\"Qalaqayın\"}',48.48,39.98,'P','PPL','AZ.46',NULL,7631,'Asia/Baku',1,'2020-12-21 23:00:00','2020-12-21 23:00:00');
INSERT INTO `__PREFIX__cities` (`country_code`, `name`, `longitude`, `latitude`, `feature_class`, `feature_code`, `subadmin1_code`, `subadmin2_code`, `population`, `time_zone`, `active`, `created_at`, `updated_at`) VALUES ('AZ','{\"en\":\"Imishli\"}',48.06,39.87,'P','PPLA','AZ.24',NULL,34178,'Asia/Baku',1,'2013-06-25 23:00:00','2013-06-25 23:00:00');
INSERT INTO `__PREFIX__cities` (`country_code`, `name`, `longitude`, `latitude`, `feature_class`, `feature_code`, `subadmin1_code`, `subadmin2_code`, `population`, `time_zone`, `active`, `created_at`, `updated_at`) VALUES ('AZ','{\"en\":\"Fizuli\"}',47.15,39.60,'P','PPLA','AZ.18',NULL,26765,'Asia/Baku',1,'2022-01-17 23:00:00','2022-01-17 23:00:00');
INSERT INTO `__PREFIX__cities` (`country_code`, `name`, `longitude`, `latitude`, `feature_class`, `feature_code`, `subadmin1_code`, `subadmin2_code`, `population`, `time_zone`, `active`, `created_at`, `updated_at`) VALUES ('AZ','{\"en\":\"Jebrail\"}',47.03,39.40,'P','PPLA','AZ.14',NULL,8396,'Asia/Baku',1,'2018-03-07 23:00:00','2018-03-07 23:00:00');
INSERT INTO `__PREFIX__cities` (`country_code`, `name`, `longitude`, `latitude`, `feature_class`, `feature_code`, `subadmin1_code`, `subadmin2_code`, `population`, `time_zone`, `active`, `created_at`, `updated_at`) VALUES ('AZ','{\"en\":\"Dünyamalılar\"}',47.76,39.77,'P','PPL','AZ.12',NULL,5968,'Asia/Baku',1,'2020-06-09 23:00:00','2020-06-09 23:00:00');
INSERT INTO `__PREFIX__cities` (`country_code`, `name`, `longitude`, `latitude`, `feature_class`, `feature_code`, `subadmin1_code`, `subadmin2_code`, `population`, `time_zone`, `active`, `created_at`, `updated_at`) VALUES ('AZ','{\"en\":\"Culfa\"}',45.63,38.95,'P','PPLA2','AZ.35','AZ.35.148132',12500,'Asia/Baku',1,'2021-12-23 23:00:00','2021-12-23 23:00:00');
INSERT INTO `__PREFIX__cities` (`country_code`, `name`, `longitude`, `latitude`, `feature_class`, `feature_code`, `subadmin1_code`, `subadmin2_code`, `population`, `time_zone`, `active`, `created_at`, `updated_at`) VALUES ('AZ','{\"en\":\"Jalilabad\"}',48.49,39.21,'P','PPLA','AZ.15',NULL,36259,'Asia/Baku',1,'2018-07-20 23:00:00','2018-07-20 23:00:00');
INSERT INTO `__PREFIX__cities` (`country_code`, `name`, `longitude`, `latitude`, `feature_class`, `feature_code`, `subadmin1_code`, `subadmin2_code`, `population`, `time_zone`, `active`, `created_at`, `updated_at`) VALUES ('AZ','{\"en\":\"Cahri\"}',45.42,39.35,'P','PPL','AZ.35','AZ.35.7669114',8200,'Asia/Baku',1,'2016-06-21 23:00:00','2016-06-21 23:00:00');
INSERT INTO `__PREFIX__cities` (`country_code`, `name`, `longitude`, `latitude`, `feature_class`, `feature_code`, `subadmin1_code`, `subadmin2_code`, `population`, `time_zone`, `active`, `created_at`, `updated_at`) VALUES ('AZ','{\"en\":\"Boradigah\"}',48.71,38.93,'P','PPL','AZ.32',NULL,5904,'Asia/Baku',1,'2013-03-04 23:00:00','2013-03-04 23:00:00');
INSERT INTO `__PREFIX__cities` (`country_code`, `name`, `longitude`, `latitude`, `feature_class`, `feature_code`, `subadmin1_code`, `subadmin2_code`, `population`, `time_zone`, `active`, `created_at`, `updated_at`) VALUES ('AZ','{\"en\":\"Pushkino\"}',48.55,39.46,'P','PPLA','AZ.13',NULL,18182,'Asia/Baku',1,'2019-01-28 23:00:00','2019-01-28 23:00:00');
INSERT INTO `__PREFIX__cities` (`country_code`, `name`, `longitude`, `latitude`, `feature_class`, `feature_code`, `subadmin1_code`, `subadmin2_code`, `population`, `time_zone`, `active`, `created_at`, `updated_at`) VALUES ('AZ','{\"en\":\"Beylagan\"}',47.62,39.78,'P','PPLA','AZ.12',NULL,15599,'Asia/Baku',1,'2014-09-15 23:00:00','2014-09-15 23:00:00');
INSERT INTO `__PREFIX__cities` (`country_code`, `name`, `longitude`, `latitude`, `feature_class`, `feature_code`, `subadmin1_code`, `subadmin2_code`, `population`, `time_zone`, `active`, `created_at`, `updated_at`) VALUES ('AZ','{\"en\":\"Severo-Vostotchnyi Bank\"}',49.25,39.41,'P','PPL','AZ.36',NULL,7075,'Asia/Baku',1,'2012-01-16 23:00:00','2012-01-16 23:00:00');
INSERT INTO `__PREFIX__cities` (`country_code`, `name`, `longitude`, `latitude`, `feature_class`, `feature_code`, `subadmin1_code`, `subadmin2_code`, `population`, `time_zone`, `active`, `created_at`, `updated_at`) VALUES ('AZ','{\"en\":\"Astara\"}',48.87,38.46,'P','PPLA','AZ.08',NULL,15190,'Asia/Baku',1,'2012-08-03 23:00:00','2012-08-03 23:00:00');
INSERT INTO `__PREFIX__cities` (`country_code`, `name`, `longitude`, `latitude`, `feature_class`, `feature_code`, `subadmin1_code`, `subadmin2_code`, `population`, `time_zone`, `active`, `created_at`, `updated_at`) VALUES ('AZ','{\"en\":\"Şirvan\"}',48.93,39.94,'P','PPLA','AZ.07',NULL,70220,'Asia/Baku',1,'2021-05-30 23:00:00','2021-05-30 23:00:00');
INSERT INTO `__PREFIX__cities` (`country_code`, `name`, `longitude`, `latitude`, `feature_class`, `feature_code`, `subadmin1_code`, `subadmin2_code`, `population`, `time_zone`, `active`, `created_at`, `updated_at`) VALUES ('AZ','{\"en\":\"Ağdam\"}',46.93,39.99,'P','PPLA','AZ.03',NULL,39451,'Asia/Baku',1,'2020-06-09 23:00:00','2020-06-09 23:00:00');
INSERT INTO `__PREFIX__cities` (`country_code`, `name`, `longitude`, `latitude`, `feature_class`, `feature_code`, `subadmin1_code`, `subadmin2_code`, `population`, `time_zone`, `active`, `created_at`, `updated_at`) VALUES ('AZ','{\"en\":\"Avşar\"}',47.42,39.97,'P','PPL','AZ.02',NULL,5600,'Asia/Baku',1,'2020-06-10 23:00:00','2020-06-10 23:00:00');
INSERT INTO `__PREFIX__cities` (`country_code`, `name`, `longitude`, `latitude`, `feature_class`, `feature_code`, `subadmin1_code`, `subadmin2_code`, `population`, `time_zone`, `active`, `created_at`, `updated_at`) VALUES ('AZ','{\"en\":\"Zyrya\"}',50.29,40.37,'P','PPL','AZ.09',NULL,10099,'Asia/Baku',1,'2014-06-26 23:00:00','2014-06-26 23:00:00');
INSERT INTO `__PREFIX__cities` (`country_code`, `name`, `longitude`, `latitude`, `feature_class`, `feature_code`, `subadmin1_code`, `subadmin2_code`, `population`, `time_zone`, `active`, `created_at`, `updated_at`) VALUES ('AZ','{\"en\":\"Zardob\"}',47.71,40.22,'P','PPLA','AZ.71',NULL,10612,'Asia/Baku',1,'2019-07-09 23:00:00','2019-07-09 23:00:00');
INSERT INTO `__PREFIX__cities` (`country_code`, `name`, `longitude`, `latitude`, `feature_class`, `feature_code`, `subadmin1_code`, `subadmin2_code`, `population`, `time_zone`, `active`, `created_at`, `updated_at`) VALUES ('AZ','{\"en\":\"Zaqatala\"}',46.64,41.63,'P','PPLA','AZ.70',NULL,18277,'Asia/Baku',1,'2017-07-18 23:00:00','2017-07-18 23:00:00');
INSERT INTO `__PREFIX__cities` (`country_code`, `name`, `longitude`, `latitude`, `feature_class`, `feature_code`, `subadmin1_code`, `subadmin2_code`, `population`, `time_zone`, `active`, `created_at`, `updated_at`) VALUES ('AZ','{\"en\":\"Zabrat\"}',49.94,40.48,'P','PPL','AZ.09',NULL,21396,'Asia/Baku',1,'2014-06-26 23:00:00','2014-06-26 23:00:00');
INSERT INTO `__PREFIX__cities` (`country_code`, `name`, `longitude`, `latitude`, `feature_class`, `feature_code`, `subadmin1_code`, `subadmin2_code`, `population`, `time_zone`, `active`, `created_at`, `updated_at`) VALUES ('AZ','{\"en\":\"Yevlakh\"}',47.15,40.62,'P','PPLA','AZ.68',NULL,127400,'Asia/Baku',1,'2019-06-30 23:00:00','2019-06-30 23:00:00');
INSERT INTO `__PREFIX__cities` (`country_code`, `name`, `longitude`, `latitude`, `feature_class`, `feature_code`, `subadmin1_code`, `subadmin2_code`, `population`, `time_zone`, `active`, `created_at`, `updated_at`) VALUES ('AZ','{\"en\":\"Xudat\"}',48.68,41.63,'P','PPL','AZ.60',NULL,13625,'Asia/Baku',1,'2014-06-25 23:00:00','2014-06-25 23:00:00');
INSERT INTO `__PREFIX__cities` (`country_code`, `name`, `longitude`, `latitude`, `feature_class`, `feature_code`, `subadmin1_code`, `subadmin2_code`, `population`, `time_zone`, `active`, `created_at`, `updated_at`) VALUES ('AZ','{\"en\":\"Göygöl\"}',46.32,40.59,'P','PPLA','AZ.62',NULL,17816,'Asia/Baku',1,'2020-07-07 23:00:00','2020-07-07 23:00:00');
INSERT INTO `__PREFIX__cities` (`country_code`, `name`, `longitude`, `latitude`, `feature_class`, `feature_code`, `subadmin1_code`, `subadmin2_code`, `population`, `time_zone`, `active`, `created_at`, `updated_at`) VALUES ('AZ','{\"en\":\"Xaçmaz\"}',48.81,41.46,'P','PPLA','AZ.60',NULL,37175,'Asia/Baku',1,'2020-06-09 23:00:00','2020-06-09 23:00:00');
INSERT INTO `__PREFIX__cities` (`country_code`, `name`, `longitude`, `latitude`, `feature_class`, `feature_code`, `subadmin1_code`, `subadmin2_code`, `population`, `time_zone`, `active`, `created_at`, `updated_at`) VALUES ('AZ','{\"en\":\"Ujar\"}',47.65,40.52,'P','PPLA','AZ.59',NULL,15741,'Asia/Baku',1,'2014-06-25 23:00:00','2014-06-25 23:00:00');
INSERT INTO `__PREFIX__cities` (`country_code`, `name`, `longitude`, `latitude`, `feature_class`, `feature_code`, `subadmin1_code`, `subadmin2_code`, `population`, `time_zone`, `active`, `created_at`, `updated_at`) VALUES ('AZ','{\"en\":\"Türkan\"}',50.22,40.36,'P','PPL','AZ.09',NULL,9699,'Asia/Baku',1,'2020-06-09 23:00:00','2020-06-09 23:00:00');
INSERT INTO `__PREFIX__cities` (`country_code`, `name`, `longitude`, `latitude`, `feature_class`, `feature_code`, `subadmin1_code`, `subadmin2_code`, `population`, `time_zone`, `active`, `created_at`, `updated_at`) VALUES ('AZ','{\"en\":\"Tovuz\"}',45.63,40.99,'P','PPLA','AZ.58',NULL,12626,'Asia/Baku',1,'2013-09-04 23:00:00','2013-09-04 23:00:00');
INSERT INTO `__PREFIX__cities` (`country_code`, `name`, `longitude`, `latitude`, `feature_class`, `feature_code`, `subadmin1_code`, `subadmin2_code`, `population`, `time_zone`, `active`, `created_at`, `updated_at`) VALUES ('AZ','{\"en\":\"Terter\"}',46.93,40.34,'P','PPLA','AZ.57',NULL,18185,'Asia/Baku',1,'2018-08-06 23:00:00','2018-08-06 23:00:00');
INSERT INTO `__PREFIX__cities` (`country_code`, `name`, `longitude`, `latitude`, `feature_class`, `feature_code`, `subadmin1_code`, `subadmin2_code`, `population`, `time_zone`, `active`, `created_at`, `updated_at`) VALUES ('AZ','{\"en\":\"Sumqayıt\"}',49.67,40.59,'P','PPLA','AZ.54',NULL,265150,'Asia/Baku',1,'2020-06-09 23:00:00','2020-06-09 23:00:00');
INSERT INTO `__PREFIX__cities` (`country_code`, `name`, `longitude`, `latitude`, `feature_class`, `feature_code`, `subadmin1_code`, `subadmin2_code`, `population`, `time_zone`, `active`, `created_at`, `updated_at`) VALUES ('AZ','{\"en\":\"Kyzyl-Burun\"}',49.12,41.08,'P','PPLA','AZ.53',NULL,3,'Asia/Baku',1,'2018-08-06 23:00:00','2018-08-06 23:00:00');
INSERT INTO `__PREFIX__cities` (`country_code`, `name`, `longitude`, `latitude`, `feature_class`, `feature_code`, `subadmin1_code`, `subadmin2_code`, `population`, `time_zone`, `active`, `created_at`, `updated_at`) VALUES ('AZ','{\"en\":\"Qaraçuxur\"}',49.97,40.40,'P','PPL','AZ.09',NULL,72989,'Asia/Baku',1,'2020-06-09 23:00:00','2020-06-09 23:00:00');
INSERT INTO `__PREFIX__cities` (`country_code`, `name`, `longitude`, `latitude`, `feature_class`, `feature_code`, `subadmin1_code`, `subadmin2_code`, `population`, `time_zone`, `active`, `created_at`, `updated_at`) VALUES ('AZ','{\"en\":\"Saray\"}',49.72,40.53,'P','PPL','AZ.01',NULL,10173,'Asia/Baku',1,'2014-06-26 23:00:00','2014-06-26 23:00:00');
INSERT INTO `__PREFIX__cities` (`country_code`, `name`, `longitude`, `latitude`, `feature_class`, `feature_code`, `subadmin1_code`, `subadmin2_code`, `population`, `time_zone`, `active`, `created_at`, `updated_at`) VALUES ('AZ','{\"en\":\"Shamkhor\"}',46.02,40.83,'P','PPLA','AZ.51',NULL,35421,'Asia/Baku',1,'2020-01-02 23:00:00','2020-01-02 23:00:00');
INSERT INTO `__PREFIX__cities` (`country_code`, `name`, `longitude`, `latitude`, `feature_class`, `feature_code`, `subadmin1_code`, `subadmin2_code`, `population`, `time_zone`, `active`, `created_at`, `updated_at`) VALUES ('AZ','{\"en\":\"Shamakhi\"}',48.64,40.63,'P','PPLA','AZ.50',NULL,29403,'Asia/Baku',1,'2014-06-26 23:00:00','2014-06-26 23:00:00');
INSERT INTO `__PREFIX__cities` (`country_code`, `name`, `longitude`, `latitude`, `feature_class`, `feature_code`, `subadmin1_code`, `subadmin2_code`, `population`, `time_zone`, `active`, `created_at`, `updated_at`) VALUES ('AZ','{\"en\":\"Sheki\"}',47.17,41.19,'P','PPLA','AZ.48',NULL,63000,'Asia/Baku',1,'2014-06-26 23:00:00','2014-06-26 23:00:00');
INSERT INTO `__PREFIX__cities` (`country_code`, `name`, `longitude`, `latitude`, `feature_class`, `feature_code`, `subadmin1_code`, `subadmin2_code`, `population`, `time_zone`, `active`, `created_at`, `updated_at`) VALUES ('AZ','{\"en\":\"Samux\"}',46.41,40.76,'P','PPLA','AZ.52',NULL,6013,'Asia/Baku',1,'2014-06-26 23:00:00','2014-06-26 23:00:00');
INSERT INTO `__PREFIX__cities` (`country_code`, `name`, `longitude`, `latitude`, `feature_class`, `feature_code`, `subadmin1_code`, `subadmin2_code`, `population`, `time_zone`, `active`, `created_at`, `updated_at`) VALUES ('AZ','{\"en\":\"Sabunçu\"}',49.95,40.44,'P','PPL','AZ.09',NULL,20996,'Asia/Baku',1,'2020-06-09 23:00:00','2020-06-09 23:00:00');
INSERT INTO `__PREFIX__cities` (`country_code`, `name`, `longitude`, `latitude`, `feature_class`, `feature_code`, `subadmin1_code`, `subadmin2_code`, `population`, `time_zone`, `active`, `created_at`, `updated_at`) VALUES ('AZ','{\"en\":\"Sabirabad\"}',48.48,40.01,'P','PPLA','AZ.46',NULL,28075,'Asia/Baku',1,'2014-06-25 23:00:00','2014-06-25 23:00:00');
INSERT INTO `__PREFIX__cities` (`country_code`, `name`, `longitude`, `latitude`, `feature_class`, `feature_code`, `subadmin1_code`, `subadmin2_code`, `population`, `time_zone`, `active`, `created_at`, `updated_at`) VALUES ('AZ','{\"en\":\"Qusar\"}',48.43,41.43,'P','PPLA','AZ.44',NULL,16022,'Asia/Baku',1,'2014-06-26 23:00:00','2014-06-26 23:00:00');
INSERT INTO `__PREFIX__cities` (`country_code`, `name`, `longitude`, `latitude`, `feature_class`, `feature_code`, `subadmin1_code`, `subadmin2_code`, `population`, `time_zone`, `active`, `created_at`, `updated_at`) VALUES ('AZ','{\"en\":\"Quba\"}',48.51,41.36,'P','PPLA','AZ.42',NULL,22405,'Asia/Baku',1,'2014-06-26 23:00:00','2014-06-26 23:00:00');
INSERT INTO `__PREFIX__cities` (`country_code`, `name`, `longitude`, `latitude`, `feature_class`, `feature_code`, `subadmin1_code`, `subadmin2_code`, `population`, `time_zone`, `active`, `created_at`, `updated_at`) VALUES ('AZ','{\"en\":\"Qobustan\"}',49.41,40.08,'P','PPL','AZ.09',NULL,13398,'Asia/Baku',1,'2014-06-26 23:00:00','2014-06-26 23:00:00');
INSERT INTO `__PREFIX__cities` (`country_code`, `name`, `longitude`, `latitude`, `feature_class`, `feature_code`, `subadmin1_code`, `subadmin2_code`, `population`, `time_zone`, `active`, `created_at`, `updated_at`) VALUES ('AZ','{\"en\":\"Hacıqabul\"}',48.94,40.04,'P','PPLA','AZ.23',NULL,23102,'Asia/Baku',1,'2020-06-09 23:00:00','2020-06-09 23:00:00');
INSERT INTO `__PREFIX__cities` (`country_code`, `name`, `longitude`, `latitude`, `feature_class`, `feature_code`, `subadmin1_code`, `subadmin2_code`, `population`, `time_zone`, `active`, `created_at`, `updated_at`) VALUES ('AZ','{\"en\":\"Qazax\"}',45.37,41.09,'P','PPLA','AZ.40',NULL,18903,'Asia/Baku',1,'2014-06-25 23:00:00','2014-06-25 23:00:00');
INSERT INTO `__PREFIX__cities` (`country_code`, `name`, `longitude`, `latitude`, `feature_class`, `feature_code`, `subadmin1_code`, `subadmin2_code`, `population`, `time_zone`, `active`, `created_at`, `updated_at`) VALUES ('AZ','{\"en\":\"Qax\"}',46.92,41.42,'P','PPLA','AZ.39',NULL,11992,'Asia/Baku',1,'2014-06-26 23:00:00','2014-06-26 23:00:00');
INSERT INTO `__PREFIX__cities` (`country_code`, `name`, `longitude`, `latitude`, `feature_class`, `feature_code`, `subadmin1_code`, `subadmin2_code`, `population`, `time_zone`, `active`, `created_at`, `updated_at`) VALUES ('AZ','{\"en\":\"Qutqashen\"}',47.85,40.98,'P','PPLA','AZ.38',NULL,11867,'Asia/Baku',1,'2017-11-08 23:00:00','2017-11-08 23:00:00');
INSERT INTO `__PREFIX__cities` (`country_code`, `name`, `longitude`, `latitude`, `feature_class`, `feature_code`, `subadmin1_code`, `subadmin2_code`, `population`, `time_zone`, `active`, `created_at`, `updated_at`) VALUES ('AZ','{\"en\":\"Oğuz\"}',47.47,41.07,'P','PPLA','AZ.37',NULL,6600,'Asia/Baku',1,'2020-06-09 23:00:00','2020-06-09 23:00:00');
INSERT INTO `__PREFIX__cities` (`country_code`, `name`, `longitude`, `latitude`, `feature_class`, `feature_code`, `subadmin1_code`, `subadmin2_code`, `population`, `time_zone`, `active`, `created_at`, `updated_at`) VALUES ('AZ','{\"en\":\"Hacı Zeynalabdin\"}',49.56,40.62,'P','PPL','AZ.54',NULL,19019,'Asia/Baku',1,'2020-06-09 23:00:00','2020-06-09 23:00:00');
INSERT INTO `__PREFIX__cities` (`country_code`, `name`, `longitude`, `latitude`, `feature_class`, `feature_code`, `subadmin1_code`, `subadmin2_code`, `population`, `time_zone`, `active`, `created_at`, `updated_at`) VALUES ('AZ','{\"en\":\"Nardaran\"}',50.01,40.56,'P','PPL','AZ.09',NULL,7700,'Asia/Baku',1,'2012-01-16 23:00:00','2012-01-16 23:00:00');
INSERT INTO `__PREFIX__cities` (`country_code`, `name`, `longitude`, `latitude`, `feature_class`, `feature_code`, `subadmin1_code`, `subadmin2_code`, `population`, `time_zone`, `active`, `created_at`, `updated_at`) VALUES ('AZ','{\"en\":\"Naftalan\"}',46.82,40.51,'P','PPLA','AZ.34',NULL,7045,'Asia/Baku',1,'2018-03-07 23:00:00','2018-03-07 23:00:00');
INSERT INTO `__PREFIX__cities` (`country_code`, `name`, `longitude`, `latitude`, `feature_class`, `feature_code`, `subadmin1_code`, `subadmin2_code`, `population`, `time_zone`, `active`, `created_at`, `updated_at`) VALUES ('AZ','{\"en\":\"Mingelchaur\"}',47.06,40.76,'P','PPLA','AZ.33',NULL,95453,'Asia/Baku',1,'2020-01-02 23:00:00','2020-01-02 23:00:00');
INSERT INTO `__PREFIX__cities` (`country_code`, `name`, `longitude`, `latitude`, `feature_class`, `feature_code`, `subadmin1_code`, `subadmin2_code`, `population`, `time_zone`, `active`, `created_at`, `updated_at`) VALUES ('AZ','{\"en\":\"Maştağa\"}',50.01,40.53,'P','PPL','AZ.09',NULL,40092,'Asia/Baku',1,'2020-06-09 23:00:00','2020-06-09 23:00:00');
INSERT INTO `__PREFIX__cities` (`country_code`, `name`, `longitude`, `latitude`, `feature_class`, `feature_code`, `subadmin1_code`, `subadmin2_code`, `population`, `time_zone`, `active`, `created_at`, `updated_at`) VALUES ('AZ','{\"en\":\"Mardakan\"}',50.14,40.49,'P','PPL','AZ.09',NULL,15267,'Asia/Baku',1,'2015-11-10 23:00:00','2015-11-10 23:00:00');
INSERT INTO `__PREFIX__cities` (`country_code`, `name`, `longitude`, `latitude`, `feature_class`, `feature_code`, `subadmin1_code`, `subadmin2_code`, `population`, `time_zone`, `active`, `created_at`, `updated_at`) VALUES ('AZ','{\"en\":\"Qobustan\"}',48.93,40.53,'P','PPLA','AZ.41',NULL,3754,'Asia/Baku',1,'2014-06-26 23:00:00','2014-06-26 23:00:00');
INSERT INTO `__PREFIX__cities` (`country_code`, `name`, `longitude`, `latitude`, `feature_class`, `feature_code`, `subadmin1_code`, `subadmin2_code`, `population`, `time_zone`, `active`, `created_at`, `updated_at`) VALUES ('AZ','{\"en\":\"Lokbatan\"}',49.73,40.33,'P','PPL','AZ.09',NULL,30694,'Asia/Baku',1,'2021-06-01 23:00:00','2021-06-01 23:00:00');
INSERT INTO `__PREFIX__cities` (`country_code`, `name`, `longitude`, `latitude`, `feature_class`, `feature_code`, `subadmin1_code`, `subadmin2_code`, `population`, `time_zone`, `active`, `created_at`, `updated_at`) VALUES ('AZ','{\"en\":\"Qızılhacılı\"}',46.86,40.58,'P','PPL','AZ.21',NULL,6330,'Asia/Baku',1,'2020-06-09 23:00:00','2020-06-09 23:00:00');
INSERT INTO `__PREFIX__cities` (`country_code`, `name`, `longitude`, `latitude`, `feature_class`, `feature_code`, `subadmin1_code`, `subadmin2_code`, `population`, `time_zone`, `active`, `created_at`, `updated_at`) VALUES ('AZ','{\"en\":\"Kyurdarmir\"}',48.16,40.34,'P','PPLA','AZ.27',NULL,19088,'Asia/Baku',1,'2019-07-09 23:00:00','2019-07-09 23:00:00');
INSERT INTO `__PREFIX__cities` (`country_code`, `name`, `longitude`, `latitude`, `feature_class`, `feature_code`, `subadmin1_code`, `subadmin2_code`, `population`, `time_zone`, `active`, `created_at`, `updated_at`) VALUES ('AZ','{\"en\":\"Qobu\"}',49.71,40.40,'P','PPL','AZ.01',NULL,7377,'Asia/Baku',1,'2014-06-26 23:00:00','2014-06-26 23:00:00');
INSERT INTO `__PREFIX__cities` (`country_code`, `name`, `longitude`, `latitude`, `feature_class`, `feature_code`, `subadmin1_code`, `subadmin2_code`, `population`, `time_zone`, `active`, `created_at`, `updated_at`) VALUES ('AZ','{\"en\":\"Xızı\"}',49.07,40.91,'P','PPLA','AZ.63',NULL,1024,'Asia/Baku',1,'2020-07-07 23:00:00','2020-07-07 23:00:00');
INSERT INTO `__PREFIX__cities` (`country_code`, `name`, `longitude`, `latitude`, `feature_class`, `feature_code`, `subadmin1_code`, `subadmin2_code`, `population`, `time_zone`, `active`, `created_at`, `updated_at`) VALUES ('AZ','{\"en\":\"Khirdalan\"}',49.76,40.45,'P','PPLA','AZ.01',NULL,37949,'Asia/Baku',1,'2014-06-26 23:00:00','2014-06-26 23:00:00');
INSERT INTO `__PREFIX__cities` (`country_code`, `name`, `longitude`, `latitude`, `feature_class`, `feature_code`, `subadmin1_code`, `subadmin2_code`, `population`, `time_zone`, `active`, `created_at`, `updated_at`) VALUES ('AZ','{\"en\":\"Khojasan\"}',49.77,40.41,'P','PPL','AZ.09',NULL,5089,'Asia/Baku',1,'2021-05-31 23:00:00','2021-05-31 23:00:00');
INSERT INTO `__PREFIX__cities` (`country_code`, `name`, `longitude`, `latitude`, `feature_class`, `feature_code`, `subadmin1_code`, `subadmin2_code`, `population`, `time_zone`, `active`, `created_at`, `updated_at`) VALUES ('AZ','{\"en\":\"Qarayeri\"}',46.31,40.79,'P','PPL','AZ.52',NULL,5565,'Asia/Baku',1,'2019-07-09 23:00:00','2019-07-09 23:00:00');
INSERT INTO `__PREFIX__cities` (`country_code`, `name`, `longitude`, `latitude`, `feature_class`, `feature_code`, `subadmin1_code`, `subadmin2_code`, `population`, `time_zone`, `active`, `created_at`, `updated_at`) VALUES ('AZ','{\"en\":\"Kerbakhiar\"}',46.04,40.11,'P','PPLA','AZ.26',NULL,8400,'Asia/Baku',1,'2021-08-09 23:00:00','2021-08-09 23:00:00');
INSERT INTO `__PREFIX__cities` (`country_code`, `name`, `longitude`, `latitude`, `feature_class`, `feature_code`, `subadmin1_code`, `subadmin2_code`, `population`, `time_zone`, `active`, `created_at`, `updated_at`) VALUES ('AZ','{\"en\":\"İsmayıllı\"}',48.15,40.78,'P','PPLA','AZ.25',NULL,13610,'Asia/Baku',1,'2020-06-09 23:00:00','2020-06-09 23:00:00');
INSERT INTO `__PREFIX__cities` (`country_code`, `name`, `longitude`, `latitude`, `feature_class`, `feature_code`, `subadmin1_code`, `subadmin2_code`, `population`, `time_zone`, `active`, `created_at`, `updated_at`) VALUES ('AZ','{\"en\":\"Yeni Suraxanı\"}',50.04,40.43,'P','PPL','AZ.09',NULL,16127,'Asia/Baku',1,'2020-06-09 23:00:00','2020-06-09 23:00:00');
INSERT INTO `__PREFIX__cities` (`country_code`, `name`, `longitude`, `latitude`, `feature_class`, `feature_code`, `subadmin1_code`, `subadmin2_code`, `population`, `time_zone`, `active`, `created_at`, `updated_at`) VALUES ('AZ','{\"en\":\"Göyçay\"}',47.74,40.65,'P','PPLA','AZ.22',NULL,35348,'Asia/Baku',1,'2020-07-07 23:00:00','2020-07-07 23:00:00');
INSERT INTO `__PREFIX__cities` (`country_code`, `name`, `longitude`, `latitude`, `feature_class`, `feature_code`, `subadmin1_code`, `subadmin2_code`, `population`, `time_zone`, `active`, `created_at`, `updated_at`) VALUES ('AZ','{\"en\":\"Hövsan\"}',50.09,40.37,'P','PPL','AZ.09',NULL,36293,'Asia/Baku',1,'2020-06-09 23:00:00','2020-06-09 23:00:00');
INSERT INTO `__PREFIX__cities` (`country_code`, `name`, `longitude`, `latitude`, `feature_class`, `feature_code`, `subadmin1_code`, `subadmin2_code`, `population`, `time_zone`, `active`, `created_at`, `updated_at`) VALUES ('AZ','{\"en\":\"Goranboy\"}',46.79,40.61,'P','PPLA','AZ.21',NULL,7333,'Asia/Baku',1,'2014-06-25 23:00:00','2014-06-25 23:00:00');
INSERT INTO `__PREFIX__cities` (`country_code`, `name`, `longitude`, `latitude`, `feature_class`, `feature_code`, `subadmin1_code`, `subadmin2_code`, `population`, `time_zone`, `active`, `created_at`, `updated_at`) VALUES ('AZ','{\"en\":\"Ganja\"}',46.36,40.68,'P','PPLA','AZ.20',NULL,313300,'Asia/Baku',1,'2022-01-05 23:00:00','2022-01-05 23:00:00');
INSERT INTO `__PREFIX__cities` (`country_code`, `name`, `longitude`, `latitude`, `feature_class`, `feature_code`, `subadmin1_code`, `subadmin2_code`, `population`, `time_zone`, `active`, `created_at`, `updated_at`) VALUES ('AZ','{\"en\":\"Kyadabek\"}',45.81,40.57,'P','PPLA','AZ.19',NULL,8657,'Asia/Baku',1,'2014-06-26 23:00:00','2014-06-26 23:00:00');
INSERT INTO `__PREFIX__cities` (`country_code`, `name`, `longitude`, `latitude`, `feature_class`, `feature_code`, `subadmin1_code`, `subadmin2_code`, `population`, `time_zone`, `active`, `created_at`, `updated_at`) VALUES ('AZ','{\"en\":\"Corat\"}',49.71,40.57,'P','PPL','AZ.54',NULL,8624,'Asia/Baku',1,'2014-06-25 23:00:00','2014-06-25 23:00:00');
INSERT INTO `__PREFIX__cities` (`country_code`, `name`, `longitude`, `latitude`, `feature_class`, `feature_code`, `subadmin1_code`, `subadmin2_code`, `population`, `time_zone`, `active`, `created_at`, `updated_at`) VALUES ('AZ','{\"en\":\"Ceyranbatan\"}',49.66,40.54,'P','PPL','AZ.01',NULL,5684,'Asia/Baku',1,'2014-06-25 23:00:00','2014-06-25 23:00:00');
INSERT INTO `__PREFIX__cities` (`country_code`, `name`, `longitude`, `latitude`, `feature_class`, `feature_code`, `subadmin1_code`, `subadmin2_code`, `population`, `time_zone`, `active`, `created_at`, `updated_at`) VALUES ('AZ','{\"en\":\"Dzagam\"}',45.89,40.90,'P','PPL','AZ.51',NULL,7442,'Asia/Baku',1,'2014-06-26 23:00:00','2014-06-26 23:00:00');
INSERT INTO `__PREFIX__cities` (`country_code`, `name`, `longitude`, `latitude`, `feature_class`, `feature_code`, `subadmin1_code`, `subadmin2_code`, `population`, `time_zone`, `active`, `created_at`, `updated_at`) VALUES ('AZ','{\"en\":\"Divichibazar\"}',48.99,41.20,'P','PPLA','AZ.17',NULL,23248,'Asia/Baku',1,'2014-06-25 23:00:00','2014-06-25 23:00:00');
INSERT INTO `__PREFIX__cities` (`country_code`, `name`, `longitude`, `latitude`, `feature_class`, `feature_code`, `subadmin1_code`, `subadmin2_code`, `population`, `time_zone`, `active`, `created_at`, `updated_at`) VALUES ('AZ','{\"en\":\"Yukhary-Dashkesan\"}',46.08,40.52,'P','PPLA','AZ.16',NULL,9900,'Asia/Baku',1,'2014-06-25 23:00:00','2014-06-25 23:00:00');
INSERT INTO `__PREFIX__cities` (`country_code`, `name`, `longitude`, `latitude`, `feature_class`, `feature_code`, `subadmin1_code`, `subadmin2_code`, `population`, `time_zone`, `active`, `created_at`, `updated_at`) VALUES ('AZ','{\"en\":\"Çinarlı\"}',46.92,41.47,'P','PPL','AZ.39',NULL,6508,'Asia/Baku',1,'2020-06-09 23:00:00','2020-06-09 23:00:00');
INSERT INTO `__PREFIX__cities` (`country_code`, `name`, `longitude`, `latitude`, `feature_class`, `feature_code`, `subadmin1_code`, `subadmin2_code`, `population`, `time_zone`, `active`, `created_at`, `updated_at`) VALUES ('AZ','{\"en\":\"Buzovna\"}',50.11,40.52,'P','PPL','AZ.09',NULL,24795,'Asia/Baku',1,'2014-06-26 23:00:00','2014-06-26 23:00:00');
INSERT INTO `__PREFIX__cities` (`country_code`, `name`, `longitude`, `latitude`, `feature_class`, `feature_code`, `subadmin1_code`, `subadmin2_code`, `population`, `time_zone`, `active`, `created_at`, `updated_at`) VALUES ('AZ','{\"en\":\"Binagadi\"}',49.83,40.47,'P','PPL','AZ.09',NULL,14012,'Asia/Baku',1,'2014-06-26 23:00:00','2014-06-26 23:00:00');
INSERT INTO `__PREFIX__cities` (`country_code`, `name`, `longitude`, `latitude`, `feature_class`, `feature_code`, `subadmin1_code`, `subadmin2_code`, `population`, `time_zone`, `active`, `created_at`, `updated_at`) VALUES ('AZ','{\"en\":\"Biny Selo\"}',50.09,40.45,'P','PPL','AZ.09',NULL,24596,'Asia/Baku',1,'2014-06-25 23:00:00','2014-06-25 23:00:00');
INSERT INTO `__PREFIX__cities` (`country_code`, `name`, `longitude`, `latitude`, `feature_class`, `feature_code`, `subadmin1_code`, `subadmin2_code`, `population`, `time_zone`, `active`, `created_at`, `updated_at`) VALUES ('AZ','{\"en\":\"Bilajer\"}',50.04,40.56,'P','PPL','AZ.09',NULL,8983,'Asia/Baku',1,'2014-06-25 23:00:00','2014-06-25 23:00:00');
INSERT INTO `__PREFIX__cities` (`country_code`, `name`, `longitude`, `latitude`, `feature_class`, `feature_code`, `subadmin1_code`, `subadmin2_code`, `population`, `time_zone`, `active`, `created_at`, `updated_at`) VALUES ('AZ','{\"en\":\"Barda\"}',47.13,40.38,'P','PPLA','AZ.11',NULL,37372,'Asia/Baku',1,'2014-06-26 23:00:00','2014-06-26 23:00:00');
INSERT INTO `__PREFIX__cities` (`country_code`, `name`, `longitude`, `latitude`, `feature_class`, `feature_code`, `subadmin1_code`, `subadmin2_code`, `population`, `time_zone`, `active`, `created_at`, `updated_at`) VALUES ('AZ','{\"en\":\"Belokany\"}',46.40,41.73,'P','PPLA','AZ.10',NULL,9182,'Asia/Baku',1,'2014-06-25 23:00:00','2014-06-25 23:00:00');
INSERT INTO `__PREFIX__cities` (`country_code`, `name`, `longitude`, `latitude`, `feature_class`, `feature_code`, `subadmin1_code`, `subadmin2_code`, `population`, `time_zone`, `active`, `created_at`, `updated_at`) VALUES ('AZ','{\"en\":\"Balakhani\"}',49.92,40.46,'P','PPL','AZ.09',NULL,10863,'Asia/Baku',1,'2014-06-25 23:00:00','2014-06-25 23:00:00');
INSERT INTO `__PREFIX__cities` (`country_code`, `name`, `longitude`, `latitude`, `feature_class`, `feature_code`, `subadmin1_code`, `subadmin2_code`, `population`, `time_zone`, `active`, `created_at`, `updated_at`) VALUES ('AZ','{\"en\":\"Bilajari\"}',49.81,40.44,'P','PPL','AZ.09',NULL,42194,'Asia/Baku',1,'2021-05-31 23:00:00','2021-05-31 23:00:00');
INSERT INTO `__PREFIX__cities` (`country_code`, `name`, `longitude`, `latitude`, `feature_class`, `feature_code`, `subadmin1_code`, `subadmin2_code`, `population`, `time_zone`, `active`, `created_at`, `updated_at`) VALUES ('AZ','{\"en\":\"Baku\"}',49.89,40.38,'P','PPLC','AZ.09',NULL,1116513,'Asia/Baku',1,'2019-09-04 23:00:00','2019-09-04 23:00:00');
INSERT INTO `__PREFIX__cities` (`country_code`, `name`, `longitude`, `latitude`, `feature_class`, `feature_code`, `subadmin1_code`, `subadmin2_code`, `population`, `time_zone`, `active`, `created_at`, `updated_at`) VALUES ('AZ','{\"en\":\"Pirallahı\"}',50.32,40.47,'P','PPL','AZ.09',NULL,13435,'Asia/Baku',1,'2020-06-09 23:00:00','2020-06-09 23:00:00');
INSERT INTO `__PREFIX__cities` (`country_code`, `name`, `longitude`, `latitude`, `feature_class`, `feature_code`, `subadmin1_code`, `subadmin2_code`, `population`, `time_zone`, `active`, `created_at`, `updated_at`) VALUES ('AZ','{\"en\":\"Amirdzhan\"}',49.98,40.43,'P','PPL','AZ.09',NULL,26798,'Asia/Baku',1,'2012-01-16 23:00:00','2012-01-16 23:00:00');
INSERT INTO `__PREFIX__cities` (`country_code`, `name`, `longitude`, `latitude`, `feature_class`, `feature_code`, `subadmin1_code`, `subadmin2_code`, `population`, `time_zone`, `active`, `created_at`, `updated_at`) VALUES ('AZ','{\"en\":\"Aliabad\"}',46.63,41.48,'P','PPL','AZ.70',NULL,9103,'Asia/Baku',1,'2014-01-08 23:00:00','2014-01-08 23:00:00');
INSERT INTO `__PREFIX__cities` (`country_code`, `name`, `longitude`, `latitude`, `feature_class`, `feature_code`, `subadmin1_code`, `subadmin2_code`, `population`, `time_zone`, `active`, `created_at`, `updated_at`) VALUES ('AZ','{\"en\":\"Aghsu\"}',48.40,40.57,'P','PPLA','AZ.06',NULL,17209,'Asia/Baku',1,'2018-03-07 23:00:00','2018-03-07 23:00:00');
INSERT INTO `__PREFIX__cities` (`country_code`, `name`, `longitude`, `latitude`, `feature_class`, `feature_code`, `subadmin1_code`, `subadmin2_code`, `population`, `time_zone`, `active`, `created_at`, `updated_at`) VALUES ('AZ','{\"en\":\"Aghstafa\"}',45.45,41.12,'P','PPLA','AZ.05',NULL,12542,'Asia/Baku',1,'2021-05-30 23:00:00','2021-05-30 23:00:00');
INSERT INTO `__PREFIX__cities` (`country_code`, `name`, `longitude`, `latitude`, `feature_class`, `feature_code`, `subadmin1_code`, `subadmin2_code`, `population`, `time_zone`, `active`, `created_at`, `updated_at`) VALUES ('AZ','{\"en\":\"Ağdaş\"}',47.47,40.65,'P','PPLA','AZ.04',NULL,23528,'Asia/Baku',1,'2020-06-09 23:00:00','2020-06-09 23:00:00');
INSERT INTO `__PREFIX__cities` (`country_code`, `name`, `longitude`, `latitude`, `feature_class`, `feature_code`, `subadmin1_code`, `subadmin2_code`, `population`, `time_zone`, `active`, `created_at`, `updated_at`) VALUES ('AZ','{\"en\":\"Martakert\"}',46.82,40.21,'P','PPL','AZ.57',NULL,10167,'Asia/Baku',1,'2018-08-06 23:00:00','2018-08-06 23:00:00');
INSERT INTO `__PREFIX__cities` (`country_code`, `name`, `longitude`, `latitude`, `feature_class`, `feature_code`, `subadmin1_code`, `subadmin2_code`, `population`, `time_zone`, `active`, `created_at`, `updated_at`) VALUES ('AZ','{\"en\":\"Agdzhabedy\"}',47.46,40.05,'P','PPLA','AZ.02',NULL,34989,'Asia/Baku',1,'2014-06-26 23:00:00','2014-06-26 23:00:00');
INSERT INTO `__PREFIX__cities` (`country_code`, `name`, `longitude`, `latitude`, `feature_class`, `feature_code`, `subadmin1_code`, `subadmin2_code`, `population`, `time_zone`, `active`, `created_at`, `updated_at`) VALUES ('AZ','{\"en\":\"Bakıxanov\"}',49.97,40.42,'P','PPL','AZ.09',NULL,66686,'Asia/Baku',1,'2020-06-10 23:00:00','2020-06-10 23:00:00');
INSERT INTO `__PREFIX__cities` (`country_code`, `name`, `longitude`, `latitude`, `feature_class`, `feature_code`, `subadmin1_code`, `subadmin2_code`, `population`, `time_zone`, `active`, `created_at`, `updated_at`) VALUES ('AZ','{\"en\":\"Aran\"}',46.98,40.63,'P','PPL','AZ.67',NULL,6724,'Asia/Baku',1,'2021-05-30 23:00:00','2021-05-30 23:00:00');
INSERT INTO `__PREFIX__cities` (`country_code`, `name`, `longitude`, `latitude`, `feature_class`, `feature_code`, `subadmin1_code`, `subadmin2_code`, `population`, `time_zone`, `active`, `created_at`, `updated_at`) VALUES ('AZ','{\"en\":\"Ramana\"}',49.98,40.44,'P','PPLX','AZ.09',NULL,8855,'Asia/Baku',1,'2014-06-26 23:00:00','2014-06-26 23:00:00');
INSERT INTO `__PREFIX__cities` (`country_code`, `name`, `longitude`, `latitude`, `feature_class`, `feature_code`, `subadmin1_code`, `subadmin2_code`, `population`, `time_zone`, `active`, `created_at`, `updated_at`) VALUES ('AZ','{\"en\":\"Badamdar\"}',49.80,40.34,'P','PPL','AZ.09',NULL,11398,'Asia/Baku',1,'2013-07-06 23:00:00','2013-07-06 23:00:00');
/*!40000 ALTER TABLE `__PREFIX__cities` ENABLE KEYS */;
/*!40103 SET TIME_ZONE=@OLD_TIME_ZONE */;

/*!40101 SET SQL_MODE=@OLD_SQL_MODE */;
/*!40014 SET FOREIGN_KEY_CHECKS=@OLD_FOREIGN_KEY_CHECKS */;
/*!40014 SET UNIQUE_CHECKS=@OLD_UNIQUE_CHECKS */;
/*!40101 SET CHARACTER_SET_CLIENT=@OLD_CHARACTER_SET_CLIENT */;
/*!40101 SET CHARACTER_SET_RESULTS=@OLD_CHARACTER_SET_RESULTS */;
/*!40101 SET COLLATION_CONNECTION=@OLD_COLLATION_CONNECTION */;
/*!40111 SET SQL_NOTES=@OLD_SQL_NOTES */;

-- Dump completed
