-- MySQL dump 10.13  Distrib 5.7.34, for osx10.12 (x86_64)
--
-- Host: 127.0.0.1    Database: laraclassifier
-- ------------------------------------------------------
-- Server version	5.7.34

/*!40101 SET @OLD_CHARACTER_SET_CLIENT=@@CHARACTER_SET_CLIENT */;
/*!40101 SET @OLD_CHARACTER_SET_RESULTS=@@CHARACTER_SET_RESULTS */;
/*!40101 SET @OLD_COLLATION_CONNECTION=@@COLLATION_CONNECTION */;
/*!40101 SET NAMES utf8 */;
/*!40103 SET @OLD_TIME_ZONE=@@TIME_ZONE */;
/*!40103 SET TIME_ZONE='+00:00' */;
/*!40014 SET @OLD_UNIQUE_CHECKS=@@UNIQUE_CHECKS, UNIQUE_CHECKS=0 */;
/*!40014 SET @OLD_FOREIGN_KEY_CHECKS=@@FOREIGN_KEY_CHECKS, FOREIGN_KEY_CHECKS=0 */;
/*!40101 SET @OLD_SQL_MODE=@@SQL_MODE, SQL_MODE='NO_AUTO_VALUE_ON_ZERO' */;
/*!40111 SET @OLD_SQL_NOTES=@@SQL_NOTES, SQL_NOTES=0 */;

--
-- Dumping data for table `__PREFIX__subadmin1`
--

/*!40000 ALTER TABLE `__PREFIX__subadmin1` DISABLE KEYS */;
INSERT INTO `__PREFIX__subadmin1` (`code`, `country_code`, `name`, `active`) VALUES ('BA.01','BA','{\"en\":\"Federation of B&H\"}',1);
INSERT INTO `__PREFIX__subadmin1` (`code`, `country_code`, `name`, `active`) VALUES ('BA.02','BA','{\"en\":\"Srpska\"}',1);
INSERT INTO `__PREFIX__subadmin1` (`code`, `country_code`, `name`, `active`) VALUES ('BA.BRC','BA','{\"en\":\"Brčko\"}',1);
/*!40000 ALTER TABLE `__PREFIX__subadmin1` ENABLE KEYS */;

--
-- Dumping data for table `__PREFIX__subadmin2`
--

/*!40000 ALTER TABLE `__PREFIX__subadmin2` DISABLE KEYS */;
INSERT INTO `__PREFIX__subadmin2` (`code`, `country_code`, `subadmin1_code`, `name`, `active`) VALUES ('BA.02.3194943','BA','BA.02','{\"en\":\"Modriča\"}',1);
INSERT INTO `__PREFIX__subadmin2` (`code`, `country_code`, `subadmin1_code`, `name`, `active`) VALUES ('BA.02.3294539','BA','BA.02','{\"en\":\"Opština Bileća\"}',1);
INSERT INTO `__PREFIX__subadmin2` (`code`, `country_code`, `subadmin1_code`, `name`, `active`) VALUES ('BA.02.3294540','BA','BA.02','{\"en\":\"Ljubinje\"}',1);
INSERT INTO `__PREFIX__subadmin2` (`code`, `country_code`, `subadmin1_code`, `name`, `active`) VALUES ('BA.02.3294558','BA','BA.02','{\"en\":\"Gacko\"}',1);
INSERT INTO `__PREFIX__subadmin2` (`code`, `country_code`, `subadmin1_code`, `name`, `active`) VALUES ('BA.02.3294561','BA','BA.02','{\"en\":\"Opština Nevesinje\"}',1);
INSERT INTO `__PREFIX__subadmin2` (`code`, `country_code`, `subadmin1_code`, `name`, `active`) VALUES ('BA.02.3294564','BA','BA.02','{\"en\":\"Kalinovik\"}',1);
INSERT INTO `__PREFIX__subadmin2` (`code`, `country_code`, `subadmin1_code`, `name`, `active`) VALUES ('BA.02.3294565','BA','BA.02','{\"en\":\"Foča\"}',1);
INSERT INTO `__PREFIX__subadmin2` (`code`, `country_code`, `subadmin1_code`, `name`, `active`) VALUES ('BA.02.3294566','BA','BA.02','{\"en\":\"Opština Čajniče\"}',1);
INSERT INTO `__PREFIX__subadmin2` (`code`, `country_code`, `subadmin1_code`, `name`, `active`) VALUES ('BA.02.3294770','BA','BA.02','{\"en\":\"Rudo\"}',1);
INSERT INTO `__PREFIX__subadmin2` (`code`, `country_code`, `subadmin1_code`, `name`, `active`) VALUES ('BA.02.3294772','BA','BA.02','{\"en\":\"Opština Višegrad\"}',1);
INSERT INTO `__PREFIX__subadmin2` (`code`, `country_code`, `subadmin1_code`, `name`, `active`) VALUES ('BA.02.3294773','BA','BA.02','{\"en\":\"Opština Pale\"}',1);
INSERT INTO `__PREFIX__subadmin2` (`code`, `country_code`, `subadmin1_code`, `name`, `active`) VALUES ('BA.02.3294774','BA','BA.02','{\"en\":\"Rogatica\"}',1);
INSERT INTO `__PREFIX__subadmin2` (`code`, `country_code`, `subadmin1_code`, `name`, `active`) VALUES ('BA.02.3294829','BA','BA.02','{\"en\":\"Srebrenica\"}',1);
INSERT INTO `__PREFIX__subadmin2` (`code`, `country_code`, `subadmin1_code`, `name`, `active`) VALUES ('BA.02.3294830','BA','BA.02','{\"en\":\"Han Pijesak\"}',1);
INSERT INTO `__PREFIX__subadmin2` (`code`, `country_code`, `subadmin1_code`, `name`, `active`) VALUES ('BA.02.3294839','BA','BA.02','{\"en\":\"Vlasenica\"}',1);
INSERT INTO `__PREFIX__subadmin2` (`code`, `country_code`, `subadmin1_code`, `name`, `active`) VALUES ('BA.02.3294865','BA','BA.02','{\"en\":\"Opština Teslić\"}',1);
INSERT INTO `__PREFIX__subadmin2` (`code`, `country_code`, `subadmin1_code`, `name`, `active`) VALUES ('BA.02.3294871','BA','BA.02','{\"en\":\"Opština Kotor Varoš\"}',1);
INSERT INTO `__PREFIX__subadmin2` (`code`, `country_code`, `subadmin1_code`, `name`, `active`) VALUES ('BA.02.3294873','BA','BA.02','{\"en\":\"Lopare\"}',1);
INSERT INTO `__PREFIX__subadmin2` (`code`, `country_code`, `subadmin1_code`, `name`, `active`) VALUES ('BA.02.3294874','BA','BA.02','{\"en\":\"Opština Ugljevik\"}',1);
INSERT INTO `__PREFIX__subadmin2` (`code`, `country_code`, `subadmin1_code`, `name`, `active`) VALUES ('BA.02.3294889','BA','BA.02','{\"en\":\"Opština Čelinac\"}',1);
INSERT INTO `__PREFIX__subadmin2` (`code`, `country_code`, `subadmin1_code`, `name`, `active`) VALUES ('BA.02.3294893','BA','BA.02','{\"en\":\"Banja Luka\"}',1);
INSERT INTO `__PREFIX__subadmin2` (`code`, `country_code`, `subadmin1_code`, `name`, `active`) VALUES ('BA.02.3294894','BA','BA.02','{\"en\":\"Doboj\"}',1);
INSERT INTO `__PREFIX__subadmin2` (`code`, `country_code`, `subadmin1_code`, `name`, `active`) VALUES ('BA.02.3294896','BA','BA.02','{\"en\":\"Bijeljina\"}',1);
INSERT INTO `__PREFIX__subadmin2` (`code`, `country_code`, `subadmin1_code`, `name`, `active`) VALUES ('BA.02.3294904','BA','BA.02','{\"en\":\"Prnjavor\"}',1);
INSERT INTO `__PREFIX__subadmin2` (`code`, `country_code`, `subadmin1_code`, `name`, `active`) VALUES ('BA.02.3294906','BA','BA.02','{\"en\":\"Opština Laktaši\"}',1);
INSERT INTO `__PREFIX__subadmin2` (`code`, `country_code`, `subadmin1_code`, `name`, `active`) VALUES ('BA.02.3294909','BA','BA.02','{\"en\":\"Prijedor\"}',1);
INSERT INTO `__PREFIX__subadmin2` (`code`, `country_code`, `subadmin1_code`, `name`, `active`) VALUES ('BA.02.3294910','BA','BA.02','{\"en\":\"Derventa\"}',1);
INSERT INTO `__PREFIX__subadmin2` (`code`, `country_code`, `subadmin1_code`, `name`, `active`) VALUES ('BA.02.3294911','BA','BA.02','{\"en\":\"Opština Modriča\"}',1);
INSERT INTO `__PREFIX__subadmin2` (`code`, `country_code`, `subadmin1_code`, `name`, `active`) VALUES ('BA.02.3294912','BA','BA.02','{\"en\":\"Srbac\"}',1);
INSERT INTO `__PREFIX__subadmin2` (`code`, `country_code`, `subadmin1_code`, `name`, `active`) VALUES ('BA.02.3294915','BA','BA.02','{\"en\":\"Opština Novi Grad\"}',1);
INSERT INTO `__PREFIX__subadmin2` (`code`, `country_code`, `subadmin1_code`, `name`, `active`) VALUES ('BA.02.3294916','BA','BA.02','{\"en\":\"Opština Šamac\"}',1);
INSERT INTO `__PREFIX__subadmin2` (`code`, `country_code`, `subadmin1_code`, `name`, `active`) VALUES ('BA.02.3294917','BA','BA.02','{\"en\":\"Opština Gradiška\"}',1);
INSERT INTO `__PREFIX__subadmin2` (`code`, `country_code`, `subadmin1_code`, `name`, `active`) VALUES ('BA.02.3294918','BA','BA.02','{\"en\":\"Opstina Brod\"}',1);
INSERT INTO `__PREFIX__subadmin2` (`code`, `country_code`, `subadmin1_code`, `name`, `active`) VALUES ('BA.01.3343704','BA','BA.01','{\"en\":\"Unsko-Sanski Kanton\"}',1);
INSERT INTO `__PREFIX__subadmin2` (`code`, `country_code`, `subadmin1_code`, `name`, `active`) VALUES ('BA.01.3343706','BA','BA.01','{\"en\":\"Posavski Kanton\"}',1);
INSERT INTO `__PREFIX__subadmin2` (`code`, `country_code`, `subadmin1_code`, `name`, `active`) VALUES ('BA.01.3343716','BA','BA.01','{\"en\":\"Tuzlanski Kanton\"}',1);
INSERT INTO `__PREFIX__subadmin2` (`code`, `country_code`, `subadmin1_code`, `name`, `active`) VALUES ('BA.01.3343722','BA','BA.01','{\"en\":\"Zeničko-Dobojski Kanton\"}',1);
INSERT INTO `__PREFIX__subadmin2` (`code`, `country_code`, `subadmin1_code`, `name`, `active`) VALUES ('BA.01.3343726','BA','BA.01','{\"en\":\"Bosansko-Podrinjski Kanton Goražde\"}',1);
INSERT INTO `__PREFIX__subadmin2` (`code`, `country_code`, `subadmin1_code`, `name`, `active`) VALUES ('BA.01.3343731','BA','BA.01','{\"en\":\"Srednjobosanski Kanton\"}',1);
INSERT INTO `__PREFIX__subadmin2` (`code`, `country_code`, `subadmin1_code`, `name`, `active`) VALUES ('BA.01.3343733','BA','BA.01','{\"en\":\"Hercegovačko-Neretvanski Kanton\"}',1);
INSERT INTO `__PREFIX__subadmin2` (`code`, `country_code`, `subadmin1_code`, `name`, `active`) VALUES ('BA.01.3343736','BA','BA.01','{\"en\":\"Zapadnohercegovački Kanton\"}',1);
INSERT INTO `__PREFIX__subadmin2` (`code`, `country_code`, `subadmin1_code`, `name`, `active`) VALUES ('BA.01.3343737','BA','BA.01','{\"en\":\"Kanton Sarajevo\"}',1);
INSERT INTO `__PREFIX__subadmin2` (`code`, `country_code`, `subadmin1_code`, `name`, `active`) VALUES ('BA.01.3343740','BA','BA.01','{\"en\":\"Kanton 10\"}',1);
INSERT INTO `__PREFIX__subadmin2` (`code`, `country_code`, `subadmin1_code`, `name`, `active`) VALUES ('BA.02.3344087','BA','BA.02','{\"en\":\"Opština Krupa na Uni\"}',1);
INSERT INTO `__PREFIX__subadmin2` (`code`, `country_code`, `subadmin1_code`, `name`, `active`) VALUES ('BA.02.3344088','BA','BA.02','{\"en\":\"Opština Kozarska Dubica\"}',1);
INSERT INTO `__PREFIX__subadmin2` (`code`, `country_code`, `subadmin1_code`, `name`, `active`) VALUES ('BA.02.3344089','BA','BA.02','{\"en\":\"Opština Oštra Luka\"}',1);
INSERT INTO `__PREFIX__subadmin2` (`code`, `country_code`, `subadmin1_code`, `name`, `active`) VALUES ('BA.02.3344090','BA','BA.02','{\"en\":\"Opština Vukosavlje\"}',1);
INSERT INTO `__PREFIX__subadmin2` (`code`, `country_code`, `subadmin1_code`, `name`, `active`) VALUES ('BA.02.3344091','BA','BA.02','{\"en\":\"Općina Donji Žabar\"}',1);
INSERT INTO `__PREFIX__subadmin2` (`code`, `country_code`, `subadmin1_code`, `name`, `active`) VALUES ('BA.02.3344092','BA','BA.02','{\"en\":\"Opština Pelagićevo\"}',1);
INSERT INTO `__PREFIX__subadmin2` (`code`, `country_code`, `subadmin1_code`, `name`, `active`) VALUES ('BA.02.3344093','BA','BA.02','{\"en\":\"Općina Kneževo\"}',1);
INSERT INTO `__PREFIX__subadmin2` (`code`, `country_code`, `subadmin1_code`, `name`, `active`) VALUES ('BA.02.3344094','BA','BA.02','{\"en\":\"Opština Mrkonjić Grad\"}',1);
INSERT INTO `__PREFIX__subadmin2` (`code`, `country_code`, `subadmin1_code`, `name`, `active`) VALUES ('BA.02.3344095','BA','BA.02','{\"en\":\"Opština Šipovo\"}',1);
INSERT INTO `__PREFIX__subadmin2` (`code`, `country_code`, `subadmin1_code`, `name`, `active`) VALUES ('BA.02.3344096','BA','BA.02','{\"en\":\"Opština Petrovac\"}',1);
INSERT INTO `__PREFIX__subadmin2` (`code`, `country_code`, `subadmin1_code`, `name`, `active`) VALUES ('BA.02.3344097','BA','BA.02','{\"en\":\"Istočni Drvar\"}',1);
INSERT INTO `__PREFIX__subadmin2` (`code`, `country_code`, `subadmin1_code`, `name`, `active`) VALUES ('BA.02.3344098','BA','BA.02','{\"en\":\"Opština Ribnik\"}',1);
INSERT INTO `__PREFIX__subadmin2` (`code`, `country_code`, `subadmin1_code`, `name`, `active`) VALUES ('BA.02.3344099','BA','BA.02','{\"en\":\"Mrkonjic Grad Jug Opcina\"}',1);
INSERT INTO `__PREFIX__subadmin2` (`code`, `country_code`, `subadmin1_code`, `name`, `active`) VALUES ('BA.02.3344100','BA','BA.02','{\"en\":\"Zvornik\"}',1);
INSERT INTO `__PREFIX__subadmin2` (`code`, `country_code`, `subadmin1_code`, `name`, `active`) VALUES ('BA.02.3344101','BA','BA.02','{\"en\":\"Opština Osmaci\"}',1);
INSERT INTO `__PREFIX__subadmin2` (`code`, `country_code`, `subadmin1_code`, `name`, `active`) VALUES ('BA.02.3344102','BA','BA.02','{\"en\":\"Opština Šekovići\"}',1);
INSERT INTO `__PREFIX__subadmin2` (`code`, `country_code`, `subadmin1_code`, `name`, `active`) VALUES ('BA.02.3344103','BA','BA.02','{\"en\":\"Bratunac\"}',1);
INSERT INTO `__PREFIX__subadmin2` (`code`, `country_code`, `subadmin1_code`, `name`, `active`) VALUES ('BA.02.3344104','BA','BA.02','{\"en\":\"Opština Sokolac\"}',1);
INSERT INTO `__PREFIX__subadmin2` (`code`, `country_code`, `subadmin1_code`, `name`, `active`) VALUES ('BA.02.3344105','BA','BA.02','{\"en\":\"Novo Goražde\"}',1);
INSERT INTO `__PREFIX__subadmin2` (`code`, `country_code`, `subadmin1_code`, `name`, `active`) VALUES ('BA.02.3344106','BA','BA.02','{\"en\":\"Istočni Stari Grad\"}',1);
INSERT INTO `__PREFIX__subadmin2` (`code`, `country_code`, `subadmin1_code`, `name`, `active`) VALUES ('BA.02.3344107','BA','BA.02','{\"en\":\"Istočno Novo Sarajevo\"}',1);
INSERT INTO `__PREFIX__subadmin2` (`code`, `country_code`, `subadmin1_code`, `name`, `active`) VALUES ('BA.02.3344108','BA','BA.02','{\"en\":\"Istočna Ilidža\"}',1);
INSERT INTO `__PREFIX__subadmin2` (`code`, `country_code`, `subadmin1_code`, `name`, `active`) VALUES ('BA.02.3344109','BA','BA.02','{\"en\":\"Opština Trnovo\"}',1);
INSERT INTO `__PREFIX__subadmin2` (`code`, `country_code`, `subadmin1_code`, `name`, `active`) VALUES ('BA.02.3344110','BA','BA.02','{\"en\":\"Opština Berkovići\"}',1);
INSERT INTO `__PREFIX__subadmin2` (`code`, `country_code`, `subadmin1_code`, `name`, `active`) VALUES ('BA.02.3344111','BA','BA.02','{\"en\":\"Istočni Mostar\"}',1);
INSERT INTO `__PREFIX__subadmin2` (`code`, `country_code`, `subadmin1_code`, `name`, `active`) VALUES ('BA.02.3344112','BA','BA.02','{\"en\":\"Jezero\"}',1);
INSERT INTO `__PREFIX__subadmin2` (`code`, `country_code`, `subadmin1_code`, `name`, `active`) VALUES ('BA.02.3344113','BA','BA.02','{\"en\":\"Opština Kupres\"}',1);
INSERT INTO `__PREFIX__subadmin2` (`code`, `country_code`, `subadmin1_code`, `name`, `active`) VALUES ('BA.02.3344114','BA','BA.02','{\"en\":\"Kostajnica\"}',1);
INSERT INTO `__PREFIX__subadmin2` (`code`, `country_code`, `subadmin1_code`, `name`, `active`) VALUES ('BA.02.3344115','BA','BA.02','{\"en\":\"Opština Petrovo\"}',1);
INSERT INTO `__PREFIX__subadmin2` (`code`, `country_code`, `subadmin1_code`, `name`, `active`) VALUES ('BA.02.3344117','BA','BA.02','{\"en\":\"Trebinje\"}',1);
INSERT INTO `__PREFIX__subadmin2` (`code`, `country_code`, `subadmin1_code`, `name`, `active`) VALUES ('BA.02.3344118','BA','BA.02','{\"en\":\"Opština Milići\"}',1);
INSERT INTO `__PREFIX__subadmin2` (`code`, `country_code`, `subadmin1_code`, `name`, `active`) VALUES ('BA.02.3344119','BA','BA.02','{\"en\":\"Skelani Opština\"}',1);
INSERT INTO `__PREFIX__subadmin2` (`code`, `country_code`, `subadmin1_code`, `name`, `active`) VALUES ('BA.01.7648659','BA','BA.01','{\"en\":\"Neretvljanski\"}',1);
INSERT INTO `__PREFIX__subadmin2` (`code`, `country_code`, `subadmin1_code`, `name`, `active`) VALUES ('BA.02.11169977','BA','BA.02','{\"en\":\"Grad Istočno Sarajevo\"}',1);
INSERT INTO `__PREFIX__subadmin2` (`code`, `country_code`, `subadmin1_code`, `name`, `active`) VALUES ('BA.02.11170599','BA','BA.02','{\"en\":\"Stanari\"}',1);
/*!40000 ALTER TABLE `__PREFIX__subadmin2` ENABLE KEYS */;

--
-- Dumping data for table `__PREFIX__cities`
--

/*!40000 ALTER TABLE `__PREFIX__cities` DISABLE KEYS */;
INSERT INTO `__PREFIX__cities` (`country_code`, `name`, `longitude`, `latitude`, `feature_class`, `feature_code`, `subadmin1_code`, `subadmin2_code`, `population`, `time_zone`, `active`, `created_at`, `updated_at`) VALUES ('BA','{\"en\":\"Zvornik\"}',19.10,44.39,'P','PPLA2','BA.02',NULL,8026,'Europe/Sarajevo',1,'2016-06-04 23:00:00','2016-06-04 23:00:00');
INSERT INTO `__PREFIX__cities` (`country_code`, `name`, `longitude`, `latitude`, `feature_class`, `feature_code`, `subadmin1_code`, `subadmin2_code`, `population`, `time_zone`, `active`, `created_at`, `updated_at`) VALUES ('BA','{\"en\":\"Živinice\"}',18.65,44.45,'P','PPLA3','BA.01',NULL,13641,'Europe/Sarajevo',1,'2016-06-04 23:00:00','2016-06-04 23:00:00');
INSERT INTO `__PREFIX__cities` (`country_code`, `name`, `longitude`, `latitude`, `feature_class`, `feature_code`, `subadmin1_code`, `subadmin2_code`, `population`, `time_zone`, `active`, `created_at`, `updated_at`) VALUES ('BA','{\"en\":\"Žepče\"}',18.04,44.43,'P','PPLA3','BA.01',NULL,8502,'Europe/Sarajevo',1,'2016-06-04 23:00:00','2016-06-04 23:00:00');
INSERT INTO `__PREFIX__cities` (`country_code`, `name`, `longitude`, `latitude`, `feature_class`, `feature_code`, `subadmin1_code`, `subadmin2_code`, `population`, `time_zone`, `active`, `created_at`, `updated_at`) VALUES ('BA','{\"en\":\"Zenica\"}',17.90,44.20,'P','PPLA2','BA.01',NULL,164423,'Europe/Sarajevo',1,'2016-06-04 23:00:00','2016-06-04 23:00:00');
INSERT INTO `__PREFIX__cities` (`country_code`, `name`, `longitude`, `latitude`, `feature_class`, `feature_code`, `subadmin1_code`, `subadmin2_code`, `population`, `time_zone`, `active`, `created_at`, `updated_at`) VALUES ('BA','{\"en\":\"Željezno Polje\"}',17.94,44.40,'P','PPLL','BA.01',NULL,5783,'Europe/Sarajevo',1,'2019-02-21 23:00:00','2019-02-21 23:00:00');
INSERT INTO `__PREFIX__cities` (`country_code`, `name`, `longitude`, `latitude`, `feature_class`, `feature_code`, `subadmin1_code`, `subadmin2_code`, `population`, `time_zone`, `active`, `created_at`, `updated_at`) VALUES ('BA','{\"en\":\"Zavidovići\"}',18.15,44.45,'P','PPLA3','BA.01',NULL,14380,'Europe/Sarajevo',1,'2016-06-04 23:00:00','2016-06-04 23:00:00');
INSERT INTO `__PREFIX__cities` (`country_code`, `name`, `longitude`, `latitude`, `feature_class`, `feature_code`, `subadmin1_code`, `subadmin2_code`, `population`, `time_zone`, `active`, `created_at`, `updated_at`) VALUES ('BA','{\"en\":\"Vrnograč\"}',15.95,45.16,'P','PPL','BA.01',NULL,6860,'Europe/Sarajevo',1,'2012-02-27 23:00:00','2012-02-27 23:00:00');
INSERT INTO `__PREFIX__cities` (`country_code`, `name`, `longitude`, `latitude`, `feature_class`, `feature_code`, `subadmin1_code`, `subadmin2_code`, `population`, `time_zone`, `active`, `created_at`, `updated_at`) VALUES ('BA','{\"en\":\"Vogošća\"}',18.34,43.90,'P','PPLA3','BA.01',NULL,8180,'Europe/Sarajevo',1,'2016-06-04 23:00:00','2016-06-04 23:00:00');
INSERT INTO `__PREFIX__cities` (`country_code`, `name`, `longitude`, `latitude`, `feature_class`, `feature_code`, `subadmin1_code`, `subadmin2_code`, `population`, `time_zone`, `active`, `created_at`, `updated_at`) VALUES ('BA','{\"en\":\"Vitez\"}',17.79,44.15,'P','PPLA3','BA.01',NULL,8140,'Europe/Sarajevo',1,'2016-06-04 23:00:00','2016-06-04 23:00:00');
INSERT INTO `__PREFIX__cities` (`country_code`, `name`, `longitude`, `latitude`, `feature_class`, `feature_code`, `subadmin1_code`, `subadmin2_code`, `population`, `time_zone`, `active`, `created_at`, `updated_at`) VALUES ('BA','{\"en\":\"Visoko\"}',18.18,43.99,'P','PPLA3','BA.01',NULL,17890,'Europe/Sarajevo',1,'2016-06-04 23:00:00','2016-06-04 23:00:00');
INSERT INTO `__PREFIX__cities` (`country_code`, `name`, `longitude`, `latitude`, `feature_class`, `feature_code`, `subadmin1_code`, `subadmin2_code`, `population`, `time_zone`, `active`, `created_at`, `updated_at`) VALUES ('BA','{\"en\":\"Višegrad\"}',19.29,43.78,'P','PPLA2','BA.02',NULL,6087,'Europe/Sarajevo',1,'2016-06-04 23:00:00','2016-06-04 23:00:00');
INSERT INTO `__PREFIX__cities` (`country_code`, `name`, `longitude`, `latitude`, `feature_class`, `feature_code`, `subadmin1_code`, `subadmin2_code`, `population`, `time_zone`, `active`, `created_at`, `updated_at`) VALUES ('BA','{\"en\":\"Velika Obarska\"}',19.16,44.80,'P','PPLL','BA.02',NULL,5142,'Europe/Sarajevo',1,'2012-04-05 23:00:00','2012-04-05 23:00:00');
INSERT INTO `__PREFIX__cities` (`country_code`, `name`, `longitude`, `latitude`, `feature_class`, `feature_code`, `subadmin1_code`, `subadmin2_code`, `population`, `time_zone`, `active`, `created_at`, `updated_at`) VALUES ('BA','{\"en\":\"Velika Kladuša\"}',15.81,45.18,'P','PPLA3','BA.01',NULL,19330,'Europe/Sarajevo',1,'2016-06-04 23:00:00','2016-06-04 23:00:00');
INSERT INTO `__PREFIX__cities` (`country_code`, `name`, `longitude`, `latitude`, `feature_class`, `feature_code`, `subadmin1_code`, `subadmin2_code`, `population`, `time_zone`, `active`, `created_at`, `updated_at`) VALUES ('BA','{\"en\":\"Varoška Rijeka\"}',16.02,45.09,'P','PPLL','BA.01',NULL,6573,'Europe/Sarajevo',1,'2012-02-27 23:00:00','2012-02-27 23:00:00');
INSERT INTO `__PREFIX__cities` (`country_code`, `name`, `longitude`, `latitude`, `feature_class`, `feature_code`, `subadmin1_code`, `subadmin2_code`, `population`, `time_zone`, `active`, `created_at`, `updated_at`) VALUES ('BA','{\"en\":\"Vareš\"}',18.33,44.16,'P','PPLA3','BA.01',NULL,7193,'Europe/Sarajevo',1,'2016-06-04 23:00:00','2016-06-04 23:00:00');
INSERT INTO `__PREFIX__cities` (`country_code`, `name`, `longitude`, `latitude`, `feature_class`, `feature_code`, `subadmin1_code`, `subadmin2_code`, `population`, `time_zone`, `active`, `created_at`, `updated_at`) VALUES ('BA','{\"en\":\"Tuzla\"}',18.67,44.54,'P','PPLA2','BA.01',NULL,142486,'Europe/Sarajevo',1,'2019-09-04 23:00:00','2019-09-04 23:00:00');
INSERT INTO `__PREFIX__cities` (`country_code`, `name`, `longitude`, `latitude`, `feature_class`, `feature_code`, `subadmin1_code`, `subadmin2_code`, `population`, `time_zone`, `active`, `created_at`, `updated_at`) VALUES ('BA','{\"en\":\"Tržačka Raštela\"}',15.78,44.98,'P','PPL','BA.01',NULL,6617,'Europe/Sarajevo',1,'2012-02-27 23:00:00','2012-02-27 23:00:00');
INSERT INTO `__PREFIX__cities` (`country_code`, `name`, `longitude`, `latitude`, `feature_class`, `feature_code`, `subadmin1_code`, `subadmin2_code`, `population`, `time_zone`, `active`, `created_at`, `updated_at`) VALUES ('BA','{\"en\":\"Trn\"}',17.24,44.86,'P','PPL','BA.02',NULL,7553,'Europe/Sarajevo',1,'2019-02-21 23:00:00','2019-02-21 23:00:00');
INSERT INTO `__PREFIX__cities` (`country_code`, `name`, `longitude`, `latitude`, `feature_class`, `feature_code`, `subadmin1_code`, `subadmin2_code`, `population`, `time_zone`, `active`, `created_at`, `updated_at`) VALUES ('BA','{\"en\":\"Trebinje\"}',18.34,42.71,'P','PPLA2','BA.02',NULL,33178,'Europe/Sarajevo',1,'2016-06-04 23:00:00','2016-06-04 23:00:00');
INSERT INTO `__PREFIX__cities` (`country_code`, `name`, `longitude`, `latitude`, `feature_class`, `feature_code`, `subadmin1_code`, `subadmin2_code`, `population`, `time_zone`, `active`, `created_at`, `updated_at`) VALUES ('BA','{\"en\":\"Travnik\"}',17.67,44.23,'P','PPLA2','BA.01',NULL,31127,'Europe/Sarajevo',1,'2016-06-04 23:00:00','2016-06-04 23:00:00');
INSERT INTO `__PREFIX__cities` (`country_code`, `name`, `longitude`, `latitude`, `feature_class`, `feature_code`, `subadmin1_code`, `subadmin2_code`, `population`, `time_zone`, `active`, `created_at`, `updated_at`) VALUES ('BA','{\"en\":\"Tojšići\"}',18.79,44.50,'P','PPL','BA.01',NULL,6587,'Europe/Sarajevo',1,'2012-04-05 23:00:00','2012-04-05 23:00:00');
INSERT INTO `__PREFIX__cities` (`country_code`, `name`, `longitude`, `latitude`, `feature_class`, `feature_code`, `subadmin1_code`, `subadmin2_code`, `population`, `time_zone`, `active`, `created_at`, `updated_at`) VALUES ('BA','{\"en\":\"Teslić\"}',17.86,44.61,'P','PPLA2','BA.02',NULL,6405,'Europe/Sarajevo',1,'2016-06-04 23:00:00','2016-06-04 23:00:00');
INSERT INTO `__PREFIX__cities` (`country_code`, `name`, `longitude`, `latitude`, `feature_class`, `feature_code`, `subadmin1_code`, `subadmin2_code`, `population`, `time_zone`, `active`, `created_at`, `updated_at`) VALUES ('BA','{\"en\":\"Tešanj\"}',17.99,44.61,'P','PPLA3','BA.01',NULL,7550,'Europe/Sarajevo',1,'2016-06-04 23:00:00','2016-06-04 23:00:00');
INSERT INTO `__PREFIX__cities` (`country_code`, `name`, `longitude`, `latitude`, `feature_class`, `feature_code`, `subadmin1_code`, `subadmin2_code`, `population`, `time_zone`, `active`, `created_at`, `updated_at`) VALUES ('BA','{\"en\":\"Šturlić\"}',15.78,45.06,'P','PPLL','BA.01',NULL,5014,'Europe/Sarajevo',1,'2012-01-18 23:00:00','2012-01-18 23:00:00');
INSERT INTO `__PREFIX__cities` (`country_code`, `name`, `longitude`, `latitude`, `feature_class`, `feature_code`, `subadmin1_code`, `subadmin2_code`, `population`, `time_zone`, `active`, `created_at`, `updated_at`) VALUES ('BA','{\"en\":\"Stolac\"}',17.96,43.08,'P','PPLA3','BA.01',NULL,7733,'Europe/Sarajevo',1,'2016-06-04 23:00:00','2016-06-04 23:00:00');
INSERT INTO `__PREFIX__cities` (`country_code`, `name`, `longitude`, `latitude`, `feature_class`, `feature_code`, `subadmin1_code`, `subadmin2_code`, `population`, `time_zone`, `active`, `created_at`, `updated_at`) VALUES ('BA','{\"en\":\"Stijena\"}',16.02,44.94,'P','PPLL','BA.01',NULL,10844,'Europe/Sarajevo',1,'2018-12-18 23:00:00','2018-12-18 23:00:00');
INSERT INTO `__PREFIX__cities` (`country_code`, `name`, `longitude`, `latitude`, `feature_class`, `feature_code`, `subadmin1_code`, `subadmin2_code`, `population`, `time_zone`, `active`, `created_at`, `updated_at`) VALUES ('BA','{\"en\":\"Srebrenik\"}',18.49,44.71,'P','PPLA3','BA.01',NULL,6723,'Europe/Sarajevo',1,'2016-06-04 23:00:00','2016-06-04 23:00:00');
INSERT INTO `__PREFIX__cities` (`country_code`, `name`, `longitude`, `latitude`, `feature_class`, `feature_code`, `subadmin1_code`, `subadmin2_code`, `population`, `time_zone`, `active`, `created_at`, `updated_at`) VALUES ('BA','{\"en\":\"Srbac\"}',17.52,45.10,'P','PPLA2','BA.02',NULL,7380,'Europe/Sarajevo',1,'2016-06-04 23:00:00','2016-06-04 23:00:00');
INSERT INTO `__PREFIX__cities` (`country_code`, `name`, `longitude`, `latitude`, `feature_class`, `feature_code`, `subadmin1_code`, `subadmin2_code`, `population`, `time_zone`, `active`, `created_at`, `updated_at`) VALUES ('BA','{\"en\":\"Sokolac\"}',18.80,43.94,'P','PPLA3','BA.02',NULL,8842,'Europe/Sarajevo',1,'2016-06-04 23:00:00','2016-06-04 23:00:00');
INSERT INTO `__PREFIX__cities` (`country_code`, `name`, `longitude`, `latitude`, `feature_class`, `feature_code`, `subadmin1_code`, `subadmin2_code`, `population`, `time_zone`, `active`, `created_at`, `updated_at`) VALUES ('BA','{\"en\":\"Kneževo\"}',17.38,44.49,'P','PPLA2','BA.02',NULL,6866,'Europe/Sarajevo',1,'2020-06-10 23:00:00','2020-06-10 23:00:00');
INSERT INTO `__PREFIX__cities` (`country_code`, `name`, `longitude`, `latitude`, `feature_class`, `feature_code`, `subadmin1_code`, `subadmin2_code`, `population`, `time_zone`, `active`, `created_at`, `updated_at`) VALUES ('BA','{\"en\":\"Šipovo\"}',17.09,44.28,'P','PPLA2','BA.02',NULL,10738,'Europe/Sarajevo',1,'2016-06-04 23:00:00','2016-06-04 23:00:00');
INSERT INTO `__PREFIX__cities` (`country_code`, `name`, `longitude`, `latitude`, `feature_class`, `feature_code`, `subadmin1_code`, `subadmin2_code`, `population`, `time_zone`, `active`, `created_at`, `updated_at`) VALUES ('BA','{\"en\":\"Šekovići\"}',18.86,44.30,'P','PPLA2','BA.02',NULL,6315,'Europe/Sarajevo',1,'2016-06-04 23:00:00','2016-06-04 23:00:00');
INSERT INTO `__PREFIX__cities` (`country_code`, `name`, `longitude`, `latitude`, `feature_class`, `feature_code`, `subadmin1_code`, `subadmin2_code`, `population`, `time_zone`, `active`, `created_at`, `updated_at`) VALUES ('BA','{\"en\":\"Sarajevo\"}',18.36,43.85,'P','PPLC','BA.01','BA.01.3343737',696731,'Europe/Sarajevo',1,'2019-09-04 23:00:00','2019-09-04 23:00:00');
INSERT INTO `__PREFIX__cities` (`country_code`, `name`, `longitude`, `latitude`, `feature_class`, `feature_code`, `subadmin1_code`, `subadmin2_code`, `population`, `time_zone`, `active`, `created_at`, `updated_at`) VALUES ('BA','{\"en\":\"Sanski Most\"}',16.67,44.77,'P','PPLA3','BA.01',NULL,13551,'Europe/Sarajevo',1,'2016-06-04 23:00:00','2016-06-04 23:00:00');
INSERT INTO `__PREFIX__cities` (`country_code`, `name`, `longitude`, `latitude`, `feature_class`, `feature_code`, `subadmin1_code`, `subadmin2_code`, `population`, `time_zone`, `active`, `created_at`, `updated_at`) VALUES ('BA','{\"en\":\"Sanica\"}',16.64,44.61,'P','PPL','BA.01',NULL,5666,'Europe/Sarajevo',1,'2012-02-27 23:00:00','2012-02-27 23:00:00');
INSERT INTO `__PREFIX__cities` (`country_code`, `name`, `longitude`, `latitude`, `feature_class`, `feature_code`, `subadmin1_code`, `subadmin2_code`, `population`, `time_zone`, `active`, `created_at`, `updated_at`) VALUES ('BA','{\"en\":\"Rodoč\"}',17.80,43.31,'P','PPLL','BA.01',NULL,5159,'Europe/Sarajevo',1,'2013-04-03 23:00:00','2013-04-03 23:00:00');
INSERT INTO `__PREFIX__cities` (`country_code`, `name`, `longitude`, `latitude`, `feature_class`, `feature_code`, `subadmin1_code`, `subadmin2_code`, `population`, `time_zone`, `active`, `created_at`, `updated_at`) VALUES ('BA','{\"en\":\"Novi Travnik\"}',17.66,44.17,'P','PPLA3','BA.01',NULL,10006,'Europe/Sarajevo',1,'2016-06-04 23:00:00','2016-06-04 23:00:00');
INSERT INTO `__PREFIX__cities` (`country_code`, `name`, `longitude`, `latitude`, `feature_class`, `feature_code`, `subadmin1_code`, `subadmin2_code`, `population`, `time_zone`, `active`, `created_at`, `updated_at`) VALUES ('BA','{\"en\":\"Prozor\"}',17.61,43.82,'P','PPLA3','BA.01',NULL,10349,'Europe/Sarajevo',1,'2016-06-04 23:00:00','2016-06-04 23:00:00');
INSERT INTO `__PREFIX__cities` (`country_code`, `name`, `longitude`, `latitude`, `feature_class`, `feature_code`, `subadmin1_code`, `subadmin2_code`, `population`, `time_zone`, `active`, `created_at`, `updated_at`) VALUES ('BA','{\"en\":\"Prnjavor\"}',17.66,44.87,'P','PPLA2','BA.02',NULL,7099,'Europe/Sarajevo',1,'2019-02-21 23:00:00','2019-02-21 23:00:00');
INSERT INTO `__PREFIX__cities` (`country_code`, `name`, `longitude`, `latitude`, `feature_class`, `feature_code`, `subadmin1_code`, `subadmin2_code`, `population`, `time_zone`, `active`, `created_at`, `updated_at`) VALUES ('BA','{\"en\":\"Prijedor\"}',16.71,44.98,'P','PPLA2','BA.02',NULL,36347,'Europe/Sarajevo',1,'2016-06-04 23:00:00','2016-06-04 23:00:00');
INSERT INTO `__PREFIX__cities` (`country_code`, `name`, `longitude`, `latitude`, `feature_class`, `feature_code`, `subadmin1_code`, `subadmin2_code`, `population`, `time_zone`, `active`, `created_at`, `updated_at`) VALUES ('BA','{\"en\":\"Potoci\"}',17.88,43.41,'P','PPLL','BA.01',NULL,8312,'Europe/Sarajevo',1,'2019-02-21 23:00:00','2019-02-21 23:00:00');
INSERT INTO `__PREFIX__cities` (`country_code`, `name`, `longitude`, `latitude`, `feature_class`, `feature_code`, `subadmin1_code`, `subadmin2_code`, `population`, `time_zone`, `active`, `created_at`, `updated_at`) VALUES ('BA','{\"en\":\"Podzvizd\"}',15.87,45.17,'P','PPLL','BA.01',NULL,6665,'Europe/Sarajevo',1,'2006-01-16 23:00:00','2006-01-16 23:00:00');
INSERT INTO `__PREFIX__cities` (`country_code`, `name`, `longitude`, `latitude`, `feature_class`, `feature_code`, `subadmin1_code`, `subadmin2_code`, `population`, `time_zone`, `active`, `created_at`, `updated_at`) VALUES ('BA','{\"en\":\"Podhum\"}',17.00,43.72,'P','PPL','BA.01',NULL,5801,'Europe/Sarajevo',1,'2019-01-09 23:00:00','2019-01-09 23:00:00');
INSERT INTO `__PREFIX__cities` (`country_code`, `name`, `longitude`, `latitude`, `feature_class`, `feature_code`, `subadmin1_code`, `subadmin2_code`, `population`, `time_zone`, `active`, `created_at`, `updated_at`) VALUES ('BA','{\"en\":\"Pećigrad\"}',15.90,45.05,'P','PPL','BA.01',NULL,6514,'Europe/Sarajevo',1,'2012-01-18 23:00:00','2012-01-18 23:00:00');
INSERT INTO `__PREFIX__cities` (`country_code`, `name`, `longitude`, `latitude`, `feature_class`, `feature_code`, `subadmin1_code`, `subadmin2_code`, `population`, `time_zone`, `active`, `created_at`, `updated_at`) VALUES ('BA','{\"en\":\"Pale\"}',18.57,43.82,'P','PPLA3','BA.02',NULL,7458,'Europe/Sarajevo',1,'2016-06-04 23:00:00','2016-06-04 23:00:00');
INSERT INTO `__PREFIX__cities` (`country_code`, `name`, `longitude`, `latitude`, `feature_class`, `feature_code`, `subadmin1_code`, `subadmin2_code`, `population`, `time_zone`, `active`, `created_at`, `updated_at`) VALUES ('BA','{\"en\":\"Otoka\"}',16.18,44.96,'P','PPL','BA.01',NULL,6595,'Europe/Sarajevo',1,'2012-04-05 23:00:00','2012-04-05 23:00:00');
INSERT INTO `__PREFIX__cities` (`country_code`, `name`, `longitude`, `latitude`, `feature_class`, `feature_code`, `subadmin1_code`, `subadmin2_code`, `population`, `time_zone`, `active`, `created_at`, `updated_at`) VALUES ('BA','{\"en\":\"Ostrožac\"}',15.94,44.91,'P','PPL','BA.01',NULL,5456,'Europe/Sarajevo',1,'2012-02-27 23:00:00','2012-02-27 23:00:00');
INSERT INTO `__PREFIX__cities` (`country_code`, `name`, `longitude`, `latitude`, `feature_class`, `feature_code`, `subadmin1_code`, `subadmin2_code`, `population`, `time_zone`, `active`, `created_at`, `updated_at`) VALUES ('BA','{\"en\":\"Orahovica Donja\"}',18.37,44.65,'P','PPL','BA.01',NULL,5612,'Europe/Sarajevo',1,'2012-04-05 23:00:00','2012-04-05 23:00:00');
INSERT INTO `__PREFIX__cities` (`country_code`, `name`, `longitude`, `latitude`, `feature_class`, `feature_code`, `subadmin1_code`, `subadmin2_code`, `population`, `time_zone`, `active`, `created_at`, `updated_at`) VALUES ('BA','{\"en\":\"Omarska\"}',16.90,44.89,'P','PPL','BA.02',NULL,6466,'Europe/Sarajevo',1,'2012-05-05 23:00:00','2012-05-05 23:00:00');
INSERT INTO `__PREFIX__cities` (`country_code`, `name`, `longitude`, `latitude`, `feature_class`, `feature_code`, `subadmin1_code`, `subadmin2_code`, `population`, `time_zone`, `active`, `created_at`, `updated_at`) VALUES ('BA','{\"en\":\"Odžak\"}',18.32,45.02,'P','PPLA3','BA.01',NULL,11621,'Europe/Sarajevo',1,'2020-06-10 23:00:00','2020-06-10 23:00:00');
INSERT INTO `__PREFIX__cities` (`country_code`, `name`, `longitude`, `latitude`, `feature_class`, `feature_code`, `subadmin1_code`, `subadmin2_code`, `population`, `time_zone`, `active`, `created_at`, `updated_at`) VALUES ('BA','{\"en\":\"Nevesinje\"}',18.11,43.26,'P','PPLA2','BA.02',NULL,7313,'Europe/Sarajevo',1,'2018-12-28 23:00:00','2018-12-28 23:00:00');
INSERT INTO `__PREFIX__cities` (`country_code`, `name`, `longitude`, `latitude`, `feature_class`, `feature_code`, `subadmin1_code`, `subadmin2_code`, `population`, `time_zone`, `active`, `created_at`, `updated_at`) VALUES ('BA','{\"en\":\"Mrkonjić Grad\"}',17.08,44.42,'P','PPLA2','BA.02',NULL,14737,'Europe/Sarajevo',1,'2020-06-10 23:00:00','2020-06-10 23:00:00');
INSERT INTO `__PREFIX__cities` (`country_code`, `name`, `longitude`, `latitude`, `feature_class`, `feature_code`, `subadmin1_code`, `subadmin2_code`, `population`, `time_zone`, `active`, `created_at`, `updated_at`) VALUES ('BA','{\"en\":\"Mostar\"}',17.81,43.34,'P','PPLA2','BA.01','BA.01.3343740',104518,'Europe/Sarajevo',1,'2018-12-28 23:00:00','2018-12-28 23:00:00');
INSERT INTO `__PREFIX__cities` (`country_code`, `name`, `longitude`, `latitude`, `feature_class`, `feature_code`, `subadmin1_code`, `subadmin2_code`, `population`, `time_zone`, `active`, `created_at`, `updated_at`) VALUES ('BA','{\"en\":\"Mionica\"}',18.47,44.87,'P','PPLL','BA.01',NULL,8701,'Europe/Sarajevo',1,'2012-04-05 23:00:00','2012-04-05 23:00:00');
INSERT INTO `__PREFIX__cities` (`country_code`, `name`, `longitude`, `latitude`, `feature_class`, `feature_code`, `subadmin1_code`, `subadmin2_code`, `population`, `time_zone`, `active`, `created_at`, `updated_at`) VALUES ('BA','{\"en\":\"Milići\"}',19.09,44.17,'P','PPLA2','BA.02',NULL,8210,'Europe/Sarajevo',1,'2016-06-04 23:00:00','2016-06-04 23:00:00');
INSERT INTO `__PREFIX__cities` (`country_code`, `name`, `longitude`, `latitude`, `feature_class`, `feature_code`, `subadmin1_code`, `subadmin2_code`, `population`, `time_zone`, `active`, `created_at`, `updated_at`) VALUES ('BA','{\"en\":\"Mala Kladuša\"}',15.85,45.13,'P','PPLL','BA.01',NULL,6033,'Europe/Sarajevo',1,'2018-12-04 23:00:00','2018-12-04 23:00:00');
INSERT INTO `__PREFIX__cities` (`country_code`, `name`, `longitude`, `latitude`, `feature_class`, `feature_code`, `subadmin1_code`, `subadmin2_code`, `population`, `time_zone`, `active`, `created_at`, `updated_at`) VALUES ('BA','{\"en\":\"Mahala\"}',18.26,44.01,'P','PPL','BA.01',NULL,5062,'Europe/Sarajevo',1,'2012-01-18 23:00:00','2012-01-18 23:00:00');
INSERT INTO `__PREFIX__cities` (`country_code`, `name`, `longitude`, `latitude`, `feature_class`, `feature_code`, `subadmin1_code`, `subadmin2_code`, `population`, `time_zone`, `active`, `created_at`, `updated_at`) VALUES ('BA','{\"en\":\"Maglaj\"}',18.10,44.55,'P','PPLA3','BA.01',NULL,7399,'Europe/Sarajevo',1,'2016-06-04 23:00:00','2016-06-04 23:00:00');
INSERT INTO `__PREFIX__cities` (`country_code`, `name`, `longitude`, `latitude`, `feature_class`, `feature_code`, `subadmin1_code`, `subadmin2_code`, `population`, `time_zone`, `active`, `created_at`, `updated_at`) VALUES ('BA','{\"en\":\"Lukavac\"}',18.53,44.54,'P','PPLA3','BA.01','BA.01.3343716',44520,'Europe/Sarajevo',1,'2021-08-30 23:00:00','2021-08-30 23:00:00');
INSERT INTO `__PREFIX__cities` (`country_code`, `name`, `longitude`, `latitude`, `feature_class`, `feature_code`, `subadmin1_code`, `subadmin2_code`, `population`, `time_zone`, `active`, `created_at`, `updated_at`) VALUES ('BA','{\"en\":\"Ljubuški\"}',17.55,43.20,'P','PPLA3','BA.01',NULL,9987,'Europe/Sarajevo',1,'2016-06-04 23:00:00','2016-06-04 23:00:00');
INSERT INTO `__PREFIX__cities` (`country_code`, `name`, `longitude`, `latitude`, `feature_class`, `feature_code`, `subadmin1_code`, `subadmin2_code`, `population`, `time_zone`, `active`, `created_at`, `updated_at`) VALUES ('BA','{\"en\":\"Livno\"}',17.01,43.83,'P','PPLA2','BA.01',NULL,11748,'Europe/Sarajevo',1,'2016-06-04 23:00:00','2016-06-04 23:00:00');
INSERT INTO `__PREFIX__cities` (`country_code`, `name`, `longitude`, `latitude`, `feature_class`, `feature_code`, `subadmin1_code`, `subadmin2_code`, `population`, `time_zone`, `active`, `created_at`, `updated_at`) VALUES ('BA','{\"en\":\"Široki Brijeg\"}',17.59,43.38,'P','PPLA2','BA.01',NULL,9370,'Europe/Sarajevo',1,'2016-06-04 23:00:00','2016-06-04 23:00:00');
INSERT INTO `__PREFIX__cities` (`country_code`, `name`, `longitude`, `latitude`, `feature_class`, `feature_code`, `subadmin1_code`, `subadmin2_code`, `population`, `time_zone`, `active`, `created_at`, `updated_at`) VALUES ('BA','{\"en\":\"Laktaši\"}',17.30,44.91,'P','PPLA2','BA.02',NULL,6464,'Europe/Sarajevo',1,'2018-12-27 23:00:00','2018-12-27 23:00:00');
INSERT INTO `__PREFIX__cities` (`country_code`, `name`, `longitude`, `latitude`, `feature_class`, `feature_code`, `subadmin1_code`, `subadmin2_code`, `population`, `time_zone`, `active`, `created_at`, `updated_at`) VALUES ('BA','{\"en\":\"Kotor Varoš\"}',17.37,44.62,'P','PPLA2','BA.02',NULL,5068,'Europe/Sarajevo',1,'2019-01-09 23:00:00','2019-01-09 23:00:00');
INSERT INTO `__PREFIX__cities` (`country_code`, `name`, `longitude`, `latitude`, `feature_class`, `feature_code`, `subadmin1_code`, `subadmin2_code`, `population`, `time_zone`, `active`, `created_at`, `updated_at`) VALUES ('BA','{\"en\":\"Ključ\"}',16.78,44.53,'P','PPLA3','BA.01',NULL,7245,'Europe/Sarajevo',1,'2016-06-04 23:00:00','2016-06-04 23:00:00');
INSERT INTO `__PREFIX__cities` (`country_code`, `name`, `longitude`, `latitude`, `feature_class`, `feature_code`, `subadmin1_code`, `subadmin2_code`, `population`, `time_zone`, `active`, `created_at`, `updated_at`) VALUES ('BA','{\"en\":\"Kladanj\"}',18.69,44.23,'P','PPLA3','BA.01',NULL,6783,'Europe/Sarajevo',1,'2016-06-04 23:00:00','2016-06-04 23:00:00');
INSERT INTO `__PREFIX__cities` (`country_code`, `name`, `longitude`, `latitude`, `feature_class`, `feature_code`, `subadmin1_code`, `subadmin2_code`, `population`, `time_zone`, `active`, `created_at`, `updated_at`) VALUES ('BA','{\"en\":\"Kiseljak\"}',18.08,43.94,'P','PPLA3','BA.01',NULL,8475,'Europe/Sarajevo',1,'2016-06-04 23:00:00','2016-06-04 23:00:00');
INSERT INTO `__PREFIX__cities` (`country_code`, `name`, `longitude`, `latitude`, `feature_class`, `feature_code`, `subadmin1_code`, `subadmin2_code`, `population`, `time_zone`, `active`, `created_at`, `updated_at`) VALUES ('BA','{\"en\":\"Kalenderovci Donji\"}',17.84,44.95,'P','PPL','BA.02',NULL,5890,'Europe/Sarajevo',1,'2012-05-05 23:00:00','2012-05-05 23:00:00');
INSERT INTO `__PREFIX__cities` (`country_code`, `name`, `longitude`, `latitude`, `feature_class`, `feature_code`, `subadmin1_code`, `subadmin2_code`, `population`, `time_zone`, `active`, `created_at`, `updated_at`) VALUES ('BA','{\"en\":\"Kakanj\"}',18.12,44.13,'P','PPLA3','BA.01','BA.01.3343722',12406,'Europe/Sarajevo',1,'2017-05-04 23:00:00','2017-05-04 23:00:00');
INSERT INTO `__PREFIX__cities` (`country_code`, `name`, `longitude`, `latitude`, `feature_class`, `feature_code`, `subadmin1_code`, `subadmin2_code`, `population`, `time_zone`, `active`, `created_at`, `updated_at`) VALUES ('BA','{\"en\":\"Janja\"}',19.25,44.67,'P','PPL','BA.02',NULL,5544,'Europe/Sarajevo',1,'2012-04-05 23:00:00','2012-04-05 23:00:00');
INSERT INTO `__PREFIX__cities` (`country_code`, `name`, `longitude`, `latitude`, `feature_class`, `feature_code`, `subadmin1_code`, `subadmin2_code`, `population`, `time_zone`, `active`, `created_at`, `updated_at`) VALUES ('BA','{\"en\":\"Jajce\"}',17.27,44.34,'P','PPLA3','BA.01',NULL,9763,'Europe/Sarajevo',1,'2019-09-04 23:00:00','2019-09-04 23:00:00');
INSERT INTO `__PREFIX__cities` (`country_code`, `name`, `longitude`, `latitude`, `feature_class`, `feature_code`, `subadmin1_code`, `subadmin2_code`, `population`, `time_zone`, `active`, `created_at`, `updated_at`) VALUES ('BA','{\"en\":\"Ilijaš\"}',18.27,43.95,'P','PPLA3','BA.01',NULL,5855,'Europe/Sarajevo',1,'2016-06-04 23:00:00','2016-06-04 23:00:00');
INSERT INTO `__PREFIX__cities` (`country_code`, `name`, `longitude`, `latitude`, `feature_class`, `feature_code`, `subadmin1_code`, `subadmin2_code`, `population`, `time_zone`, `active`, `created_at`, `updated_at`) VALUES ('BA','{\"en\":\"Hadžići\"}',18.21,43.82,'P','PPLA3','BA.01',NULL,7173,'Europe/Sarajevo',1,'2016-06-04 23:00:00','2016-06-04 23:00:00');
INSERT INTO `__PREFIX__cities` (`country_code`, `name`, `longitude`, `latitude`, `feature_class`, `feature_code`, `subadmin1_code`, `subadmin2_code`, `population`, `time_zone`, `active`, `created_at`, `updated_at`) VALUES ('BA','{\"en\":\"Gromiljak\"}',18.06,43.97,'P','PPL','BA.01',NULL,6457,'Europe/Sarajevo',1,'2012-05-05 23:00:00','2012-05-05 23:00:00');
INSERT INTO `__PREFIX__cities` (`country_code`, `name`, `longitude`, `latitude`, `feature_class`, `feature_code`, `subadmin1_code`, `subadmin2_code`, `population`, `time_zone`, `active`, `created_at`, `updated_at`) VALUES ('BA','{\"en\":\"Gradačac\"}',18.43,44.88,'P','PPLA3','BA.01',NULL,15659,'Europe/Sarajevo',1,'2016-06-04 23:00:00','2016-06-04 23:00:00');
INSERT INTO `__PREFIX__cities` (`country_code`, `name`, `longitude`, `latitude`, `feature_class`, `feature_code`, `subadmin1_code`, `subadmin2_code`, `population`, `time_zone`, `active`, `created_at`, `updated_at`) VALUES ('BA','{\"en\":\"Gračanica\"}',18.31,44.70,'P','PPLA3','BA.01',NULL,15758,'Europe/Sarajevo',1,'2016-06-04 23:00:00','2016-06-04 23:00:00');
INSERT INTO `__PREFIX__cities` (`country_code`, `name`, `longitude`, `latitude`, `feature_class`, `feature_code`, `subadmin1_code`, `subadmin2_code`, `population`, `time_zone`, `active`, `created_at`, `updated_at`) VALUES ('BA','{\"en\":\"Gostovići\"}',18.17,44.41,'P','PPLL','BA.01',NULL,5802,'Europe/Sarajevo',1,'2012-05-05 23:00:00','2012-05-05 23:00:00');
INSERT INTO `__PREFIX__cities` (`country_code`, `name`, `longitude`, `latitude`, `feature_class`, `feature_code`, `subadmin1_code`, `subadmin2_code`, `population`, `time_zone`, `active`, `created_at`, `updated_at`) VALUES ('BA','{\"en\":\"Gornji Vakuf\"}',17.59,43.94,'P','PPLA3','BA.01',NULL,7014,'Europe/Sarajevo',1,'2018-12-24 23:00:00','2018-12-24 23:00:00');
INSERT INTO `__PREFIX__cities` (`country_code`, `name`, `longitude`, `latitude`, `feature_class`, `feature_code`, `subadmin1_code`, `subadmin2_code`, `population`, `time_zone`, `active`, `created_at`, `updated_at`) VALUES ('BA','{\"en\":\"Goražde\"}',18.98,43.67,'P','PPLA2','BA.01',NULL,17650,'Europe/Sarajevo',1,'2016-06-04 23:00:00','2016-06-04 23:00:00');
INSERT INTO `__PREFIX__cities` (`country_code`, `name`, `longitude`, `latitude`, `feature_class`, `feature_code`, `subadmin1_code`, `subadmin2_code`, `population`, `time_zone`, `active`, `created_at`, `updated_at`) VALUES ('BA','{\"en\":\"Fojnica\"}',17.90,43.96,'P','PPLA3','BA.01',NULL,8244,'Europe/Sarajevo',1,'2016-06-04 23:00:00','2016-06-04 23:00:00');
INSERT INTO `__PREFIX__cities` (`country_code`, `name`, `longitude`, `latitude`, `feature_class`, `feature_code`, `subadmin1_code`, `subadmin2_code`, `population`, `time_zone`, `active`, `created_at`, `updated_at`) VALUES ('BA','{\"en\":\"Foča\"}',18.78,43.51,'P','PPLA2','BA.02',NULL,14615,'Europe/Sarajevo',1,'2020-06-10 23:00:00','2020-06-10 23:00:00');
INSERT INTO `__PREFIX__cities` (`country_code`, `name`, `longitude`, `latitude`, `feature_class`, `feature_code`, `subadmin1_code`, `subadmin2_code`, `population`, `time_zone`, `active`, `created_at`, `updated_at`) VALUES ('BA','{\"en\":\"Tomislavgrad\"}',17.23,43.72,'P','PPLA2','BA.01',NULL,7737,'Europe/Sarajevo',1,'2016-06-04 23:00:00','2016-06-04 23:00:00');
INSERT INTO `__PREFIX__cities` (`country_code`, `name`, `longitude`, `latitude`, `feature_class`, `feature_code`, `subadmin1_code`, `subadmin2_code`, `population`, `time_zone`, `active`, `created_at`, `updated_at`) VALUES ('BA','{\"en\":\"Donji Vakuf\"}',17.40,44.14,'P','PPLA3','BA.01',NULL,7955,'Europe/Sarajevo',1,'2016-06-04 23:00:00','2016-06-04 23:00:00');
INSERT INTO `__PREFIX__cities` (`country_code`, `name`, `longitude`, `latitude`, `feature_class`, `feature_code`, `subadmin1_code`, `subadmin2_code`, `population`, `time_zone`, `active`, `created_at`, `updated_at`) VALUES ('BA','{\"en\":\"Donja Mahala\"}',18.67,45.04,'P','PPL','BA.01',NULL,5565,'Europe/Sarajevo',1,'2013-04-03 23:00:00','2013-04-03 23:00:00');
INSERT INTO `__PREFIX__cities` (`country_code`, `name`, `longitude`, `latitude`, `feature_class`, `feature_code`, `subadmin1_code`, `subadmin2_code`, `population`, `time_zone`, `active`, `created_at`, `updated_at`) VALUES ('BA','{\"en\":\"Doboj\"}',18.09,44.73,'P','PPLA2','BA.02',NULL,27235,'Europe/Sarajevo',1,'2016-06-04 23:00:00','2016-06-04 23:00:00');
INSERT INTO `__PREFIX__cities` (`country_code`, `name`, `longitude`, `latitude`, `feature_class`, `feature_code`, `subadmin1_code`, `subadmin2_code`, `population`, `time_zone`, `active`, `created_at`, `updated_at`) VALUES ('BA','{\"en\":\"Divičani\"}',17.33,44.37,'P','PPL','BA.01',NULL,7251,'Europe/Sarajevo',1,'2012-05-05 23:00:00','2012-05-05 23:00:00');
INSERT INTO `__PREFIX__cities` (`country_code`, `name`, `longitude`, `latitude`, `feature_class`, `feature_code`, `subadmin1_code`, `subadmin2_code`, `population`, `time_zone`, `active`, `created_at`, `updated_at`) VALUES ('BA','{\"en\":\"Derventa\"}',17.91,44.98,'P','PPLA2','BA.02',NULL,9773,'Europe/Sarajevo',1,'2016-06-04 23:00:00','2016-06-04 23:00:00');
INSERT INTO `__PREFIX__cities` (`country_code`, `name`, `longitude`, `latitude`, `feature_class`, `feature_code`, `subadmin1_code`, `subadmin2_code`, `population`, `time_zone`, `active`, `created_at`, `updated_at`) VALUES ('BA','{\"en\":\"Čitluk\"}',17.70,43.23,'P','PPLA3','BA.01',NULL,5718,'Europe/Sarajevo',1,'2016-06-04 23:00:00','2016-06-04 23:00:00');
INSERT INTO `__PREFIX__cities` (`country_code`, `name`, `longitude`, `latitude`, `feature_class`, `feature_code`, `subadmin1_code`, `subadmin2_code`, `population`, `time_zone`, `active`, `created_at`, `updated_at`) VALUES ('BA','{\"en\":\"Cazin\"}',15.94,44.97,'P','PPLA3','BA.01',NULL,21741,'Europe/Sarajevo',1,'2016-06-04 23:00:00','2016-06-04 23:00:00');
INSERT INTO `__PREFIX__cities` (`country_code`, `name`, `longitude`, `latitude`, `feature_class`, `feature_code`, `subadmin1_code`, `subadmin2_code`, `population`, `time_zone`, `active`, `created_at`, `updated_at`) VALUES ('BA','{\"en\":\"Čapljina\"}',17.68,43.12,'P','PPLA3','BA.01',NULL,7923,'Europe/Sarajevo',1,'2019-01-09 23:00:00','2019-01-09 23:00:00');
INSERT INTO `__PREFIX__cities` (`country_code`, `name`, `longitude`, `latitude`, `feature_class`, `feature_code`, `subadmin1_code`, `subadmin2_code`, `population`, `time_zone`, `active`, `created_at`, `updated_at`) VALUES ('BA','{\"en\":\"Bužim\"}',16.03,45.05,'P','PPLA3','BA.01',NULL,7229,'Europe/Sarajevo',1,'2016-06-04 23:00:00','2016-06-04 23:00:00');
INSERT INTO `__PREFIX__cities` (`country_code`, `name`, `longitude`, `latitude`, `feature_class`, `feature_code`, `subadmin1_code`, `subadmin2_code`, `population`, `time_zone`, `active`, `created_at`, `updated_at`) VALUES ('BA','{\"en\":\"Bugojno\"}',17.45,44.06,'P','PPLA3','BA.01','BA.01.3343731',41378,'Europe/Sarajevo',1,'2020-08-06 23:00:00','2020-08-06 23:00:00');
INSERT INTO `__PREFIX__cities` (`country_code`, `name`, `longitude`, `latitude`, `feature_class`, `feature_code`, `subadmin1_code`, `subadmin2_code`, `population`, `time_zone`, `active`, `created_at`, `updated_at`) VALUES ('BA','{\"en\":\"Brčko\"}',18.81,44.87,'P','PPLA','BA.BRC',NULL,38968,'Europe/Sarajevo',1,'2016-06-04 23:00:00','2016-06-04 23:00:00');
INSERT INTO `__PREFIX__cities` (`country_code`, `name`, `longitude`, `latitude`, `feature_class`, `feature_code`, `subadmin1_code`, `subadmin2_code`, `population`, `time_zone`, `active`, `created_at`, `updated_at`) VALUES ('BA','{\"en\":\"Bosansko Grahovo\"}',16.36,44.18,'P','PPLA3','BA.01',NULL,5643,'Europe/Sarajevo',1,'2016-06-04 23:00:00','2016-06-04 23:00:00');
INSERT INTO `__PREFIX__cities` (`country_code`, `name`, `longitude`, `latitude`, `feature_class`, `feature_code`, `subadmin1_code`, `subadmin2_code`, `population`, `time_zone`, `active`, `created_at`, `updated_at`) VALUES ('BA','{\"en\":\"Novi Grad\"}',16.38,45.05,'P','PPLA2','BA.02',NULL,8920,'Europe/Sarajevo',1,'2016-06-04 23:00:00','2016-06-04 23:00:00');
INSERT INTO `__PREFIX__cities` (`country_code`, `name`, `longitude`, `latitude`, `feature_class`, `feature_code`, `subadmin1_code`, `subadmin2_code`, `population`, `time_zone`, `active`, `created_at`, `updated_at`) VALUES ('BA','{\"en\":\"Brod\"}',17.99,45.14,'P','PPLA2','BA.02',NULL,9249,'Europe/Sarajevo',1,'2016-06-04 23:00:00','2016-06-04 23:00:00');
INSERT INTO `__PREFIX__cities` (`country_code`, `name`, `longitude`, `latitude`, `feature_class`, `feature_code`, `subadmin1_code`, `subadmin2_code`, `population`, `time_zone`, `active`, `created_at`, `updated_at`) VALUES ('BA','{\"en\":\"Bosanska Krupa\"}',16.15,44.88,'P','PPLA3','BA.01',NULL,15193,'Europe/Sarajevo',1,'2016-06-04 23:00:00','2016-06-04 23:00:00');
INSERT INTO `__PREFIX__cities` (`country_code`, `name`, `longitude`, `latitude`, `feature_class`, `feature_code`, `subadmin1_code`, `subadmin2_code`, `population`, `time_zone`, `active`, `created_at`, `updated_at`) VALUES ('BA','{\"en\":\"Gradiška\"}',17.25,45.14,'P','PPLA2','BA.02',NULL,13346,'Europe/Sarajevo',1,'2016-06-04 23:00:00','2016-06-04 23:00:00');
INSERT INTO `__PREFIX__cities` (`country_code`, `name`, `longitude`, `latitude`, `feature_class`, `feature_code`, `subadmin1_code`, `subadmin2_code`, `population`, `time_zone`, `active`, `created_at`, `updated_at`) VALUES ('BA','{\"en\":\"Kozarska Dubica\"}',16.81,45.18,'P','PPLA2','BA.02',NULL,9959,'Europe/Sarajevo',1,'2016-06-04 23:00:00','2016-06-04 23:00:00');
INSERT INTO `__PREFIX__cities` (`country_code`, `name`, `longitude`, `latitude`, `feature_class`, `feature_code`, `subadmin1_code`, `subadmin2_code`, `population`, `time_zone`, `active`, `created_at`, `updated_at`) VALUES ('BA','{\"en\":\"Blatnica\"}',17.82,44.49,'P','PPL','BA.02',NULL,5676,'Europe/Sarajevo',1,'2012-05-05 23:00:00','2012-05-05 23:00:00');
INSERT INTO `__PREFIX__cities` (`country_code`, `name`, `longitude`, `latitude`, `feature_class`, `feature_code`, `subadmin1_code`, `subadmin2_code`, `population`, `time_zone`, `active`, `created_at`, `updated_at`) VALUES ('BA','{\"en\":\"Bileća\"}',18.43,42.88,'P','PPLA2','BA.02','BA.02.3294539',13257,'Europe/Sarajevo',1,'2020-06-10 23:00:00','2020-06-10 23:00:00');
INSERT INTO `__PREFIX__cities` (`country_code`, `name`, `longitude`, `latitude`, `feature_class`, `feature_code`, `subadmin1_code`, `subadmin2_code`, `population`, `time_zone`, `active`, `created_at`, `updated_at`) VALUES ('BA','{\"en\":\"Bijeljina\"}',19.21,44.76,'P','PPLA2','BA.02',NULL,37692,'Europe/Sarajevo',1,'2017-05-07 23:00:00','2017-05-07 23:00:00');
INSERT INTO `__PREFIX__cities` (`country_code`, `name`, `longitude`, `latitude`, `feature_class`, `feature_code`, `subadmin1_code`, `subadmin2_code`, `population`, `time_zone`, `active`, `created_at`, `updated_at`) VALUES ('BA','{\"en\":\"Bihać\"}',15.87,44.82,'P','PPLA2','BA.01',NULL,75641,'Europe/Sarajevo',1,'2016-06-04 23:00:00','2016-06-04 23:00:00');
INSERT INTO `__PREFIX__cities` (`country_code`, `name`, `longitude`, `latitude`, `feature_class`, `feature_code`, `subadmin1_code`, `subadmin2_code`, `population`, `time_zone`, `active`, `created_at`, `updated_at`) VALUES ('BA','{\"en\":\"Banovići\"}',18.53,44.41,'P','PPLA3','BA.01','BA.01.3343716',7211,'Europe/Sarajevo',1,'2020-06-10 23:00:00','2020-06-10 23:00:00');
INSERT INTO `__PREFIX__cities` (`country_code`, `name`, `longitude`, `latitude`, `feature_class`, `feature_code`, `subadmin1_code`, `subadmin2_code`, `population`, `time_zone`, `active`, `created_at`, `updated_at`) VALUES ('BA','{\"en\":\"Banja Luka\"}',17.19,44.78,'P','PPLA','BA.02',NULL,221106,'Europe/Sarajevo',1,'2019-09-04 23:00:00','2019-09-04 23:00:00');
INSERT INTO `__PREFIX__cities` (`country_code`, `name`, `longitude`, `latitude`, `feature_class`, `feature_code`, `subadmin1_code`, `subadmin2_code`, `population`, `time_zone`, `active`, `created_at`, `updated_at`) VALUES ('BA','{\"en\":\"Jelah\"}',17.96,44.65,'P','PPL','BA.01',NULL,5291,'Europe/Sarajevo',1,'2012-05-05 23:00:00','2012-05-05 23:00:00');
INSERT INTO `__PREFIX__cities` (`country_code`, `name`, `longitude`, `latitude`, `feature_class`, `feature_code`, `subadmin1_code`, `subadmin2_code`, `population`, `time_zone`, `active`, `created_at`, `updated_at`) VALUES ('BA','{\"en\":\"Čelinac\"}',17.32,44.72,'P','PPL','BA.02',NULL,6670,'Europe/Sarajevo',1,'2018-12-18 23:00:00','2018-12-18 23:00:00');
INSERT INTO `__PREFIX__cities` (`country_code`, `name`, `longitude`, `latitude`, `feature_class`, `feature_code`, `subadmin1_code`, `subadmin2_code`, `population`, `time_zone`, `active`, `created_at`, `updated_at`) VALUES ('BA','{\"en\":\"Tešanjka\"}',18.01,44.67,'P','PPL','BA.01',NULL,5666,'Europe/Sarajevo',1,'2018-12-04 23:00:00','2018-12-04 23:00:00');
INSERT INTO `__PREFIX__cities` (`country_code`, `name`, `longitude`, `latitude`, `feature_class`, `feature_code`, `subadmin1_code`, `subadmin2_code`, `population`, `time_zone`, `active`, `created_at`, `updated_at`) VALUES ('BA','{\"en\":\"Kovači\"}',18.21,44.45,'P','PPL','BA.01',NULL,6410,'Europe/Sarajevo',1,'2019-01-09 23:00:00','2019-01-09 23:00:00');
INSERT INTO `__PREFIX__cities` (`country_code`, `name`, `longitude`, `latitude`, `feature_class`, `feature_code`, `subadmin1_code`, `subadmin2_code`, `population`, `time_zone`, `active`, `created_at`, `updated_at`) VALUES ('BA','{\"en\":\"Ćoralići\"}',15.87,45.01,'P','PPLL','BA.01',NULL,5223,'Europe/Sarajevo',1,'2019-01-09 23:00:00','2019-01-09 23:00:00');
INSERT INTO `__PREFIX__cities` (`country_code`, `name`, `longitude`, `latitude`, `feature_class`, `feature_code`, `subadmin1_code`, `subadmin2_code`, `population`, `time_zone`, `active`, `created_at`, `updated_at`) VALUES ('BA','{\"en\":\"Crnići\"}',17.86,43.13,'P','PPLL','BA.01',NULL,5789,'Europe/Sarajevo',1,'2019-01-09 23:00:00','2019-01-09 23:00:00');
INSERT INTO `__PREFIX__cities` (`country_code`, `name`, `longitude`, `latitude`, `feature_class`, `feature_code`, `subadmin1_code`, `subadmin2_code`, `population`, `time_zone`, `active`, `created_at`, `updated_at`) VALUES ('BA','{\"en\":\"Kačuni\"}',17.94,44.06,'P','PPL','BA.01',NULL,5042,'Europe/Sarajevo',1,'2012-05-05 23:00:00','2012-05-05 23:00:00');
INSERT INTO `__PREFIX__cities` (`country_code`, `name`, `longitude`, `latitude`, `feature_class`, `feature_code`, `subadmin1_code`, `subadmin2_code`, `population`, `time_zone`, `active`, `created_at`, `updated_at`) VALUES ('BA','{\"en\":\"Todorovo\"}',15.93,45.09,'P','PPLL','BA.01',NULL,9560,'Europe/Sarajevo',1,'2006-01-16 23:00:00','2006-01-16 23:00:00');
INSERT INTO `__PREFIX__cities` (`country_code`, `name`, `longitude`, `latitude`, `feature_class`, `feature_code`, `subadmin1_code`, `subadmin2_code`, `population`, `time_zone`, `active`, `created_at`, `updated_at`) VALUES ('BA','{\"en\":\"Konjic\"}',17.96,43.65,'P','PPLA3','BA.01',NULL,15950,'Europe/Sarajevo',1,'2018-12-26 23:00:00','2018-12-26 23:00:00');
INSERT INTO `__PREFIX__cities` (`country_code`, `name`, `longitude`, `latitude`, `feature_class`, `feature_code`, `subadmin1_code`, `subadmin2_code`, `population`, `time_zone`, `active`, `created_at`, `updated_at`) VALUES ('BA','{\"en\":\"Jablanica\"}',17.76,43.66,'P','PPLA3','BA.01',NULL,6209,'Europe/Sarajevo',1,'2016-06-04 23:00:00','2016-06-04 23:00:00');
INSERT INTO `__PREFIX__cities` (`country_code`, `name`, `longitude`, `latitude`, `feature_class`, `feature_code`, `subadmin1_code`, `subadmin2_code`, `population`, `time_zone`, `active`, `created_at`, `updated_at`) VALUES ('BA','{\"en\":\"Mejdan - Obilićevo\"}',17.19,44.76,'P','PPLX','BA.02',NULL,5400,'Europe/Sarajevo',1,'2012-06-29 23:00:00','2012-06-29 23:00:00');
/*!40000 ALTER TABLE `__PREFIX__cities` ENABLE KEYS */;
/*!40103 SET TIME_ZONE=@OLD_TIME_ZONE */;

/*!40101 SET SQL_MODE=@OLD_SQL_MODE */;
/*!40014 SET FOREIGN_KEY_CHECKS=@OLD_FOREIGN_KEY_CHECKS */;
/*!40014 SET UNIQUE_CHECKS=@OLD_UNIQUE_CHECKS */;
/*!40101 SET CHARACTER_SET_CLIENT=@OLD_CHARACTER_SET_CLIENT */;
/*!40101 SET CHARACTER_SET_RESULTS=@OLD_CHARACTER_SET_RESULTS */;
/*!40101 SET COLLATION_CONNECTION=@OLD_COLLATION_CONNECTION */;
/*!40111 SET SQL_NOTES=@OLD_SQL_NOTES */;

-- Dump completed
