-- MySQL dump 10.13  Distrib 5.7.34, for osx10.12 (x86_64)
--
-- Host: 127.0.0.1    Database: laraclassifier
-- ------------------------------------------------------
-- Server version	5.7.34

/*!40101 SET @OLD_CHARACTER_SET_CLIENT=@@CHARACTER_SET_CLIENT */;
/*!40101 SET @OLD_CHARACTER_SET_RESULTS=@@CHARACTER_SET_RESULTS */;
/*!40101 SET @OLD_COLLATION_CONNECTION=@@COLLATION_CONNECTION */;
/*!40101 SET NAMES utf8 */;
/*!40103 SET @OLD_TIME_ZONE=@@TIME_ZONE */;
/*!40103 SET TIME_ZONE='+00:00' */;
/*!40014 SET @OLD_UNIQUE_CHECKS=@@UNIQUE_CHECKS, UNIQUE_CHECKS=0 */;
/*!40014 SET @OLD_FOREIGN_KEY_CHECKS=@@FOREIGN_KEY_CHECKS, FOREIGN_KEY_CHECKS=0 */;
/*!40101 SET @OLD_SQL_MODE=@@SQL_MODE, SQL_MODE='NO_AUTO_VALUE_ON_ZERO' */;
/*!40111 SET @OLD_SQL_NOTES=@@SQL_NOTES, SQL_NOTES=0 */;

--
-- Dumping data for table `__PREFIX__subadmin1`
--

/*!40000 ALTER TABLE `__PREFIX__subadmin1` DISABLE KEYS */;
INSERT INTO `__PREFIX__subadmin1` (`code`, `country_code`, `name`, `active`) VALUES ('BD.83','BD','{\"en\":\"Rajshahi Division\"}',1);
INSERT INTO `__PREFIX__subadmin1` (`code`, `country_code`, `name`, `active`) VALUES ('BD.81','BD','{\"en\":\"Dhaka\"}',1);
INSERT INTO `__PREFIX__subadmin1` (`code`, `country_code`, `name`, `active`) VALUES ('BD.84','BD','{\"en\":\"Chittagong\"}',1);
INSERT INTO `__PREFIX__subadmin1` (`code`, `country_code`, `name`, `active`) VALUES ('BD.82','BD','{\"en\":\"Khulna\"}',1);
INSERT INTO `__PREFIX__subadmin1` (`code`, `country_code`, `name`, `active`) VALUES ('BD.85','BD','{\"en\":\"Barisāl\"}',1);
INSERT INTO `__PREFIX__subadmin1` (`code`, `country_code`, `name`, `active`) VALUES ('BD.86','BD','{\"en\":\"Sylhet\"}',1);
INSERT INTO `__PREFIX__subadmin1` (`code`, `country_code`, `name`, `active`) VALUES ('BD.87','BD','{\"en\":\"Rangpur Division\"}',1);
INSERT INTO `__PREFIX__subadmin1` (`code`, `country_code`, `name`, `active`) VALUES ('BD.H','BD','{\"en\":\"Mymensingh Division\"}',1);
/*!40000 ALTER TABLE `__PREFIX__subadmin1` ENABLE KEYS */;

--
-- Dumping data for table `__PREFIX__subadmin2`
--

/*!40000 ALTER TABLE `__PREFIX__subadmin2` DISABLE KEYS */;
INSERT INTO `__PREFIX__subadmin2` (`code`, `country_code`, `subadmin1_code`, `name`, `active`) VALUES ('BD.82.4050','BD','BD.82','{\"en\":\"Kushtia\"}',1);
INSERT INTO `__PREFIX__subadmin2` (`code`, `country_code`, `subadmin1_code`, `name`, `active`) VALUES ('BD.85.1006','BD','BD.85','{\"en\":\"Barisal\"}',1);
INSERT INTO `__PREFIX__subadmin2` (`code`, `country_code`, `subadmin1_code`, `name`, `active`) VALUES ('BD.87.5577','BD','BD.87','{\"en\":\"Panchagarh\"}',1);
INSERT INTO `__PREFIX__subadmin2` (`code`, `country_code`, `subadmin1_code`, `name`, `active`) VALUES ('BD.87.5594','BD','BD.87','{\"en\":\"Thakurgaon\"}',1);
INSERT INTO `__PREFIX__subadmin2` (`code`, `country_code`, `subadmin1_code`, `name`, `active`) VALUES ('BD.87.5527','BD','BD.87','{\"en\":\"Dinajpur\"}',1);
INSERT INTO `__PREFIX__subadmin2` (`code`, `country_code`, `subadmin1_code`, `name`, `active`) VALUES ('BD.87.5573','BD','BD.87','{\"en\":\"Nilphamari Zila\"}',1);
INSERT INTO `__PREFIX__subadmin2` (`code`, `country_code`, `subadmin1_code`, `name`, `active`) VALUES ('BD.87.5552','BD','BD.87','{\"en\":\"Lalmonirhat District\"}',1);
INSERT INTO `__PREFIX__subadmin2` (`code`, `country_code`, `subadmin1_code`, `name`, `active`) VALUES ('BD.87.5549','BD','BD.87','{\"en\":\"Kurigram\"}',1);
INSERT INTO `__PREFIX__subadmin2` (`code`, `country_code`, `subadmin1_code`, `name`, `active`) VALUES ('BD.87.5585','BD','BD.87','{\"en\":\"Rangpur\"}',1);
INSERT INTO `__PREFIX__subadmin2` (`code`, `country_code`, `subadmin1_code`, `name`, `active`) VALUES ('BD.87.5532','BD','BD.87','{\"en\":\"Gaibandha\"}',1);
INSERT INTO `__PREFIX__subadmin2` (`code`, `country_code`, `subadmin1_code`, `name`, `active`) VALUES ('BD.83.5064','BD','BD.83','{\"en\":\"Naogaon\"}',1);
INSERT INTO `__PREFIX__subadmin2` (`code`, `country_code`, `subadmin1_code`, `name`, `active`) VALUES ('BD.83.5038','BD','BD.83','{\"en\":\"Joypurhat\"}',1);
INSERT INTO `__PREFIX__subadmin2` (`code`, `country_code`, `subadmin1_code`, `name`, `active`) VALUES ('BD.83.5010','BD','BD.83','{\"en\":\"Bogra\"}',1);
INSERT INTO `__PREFIX__subadmin2` (`code`, `country_code`, `subadmin1_code`, `name`, `active`) VALUES ('BD.83.5070','BD','BD.83','{\"en\":\"Chapai Nababganj\"}',1);
INSERT INTO `__PREFIX__subadmin2` (`code`, `country_code`, `subadmin1_code`, `name`, `active`) VALUES ('BD.83.5081','BD','BD.83','{\"en\":\"Rajshahi\"}',1);
INSERT INTO `__PREFIX__subadmin2` (`code`, `country_code`, `subadmin1_code`, `name`, `active`) VALUES ('BD.83.5069','BD','BD.83','{\"en\":\"Natore\"}',1);
INSERT INTO `__PREFIX__subadmin2` (`code`, `country_code`, `subadmin1_code`, `name`, `active`) VALUES ('BD.83.5088','BD','BD.83','{\"en\":\"Sirajganj\"}',1);
INSERT INTO `__PREFIX__subadmin2` (`code`, `country_code`, `subadmin1_code`, `name`, `active`) VALUES ('BD.83.5076','BD','BD.83','{\"en\":\"Pabna\"}',1);
INSERT INTO `__PREFIX__subadmin2` (`code`, `country_code`, `subadmin1_code`, `name`, `active`) VALUES ('BD.H.3089','BD','BD.H','{\"en\":\"Sherpur\"}',1);
INSERT INTO `__PREFIX__subadmin2` (`code`, `country_code`, `subadmin1_code`, `name`, `active`) VALUES ('BD.H.3072','BD','BD.H','{\"en\":\"Netrakona\"}',1);
INSERT INTO `__PREFIX__subadmin2` (`code`, `country_code`, `subadmin1_code`, `name`, `active`) VALUES ('BD.H.3039','BD','BD.H','{\"en\":\"Jamalpur\"}',1);
INSERT INTO `__PREFIX__subadmin2` (`code`, `country_code`, `subadmin1_code`, `name`, `active`) VALUES ('BD.H.3061','BD','BD.H','{\"en\":\"Mymensingh\"}',1);
INSERT INTO `__PREFIX__subadmin2` (`code`, `country_code`, `subadmin1_code`, `name`, `active`) VALUES ('BD.81.3093','BD','BD.81','{\"en\":\"Tangail\"}',1);
INSERT INTO `__PREFIX__subadmin2` (`code`, `country_code`, `subadmin1_code`, `name`, `active`) VALUES ('BD.81.3033','BD','BD.81','{\"en\":\"Gazipur\"}',1);
INSERT INTO `__PREFIX__subadmin2` (`code`, `country_code`, `subadmin1_code`, `name`, `active`) VALUES ('BD.81.3048','BD','BD.81','{\"en\":\"Kishoregonj\"}',1);
INSERT INTO `__PREFIX__subadmin2` (`code`, `country_code`, `subadmin1_code`, `name`, `active`) VALUES ('BD.81.3068','BD','BD.81','{\"en\":\"Narsingdi\"}',1);
INSERT INTO `__PREFIX__subadmin2` (`code`, `country_code`, `subadmin1_code`, `name`, `active`) VALUES ('BD.81.3026','BD','BD.81','{\"en\":\"Dhaka\"}',1);
INSERT INTO `__PREFIX__subadmin2` (`code`, `country_code`, `subadmin1_code`, `name`, `active`) VALUES ('BD.81.3082','BD','BD.81','{\"en\":\"Rajbari\"}',1);
INSERT INTO `__PREFIX__subadmin2` (`code`, `country_code`, `subadmin1_code`, `name`, `active`) VALUES ('BD.81.3029','BD','BD.81','{\"en\":\"Faridpur\"}',1);
INSERT INTO `__PREFIX__subadmin2` (`code`, `country_code`, `subadmin1_code`, `name`, `active`) VALUES ('BD.81.3067','BD','BD.81','{\"en\":\"Narayanganj\"}',1);
INSERT INTO `__PREFIX__subadmin2` (`code`, `country_code`, `subadmin1_code`, `name`, `active`) VALUES ('BD.81.3059','BD','BD.81','{\"en\":\"Munshiganj\"}',1);
INSERT INTO `__PREFIX__subadmin2` (`code`, `country_code`, `subadmin1_code`, `name`, `active`) VALUES ('BD.81.3035','BD','BD.81','{\"en\":\"Gopalganj\"}',1);
INSERT INTO `__PREFIX__subadmin2` (`code`, `country_code`, `subadmin1_code`, `name`, `active`) VALUES ('BD.81.3086','BD','BD.81','{\"en\":\"Shariatpur\"}',1);
INSERT INTO `__PREFIX__subadmin2` (`code`, `country_code`, `subadmin1_code`, `name`, `active`) VALUES ('BD.81.3054','BD','BD.81','{\"en\":\"Madaripur\"}',1);
INSERT INTO `__PREFIX__subadmin2` (`code`, `country_code`, `subadmin1_code`, `name`, `active`) VALUES ('BD.86.6090','BD','BD.86','{\"en\":\"Sunamganj\"}',1);
INSERT INTO `__PREFIX__subadmin2` (`code`, `country_code`, `subadmin1_code`, `name`, `active`) VALUES ('BD.86.6091','BD','BD.86','{\"en\":\"Sylhet\"}',1);
INSERT INTO `__PREFIX__subadmin2` (`code`, `country_code`, `subadmin1_code`, `name`, `active`) VALUES ('BD.86.6058','BD','BD.86','{\"en\":\"Maulvibazar\"}',1);
INSERT INTO `__PREFIX__subadmin2` (`code`, `country_code`, `subadmin1_code`, `name`, `active`) VALUES ('BD.86.6036','BD','BD.86','{\"en\":\"Habiganj\"}',1);
INSERT INTO `__PREFIX__subadmin2` (`code`, `country_code`, `subadmin1_code`, `name`, `active`) VALUES ('BD.84.2012','BD','BD.84','{\"en\":\"Brahmanbaria\"}',1);
INSERT INTO `__PREFIX__subadmin2` (`code`, `country_code`, `subadmin1_code`, `name`, `active`) VALUES ('BD.84.2019','BD','BD.84','{\"en\":\"Cumilla\"}',1);
INSERT INTO `__PREFIX__subadmin2` (`code`, `country_code`, `subadmin1_code`, `name`, `active`) VALUES ('BD.84.2013','BD','BD.84','{\"en\":\"Chandpur\"}',1);
INSERT INTO `__PREFIX__subadmin2` (`code`, `country_code`, `subadmin1_code`, `name`, `active`) VALUES ('BD.84.2051','BD','BD.84','{\"en\":\"Lakshmipur\"}',1);
INSERT INTO `__PREFIX__subadmin2` (`code`, `country_code`, `subadmin1_code`, `name`, `active`) VALUES ('BD.84.2075','BD','BD.84','{\"en\":\"Noakhali\"}',1);
INSERT INTO `__PREFIX__subadmin2` (`code`, `country_code`, `subadmin1_code`, `name`, `active`) VALUES ('BD.84.2030','BD','BD.84','{\"en\":\"Feni\"}',1);
INSERT INTO `__PREFIX__subadmin2` (`code`, `country_code`, `subadmin1_code`, `name`, `active`) VALUES ('BD.84.2046','BD','BD.84','{\"en\":\"Khagrachhari\"}',1);
INSERT INTO `__PREFIX__subadmin2` (`code`, `country_code`, `subadmin1_code`, `name`, `active`) VALUES ('BD.84.2015','BD','BD.84','{\"en\":\"Chittagong\"}',1);
INSERT INTO `__PREFIX__subadmin2` (`code`, `country_code`, `subadmin1_code`, `name`, `active`) VALUES ('BD.84.2003','BD','BD.84','{\"en\":\"Bandarban\"}',1);
INSERT INTO `__PREFIX__subadmin2` (`code`, `country_code`, `subadmin1_code`, `name`, `active`) VALUES ('BD.84.2022','BD','BD.84','{\"en\":\"Cox\'s Bazar\"}',1);
INSERT INTO `__PREFIX__subadmin2` (`code`, `country_code`, `subadmin1_code`, `name`, `active`) VALUES ('BD.82.4057','BD','BD.82','{\"en\":\"Meherpur\"}',1);
INSERT INTO `__PREFIX__subadmin2` (`code`, `country_code`, `subadmin1_code`, `name`, `active`) VALUES ('BD.82.4044','BD','BD.82','{\"en\":\"Jhenaidah\"}',1);
INSERT INTO `__PREFIX__subadmin2` (`code`, `country_code`, `subadmin1_code`, `name`, `active`) VALUES ('BD.82.4018','BD','BD.82','{\"en\":\"Chuadanga\"}',1);
INSERT INTO `__PREFIX__subadmin2` (`code`, `country_code`, `subadmin1_code`, `name`, `active`) VALUES ('BD.82.4055','BD','BD.82','{\"en\":\"Magura\"}',1);
INSERT INTO `__PREFIX__subadmin2` (`code`, `country_code`, `subadmin1_code`, `name`, `active`) VALUES ('BD.82.4041','BD','BD.82','{\"en\":\"Jessore\"}',1);
INSERT INTO `__PREFIX__subadmin2` (`code`, `country_code`, `subadmin1_code`, `name`, `active`) VALUES ('BD.82.4065','BD','BD.82','{\"en\":\"Narail\"}',1);
INSERT INTO `__PREFIX__subadmin2` (`code`, `country_code`, `subadmin1_code`, `name`, `active`) VALUES ('BD.82.4001','BD','BD.82','{\"en\":\"Bagerhat\"}',1);
INSERT INTO `__PREFIX__subadmin2` (`code`, `country_code`, `subadmin1_code`, `name`, `active`) VALUES ('BD.82.4047','BD','BD.82','{\"en\":\"Khulna\"}',1);
INSERT INTO `__PREFIX__subadmin2` (`code`, `country_code`, `subadmin1_code`, `name`, `active`) VALUES ('BD.82.4087','BD','BD.82','{\"en\":\"Satkhira\"}',1);
INSERT INTO `__PREFIX__subadmin2` (`code`, `country_code`, `subadmin1_code`, `name`, `active`) VALUES ('BD.85.1042','BD','BD.85','{\"en\":\"Jhalokati\"}',1);
INSERT INTO `__PREFIX__subadmin2` (`code`, `country_code`, `subadmin1_code`, `name`, `active`) VALUES ('BD.85.1009','BD','BD.85','{\"en\":\"Bhola\"}',1);
INSERT INTO `__PREFIX__subadmin2` (`code`, `country_code`, `subadmin1_code`, `name`, `active`) VALUES ('BD.85.1078','BD','BD.85','{\"en\":\"Patuakhali\"}',1);
INSERT INTO `__PREFIX__subadmin2` (`code`, `country_code`, `subadmin1_code`, `name`, `active`) VALUES ('BD.85.1004','BD','BD.85','{\"en\":\"Barguna\"}',1);
INSERT INTO `__PREFIX__subadmin2` (`code`, `country_code`, `subadmin1_code`, `name`, `active`) VALUES ('BD.81.3056','BD','BD.81','{\"en\":\"Manikganj\"}',1);
INSERT INTO `__PREFIX__subadmin2` (`code`, `country_code`, `subadmin1_code`, `name`, `active`) VALUES ('BD.85.1079','BD','BD.85','{\"en\":\"Pirojpur\"}',1);
INSERT INTO `__PREFIX__subadmin2` (`code`, `country_code`, `subadmin1_code`, `name`, `active`) VALUES ('BD.84.2084','BD','BD.84','{\"en\":\"Rangamati\"}',1);
/*!40000 ALTER TABLE `__PREFIX__subadmin2` ENABLE KEYS */;

--
-- Dumping data for table `__PREFIX__cities`
--

/*!40000 ALTER TABLE `__PREFIX__cities` DISABLE KEYS */;
INSERT INTO `__PREFIX__cities` (`country_code`, `name`, `longitude`, `latitude`, `feature_class`, `feature_code`, `subadmin1_code`, `subadmin2_code`, `population`, `time_zone`, `active`, `created_at`, `updated_at`) VALUES ('BD','{\"en\":\"Thākurgaon\"}',88.47,26.03,'P','PPL','BD.87','BD.87.5594',71096,'Asia/Dhaka',1,'2020-06-09 23:00:00','2020-06-09 23:00:00');
INSERT INTO `__PREFIX__cities` (`country_code`, `name`, `longitude`, `latitude`, `feature_class`, `feature_code`, `subadmin1_code`, `subadmin2_code`, `population`, `time_zone`, `active`, `created_at`, `updated_at`) VALUES ('BD','{\"en\":\"Teknāf\"}',92.30,20.86,'P','PPL','BD.84','BD.84.2022',40557,'Asia/Dhaka',1,'2016-11-08 23:00:00','2016-11-08 23:00:00');
INSERT INTO `__PREFIX__cities` (`country_code`, `name`, `longitude`, `latitude`, `feature_class`, `feature_code`, `subadmin1_code`, `subadmin2_code`, `population`, `time_zone`, `active`, `created_at`, `updated_at`) VALUES ('BD','{\"en\":\"Tungi\"}',90.40,23.89,'P','PPL','BD.81','BD.81.3033',337579,'Asia/Dhaka',1,'2016-11-08 23:00:00','2016-11-08 23:00:00');
INSERT INTO `__PREFIX__cities` (`country_code`, `name`, `longitude`, `latitude`, `feature_class`, `feature_code`, `subadmin1_code`, `subadmin2_code`, `population`, `time_zone`, `active`, `created_at`, `updated_at`) VALUES ('BD','{\"en\":\"Sylhet\"}',91.87,24.90,'P','PPLA','BD.86','BD.86.6091',237000,'Asia/Dhaka',1,'2016-11-08 23:00:00','2016-11-08 23:00:00');
INSERT INTO `__PREFIX__cities` (`country_code`, `name`, `longitude`, `latitude`, `feature_class`, `feature_code`, `subadmin1_code`, `subadmin2_code`, `population`, `time_zone`, `active`, `created_at`, `updated_at`) VALUES ('BD','{\"en\":\"Dohār\"}',90.14,23.59,'P','PPL','BD.81','BD.81.3026',45543,'Asia/Dhaka',1,'2016-11-08 23:00:00','2016-11-08 23:00:00');
INSERT INTO `__PREFIX__cities` (`country_code`, `name`, `longitude`, `latitude`, `feature_class`, `feature_code`, `subadmin1_code`, `subadmin2_code`, `population`, `time_zone`, `active`, `created_at`, `updated_at`) VALUES ('BD','{\"en\":\"Jamālpur\"}',89.95,24.92,'P','PPLA2','BD.H','BD.H.3039',167900,'Asia/Dhaka',1,'2016-11-16 23:00:00','2016-11-16 23:00:00');
INSERT INTO `__PREFIX__cities` (`country_code`, `name`, `longitude`, `latitude`, `feature_class`, `feature_code`, `subadmin1_code`, `subadmin2_code`, `population`, `time_zone`, `active`, `created_at`, `updated_at`) VALUES ('BD','{\"en\":\"Shibganj\"}',89.32,25.00,'P','PPL','BD.83','BD.83.5010',378701,'Asia/Dhaka',1,'2017-06-08 23:00:00','2017-06-08 23:00:00');
INSERT INTO `__PREFIX__cities` (`country_code`, `name`, `longitude`, `latitude`, `feature_class`, `feature_code`, `subadmin1_code`, `subadmin2_code`, `population`, `time_zone`, `active`, `created_at`, `updated_at`) VALUES ('BD','{\"en\":\"Shibganj\"}',88.16,24.69,'P','PPL','BD.83','BD.83.5070',35961,'Asia/Dhaka',1,'2016-11-08 23:00:00','2016-11-08 23:00:00');
INSERT INTO `__PREFIX__cities` (`country_code`, `name`, `longitude`, `latitude`, `feature_class`, `feature_code`, `subadmin1_code`, `subadmin2_code`, `population`, `time_zone`, `active`, `created_at`, `updated_at`) VALUES ('BD','{\"en\":\"Sātkhira\"}',89.07,22.71,'P','PPL','BD.82','BD.82.4087',128918,'Asia/Dhaka',1,'2020-06-09 23:00:00','2020-06-09 23:00:00');
INSERT INTO `__PREFIX__cities` (`country_code`, `name`, `longitude`, `latitude`, `feature_class`, `feature_code`, `subadmin1_code`, `subadmin2_code`, `population`, `time_zone`, `active`, `created_at`, `updated_at`) VALUES ('BD','{\"en\":\"Sirajganj\"}',89.71,24.46,'P','PPL','BD.83','BD.83.5088',127481,'Asia/Dhaka',1,'2017-05-03 23:00:00','2017-05-03 23:00:00');
INSERT INTO `__PREFIX__cities` (`country_code`, `name`, `longitude`, `latitude`, `feature_class`, `feature_code`, `subadmin1_code`, `subadmin2_code`, `population`, `time_zone`, `active`, `created_at`, `updated_at`) VALUES ('BD','{\"en\":\"Netrakona\"}',90.73,24.88,'P','PPLA2','BD.H','BD.H.3072',79016,'Asia/Dhaka',1,'2016-11-16 23:00:00','2016-11-16 23:00:00');
INSERT INTO `__PREFIX__cities` (`country_code`, `name`, `longitude`, `latitude`, `feature_class`, `feature_code`, `subadmin1_code`, `subadmin2_code`, `population`, `time_zone`, `active`, `created_at`, `updated_at`) VALUES ('BD','{\"en\":\"Narsingdi\"}',90.72,23.92,'P','PPL','BD.81','BD.81.3068',281080,'Asia/Dhaka',1,'2016-11-08 23:00:00','2016-11-08 23:00:00');
INSERT INTO `__PREFIX__cities` (`country_code`, `name`, `longitude`, `latitude`, `feature_class`, `feature_code`, `subadmin1_code`, `subadmin2_code`, `population`, `time_zone`, `active`, `created_at`, `updated_at`) VALUES ('BD','{\"en\":\"Sandwīp\"}',91.45,22.51,'P','PPL','BD.84','BD.84.2015',52152,'Asia/Dhaka',1,'2020-06-09 23:00:00','2020-06-09 23:00:00');
INSERT INTO `__PREFIX__cities` (`country_code`, `name`, `longitude`, `latitude`, `feature_class`, `feature_code`, `subadmin1_code`, `subadmin2_code`, `population`, `time_zone`, `active`, `created_at`, `updated_at`) VALUES ('BD','{\"en\":\"Shāhzādpur\"}',89.60,24.18,'P','PPL','BD.83','BD.83.5088',102420,'Asia/Dhaka',1,'2020-06-09 23:00:00','2020-06-09 23:00:00');
INSERT INTO `__PREFIX__cities` (`country_code`, `name`, `longitude`, `latitude`, `feature_class`, `feature_code`, `subadmin1_code`, `subadmin2_code`, `population`, `time_zone`, `active`, `created_at`, `updated_at`) VALUES ('BD','{\"en\":\"Rāmganj\"}',90.85,23.10,'P','PPL','BD.84','BD.84.2051',55241,'Asia/Dhaka',1,'2020-06-09 23:00:00','2020-06-09 23:00:00');
INSERT INTO `__PREFIX__cities` (`country_code`, `name`, `longitude`, `latitude`, `feature_class`, `feature_code`, `subadmin1_code`, `subadmin2_code`, `population`, `time_zone`, `active`, `created_at`, `updated_at`) VALUES ('BD','{\"en\":\"Rājshāhi\"}',88.60,24.37,'P','PPLA','BD.83','BD.83.5081',700133,'Asia/Dhaka',1,'2020-06-09 23:00:00','2020-06-09 23:00:00');
INSERT INTO `__PREFIX__cities` (`country_code`, `name`, `longitude`, `latitude`, `feature_class`, `feature_code`, `subadmin1_code`, `subadmin2_code`, `population`, `time_zone`, `active`, `created_at`, `updated_at`) VALUES ('BD','{\"en\":\"Pirojpur\"}',89.98,22.58,'P','PPL','BD.85','BD.85.1079',54418,'Asia/Dhaka',1,'2020-02-10 23:00:00','2020-02-10 23:00:00');
INSERT INTO `__PREFIX__cities` (`country_code`, `name`, `longitude`, `latitude`, `feature_class`, `feature_code`, `subadmin1_code`, `subadmin2_code`, `population`, `time_zone`, `active`, `created_at`, `updated_at`) VALUES ('BD','{\"en\":\"Panchagarh\"}',88.56,26.33,'P','PPL','BD.87','BD.87.5577',48531,'Asia/Dhaka',1,'2016-11-08 23:00:00','2016-11-08 23:00:00');
INSERT INTO `__PREFIX__cities` (`country_code`, `name`, `longitude`, `latitude`, `feature_class`, `feature_code`, `subadmin1_code`, `subadmin2_code`, `population`, `time_zone`, `active`, `created_at`, `updated_at`) VALUES ('BD','{\"en\":\"Patiya\"}',91.98,22.30,'P','PPL','BD.84','BD.84.2015',51360,'Asia/Dhaka',1,'2020-02-10 23:00:00','2020-02-10 23:00:00');
INSERT INTO `__PREFIX__cities` (`country_code`, `name`, `longitude`, `latitude`, `feature_class`, `feature_code`, `subadmin1_code`, `subadmin2_code`, `population`, `time_zone`, `active`, `created_at`, `updated_at`) VALUES ('BD','{\"en\":\"Parbatipur\"}',88.93,25.66,'P','PPL','BD.87','BD.87.5527',48020,'Asia/Dhaka',1,'2016-11-08 23:00:00','2016-11-08 23:00:00');
INSERT INTO `__PREFIX__cities` (`country_code`, `name`, `longitude`, `latitude`, `feature_class`, `feature_code`, `subadmin1_code`, `subadmin2_code`, `population`, `time_zone`, `active`, `created_at`, `updated_at`) VALUES ('BD','{\"en\":\"Nārāyanganj\"}',90.50,23.61,'P','PPL','BD.81','BD.81.3067',223622,'Asia/Dhaka',1,'2020-06-09 23:00:00','2020-06-09 23:00:00');
INSERT INTO `__PREFIX__cities` (`country_code`, `name`, `longitude`, `latitude`, `feature_class`, `feature_code`, `subadmin1_code`, `subadmin2_code`, `population`, `time_zone`, `active`, `created_at`, `updated_at`) VALUES ('BD','{\"en\":\"Nālchiti\"}',90.27,22.64,'P','PPL','BD.85','BD.85.1042',38703,'Asia/Dhaka',1,'2020-06-09 23:00:00','2020-06-09 23:00:00');
INSERT INTO `__PREFIX__cities` (`country_code`, `name`, `longitude`, `latitude`, `feature_class`, `feature_code`, `subadmin1_code`, `subadmin2_code`, `population`, `time_zone`, `active`, `created_at`, `updated_at`) VALUES ('BD','{\"en\":\"Nāgarpur\"}',89.88,24.06,'P','PPL','BD.81','BD.81.3093',238422,'Asia/Dhaka',1,'2016-11-08 23:00:00','2016-11-08 23:00:00');
INSERT INTO `__PREFIX__cities` (`country_code`, `name`, `longitude`, `latitude`, `feature_class`, `feature_code`, `subadmin1_code`, `subadmin2_code`, `population`, `time_zone`, `active`, `created_at`, `updated_at`) VALUES ('BD','{\"en\":\"Nageswari\"}',89.69,25.97,'P','PPL','BD.87','BD.87.5549',49425,'Asia/Dhaka',1,'2016-11-08 23:00:00','2016-11-08 23:00:00');
INSERT INTO `__PREFIX__cities` (`country_code`, `name`, `longitude`, `latitude`, `feature_class`, `feature_code`, `subadmin1_code`, `subadmin2_code`, `population`, `time_zone`, `active`, `created_at`, `updated_at`) VALUES ('BD','{\"en\":\"Mymensingh\"}',90.41,24.76,'P','PPLA','BD.H','BD.H.3061',225126,'Asia/Dhaka',1,'2016-11-16 23:00:00','2016-11-16 23:00:00');
INSERT INTO `__PREFIX__cities` (`country_code`, `name`, `longitude`, `latitude`, `feature_class`, `feature_code`, `subadmin1_code`, `subadmin2_code`, `population`, `time_zone`, `active`, `created_at`, `updated_at`) VALUES ('BD','{\"en\":\"Muktāgācha\"}',90.26,24.76,'P','PPL','BD.H','BD.H.3061',24684,'Asia/Dhaka',1,'2020-02-11 23:00:00','2020-02-11 23:00:00');
INSERT INTO `__PREFIX__cities` (`country_code`, `name`, `longitude`, `latitude`, `feature_class`, `feature_code`, `subadmin1_code`, `subadmin2_code`, `population`, `time_zone`, `active`, `created_at`, `updated_at`) VALUES ('BD','{\"en\":\"Mirzāpur\"}',90.10,24.10,'P','PPL','BD.81','BD.81.3093',41137,'Asia/Dhaka',1,'2020-06-09 23:00:00','2020-06-09 23:00:00');
INSERT INTO `__PREFIX__cities` (`country_code`, `name`, `longitude`, `latitude`, `feature_class`, `feature_code`, `subadmin1_code`, `subadmin2_code`, `population`, `time_zone`, `active`, `created_at`, `updated_at`) VALUES ('BD','{\"en\":\"Maulavi Bāzār\"}',91.77,24.49,'P','PPL','BD.86','BD.86.6058',57441,'Asia/Dhaka',1,'2020-06-09 23:00:00','2020-06-09 23:00:00');
INSERT INTO `__PREFIX__cities` (`country_code`, `name`, `longitude`, `latitude`, `feature_class`, `feature_code`, `subadmin1_code`, `subadmin2_code`, `population`, `time_zone`, `active`, `created_at`, `updated_at`) VALUES ('BD','{\"en\":\"Morrelgonj\"}',89.86,22.46,'P','PPL','BD.82','BD.82.4001',31647,'Asia/Dhaka',1,'2016-11-08 23:00:00','2016-11-08 23:00:00');
INSERT INTO `__PREFIX__cities` (`country_code`, `name`, `longitude`, `latitude`, `feature_class`, `feature_code`, `subadmin1_code`, `subadmin2_code`, `population`, `time_zone`, `active`, `created_at`, `updated_at`) VALUES ('BD','{\"en\":\"Mehendiganj\"}',90.53,22.82,'P','PPL','BD.85','BD.85.1006',39424,'Asia/Dhaka',1,'2020-02-10 23:00:00','2020-02-10 23:00:00');
INSERT INTO `__PREFIX__cities` (`country_code`, `name`, `longitude`, `latitude`, `feature_class`, `feature_code`, `subadmin1_code`, `subadmin2_code`, `population`, `time_zone`, `active`, `created_at`, `updated_at`) VALUES ('BD','{\"en\":\"Mathba\"}',89.96,22.29,'P','PPL','BD.85','BD.85.1079',29760,'Asia/Dhaka',1,'2016-11-08 23:00:00','2016-11-08 23:00:00');
INSERT INTO `__PREFIX__cities` (`country_code`, `name`, `longitude`, `latitude`, `feature_class`, `feature_code`, `subadmin1_code`, `subadmin2_code`, `population`, `time_zone`, `active`, `created_at`, `updated_at`) VALUES ('BD','{\"en\":\"Lalmonirhat\"}',89.45,25.92,'P','PPLA2','BD.87','BD.87.5552',65127,'Asia/Dhaka',1,'2017-09-20 23:00:00','2017-09-20 23:00:00');
INSERT INTO `__PREFIX__cities` (`country_code`, `name`, `longitude`, `latitude`, `feature_class`, `feature_code`, `subadmin1_code`, `subadmin2_code`, `population`, `time_zone`, `active`, `created_at`, `updated_at`) VALUES ('BD','{\"en\":\"Lākshām\"}',91.12,23.24,'P','PPL','BD.84','BD.84.2019',82290,'Asia/Dhaka',1,'2020-06-09 23:00:00','2020-06-09 23:00:00');
INSERT INTO `__PREFIX__cities` (`country_code`, `name`, `longitude`, `latitude`, `feature_class`, `feature_code`, `subadmin1_code`, `subadmin2_code`, `population`, `time_zone`, `active`, `created_at`, `updated_at`) VALUES ('BD','{\"en\":\"Comilla\"}',91.19,23.46,'P','PPL','BD.84','BD.84.2019',389411,'Asia/Dhaka',1,'2016-11-08 23:00:00','2016-11-08 23:00:00');
INSERT INTO `__PREFIX__cities` (`country_code`, `name`, `longitude`, `latitude`, `feature_class`, `feature_code`, `subadmin1_code`, `subadmin2_code`, `population`, `time_zone`, `active`, `created_at`, `updated_at`) VALUES ('BD','{\"en\":\"Rangpur\"}',89.25,25.75,'P','PPLA','BD.87','BD.87.5585',343122,'Asia/Dhaka',1,'2016-11-08 23:00:00','2016-11-08 23:00:00');
INSERT INTO `__PREFIX__cities` (`country_code`, `name`, `longitude`, `latitude`, `feature_class`, `feature_code`, `subadmin1_code`, `subadmin2_code`, `population`, `time_zone`, `active`, `created_at`, `updated_at`) VALUES ('BD','{\"en\":\"Kushtia\"}',89.12,23.90,'P','PPL','BD.82','BD.82.4050',135724,'Asia/Dhaka',1,'2016-11-08 23:00:00','2016-11-08 23:00:00');
INSERT INTO `__PREFIX__cities` (`country_code`, `name`, `longitude`, `latitude`, `feature_class`, `feature_code`, `subadmin1_code`, `subadmin2_code`, `population`, `time_zone`, `active`, `created_at`, `updated_at`) VALUES ('BD','{\"en\":\"Kālīganj\"}',89.14,23.41,'P','PPL','BD.82','BD.82.4044',45631,'Asia/Dhaka',1,'2020-06-09 23:00:00','2020-06-09 23:00:00');
INSERT INTO `__PREFIX__cities` (`country_code`, `name`, `longitude`, `latitude`, `feature_class`, `feature_code`, `subadmin1_code`, `subadmin2_code`, `population`, `time_zone`, `active`, `created_at`, `updated_at`) VALUES ('BD','{\"en\":\"Jhingergācha\"}',89.09,23.11,'P','PPL','BD.82','BD.82.4041',41957,'Asia/Dhaka',1,'2020-06-09 23:00:00','2020-06-09 23:00:00');
INSERT INTO `__PREFIX__cities` (`country_code`, `name`, `longitude`, `latitude`, `feature_class`, `feature_code`, `subadmin1_code`, `subadmin2_code`, `population`, `time_zone`, `active`, `created_at`, `updated_at`) VALUES ('BD','{\"en\":\"Joypur Hāt\"}',89.03,25.10,'P','PPL','BD.83','BD.83.5038',73068,'Asia/Dhaka',1,'2020-06-09 23:00:00','2020-06-09 23:00:00');
INSERT INTO `__PREFIX__cities` (`country_code`, `name`, `longitude`, `latitude`, `feature_class`, `feature_code`, `subadmin1_code`, `subadmin2_code`, `population`, `time_zone`, `active`, `created_at`, `updated_at`) VALUES ('BD','{\"en\":\"Ishurdi\"}',89.07,24.13,'P','PPL','BD.83','BD.83.5076',81995,'Asia/Dhaka',1,'2020-05-27 23:00:00','2020-05-27 23:00:00');
INSERT INTO `__PREFIX__cities` (`country_code`, `name`, `longitude`, `latitude`, `feature_class`, `feature_code`, `subadmin1_code`, `subadmin2_code`, `population`, `time_zone`, `active`, `created_at`, `updated_at`) VALUES ('BD','{\"en\":\"Habiganj\"}',91.41,24.38,'P','PPL','BD.86','BD.86.6036',88760,'Asia/Dhaka',1,'2020-05-27 23:00:00','2020-05-27 23:00:00');
INSERT INTO `__PREFIX__cities` (`country_code`, `name`, `longitude`, `latitude`, `feature_class`, `feature_code`, `subadmin1_code`, `subadmin2_code`, `population`, `time_zone`, `active`, `created_at`, `updated_at`) VALUES ('BD','{\"en\":\"Gaurnadi\"}',90.22,22.97,'P','PPL','BD.85','BD.85.1006',40519,'Asia/Dhaka',1,'2020-02-10 23:00:00','2020-02-10 23:00:00');
INSERT INTO `__PREFIX__cities` (`country_code`, `name`, `longitude`, `latitude`, `feature_class`, `feature_code`, `subadmin1_code`, `subadmin2_code`, `population`, `time_zone`, `active`, `created_at`, `updated_at`) VALUES ('BD','{\"en\":\"Gafargaon\"}',90.56,24.43,'P','PPL','BD.H','BD.H.3061',34177,'Asia/Dhaka',1,'2020-02-11 23:00:00','2020-02-11 23:00:00');
INSERT INTO `__PREFIX__cities` (`country_code`, `name`, `longitude`, `latitude`, `feature_class`, `feature_code`, `subadmin1_code`, `subadmin2_code`, `population`, `time_zone`, `active`, `created_at`, `updated_at`) VALUES ('BD','{\"en\":\"Feni\"}',91.40,23.01,'P','PPL','BD.84','BD.84.2030',84028,'Asia/Dhaka',1,'2020-05-27 23:00:00','2020-05-27 23:00:00');
INSERT INTO `__PREFIX__cities` (`country_code`, `name`, `longitude`, `latitude`, `feature_class`, `feature_code`, `subadmin1_code`, `subadmin2_code`, `population`, `time_zone`, `active`, `created_at`, `updated_at`) VALUES ('BD','{\"en\":\"Rāipur\"}',90.77,23.04,'P','PPL','BD.84','BD.84.2051',64652,'Asia/Dhaka',1,'2020-06-09 23:00:00','2020-06-09 23:00:00');
INSERT INTO `__PREFIX__cities` (`country_code`, `name`, `longitude`, `latitude`, `feature_class`, `feature_code`, `subadmin1_code`, `subadmin2_code`, `population`, `time_zone`, `active`, `created_at`, `updated_at`) VALUES ('BD','{\"en\":\"Sarankhola\"}',89.79,22.31,'P','PPL','BD.82','BD.82.4001',36470,'Asia/Dhaka',1,'2016-11-08 23:00:00','2016-11-08 23:00:00');
INSERT INTO `__PREFIX__cities` (`country_code`, `name`, `longitude`, `latitude`, `feature_class`, `feature_code`, `subadmin1_code`, `subadmin2_code`, `population`, `time_zone`, `active`, `created_at`, `updated_at`) VALUES ('BD','{\"en\":\"Dhaka\"}',90.41,23.71,'P','PPLC','BD.81','BD.81.3026',10356500,'Asia/Dhaka',1,'2020-03-17 23:00:00','2020-03-17 23:00:00');
INSERT INTO `__PREFIX__cities` (`country_code`, `name`, `longitude`, `latitude`, `feature_class`, `feature_code`, `subadmin1_code`, `subadmin2_code`, `population`, `time_zone`, `active`, `created_at`, `updated_at`) VALUES ('BD','{\"en\":\"Chilmāri\"}',89.67,25.56,'P','PPL','BD.87','BD.87.5549',49736,'Asia/Dhaka',1,'2020-06-09 23:00:00','2020-06-09 23:00:00');
INSERT INTO `__PREFIX__cities` (`country_code`, `name`, `longitude`, `latitude`, `feature_class`, `feature_code`, `subadmin1_code`, `subadmin2_code`, `population`, `time_zone`, `active`, `created_at`, `updated_at`) VALUES ('BD','{\"en\":\"Chhāgalnāiya\"}',91.51,23.02,'P','PPL','BD.84','BD.84.2030',39335,'Asia/Dhaka',1,'2020-06-09 23:00:00','2020-06-09 23:00:00');
INSERT INTO `__PREFIX__cities` (`country_code`, `name`, `longitude`, `latitude`, `feature_class`, `feature_code`, `subadmin1_code`, `subadmin2_code`, `population`, `time_zone`, `active`, `created_at`, `updated_at`) VALUES ('BD','{\"en\":\"Lālmohan\"}',90.74,22.34,'P','PPL','BD.85','BD.85.1009',42220,'Asia/Dhaka',1,'2020-06-09 23:00:00','2020-06-09 23:00:00');
INSERT INTO `__PREFIX__cities` (`country_code`, `name`, `longitude`, `latitude`, `feature_class`, `feature_code`, `subadmin1_code`, `subadmin2_code`, `population`, `time_zone`, `active`, `created_at`, `updated_at`) VALUES ('BD','{\"en\":\"Khagrachhari\"}',91.97,23.11,'P','PPL','BD.84','BD.84.2046',50364,'Asia/Dhaka',1,'2020-02-10 23:00:00','2020-02-10 23:00:00');
INSERT INTO `__PREFIX__cities` (`country_code`, `name`, `longitude`, `latitude`, `feature_class`, `feature_code`, `subadmin1_code`, `subadmin2_code`, `population`, `time_zone`, `active`, `created_at`, `updated_at`) VALUES ('BD','{\"en\":\"Chhātak\"}',91.67,25.04,'P','PPLA3','BD.86','BD.86.6090',39218,'Asia/Dhaka',1,'2016-11-13 23:00:00','2016-11-13 23:00:00');
INSERT INTO `__PREFIX__cities` (`country_code`, `name`, `longitude`, `latitude`, `feature_class`, `feature_code`, `subadmin1_code`, `subadmin2_code`, `population`, `time_zone`, `active`, `created_at`, `updated_at`) VALUES ('BD','{\"en\":\"Bhātpāra Abhaynagar\"}',89.44,23.01,'P','PPL','BD.82','BD.82.4041',42653,'Asia/Dhaka',1,'2020-06-09 23:00:00','2020-06-09 23:00:00');
INSERT INTO `__PREFIX__cities` (`country_code`, `name`, `longitude`, `latitude`, `feature_class`, `feature_code`, `subadmin1_code`, `subadmin2_code`, `population`, `time_zone`, `active`, `created_at`, `updated_at`) VALUES ('BD','{\"en\":\"Bherāmāra\"}',88.99,24.02,'P','PPL','BD.82','BD.82.4050',38159,'Asia/Dhaka',1,'2020-06-09 23:00:00','2020-06-09 23:00:00');
INSERT INTO `__PREFIX__cities` (`country_code`, `name`, `longitude`, `latitude`, `feature_class`, `feature_code`, `subadmin1_code`, `subadmin2_code`, `population`, `time_zone`, `active`, `created_at`, `updated_at`) VALUES ('BD','{\"en\":\"Bhairab Bāzār\"}',90.98,24.05,'P','PPL','BD.81','BD.81.3048',105457,'Asia/Dhaka',1,'2020-06-09 23:00:00','2020-06-09 23:00:00');
INSERT INTO `__PREFIX__cities` (`country_code`, `name`, `longitude`, `latitude`, `feature_class`, `feature_code`, `subadmin1_code`, `subadmin2_code`, `population`, `time_zone`, `active`, `created_at`, `updated_at`) VALUES ('BD','{\"en\":\"Bāndarban\"}',92.22,22.20,'P','PPL','BD.84','BD.84.2003',32523,'Asia/Dhaka',1,'2020-06-09 23:00:00','2020-06-09 23:00:00');
INSERT INTO `__PREFIX__cities` (`country_code`, `name`, `longitude`, `latitude`, `feature_class`, `feature_code`, `subadmin1_code`, `subadmin2_code`, `population`, `time_zone`, `active`, `created_at`, `updated_at`) VALUES ('BD','{\"en\":\"Kālia\"}',89.63,23.04,'P','PPL','BD.82','BD.82.4065',40492,'Asia/Dhaka',1,'2016-11-08 23:00:00','2016-11-08 23:00:00');
INSERT INTO `__PREFIX__cities` (`country_code`, `name`, `longitude`, `latitude`, `feature_class`, `feature_code`, `subadmin1_code`, `subadmin2_code`, `population`, `time_zone`, `active`, `created_at`, `updated_at`) VALUES ('BD','{\"en\":\"Baniachang\"}',91.36,24.52,'P','PPL','BD.86','BD.86.6036',37807,'Asia/Dhaka',1,'2016-11-08 23:00:00','2016-11-08 23:00:00');
INSERT INTO `__PREFIX__cities` (`country_code`, `name`, `longitude`, `latitude`, `feature_class`, `feature_code`, `subadmin1_code`, `subadmin2_code`, `population`, `time_zone`, `active`, `created_at`, `updated_at`) VALUES ('BD','{\"en\":\"Bājitpur\"}',90.95,24.22,'P','PPL','BD.81','BD.81.3048',34560,'Asia/Dhaka',1,'2020-06-09 23:00:00','2020-06-09 23:00:00');
INSERT INTO `__PREFIX__cities` (`country_code`, `name`, `longitude`, `latitude`, `feature_class`, `feature_code`, `subadmin1_code`, `subadmin2_code`, `population`, `time_zone`, `active`, `created_at`, `updated_at`) VALUES ('BD','{\"en\":\"Bagerhat\"}',89.79,22.66,'P','PPLA2','BD.82','BD.82.4001',266388,'Asia/Dhaka',1,'2017-06-25 23:00:00','2017-06-25 23:00:00');
INSERT INTO `__PREFIX__cities` (`country_code`, `name`, `longitude`, `latitude`, `feature_class`, `feature_code`, `subadmin1_code`, `subadmin2_code`, `population`, `time_zone`, `active`, `created_at`, `updated_at`) VALUES ('BD','{\"en\":\"Badarganj\"}',89.05,25.67,'P','PPL','BD.87','BD.87.5585',32600,'Asia/Dhaka',1,'2016-11-08 23:00:00','2016-11-08 23:00:00');
INSERT INTO `__PREFIX__cities` (`country_code`, `name`, `longitude`, `latitude`, `feature_class`, `feature_code`, `subadmin1_code`, `subadmin2_code`, `population`, `time_zone`, `active`, `created_at`, `updated_at`) VALUES ('BD','{\"en\":\"Narail\"}',89.50,23.16,'P','PPL','BD.82','BD.82.4065',55112,'Asia/Dhaka',1,'2016-11-08 23:00:00','2016-11-08 23:00:00');
INSERT INTO `__PREFIX__cities` (`country_code`, `name`, `longitude`, `latitude`, `feature_class`, `feature_code`, `subadmin1_code`, `subadmin2_code`, `population`, `time_zone`, `active`, `created_at`, `updated_at`) VALUES ('BD','{\"en\":\"Tungipāra\"}',89.90,22.90,'P','PPL','BD.81','BD.81.3035',62210,'Asia/Dhaka',1,'2020-06-09 23:00:00','2020-06-09 23:00:00');
INSERT INTO `__PREFIX__cities` (`country_code`, `name`, `longitude`, `latitude`, `feature_class`, `feature_code`, `subadmin1_code`, `subadmin2_code`, `population`, `time_zone`, `active`, `created_at`, `updated_at`) VALUES ('BD','{\"en\":\"Sonārgaon\"}',90.62,23.65,'P','PPL','BD.81','BD.81.3067',130000,'Asia/Dhaka',1,'2017-07-03 23:00:00','2017-07-03 23:00:00');
INSERT INTO `__PREFIX__cities` (`country_code`, `name`, `longitude`, `latitude`, `feature_class`, `feature_code`, `subadmin1_code`, `subadmin2_code`, `population`, `time_zone`, `active`, `created_at`, `updated_at`) VALUES ('BD','{\"en\":\"Sarishābāri\"}',89.83,24.75,'P','PPL','BD.H','BD.H.3039',81325,'Asia/Dhaka',1,'2016-11-16 23:00:00','2016-11-16 23:00:00');
INSERT INTO `__PREFIX__cities` (`country_code`, `name`, `longitude`, `latitude`, `feature_class`, `feature_code`, `subadmin1_code`, `subadmin2_code`, `population`, `time_zone`, `active`, `created_at`, `updated_at`) VALUES ('BD','{\"en\":\"Sakhipur\"}',90.17,24.32,'P','PPL','BD.81','BD.81.3093',40869,'Asia/Dhaka',1,'2016-11-08 23:00:00','2016-11-08 23:00:00');
INSERT INTO `__PREFIX__cities` (`country_code`, `name`, `longitude`, `latitude`, `feature_class`, `feature_code`, `subadmin1_code`, `subadmin2_code`, `population`, `time_zone`, `active`, `created_at`, `updated_at`) VALUES ('BD','{\"en\":\"Raojān\"}',91.92,22.54,'P','PPL','BD.84','BD.84.2015',25708,'Asia/Dhaka',1,'2020-06-09 23:00:00','2020-06-09 23:00:00');
INSERT INTO `__PREFIX__cities` (`country_code`, `name`, `longitude`, `latitude`, `feature_class`, `feature_code`, `subadmin1_code`, `subadmin2_code`, `population`, `time_zone`, `active`, `created_at`, `updated_at`) VALUES ('BD','{\"en\":\"Phultala\"}',89.51,22.72,'P','PPL','BD.82','BD.82.4047',37985,'Asia/Dhaka',1,'2018-12-03 23:00:00','2018-12-03 23:00:00');
INSERT INTO `__PREFIX__cities` (`country_code`, `name`, `longitude`, `latitude`, `feature_class`, `feature_code`, `subadmin1_code`, `subadmin2_code`, `population`, `time_zone`, `active`, `created_at`, `updated_at`) VALUES ('BD','{\"en\":\"Pālang\"}',90.35,23.22,'P','PPL','BD.81','BD.81.3086',67652,'Asia/Dhaka',1,'2016-11-08 23:00:00','2016-11-08 23:00:00');
INSERT INTO `__PREFIX__cities` (`country_code`, `name`, `longitude`, `latitude`, `feature_class`, `feature_code`, `subadmin1_code`, `subadmin2_code`, `population`, `time_zone`, `active`, `created_at`, `updated_at`) VALUES ('BD','{\"en\":\"Pār Naogaon\"}',88.95,24.80,'P','PPL','BD.83','BD.83.5064',192464,'Asia/Dhaka',1,'2016-11-08 23:00:00','2016-11-08 23:00:00');
INSERT INTO `__PREFIX__cities` (`country_code`, `name`, `longitude`, `latitude`, `feature_class`, `feature_code`, `subadmin1_code`, `subadmin2_code`, `population`, `time_zone`, `active`, `created_at`, `updated_at`) VALUES ('BD','{\"en\":\"Nabīnagar\"}',90.97,23.89,'P','PPL','BD.84','BD.84.2012',31671,'Asia/Dhaka',1,'2016-11-08 23:00:00','2016-11-08 23:00:00');
INSERT INTO `__PREFIX__cities` (`country_code`, `name`, `longitude`, `latitude`, `feature_class`, `feature_code`, `subadmin1_code`, `subadmin2_code`, `population`, `time_zone`, `active`, `created_at`, `updated_at`) VALUES ('BD','{\"en\":\"Lakshmīpur\"}',90.83,22.94,'P','PPL','BD.84','BD.84.2051',61703,'Asia/Dhaka',1,'2016-11-08 23:00:00','2016-11-08 23:00:00');
INSERT INTO `__PREFIX__cities` (`country_code`, `name`, `longitude`, `latitude`, `feature_class`, `feature_code`, `subadmin1_code`, `subadmin2_code`, `population`, `time_zone`, `active`, `created_at`, `updated_at`) VALUES ('BD','{\"en\":\"Kesabpur\"}',89.22,22.91,'P','PPL','BD.82','BD.82.4041',30926,'Asia/Dhaka',1,'2016-11-08 23:00:00','2016-11-08 23:00:00');
INSERT INTO `__PREFIX__cities` (`country_code`, `name`, `longitude`, `latitude`, `feature_class`, `feature_code`, `subadmin1_code`, `subadmin2_code`, `population`, `time_zone`, `active`, `created_at`, `updated_at`) VALUES ('BD','{\"en\":\"Hājīganj\"}',90.86,23.25,'P','PPL','BD.84','BD.84.2013',44343,'Asia/Dhaka',1,'2016-11-08 23:00:00','2016-11-08 23:00:00');
INSERT INTO `__PREFIX__cities` (`country_code`, `name`, `longitude`, `latitude`, `feature_class`, `feature_code`, `subadmin1_code`, `subadmin2_code`, `population`, `time_zone`, `active`, `created_at`, `updated_at`) VALUES ('BD','{\"en\":\"Farīdpur\"}',89.84,23.61,'P','PPL','BD.81','BD.81.3029',112187,'Asia/Dhaka',1,'2018-12-03 23:00:00','2018-12-03 23:00:00');
INSERT INTO `__PREFIX__cities` (`country_code`, `name`, `longitude`, `latitude`, `feature_class`, `feature_code`, `subadmin1_code`, `subadmin2_code`, `population`, `time_zone`, `active`, `created_at`, `updated_at`) VALUES ('BD','{\"en\":\"Dinājpur\"}',88.64,25.63,'P','PPL','BD.87','BD.87.5527',206234,'Asia/Dhaka',1,'2020-05-27 23:00:00','2020-05-27 23:00:00');
INSERT INTO `__PREFIX__cities` (`country_code`, `name`, `longitude`, `latitude`, `feature_class`, `feature_code`, `subadmin1_code`, `subadmin2_code`, `population`, `time_zone`, `active`, `created_at`, `updated_at`) VALUES ('BD','{\"en\":\"Uttar Char Fasson\"}',90.71,22.23,'P','PPL','BD.82',NULL,48305,'Asia/Dhaka',1,'2012-07-03 23:00:00','2012-07-03 23:00:00');
INSERT INTO `__PREFIX__cities` (`country_code`, `name`, `longitude`, `latitude`, `feature_class`, `feature_code`, `subadmin1_code`, `subadmin2_code`, `population`, `time_zone`, `active`, `created_at`, `updated_at`) VALUES ('BD','{\"en\":\"Chattogram\"}',91.83,22.34,'P','PPLA','BD.84','BD.84.2015',3920222,'Asia/Dhaka',1,'2020-08-11 23:00:00','2020-08-11 23:00:00');
INSERT INTO `__PREFIX__cities` (`country_code`, `name`, `longitude`, `latitude`, `feature_class`, `feature_code`, `subadmin1_code`, `subadmin2_code`, `population`, `time_zone`, `active`, `created_at`, `updated_at`) VALUES ('BD','{\"en\":\"Char Bhadrāsan\"}',90.23,23.31,'P','PPL','BD.81','BD.81.3054',34423,'Asia/Dhaka',1,'2016-11-08 23:00:00','2016-11-08 23:00:00');
INSERT INTO `__PREFIX__cities` (`country_code`, `name`, `longitude`, `latitude`, `feature_class`, `feature_code`, `subadmin1_code`, `subadmin2_code`, `population`, `time_zone`, `active`, `created_at`, `updated_at`) VALUES ('BD','{\"en\":\"Bera\"}',89.63,24.08,'P','PPL','BD.83','BD.83.5076',39604,'Asia/Dhaka',1,'2021-03-01 23:00:00','2021-03-01 23:00:00');
INSERT INTO `__PREFIX__cities` (`country_code`, `name`, `longitude`, `latitude`, `feature_class`, `feature_code`, `subadmin1_code`, `subadmin2_code`, `population`, `time_zone`, `active`, `created_at`, `updated_at`) VALUES ('BD','{\"en\":\"Burhānuddin\"}',90.72,22.50,'P','PPL','BD.85','BD.85.1009',45670,'Asia/Dhaka',1,'2016-11-08 23:00:00','2016-11-08 23:00:00');
INSERT INTO `__PREFIX__cities` (`country_code`, `name`, `longitude`, `latitude`, `feature_class`, `feature_code`, `subadmin1_code`, `subadmin2_code`, `population`, `time_zone`, `active`, `created_at`, `updated_at`) VALUES ('BD','{\"en\":\"Sātkania\"}',92.05,22.08,'P','PPL','BD.84','BD.84.2015',52005,'Asia/Dhaka',1,'2016-11-08 23:00:00','2016-11-08 23:00:00');
INSERT INTO `__PREFIX__cities` (`country_code`, `name`, `longitude`, `latitude`, `feature_class`, `feature_code`, `subadmin1_code`, `subadmin2_code`, `population`, `time_zone`, `active`, `created_at`, `updated_at`) VALUES ('BD','{\"en\":\"Cox’s Bāzār\"}',92.01,21.44,'P','PPL','BD.84','BD.84.2022',253788,'Asia/Dhaka',1,'2017-04-03 23:00:00','2017-04-03 23:00:00');
INSERT INTO `__PREFIX__cities` (`country_code`, `name`, `longitude`, `latitude`, `feature_class`, `feature_code`, `subadmin1_code`, `subadmin2_code`, `population`, `time_zone`, `active`, `created_at`, `updated_at`) VALUES ('BD','{\"en\":\"Khulna\"}',89.56,22.81,'P','PPLA','BD.82','BD.82.4047',1342339,'Asia/Dhaka',1,'2016-11-08 23:00:00','2016-11-08 23:00:00');
INSERT INTO `__PREFIX__cities` (`country_code`, `name`, `longitude`, `latitude`, `feature_class`, `feature_code`, `subadmin1_code`, `subadmin2_code`, `population`, `time_zone`, `active`, `created_at`, `updated_at`) VALUES ('BD','{\"en\":\"Bhola\"}',90.64,22.69,'P','PPL','BD.85','BD.85.1009',99079,'Asia/Dhaka',1,'2020-02-10 23:00:00','2020-02-10 23:00:00');
INSERT INTO `__PREFIX__cities` (`country_code`, `name`, `longitude`, `latitude`, `feature_class`, `feature_code`, `subadmin1_code`, `subadmin2_code`, `population`, `time_zone`, `active`, `created_at`, `updated_at`) VALUES ('BD','{\"en\":\"Barishal\"}',90.37,22.70,'P','PPLA','BD.85','BD.85.1006',202242,'Asia/Dhaka',1,'2020-08-12 23:00:00','2020-08-12 23:00:00');
INSERT INTO `__PREFIX__cities` (`country_code`, `name`, `longitude`, `latitude`, `feature_class`, `feature_code`, `subadmin1_code`, `subadmin2_code`, `population`, `time_zone`, `active`, `created_at`, `updated_at`) VALUES ('BD','{\"en\":\"Jessore\"}',89.21,23.17,'P','PPL','BD.82','BD.82.4041',243987,'Asia/Dhaka',1,'2016-11-08 23:00:00','2016-11-08 23:00:00');
INSERT INTO `__PREFIX__cities` (`country_code`, `name`, `longitude`, `latitude`, `feature_class`, `feature_code`, `subadmin1_code`, `subadmin2_code`, `population`, `time_zone`, `active`, `created_at`, `updated_at`) VALUES ('BD','{\"en\":\"Pābna\"}',89.24,24.01,'P','PPL','BD.83','BD.83.5076',186781,'Asia/Dhaka',1,'2016-11-08 23:00:00','2016-11-08 23:00:00');
INSERT INTO `__PREFIX__cities` (`country_code`, `name`, `longitude`, `latitude`, `feature_class`, `feature_code`, `subadmin1_code`, `subadmin2_code`, `population`, `time_zone`, `active`, `created_at`, `updated_at`) VALUES ('BD','{\"en\":\"Tāngāil\"}',89.92,24.25,'P','PPL','BD.81','BD.81.3093',180144,'Asia/Dhaka',1,'2016-11-08 23:00:00','2016-11-08 23:00:00');
INSERT INTO `__PREFIX__cities` (`country_code`, `name`, `longitude`, `latitude`, `feature_class`, `feature_code`, `subadmin1_code`, `subadmin2_code`, `population`, `time_zone`, `active`, `created_at`, `updated_at`) VALUES ('BD','{\"en\":\"Bogra\"}',89.37,24.85,'P','PPL','BD.83','BD.83.5010',210000,'Asia/Dhaka',1,'2016-11-08 23:00:00','2016-11-08 23:00:00');
INSERT INTO `__PREFIX__cities` (`country_code`, `name`, `longitude`, `latitude`, `feature_class`, `feature_code`, `subadmin1_code`, `subadmin2_code`, `population`, `time_zone`, `active`, `created_at`, `updated_at`) VALUES ('BD','{\"en\":\"Pīrgaaj\"}',88.36,25.86,'P','PPL','BD.87','BD.87.5594',34606,'Asia/Dhaka',1,'2016-11-08 23:00:00','2016-11-08 23:00:00');
INSERT INTO `__PREFIX__cities` (`country_code`, `name`, `longitude`, `latitude`, `feature_class`, `feature_code`, `subadmin1_code`, `subadmin2_code`, `population`, `time_zone`, `active`, `created_at`, `updated_at`) VALUES ('BD','{\"en\":\"Nawābganj\"}',88.27,24.59,'P','PPL','BD.83','BD.83.5070',142361,'Asia/Dhaka',1,'2016-11-08 23:00:00','2016-11-08 23:00:00');
INSERT INTO `__PREFIX__cities` (`country_code`, `name`, `longitude`, `latitude`, `feature_class`, `feature_code`, `subadmin1_code`, `subadmin2_code`, `population`, `time_zone`, `active`, `created_at`, `updated_at`) VALUES ('BD','{\"en\":\"Madaripur\"}',90.21,23.17,'P','PPL','BD.81','BD.81.3054',84789,'Asia/Dhaka',1,'2020-03-31 23:00:00','2020-03-31 23:00:00');
INSERT INTO `__PREFIX__cities` (`country_code`, `name`, `longitude`, `latitude`, `feature_class`, `feature_code`, `subadmin1_code`, `subadmin2_code`, `population`, `time_zone`, `active`, `created_at`, `updated_at`) VALUES ('BD','{\"en\":\"Sherpur\"}',90.02,25.02,'P','PPL','BD.H','BD.H.3089',107419,'Asia/Dhaka',1,'2016-11-16 23:00:00','2016-11-16 23:00:00');
INSERT INTO `__PREFIX__cities` (`country_code`, `name`, `longitude`, `latitude`, `feature_class`, `feature_code`, `subadmin1_code`, `subadmin2_code`, `population`, `time_zone`, `active`, `created_at`, `updated_at`) VALUES ('BD','{\"en\":\"Kishorganj\"}',90.78,24.44,'P','PPL','BD.81','BD.81.3048',90690,'Asia/Dhaka',1,'2016-11-08 23:00:00','2016-11-08 23:00:00');
INSERT INTO `__PREFIX__cities` (`country_code`, `name`, `longitude`, `latitude`, `feature_class`, `feature_code`, `subadmin1_code`, `subadmin2_code`, `population`, `time_zone`, `active`, `created_at`, `updated_at`) VALUES ('BD','{\"en\":\"Manikchari\"}',91.84,22.84,'P','PPL','BD.84','BD.84.2046',24813,'Asia/Dhaka',1,'2016-11-08 23:00:00','2016-11-08 23:00:00');
INSERT INTO `__PREFIX__cities` (`country_code`, `name`, `longitude`, `latitude`, `feature_class`, `feature_code`, `subadmin1_code`, `subadmin2_code`, `population`, `time_zone`, `active`, `created_at`, `updated_at`) VALUES ('BD','{\"en\":\"Bhāndāria\"}',90.06,22.49,'P','PPL','BD.85','BD.85.1079',30219,'Asia/Dhaka',1,'2016-11-08 23:00:00','2016-11-08 23:00:00');
INSERT INTO `__PREFIX__cities` (`country_code`, `name`, `longitude`, `latitude`, `feature_class`, `feature_code`, `subadmin1_code`, `subadmin2_code`, `population`, `time_zone`, `active`, `created_at`, `updated_at`) VALUES ('BD','{\"en\":\"Bibir Hat\"}',91.79,22.68,'P','PPLA3','BD.84','BD.84.2015',89030,'Asia/Dhaka',1,'2017-12-28 23:00:00','2017-12-28 23:00:00');
INSERT INTO `__PREFIX__cities` (`country_code`, `name`, `longitude`, `latitude`, `feature_class`, `feature_code`, `subadmin1_code`, `subadmin2_code`, `population`, `time_zone`, `active`, `created_at`, `updated_at`) VALUES ('BD','{\"en\":\"Saidpur\"}',88.89,25.78,'P','PPL','BD.87','BD.87.5573',199422,'Asia/Dhaka',1,'2020-09-16 23:00:00','2020-09-16 23:00:00');
INSERT INTO `__PREFIX__cities` (`country_code`, `name`, `longitude`, `latitude`, `feature_class`, `feature_code`, `subadmin1_code`, `subadmin2_code`, `population`, `time_zone`, `active`, `created_at`, `updated_at`) VALUES ('BD','{\"en\":\"Puthia\"}',88.83,24.37,'P','PPL','BD.83','BD.83.5081',159406,'Asia/Dhaka',1,'2017-06-08 23:00:00','2017-06-08 23:00:00');
INSERT INTO `__PREFIX__cities` (`country_code`, `name`, `longitude`, `latitude`, `feature_class`, `feature_code`, `subadmin1_code`, `subadmin2_code`, `population`, `time_zone`, `active`, `created_at`, `updated_at`) VALUES ('BD','{\"en\":\"Natore\"}',88.99,24.41,'P','PPL','BD.83','BD.83.5069',369138,'Asia/Dhaka',1,'2017-06-25 23:00:00','2017-06-25 23:00:00');
INSERT INTO `__PREFIX__cities` (`country_code`, `name`, `longitude`, `latitude`, `feature_class`, `feature_code`, `subadmin1_code`, `subadmin2_code`, `population`, `time_zone`, `active`, `created_at`, `updated_at`) VALUES ('BD','{\"en\":\"Azimpur\"}',90.39,23.73,'P','PPL','BD.81','BD.81.3026',96641,'Asia/Dhaka',1,'2016-11-08 23:00:00','2016-11-08 23:00:00');
INSERT INTO `__PREFIX__cities` (`country_code`, `name`, `longitude`, `latitude`, `feature_class`, `feature_code`, `subadmin1_code`, `subadmin2_code`, `population`, `time_zone`, `active`, `created_at`, `updated_at`) VALUES ('BD','{\"en\":\"Paltan\"}',90.41,23.74,'P','PPL','BD.81','BD.81.3026',184492,'Asia/Dhaka',1,'2016-11-08 23:00:00','2016-11-08 23:00:00');
INSERT INTO `__PREFIX__cities` (`country_code`, `name`, `longitude`, `latitude`, `feature_class`, `feature_code`, `subadmin1_code`, `subadmin2_code`, `population`, `time_zone`, `active`, `created_at`, `updated_at`) VALUES ('BD','{\"en\":\"Parvez Ali Hossain\"}',90.16,23.79,'P','PPLQ','BD.81','BD.81.3056',6000,'Asia/Dhaka',1,'2017-07-12 23:00:00','2017-07-12 23:00:00');
INSERT INTO `__PREFIX__cities` (`country_code`, `name`, `longitude`, `latitude`, `feature_class`, `feature_code`, `subadmin1_code`, `subadmin2_code`, `population`, `time_zone`, `active`, `created_at`, `updated_at`) VALUES ('BD','{\"en\":\"Parvez Ali\"}',90.12,23.82,'P','PPLL','BD.81','BD.81.3056',6000,'Asia/Dhaka',1,'2019-02-20 23:00:00','2019-02-20 23:00:00');
INSERT INTO `__PREFIX__cities` (`country_code`, `name`, `longitude`, `latitude`, `feature_class`, `feature_code`, `subadmin1_code`, `subadmin2_code`, `population`, `time_zone`, `active`, `created_at`, `updated_at`) VALUES ('BD','{\"en\":\"Joymontop\"}',90.16,23.79,'P','PPLQ','BD.81','BD.81.3056',56000,'Asia/Dhaka',1,'2017-07-13 23:00:00','2017-07-13 23:00:00');
INSERT INTO `__PREFIX__cities` (`country_code`, `name`, `longitude`, `latitude`, `feature_class`, `feature_code`, `subadmin1_code`, `subadmin2_code`, `population`, `time_zone`, `active`, `created_at`, `updated_at`) VALUES ('BD','{\"en\":\"Kashimnagar\"}',90.12,23.82,'P','PPL','BD.81','BD.81.3056',10000,'Asia/Dhaka',1,'2020-11-26 23:00:00','2020-11-26 23:00:00');
INSERT INTO `__PREFIX__cities` (`country_code`, `name`, `longitude`, `latitude`, `feature_class`, `feature_code`, `subadmin1_code`, `subadmin2_code`, `population`, `time_zone`, `active`, `created_at`, `updated_at`) VALUES ('BD','{\"en\":\"Swarpur\"}',90.11,23.82,'P','PPL','BD.81','BD.81.3056',6000,'Asia/Dhaka',1,'2020-11-26 23:00:00','2020-11-26 23:00:00');
/*!40000 ALTER TABLE `__PREFIX__cities` ENABLE KEYS */;
/*!40103 SET TIME_ZONE=@OLD_TIME_ZONE */;

/*!40101 SET SQL_MODE=@OLD_SQL_MODE */;
/*!40014 SET FOREIGN_KEY_CHECKS=@OLD_FOREIGN_KEY_CHECKS */;
/*!40014 SET UNIQUE_CHECKS=@OLD_UNIQUE_CHECKS */;
/*!40101 SET CHARACTER_SET_CLIENT=@OLD_CHARACTER_SET_CLIENT */;
/*!40101 SET CHARACTER_SET_RESULTS=@OLD_CHARACTER_SET_RESULTS */;
/*!40101 SET COLLATION_CONNECTION=@OLD_COLLATION_CONNECTION */;
/*!40111 SET SQL_NOTES=@OLD_SQL_NOTES */;

-- Dump completed
