-- MySQL dump 10.13  Distrib 5.7.34, for osx10.12 (x86_64)
--
-- Host: 127.0.0.1    Database: laraclassifier
-- ------------------------------------------------------
-- Server version	5.7.34

/*!40101 SET @OLD_CHARACTER_SET_CLIENT=@@CHARACTER_SET_CLIENT */;
/*!40101 SET @OLD_CHARACTER_SET_RESULTS=@@CHARACTER_SET_RESULTS */;
/*!40101 SET @OLD_COLLATION_CONNECTION=@@COLLATION_CONNECTION */;
/*!40101 SET NAMES utf8 */;
/*!40103 SET @OLD_TIME_ZONE=@@TIME_ZONE */;
/*!40103 SET TIME_ZONE='+00:00' */;
/*!40014 SET @OLD_UNIQUE_CHECKS=@@UNIQUE_CHECKS, UNIQUE_CHECKS=0 */;
/*!40014 SET @OLD_FOREIGN_KEY_CHECKS=@@FOREIGN_KEY_CHECKS, FOREIGN_KEY_CHECKS=0 */;
/*!40101 SET @OLD_SQL_MODE=@@SQL_MODE, SQL_MODE='NO_AUTO_VALUE_ON_ZERO' */;
/*!40111 SET @OLD_SQL_NOTES=@@SQL_NOTES, SQL_NOTES=0 */;

--
-- Dumping data for table `__PREFIX__subadmin1`
--

/*!40000 ALTER TABLE `__PREFIX__subadmin1` DISABLE KEYS */;
INSERT INTO `__PREFIX__subadmin1` (`code`, `country_code`, `name`, `active`) VALUES ('BG.52','BG','{\"en\":\"Razgrad\"}',1);
INSERT INTO `__PREFIX__subadmin1` (`code`, `country_code`, `name`, `active`) VALUES ('BG.47','BG','{\"en\":\"Montana\"}',1);
INSERT INTO `__PREFIX__subadmin1` (`code`, `country_code`, `name`, `active`) VALUES ('BG.64','BG','{\"en\":\"Vratsa\"}',1);
INSERT INTO `__PREFIX__subadmin1` (`code`, `country_code`, `name`, `active`) VALUES ('BG.61','BG','{\"en\":\"Varna\"}',1);
INSERT INTO `__PREFIX__subadmin1` (`code`, `country_code`, `name`, `active`) VALUES ('BG.40','BG','{\"en\":\"Dobrich\"}',1);
INSERT INTO `__PREFIX__subadmin1` (`code`, `country_code`, `name`, `active`) VALUES ('BG.58','BG','{\"en\":\"Sofia\"}',1);
INSERT INTO `__PREFIX__subadmin1` (`code`, `country_code`, `name`, `active`) VALUES ('BG.53','BG','{\"en\":\"Ruse\"}',1);
INSERT INTO `__PREFIX__subadmin1` (`code`, `country_code`, `name`, `active`) VALUES ('BG.51','BG','{\"en\":\"Plovdiv\"}',1);
INSERT INTO `__PREFIX__subadmin1` (`code`, `country_code`, `name`, `active`) VALUES ('BG.50','BG','{\"en\":\"Pleven\"}',1);
INSERT INTO `__PREFIX__subadmin1` (`code`, `country_code`, `name`, `active`) VALUES ('BG.49','BG','{\"en\":\"Pernik\"}',1);
INSERT INTO `__PREFIX__subadmin1` (`code`, `country_code`, `name`, `active`) VALUES ('BG.48','BG','{\"en\":\"Pazardzhik\"}',1);
INSERT INTO `__PREFIX__subadmin1` (`code`, `country_code`, `name`, `active`) VALUES ('BG.46','BG','{\"en\":\"Lovech\"}',1);
INSERT INTO `__PREFIX__subadmin1` (`code`, `country_code`, `name`, `active`) VALUES ('BG.43','BG','{\"en\":\"Haskovo\"}',1);
INSERT INTO `__PREFIX__subadmin1` (`code`, `country_code`, `name`, `active`) VALUES ('BG.42','BG','{\"en\":\"Sofia-Capital\"}',1);
INSERT INTO `__PREFIX__subadmin1` (`code`, `country_code`, `name`, `active`) VALUES ('BG.39','BG','{\"en\":\"Burgas\"}',1);
INSERT INTO `__PREFIX__subadmin1` (`code`, `country_code`, `name`, `active`) VALUES ('BG.38','BG','{\"en\":\"Blagoevgrad\"}',1);
INSERT INTO `__PREFIX__subadmin1` (`code`, `country_code`, `name`, `active`) VALUES ('BG.41','BG','{\"en\":\"Gabrovo\"}',1);
INSERT INTO `__PREFIX__subadmin1` (`code`, `country_code`, `name`, `active`) VALUES ('BG.44','BG','{\"en\":\"Kardzhali\"}',1);
INSERT INTO `__PREFIX__subadmin1` (`code`, `country_code`, `name`, `active`) VALUES ('BG.45','BG','{\"en\":\"Kyustendil\"}',1);
INSERT INTO `__PREFIX__subadmin1` (`code`, `country_code`, `name`, `active`) VALUES ('BG.54','BG','{\"en\":\"Shumen\"}',1);
INSERT INTO `__PREFIX__subadmin1` (`code`, `country_code`, `name`, `active`) VALUES ('BG.55','BG','{\"en\":\"Silistra\"}',1);
INSERT INTO `__PREFIX__subadmin1` (`code`, `country_code`, `name`, `active`) VALUES ('BG.56','BG','{\"en\":\"Sliven\"}',1);
INSERT INTO `__PREFIX__subadmin1` (`code`, `country_code`, `name`, `active`) VALUES ('BG.57','BG','{\"en\":\"Smolyan\"}',1);
INSERT INTO `__PREFIX__subadmin1` (`code`, `country_code`, `name`, `active`) VALUES ('BG.59','BG','{\"en\":\"Stara Zagora\"}',1);
INSERT INTO `__PREFIX__subadmin1` (`code`, `country_code`, `name`, `active`) VALUES ('BG.60','BG','{\"en\":\"Targovishte\"}',1);
INSERT INTO `__PREFIX__subadmin1` (`code`, `country_code`, `name`, `active`) VALUES ('BG.62','BG','{\"en\":\"Veliko Tarnovo\"}',1);
INSERT INTO `__PREFIX__subadmin1` (`code`, `country_code`, `name`, `active`) VALUES ('BG.63','BG','{\"en\":\"Vidin\"}',1);
INSERT INTO `__PREFIX__subadmin1` (`code`, `country_code`, `name`, `active`) VALUES ('BG.65','BG','{\"en\":\"Yambol\"}',1);
/*!40000 ALTER TABLE `__PREFIX__subadmin1` ENABLE KEYS */;

--
-- Dumping data for table `__PREFIX__subadmin2`
--

/*!40000 ALTER TABLE `__PREFIX__subadmin2` DISABLE KEYS */;
INSERT INTO `__PREFIX__subadmin2` (`code`, `country_code`, `subadmin1_code`, `name`, `active`) VALUES ('BG.57.SML11','BG','BG.57','{\"en\":\"Obshtina Zlatograd\"}',1);
INSERT INTO `__PREFIX__subadmin2` (`code`, `country_code`, `subadmin1_code`, `name`, `active`) VALUES ('BG.62.VTR14','BG','BG.62','{\"en\":\"Obshtina Zlataritsa\"}',1);
INSERT INTO `__PREFIX__subadmin2` (`code`, `country_code`, `subadmin1_code`, `name`, `active`) VALUES ('BG.49.PER19','BG','BG.49','{\"en\":\"Obshtina Zemen\"}',1);
INSERT INTO `__PREFIX__subadmin2` (`code`, `country_code`, `subadmin1_code`, `name`, `active`) VALUES ('BG.52.RAZ11','BG','BG.52','{\"en\":\"Obshtina Zavet\"}',1);
INSERT INTO `__PREFIX__subadmin2` (`code`, `country_code`, `subadmin1_code`, `name`, `active`) VALUES ('BG.65.JAM26','BG','BG.65','{\"en\":\"Obshtina Yambol\"}',1);
INSERT INTO `__PREFIX__subadmin2` (`code`, `country_code`, `subadmin1_code`, `name`, `active`) VALUES ('BG.38.BLG53','BG','BG.38','{\"en\":\"Obshtina Yakoruda\"}',1);
INSERT INTO `__PREFIX__subadmin2` (`code`, `country_code`, `subadmin1_code`, `name`, `active`) VALUES ('BG.47.MON38','BG','BG.47','{\"en\":\"Obshtina Yakimovo\"}',1);
INSERT INTO `__PREFIX__subadmin2` (`code`, `country_code`, `subadmin1_code`, `name`, `active`) VALUES ('BG.46.LOV38','BG','BG.46','{\"en\":\"Obshtina Yablanitsa\"}',1);
INSERT INTO `__PREFIX__subadmin2` (`code`, `country_code`, `subadmin1_code`, `name`, `active`) VALUES ('BG.47.MON12','BG','BG.47','{\"en\":\"Obshtina Varshets\"}',1);
INSERT INTO `__PREFIX__subadmin2` (`code`, `country_code`, `subadmin1_code`, `name`, `active`) VALUES ('BG.54.SHU10','BG','BG.54','{\"en\":\"Obshtina Varbitsa\"}',1);
INSERT INTO `__PREFIX__subadmin2` (`code`, `country_code`, `subadmin1_code`, `name`, `active`) VALUES ('BG.61.VAR09','BG','BG.61','{\"en\":\"Obshtina Valchidol\"}',1);
INSERT INTO `__PREFIX__subadmin2` (`code`, `country_code`, `subadmin1_code`, `name`, `active`) VALUES ('BG.47.MON11','BG','BG.47','{\"en\":\"Obshtina Valchedram\"}',1);
INSERT INTO `__PREFIX__subadmin2` (`code`, `country_code`, `subadmin1_code`, `name`, `active`) VALUES ('BG.64.VRC10','BG','BG.64','{\"en\":\"Obshtina Vratsa\"}',1);
INSERT INTO `__PREFIX__subadmin2` (`code`, `country_code`, `subadmin1_code`, `name`, `active`) VALUES ('BG.63.VID09','BG','BG.63','{\"en\":\"Obshtina Vidin\"}',1);
INSERT INTO `__PREFIX__subadmin2` (`code`, `country_code`, `subadmin1_code`, `name`, `active`) VALUES ('BG.61.VAR08','BG','BG.61','{\"en\":\"Obshtina Vetrino\"}',1);
INSERT INTO `__PREFIX__subadmin2` (`code`, `country_code`, `subadmin1_code`, `name`, `active`) VALUES ('BG.53.RSE05','BG','BG.53','{\"en\":\"Obshtina Vetovo\"}',1);
INSERT INTO `__PREFIX__subadmin2` (`code`, `country_code`, `subadmin1_code`, `name`, `active`) VALUES ('BG.54.SHU07','BG','BG.54','{\"en\":\"Obshtina Venets\"}',1);
INSERT INTO `__PREFIX__subadmin2` (`code`, `country_code`, `subadmin1_code`, `name`, `active`) VALUES ('BG.48.PAZ08','BG','BG.48','{\"en\":\"Obshtina Velingrad\"}',1);
INSERT INTO `__PREFIX__subadmin2` (`code`, `country_code`, `subadmin1_code`, `name`, `active`) VALUES ('BG.62.VTR04','BG','BG.62','{\"en\":\"Obshtina Veliko Tŭrnovo\"}',1);
INSERT INTO `__PREFIX__subadmin2` (`code`, `country_code`, `subadmin1_code`, `name`, `active`) VALUES ('BG.61.VAR06','BG','BG.61','{\"en\":\"Obshtina Varna\"}',1);
INSERT INTO `__PREFIX__subadmin2` (`code`, `country_code`, `subadmin1_code`, `name`, `active`) VALUES ('BG.46.LOV36','BG','BG.46','{\"en\":\"Obshtina Ugarchin\"}',1);
INSERT INTO `__PREFIX__subadmin2` (`code`, `country_code`, `subadmin1_code`, `name`, `active`) VALUES ('BG.56.SLV24','BG','BG.56','{\"en\":\"Obshtina Tvarditsa\"}',1);
INSERT INTO `__PREFIX__subadmin2` (`code`, `country_code`, `subadmin1_code`, `name`, `active`) VALUES ('BG.55.SLS34','BG','BG.55','{\"en\":\"Obshtina Tutrakan\"}',1);
INSERT INTO `__PREFIX__subadmin2` (`code`, `country_code`, `subadmin1_code`, `name`, `active`) VALUES ('BG.60.TGV35','BG','BG.60','{\"en\":\"Obshtina Targovishte\"}',1);
INSERT INTO `__PREFIX__subadmin2` (`code`, `country_code`, `subadmin1_code`, `name`, `active`) VALUES ('BG.53.RSE37','BG','BG.53','{\"en\":\"Obshtina Tsenovo\"}',1);
INSERT INTO `__PREFIX__subadmin2` (`code`, `country_code`, `subadmin1_code`, `name`, `active`) VALUES ('BG.41.GAB35','BG','BG.41','{\"en\":\"Obshtina Tryavna\"}',1);
INSERT INTO `__PREFIX__subadmin2` (`code`, `country_code`, `subadmin1_code`, `name`, `active`) VALUES ('BG.49.PER51','BG','BG.49','{\"en\":\"Tran\"}',1);
INSERT INTO `__PREFIX__subadmin2` (`code`, `country_code`, `subadmin1_code`, `name`, `active`) VALUES ('BG.46.LOV34','BG','BG.46','{\"en\":\"Obshtina Troyan\"}',1);
INSERT INTO `__PREFIX__subadmin2` (`code`, `country_code`, `subadmin1_code`, `name`, `active`) VALUES ('BG.45.KNL50','BG','BG.45','{\"en\":\"Obshtina Treklyano\"}',1);
INSERT INTO `__PREFIX__subadmin2` (`code`, `country_code`, `subadmin1_code`, `name`, `active`) VALUES ('BG.43.HKV32','BG','BG.43','{\"en\":\"Obshtina Topolovgrad\"}',1);
INSERT INTO `__PREFIX__subadmin2` (`code`, `country_code`, `subadmin1_code`, `name`, `active`) VALUES ('BG.40.DOB28','BG','BG.40','{\"en\":\"Obshtina Dobrich\"}',1);
INSERT INTO `__PREFIX__subadmin2` (`code`, `country_code`, `subadmin1_code`, `name`, `active`) VALUES ('BG.46.LOV33','BG','BG.46','{\"en\":\"Obshtina Teteven\"}',1);
INSERT INTO `__PREFIX__subadmin2` (`code`, `country_code`, `subadmin1_code`, `name`, `active`) VALUES ('BG.40.DOB27','BG','BG.40','{\"en\":\"Obshtina Tervel\"}',1);
INSERT INTO `__PREFIX__subadmin2` (`code`, `country_code`, `subadmin1_code`, `name`, `active`) VALUES ('BG.58.SFO43','BG','BG.58','{\"en\":\"Obshtina Svoge\"}',1);
INSERT INTO `__PREFIX__subadmin2` (`code`, `country_code`, `subadmin1_code`, `name`, `active`) VALUES ('BG.62.VTR28','BG','BG.62','{\"en\":\"Obshtina Svishtov\"}',1);
INSERT INTO `__PREFIX__subadmin2` (`code`, `country_code`, `subadmin1_code`, `name`, `active`) VALUES ('BG.43.HKV28','BG','BG.43','{\"en\":\"Obshtina Svilengrad\"}',1);
INSERT INTO `__PREFIX__subadmin2` (`code`, `country_code`, `subadmin1_code`, `name`, `active`) VALUES ('BG.61.VAR26','BG','BG.61','{\"en\":\"Obshtina Suvorovo\"}',1);
INSERT INTO `__PREFIX__subadmin2` (`code`, `country_code`, `subadmin1_code`, `name`, `active`) VALUES ('BG.48.PAZ39','BG','BG.48','{\"en\":\"Sarnitsa Obshtina\"}',1);
INSERT INTO `__PREFIX__subadmin2` (`code`, `country_code`, `subadmin1_code`, `name`, `active`) VALUES ('BG.39.BGS23','BG','BG.39','{\"en\":\"Obshtina Sungurlare\"}',1);
INSERT INTO `__PREFIX__subadmin2` (`code`, `country_code`, `subadmin1_code`, `name`, `active`) VALUES ('BG.62.VTR32','BG','BG.62','{\"en\":\"Obshtina Suhindol\"}',1);
INSERT INTO `__PREFIX__subadmin2` (`code`, `country_code`, `subadmin1_code`, `name`, `active`) VALUES ('BG.51.PDV33','BG','BG.51','{\"en\":\"Obshtina Saedinenie\"}',1);
INSERT INTO `__PREFIX__subadmin2` (`code`, `country_code`, `subadmin1_code`, `name`, `active`) VALUES ('BG.38.BLG49','BG','BG.38','{\"en\":\"Obshtina Strumyani\"}',1);
INSERT INTO `__PREFIX__subadmin2` (`code`, `country_code`, `subadmin1_code`, `name`, `active`) VALUES ('BG.48.PAZ32','BG','BG.48','{\"en\":\"Obshtina Strelcha\"}',1);
INSERT INTO `__PREFIX__subadmin2` (`code`, `country_code`, `subadmin1_code`, `name`, `active`) VALUES ('BG.62.VTR31','BG','BG.62','{\"en\":\"Obshtina Strazhitsa\"}',1);
INSERT INTO `__PREFIX__subadmin2` (`code`, `country_code`, `subadmin1_code`, `name`, `active`) VALUES ('BG.65.JAM22','BG','BG.65','{\"en\":\"Obshtina Straldzha\"}',1);
INSERT INTO `__PREFIX__subadmin2` (`code`, `country_code`, `subadmin1_code`, `name`, `active`) VALUES ('BG.59.SZR31','BG','BG.59','{\"en\":\"Obshtina Stara Zagora\"}',1);
INSERT INTO `__PREFIX__subadmin2` (`code`, `country_code`, `subadmin1_code`, `name`, `active`) VALUES ('BG.45.KNL48','BG','BG.45','{\"en\":\"Obshtina Dupnitsa\"}',1);
INSERT INTO `__PREFIX__subadmin2` (`code`, `country_code`, `subadmin1_code`, `name`, `active`) VALUES ('BG.43.HKV30','BG','BG.43','{\"en\":\"Obshtina Stambolovo\"}',1);
INSERT INTO `__PREFIX__subadmin2` (`code`, `country_code`, `subadmin1_code`, `name`, `active`) VALUES ('BG.58.SFO47','BG','BG.58','{\"en\":\"Obshtina Zlatitsa\"}',1);
INSERT INTO `__PREFIX__subadmin2` (`code`, `country_code`, `subadmin1_code`, `name`, `active`) VALUES ('BG.39.BGS21','BG','BG.39','{\"en\":\"Obshtina Sozopol\"}',1);
INSERT INTO `__PREFIX__subadmin2` (`code`, `country_code`, `subadmin1_code`, `name`, `active`) VALUES ('BG.54.SHU25','BG','BG.54','{\"en\":\"Obshtina Smyadovo\"}',1);
INSERT INTO `__PREFIX__subadmin2` (`code`, `country_code`, `subadmin1_code`, `name`, `active`) VALUES ('BG.57.SML31','BG','BG.57','{\"en\":\"Obshtina Smolyan\"}',1);
INSERT INTO `__PREFIX__subadmin2` (`code`, `country_code`, `subadmin1_code`, `name`, `active`) VALUES ('BG.53.RSE33','BG','BG.53','{\"en\":\"Obshtina Slivo Pole\"}',1);
INSERT INTO `__PREFIX__subadmin2` (`code`, `country_code`, `subadmin1_code`, `name`, `active`) VALUES ('BG.58.SFO45','BG','BG.58','{\"en\":\"Obshtina Slivnitsa\"}',1);
INSERT INTO `__PREFIX__subadmin2` (`code`, `country_code`, `subadmin1_code`, `name`, `active`) VALUES ('BG.56.SLV20','BG','BG.56','{\"en\":\"Obshtina Sliven\"}',1);
INSERT INTO `__PREFIX__subadmin2` (`code`, `country_code`, `subadmin1_code`, `name`, `active`) VALUES ('BG.55.SLS32','BG','BG.55','{\"en\":\"Obshtina Sitovo\"}',1);
INSERT INTO `__PREFIX__subadmin2` (`code`, `country_code`, `subadmin1_code`, `name`, `active`) VALUES ('BG.38.BLG44','BG','BG.38','{\"en\":\"Obshtina Simitli\"}',1);
INSERT INTO `__PREFIX__subadmin2` (`code`, `country_code`, `subadmin1_code`, `name`, `active`) VALUES ('BG.43.HKV29','BG','BG.43','{\"en\":\"Obshtina Simeonovgrad\"}',1);
INSERT INTO `__PREFIX__subadmin2` (`code`, `country_code`, `subadmin1_code`, `name`, `active`) VALUES ('BG.55.SLS31','BG','BG.55','{\"en\":\"Obshtina Silistra\"}',1);
INSERT INTO `__PREFIX__subadmin2` (`code`, `country_code`, `subadmin1_code`, `name`, `active`) VALUES ('BG.54.SHU30','BG','BG.54','{\"en\":\"Obshtina Shumen\"}',1);
INSERT INTO `__PREFIX__subadmin2` (`code`, `country_code`, `subadmin1_code`, `name`, `active`) VALUES ('BG.40.DOB29','BG','BG.40','{\"en\":\"Obshtina Shabla\"}',1);
INSERT INTO `__PREFIX__subadmin2` (`code`, `country_code`, `subadmin1_code`, `name`, `active`) VALUES ('BG.41.GAB29','BG','BG.41','{\"en\":\"Obshtina Sevlievo\"}',1);
INSERT INTO `__PREFIX__subadmin2` (`code`, `country_code`, `subadmin1_code`, `name`, `active`) VALUES ('BG.48.PAZ29','BG','BG.48','{\"en\":\"Obshtina Septemvri\"}',1);
INSERT INTO `__PREFIX__subadmin2` (`code`, `country_code`, `subadmin1_code`, `name`, `active`) VALUES ('BG.38.BLG42','BG','BG.38','{\"en\":\"Obshtina Satovcha\"}',1);
INSERT INTO `__PREFIX__subadmin2` (`code`, `country_code`, `subadmin1_code`, `name`, `active`) VALUES ('BG.45.KNL41','BG','BG.45','{\"en\":\"Obshtina Sapareva Banya\"}',1);
INSERT INTO `__PREFIX__subadmin2` (`code`, `country_code`, `subadmin1_code`, `name`, `active`) VALUES ('BG.38.BLG40','BG','BG.38','{\"en\":\"Obshtina Sandanski\"}',1);
INSERT INTO `__PREFIX__subadmin2` (`code`, `country_code`, `subadmin1_code`, `name`, `active`) VALUES ('BG.52.RAZ29','BG','BG.52','{\"en\":\"Obshtina Samuil\"}',1);
INSERT INTO `__PREFIX__subadmin2` (`code`, `country_code`, `subadmin1_code`, `name`, `active`) VALUES ('BG.58.SFO39','BG','BG.58','{\"en\":\"Obshtina Samokov\"}',1);
INSERT INTO `__PREFIX__subadmin2` (`code`, `country_code`, `subadmin1_code`, `name`, `active`) VALUES ('BG.51.PDV28','BG','BG.51','{\"en\":\"Obshtina Sadovo\"}',1);
INSERT INTO `__PREFIX__subadmin2` (`code`, `country_code`, `subadmin1_code`, `name`, `active`) VALUES ('BG.63.VID33','BG','BG.63','{\"en\":\"Obshtina Ruzhintsi\"}',1);
INSERT INTO `__PREFIX__subadmin2` (`code`, `country_code`, `subadmin1_code`, `name`, `active`) VALUES ('BG.53.RSE27','BG','BG.53','{\"en\":\"Obshtina Ruse\"}',1);
INSERT INTO `__PREFIX__subadmin2` (`code`, `country_code`, `subadmin1_code`, `name`, `active`) VALUES ('BG.39.BGS18','BG','BG.39','{\"en\":\"Obshtina Ruen\"}',1);
INSERT INTO `__PREFIX__subadmin2` (`code`, `country_code`, `subadmin1_code`, `name`, `active`) VALUES ('BG.57.SML27','BG','BG.57','{\"en\":\"Obshtina Rudozem\"}',1);
INSERT INTO `__PREFIX__subadmin2` (`code`, `country_code`, `subadmin1_code`, `name`, `active`) VALUES ('BG.64.VRC32','BG','BG.64','{\"en\":\"Obshtina Roman\"}',1);
INSERT INTO `__PREFIX__subadmin2` (`code`, `country_code`, `subadmin1_code`, `name`, `active`) VALUES ('BG.45.KNL38','BG','BG.45','{\"en\":\"Obshtina Rila\"}',1);
INSERT INTO `__PREFIX__subadmin2` (`code`, `country_code`, `subadmin1_code`, `name`, `active`) VALUES ('BG.38.BLG37','BG','BG.38','{\"en\":\"Obshtina Razlog\"}',1);
INSERT INTO `__PREFIX__subadmin2` (`code`, `country_code`, `subadmin1_code`, `name`, `active`) VALUES ('BG.52.RAZ26','BG','BG.52','{\"en\":\"Obshtina Razgrad\"}',1);
INSERT INTO `__PREFIX__subadmin2` (`code`, `country_code`, `subadmin1_code`, `name`, `active`) VALUES ('BG.51.PDV25','BG','BG.51','{\"en\":\"Obshtina Rakovski\"}',1);
INSERT INTO `__PREFIX__subadmin2` (`code`, `country_code`, `subadmin1_code`, `name`, `active`) VALUES ('BG.48.PAZ24','BG','BG.48','{\"en\":\"Obshtina Rakitovo\"}',1);
INSERT INTO `__PREFIX__subadmin2` (`code`, `country_code`, `subadmin1_code`, `name`, `active`) VALUES ('BG.49.PER36','BG','BG.49','{\"en\":\"Obshtina Radomir\"}',1);
INSERT INTO `__PREFIX__subadmin2` (`code`, `country_code`, `subadmin1_code`, `name`, `active`) VALUES ('BG.59.SZR27','BG','BG.59','{\"en\":\"Obshtina Radnevo\"}',1);
INSERT INTO `__PREFIX__subadmin2` (`code`, `country_code`, `subadmin1_code`, `name`, `active`) VALUES ('BG.51.PDV23','BG','BG.51','{\"en\":\"Obshtina Parvomay\"}',1);
INSERT INTO `__PREFIX__subadmin2` (`code`, `country_code`, `subadmin1_code`, `name`, `active`) VALUES ('BG.61.VAR24','BG','BG.61','{\"en\":\"Obshtina Provadia\"}',1);
INSERT INTO `__PREFIX__subadmin2` (`code`, `country_code`, `subadmin1_code`, `name`, `active`) VALUES ('BG.54.SHU23','BG','BG.54','{\"en\":\"Obshtina Veliki Preslav\"}',1);
INSERT INTO `__PREFIX__subadmin2` (`code`, `country_code`, `subadmin1_code`, `name`, `active`) VALUES ('BG.50.PVN27','BG','BG.50','{\"en\":\"Obshtina Pordim\"}',1);
INSERT INTO `__PREFIX__subadmin2` (`code`, `country_code`, `subadmin1_code`, `name`, `active`) VALUES ('BG.60.TGV24','BG','BG.60','{\"en\":\"Obshtina Popovo\"}',1);
INSERT INTO `__PREFIX__subadmin2` (`code`, `country_code`, `subadmin1_code`, `name`, `active`) VALUES ('BG.39.BGS17','BG','BG.39','{\"en\":\"Obshtina Pomorie\"}',1);
INSERT INTO `__PREFIX__subadmin2` (`code`, `country_code`, `subadmin1_code`, `name`, `active`) VALUES ('BG.62.VTR26','BG','BG.62','{\"en\":\"Obshtina Polski Trambesh\"}',1);
INSERT INTO `__PREFIX__subadmin2` (`code`, `country_code`, `subadmin1_code`, `name`, `active`) VALUES ('BG.51.PDV22','BG','BG.51','{\"en\":\"Obshtina Plovdiv\"}',1);
INSERT INTO `__PREFIX__subadmin2` (`code`, `country_code`, `subadmin1_code`, `name`, `active`) VALUES ('BG.50.PVN24','BG','BG.50','{\"en\":\"Obshtina Pleven\"}',1);
INSERT INTO `__PREFIX__subadmin2` (`code`, `country_code`, `subadmin1_code`, `name`, `active`) VALUES ('BG.38.BLG33','BG','BG.38','{\"en\":\"Obshtina Petrich\"}',1);
INSERT INTO `__PREFIX__subadmin2` (`code`, `country_code`, `subadmin1_code`, `name`, `active`) VALUES ('BG.48.PAZ21','BG','BG.48','{\"en\":\"Obshtina Peshtera\"}',1);
INSERT INTO `__PREFIX__subadmin2` (`code`, `country_code`, `subadmin1_code`, `name`, `active`) VALUES ('BG.49.PER32','BG','BG.49','{\"en\":\"Obshtina Pernik\"}',1);
INSERT INTO `__PREFIX__subadmin2` (`code`, `country_code`, `subadmin1_code`, `name`, `active`) VALUES ('BG.50.PVN23','BG','BG.50','{\"en\":\"Obshtina Iskar\"}',1);
INSERT INTO `__PREFIX__subadmin2` (`code`, `country_code`, `subadmin1_code`, `name`, `active`) VALUES ('BG.48.PAZ19','BG','BG.48','{\"en\":\"Obshtina Pazardzhik\"}',1);
INSERT INTO `__PREFIX__subadmin2` (`code`, `country_code`, `subadmin1_code`, `name`, `active`) VALUES ('BG.62.VTR22','BG','BG.62','{\"en\":\"Obshtina Pavlikeni\"}',1);
INSERT INTO `__PREFIX__subadmin2` (`code`, `country_code`, `subadmin1_code`, `name`, `active`) VALUES ('BG.59.SZR24','BG','BG.59','{\"en\":\"Obshtina Pavel Banya\"}',1);
INSERT INTO `__PREFIX__subadmin2` (`code`, `country_code`, `subadmin1_code`, `name`, `active`) VALUES ('BG.48.PAZ20','BG','BG.48','{\"en\":\"Obshtina Panagyurishte\"}',1);
INSERT INTO `__PREFIX__subadmin2` (`code`, `country_code`, `subadmin1_code`, `name`, `active`) VALUES ('BG.64.VRC31','BG','BG.64','{\"en\":\"Obshtina Oryahovo\"}',1);
INSERT INTO `__PREFIX__subadmin2` (`code`, `country_code`, `subadmin1_code`, `name`, `active`) VALUES ('BG.59.SZR23','BG','BG.59','{\"en\":\"Obshtina Opan\"}',1);
INSERT INTO `__PREFIX__subadmin2` (`code`, `country_code`, `subadmin1_code`, `name`, `active`) VALUES ('BG.60.TGV23','BG','BG.60','{\"en\":\"Obshtina Opaka\"}',1);
INSERT INTO `__PREFIX__subadmin2` (`code`, `country_code`, `subadmin1_code`, `name`, `active`) VALUES ('BG.60.TGV22','BG','BG.60','{\"en\":\"Obshtina Omurtag\"}',1);
INSERT INTO `__PREFIX__subadmin2` (`code`, `country_code`, `subadmin1_code`, `name`, `active`) VALUES ('BG.63.VID30','BG','BG.63','{\"en\":\"Obshtina Novo Selo\"}',1);
INSERT INTO `__PREFIX__subadmin2` (`code`, `country_code`, `subadmin1_code`, `name`, `active`) VALUES ('BG.54.SHU22','BG','BG.54','{\"en\":\"Obshtina Novi Pazar\"}',1);
INSERT INTO `__PREFIX__subadmin2` (`code`, `country_code`, `subadmin1_code`, `name`, `active`) VALUES ('BG.56.SLV16','BG','BG.56','{\"en\":\"Obshtina Nova Zagora\"}',1);
INSERT INTO `__PREFIX__subadmin2` (`code`, `country_code`, `subadmin1_code`, `name`, `active`) VALUES ('BG.50.PVN21','BG','BG.50','{\"en\":\"Obshtina Nikopol\"}',1);
INSERT INTO `__PREFIX__subadmin2` (`code`, `country_code`, `subadmin1_code`, `name`, `active`) VALUES ('BG.54.SHU21','BG','BG.54','{\"en\":\"Obshtina Nikola-Kozlevo\"}',1);
INSERT INTO `__PREFIX__subadmin2` (`code`, `country_code`, `subadmin1_code`, `name`, `active`) VALUES ('BG.45.KNL31','BG','BG.45','{\"en\":\"Obshtina Nevestino\"}',1);
INSERT INTO `__PREFIX__subadmin2` (`code`, `country_code`, `subadmin1_code`, `name`, `active`) VALUES ('BG.39.BGS15','BG','BG.39','{\"en\":\"Obshtina Nesebar\"}',1);
INSERT INTO `__PREFIX__subadmin2` (`code`, `country_code`, `subadmin1_code`, `name`, `active`) VALUES ('BG.57.SML18','BG','BG.57','{\"en\":\"Obshtina Nedelino\"}',1);
INSERT INTO `__PREFIX__subadmin2` (`code`, `country_code`, `subadmin1_code`, `name`, `active`) VALUES ('BG.59.SZR22','BG','BG.59','{\"en\":\"Obshtina Maglizh\"}',1);
INSERT INTO `__PREFIX__subadmin2` (`code`, `country_code`, `subadmin1_code`, `name`, `active`) VALUES ('BG.44.KRZ21','BG','BG.44','{\"en\":\"Obshtina Momchilgrad\"}',1);
INSERT INTO `__PREFIX__subadmin2` (`code`, `country_code`, `subadmin1_code`, `name`, `active`) VALUES ('BG.64.VRC28','BG','BG.64','{\"en\":\"Obshtina Mizia\"}',1);
INSERT INTO `__PREFIX__subadmin2` (`code`, `country_code`, `subadmin1_code`, `name`, `active`) VALUES ('BG.43.HKV19','BG','BG.43','{\"en\":\"Obshtina Mineralni Bani\"}',1);
INSERT INTO `__PREFIX__subadmin2` (`code`, `country_code`, `subadmin1_code`, `name`, `active`) VALUES ('BG.47.MON29','BG','BG.47','{\"en\":\"Obshtina Montana\"}',1);
INSERT INTO `__PREFIX__subadmin2` (`code`, `country_code`, `subadmin1_code`, `name`, `active`) VALUES ('BG.39.BGS13','BG','BG.39','{\"en\":\"Obshtina Tsarevo\"}',1);
INSERT INTO `__PREFIX__subadmin2` (`code`, `country_code`, `subadmin1_code`, `name`, `active`) VALUES ('BG.64.VRC27','BG','BG.64','{\"en\":\"Obshtina Mezdra\"}',1);
INSERT INTO `__PREFIX__subadmin2` (`code`, `country_code`, `subadmin1_code`, `name`, `active`) VALUES ('BG.47.MON26','BG','BG.47','{\"en\":\"Obshtina Medkovets\"}',1);
INSERT INTO `__PREFIX__subadmin2` (`code`, `country_code`, `subadmin1_code`, `name`, `active`) VALUES ('BG.39.BGS12','BG','BG.39','{\"en\":\"Obshtina Malko Tarnovo\"}',1);
INSERT INTO `__PREFIX__subadmin2` (`code`, `country_code`, `subadmin1_code`, `name`, `active`) VALUES ('BG.63.VID25','BG','BG.63','{\"en\":\"Obshtina Makresh\"}',1);
INSERT INTO `__PREFIX__subadmin2` (`code`, `country_code`, `subadmin1_code`, `name`, `active`) VALUES ('BG.57.SML16','BG','BG.57','{\"en\":\"Obshtina Madan\"}',1);
INSERT INTO `__PREFIX__subadmin2` (`code`, `country_code`, `subadmin1_code`, `name`, `active`) VALUES ('BG.43.HKV17','BG','BG.43','{\"en\":\"Obshtina Lyubimets\"}',1);
INSERT INTO `__PREFIX__subadmin2` (`code`, `country_code`, `subadmin1_code`, `name`, `active`) VALUES ('BG.62.VTR20','BG','BG.62','{\"en\":\"Obshtina Lyaskovets\"}',1);
INSERT INTO `__PREFIX__subadmin2` (`code`, `country_code`, `subadmin1_code`, `name`, `active`) VALUES ('BG.46.LOV19','BG','BG.46','{\"en\":\"Obshtina Lukovit\"}',1);
INSERT INTO `__PREFIX__subadmin2` (`code`, `country_code`, `subadmin1_code`, `name`, `active`) VALUES ('BG.51.PDV15','BG','BG.51','{\"en\":\"Obshtina Laki\"}',1);
INSERT INTO `__PREFIX__subadmin2` (`code`, `country_code`, `subadmin1_code`, `name`, `active`) VALUES ('BG.52.RAZ17','BG','BG.52','{\"en\":\"Obshtina Loznitsa\"}',1);
INSERT INTO `__PREFIX__subadmin2` (`code`, `country_code`, `subadmin1_code`, `name`, `active`) VALUES ('BG.46.LOV18','BG','BG.46','{\"en\":\"Obshtina Lovech\"}',1);
INSERT INTO `__PREFIX__subadmin2` (`code`, `country_code`, `subadmin1_code`, `name`, `active`) VALUES ('BG.47.MON24','BG','BG.47','{\"en\":\"Obshtina Lom\"}',1);
INSERT INTO `__PREFIX__subadmin2` (`code`, `country_code`, `subadmin1_code`, `name`, `active`) VALUES ('BG.50.PVN16','BG','BG.50','{\"en\":\"Obshtina Levski\"}',1);
INSERT INTO `__PREFIX__subadmin2` (`code`, `country_code`, `subadmin1_code`, `name`, `active`) VALUES ('BG.46.LOV17','BG','BG.46','{\"en\":\"Obshtina Letnitsa\"}',1);
INSERT INTO `__PREFIX__subadmin2` (`code`, `country_code`, `subadmin1_code`, `name`, `active`) VALUES ('BG.48.PAZ14','BG','BG.48','{\"en\":\"Obshtina Lesichovo\"}',1);
INSERT INTO `__PREFIX__subadmin2` (`code`, `country_code`, `subadmin1_code`, `name`, `active`) VALUES ('BG.45.KNL29','BG','BG.45','{\"en\":\"Obshtina Kyustendil\"}',1);
INSERT INTO `__PREFIX__subadmin2` (`code`, `country_code`, `subadmin1_code`, `name`, `active`) VALUES ('BG.44.KRZ16','BG','BG.44','{\"en\":\"Obshtina Kardzhali\"}',1);
INSERT INTO `__PREFIX__subadmin2` (`code`, `country_code`, `subadmin1_code`, `name`, `active`) VALUES ('BG.63.VID22','BG','BG.63','{\"en\":\"Obshtina Kula\"}',1);
INSERT INTO `__PREFIX__subadmin2` (`code`, `country_code`, `subadmin1_code`, `name`, `active`) VALUES ('BG.52.RAZ16','BG','BG.52','{\"en\":\"Obshtina Kubrat\"}',1);
INSERT INTO `__PREFIX__subadmin2` (`code`, `country_code`, `subadmin1_code`, `name`, `active`) VALUES ('BG.40.DOB20','BG','BG.40','{\"en\":\"Obshtina Krushari\"}',1);
INSERT INTO `__PREFIX__subadmin2` (`code`, `country_code`, `subadmin1_code`, `name`, `active`) VALUES ('BG.44.KRZ15','BG','BG.44','{\"en\":\"Obshtina Krumovgrad\"}',1);
INSERT INTO `__PREFIX__subadmin2` (`code`, `country_code`, `subadmin1_code`, `name`, `active`) VALUES ('BG.64.VRC21','BG','BG.64','{\"en\":\"Obshtina Krivodol\"}',1);
INSERT INTO `__PREFIX__subadmin2` (`code`, `country_code`, `subadmin1_code`, `name`, `active`) VALUES ('BG.38.BLG28','BG','BG.38','{\"en\":\"Obshtina Kresna\"}',1);
INSERT INTO `__PREFIX__subadmin2` (`code`, `country_code`, `subadmin1_code`, `name`, `active`) VALUES ('BG.64.VRC20','BG','BG.64','{\"en\":\"Obshtina Kozloduy\"}',1);
INSERT INTO `__PREFIX__subadmin2` (`code`, `country_code`, `subadmin1_code`, `name`, `active`) VALUES ('BG.49.PER22','BG','BG.49','{\"en\":\"Obshtina Kovachevtsi\"}',1);
INSERT INTO `__PREFIX__subadmin2` (`code`, `country_code`, `subadmin1_code`, `name`, `active`) VALUES ('BG.56.SLV11','BG','BG.56','{\"en\":\"Obshtina Kotel\"}',1);
INSERT INTO `__PREFIX__subadmin2` (`code`, `country_code`, `subadmin1_code`, `name`, `active`) VALUES ('BG.58.SFO26','BG','BG.58','{\"en\":\"Obshtina Kostinbrod\"}',1);
INSERT INTO `__PREFIX__subadmin2` (`code`, `country_code`, `subadmin1_code`, `name`, `active`) VALUES ('BG.58.SFO25','BG','BG.58','{\"en\":\"Obshtina Kostenets\"}',1);
INSERT INTO `__PREFIX__subadmin2` (`code`, `country_code`, `subadmin1_code`, `name`, `active`) VALUES ('BG.58.SFO24','BG','BG.58','{\"en\":\"Obshtina Koprivshtitsa\"}',1);
INSERT INTO `__PREFIX__subadmin2` (`code`, `country_code`, `subadmin1_code`, `name`, `active`) VALUES ('BG.45.KNL27','BG','BG.45','{\"en\":\"Obshtina Kocherinovo\"}',1);
INSERT INTO `__PREFIX__subadmin2` (`code`, `country_code`, `subadmin1_code`, `name`, `active`) VALUES ('BG.50.PVN39','BG','BG.50','{\"en\":\"Obshtina Knezha\"}',1);
INSERT INTO `__PREFIX__subadmin2` (`code`, `country_code`, `subadmin1_code`, `name`, `active`) VALUES ('BG.44.KRZ14','BG','BG.44','{\"en\":\"Obshtina Kirkovo\"}',1);
INSERT INTO `__PREFIX__subadmin2` (`code`, `country_code`, `subadmin1_code`, `name`, `active`) VALUES ('BG.52.RAZ36','BG','BG.52','{\"en\":\"Obshtina Tsar Kaloyan\"}',1);
INSERT INTO `__PREFIX__subadmin2` (`code`, `country_code`, `subadmin1_code`, `name`, `active`) VALUES ('BG.51.PDV37','BG','BG.51','{\"en\":\"Obshtina Hisarya\"}',1);
INSERT INTO `__PREFIX__subadmin2` (`code`, `country_code`, `subadmin1_code`, `name`, `active`) VALUES ('BG.43.HKV34','BG','BG.43','{\"en\":\"Obshtina Haskovo\"}',1);
INSERT INTO `__PREFIX__subadmin2` (`code`, `country_code`, `subadmin1_code`, `name`, `active`) VALUES ('BG.43.HKV33','BG','BG.43','{\"en\":\"Obshtina Harmanli\"}',1);
INSERT INTO `__PREFIX__subadmin2` (`code`, `country_code`, `subadmin1_code`, `name`, `active`) VALUES ('BG.38.BLG52','BG','BG.38','{\"en\":\"Hadzhidimovo\"}',1);
INSERT INTO `__PREFIX__subadmin2` (`code`, `country_code`, `subadmin1_code`, `name`, `active`) VALUES ('BG.59.SZR12','BG','BG.59','{\"en\":\"Obshtina Kazanlŭk\"}',1);
INSERT INTO `__PREFIX__subadmin2` (`code`, `country_code`, `subadmin1_code`, `name`, `active`) VALUES ('BG.55.SLS15','BG','BG.55','{\"en\":\"Obshtina Kaynardzha\"}',1);
INSERT INTO `__PREFIX__subadmin2` (`code`, `country_code`, `subadmin1_code`, `name`, `active`) VALUES ('BG.40.DOB17','BG','BG.40','{\"en\":\"Obshtina Kavarna\"}',1);
INSERT INTO `__PREFIX__subadmin2` (`code`, `country_code`, `subadmin1_code`, `name`, `active`) VALUES ('BG.54.SHU19','BG','BG.54','{\"en\":\"Obshtina Kaspichan\"}',1);
INSERT INTO `__PREFIX__subadmin2` (`code`, `country_code`, `subadmin1_code`, `name`, `active`) VALUES ('BG.39.BGS09','BG','BG.39','{\"en\":\"Obshtina Karnobat\"}',1);
INSERT INTO `__PREFIX__subadmin2` (`code`, `country_code`, `subadmin1_code`, `name`, `active`) VALUES ('BG.51.PDV13','BG','BG.51','{\"en\":\"Obshtina Karlovo\"}',1);
INSERT INTO `__PREFIX__subadmin2` (`code`, `country_code`, `subadmin1_code`, `name`, `active`) VALUES ('BG.54.SHU18','BG','BG.54','{\"en\":\"Obshtina Kaolinovo\"}',1);
INSERT INTO `__PREFIX__subadmin2` (`code`, `country_code`, `subadmin1_code`, `name`, `active`) VALUES ('BG.39.BGS08','BG','BG.39','{\"en\":\"Obshtina Kameno\"}',1);
INSERT INTO `__PREFIX__subadmin2` (`code`, `country_code`, `subadmin1_code`, `name`, `active`) VALUES ('BG.51.PDV12','BG','BG.51','{\"en\":\"Obshtina Kaloyanovo\"}',1);
INSERT INTO `__PREFIX__subadmin2` (`code`, `country_code`, `subadmin1_code`, `name`, `active`) VALUES ('BG.43.HKV11','BG','BG.43','{\"en\":\"Obshtina Ivaylovgrad\"}',1);
INSERT INTO `__PREFIX__subadmin2` (`code`, `country_code`, `subadmin1_code`, `name`, `active`) VALUES ('BG.53.RSE13','BG','BG.53','{\"en\":\"Obshtina Ivanovo\"}',1);
INSERT INTO `__PREFIX__subadmin2` (`code`, `country_code`, `subadmin1_code`, `name`, `active`) VALUES ('BG.52.RAZ14','BG','BG.52','{\"en\":\"Obshtina Isperih\"}',1);
INSERT INTO `__PREFIX__subadmin2` (`code`, `country_code`, `subadmin1_code`, `name`, `active`) VALUES ('BG.58.SFO20','BG','BG.58','{\"en\":\"Ihtiman\"}',1);
INSERT INTO `__PREFIX__subadmin2` (`code`, `country_code`, `subadmin1_code`, `name`, `active`) VALUES ('BG.38.BLG13','BG','BG.38','{\"en\":\"Obshtina Garmen\"}',1);
INSERT INTO `__PREFIX__subadmin2` (`code`, `country_code`, `subadmin1_code`, `name`, `active`) VALUES ('BG.59.SZR37','BG','BG.59','{\"en\":\"Obshtina Gurkovo\"}',1);
INSERT INTO `__PREFIX__subadmin2` (`code`, `country_code`, `subadmin1_code`, `name`, `active`) VALUES ('BG.50.PVN08','BG','BG.50','{\"en\":\"Obshtina Gulyantsi\"}',1);
INSERT INTO `__PREFIX__subadmin2` (`code`, `country_code`, `subadmin1_code`, `name`, `active`) VALUES ('BG.59.SZR07','BG','BG.59','{\"en\":\"Obshtina Galabovo\"}',1);
INSERT INTO `__PREFIX__subadmin2` (`code`, `country_code`, `subadmin1_code`, `name`, `active`) VALUES ('BG.39.BGS06','BG','BG.39','{\"en\":\"Obshtina Sredets\"}',1);
INSERT INTO `__PREFIX__subadmin2` (`code`, `country_code`, `subadmin1_code`, `name`, `active`) VALUES ('BG.63.VID15','BG','BG.63','{\"en\":\"Obshtina Gramada\"}',1);
INSERT INTO `__PREFIX__subadmin2` (`code`, `country_code`, `subadmin1_code`, `name`, `active`) VALUES ('BG.38.BLG11','BG','BG.38','{\"en\":\"Obshtina Gotse Delchev\"}',1);
INSERT INTO `__PREFIX__subadmin2` (`code`, `country_code`, `subadmin1_code`, `name`, `active`) VALUES ('BG.62.VTR06','BG','BG.62','{\"en\":\"Obshtina Gorna Oryahovitsa\"}',1);
INSERT INTO `__PREFIX__subadmin2` (`code`, `country_code`, `subadmin1_code`, `name`, `active`) VALUES ('BG.58.SFO10','BG','BG.58','{\"en\":\"Obshtina Gorna Malina\"}',1);
INSERT INTO `__PREFIX__subadmin2` (`code`, `country_code`, `subadmin1_code`, `name`, `active`) VALUES ('BG.58.SFO09','BG','BG.58','{\"en\":\"Obshtina Godech\"}',1);
INSERT INTO `__PREFIX__subadmin2` (`code`, `country_code`, `subadmin1_code`, `name`, `active`) VALUES ('BG.55.SLS07','BG','BG.55','{\"en\":\"Obshtina Glavinitsa\"}',1);
INSERT INTO `__PREFIX__subadmin2` (`code`, `country_code`, `subadmin1_code`, `name`, `active`) VALUES ('BG.61.VAR13','BG','BG.61','{\"en\":\"Obshtina Dolni Chiflik\"}',1);
INSERT INTO `__PREFIX__subadmin2` (`code`, `country_code`, `subadmin1_code`, `name`, `active`) VALUES ('BG.47.MON14','BG','BG.47','{\"en\":\"Obshtina Georgi Damyanovo\"}',1);
INSERT INTO `__PREFIX__subadmin2` (`code`, `country_code`, `subadmin1_code`, `name`, `active`) VALUES ('BG.40.DOB12','BG','BG.40','{\"en\":\"Obshtina General Toshevo\"}',1);
INSERT INTO `__PREFIX__subadmin2` (`code`, `country_code`, `subadmin1_code`, `name`, `active`) VALUES ('BG.54.SHU11','BG','BG.54','{\"en\":\"Obshtina Hitrino\"}',1);
INSERT INTO `__PREFIX__subadmin2` (`code`, `country_code`, `subadmin1_code`, `name`, `active`) VALUES ('BG.41.GAB05','BG','BG.41','{\"en\":\"Obshtina Gabrovo\"}',1);
INSERT INTO `__PREFIX__subadmin2` (`code`, `country_code`, `subadmin1_code`, `name`, `active`) VALUES ('BG.58.SFO18','BG','BG.58','{\"en\":\"Obshtina Etropole\"}',1);
INSERT INTO `__PREFIX__subadmin2` (`code`, `country_code`, `subadmin1_code`, `name`, `active`) VALUES ('BG.65.JAM07','BG','BG.65','{\"en\":\"Obshtina Elhovo\"}',1);
INSERT INTO `__PREFIX__subadmin2` (`code`, `country_code`, `subadmin1_code`, `name`, `active`) VALUES ('BG.58.SFO17','BG','BG.58','{\"en\":\"Obshtina Elin Pelin\"}',1);
INSERT INTO `__PREFIX__subadmin2` (`code`, `country_code`, `subadmin1_code`, `name`, `active`) VALUES ('BG.62.VTR13','BG','BG.62','{\"en\":\"Obshtina Elena\"}',1);
INSERT INTO `__PREFIX__subadmin2` (`code`, `country_code`, `subadmin1_code`, `name`, `active`) VALUES ('BG.44.KRZ08','BG','BG.44','{\"en\":\"Obshtina Dzhebel\"}',1);
INSERT INTO `__PREFIX__subadmin2` (`code`, `country_code`, `subadmin1_code`, `name`, `active`) VALUES ('BG.53.RSE08','BG','BG.53','{\"en\":\"Obshtina Dve Mogili\"}',1);
INSERT INTO `__PREFIX__subadmin2` (`code`, `country_code`, `subadmin1_code`, `name`, `active`) VALUES ('BG.55.SLS10','BG','BG.55','{\"en\":\"Obshtina Dulovo\"}',1);
INSERT INTO `__PREFIX__subadmin2` (`code`, `country_code`, `subadmin1_code`, `name`, `active`) VALUES ('BG.61.VAR16','BG','BG.61','{\"en\":\"Obshtina Dalgopol\"}',1);
INSERT INTO `__PREFIX__subadmin2` (`code`, `country_code`, `subadmin1_code`, `name`, `active`) VALUES ('BG.41.GAB12','BG','BG.41','{\"en\":\"Obshtina Dryanovo\"}',1);
INSERT INTO `__PREFIX__subadmin2` (`code`, `country_code`, `subadmin1_code`, `name`, `active`) VALUES ('BG.58.SFO16','BG','BG.58','{\"en\":\"Obshtina Dragoman\"}',1);
INSERT INTO `__PREFIX__subadmin2` (`code`, `country_code`, `subadmin1_code`, `name`, `active`) VALUES ('BG.57.SML10','BG','BG.57','{\"en\":\"Obshtina Dospat\"}',1);
INSERT INTO `__PREFIX__subadmin2` (`code`, `country_code`, `subadmin1_code`, `name`, `active`) VALUES ('BG.50.PVN11','BG','BG.50','{\"en\":\"Obshtina Dolni Dabnik\"}',1);
INSERT INTO `__PREFIX__subadmin2` (`code`, `country_code`, `subadmin1_code`, `name`, `active`) VALUES ('BG.50.PVN10','BG','BG.50','{\"en\":\"Obshtina Dolna Mitropolia\"}',1);
INSERT INTO `__PREFIX__subadmin2` (`code`, `country_code`, `subadmin1_code`, `name`, `active`) VALUES ('BG.58.SFO59','BG','BG.58','{\"en\":\"Obshtina Dolna Banya\"}',1);
INSERT INTO `__PREFIX__subadmin2` (`code`, `country_code`, `subadmin1_code`, `name`, `active`) VALUES ('BG.63.VID16','BG','BG.63','{\"en\":\"Obshtina Dimovo\"}',1);
INSERT INTO `__PREFIX__subadmin2` (`code`, `country_code`, `subadmin1_code`, `name`, `active`) VALUES ('BG.43.HKV09','BG','BG.43','{\"en\":\"Obshtina Dimitrovgrad\"}',1);
INSERT INTO `__PREFIX__subadmin2` (`code`, `country_code`, `subadmin1_code`, `name`, `active`) VALUES ('BG.61.VAR14','BG','BG.61','{\"en\":\"Obshtina Devnya\"}',1);
INSERT INTO `__PREFIX__subadmin2` (`code`, `country_code`, `subadmin1_code`, `name`, `active`) VALUES ('BG.57.SML09','BG','BG.57','{\"en\":\"Obshtina Devin\"}',1);
INSERT INTO `__PREFIX__subadmin2` (`code`, `country_code`, `subadmin1_code`, `name`, `active`) VALUES ('BG.63.VID37','BG','BG.63','{\"en\":\"Obshtina Chuprene\"}',1);
INSERT INTO `__PREFIX__subadmin2` (`code`, `country_code`, `subadmin1_code`, `name`, `active`) VALUES ('BG.59.SZR36','BG','BG.59','{\"en\":\"Obshtina Chirpan\"}',1);
INSERT INTO `__PREFIX__subadmin2` (`code`, `country_code`, `subadmin1_code`, `name`, `active`) VALUES ('BG.47.MON36','BG','BG.47','{\"en\":\"Obshtina Chiprovtsi\"}',1);
INSERT INTO `__PREFIX__subadmin2` (`code`, `country_code`, `subadmin1_code`, `name`, `active`) VALUES ('BG.50.PVN37','BG','BG.50','{\"en\":\"Obshtina Cherven Bryag\"}',1);
INSERT INTO `__PREFIX__subadmin2` (`code`, `country_code`, `subadmin1_code`, `name`, `active`) VALUES ('BG.44.KRZ35','BG','BG.44','{\"en\":\"Obshtina Chernoochene\"}',1);
INSERT INTO `__PREFIX__subadmin2` (`code`, `country_code`, `subadmin1_code`, `name`, `active`) VALUES ('BG.57.SML38','BG','BG.57','{\"en\":\"Obshtina Chepelare\"}',1);
INSERT INTO `__PREFIX__subadmin2` (`code`, `country_code`, `subadmin1_code`, `name`, `active`) VALUES ('BG.64.VRC08','BG','BG.64','{\"en\":\"Obshtina Byala Slatina\"}',1);
INSERT INTO `__PREFIX__subadmin2` (`code`, `country_code`, `subadmin1_code`, `name`, `active`) VALUES ('BG.61.VAR05','BG','BG.61','{\"en\":\"Obshtina Byala\"}',1);
INSERT INTO `__PREFIX__subadmin2` (`code`, `country_code`, `subadmin1_code`, `name`, `active`) VALUES ('BG.53.RSE04','BG','BG.53','{\"en\":\"Obshtina Byala\"}',1);
INSERT INTO `__PREFIX__subadmin2` (`code`, `country_code`, `subadmin1_code`, `name`, `active`) VALUES ('BG.39.BGS04','BG','BG.39','{\"en\":\"Obshtina Burgas\"}',1);
INSERT INTO `__PREFIX__subadmin2` (`code`, `country_code`, `subadmin1_code`, `name`, `active`) VALUES ('BG.47.MON07','BG','BG.47','{\"en\":\"Obshtina Brusartsi\"}',1);
INSERT INTO `__PREFIX__subadmin2` (`code`, `country_code`, `subadmin1_code`, `name`, `active`) VALUES ('BG.51.PDV07','BG','BG.51','{\"en\":\"Obshtina Brezovo\"}',1);
INSERT INTO `__PREFIX__subadmin2` (`code`, `country_code`, `subadmin1_code`, `name`, `active`) VALUES ('BG.49.PER08','BG','BG.49','{\"en\":\"Obshtina Breznik\"}',1);
INSERT INTO `__PREFIX__subadmin2` (`code`, `country_code`, `subadmin1_code`, `name`, `active`) VALUES ('BG.63.VID06','BG','BG.63','{\"en\":\"Obshtina Bregovo\"}',1);
INSERT INTO `__PREFIX__subadmin2` (`code`, `country_code`, `subadmin1_code`, `name`, `active`) VALUES ('BG.59.SZR04','BG','BG.59','{\"en\":\"Obshtina Bratya Daskalovi\"}',1);
INSERT INTO `__PREFIX__subadmin2` (`code`, `country_code`, `subadmin1_code`, `name`, `active`) VALUES ('BG.48.PAZ06','BG','BG.48','{\"en\":\"Obshtina Bratsigovo\"}',1);
INSERT INTO `__PREFIX__subadmin2` (`code`, `country_code`, `subadmin1_code`, `name`, `active`) VALUES ('BG.58.SFO06','BG','BG.58','{\"en\":\"Obshtina Bozhurishte\"}',1);
INSERT INTO `__PREFIX__subadmin2` (`code`, `country_code`, `subadmin1_code`, `name`, `active`) VALUES ('BG.63.VID03','BG','BG.63','{\"en\":\"Obshtina Boynitsa\"}',1);
INSERT INTO `__PREFIX__subadmin2` (`code`, `country_code`, `subadmin1_code`, `name`, `active`) VALUES ('BG.47.MON04','BG','BG.47','{\"en\":\"Obshtina Boychinovtsi\"}',1);
INSERT INTO `__PREFIX__subadmin2` (`code`, `country_code`, `subadmin1_code`, `name`, `active`) VALUES ('BG.58.SFO07','BG','BG.58','{\"en\":\"Obshtina Botevgrad\"}',1);
INSERT INTO `__PREFIX__subadmin2` (`code`, `country_code`, `subadmin1_code`, `name`, `active`) VALUES ('BG.53.RSE03','BG','BG.53','{\"en\":\"Obshtina Borovo\"}',1);
INSERT INTO `__PREFIX__subadmin2` (`code`, `country_code`, `subadmin1_code`, `name`, `active`) VALUES ('BG.64.VRC05','BG','BG.64','{\"en\":\"Obshtina Borovan\"}',1);
INSERT INTO `__PREFIX__subadmin2` (`code`, `country_code`, `subadmin1_code`, `name`, `active`) VALUES ('BG.57.SML05','BG','BG.57','{\"en\":\"Obshtina Borino\"}',1);
INSERT INTO `__PREFIX__subadmin2` (`code`, `country_code`, `subadmin1_code`, `name`, `active`) VALUES ('BG.65.JAM03','BG','BG.65','{\"en\":\"Obshtina Bolyarovo\"}',1);
INSERT INTO `__PREFIX__subadmin2` (`code`, `country_code`, `subadmin1_code`, `name`, `active`) VALUES ('BG.45.KNL04','BG','BG.45','{\"en\":\"Obshtina Bobov Dol\"}',1);
INSERT INTO `__PREFIX__subadmin2` (`code`, `country_code`, `subadmin1_code`, `name`, `active`) VALUES ('BG.45.KNL05','BG','BG.45','{\"en\":\"Obshtina Boboshevo\"}',1);
INSERT INTO `__PREFIX__subadmin2` (`code`, `country_code`, `subadmin1_code`, `name`, `active`) VALUES ('BG.38.BLG03','BG','BG.38','{\"en\":\"Obshtina Blagoevgrad\"}',1);
INSERT INTO `__PREFIX__subadmin2` (`code`, `country_code`, `subadmin1_code`, `name`, `active`) VALUES ('BG.47.MON02','BG','BG.47','{\"en\":\"Obshtina Berkovitsa\"}',1);
INSERT INTO `__PREFIX__subadmin2` (`code`, `country_code`, `subadmin1_code`, `name`, `active`) VALUES ('BG.48.PAZ04','BG','BG.48','{\"en\":\"Obshtina Belovo\"}',1);
INSERT INTO `__PREFIX__subadmin2` (`code`, `country_code`, `subadmin1_code`, `name`, `active`) VALUES ('BG.61.VAR04','BG','BG.61','{\"en\":\"Obshtina Beloslav\"}',1);
INSERT INTO `__PREFIX__subadmin2` (`code`, `country_code`, `subadmin1_code`, `name`, `active`) VALUES ('BG.63.VID01','BG','BG.63','{\"en\":\"Obshtina Belogradchik\"}',1);
INSERT INTO `__PREFIX__subadmin2` (`code`, `country_code`, `subadmin1_code`, `name`, `active`) VALUES ('BG.38.BLG02','BG','BG.38','{\"en\":\"Obshtina Belitsa\"}',1);
INSERT INTO `__PREFIX__subadmin2` (`code`, `country_code`, `subadmin1_code`, `name`, `active`) VALUES ('BG.50.PVN03','BG','BG.50','{\"en\":\"Obshtina Belene\"}',1);
INSERT INTO `__PREFIX__subadmin2` (`code`, `country_code`, `subadmin1_code`, `name`, `active`) VALUES ('BG.48.PAZ03','BG','BG.48','{\"en\":\"Obshtina Batak\"}',1);
INSERT INTO `__PREFIX__subadmin2` (`code`, `country_code`, `subadmin1_code`, `name`, `active`) VALUES ('BG.38.BLG01','BG','BG.38','{\"en\":\"Obshtina Bansko\"}',1);
INSERT INTO `__PREFIX__subadmin2` (`code`, `country_code`, `subadmin1_code`, `name`, `active`) VALUES ('BG.57.SML02','BG','BG.57','{\"en\":\"Obshtina Banite\"}',1);
INSERT INTO `__PREFIX__subadmin2` (`code`, `country_code`, `subadmin1_code`, `name`, `active`) VALUES ('BG.40.DOB03','BG','BG.40','{\"en\":\"Obshtina Balchik\"}',1);
INSERT INTO `__PREFIX__subadmin2` (`code`, `country_code`, `subadmin1_code`, `name`, `active`) VALUES ('BG.39.BGS01','BG','BG.39','{\"en\":\"Obshtina Aytos\"}',1);
INSERT INTO `__PREFIX__subadmin2` (`code`, `country_code`, `subadmin1_code`, `name`, `active`) VALUES ('BG.61.VAR01','BG','BG.61','{\"en\":\"Obshtina Avren\"}',1);
INSERT INTO `__PREFIX__subadmin2` (`code`, `country_code`, `subadmin1_code`, `name`, `active`) VALUES ('BG.51.PDV01','BG','BG.51','{\"en\":\"Obshtina Asenovgrad\"}',1);
INSERT INTO `__PREFIX__subadmin2` (`code`, `country_code`, `subadmin1_code`, `name`, `active`) VALUES ('BG.44.KRZ02','BG','BG.44','{\"en\":\"Obshtina Ardino\"}',1);
INSERT INTO `__PREFIX__subadmin2` (`code`, `country_code`, `subadmin1_code`, `name`, `active`) VALUES ('BG.46.LOV02','BG','BG.46','{\"en\":\"Obshtina Apriltsi\"}',1);
INSERT INTO `__PREFIX__subadmin2` (`code`, `country_code`, `subadmin1_code`, `name`, `active`) VALUES ('BG.60.TGV02','BG','BG.60','{\"en\":\"Obshtina Antonovo\"}',1);
INSERT INTO `__PREFIX__subadmin2` (`code`, `country_code`, `subadmin1_code`, `name`, `active`) VALUES ('BG.55.SLS01','BG','BG.55','{\"en\":\"Obshtina Alfatar\"}',1);
INSERT INTO `__PREFIX__subadmin2` (`code`, `country_code`, `subadmin1_code`, `name`, `active`) VALUES ('BG.61.VAR02','BG','BG.61','{\"en\":\"Obshtina Aksakovo\"}',1);
INSERT INTO `__PREFIX__subadmin2` (`code`, `country_code`, `subadmin1_code`, `name`, `active`) VALUES ('BG.39.BGS27','BG','BG.39','{\"en\":\"Obshtina Primorsko\"}',1);
INSERT INTO `__PREFIX__subadmin2` (`code`, `country_code`, `subadmin1_code`, `name`, `active`) VALUES ('BG.40.DOB15','BG','BG.40','{\"en\":\"Obshtina Dobrich-Selska\"}',1);
INSERT INTO `__PREFIX__subadmin2` (`code`, `country_code`, `subadmin1_code`, `name`, `active`) VALUES ('BG.64.VRC35','BG','BG.64','{\"en\":\"Obshtina Hayredin\"}',1);
INSERT INTO `__PREFIX__subadmin2` (`code`, `country_code`, `subadmin1_code`, `name`, `active`) VALUES ('BG.51.PDV26','BG','BG.51','{\"en\":\"Obshtina Rodopi\"}',1);
INSERT INTO `__PREFIX__subadmin2` (`code`, `country_code`, `subadmin1_code`, `name`, `active`) VALUES ('BG.51.PDV40','BG','BG.51','{\"en\":\"Obshtina Perushtitsa\"}',1);
INSERT INTO `__PREFIX__subadmin2` (`code`, `country_code`, `subadmin1_code`, `name`, `active`) VALUES ('BG.51.PDV39','BG','BG.51','{\"en\":\"Obshtina Krichim\"}',1);
INSERT INTO `__PREFIX__subadmin2` (`code`, `country_code`, `subadmin1_code`, `name`, `active`) VALUES ('BG.51.PDV41','BG','BG.51','{\"en\":\"Obshtina Stamboliyski\"}',1);
INSERT INTO `__PREFIX__subadmin2` (`code`, `country_code`, `subadmin1_code`, `name`, `active`) VALUES ('BG.51.PDV17','BG','BG.51','{\"en\":\"Obshtina Maritsa\"}',1);
INSERT INTO `__PREFIX__subadmin2` (`code`, `country_code`, `subadmin1_code`, `name`, `active`) VALUES ('BG.58.SFO56','BG','BG.58','{\"en\":\"Obshtina Mirkovo\"}',1);
INSERT INTO `__PREFIX__subadmin2` (`code`, `country_code`, `subadmin1_code`, `name`, `active`) VALUES ('BG.58.SFO57','BG','BG.58','{\"en\":\"Obshtina Chavdar\"}',1);
INSERT INTO `__PREFIX__subadmin2` (`code`, `country_code`, `subadmin1_code`, `name`, `active`) VALUES ('BG.58.SFO58','BG','BG.58','{\"en\":\"Obshtina Chelopech\"}',1);
INSERT INTO `__PREFIX__subadmin2` (`code`, `country_code`, `subadmin1_code`, `name`, `active`) VALUES ('BG.58.SFO55','BG','BG.58','{\"en\":\"Obshtina Pirdop\"}',1);
INSERT INTO `__PREFIX__subadmin2` (`code`, `country_code`, `subadmin1_code`, `name`, `active`) VALUES ('BG.58.SFO54','BG','BG.58','{\"en\":\"Obshtina Anton\"}',1);
INSERT INTO `__PREFIX__subadmin2` (`code`, `country_code`, `subadmin1_code`, `name`, `active`) VALUES ('BG.58.SFO34','BG','BG.58','{\"en\":\"Obshtina Pravets\"}',1);
INSERT INTO `__PREFIX__subadmin2` (`code`, `country_code`, `subadmin1_code`, `name`, `active`) VALUES ('BG.59.SZR38','BG','BG.59','{\"en\":\"Obshtina Nikolaevo\"}',1);
INSERT INTO `__PREFIX__subadmin2` (`code`, `country_code`, `subadmin1_code`, `name`, `active`) VALUES ('BG.43.HKV18','BG','BG.43','{\"en\":\"Obshtina Madzharovo\"}',1);
INSERT INTO `__PREFIX__subadmin2` (`code`, `country_code`, `subadmin1_code`, `name`, `active`) VALUES ('BG.65.JAM25','BG','BG.65','{\"en\":\"Obshtina Tundzha\"}',1);
INSERT INTO `__PREFIX__subadmin2` (`code`, `country_code`, `subadmin1_code`, `name`, `active`) VALUES ('BG.51.PDV43','BG','BG.51','{\"en\":\"Obshtina Sopot\"}',1);
INSERT INTO `__PREFIX__subadmin2` (`code`, `country_code`, `subadmin1_code`, `name`, `active`) VALUES ('BG.51.PDV42','BG','BG.51','{\"en\":\"Obshtina Kuklen\"}',1);
INSERT INTO `__PREFIX__subadmin2` (`code`, `country_code`, `subadmin1_code`, `name`, `active`) VALUES ('BG.42.SOF46','BG','BG.42','{\"en\":\"Stolichna Obshtina\"}',1);
/*!40000 ALTER TABLE `__PREFIX__subadmin2` ENABLE KEYS */;

--
-- Dumping data for table `__PREFIX__cities`
--

/*!40000 ALTER TABLE `__PREFIX__cities` DISABLE KEYS */;
INSERT INTO `__PREFIX__cities` (`country_code`, `name`, `longitude`, `latitude`, `feature_class`, `feature_code`, `subadmin1_code`, `subadmin2_code`, `population`, `time_zone`, `active`, `created_at`, `updated_at`) VALUES ('BG','{\"en\":\"Beloslav\"}',27.70,43.19,'P','PPLA2','BG.61','BG.61.VAR04',7989,'Europe/Sofia',1,'2017-08-01 23:00:00','2017-08-01 23:00:00');
INSERT INTO `__PREFIX__cities` (`country_code`, `name`, `longitude`, `latitude`, `feature_class`, `feature_code`, `subadmin1_code`, `subadmin2_code`, `population`, `time_zone`, `active`, `created_at`, `updated_at`) VALUES ('BG','{\"en\":\"Zlatograd\"}',25.10,41.38,'P','PPLA2','BG.57','BG.57.SML11',7331,'Europe/Sofia',1,'2016-11-22 23:00:00','2016-11-22 23:00:00');
INSERT INTO `__PREFIX__cities` (`country_code`, `name`, `longitude`, `latitude`, `feature_class`, `feature_code`, `subadmin1_code`, `subadmin2_code`, `population`, `time_zone`, `active`, `created_at`, `updated_at`) VALUES ('BG','{\"en\":\"Zlatitsa\"}',24.13,42.72,'P','PPL','BG.58','BG.58.SFO47',5786,'Europe/Sofia',1,'2012-02-27 23:00:00','2012-02-27 23:00:00');
INSERT INTO `__PREFIX__cities` (`country_code`, `name`, `longitude`, `latitude`, `feature_class`, `feature_code`, `subadmin1_code`, `subadmin2_code`, `population`, `time_zone`, `active`, `created_at`, `updated_at`) VALUES ('BG','{\"en\":\"Yambol\"}',26.50,42.48,'P','PPLA','BG.65','BG.65.JAM26',80116,'Europe/Sofia',1,'2017-01-29 23:00:00','2017-01-29 23:00:00');
INSERT INTO `__PREFIX__cities` (`country_code`, `name`, `longitude`, `latitude`, `feature_class`, `feature_code`, `subadmin1_code`, `subadmin2_code`, `population`, `time_zone`, `active`, `created_at`, `updated_at`) VALUES ('BG','{\"en\":\"Yakoruda\"}',23.68,42.03,'P','PPL','BG.38','BG.38.BLG53',6008,'Europe/Sofia',1,'2012-02-27 23:00:00','2012-02-27 23:00:00');
INSERT INTO `__PREFIX__cities` (`country_code`, `name`, `longitude`, `latitude`, `feature_class`, `feature_code`, `subadmin1_code`, `subadmin2_code`, `population`, `time_zone`, `active`, `created_at`, `updated_at`) VALUES ('BG','{\"en\":\"Varshets\"}',23.29,43.19,'P','PPLA2','BG.47','BG.47.MON12',7512,'Europe/Sofia',1,'2019-01-09 23:00:00','2019-01-09 23:00:00');
INSERT INTO `__PREFIX__cities` (`country_code`, `name`, `longitude`, `latitude`, `feature_class`, `feature_code`, `subadmin1_code`, `subadmin2_code`, `population`, `time_zone`, `active`, `created_at`, `updated_at`) VALUES ('BG','{\"en\":\"Valchedram\"}',23.45,43.69,'P','PPLA2','BG.47','BG.47.MON11',5207,'Europe/Sofia',1,'2018-02-05 23:00:00','2018-02-05 23:00:00');
INSERT INTO `__PREFIX__cities` (`country_code`, `name`, `longitude`, `latitude`, `feature_class`, `feature_code`, `subadmin1_code`, `subadmin2_code`, `population`, `time_zone`, `active`, `created_at`, `updated_at`) VALUES ('BG','{\"en\":\"Vratsa\"}',23.56,43.21,'P','PPLA','BG.64','BG.64.VRC10',64941,'Europe/Sofia',1,'2016-02-06 23:00:00','2016-02-06 23:00:00');
INSERT INTO `__PREFIX__cities` (`country_code`, `name`, `longitude`, `latitude`, `feature_class`, `feature_code`, `subadmin1_code`, `subadmin2_code`, `population`, `time_zone`, `active`, `created_at`, `updated_at`) VALUES ('BG','{\"en\":\"Vidin\"}',22.88,43.99,'P','PPLA','BG.63','BG.63.VID09',54409,'Europe/Sofia',1,'2019-02-28 23:00:00','2019-02-28 23:00:00');
INSERT INTO `__PREFIX__cities` (`country_code`, `name`, `longitude`, `latitude`, `feature_class`, `feature_code`, `subadmin1_code`, `subadmin2_code`, `population`, `time_zone`, `active`, `created_at`, `updated_at`) VALUES ('BG','{\"en\":\"Vetovo\"}',26.27,43.70,'P','PPL','BG.53','BG.53.RSE05',5175,'Europe/Sofia',1,'2012-02-27 23:00:00','2012-02-27 23:00:00');
INSERT INTO `__PREFIX__cities` (`country_code`, `name`, `longitude`, `latitude`, `feature_class`, `feature_code`, `subadmin1_code`, `subadmin2_code`, `population`, `time_zone`, `active`, `created_at`, `updated_at`) VALUES ('BG','{\"en\":\"Velingrad\"}',23.99,42.03,'P','PPLA2','BG.48','BG.48.PAZ08',24036,'Europe/Sofia',1,'2018-12-12 23:00:00','2018-12-12 23:00:00');
INSERT INTO `__PREFIX__cities` (`country_code`, `name`, `longitude`, `latitude`, `feature_class`, `feature_code`, `subadmin1_code`, `subadmin2_code`, `population`, `time_zone`, `active`, `created_at`, `updated_at`) VALUES ('BG','{\"en\":\"Veliko Tŭrnovo\"}',25.63,43.08,'P','PPLA','BG.62','BG.62.VTR04',66217,'Europe/Sofia',1,'2007-06-30 23:00:00','2007-06-30 23:00:00');
INSERT INTO `__PREFIX__cities` (`country_code`, `name`, `longitude`, `latitude`, `feature_class`, `feature_code`, `subadmin1_code`, `subadmin2_code`, `population`, `time_zone`, `active`, `created_at`, `updated_at`) VALUES ('BG','{\"en\":\"Varna\"}',27.92,43.22,'P','PPLA','BG.61','BG.61.VAR06',312770,'Europe/Sofia',1,'2019-09-04 23:00:00','2019-09-04 23:00:00');
INSERT INTO `__PREFIX__cities` (`country_code`, `name`, `longitude`, `latitude`, `feature_class`, `feature_code`, `subadmin1_code`, `subadmin2_code`, `population`, `time_zone`, `active`, `created_at`, `updated_at`) VALUES ('BG','{\"en\":\"Tvarditsa\"}',25.90,42.70,'P','PPL','BG.56','BG.56.SLV24',6519,'Europe/Sofia',1,'2016-08-02 23:00:00','2016-08-02 23:00:00');
INSERT INTO `__PREFIX__cities` (`country_code`, `name`, `longitude`, `latitude`, `feature_class`, `feature_code`, `subadmin1_code`, `subadmin2_code`, `population`, `time_zone`, `active`, `created_at`, `updated_at`) VALUES ('BG','{\"en\":\"Tutrakan\"}',26.61,44.05,'P','PPLA2','BG.55','BG.55.SLS34',10022,'Europe/Sofia',1,'2019-09-25 23:00:00','2019-09-25 23:00:00');
INSERT INTO `__PREFIX__cities` (`country_code`, `name`, `longitude`, `latitude`, `feature_class`, `feature_code`, `subadmin1_code`, `subadmin2_code`, `population`, `time_zone`, `active`, `created_at`, `updated_at`) VALUES ('BG','{\"en\":\"Targovishte\"}',26.57,43.25,'P','PPLA','BG.60','BG.60.TGV35',37774,'Europe/Sofia',1,'2013-06-09 23:00:00','2013-06-09 23:00:00');
INSERT INTO `__PREFIX__cities` (`country_code`, `name`, `longitude`, `latitude`, `feature_class`, `feature_code`, `subadmin1_code`, `subadmin2_code`, `population`, `time_zone`, `active`, `created_at`, `updated_at`) VALUES ('BG','{\"en\":\"Tryavna\"}',25.50,42.87,'P','PPL','BG.41','BG.41.GAB35',13818,'Europe/Sofia',1,'2012-01-17 23:00:00','2012-01-17 23:00:00');
INSERT INTO `__PREFIX__cities` (`country_code`, `name`, `longitude`, `latitude`, `feature_class`, `feature_code`, `subadmin1_code`, `subadmin2_code`, `population`, `time_zone`, `active`, `created_at`, `updated_at`) VALUES ('BG','{\"en\":\"Troyan\"}',24.72,42.89,'P','PPL','BG.46','BG.46.LOV34',21162,'Europe/Sofia',1,'2007-07-09 23:00:00','2007-07-09 23:00:00');
INSERT INTO `__PREFIX__cities` (`country_code`, `name`, `longitude`, `latitude`, `feature_class`, `feature_code`, `subadmin1_code`, `subadmin2_code`, `population`, `time_zone`, `active`, `created_at`, `updated_at`) VALUES ('BG','{\"en\":\"Topolovgrad\"}',26.33,42.08,'P','PPL','BG.43','BG.43.HKV32',6464,'Europe/Sofia',1,'2012-02-27 23:00:00','2012-02-27 23:00:00');
INSERT INTO `__PREFIX__cities` (`country_code`, `name`, `longitude`, `latitude`, `feature_class`, `feature_code`, `subadmin1_code`, `subadmin2_code`, `population`, `time_zone`, `active`, `created_at`, `updated_at`) VALUES ('BG','{\"en\":\"Dobrich\"}',27.83,43.57,'P','PPLA','BG.40','BG.40.DOB28',94831,'Europe/Sofia',1,'2019-09-04 23:00:00','2019-09-04 23:00:00');
INSERT INTO `__PREFIX__cities` (`country_code`, `name`, `longitude`, `latitude`, `feature_class`, `feature_code`, `subadmin1_code`, `subadmin2_code`, `population`, `time_zone`, `active`, `created_at`, `updated_at`) VALUES ('BG','{\"en\":\"Teteven\"}',24.27,42.92,'P','PPL','BG.46','BG.46.LOV33',10790,'Europe/Sofia',1,'2012-01-17 23:00:00','2012-01-17 23:00:00');
INSERT INTO `__PREFIX__cities` (`country_code`, `name`, `longitude`, `latitude`, `feature_class`, `feature_code`, `subadmin1_code`, `subadmin2_code`, `population`, `time_zone`, `active`, `created_at`, `updated_at`) VALUES ('BG','{\"en\":\"Tervel\"}',27.41,43.75,'P','PPLA2','BG.40','BG.40.DOB27',6808,'Europe/Sofia',1,'2018-02-05 23:00:00','2018-02-05 23:00:00');
INSERT INTO `__PREFIX__cities` (`country_code`, `name`, `longitude`, `latitude`, `feature_class`, `feature_code`, `subadmin1_code`, `subadmin2_code`, `population`, `time_zone`, `active`, `created_at`, `updated_at`) VALUES ('BG','{\"en\":\"Svoge\"}',23.35,42.97,'P','PPL','BG.58','BG.58.SFO43',8964,'Europe/Sofia',1,'2012-02-27 23:00:00','2012-02-27 23:00:00');
INSERT INTO `__PREFIX__cities` (`country_code`, `name`, `longitude`, `latitude`, `feature_class`, `feature_code`, `subadmin1_code`, `subadmin2_code`, `population`, `time_zone`, `active`, `created_at`, `updated_at`) VALUES ('BG','{\"en\":\"Svishtov\"}',25.35,43.62,'P','PPL','BG.62','BG.62.VTR28',30157,'Europe/Sofia',1,'2021-11-16 23:00:00','2021-11-16 23:00:00');
INSERT INTO `__PREFIX__cities` (`country_code`, `name`, `longitude`, `latitude`, `feature_class`, `feature_code`, `subadmin1_code`, `subadmin2_code`, `population`, `time_zone`, `active`, `created_at`, `updated_at`) VALUES ('BG','{\"en\":\"Svilengrad\"}',26.20,41.77,'P','PPL','BG.43','BG.43.HKV28',19279,'Europe/Sofia',1,'2016-11-22 23:00:00','2016-11-22 23:00:00');
INSERT INTO `__PREFIX__cities` (`country_code`, `name`, `longitude`, `latitude`, `feature_class`, `feature_code`, `subadmin1_code`, `subadmin2_code`, `population`, `time_zone`, `active`, `created_at`, `updated_at`) VALUES ('BG','{\"en\":\"Saedinenie\"}',24.55,42.27,'P','PPL','BG.51','BG.51.PDV33',6427,'Europe/Sofia',1,'2016-08-02 23:00:00','2016-08-02 23:00:00');
INSERT INTO `__PREFIX__cities` (`country_code`, `name`, `longitude`, `latitude`, `feature_class`, `feature_code`, `subadmin1_code`, `subadmin2_code`, `population`, `time_zone`, `active`, `created_at`, `updated_at`) VALUES ('BG','{\"en\":\"Strazhitsa\"}',25.97,43.23,'P','PPL','BG.62','BG.62.VTR31',5728,'Europe/Sofia',1,'2018-03-21 23:00:00','2018-03-21 23:00:00');
INSERT INTO `__PREFIX__cities` (`country_code`, `name`, `longitude`, `latitude`, `feature_class`, `feature_code`, `subadmin1_code`, `subadmin2_code`, `population`, `time_zone`, `active`, `created_at`, `updated_at`) VALUES ('BG','{\"en\":\"Straldzha\"}',26.68,42.60,'P','PPL','BG.65','BG.65.JAM22',5817,'Europe/Sofia',1,'2012-02-27 23:00:00','2012-02-27 23:00:00');
INSERT INTO `__PREFIX__cities` (`country_code`, `name`, `longitude`, `latitude`, `feature_class`, `feature_code`, `subadmin1_code`, `subadmin2_code`, `population`, `time_zone`, `active`, `created_at`, `updated_at`) VALUES ('BG','{\"en\":\"Stara Zagora\"}',25.64,42.43,'P','PPLA','BG.59','BG.59.SZR31',143431,'Europe/Sofia',1,'2019-09-04 23:00:00','2019-09-04 23:00:00');
INSERT INTO `__PREFIX__cities` (`country_code`, `name`, `longitude`, `latitude`, `feature_class`, `feature_code`, `subadmin1_code`, `subadmin2_code`, `population`, `time_zone`, `active`, `created_at`, `updated_at`) VALUES ('BG','{\"en\":\"Dupnitsa\"}',23.12,42.27,'P','PPL','BG.45','BG.45.KNL48',34764,'Europe/Sofia',1,'2012-01-17 23:00:00','2012-01-17 23:00:00');
INSERT INTO `__PREFIX__cities` (`country_code`, `name`, `longitude`, `latitude`, `feature_class`, `feature_code`, `subadmin1_code`, `subadmin2_code`, `population`, `time_zone`, `active`, `created_at`, `updated_at`) VALUES ('BG','{\"en\":\"Stamboliyski\"}',24.53,42.13,'P','PPL','BG.51',NULL,12070,'Europe/Sofia',1,'2012-01-17 23:00:00','2012-01-17 23:00:00');
INSERT INTO `__PREFIX__cities` (`country_code`, `name`, `longitude`, `latitude`, `feature_class`, `feature_code`, `subadmin1_code`, `subadmin2_code`, `population`, `time_zone`, `active`, `created_at`, `updated_at`) VALUES ('BG','{\"en\":\"Sofia\"}',23.32,42.70,'P','PPLC','BG.42','BG.42.SOF46',1152556,'Europe/Sofia',1,'2019-09-04 23:00:00','2019-09-04 23:00:00');
INSERT INTO `__PREFIX__cities` (`country_code`, `name`, `longitude`, `latitude`, `feature_class`, `feature_code`, `subadmin1_code`, `subadmin2_code`, `population`, `time_zone`, `active`, `created_at`, `updated_at`) VALUES ('BG','{\"en\":\"Smolyan\"}',24.71,41.57,'P','PPLA','BG.57','BG.57.SML31',32069,'Europe/Sofia',1,'2017-11-13 23:00:00','2017-11-13 23:00:00');
INSERT INTO `__PREFIX__cities` (`country_code`, `name`, `longitude`, `latitude`, `feature_class`, `feature_code`, `subadmin1_code`, `subadmin2_code`, `population`, `time_zone`, `active`, `created_at`, `updated_at`) VALUES ('BG','{\"en\":\"Slivnitsa\"}',23.04,42.85,'P','PPLA2','BG.58','BG.58.SFO45',7545,'Europe/Sofia',1,'2017-03-03 23:00:00','2017-03-03 23:00:00');
INSERT INTO `__PREFIX__cities` (`country_code`, `name`, `longitude`, `latitude`, `feature_class`, `feature_code`, `subadmin1_code`, `subadmin2_code`, `population`, `time_zone`, `active`, `created_at`, `updated_at`) VALUES ('BG','{\"en\":\"Sliven\"}',26.33,42.69,'P','PPLA','BG.56','BG.56.SLV20',96368,'Europe/Sofia',1,'2019-09-04 23:00:00','2019-09-04 23:00:00');
INSERT INTO `__PREFIX__cities` (`country_code`, `name`, `longitude`, `latitude`, `feature_class`, `feature_code`, `subadmin1_code`, `subadmin2_code`, `population`, `time_zone`, `active`, `created_at`, `updated_at`) VALUES ('BG','{\"en\":\"Simitli\"}',23.12,41.88,'P','PPL','BG.38','BG.38.BLG44',6729,'Europe/Sofia',1,'2018-03-21 23:00:00','2018-03-21 23:00:00');
INSERT INTO `__PREFIX__cities` (`country_code`, `name`, `longitude`, `latitude`, `feature_class`, `feature_code`, `subadmin1_code`, `subadmin2_code`, `population`, `time_zone`, `active`, `created_at`, `updated_at`) VALUES ('BG','{\"en\":\"Simeonovgrad\"}',25.83,42.03,'P','PPL','BG.43','BG.43.HKV29',7388,'Europe/Sofia',1,'2018-03-21 23:00:00','2018-03-21 23:00:00');
INSERT INTO `__PREFIX__cities` (`country_code`, `name`, `longitude`, `latitude`, `feature_class`, `feature_code`, `subadmin1_code`, `subadmin2_code`, `population`, `time_zone`, `active`, `created_at`, `updated_at`) VALUES ('BG','{\"en\":\"Silistra\"}',27.26,44.12,'P','PPLA','BG.55','BG.55.SLS31',39715,'Europe/Sofia',1,'2019-12-09 23:00:00','2019-12-09 23:00:00');
INSERT INTO `__PREFIX__cities` (`country_code`, `name`, `longitude`, `latitude`, `feature_class`, `feature_code`, `subadmin1_code`, `subadmin2_code`, `population`, `time_zone`, `active`, `created_at`, `updated_at`) VALUES ('BG','{\"en\":\"Shumen\"}',26.92,43.27,'P','PPLA','BG.54','BG.54.SHU30',87283,'Europe/Sofia',1,'2019-02-26 23:00:00','2019-02-26 23:00:00');
INSERT INTO `__PREFIX__cities` (`country_code`, `name`, `longitude`, `latitude`, `feature_class`, `feature_code`, `subadmin1_code`, `subadmin2_code`, `population`, `time_zone`, `active`, `created_at`, `updated_at`) VALUES ('BG','{\"en\":\"Sevlievo\"}',25.11,43.03,'P','PPL','BG.41','BG.41.GAB29',24582,'Europe/Sofia',1,'2012-01-17 23:00:00','2012-01-17 23:00:00');
INSERT INTO `__PREFIX__cities` (`country_code`, `name`, `longitude`, `latitude`, `feature_class`, `feature_code`, `subadmin1_code`, `subadmin2_code`, `population`, `time_zone`, `active`, `created_at`, `updated_at`) VALUES ('BG','{\"en\":\"Septemvri\"}',24.13,42.21,'P','PPLA2','BG.48','BG.48.PAZ29',8745,'Europe/Sofia',1,'2018-01-09 23:00:00','2018-01-09 23:00:00');
INSERT INTO `__PREFIX__cities` (`country_code`, `name`, `longitude`, `latitude`, `feature_class`, `feature_code`, `subadmin1_code`, `subadmin2_code`, `population`, `time_zone`, `active`, `created_at`, `updated_at`) VALUES ('BG','{\"en\":\"Sandanski\"}',23.28,41.57,'P','PPL','BG.38','BG.38.BLG40',28510,'Europe/Sofia',1,'2021-11-16 23:00:00','2021-11-16 23:00:00');
INSERT INTO `__PREFIX__cities` (`country_code`, `name`, `longitude`, `latitude`, `feature_class`, `feature_code`, `subadmin1_code`, `subadmin2_code`, `population`, `time_zone`, `active`, `created_at`, `updated_at`) VALUES ('BG','{\"en\":\"Samokov\"}',23.55,42.34,'P','PPL','BG.58','BG.58.SFO39',26765,'Europe/Sofia',1,'2018-03-21 23:00:00','2018-03-21 23:00:00');
INSERT INTO `__PREFIX__cities` (`country_code`, `name`, `longitude`, `latitude`, `feature_class`, `feature_code`, `subadmin1_code`, `subadmin2_code`, `population`, `time_zone`, `active`, `created_at`, `updated_at`) VALUES ('BG','{\"en\":\"Ruse\"}',25.95,43.85,'P','PPLA','BG.53','BG.53.RSE27',156238,'Europe/Sofia',1,'2019-03-03 23:00:00','2019-03-03 23:00:00');
INSERT INTO `__PREFIX__cities` (`country_code`, `name`, `longitude`, `latitude`, `feature_class`, `feature_code`, `subadmin1_code`, `subadmin2_code`, `population`, `time_zone`, `active`, `created_at`, `updated_at`) VALUES ('BG','{\"en\":\"Razlog\"}',23.47,41.89,'P','PPL','BG.38','BG.38.BLG37',12486,'Europe/Sofia',1,'2019-09-09 23:00:00','2019-09-09 23:00:00');
INSERT INTO `__PREFIX__cities` (`country_code`, `name`, `longitude`, `latitude`, `feature_class`, `feature_code`, `subadmin1_code`, `subadmin2_code`, `population`, `time_zone`, `active`, `created_at`, `updated_at`) VALUES ('BG','{\"en\":\"Razgrad\"}',26.52,43.53,'P','PPLA','BG.52','BG.52.RAZ26',38285,'Europe/Sofia',1,'2016-02-06 23:00:00','2016-02-06 23:00:00');
INSERT INTO `__PREFIX__cities` (`country_code`, `name`, `longitude`, `latitude`, `feature_class`, `feature_code`, `subadmin1_code`, `subadmin2_code`, `population`, `time_zone`, `active`, `created_at`, `updated_at`) VALUES ('BG','{\"en\":\"Rakovski\"}',24.94,42.27,'P','PPL','BG.51','BG.51.PDV25',15782,'Europe/Sofia',1,'2018-07-17 23:00:00','2018-07-17 23:00:00');
INSERT INTO `__PREFIX__cities` (`country_code`, `name`, `longitude`, `latitude`, `feature_class`, `feature_code`, `subadmin1_code`, `subadmin2_code`, `population`, `time_zone`, `active`, `created_at`, `updated_at`) VALUES ('BG','{\"en\":\"Rakitovo\"}',24.09,41.99,'P','PPLA2','BG.48','BG.48.PAZ24',8376,'Europe/Sofia',1,'2017-12-06 23:00:00','2017-12-06 23:00:00');
INSERT INTO `__PREFIX__cities` (`country_code`, `name`, `longitude`, `latitude`, `feature_class`, `feature_code`, `subadmin1_code`, `subadmin2_code`, `population`, `time_zone`, `active`, `created_at`, `updated_at`) VALUES ('BG','{\"en\":\"Radomir\"}',22.97,42.55,'P','PPL','BG.49','BG.49.PER36',14494,'Europe/Sofia',1,'2021-11-16 23:00:00','2021-11-16 23:00:00');
INSERT INTO `__PREFIX__cities` (`country_code`, `name`, `longitude`, `latitude`, `feature_class`, `feature_code`, `subadmin1_code`, `subadmin2_code`, `population`, `time_zone`, `active`, `created_at`, `updated_at`) VALUES ('BG','{\"en\":\"Radnevo\"}',25.93,42.30,'P','PPL','BG.59','BG.59.SZR27',14667,'Europe/Sofia',1,'2018-03-21 23:00:00','2018-03-21 23:00:00');
INSERT INTO `__PREFIX__cities` (`country_code`, `name`, `longitude`, `latitude`, `feature_class`, `feature_code`, `subadmin1_code`, `subadmin2_code`, `population`, `time_zone`, `active`, `created_at`, `updated_at`) VALUES ('BG','{\"en\":\"Parvomay\"}',25.22,42.10,'P','PPLA2','BG.51','BG.51.PDV23',17000,'Europe/Sofia',1,'2018-03-21 23:00:00','2018-03-21 23:00:00');
INSERT INTO `__PREFIX__cities` (`country_code`, `name`, `longitude`, `latitude`, `feature_class`, `feature_code`, `subadmin1_code`, `subadmin2_code`, `population`, `time_zone`, `active`, `created_at`, `updated_at`) VALUES ('BG','{\"en\":\"Provadia\"}',27.43,43.18,'P','PPL','BG.61','BG.61.VAR24',13755,'Europe/Sofia',1,'2016-08-02 23:00:00','2016-08-02 23:00:00');
INSERT INTO `__PREFIX__cities` (`country_code`, `name`, `longitude`, `latitude`, `feature_class`, `feature_code`, `subadmin1_code`, `subadmin2_code`, `population`, `time_zone`, `active`, `created_at`, `updated_at`) VALUES ('BG','{\"en\":\"Veliki Preslav\"}',26.82,43.17,'P','PPL','BG.54','BG.54.SHU23',9425,'Europe/Sofia',1,'2012-01-17 23:00:00','2012-01-17 23:00:00');
INSERT INTO `__PREFIX__cities` (`country_code`, `name`, `longitude`, `latitude`, `feature_class`, `feature_code`, `subadmin1_code`, `subadmin2_code`, `population`, `time_zone`, `active`, `created_at`, `updated_at`) VALUES ('BG','{\"en\":\"Popovo\"}',26.23,43.35,'P','PPL','BG.60','BG.60.TGV24',16571,'Europe/Sofia',1,'2012-01-17 23:00:00','2012-01-17 23:00:00');
INSERT INTO `__PREFIX__cities` (`country_code`, `name`, `longitude`, `latitude`, `feature_class`, `feature_code`, `subadmin1_code`, `subadmin2_code`, `population`, `time_zone`, `active`, `created_at`, `updated_at`) VALUES ('BG','{\"en\":\"Pomorie\"}',27.63,42.56,'P','PPLA2','BG.39','BG.39.BGS17',13714,'Europe/Sofia',1,'2019-09-04 23:00:00','2019-09-04 23:00:00');
INSERT INTO `__PREFIX__cities` (`country_code`, `name`, `longitude`, `latitude`, `feature_class`, `feature_code`, `subadmin1_code`, `subadmin2_code`, `population`, `time_zone`, `active`, `created_at`, `updated_at`) VALUES ('BG','{\"en\":\"Polski Trambesh\"}',25.64,43.37,'P','PPL','BG.62','BG.62.VTR26',5663,'Europe/Sofia',1,'2018-07-17 23:00:00','2018-07-17 23:00:00');
INSERT INTO `__PREFIX__cities` (`country_code`, `name`, `longitude`, `latitude`, `feature_class`, `feature_code`, `subadmin1_code`, `subadmin2_code`, `population`, `time_zone`, `active`, `created_at`, `updated_at`) VALUES ('BG','{\"en\":\"Plovdiv\"}',24.75,42.15,'P','PPLA','BG.51','BG.51.PDV22',340494,'Europe/Sofia',1,'2016-02-06 23:00:00','2016-02-06 23:00:00');
INSERT INTO `__PREFIX__cities` (`country_code`, `name`, `longitude`, `latitude`, `feature_class`, `feature_code`, `subadmin1_code`, `subadmin2_code`, `population`, `time_zone`, `active`, `created_at`, `updated_at`) VALUES ('BG','{\"en\":\"Pleven\"}',24.62,43.42,'P','PPLA','BG.50','BG.50.PVN24',118675,'Europe/Sofia',1,'2019-09-04 23:00:00','2019-09-04 23:00:00');
INSERT INTO `__PREFIX__cities` (`country_code`, `name`, `longitude`, `latitude`, `feature_class`, `feature_code`, `subadmin1_code`, `subadmin2_code`, `population`, `time_zone`, `active`, `created_at`, `updated_at`) VALUES ('BG','{\"en\":\"Pirdop\"}',24.18,42.70,'P','PPL','BG.58','BG.58.SFO55',8136,'Europe/Sofia',1,'2012-02-27 23:00:00','2012-02-27 23:00:00');
INSERT INTO `__PREFIX__cities` (`country_code`, `name`, `longitude`, `latitude`, `feature_class`, `feature_code`, `subadmin1_code`, `subadmin2_code`, `population`, `time_zone`, `active`, `created_at`, `updated_at`) VALUES ('BG','{\"en\":\"Petrich\"}',23.21,41.40,'P','PPL','BG.38','BG.38.BLG33',30722,'Europe/Sofia',1,'2021-11-16 23:00:00','2021-11-16 23:00:00');
INSERT INTO `__PREFIX__cities` (`country_code`, `name`, `longitude`, `latitude`, `feature_class`, `feature_code`, `subadmin1_code`, `subadmin2_code`, `population`, `time_zone`, `active`, `created_at`, `updated_at`) VALUES ('BG','{\"en\":\"Peshtera\"}',24.30,42.03,'P','PPLA2','BG.48','BG.48.PAZ21',18676,'Europe/Sofia',1,'2018-01-09 23:00:00','2018-01-09 23:00:00');
INSERT INTO `__PREFIX__cities` (`country_code`, `name`, `longitude`, `latitude`, `feature_class`, `feature_code`, `subadmin1_code`, `subadmin2_code`, `population`, `time_zone`, `active`, `created_at`, `updated_at`) VALUES ('BG','{\"en\":\"Perushtitsa\"}',24.55,42.05,'P','PPL','BG.51','BG.51.PDV40',5350,'Europe/Sofia',1,'2012-02-27 23:00:00','2012-02-27 23:00:00');
INSERT INTO `__PREFIX__cities` (`country_code`, `name`, `longitude`, `latitude`, `feature_class`, `feature_code`, `subadmin1_code`, `subadmin2_code`, `population`, `time_zone`, `active`, `created_at`, `updated_at`) VALUES ('BG','{\"en\":\"Pernik\"}',23.03,42.60,'P','PPLA','BG.49','BG.49.PER32',82467,'Europe/Sofia',1,'2019-09-04 23:00:00','2019-09-04 23:00:00');
INSERT INTO `__PREFIX__cities` (`country_code`, `name`, `longitude`, `latitude`, `feature_class`, `feature_code`, `subadmin1_code`, `subadmin2_code`, `population`, `time_zone`, `active`, `created_at`, `updated_at`) VALUES ('BG','{\"en\":\"Pazardzhik\"}',24.33,42.20,'P','PPLA','BG.48','BG.48.PAZ19',75977,'Europe/Sofia',1,'2007-02-17 23:00:00','2007-02-17 23:00:00');
INSERT INTO `__PREFIX__cities` (`country_code`, `name`, `longitude`, `latitude`, `feature_class`, `feature_code`, `subadmin1_code`, `subadmin2_code`, `population`, `time_zone`, `active`, `created_at`, `updated_at`) VALUES ('BG','{\"en\":\"Pavlikeni\"}',25.32,43.24,'P','PPL','BG.62','BG.62.VTR22',11151,'Europe/Sofia',1,'2021-11-16 23:00:00','2021-11-16 23:00:00');
INSERT INTO `__PREFIX__cities` (`country_code`, `name`, `longitude`, `latitude`, `feature_class`, `feature_code`, `subadmin1_code`, `subadmin2_code`, `population`, `time_zone`, `active`, `created_at`, `updated_at`) VALUES ('BG','{\"en\":\"Panagyurishte\"}',24.19,42.50,'P','PPLA2','BG.48','BG.48.PAZ20',19389,'Europe/Sofia',1,'2017-09-04 23:00:00','2017-09-04 23:00:00');
INSERT INTO `__PREFIX__cities` (`country_code`, `name`, `longitude`, `latitude`, `feature_class`, `feature_code`, `subadmin1_code`, `subadmin2_code`, `population`, `time_zone`, `active`, `created_at`, `updated_at`) VALUES ('BG','{\"en\":\"Oryahovo\"}',23.96,43.74,'P','PPLA2','BG.64','BG.64.VRC31',5706,'Europe/Sofia',1,'2020-09-09 23:00:00','2020-09-09 23:00:00');
INSERT INTO `__PREFIX__cities` (`country_code`, `name`, `longitude`, `latitude`, `feature_class`, `feature_code`, `subadmin1_code`, `subadmin2_code`, `population`, `time_zone`, `active`, `created_at`, `updated_at`) VALUES ('BG','{\"en\":\"Omurtag\"}',26.42,43.10,'P','PPL','BG.60','BG.60.TGV22',9070,'Europe/Sofia',1,'2012-01-17 23:00:00','2012-01-17 23:00:00');
INSERT INTO `__PREFIX__cities` (`country_code`, `name`, `longitude`, `latitude`, `feature_class`, `feature_code`, `subadmin1_code`, `subadmin2_code`, `population`, `time_zone`, `active`, `created_at`, `updated_at`) VALUES ('BG','{\"en\":\"Novi Pazar\"}',27.20,43.35,'P','PPL','BG.54','BG.54.SHU22',13276,'Europe/Sofia',1,'2012-01-17 23:00:00','2012-01-17 23:00:00');
INSERT INTO `__PREFIX__cities` (`country_code`, `name`, `longitude`, `latitude`, `feature_class`, `feature_code`, `subadmin1_code`, `subadmin2_code`, `population`, `time_zone`, `active`, `created_at`, `updated_at`) VALUES ('BG','{\"en\":\"Nova Zagora\"}',26.02,42.48,'P','PPL','BG.56','BG.56.SLV16',23625,'Europe/Sofia',1,'2021-11-16 23:00:00','2021-11-16 23:00:00');
INSERT INTO `__PREFIX__cities` (`country_code`, `name`, `longitude`, `latitude`, `feature_class`, `feature_code`, `subadmin1_code`, `subadmin2_code`, `population`, `time_zone`, `active`, `created_at`, `updated_at`) VALUES ('BG','{\"en\":\"Nesebar\"}',27.74,42.66,'P','PPL','BG.39','BG.39.BGS15',13347,'Europe/Sofia',1,'2021-11-16 23:00:00','2021-11-16 23:00:00');
INSERT INTO `__PREFIX__cities` (`country_code`, `name`, `longitude`, `latitude`, `feature_class`, `feature_code`, `subadmin1_code`, `subadmin2_code`, `population`, `time_zone`, `active`, `created_at`, `updated_at`) VALUES ('BG','{\"en\":\"Nedelino\"}',25.08,41.46,'P','PPLA2','BG.57','BG.57.SML18',5017,'Europe/Sofia',1,'2016-11-22 23:00:00','2016-11-22 23:00:00');
INSERT INTO `__PREFIX__cities` (`country_code`, `name`, `longitude`, `latitude`, `feature_class`, `feature_code`, `subadmin1_code`, `subadmin2_code`, `population`, `time_zone`, `active`, `created_at`, `updated_at`) VALUES ('BG','{\"en\":\"Montana\"}',23.23,43.41,'P','PPLA','BG.47','BG.47.MON29',47445,'Europe/Sofia',1,'2016-02-06 23:00:00','2016-02-06 23:00:00');
INSERT INTO `__PREFIX__cities` (`country_code`, `name`, `longitude`, `latitude`, `feature_class`, `feature_code`, `subadmin1_code`, `subadmin2_code`, `population`, `time_zone`, `active`, `created_at`, `updated_at`) VALUES ('BG','{\"en\":\"Tsarevo\"}',27.85,42.17,'P','PPL','BG.39','BG.39.BGS13',6085,'Europe/Sofia',1,'2018-03-21 23:00:00','2018-03-21 23:00:00');
INSERT INTO `__PREFIX__cities` (`country_code`, `name`, `longitude`, `latitude`, `feature_class`, `feature_code`, `subadmin1_code`, `subadmin2_code`, `population`, `time_zone`, `active`, `created_at`, `updated_at`) VALUES ('BG','{\"en\":\"Mezdra\"}',23.70,43.15,'P','PPL','BG.64','BG.64.VRC27',11975,'Europe/Sofia',1,'2012-01-17 23:00:00','2012-01-17 23:00:00');
INSERT INTO `__PREFIX__cities` (`country_code`, `name`, `longitude`, `latitude`, `feature_class`, `feature_code`, `subadmin1_code`, `subadmin2_code`, `population`, `time_zone`, `active`, `created_at`, `updated_at`) VALUES ('BG','{\"en\":\"Madan\"}',24.94,41.50,'P','PPLA2','BG.57','BG.57.SML16',5661,'Europe/Sofia',1,'2016-11-22 23:00:00','2016-11-22 23:00:00');
INSERT INTO `__PREFIX__cities` (`country_code`, `name`, `longitude`, `latitude`, `feature_class`, `feature_code`, `subadmin1_code`, `subadmin2_code`, `population`, `time_zone`, `active`, `created_at`, `updated_at`) VALUES ('BG','{\"en\":\"Lyubimets\"}',26.08,41.83,'P','PPL','BG.43','BG.43.HKV17',8065,'Europe/Sofia',1,'2012-02-27 23:00:00','2012-02-27 23:00:00');
INSERT INTO `__PREFIX__cities` (`country_code`, `name`, `longitude`, `latitude`, `feature_class`, `feature_code`, `subadmin1_code`, `subadmin2_code`, `population`, `time_zone`, `active`, `created_at`, `updated_at`) VALUES ('BG','{\"en\":\"Lyaskovets\"}',25.73,43.11,'P','PPL','BG.62','BG.62.VTR20',8488,'Europe/Sofia',1,'2012-01-17 23:00:00','2012-01-17 23:00:00');
INSERT INTO `__PREFIX__cities` (`country_code`, `name`, `longitude`, `latitude`, `feature_class`, `feature_code`, `subadmin1_code`, `subadmin2_code`, `population`, `time_zone`, `active`, `created_at`, `updated_at`) VALUES ('BG','{\"en\":\"Lukovit\"}',24.17,43.20,'P','PPL','BG.46','BG.46.LOV19',9792,'Europe/Sofia',1,'2012-01-17 23:00:00','2012-01-17 23:00:00');
INSERT INTO `__PREFIX__cities` (`country_code`, `name`, `longitude`, `latitude`, `feature_class`, `feature_code`, `subadmin1_code`, `subadmin2_code`, `population`, `time_zone`, `active`, `created_at`, `updated_at`) VALUES ('BG','{\"en\":\"Lovech\"}',24.72,43.13,'P','PPLA','BG.46','BG.46.LOV18',42211,'Europe/Sofia',1,'2019-09-04 23:00:00','2019-09-04 23:00:00');
INSERT INTO `__PREFIX__cities` (`country_code`, `name`, `longitude`, `latitude`, `feature_class`, `feature_code`, `subadmin1_code`, `subadmin2_code`, `population`, `time_zone`, `active`, `created_at`, `updated_at`) VALUES ('BG','{\"en\":\"Lom\"}',23.24,43.82,'P','PPLA2','BG.47','BG.47.MON24',26594,'Europe/Sofia',1,'2019-02-28 23:00:00','2019-02-28 23:00:00');
INSERT INTO `__PREFIX__cities` (`country_code`, `name`, `longitude`, `latitude`, `feature_class`, `feature_code`, `subadmin1_code`, `subadmin2_code`, `population`, `time_zone`, `active`, `created_at`, `updated_at`) VALUES ('BG','{\"en\":\"Levski\"}',25.13,43.37,'P','PPL','BG.50','BG.50.PVN16',11467,'Europe/Sofia',1,'2012-01-17 23:00:00','2012-01-17 23:00:00');
INSERT INTO `__PREFIX__cities` (`country_code`, `name`, `longitude`, `latitude`, `feature_class`, `feature_code`, `subadmin1_code`, `subadmin2_code`, `population`, `time_zone`, `active`, `created_at`, `updated_at`) VALUES ('BG','{\"en\":\"Kyustendil\"}',22.69,42.28,'P','PPLA','BG.45','BG.45.KNL29',48286,'Europe/Sofia',1,'2016-02-06 23:00:00','2016-02-06 23:00:00');
INSERT INTO `__PREFIX__cities` (`country_code`, `name`, `longitude`, `latitude`, `feature_class`, `feature_code`, `subadmin1_code`, `subadmin2_code`, `population`, `time_zone`, `active`, `created_at`, `updated_at`) VALUES ('BG','{\"en\":\"Kardzhali\"}',25.37,41.65,'P','PPLA','BG.44','BG.44.KRZ16',51000,'Europe/Sofia',1,'2016-02-06 23:00:00','2016-02-06 23:00:00');
INSERT INTO `__PREFIX__cities` (`country_code`, `name`, `longitude`, `latitude`, `feature_class`, `feature_code`, `subadmin1_code`, `subadmin2_code`, `population`, `time_zone`, `active`, `created_at`, `updated_at`) VALUES ('BG','{\"en\":\"Kubrat\"}',26.50,43.80,'P','PPLA2','BG.52','BG.52.RAZ16',8980,'Europe/Sofia',1,'2017-12-06 23:00:00','2017-12-06 23:00:00');
INSERT INTO `__PREFIX__cities` (`country_code`, `name`, `longitude`, `latitude`, `feature_class`, `feature_code`, `subadmin1_code`, `subadmin2_code`, `population`, `time_zone`, `active`, `created_at`, `updated_at`) VALUES ('BG','{\"en\":\"Krumovgrad\"}',25.65,41.47,'P','PPLA2','BG.44','BG.44.KRZ15',5271,'Europe/Sofia',1,'2018-03-21 23:00:00','2018-03-21 23:00:00');
INSERT INTO `__PREFIX__cities` (`country_code`, `name`, `longitude`, `latitude`, `feature_class`, `feature_code`, `subadmin1_code`, `subadmin2_code`, `population`, `time_zone`, `active`, `created_at`, `updated_at`) VALUES ('BG','{\"en\":\"Krichim\"}',24.47,42.05,'P','PPL','BG.51','BG.51.PDV39',8580,'Europe/Sofia',1,'2018-03-21 23:00:00','2018-03-21 23:00:00');
INSERT INTO `__PREFIX__cities` (`country_code`, `name`, `longitude`, `latitude`, `feature_class`, `feature_code`, `subadmin1_code`, `subadmin2_code`, `population`, `time_zone`, `active`, `created_at`, `updated_at`) VALUES ('BG','{\"en\":\"Kozloduy\"}',23.72,43.78,'P','PPLA2','BG.64','BG.64.VRC20',14717,'Europe/Sofia',1,'2017-05-07 23:00:00','2017-05-07 23:00:00');
INSERT INTO `__PREFIX__cities` (`country_code`, `name`, `longitude`, `latitude`, `feature_class`, `feature_code`, `subadmin1_code`, `subadmin2_code`, `population`, `time_zone`, `active`, `created_at`, `updated_at`) VALUES ('BG','{\"en\":\"Kotel\"}',26.45,42.88,'P','PPL','BG.56','BG.56.SLV11',6421,'Europe/Sofia',1,'2018-03-21 23:00:00','2018-03-21 23:00:00');
INSERT INTO `__PREFIX__cities` (`country_code`, `name`, `longitude`, `latitude`, `feature_class`, `feature_code`, `subadmin1_code`, `subadmin2_code`, `population`, `time_zone`, `active`, `created_at`, `updated_at`) VALUES ('BG','{\"en\":\"Kostinbrod\"}',23.22,42.82,'P','PPL','BG.58','BG.58.SFO26',12175,'Europe/Sofia',1,'2012-01-17 23:00:00','2012-01-17 23:00:00');
INSERT INTO `__PREFIX__cities` (`country_code`, `name`, `longitude`, `latitude`, `feature_class`, `feature_code`, `subadmin1_code`, `subadmin2_code`, `population`, `time_zone`, `active`, `created_at`, `updated_at`) VALUES ('BG','{\"en\":\"Knezha\"}',24.08,43.50,'P','PPL','BG.50','BG.50.PVN39',6889,'Europe/Sofia',1,'2014-11-06 23:00:00','2014-11-06 23:00:00');
INSERT INTO `__PREFIX__cities` (`country_code`, `name`, `longitude`, `latitude`, `feature_class`, `feature_code`, `subadmin1_code`, `subadmin2_code`, `population`, `time_zone`, `active`, `created_at`, `updated_at`) VALUES ('BG','{\"en\":\"Hisarya\"}',24.70,42.50,'P','PPL','BG.51','BG.51.PDV37',7903,'Europe/Sofia',1,'2016-08-02 23:00:00','2016-08-02 23:00:00');
INSERT INTO `__PREFIX__cities` (`country_code`, `name`, `longitude`, `latitude`, `feature_class`, `feature_code`, `subadmin1_code`, `subadmin2_code`, `population`, `time_zone`, `active`, `created_at`, `updated_at`) VALUES ('BG','{\"en\":\"Haskovo\"}',25.56,41.93,'P','PPLA','BG.43','BG.43.HKV34',79699,'Europe/Sofia',1,'2019-09-04 23:00:00','2019-09-04 23:00:00');
INSERT INTO `__PREFIX__cities` (`country_code`, `name`, `longitude`, `latitude`, `feature_class`, `feature_code`, `subadmin1_code`, `subadmin2_code`, `population`, `time_zone`, `active`, `created_at`, `updated_at`) VALUES ('BG','{\"en\":\"Harmanli\"}',25.90,41.93,'P','PPL','BG.43','BG.43.HKV33',18931,'Europe/Sofia',1,'2016-08-02 23:00:00','2016-08-02 23:00:00');
INSERT INTO `__PREFIX__cities` (`country_code`, `name`, `longitude`, `latitude`, `feature_class`, `feature_code`, `subadmin1_code`, `subadmin2_code`, `population`, `time_zone`, `active`, `created_at`, `updated_at`) VALUES ('BG','{\"en\":\"Kazanlak\"}',25.40,42.62,'P','PPL','BG.59','BG.59.SZR12',47325,'Europe/Sofia',1,'2021-11-16 23:00:00','2021-11-16 23:00:00');
INSERT INTO `__PREFIX__cities` (`country_code`, `name`, `longitude`, `latitude`, `feature_class`, `feature_code`, `subadmin1_code`, `subadmin2_code`, `population`, `time_zone`, `active`, `created_at`, `updated_at`) VALUES ('BG','{\"en\":\"Kavarna\"}',28.34,43.44,'P','PPLA2','BG.40','BG.40.DOB17',11205,'Europe/Sofia',1,'2017-08-01 23:00:00','2017-08-01 23:00:00');
INSERT INTO `__PREFIX__cities` (`country_code`, `name`, `longitude`, `latitude`, `feature_class`, `feature_code`, `subadmin1_code`, `subadmin2_code`, `population`, `time_zone`, `active`, `created_at`, `updated_at`) VALUES ('BG','{\"en\":\"Karnobat\"}',26.98,42.65,'P','PPL','BG.39','BG.39.BGS09',19709,'Europe/Sofia',1,'2018-03-21 23:00:00','2018-03-21 23:00:00');
INSERT INTO `__PREFIX__cities` (`country_code`, `name`, `longitude`, `latitude`, `feature_class`, `feature_code`, `subadmin1_code`, `subadmin2_code`, `population`, `time_zone`, `active`, `created_at`, `updated_at`) VALUES ('BG','{\"en\":\"Karlovo\"}',24.80,42.63,'P','PPL','BG.51','BG.51.PDV13',30340,'Europe/Sofia',1,'2021-11-16 23:00:00','2021-11-16 23:00:00');
INSERT INTO `__PREFIX__cities` (`country_code`, `name`, `longitude`, `latitude`, `feature_class`, `feature_code`, `subadmin1_code`, `subadmin2_code`, `population`, `time_zone`, `active`, `created_at`, `updated_at`) VALUES ('BG','{\"en\":\"Isperih\"}',26.83,43.72,'P','PPL','BG.52','BG.52.RAZ14',9735,'Europe/Sofia',1,'2016-08-02 23:00:00','2016-08-02 23:00:00');
INSERT INTO `__PREFIX__cities` (`country_code`, `name`, `longitude`, `latitude`, `feature_class`, `feature_code`, `subadmin1_code`, `subadmin2_code`, `population`, `time_zone`, `active`, `created_at`, `updated_at`) VALUES ('BG','{\"en\":\"Ihtiman\"}',23.82,42.43,'P','PPL','BG.58','BG.58.SFO20',14154,'Europe/Sofia',1,'2016-08-02 23:00:00','2016-08-02 23:00:00');
INSERT INTO `__PREFIX__cities` (`country_code`, `name`, `longitude`, `latitude`, `feature_class`, `feature_code`, `subadmin1_code`, `subadmin2_code`, `population`, `time_zone`, `active`, `created_at`, `updated_at`) VALUES ('BG','{\"en\":\"Gŭlŭbovo\"}',25.85,42.13,'P','PPL','BG.59',NULL,8400,'Europe/Sofia',1,'2012-04-26 23:00:00','2012-04-26 23:00:00');
INSERT INTO `__PREFIX__cities` (`country_code`, `name`, `longitude`, `latitude`, `feature_class`, `feature_code`, `subadmin1_code`, `subadmin2_code`, `population`, `time_zone`, `active`, `created_at`, `updated_at`) VALUES ('BG','{\"en\":\"Sredets\"}',27.18,42.35,'P','PPL','BG.39','BG.39.BGS06',9573,'Europe/Sofia',1,'2012-01-17 23:00:00','2012-01-17 23:00:00');
INSERT INTO `__PREFIX__cities` (`country_code`, `name`, `longitude`, `latitude`, `feature_class`, `feature_code`, `subadmin1_code`, `subadmin2_code`, `population`, `time_zone`, `active`, `created_at`, `updated_at`) VALUES ('BG','{\"en\":\"Gotse Delchev\"}',23.73,41.57,'P','PPL','BG.38','BG.38.BLG11',20522,'Europe/Sofia',1,'2021-11-16 23:00:00','2021-11-16 23:00:00');
INSERT INTO `__PREFIX__cities` (`country_code`, `name`, `longitude`, `latitude`, `feature_class`, `feature_code`, `subadmin1_code`, `subadmin2_code`, `population`, `time_zone`, `active`, `created_at`, `updated_at`) VALUES ('BG','{\"en\":\"Gorna Oryahovitsa\"}',25.70,43.13,'P','PPL','BG.62','BG.62.VTR06',32792,'Europe/Sofia',1,'2018-12-04 23:00:00','2018-12-04 23:00:00');
INSERT INTO `__PREFIX__cities` (`country_code`, `name`, `longitude`, `latitude`, `feature_class`, `feature_code`, `subadmin1_code`, `subadmin2_code`, `population`, `time_zone`, `active`, `created_at`, `updated_at`) VALUES ('BG','{\"en\":\"Godech\"}',23.05,43.02,'P','PPLA2','BG.58','BG.58.SFO09',5154,'Europe/Sofia',1,'2018-03-21 23:00:00','2018-03-21 23:00:00');
INSERT INTO `__PREFIX__cities` (`country_code`, `name`, `longitude`, `latitude`, `feature_class`, `feature_code`, `subadmin1_code`, `subadmin2_code`, `population`, `time_zone`, `active`, `created_at`, `updated_at`) VALUES ('BG','{\"en\":\"Dolni Chiflik\"}',27.72,42.99,'P','PPL','BG.61','BG.61.VAR13',7169,'Europe/Sofia',1,'2017-08-01 23:00:00','2017-08-01 23:00:00');
INSERT INTO `__PREFIX__cities` (`country_code`, `name`, `longitude`, `latitude`, `feature_class`, `feature_code`, `subadmin1_code`, `subadmin2_code`, `population`, `time_zone`, `active`, `created_at`, `updated_at`) VALUES ('BG','{\"en\":\"General Toshevo\"}',28.04,43.70,'P','PPLA2','BG.40',NULL,7758,'Europe/Sofia',1,'2017-10-03 23:00:00','2017-10-03 23:00:00');
INSERT INTO `__PREFIX__cities` (`country_code`, `name`, `longitude`, `latitude`, `feature_class`, `feature_code`, `subadmin1_code`, `subadmin2_code`, `population`, `time_zone`, `active`, `created_at`, `updated_at`) VALUES ('BG','{\"en\":\"Gabrovo\"}',25.33,42.87,'P','PPLA','BG.41','BG.41.GAB05',66175,'Europe/Sofia',1,'2019-09-04 23:00:00','2019-09-04 23:00:00');
INSERT INTO `__PREFIX__cities` (`country_code`, `name`, `longitude`, `latitude`, `feature_class`, `feature_code`, `subadmin1_code`, `subadmin2_code`, `population`, `time_zone`, `active`, `created_at`, `updated_at`) VALUES ('BG','{\"en\":\"Etropole\"}',24.00,42.83,'P','PPL','BG.58','BG.58.SFO18',11031,'Europe/Sofia',1,'2012-01-17 23:00:00','2012-01-17 23:00:00');
INSERT INTO `__PREFIX__cities` (`country_code`, `name`, `longitude`, `latitude`, `feature_class`, `feature_code`, `subadmin1_code`, `subadmin2_code`, `population`, `time_zone`, `active`, `created_at`, `updated_at`) VALUES ('BG','{\"en\":\"Elhovo\"}',26.57,42.17,'P','PPL','BG.65','BG.65.JAM07',10424,'Europe/Sofia',1,'2021-11-16 23:00:00','2021-11-16 23:00:00');
INSERT INTO `__PREFIX__cities` (`country_code`, `name`, `longitude`, `latitude`, `feature_class`, `feature_code`, `subadmin1_code`, `subadmin2_code`, `population`, `time_zone`, `active`, `created_at`, `updated_at`) VALUES ('BG','{\"en\":\"Elin Pelin\"}',23.60,42.67,'P','PPLA3','BG.58','BG.58.SFO17',7373,'Europe/Sofia',1,'2011-07-30 23:00:00','2011-07-30 23:00:00');
INSERT INTO `__PREFIX__cities` (`country_code`, `name`, `longitude`, `latitude`, `feature_class`, `feature_code`, `subadmin1_code`, `subadmin2_code`, `population`, `time_zone`, `active`, `created_at`, `updated_at`) VALUES ('BG','{\"en\":\"Elena\"}',25.88,42.93,'P','PPL','BG.62','BG.62.HKV34',6042,'Europe/Sofia',1,'2012-02-27 23:00:00','2012-02-27 23:00:00');
INSERT INTO `__PREFIX__cities` (`country_code`, `name`, `longitude`, `latitude`, `feature_class`, `feature_code`, `subadmin1_code`, `subadmin2_code`, `population`, `time_zone`, `active`, `created_at`, `updated_at`) VALUES ('BG','{\"en\":\"Dulovo\"}',27.15,43.82,'P','PPL','BG.55','BG.55.SLS10',6788,'Europe/Sofia',1,'2012-02-27 23:00:00','2012-02-27 23:00:00');
INSERT INTO `__PREFIX__cities` (`country_code`, `name`, `longitude`, `latitude`, `feature_class`, `feature_code`, `subadmin1_code`, `subadmin2_code`, `population`, `time_zone`, `active`, `created_at`, `updated_at`) VALUES ('BG','{\"en\":\"Dalgopol\"}',27.35,43.05,'P','PPL','BG.61','BG.61.VAR16',5272,'Europe/Sofia',1,'2018-03-21 23:00:00','2018-03-21 23:00:00');
INSERT INTO `__PREFIX__cities` (`country_code`, `name`, `longitude`, `latitude`, `feature_class`, `feature_code`, `subadmin1_code`, `subadmin2_code`, `population`, `time_zone`, `active`, `created_at`, `updated_at`) VALUES ('BG','{\"en\":\"Dryanovo\"}',25.48,42.98,'P','PPL','BG.41','BG.41.GAB12',8346,'Europe/Sofia',1,'2018-03-21 23:00:00','2018-03-21 23:00:00');
INSERT INTO `__PREFIX__cities` (`country_code`, `name`, `longitude`, `latitude`, `feature_class`, `feature_code`, `subadmin1_code`, `subadmin2_code`, `population`, `time_zone`, `active`, `created_at`, `updated_at`) VALUES ('BG','{\"en\":\"Dolni Dabnik\"}',24.43,43.40,'P','PPL','BG.50','BG.50.PVN11',5259,'Europe/Sofia',1,'2018-03-21 23:00:00','2018-03-21 23:00:00');
INSERT INTO `__PREFIX__cities` (`country_code`, `name`, `longitude`, `latitude`, `feature_class`, `feature_code`, `subadmin1_code`, `subadmin2_code`, `population`, `time_zone`, `active`, `created_at`, `updated_at`) VALUES ('BG','{\"en\":\"Dimitrovgrad\"}',25.60,42.05,'P','PPL','BG.43','BG.43.HKV09',38015,'Europe/Sofia',1,'2021-11-16 23:00:00','2021-11-16 23:00:00');
INSERT INTO `__PREFIX__cities` (`country_code`, `name`, `longitude`, `latitude`, `feature_class`, `feature_code`, `subadmin1_code`, `subadmin2_code`, `population`, `time_zone`, `active`, `created_at`, `updated_at`) VALUES ('BG','{\"en\":\"Devnya\"}',27.57,43.22,'P','PPL','BG.61','BG.61.VAR14',8171,'Europe/Sofia',1,'2012-02-27 23:00:00','2012-02-27 23:00:00');
INSERT INTO `__PREFIX__cities` (`country_code`, `name`, `longitude`, `latitude`, `feature_class`, `feature_code`, `subadmin1_code`, `subadmin2_code`, `population`, `time_zone`, `active`, `created_at`, `updated_at`) VALUES ('BG','{\"en\":\"Devin\"}',24.40,41.74,'P','PPL','BG.57','BG.57.SML09',7393,'Europe/Sofia',1,'2014-11-06 23:00:00','2014-11-06 23:00:00');
INSERT INTO `__PREFIX__cities` (`country_code`, `name`, `longitude`, `latitude`, `feature_class`, `feature_code`, `subadmin1_code`, `subadmin2_code`, `population`, `time_zone`, `active`, `created_at`, `updated_at`) VALUES ('BG','{\"en\":\"Chirpan\"}',25.33,42.20,'P','PPL','BG.59','BG.59.SZR36',15109,'Europe/Sofia',1,'2021-11-16 23:00:00','2021-11-16 23:00:00');
INSERT INTO `__PREFIX__cities` (`country_code`, `name`, `longitude`, `latitude`, `feature_class`, `feature_code`, `subadmin1_code`, `subadmin2_code`, `population`, `time_zone`, `active`, `created_at`, `updated_at`) VALUES ('BG','{\"en\":\"Cherven Bryag\"}',24.08,43.28,'P','PPLA2','BG.50','BG.50.PVN37',13000,'Europe/Sofia',1,'2019-09-08 23:00:00','2019-09-08 23:00:00');
INSERT INTO `__PREFIX__cities` (`country_code`, `name`, `longitude`, `latitude`, `feature_class`, `feature_code`, `subadmin1_code`, `subadmin2_code`, `population`, `time_zone`, `active`, `created_at`, `updated_at`) VALUES ('BG','{\"en\":\"Chepelare\"}',24.68,41.73,'P','PPL','BG.57','BG.57.SML38',5478,'Europe/Sofia',1,'2012-02-27 23:00:00','2012-02-27 23:00:00');
INSERT INTO `__PREFIX__cities` (`country_code`, `name`, `longitude`, `latitude`, `feature_class`, `feature_code`, `subadmin1_code`, `subadmin2_code`, `population`, `time_zone`, `active`, `created_at`, `updated_at`) VALUES ('BG','{\"en\":\"Byala Slatina\"}',23.93,43.47,'P','PPL','BG.64','BG.64.VRC08',10282,'Europe/Sofia',1,'2021-11-16 23:00:00','2021-11-16 23:00:00');
INSERT INTO `__PREFIX__cities` (`country_code`, `name`, `longitude`, `latitude`, `feature_class`, `feature_code`, `subadmin1_code`, `subadmin2_code`, `population`, `time_zone`, `active`, `created_at`, `updated_at`) VALUES ('BG','{\"en\":\"Burgas\"}',27.47,42.51,'P','PPLA','BG.39','BG.39.BGS04',195966,'Europe/Sofia',1,'2019-09-04 23:00:00','2019-09-04 23:00:00');
INSERT INTO `__PREFIX__cities` (`country_code`, `name`, `longitude`, `latitude`, `feature_class`, `feature_code`, `subadmin1_code`, `subadmin2_code`, `population`, `time_zone`, `active`, `created_at`, `updated_at`) VALUES ('BG','{\"en\":\"Botevgrad\"}',23.78,42.90,'P','PPL','BG.58','BG.58.SFO07',20909,'Europe/Sofia',1,'2020-07-22 23:00:00','2020-07-22 23:00:00');
INSERT INTO `__PREFIX__cities` (`country_code`, `name`, `longitude`, `latitude`, `feature_class`, `feature_code`, `subadmin1_code`, `subadmin2_code`, `population`, `time_zone`, `active`, `created_at`, `updated_at`) VALUES ('BG','{\"en\":\"Bobov Dol\"}',23.00,42.36,'P','PPLA2','BG.45','BG.45.KNL04',6184,'Europe/Sofia',1,'2017-12-06 23:00:00','2017-12-06 23:00:00');
INSERT INTO `__PREFIX__cities` (`country_code`, `name`, `longitude`, `latitude`, `feature_class`, `feature_code`, `subadmin1_code`, `subadmin2_code`, `population`, `time_zone`, `active`, `created_at`, `updated_at`) VALUES ('BG','{\"en\":\"Blagoevgrad\"}',23.10,42.02,'P','PPLA','BG.38','BG.38.BLG03',71306,'Europe/Sofia',1,'2019-09-04 23:00:00','2019-09-04 23:00:00');
INSERT INTO `__PREFIX__cities` (`country_code`, `name`, `longitude`, `latitude`, `feature_class`, `feature_code`, `subadmin1_code`, `subadmin2_code`, `population`, `time_zone`, `active`, `created_at`, `updated_at`) VALUES ('BG','{\"en\":\"Berkovitsa\"}',23.13,43.24,'P','PPLA2','BG.47','BG.47.MON02',15027,'Europe/Sofia',1,'2019-01-09 23:00:00','2019-01-09 23:00:00');
INSERT INTO `__PREFIX__cities` (`country_code`, `name`, `longitude`, `latitude`, `feature_class`, `feature_code`, `subadmin1_code`, `subadmin2_code`, `population`, `time_zone`, `active`, `created_at`, `updated_at`) VALUES ('BG','{\"en\":\"Belogradchik\"}',22.68,43.63,'P','PPLA2','BG.63','BG.63.VID01',5688,'Europe/Sofia',1,'2017-04-06 23:00:00','2017-04-06 23:00:00');
INSERT INTO `__PREFIX__cities` (`country_code`, `name`, `longitude`, `latitude`, `feature_class`, `feature_code`, `subadmin1_code`, `subadmin2_code`, `population`, `time_zone`, `active`, `created_at`, `updated_at`) VALUES ('BG','{\"en\":\"Belene\"}',25.13,43.65,'P','PPLA2','BG.50','BG.50.PVN03',9781,'Europe/Sofia',1,'2018-03-21 23:00:00','2018-03-21 23:00:00');
INSERT INTO `__PREFIX__cities` (`country_code`, `name`, `longitude`, `latitude`, `feature_class`, `feature_code`, `subadmin1_code`, `subadmin2_code`, `population`, `time_zone`, `active`, `created_at`, `updated_at`) VALUES ('BG','{\"en\":\"Bansko\"}',23.49,41.84,'P','PPL','BG.38','BG.38.BLG01',9232,'Europe/Sofia',1,'2010-02-12 23:00:00','2010-02-12 23:00:00');
INSERT INTO `__PREFIX__cities` (`country_code`, `name`, `longitude`, `latitude`, `feature_class`, `feature_code`, `subadmin1_code`, `subadmin2_code`, `population`, `time_zone`, `active`, `created_at`, `updated_at`) VALUES ('BG','{\"en\":\"Balchik\"}',28.16,43.42,'P','PPLA2','BG.40','BG.40.DOB03',13000,'Europe/Sofia',1,'2017-08-01 23:00:00','2017-08-01 23:00:00');
INSERT INTO `__PREFIX__cities` (`country_code`, `name`, `longitude`, `latitude`, `feature_class`, `feature_code`, `subadmin1_code`, `subadmin2_code`, `population`, `time_zone`, `active`, `created_at`, `updated_at`) VALUES ('BG','{\"en\":\"Aytos\"}',27.25,42.70,'P','PPL','BG.39','BG.39.BGS01',20986,'Europe/Sofia',1,'2012-01-17 23:00:00','2012-01-17 23:00:00');
INSERT INTO `__PREFIX__cities` (`country_code`, `name`, `longitude`, `latitude`, `feature_class`, `feature_code`, `subadmin1_code`, `subadmin2_code`, `population`, `time_zone`, `active`, `created_at`, `updated_at`) VALUES ('BG','{\"en\":\"Asparuhovo\"}',27.89,43.18,'P','PPLX','BG.61',NULL,27000,'Europe/Sofia',1,'2019-07-30 23:00:00','2019-07-30 23:00:00');
INSERT INTO `__PREFIX__cities` (`country_code`, `name`, `longitude`, `latitude`, `feature_class`, `feature_code`, `subadmin1_code`, `subadmin2_code`, `population`, `time_zone`, `active`, `created_at`, `updated_at`) VALUES ('BG','{\"en\":\"Asenovgrad\"}',24.87,42.02,'P','PPL','BG.51','BG.51.PDV01',54778,'Europe/Sofia',1,'2021-11-16 23:00:00','2021-11-16 23:00:00');
INSERT INTO `__PREFIX__cities` (`country_code`, `name`, `longitude`, `latitude`, `feature_class`, `feature_code`, `subadmin1_code`, `subadmin2_code`, `population`, `time_zone`, `active`, `created_at`, `updated_at`) VALUES ('BG','{\"en\":\"Aksakovo\"}',27.82,43.26,'P','PPL','BG.61','BG.61.VAR02',7132,'Europe/Sofia',1,'2017-10-03 23:00:00','2017-10-03 23:00:00');
INSERT INTO `__PREFIX__cities` (`country_code`, `name`, `longitude`, `latitude`, `feature_class`, `feature_code`, `subadmin1_code`, `subadmin2_code`, `population`, `time_zone`, `active`, `created_at`, `updated_at`) VALUES ('BG','{\"en\":\"Zlatni Pyasatsi\"}',28.04,43.28,'P','PPL','BG.61','BG.61.VAR06',9760,'Europe/Sofia',1,'2014-07-28 23:00:00','2014-07-28 23:00:00');
/*!40000 ALTER TABLE `__PREFIX__cities` ENABLE KEYS */;
/*!40103 SET TIME_ZONE=@OLD_TIME_ZONE */;

/*!40101 SET SQL_MODE=@OLD_SQL_MODE */;
/*!40014 SET FOREIGN_KEY_CHECKS=@OLD_FOREIGN_KEY_CHECKS */;
/*!40014 SET UNIQUE_CHECKS=@OLD_UNIQUE_CHECKS */;
/*!40101 SET CHARACTER_SET_CLIENT=@OLD_CHARACTER_SET_CLIENT */;
/*!40101 SET CHARACTER_SET_RESULTS=@OLD_CHARACTER_SET_RESULTS */;
/*!40101 SET COLLATION_CONNECTION=@OLD_COLLATION_CONNECTION */;
/*!40111 SET SQL_NOTES=@OLD_SQL_NOTES */;

-- Dump completed
