-- MySQL dump 10.13  Distrib 5.7.34, for osx10.12 (x86_64)
--
-- Host: 127.0.0.1    Database: laraclassifier
-- ------------------------------------------------------
-- Server version	5.7.34

/*!40101 SET @OLD_CHARACTER_SET_CLIENT=@@CHARACTER_SET_CLIENT */;
/*!40101 SET @OLD_CHARACTER_SET_RESULTS=@@CHARACTER_SET_RESULTS */;
/*!40101 SET @OLD_COLLATION_CONNECTION=@@COLLATION_CONNECTION */;
/*!40101 SET NAMES utf8 */;
/*!40103 SET @OLD_TIME_ZONE=@@TIME_ZONE */;
/*!40103 SET TIME_ZONE='+00:00' */;
/*!40014 SET @OLD_UNIQUE_CHECKS=@@UNIQUE_CHECKS, UNIQUE_CHECKS=0 */;
/*!40014 SET @OLD_FOREIGN_KEY_CHECKS=@@FOREIGN_KEY_CHECKS, FOREIGN_KEY_CHECKS=0 */;
/*!40101 SET @OLD_SQL_MODE=@@SQL_MODE, SQL_MODE='NO_AUTO_VALUE_ON_ZERO' */;
/*!40111 SET @OLD_SQL_NOTES=@@SQL_NOTES, SQL_NOTES=0 */;

--
-- Dumping data for table `__PREFIX__subadmin1`
--

/*!40000 ALTER TABLE `__PREFIX__subadmin1` DISABLE KEYS */;
INSERT INTO `__PREFIX__subadmin1` (`code`, `country_code`, `name`, `active`) VALUES ('BY.07','BY','{\"en\":\"Vitebsk\"}',1);
INSERT INTO `__PREFIX__subadmin1` (`code`, `country_code`, `name`, `active`) VALUES ('BY.06','BY','{\"en\":\"Mogilev\"}',1);
INSERT INTO `__PREFIX__subadmin1` (`code`, `country_code`, `name`, `active`) VALUES ('BY.05','BY','{\"en\":\"Minsk\"}',1);
INSERT INTO `__PREFIX__subadmin1` (`code`, `country_code`, `name`, `active`) VALUES ('BY.04','BY','{\"en\":\"Minsk City\"}',1);
INSERT INTO `__PREFIX__subadmin1` (`code`, `country_code`, `name`, `active`) VALUES ('BY.03','BY','{\"en\":\"Grodnenskaya\"}',1);
INSERT INTO `__PREFIX__subadmin1` (`code`, `country_code`, `name`, `active`) VALUES ('BY.02','BY','{\"en\":\"Gomel Oblast\"}',1);
INSERT INTO `__PREFIX__subadmin1` (`code`, `country_code`, `name`, `active`) VALUES ('BY.01','BY','{\"en\":\"Brest\"}',1);
/*!40000 ALTER TABLE `__PREFIX__subadmin1` ENABLE KEYS */;

--
-- Dumping data for table `__PREFIX__subadmin2`
--

/*!40000 ALTER TABLE `__PREFIX__subadmin2` DISABLE KEYS */;
INSERT INTO `__PREFIX__subadmin2` (`code`, `country_code`, `subadmin1_code`, `name`, `active`) VALUES ('BY.02.618803','BY','BY.02','{\"en\":\"Zhlobinski Rayon\"}',1);
INSERT INTO `__PREFIX__subadmin2` (`code`, `country_code`, `subadmin1_code`, `name`, `active`) VALUES ('BY.02.618814','BY','BY.02','{\"en\":\"Zhytkavitski Rayon\"}',1);
INSERT INTO `__PREFIX__subadmin2` (`code`, `country_code`, `subadmin1_code`, `name`, `active`) VALUES ('BY.01.618911','BY','BY.01','{\"en\":\"Zhabinkawski Rayon\"}',1);
INSERT INTO `__PREFIX__subadmin2` (`code`, `country_code`, `subadmin1_code`, `name`, `active`) VALUES ('BY.03.618930','BY','BY.03','{\"en\":\"Zel’venskiy Rayon\"}',1);
INSERT INTO `__PREFIX__subadmin2` (`code`, `country_code`, `subadmin1_code`, `name`, `active`) VALUES ('BY.04.619008','BY','BY.04','{\"en\":\"Zavodski Rayon\"}',1);
INSERT INTO `__PREFIX__subadmin2` (`code`, `country_code`, `subadmin1_code`, `name`, `active`) VALUES ('BY.02.619597','BY','BY.02','{\"en\":\"Yel’ski Rayon\"}',1);
INSERT INTO `__PREFIX__subadmin2` (`code`, `country_code`, `subadmin1_code`, `name`, `active`) VALUES ('BY.03.619978','BY','BY.03','{\"en\":\"Voranawski Rayon\"}',1);
INSERT INTO `__PREFIX__subadmin2` (`code`, `country_code`, `subadmin1_code`, `name`, `active`) VALUES ('BY.05.620025','BY','BY.05','{\"en\":\"Valozhynski Rayon\"}',1);
INSERT INTO `__PREFIX__subadmin2` (`code`, `country_code`, `subadmin1_code`, `name`, `active`) VALUES ('BY.03.620067','BY','BY.03','{\"en\":\"Vawkavyski Rayon\"}',1);
INSERT INTO `__PREFIX__subadmin2` (`code`, `country_code`, `subadmin1_code`, `name`, `active`) VALUES ('BY.07.620133','BY','BY.07','{\"en\":\"Vitsyebski Rayon\"}',1);
INSERT INTO `__PREFIX__subadmin2` (`code`, `country_code`, `subadmin1_code`, `name`, `active`) VALUES ('BY.05.620178','BY','BY.05','{\"en\":\"Vilyeyski Rayon\"}',1);
INSERT INTO `__PREFIX__subadmin2` (`code`, `country_code`, `subadmin1_code`, `name`, `active`) VALUES ('BY.02.620212','BY','BY.02','{\"en\":\"Vyetkawski Rayon\"}',1);
INSERT INTO `__PREFIX__subadmin2` (`code`, `country_code`, `subadmin1_code`, `name`, `active`) VALUES ('BY.07.620254','BY','BY.07','{\"en\":\"Vyerkhnyadzvinski Rayon\"}',1);
INSERT INTO `__PREFIX__subadmin2` (`code`, `country_code`, `subadmin1_code`, `name`, `active`) VALUES ('BY.05.620482','BY','BY.05','{\"en\":\"Uzdzyenski Rayon\"}',1);
INSERT INTO `__PREFIX__subadmin2` (`code`, `country_code`, `subadmin1_code`, `name`, `active`) VALUES ('BY.07.620539','BY','BY.07','{\"en\":\"Ushatski Rayon\"}',1);
INSERT INTO `__PREFIX__subadmin2` (`code`, `country_code`, `subadmin1_code`, `name`, `active`) VALUES ('BY.04.620745','BY','BY.04','{\"en\":\"Tsentral’ny Rayon\"}',1);
INSERT INTO `__PREFIX__subadmin2` (`code`, `country_code`, `subadmin1_code`, `name`, `active`) VALUES ('BY.07.620831','BY','BY.07','{\"en\":\"Talachynski Rayon\"}',1);
INSERT INTO `__PREFIX__subadmin2` (`code`, `country_code`, `subadmin1_code`, `name`, `active`) VALUES ('BY.03.621044','BY','BY.03','{\"en\":\"Svislatski Rayon\"}',1);
INSERT INTO `__PREFIX__subadmin2` (`code`, `country_code`, `subadmin1_code`, `name`, `active`) VALUES ('BY.02.621073','BY','BY.02','{\"en\":\"Svyetlahorski Rayon\"}',1);
INSERT INTO `__PREFIX__subadmin2` (`code`, `country_code`, `subadmin1_code`, `name`, `active`) VALUES ('BY.01.621276','BY','BY.01','{\"en\":\"Stolinski Rayon\"}',1);
INSERT INTO `__PREFIX__subadmin2` (`code`, `country_code`, `subadmin1_code`, `name`, `active`) VALUES ('BY.05.621281','BY','BY.05','{\"en\":\"Stawbtsowski Rayon\"}',1);
INSERT INTO `__PREFIX__subadmin2` (`code`, `country_code`, `subadmin1_code`, `name`, `active`) VALUES ('BY.05.621460','BY','BY.05','{\"en\":\"Staradarozhski Rayon\"}',1);
INSERT INTO `__PREFIX__subadmin2` (`code`, `country_code`, `subadmin1_code`, `name`, `active`) VALUES ('BY.04.621599','BY','BY.04','{\"en\":\"Savyetski Rayon\"}',1);
INSERT INTO `__PREFIX__subadmin2` (`code`, `country_code`, `subadmin1_code`, `name`, `active`) VALUES ('BY.05.621664','BY','BY.05','{\"en\":\"Salihorski Rayon\"}',1);
INSERT INTO `__PREFIX__subadmin2` (`code`, `country_code`, `subadmin1_code`, `name`, `active`) VALUES ('BY.03.621711','BY','BY.03','{\"en\":\"Smarhonski Rayon\"}',1);
INSERT INTO `__PREFIX__subadmin2` (`code`, `country_code`, `subadmin1_code`, `name`, `active`) VALUES ('BY.05.621728','BY','BY.05','{\"en\":\"Smalyavitski Rayon\"}',1);
INSERT INTO `__PREFIX__subadmin2` (`code`, `country_code`, `subadmin1_code`, `name`, `active`) VALUES ('BY.05.621740','BY','BY.05','{\"en\":\"Slutski Rayon\"}',1);
INSERT INTO `__PREFIX__subadmin2` (`code`, `country_code`, `subadmin1_code`, `name`, `active`) VALUES ('BY.03.621752','BY','BY.03','{\"en\":\"Slonimskiy Rayon\"}',1);
INSERT INTO `__PREFIX__subadmin2` (`code`, `country_code`, `subadmin1_code`, `name`, `active`) VALUES ('BY.06.621846','BY','BY.06','{\"en\":\"Slawharadski Rayon\"}',1);
INSERT INTO `__PREFIX__subadmin2` (`code`, `country_code`, `subadmin1_code`, `name`, `active`) VALUES ('BY.07.621985','BY','BY.07','{\"en\":\"Shumilinski Rayon\"}',1);
INSERT INTO `__PREFIX__subadmin2` (`code`, `country_code`, `subadmin1_code`, `name`, `active`) VALUES ('BY.06.622033','BY','BY.06','{\"en\":\"Shklowski Rayon\"}',1);
INSERT INTO `__PREFIX__subadmin2` (`code`, `country_code`, `subadmin1_code`, `name`, `active`) VALUES ('BY.03.622114','BY','BY.03','{\"en\":\"Shchuchynski Rayon\"}',1);
INSERT INTO `__PREFIX__subadmin2` (`code`, `country_code`, `subadmin1_code`, `name`, `active`) VALUES ('BY.07.622178','BY','BY.07','{\"en\":\"Sharkawshchynski Rayon\"}',1);
INSERT INTO `__PREFIX__subadmin2` (`code`, `country_code`, `subadmin1_code`, `name`, `active`) VALUES ('BY.07.622261','BY','BY.07','{\"en\":\"Syennyenski Rayon\"}',1);
INSERT INTO `__PREFIX__subadmin2` (`code`, `country_code`, `subadmin1_code`, `name`, `active`) VALUES ('BY.07.622691','BY','BY.07','{\"en\":\"Rasonski Rayon\"}',1);
INSERT INTO `__PREFIX__subadmin2` (`code`, `country_code`, `subadmin1_code`, `name`, `active`) VALUES ('BY.02.622738','BY','BY.02','{\"en\":\"Rahachowski Rayon\"}',1);
INSERT INTO `__PREFIX__subadmin2` (`code`, `country_code`, `subadmin1_code`, `name`, `active`) VALUES ('BY.02.622799','BY','BY.02','{\"en\":\"Rechytski Rayon\"}',1);
INSERT INTO `__PREFIX__subadmin2` (`code`, `country_code`, `subadmin1_code`, `name`, `active`) VALUES ('BY.05.622968','BY','BY.05','{\"en\":\"Pukhavichy Raion\"}',1);
INSERT INTO `__PREFIX__subadmin2` (`code`, `country_code`, `subadmin1_code`, `name`, `active`) VALUES ('BY.01.622998','BY','BY.01','{\"en\":\"Pruzhanski Rayon\"}',1);
INSERT INTO `__PREFIX__subadmin2` (`code`, `country_code`, `subadmin1_code`, `name`, `active`) VALUES ('BY.07.623176','BY','BY.07','{\"en\":\"Pastawski Rayon\"}',1);
INSERT INTO `__PREFIX__subadmin2` (`code`, `country_code`, `subadmin1_code`, `name`, `active`) VALUES ('BY.07.623283','BY','BY.07','{\"en\":\"Polatski Rayon\"}',1);
INSERT INTO `__PREFIX__subadmin2` (`code`, `country_code`, `subadmin1_code`, `name`, `active`) VALUES ('BY.01.623548','BY','BY.01','{\"en\":\"Pinski Rayon\"}',1);
INSERT INTO `__PREFIX__subadmin2` (`code`, `country_code`, `subadmin1_code`, `name`, `active`) VALUES ('BY.02.623580','BY','BY.02','{\"en\":\"Pyetrykawski Rayon\"}',1);
INSERT INTO `__PREFIX__subadmin2` (`code`, `country_code`, `subadmin1_code`, `name`, `active`) VALUES ('BY.04.623628','BY','BY.04','{\"en\":\"Pyershamayski Rayon\"}',1);
INSERT INTO `__PREFIX__subadmin2` (`code`, `country_code`, `subadmin1_code`, `name`, `active`) VALUES ('BY.04.623778','BY','BY.04','{\"en\":\"Partyzanski Rayon\"}',1);
INSERT INTO `__PREFIX__subadmin2` (`code`, `country_code`, `subadmin1_code`, `name`, `active`) VALUES ('BY.03.623940','BY','BY.03','{\"en\":\"Astravyetski Rayon\"}',1);
INSERT INTO `__PREFIX__subadmin2` (`code`, `country_code`, `subadmin1_code`, `name`, `active`) VALUES ('BY.06.624028','BY','BY.06','{\"en\":\"Asipovitski Rayon\"}',1);
INSERT INTO `__PREFIX__subadmin2` (`code`, `country_code`, `subadmin1_code`, `name`, `active`) VALUES ('BY.03.624062','BY','BY.03','{\"en\":\"Ashmyanski Rayon\"}',1);
INSERT INTO `__PREFIX__subadmin2` (`code`, `country_code`, `subadmin1_code`, `name`, `active`) VALUES ('BY.07.624077','BY','BY.07','{\"en\":\"Arshanski Rayon\"}',1);
INSERT INTO `__PREFIX__subadmin2` (`code`, `country_code`, `subadmin1_code`, `name`, `active`) VALUES ('BY.04.624196','BY','BY.04','{\"en\":\"Kastrychnitski Rayon\"}',1);
INSERT INTO `__PREFIX__subadmin2` (`code`, `country_code`, `subadmin1_code`, `name`, `active`) VALUES ('BY.02.624197','BY','BY.02','{\"en\":\"Aktsyabrski Rayon\"}',1);
INSERT INTO `__PREFIX__subadmin2` (`code`, `country_code`, `subadmin1_code`, `name`, `active`) VALUES ('BY.03.624498','BY','BY.03','{\"en\":\"Novogrudskiy Rayon\"}',1);
INSERT INTO `__PREFIX__subadmin2` (`code`, `country_code`, `subadmin1_code`, `name`, `active`) VALUES ('BY.05.624699','BY','BY.05','{\"en\":\"Nyasvizhski Rayon\"}',1);
INSERT INTO `__PREFIX__subadmin2` (`code`, `country_code`, `subadmin1_code`, `name`, `active`) VALUES ('BY.02.624798','BY','BY.02','{\"en\":\"Narawlyanski Rayon\"}',1);
INSERT INTO `__PREFIX__subadmin2` (`code`, `country_code`, `subadmin1_code`, `name`, `active`) VALUES ('BY.05.624858','BY','BY.05','{\"en\":\"Myadzyel’ski Rayon\"}',1);
INSERT INTO `__PREFIX__subadmin2` (`code`, `country_code`, `subadmin1_code`, `name`, `active`) VALUES ('BY.06.624891','BY','BY.06','{\"en\":\"Mstsislawski Rayon\"}',1);
INSERT INTO `__PREFIX__subadmin2` (`code`, `country_code`, `subadmin1_code`, `name`, `active`) VALUES ('BY.02.624894','BY','BY.02','{\"en\":\"Mazyrski Rayon\"}',1);
INSERT INTO `__PREFIX__subadmin2` (`code`, `country_code`, `subadmin1_code`, `name`, `active`) VALUES ('BY.03.624920','BY','BY.03','{\"en\":\"Mastowski Rayon\"}',1);
INSERT INTO `__PREFIX__subadmin2` (`code`, `country_code`, `subadmin1_code`, `name`, `active`) VALUES ('BY.04.624936','BY','BY.04','{\"en\":\"Maskowski Rayon\"}',1);
INSERT INTO `__PREFIX__subadmin2` (`code`, `country_code`, `subadmin1_code`, `name`, `active`) VALUES ('BY.05.625025','BY','BY.05','{\"en\":\"Maladzyechanski Rayon\"}',1);
INSERT INTO `__PREFIX__subadmin2` (`code`, `country_code`, `subadmin1_code`, `name`, `active`) VALUES ('BY.06.625072','BY','BY.06','{\"en\":\"Mahilyowski Rayon\"}',1);
INSERT INTO `__PREFIX__subadmin2` (`code`, `country_code`, `subadmin1_code`, `name`, `active`) VALUES ('BY.07.625131','BY','BY.07','{\"en\":\"Myorski Rayon\"}',1);
INSERT INTO `__PREFIX__subadmin2` (`code`, `country_code`, `subadmin1_code`, `name`, `active`) VALUES ('BY.05.625140','BY','BY.05','{\"en\":\"Minski Rayon\"}',1);
INSERT INTO `__PREFIX__subadmin2` (`code`, `country_code`, `subadmin1_code`, `name`, `active`) VALUES ('BY.01.625538','BY','BY.01','{\"en\":\"Malarytski Rayon\"}',1);
INSERT INTO `__PREFIX__subadmin2` (`code`, `country_code`, `subadmin1_code`, `name`, `active`) VALUES ('BY.05.625717','BY','BY.05','{\"en\":\"Lyubanski Rayon\"}',1);
INSERT INTO `__PREFIX__subadmin2` (`code`, `country_code`, `subadmin1_code`, `name`, `active`) VALUES ('BY.01.625765','BY','BY.01','{\"en\":\"Lyakhavitski Rayon\"}',1);
INSERT INTO `__PREFIX__subadmin2` (`code`, `country_code`, `subadmin1_code`, `name`, `active`) VALUES ('BY.01.625820','BY','BY.01','{\"en\":\"Luninyetski Rayon\"}',1);
INSERT INTO `__PREFIX__subadmin2` (`code`, `country_code`, `subadmin1_code`, `name`, `active`) VALUES ('BY.02.625906','BY','BY.02','{\"en\":\"Loyewski Rayon\"}',1);
INSERT INTO `__PREFIX__subadmin2` (`code`, `country_code`, `subadmin1_code`, `name`, `active`) VALUES ('BY.05.625971','BY','BY.05','{\"en\":\"Lahoyski Rayon\"}',1);
INSERT INTO `__PREFIX__subadmin2` (`code`, `country_code`, `subadmin1_code`, `name`, `active`) VALUES ('BY.07.626065','BY','BY.07','{\"en\":\"Lyoznyenski Rayon\"}',1);
INSERT INTO `__PREFIX__subadmin2` (`code`, `country_code`, `subadmin1_code`, `name`, `active`) VALUES ('BY.03.626079','BY','BY.03','{\"en\":\"Lidski Rayon\"}',1);
INSERT INTO `__PREFIX__subadmin2` (`code`, `country_code`, `subadmin1_code`, `name`, `active`) VALUES ('BY.07.626141','BY','BY.07','{\"en\":\"Lyepyel’ski Rayon\"}',1);
INSERT INTO `__PREFIX__subadmin2` (`code`, `country_code`, `subadmin1_code`, `name`, `active`) VALUES ('BY.04.626161','BY','BY.04','{\"en\":\"Lyeninski Rayon\"}',1);
INSERT INTO `__PREFIX__subadmin2` (`code`, `country_code`, `subadmin1_code`, `name`, `active`) VALUES ('BY.02.626189','BY','BY.02','{\"en\":\"Lyel’chytski Rayon\"}',1);
INSERT INTO `__PREFIX__subadmin2` (`code`, `country_code`, `subadmin1_code`, `name`, `active`) VALUES ('BY.05.626463','BY','BY.05','{\"en\":\"Krupski Rayon\"}',1);
INSERT INTO `__PREFIX__subadmin2` (`code`, `country_code`, `subadmin1_code`, `name`, `active`) VALUES ('BY.06.626490','BY','BY.06','{\"en\":\"Kruhlyanski Rayon\"}',1);
INSERT INTO `__PREFIX__subadmin2` (`code`, `country_code`, `subadmin1_code`, `name`, `active`) VALUES ('BY.06.626545','BY','BY.06','{\"en\":\"Krychawski Rayon\"}',1);
INSERT INTO `__PREFIX__subadmin2` (`code`, `country_code`, `subadmin1_code`, `name`, `active`) VALUES ('BY.06.626626','BY','BY.06','{\"en\":\"Krasnapol’ski Rayon\"}',1);
INSERT INTO `__PREFIX__subadmin2` (`code`, `country_code`, `subadmin1_code`, `name`, `active`) VALUES ('BY.06.626807','BY','BY.06','{\"en\":\"Kastsyukovitski Rayon\"}',1);
INSERT INTO `__PREFIX__subadmin2` (`code`, `country_code`, `subadmin1_code`, `name`, `active`) VALUES ('BY.02.626914','BY','BY.02','{\"en\":\"Karmyanski Rayon\"}',1);
INSERT INTO `__PREFIX__subadmin2` (`code`, `country_code`, `subadmin1_code`, `name`, `active`) VALUES ('BY.03.626938','BY','BY.03','{\"en\":\"Karelitski Rayon\"}',1);
INSERT INTO `__PREFIX__subadmin2` (`code`, `country_code`, `subadmin1_code`, `name`, `active`) VALUES ('BY.05.626951','BY','BY.05','{\"en\":\"Kapyl’ski Rayon\"}',1);
INSERT INTO `__PREFIX__subadmin2` (`code`, `country_code`, `subadmin1_code`, `name`, `active`) VALUES ('BY.01.627146','BY','BY.01','{\"en\":\"Kobrynski Rayon\"}',1);
INSERT INTO `__PREFIX__subadmin2` (`code`, `country_code`, `subadmin1_code`, `name`, `active`) VALUES ('BY.06.627199','BY','BY.06','{\"en\":\"Klimavitski Rayon\"}',1);
INSERT INTO `__PREFIX__subadmin2` (`code`, `country_code`, `subadmin1_code`, `name`, `active`) VALUES ('BY.06.627204','BY','BY.06','{\"en\":\"Klichawski Rayon\"}',1);
INSERT INTO `__PREFIX__subadmin2` (`code`, `country_code`, `subadmin1_code`, `name`, `active`) VALUES ('BY.05.627213','BY','BY.05','{\"en\":\"Klyetski Rayon\"}',1);
INSERT INTO `__PREFIX__subadmin2` (`code`, `country_code`, `subadmin1_code`, `name`, `active`) VALUES ('BY.06.627271','BY','BY.06','{\"en\":\"Kirawski Rayon\"}',1);
INSERT INTO `__PREFIX__subadmin2` (`code`, `country_code`, `subadmin1_code`, `name`, `active`) VALUES ('BY.02.627360','BY','BY.02','{\"en\":\"Khoynitski Rayon\"}',1);
INSERT INTO `__PREFIX__subadmin2` (`code`, `country_code`, `subadmin1_code`, `name`, `active`) VALUES ('BY.06.627380','BY','BY.06','{\"en\":\"Khotsimski Rayon\"}',1);
INSERT INTO `__PREFIX__subadmin2` (`code`, `country_code`, `subadmin1_code`, `name`, `active`) VALUES ('BY.01.627709','BY','BY.01','{\"en\":\"Kamyanyetski Rayon\"}',1);
INSERT INTO `__PREFIX__subadmin2` (`code`, `country_code`, `subadmin1_code`, `name`, `active`) VALUES ('BY.02.627748','BY','BY.02','{\"en\":\"Kalinkavitski Rayon\"}',1);
INSERT INTO `__PREFIX__subadmin2` (`code`, `country_code`, `subadmin1_code`, `name`, `active`) VALUES ('BY.03.627794','BY','BY.03','{\"en\":\"Iwyewski Rayon\"}',1);
INSERT INTO `__PREFIX__subadmin2` (`code`, `country_code`, `subadmin1_code`, `name`, `active`) VALUES ('BY.01.627799','BY','BY.01','{\"en\":\"Ivatsevitski Rayon\"}',1);
INSERT INTO `__PREFIX__subadmin2` (`code`, `country_code`, `subadmin1_code`, `name`, `active`) VALUES ('BY.01.627807','BY','BY.01','{\"en\":\"Ivanawski Rayon\"}',1);
INSERT INTO `__PREFIX__subadmin2` (`code`, `country_code`, `subadmin1_code`, `name`, `active`) VALUES ('BY.03.628034','BY','BY.03','{\"en\":\"Grodnenskiy Rayon\"}',1);
INSERT INTO `__PREFIX__subadmin2` (`code`, `country_code`, `subadmin1_code`, `name`, `active`) VALUES ('BY.07.628152','BY','BY.07','{\"en\":\"Haradotski Rayon\"}',1);
INSERT INTO `__PREFIX__subadmin2` (`code`, `country_code`, `subadmin1_code`, `name`, `active`) VALUES ('BY.06.628237','BY','BY.06','{\"en\":\"Horatski Rayon\"}',1);
INSERT INTO `__PREFIX__subadmin2` (`code`, `country_code`, `subadmin1_code`, `name`, `active`) VALUES ('BY.02.628280','BY','BY.02','{\"en\":\"Homyel’ski Rayon\"}',1);
INSERT INTO `__PREFIX__subadmin2` (`code`, `country_code`, `subadmin1_code`, `name`, `active`) VALUES ('BY.06.628386','BY','BY.06','{\"en\":\"Hluski Rayon\"}',1);
INSERT INTO `__PREFIX__subadmin2` (`code`, `country_code`, `subadmin1_code`, `name`, `active`) VALUES ('BY.07.628404','BY','BY.07','{\"en\":\"Hlybotski Rayon\"}',1);
INSERT INTO `__PREFIX__subadmin2` (`code`, `country_code`, `subadmin1_code`, `name`, `active`) VALUES ('BY.01.628532','BY','BY.01','{\"en\":\"Hantsavitski Rayon\"}',1);
INSERT INTO `__PREFIX__subadmin2` (`code`, `country_code`, `subadmin1_code`, `name`, `active`) VALUES ('BY.04.628577','BY','BY.04','{\"en\":\"Frunzyenski Rayon\"}',1);
INSERT INTO `__PREFIX__subadmin2` (`code`, `country_code`, `subadmin1_code`, `name`, `active`) VALUES ('BY.05.628641','BY','BY.05','{\"en\":\"Dzyarzhynski Rayon\"}',1);
INSERT INTO `__PREFIX__subadmin2` (`code`, `country_code`, `subadmin1_code`, `name`, `active`) VALUES ('BY.03.628657','BY','BY.03','{\"en\":\"Dzyatlawski Rayon\"}',1);
INSERT INTO `__PREFIX__subadmin2` (`code`, `country_code`, `subadmin1_code`, `name`, `active`) VALUES ('BY.07.628789','BY','BY.07','{\"en\":\"Dubrovyenski Rayon\"}',1);
INSERT INTO `__PREFIX__subadmin2` (`code`, `country_code`, `subadmin1_code`, `name`, `active`) VALUES ('BY.01.628882','BY','BY.01','{\"en\":\"Drahichynski Rayon\"}',1);
INSERT INTO `__PREFIX__subadmin2` (`code`, `country_code`, `subadmin1_code`, `name`, `active`) VALUES ('BY.07.629003','BY','BY.07','{\"en\":\"Dokshytski Rayon\"}',1);
INSERT INTO `__PREFIX__subadmin2` (`code`, `country_code`, `subadmin1_code`, `name`, `active`) VALUES ('BY.02.629017','BY','BY.02','{\"en\":\"Dobrushski Rayon\"}',1);
INSERT INTO `__PREFIX__subadmin2` (`code`, `country_code`, `subadmin1_code`, `name`, `active`) VALUES ('BY.05.629270','BY','BY.05','{\"en\":\"Chervyen’ski Rayon\"}',1);
INSERT INTO `__PREFIX__subadmin2` (`code`, `country_code`, `subadmin1_code`, `name`, `active`) VALUES ('BY.06.629346','BY','BY.06','{\"en\":\"Cherykawski Rayon\"}',1);
INSERT INTO `__PREFIX__subadmin2` (`code`, `country_code`, `subadmin1_code`, `name`, `active`) VALUES ('BY.02.629389','BY','BY.02','{\"en\":\"Chacherski Rayon\"}',1);
INSERT INTO `__PREFIX__subadmin2` (`code`, `country_code`, `subadmin1_code`, `name`, `active`) VALUES ('BY.06.629396','BY','BY.06','{\"en\":\"Chavuski Rayon\"}',1);
INSERT INTO `__PREFIX__subadmin2` (`code`, `country_code`, `subadmin1_code`, `name`, `active`) VALUES ('BY.07.629398','BY','BY.07','{\"en\":\"Chashnitski Rayon\"}',1);
INSERT INTO `__PREFIX__subadmin2` (`code`, `country_code`, `subadmin1_code`, `name`, `active`) VALUES ('BY.06.629443','BY','BY.06','{\"en\":\"Bykhawski Rayon\"}',1);
INSERT INTO `__PREFIX__subadmin2` (`code`, `country_code`, `subadmin1_code`, `name`, `active`) VALUES ('BY.02.629562','BY','BY.02','{\"en\":\"Buda-Kashalyowski Rayon\"}',1);
INSERT INTO `__PREFIX__subadmin2` (`code`, `country_code`, `subadmin1_code`, `name`, `active`) VALUES ('BY.01.629630','BY','BY.01','{\"en\":\"Brestski Rayon\"}',1);
INSERT INTO `__PREFIX__subadmin2` (`code`, `country_code`, `subadmin1_code`, `name`, `active`) VALUES ('BY.07.629639','BY','BY.07','{\"en\":\"Braslawski Rayon\"}',1);
INSERT INTO `__PREFIX__subadmin2` (`code`, `country_code`, `subadmin1_code`, `name`, `active`) VALUES ('BY.02.629645','BY','BY.02','{\"en\":\"Brahinski Rayon\"}',1);
INSERT INTO `__PREFIX__subadmin2` (`code`, `country_code`, `subadmin1_code`, `name`, `active`) VALUES ('BY.05.629799','BY','BY.05','{\"en\":\"Barysawski Rayon\"}',1);
INSERT INTO `__PREFIX__subadmin2` (`code`, `country_code`, `subadmin1_code`, `name`, `active`) VALUES ('BY.06.630046','BY','BY.06','{\"en\":\"Babruyski Rayon\"}',1);
INSERT INTO `__PREFIX__subadmin2` (`code`, `country_code`, `subadmin1_code`, `name`, `active`) VALUES ('BY.07.630135','BY','BY.07','{\"en\":\"Byeshankovitski Rayon\"}',1);
INSERT INTO `__PREFIX__subadmin2` (`code`, `country_code`, `subadmin1_code`, `name`, `active`) VALUES ('BY.01.630155','BY','BY.01','{\"en\":\"Byarozawski Rayon\"}',1);
INSERT INTO `__PREFIX__subadmin2` (`code`, `country_code`, `subadmin1_code`, `name`, `active`) VALUES ('BY.05.630193','BY','BY.05','{\"en\":\"Byarezinski Rayon\"}',1);
INSERT INTO `__PREFIX__subadmin2` (`code`, `country_code`, `subadmin1_code`, `name`, `active`) VALUES ('BY.03.630208','BY','BY.03','{\"en\":\"Byerastavitski Rayon\"}',1);
INSERT INTO `__PREFIX__subadmin2` (`code`, `country_code`, `subadmin1_code`, `name`, `active`) VALUES ('BY.06.630244','BY','BY.06','{\"en\":\"Byalynitski Rayon\"}',1);
INSERT INTO `__PREFIX__subadmin2` (`code`, `country_code`, `subadmin1_code`, `name`, `active`) VALUES ('BY.01.630420','BY','BY.01','{\"en\":\"Baranovichskiy Rayon\"}',1);
INSERT INTO `__PREFIX__subadmin2` (`code`, `country_code`, `subadmin1_code`, `name`, `active`) VALUES ('BY.06.828843','BY','BY.06','{\"en\":\"Drybinski Rayon\"}',1);
INSERT INTO `__PREFIX__subadmin2` (`code`, `country_code`, `subadmin1_code`, `name`, `active`) VALUES ('BY.03.828847','BY','BY.03','{\"en\":\"Horad Hrodna\"}',1);
INSERT INTO `__PREFIX__subadmin2` (`code`, `country_code`, `subadmin1_code`, `name`, `active`) VALUES ('BY.02.828879','BY','BY.02','{\"en\":\"Uvarovichskiy Rayon\"}',1);
INSERT INTO `__PREFIX__subadmin2` (`code`, `country_code`, `subadmin1_code`, `name`, `active`) VALUES ('BY.01.828881','BY','BY.01','{\"en\":\"Horad Brest\"}',1);
INSERT INTO `__PREFIX__subadmin2` (`code`, `country_code`, `subadmin1_code`, `name`, `active`) VALUES ('BY.01.828883','BY','BY.01','{\"en\":\"Horad Baranavichy\"}',1);
INSERT INTO `__PREFIX__subadmin2` (`code`, `country_code`, `subadmin1_code`, `name`, `active`) VALUES ('BY.07.828887','BY','BY.07','{\"en\":\"Horad Vitsyebsk\"}',1);
INSERT INTO `__PREFIX__subadmin2` (`code`, `country_code`, `subadmin1_code`, `name`, `active`) VALUES ('BY.07.828888','BY','BY.07','{\"en\":\"Horad Lyepyel’\"}',1);
INSERT INTO `__PREFIX__subadmin2` (`code`, `country_code`, `subadmin1_code`, `name`, `active`) VALUES ('BY.07.828889','BY','BY.07','{\"en\":\"Horad Navapolatsk\"}',1);
INSERT INTO `__PREFIX__subadmin2` (`code`, `country_code`, `subadmin1_code`, `name`, `active`) VALUES ('BY.07.828891','BY','BY.07','{\"en\":\"Horad Polatsk\"}',1);
INSERT INTO `__PREFIX__subadmin2` (`code`, `country_code`, `subadmin1_code`, `name`, `active`) VALUES ('BY.02.828892','BY','BY.02','{\"en\":\"Horad Homyel’\"}',1);
INSERT INTO `__PREFIX__subadmin2` (`code`, `country_code`, `subadmin1_code`, `name`, `active`) VALUES ('BY.02.828894','BY','BY.02','{\"en\":\"Horad Dobrush\"}',1);
INSERT INTO `__PREFIX__subadmin2` (`code`, `country_code`, `subadmin1_code`, `name`, `active`) VALUES ('BY.02.828895','BY','BY.02','{\"en\":\"Horad Zhlobin\"}',1);
INSERT INTO `__PREFIX__subadmin2` (`code`, `country_code`, `subadmin1_code`, `name`, `active`) VALUES ('BY.02.828897','BY','BY.02','{\"en\":\"Horad Kalinkavichy\"}',1);
INSERT INTO `__PREFIX__subadmin2` (`code`, `country_code`, `subadmin1_code`, `name`, `active`) VALUES ('BY.02.828898','BY','BY.02','{\"en\":\"Horad Mazyr\"}',1);
INSERT INTO `__PREFIX__subadmin2` (`code`, `country_code`, `subadmin1_code`, `name`, `active`) VALUES ('BY.02.828900','BY','BY.02','{\"en\":\"Horad Rahachow\"}',1);
INSERT INTO `__PREFIX__subadmin2` (`code`, `country_code`, `subadmin1_code`, `name`, `active`) VALUES ('BY.02.828901','BY','BY.02','{\"en\":\"Horad Svyetlahorsk\"}',1);
INSERT INTO `__PREFIX__subadmin2` (`code`, `country_code`, `subadmin1_code`, `name`, `active`) VALUES ('BY.03.828902','BY','BY.03','{\"en\":\"Horad Vawkavysk\"}',1);
INSERT INTO `__PREFIX__subadmin2` (`code`, `country_code`, `subadmin1_code`, `name`, `active`) VALUES ('BY.03.828903','BY','BY.03','{\"en\":\"Horad Lida\"}',1);
INSERT INTO `__PREFIX__subadmin2` (`code`, `country_code`, `subadmin1_code`, `name`, `active`) VALUES ('BY.03.828904','BY','BY.03','{\"en\":\"Horad Navahrudak\"}',1);
INSERT INTO `__PREFIX__subadmin2` (`code`, `country_code`, `subadmin1_code`, `name`, `active`) VALUES ('BY.03.828905','BY','BY.03','{\"en\":\"Horad Slonim\"}',1);
INSERT INTO `__PREFIX__subadmin2` (`code`, `country_code`, `subadmin1_code`, `name`, `active`) VALUES ('BY.03.828906','BY','BY.03','{\"en\":\"Horad Smarhon’\"}',1);
INSERT INTO `__PREFIX__subadmin2` (`code`, `country_code`, `subadmin1_code`, `name`, `active`) VALUES ('BY.05.828907','BY','BY.05','{\"en\":\"Barysaw\"}',1);
INSERT INTO `__PREFIX__subadmin2` (`code`, `country_code`, `subadmin1_code`, `name`, `active`) VALUES ('BY.05.828908','BY','BY.05','{\"en\":\"Horad Vilyeyka\"}',1);
INSERT INTO `__PREFIX__subadmin2` (`code`, `country_code`, `subadmin1_code`, `name`, `active`) VALUES ('BY.05.828910','BY','BY.05','{\"en\":\"Horad Dzyarzhynsk\"}',1);
INSERT INTO `__PREFIX__subadmin2` (`code`, `country_code`, `subadmin1_code`, `name`, `active`) VALUES ('BY.05.828913','BY','BY.05','{\"en\":\"Horad Zaslawye\"}',1);
INSERT INTO `__PREFIX__subadmin2` (`code`, `country_code`, `subadmin1_code`, `name`, `active`) VALUES ('BY.05.828914','BY','BY.05','{\"en\":\"Horad Maladzyechna\"}',1);
INSERT INTO `__PREFIX__subadmin2` (`code`, `country_code`, `subadmin1_code`, `name`, `active`) VALUES ('BY.05.828915','BY','BY.05','{\"en\":\"Horad Slutsk\"}',1);
INSERT INTO `__PREFIX__subadmin2` (`code`, `country_code`, `subadmin1_code`, `name`, `active`) VALUES ('BY.05.828916','BY','BY.05','{\"en\":\"Horad Salihorsk\"}',1);
INSERT INTO `__PREFIX__subadmin2` (`code`, `country_code`, `subadmin1_code`, `name`, `active`) VALUES ('BY.06.828917','BY','BY.06','{\"en\":\"Mahilyow\"}',1);
INSERT INTO `__PREFIX__subadmin2` (`code`, `country_code`, `subadmin1_code`, `name`, `active`) VALUES ('BY.06.828919','BY','BY.06','{\"en\":\"Horad Asipovichy\"}',1);
INSERT INTO `__PREFIX__subadmin2` (`code`, `country_code`, `subadmin1_code`, `name`, `active`) VALUES ('BY.05.829413','BY','BY.05','{\"en\":\"Molodechnenskij Rajon\"}',1);
INSERT INTO `__PREFIX__subadmin2` (`code`, `country_code`, `subadmin1_code`, `name`, `active`) VALUES ('BY.06.7874038','BY','BY.06','{\"en\":\"Kirawsk\"}',1);
/*!40000 ALTER TABLE `__PREFIX__subadmin2` ENABLE KEYS */;

--
-- Dumping data for table `__PREFIX__cities`
--

/*!40000 ALTER TABLE `__PREFIX__cities` DISABLE KEYS */;
INSERT INTO `__PREFIX__cities` (`country_code`, `name`, `longitude`, `latitude`, `feature_class`, `feature_code`, `subadmin1_code`, `subadmin2_code`, `population`, `time_zone`, `active`, `created_at`, `updated_at`) VALUES ('BY','{\"en\":\"Skidel’\"}',24.25,53.59,'P','PPL','BY.03',NULL,10700,'Europe/Minsk',1,'2020-04-07 23:00:00','2020-04-07 23:00:00');
INSERT INTO `__PREFIX__cities` (`country_code`, `name`, `longitude`, `latitude`, `feature_class`, `feature_code`, `subadmin1_code`, `subadmin2_code`, `population`, `time_zone`, `active`, `created_at`, `updated_at`) VALUES ('BY','{\"en\":\"Horad Zhodzina\"}',28.33,54.10,'P','PPLA2','BY.05',NULL,61007,'Europe/Minsk',1,'2019-10-08 23:00:00','2019-10-08 23:00:00');
INSERT INTO `__PREFIX__cities` (`country_code`, `name`, `longitude`, `latitude`, `feature_class`, `feature_code`, `subadmin1_code`, `subadmin2_code`, `population`, `time_zone`, `active`, `created_at`, `updated_at`) VALUES ('BY','{\"en\":\"Zhlobin\"}',30.02,52.89,'P','PPLA2','BY.02',NULL,73089,'Europe/Minsk',1,'2012-02-01 23:00:00','2012-02-01 23:00:00');
INSERT INTO `__PREFIX__cities` (`country_code`, `name`, `longitude`, `latitude`, `feature_class`, `feature_code`, `subadmin1_code`, `subadmin2_code`, `population`, `time_zone`, `active`, `created_at`, `updated_at`) VALUES ('BY','{\"en\":\"Zhytkavichy\"}',27.86,52.22,'P','PPLA2','BY.02',NULL,13630,'Europe/Minsk',1,'2019-09-04 23:00:00','2019-09-04 23:00:00');
INSERT INTO `__PREFIX__cities` (`country_code`, `name`, `longitude`, `latitude`, `feature_class`, `feature_code`, `subadmin1_code`, `subadmin2_code`, `population`, `time_zone`, `active`, `created_at`, `updated_at`) VALUES ('BY','{\"en\":\"Zhabinka\"}',24.01,52.20,'P','PPLA2','BY.01',NULL,10921,'Europe/Minsk',1,'2014-06-25 23:00:00','2014-06-25 23:00:00');
INSERT INTO `__PREFIX__cities` (`country_code`, `name`, `longitude`, `latitude`, `feature_class`, `feature_code`, `subadmin1_code`, `subadmin2_code`, `population`, `time_zone`, `active`, `created_at`, `updated_at`) VALUES ('BY','{\"en\":\"Zel’va\"}',24.81,53.15,'P','PPL','BY.03',NULL,7000,'Europe/Minsk',1,'2022-01-06 23:00:00','2022-01-06 23:00:00');
INSERT INTO `__PREFIX__cities` (`country_code`, `name`, `longitude`, `latitude`, `feature_class`, `feature_code`, `subadmin1_code`, `subadmin2_code`, `population`, `time_zone`, `active`, `created_at`, `updated_at`) VALUES ('BY','{\"en\":\"Zaslawye\"}',27.27,54.01,'P','PPL','BY.05',NULL,13500,'Europe/Minsk',1,'2019-09-04 23:00:00','2019-09-04 23:00:00');
INSERT INTO `__PREFIX__cities` (`country_code`, `name`, `longitude`, `latitude`, `feature_class`, `feature_code`, `subadmin1_code`, `subadmin2_code`, `population`, `time_zone`, `active`, `created_at`, `updated_at`) VALUES ('BY','{\"en\":\"Voranava\"}',25.31,54.15,'P','PPLA2','BY.03',NULL,6500,'Europe/Minsk',1,'2015-01-14 23:00:00','2015-01-14 23:00:00');
INSERT INTO `__PREFIX__cities` (`country_code`, `name`, `longitude`, `latitude`, `feature_class`, `feature_code`, `subadmin1_code`, `subadmin2_code`, `population`, `time_zone`, `active`, `created_at`, `updated_at`) VALUES ('BY','{\"en\":\"Vitebsk\"}',30.20,55.19,'P','PPLA','BY.07',NULL,342700,'Europe/Minsk',1,'2018-10-26 23:00:00','2018-10-26 23:00:00');
INSERT INTO `__PREFIX__cities` (`country_code`, `name`, `longitude`, `latitude`, `feature_class`, `feature_code`, `subadmin1_code`, `subadmin2_code`, `population`, `time_zone`, `active`, `created_at`, `updated_at`) VALUES ('BY','{\"en\":\"Vishnyeva\"}',26.52,54.71,'P','PPL','BY.03',NULL,7000,'Europe/Minsk',1,'2012-02-27 23:00:00','2012-02-27 23:00:00');
INSERT INTO `__PREFIX__cities` (`country_code`, `name`, `longitude`, `latitude`, `feature_class`, `feature_code`, `subadmin1_code`, `subadmin2_code`, `population`, `time_zone`, `active`, `created_at`, `updated_at`) VALUES ('BY','{\"en\":\"Vilyeyka\"}',26.91,54.49,'P','PPLA2','BY.05',NULL,30000,'Europe/Minsk',1,'2019-03-17 23:00:00','2019-03-17 23:00:00');
INSERT INTO `__PREFIX__cities` (`country_code`, `name`, `longitude`, `latitude`, `feature_class`, `feature_code`, `subadmin1_code`, `subadmin2_code`, `population`, `time_zone`, `active`, `created_at`, `updated_at`) VALUES ('BY','{\"en\":\"Vyetka\"}',31.18,52.56,'P','PPLA2','BY.02',NULL,8969,'Europe/Minsk',1,'2014-06-26 23:00:00','2014-06-26 23:00:00');
INSERT INTO `__PREFIX__cities` (`country_code`, `name`, `longitude`, `latitude`, `feature_class`, `feature_code`, `subadmin1_code`, `subadmin2_code`, `population`, `time_zone`, `active`, `created_at`, `updated_at`) VALUES ('BY','{\"en\":\"Vyerkhnyadzvinsk\"}',27.94,55.78,'P','PPLA2','BY.07',NULL,7700,'Europe/Minsk',1,'2012-02-27 23:00:00','2012-02-27 23:00:00');
INSERT INTO `__PREFIX__cities` (`country_code`, `name`, `longitude`, `latitude`, `feature_class`, `feature_code`, `subadmin1_code`, `subadmin2_code`, `population`, `time_zone`, `active`, `created_at`, `updated_at`) VALUES ('BY','{\"en\":\"Volkovysk\"}',24.45,53.16,'P','PPLA2','BY.03',NULL,47300,'Europe/Minsk',1,'2020-03-06 23:00:00','2020-03-06 23:00:00');
INSERT INTO `__PREFIX__cities` (`country_code`, `name`, `longitude`, `latitude`, `feature_class`, `feature_code`, `subadmin1_code`, `subadmin2_code`, `population`, `time_zone`, `active`, `created_at`, `updated_at`) VALUES ('BY','{\"en\":\"Valozhyn\"}',26.53,54.09,'P','PPLA2','BY.05',NULL,9727,'Europe/Minsk',1,'2020-01-09 23:00:00','2020-01-09 23:00:00');
INSERT INTO `__PREFIX__cities` (`country_code`, `name`, `longitude`, `latitude`, `feature_class`, `feature_code`, `subadmin1_code`, `subadmin2_code`, `population`, `time_zone`, `active`, `created_at`, `updated_at`) VALUES ('BY','{\"en\":\"Uzda\"}',27.21,53.46,'P','PPL','BY.05',NULL,10000,'Europe/Minsk',1,'2012-03-21 23:00:00','2012-03-21 23:00:00');
INSERT INTO `__PREFIX__cities` (`country_code`, `name`, `longitude`, `latitude`, `feature_class`, `feature_code`, `subadmin1_code`, `subadmin2_code`, `population`, `time_zone`, `active`, `created_at`, `updated_at`) VALUES ('BY','{\"en\":\"Ushachy\"}',28.62,55.18,'P','PPL','BY.07','BY.07.620539',6071,'Europe/Minsk',1,'2014-09-11 23:00:00','2014-09-11 23:00:00');
INSERT INTO `__PREFIX__cities` (`country_code`, `name`, `longitude`, `latitude`, `feature_class`, `feature_code`, `subadmin1_code`, `subadmin2_code`, `population`, `time_zone`, `active`, `created_at`, `updated_at`) VALUES ('BY','{\"en\":\"Talachyn\"}',29.70,54.41,'P','PPLA2','BY.07',NULL,11381,'Europe/Minsk',1,'2018-10-26 23:00:00','2018-10-26 23:00:00');
INSERT INTO `__PREFIX__cities` (`country_code`, `name`, `longitude`, `latitude`, `feature_class`, `feature_code`, `subadmin1_code`, `subadmin2_code`, `population`, `time_zone`, `active`, `created_at`, `updated_at`) VALUES ('BY','{\"en\":\"Svislach\"}',24.10,53.03,'P','PPLA2','BY.03',NULL,6886,'Europe/Minsk',1,'2020-03-06 23:00:00','2020-03-06 23:00:00');
INSERT INTO `__PREFIX__cities` (`country_code`, `name`, `longitude`, `latitude`, `feature_class`, `feature_code`, `subadmin1_code`, `subadmin2_code`, `population`, `time_zone`, `active`, `created_at`, `updated_at`) VALUES ('BY','{\"en\":\"Svyetlahorsk\"}',29.74,52.63,'P','PPLA2','BY.02',NULL,71250,'Europe/Minsk',1,'2014-06-26 23:00:00','2014-06-26 23:00:00');
INSERT INTO `__PREFIX__cities` (`country_code`, `name`, `longitude`, `latitude`, `feature_class`, `feature_code`, `subadmin1_code`, `subadmin2_code`, `population`, `time_zone`, `active`, `created_at`, `updated_at`) VALUES ('BY','{\"en\":\"Stowbtsy\"}',26.74,53.48,'P','PPL','BY.05',NULL,15400,'Europe/Minsk',1,'2022-01-06 23:00:00','2022-01-06 23:00:00');
INSERT INTO `__PREFIX__cities` (`country_code`, `name`, `longitude`, `latitude`, `feature_class`, `feature_code`, `subadmin1_code`, `subadmin2_code`, `population`, `time_zone`, `active`, `created_at`, `updated_at`) VALUES ('BY','{\"en\":\"Stolin\"}',26.85,51.89,'P','PPL','BY.01',NULL,10491,'Europe/Minsk',1,'2022-01-06 23:00:00','2022-01-06 23:00:00');
INSERT INTO `__PREFIX__cities` (`country_code`, `name`, `longitude`, `latitude`, `feature_class`, `feature_code`, `subadmin1_code`, `subadmin2_code`, `population`, `time_zone`, `active`, `created_at`, `updated_at`) VALUES ('BY','{\"en\":\"Staryya Darohi\"}',28.27,53.04,'P','PPLA2','BY.05',NULL,10094,'Europe/Minsk',1,'2014-06-25 23:00:00','2014-06-25 23:00:00');
INSERT INTO `__PREFIX__cities` (`country_code`, `name`, `longitude`, `latitude`, `feature_class`, `feature_code`, `subadmin1_code`, `subadmin2_code`, `population`, `time_zone`, `active`, `created_at`, `updated_at`) VALUES ('BY','{\"en\":\"Starobin\"}',27.46,52.73,'P','PPL','BY.05',NULL,6000,'Europe/Minsk',1,'2012-01-17 23:00:00','2012-01-17 23:00:00');
INSERT INTO `__PREFIX__cities` (`country_code`, `name`, `longitude`, `latitude`, `feature_class`, `feature_code`, `subadmin1_code`, `subadmin2_code`, `population`, `time_zone`, `active`, `created_at`, `updated_at`) VALUES ('BY','{\"en\":\"Smarhoń\"}',26.40,54.48,'P','PPLA2','BY.03',NULL,36900,'Europe/Minsk',1,'2020-05-06 23:00:00','2020-05-06 23:00:00');
INSERT INTO `__PREFIX__cities` (`country_code`, `name`, `longitude`, `latitude`, `feature_class`, `feature_code`, `subadmin1_code`, `subadmin2_code`, `population`, `time_zone`, `active`, `created_at`, `updated_at`) VALUES ('BY','{\"en\":\"Smaliavičy\"}',28.09,54.02,'P','PPLA2','BY.05',NULL,12516,'Europe/Minsk',1,'2020-05-06 23:00:00','2020-05-06 23:00:00');
INSERT INTO `__PREFIX__cities` (`country_code`, `name`, `longitude`, `latitude`, `feature_class`, `feature_code`, `subadmin1_code`, `subadmin2_code`, `population`, `time_zone`, `active`, `created_at`, `updated_at`) VALUES ('BY','{\"en\":\"Smilavičy\"}',28.01,53.75,'P','PPL','BY.05',NULL,5200,'Europe/Minsk',1,'2020-05-06 23:00:00','2020-05-06 23:00:00');
INSERT INTO `__PREFIX__cities` (`country_code`, `name`, `longitude`, `latitude`, `feature_class`, `feature_code`, `subadmin1_code`, `subadmin2_code`, `population`, `time_zone`, `active`, `created_at`, `updated_at`) VALUES ('BY','{\"en\":\"Slutsk\"}',27.56,53.03,'P','PPLA2','BY.05',NULL,62228,'Europe/Minsk',1,'2019-09-04 23:00:00','2019-09-04 23:00:00');
INSERT INTO `__PREFIX__cities` (`country_code`, `name`, `longitude`, `latitude`, `feature_class`, `feature_code`, `subadmin1_code`, `subadmin2_code`, `population`, `time_zone`, `active`, `created_at`, `updated_at`) VALUES ('BY','{\"en\":\"Slonim\"}',25.32,53.09,'P','PPLA2','BY.03',NULL,51434,'Europe/Minsk',1,'2018-03-06 23:00:00','2018-03-06 23:00:00');
INSERT INTO `__PREFIX__cities` (`country_code`, `name`, `longitude`, `latitude`, `feature_class`, `feature_code`, `subadmin1_code`, `subadmin2_code`, `population`, `time_zone`, `active`, `created_at`, `updated_at`) VALUES ('BY','{\"en\":\"Slawharad\"}',31.00,53.44,'P','PPLA2','BY.06',NULL,8300,'Europe/Minsk',1,'2019-09-04 23:00:00','2019-09-04 23:00:00');
INSERT INTO `__PREFIX__cities` (`country_code`, `name`, `longitude`, `latitude`, `feature_class`, `feature_code`, `subadmin1_code`, `subadmin2_code`, `population`, `time_zone`, `active`, `created_at`, `updated_at`) VALUES ('BY','{\"en\":\"Shumilina\"}',29.61,55.30,'P','PPL','BY.07',NULL,7500,'Europe/Minsk',1,'2022-01-07 23:00:00','2022-01-07 23:00:00');
INSERT INTO `__PREFIX__cities` (`country_code`, `name`, `longitude`, `latitude`, `feature_class`, `feature_code`, `subadmin1_code`, `subadmin2_code`, `population`, `time_zone`, `active`, `created_at`, `updated_at`) VALUES ('BY','{\"en\":\"Shklow\"}',30.29,54.21,'P','PPLA2','BY.06',NULL,13485,'Europe/Minsk',1,'2012-05-04 23:00:00','2012-05-04 23:00:00');
INSERT INTO `__PREFIX__cities` (`country_code`, `name`, `longitude`, `latitude`, `feature_class`, `feature_code`, `subadmin1_code`, `subadmin2_code`, `population`, `time_zone`, `active`, `created_at`, `updated_at`) VALUES ('BY','{\"en\":\"Shchuchyn\"}',24.75,53.60,'P','PPLA2','BY.03',NULL,15700,'Europe/Minsk',1,'2017-05-06 23:00:00','2017-05-06 23:00:00');
INSERT INTO `__PREFIX__cities` (`country_code`, `name`, `longitude`, `latitude`, `feature_class`, `feature_code`, `subadmin1_code`, `subadmin2_code`, `population`, `time_zone`, `active`, `created_at`, `updated_at`) VALUES ('BY','{\"en\":\"Sharkawshchyna\"}',27.47,55.37,'P','PPLA2','BY.07',NULL,7500,'Europe/Minsk',1,'2022-01-08 23:00:00','2022-01-08 23:00:00');
INSERT INTO `__PREFIX__cities` (`country_code`, `name`, `longitude`, `latitude`, `feature_class`, `feature_code`, `subadmin1_code`, `subadmin2_code`, `population`, `time_zone`, `active`, `created_at`, `updated_at`) VALUES ('BY','{\"en\":\"Syanno\"}',29.71,54.81,'P','PPL','BY.07',NULL,7092,'Europe/Minsk',1,'2022-01-06 23:00:00','2022-01-06 23:00:00');
INSERT INTO `__PREFIX__cities` (`country_code`, `name`, `longitude`, `latitude`, `feature_class`, `feature_code`, `subadmin1_code`, `subadmin2_code`, `population`, `time_zone`, `active`, `created_at`, `updated_at`) VALUES ('BY','{\"en\":\"Salihorsk\"}',27.54,52.79,'P','PPLA2','BY.05',NULL,101614,'Europe/Minsk',1,'2015-11-10 23:00:00','2015-11-10 23:00:00');
INSERT INTO `__PREFIX__cities` (`country_code`, `name`, `longitude`, `latitude`, `feature_class`, `feature_code`, `subadmin1_code`, `subadmin2_code`, `population`, `time_zone`, `active`, `created_at`, `updated_at`) VALUES ('BY','{\"en\":\"Rasony\"}',28.81,55.91,'P','PPLA2','BY.07',NULL,5400,'Europe/Minsk',1,'2014-06-26 23:00:00','2014-06-26 23:00:00');
INSERT INTO `__PREFIX__cities` (`country_code`, `name`, `longitude`, `latitude`, `feature_class`, `feature_code`, `subadmin1_code`, `subadmin2_code`, `population`, `time_zone`, `active`, `created_at`, `updated_at`) VALUES ('BY','{\"en\":\"Ross’\"}',24.41,53.28,'P','PPL','BY.03',NULL,6200,'Europe/Minsk',1,'2020-02-06 23:00:00','2020-02-06 23:00:00');
INSERT INTO `__PREFIX__cities` (`country_code`, `name`, `longitude`, `latitude`, `feature_class`, `feature_code`, `subadmin1_code`, `subadmin2_code`, `population`, `time_zone`, `active`, `created_at`, `updated_at`) VALUES ('BY','{\"en\":\"Rahachow\"}',30.05,53.09,'P','PPLA2','BY.02',NULL,34700,'Europe/Minsk',1,'2019-09-04 23:00:00','2019-09-04 23:00:00');
INSERT INTO `__PREFIX__cities` (`country_code`, `name`, `longitude`, `latitude`, `feature_class`, `feature_code`, `subadmin1_code`, `subadmin2_code`, `population`, `time_zone`, `active`, `created_at`, `updated_at`) VALUES ('BY','{\"en\":\"Rechytsa\"}',30.39,52.36,'P','PPLA2','BY.02',NULL,65400,'Europe/Minsk',1,'2021-07-29 23:00:00','2021-07-29 23:00:00');
INSERT INTO `__PREFIX__cities` (`country_code`, `name`, `longitude`, `latitude`, `feature_class`, `feature_code`, `subadmin1_code`, `subadmin2_code`, `population`, `time_zone`, `active`, `created_at`, `updated_at`) VALUES ('BY','{\"en\":\"Rakaw\"}',27.06,53.97,'P','PPL','BY.05',NULL,6300,'Europe/Minsk',1,'2020-01-13 23:00:00','2020-01-13 23:00:00');
INSERT INTO `__PREFIX__cities` (`country_code`, `name`, `longitude`, `latitude`, `feature_class`, `feature_code`, `subadmin1_code`, `subadmin2_code`, `population`, `time_zone`, `active`, `created_at`, `updated_at`) VALUES ('BY','{\"en\":\"Radaškovičy\"}',27.24,54.16,'P','PPL','BY.05',NULL,5700,'Europe/Minsk',1,'2020-05-08 23:00:00','2020-05-08 23:00:00');
INSERT INTO `__PREFIX__cities` (`country_code`, `name`, `longitude`, `latitude`, `feature_class`, `feature_code`, `subadmin1_code`, `subadmin2_code`, `population`, `time_zone`, `active`, `created_at`, `updated_at`) VALUES ('BY','{\"en\":\"Pruzhany\"}',24.46,52.56,'P','PPLA2','BY.01',NULL,19135,'Europe/Minsk',1,'2014-06-25 23:00:00','2014-06-25 23:00:00');
INSERT INTO `__PREFIX__cities` (`country_code`, `name`, `longitude`, `latitude`, `feature_class`, `feature_code`, `subadmin1_code`, `subadmin2_code`, `population`, `time_zone`, `active`, `created_at`, `updated_at`) VALUES ('BY','{\"en\":\"Polatsk\"}',28.79,55.49,'P','PPLA2','BY.07',NULL,82258,'Europe/Minsk',1,'2019-09-04 23:00:00','2019-09-04 23:00:00');
INSERT INTO `__PREFIX__cities` (`country_code`, `name`, `longitude`, `latitude`, `feature_class`, `feature_code`, `subadmin1_code`, `subadmin2_code`, `population`, `time_zone`, `active`, `created_at`, `updated_at`) VALUES ('BY','{\"en\":\"Plyeshchanitsy\"}',27.83,54.42,'P','PPL','BY.05',NULL,7800,'Europe/Minsk',1,'2012-04-04 23:00:00','2012-04-04 23:00:00');
INSERT INTO `__PREFIX__cities` (`country_code`, `name`, `longitude`, `latitude`, `feature_class`, `feature_code`, `subadmin1_code`, `subadmin2_code`, `population`, `time_zone`, `active`, `created_at`, `updated_at`) VALUES ('BY','{\"en\":\"Pinsk\"}',26.10,52.12,'P','PPLA2','BY.01',NULL,130777,'Europe/Minsk',1,'2018-10-25 23:00:00','2018-10-25 23:00:00');
INSERT INTO `__PREFIX__cities` (`country_code`, `name`, `longitude`, `latitude`, `feature_class`, `feature_code`, `subadmin1_code`, `subadmin2_code`, `population`, `time_zone`, `active`, `created_at`, `updated_at`) VALUES ('BY','{\"en\":\"Pyetrykaw\"}',28.49,52.13,'P','PPLA2','BY.02',NULL,10552,'Europe/Minsk',1,'2014-06-26 23:00:00','2014-06-26 23:00:00');
INSERT INTO `__PREFIX__cities` (`country_code`, `name`, `longitude`, `latitude`, `feature_class`, `feature_code`, `subadmin1_code`, `subadmin2_code`, `population`, `time_zone`, `active`, `created_at`, `updated_at`) VALUES ('BY','{\"en\":\"Pastavy\"}',26.83,55.12,'P','PPL','BY.07',NULL,19800,'Europe/Minsk',1,'2022-01-06 23:00:00','2022-01-06 23:00:00');
INSERT INTO `__PREFIX__cities` (`country_code`, `name`, `longitude`, `latitude`, `feature_class`, `feature_code`, `subadmin1_code`, `subadmin2_code`, `population`, `time_zone`, `active`, `created_at`, `updated_at`) VALUES ('BY','{\"en\":\"Astravyets\"}',25.96,54.61,'P','PPL','BY.03',NULL,10878,'Europe/Minsk',1,'2022-01-06 23:00:00','2022-01-06 23:00:00');
INSERT INTO `__PREFIX__cities` (`country_code`, `name`, `longitude`, `latitude`, `feature_class`, `feature_code`, `subadmin1_code`, `subadmin2_code`, `population`, `time_zone`, `active`, `created_at`, `updated_at`) VALUES ('BY','{\"en\":\"Asipovichy\"}',28.64,53.30,'P','PPLA2','BY.06',NULL,34591,'Europe/Minsk',1,'2014-06-26 23:00:00','2014-06-26 23:00:00');
INSERT INTO `__PREFIX__cities` (`country_code`, `name`, `longitude`, `latitude`, `feature_class`, `feature_code`, `subadmin1_code`, `subadmin2_code`, `population`, `time_zone`, `active`, `created_at`, `updated_at`) VALUES ('BY','{\"en\":\"Orsha\"}',30.42,54.51,'P','PPLA2','BY.07',NULL,125347,'Europe/Minsk',1,'2022-01-18 23:00:00','2022-01-18 23:00:00');
INSERT INTO `__PREFIX__cities` (`country_code`, `name`, `longitude`, `latitude`, `feature_class`, `feature_code`, `subadmin1_code`, `subadmin2_code`, `population`, `time_zone`, `active`, `created_at`, `updated_at`) VALUES ('BY','{\"en\":\"Novolukoml’\"}',29.15,54.66,'P','PPL','BY.07','BY.07.629398',13072,'Europe/Minsk',1,'2022-01-06 23:00:00','2022-01-06 23:00:00');
INSERT INTO `__PREFIX__cities` (`country_code`, `name`, `longitude`, `latitude`, `feature_class`, `feature_code`, `subadmin1_code`, `subadmin2_code`, `population`, `time_zone`, `active`, `created_at`, `updated_at`) VALUES ('BY','{\"en\":\"Nyasvizh\"}',26.68,53.22,'P','PPLA2','BY.05',NULL,12847,'Europe/Minsk',1,'2019-09-04 23:00:00','2019-09-04 23:00:00');
INSERT INTO `__PREFIX__cities` (`country_code`, `name`, `longitude`, `latitude`, `feature_class`, `feature_code`, `subadmin1_code`, `subadmin2_code`, `population`, `time_zone`, `active`, `created_at`, `updated_at`) VALUES ('BY','{\"en\":\"Navapolatsk\"}',28.60,55.53,'P','PPL','BY.07',NULL,108000,'Europe/Minsk',1,'2022-01-06 23:00:00','2022-01-06 23:00:00');
INSERT INTO `__PREFIX__cities` (`country_code`, `name`, `longitude`, `latitude`, `feature_class`, `feature_code`, `subadmin1_code`, `subadmin2_code`, `population`, `time_zone`, `active`, `created_at`, `updated_at`) VALUES ('BY','{\"en\":\"Novogrudok\"}',25.82,53.59,'P','PPL','BY.03',NULL,29441,'Europe/Minsk',1,'2022-01-06 23:00:00','2022-01-06 23:00:00');
INSERT INTO `__PREFIX__cities` (`country_code`, `name`, `longitude`, `latitude`, `feature_class`, `feature_code`, `subadmin1_code`, `subadmin2_code`, `population`, `time_zone`, `active`, `created_at`, `updated_at`) VALUES ('BY','{\"en\":\"Myadzyel\"}',26.94,54.88,'P','PPLA2','BY.05',NULL,10000,'Europe/Minsk',1,'2020-01-13 23:00:00','2020-01-13 23:00:00');
INSERT INTO `__PREFIX__cities` (`country_code`, `name`, `longitude`, `latitude`, `feature_class`, `feature_code`, `subadmin1_code`, `subadmin2_code`, `population`, `time_zone`, `active`, `created_at`, `updated_at`) VALUES ('BY','{\"en\":\"Mstsislaw\"}',31.72,54.02,'P','PPLA2','BY.06',NULL,11500,'Europe/Minsk',1,'2019-09-04 23:00:00','2019-09-04 23:00:00');
INSERT INTO `__PREFIX__cities` (`country_code`, `name`, `longitude`, `latitude`, `feature_class`, `feature_code`, `subadmin1_code`, `subadmin2_code`, `population`, `time_zone`, `active`, `created_at`, `updated_at`) VALUES ('BY','{\"en\":\"Myory\"}',27.63,55.62,'P','PPLA2','BY.07',NULL,10649,'Europe/Minsk',1,'2014-06-26 23:00:00','2014-06-26 23:00:00');
INSERT INTO `__PREFIX__cities` (`country_code`, `name`, `longitude`, `latitude`, `feature_class`, `feature_code`, `subadmin1_code`, `subadmin2_code`, `population`, `time_zone`, `active`, `created_at`, `updated_at`) VALUES ('BY','{\"en\":\"Minsk\"}',27.57,53.90,'P','PPLC','BY.04',NULL,1742124,'Europe/Minsk',1,'2019-09-04 23:00:00','2019-09-04 23:00:00');
INSERT INTO `__PREFIX__cities` (`country_code`, `name`, `longitude`, `latitude`, `feature_class`, `feature_code`, `subadmin1_code`, `subadmin2_code`, `population`, `time_zone`, `active`, `created_at`, `updated_at`) VALUES ('BY','{\"en\":\"Mikashevichy\"}',27.48,52.22,'P','PPL','BY.01',NULL,14000,'Europe/Minsk',1,'2013-07-04 23:00:00','2013-07-04 23:00:00');
INSERT INTO `__PREFIX__cities` (`country_code`, `name`, `longitude`, `latitude`, `feature_class`, `feature_code`, `subadmin1_code`, `subadmin2_code`, `population`, `time_zone`, `active`, `created_at`, `updated_at`) VALUES ('BY','{\"en\":\"Mazyr\"}',29.25,52.05,'P','PPLA2','BY.02',NULL,112137,'Europe/Minsk',1,'2018-10-25 23:00:00','2018-10-25 23:00:00');
INSERT INTO `__PREFIX__cities` (`country_code`, `name`, `longitude`, `latitude`, `feature_class`, `feature_code`, `subadmin1_code`, `subadmin2_code`, `population`, `time_zone`, `active`, `created_at`, `updated_at`) VALUES ('BY','{\"en\":\"Mosty\"}',24.54,53.41,'P','PPLA2','BY.03',NULL,16102,'Europe/Minsk',1,'2019-09-04 23:00:00','2019-09-04 23:00:00');
INSERT INTO `__PREFIX__cities` (`country_code`, `name`, `longitude`, `latitude`, `feature_class`, `feature_code`, `subadmin1_code`, `subadmin2_code`, `population`, `time_zone`, `active`, `created_at`, `updated_at`) VALUES ('BY','{\"en\":\"Mar’’ina Horka\"}',28.15,53.51,'P','PPL','BY.05',NULL,20100,'Europe/Minsk',1,'2020-06-09 23:00:00','2020-06-09 23:00:00');
INSERT INTO `__PREFIX__cities` (`country_code`, `name`, `longitude`, `latitude`, `feature_class`, `feature_code`, `subadmin1_code`, `subadmin2_code`, `population`, `time_zone`, `active`, `created_at`, `updated_at`) VALUES ('BY','{\"en\":\"Malaryta\"}',24.07,51.79,'P','PPLA2','BY.01',NULL,9692,'Europe/Minsk',1,'2021-12-21 23:00:00','2021-12-21 23:00:00');
INSERT INTO `__PREFIX__cities` (`country_code`, `name`, `longitude`, `latitude`, `feature_class`, `feature_code`, `subadmin1_code`, `subadmin2_code`, `population`, `time_zone`, `active`, `created_at`, `updated_at`) VALUES ('BY','{\"en\":\"Maladziečna\"}',26.85,54.32,'P','PPLA2','BY.05',NULL,101300,'Europe/Minsk',1,'2021-07-29 23:00:00','2021-07-29 23:00:00');
INSERT INTO `__PREFIX__cities` (`country_code`, `name`, `longitude`, `latitude`, `feature_class`, `feature_code`, `subadmin1_code`, `subadmin2_code`, `population`, `time_zone`, `active`, `created_at`, `updated_at`) VALUES ('BY','{\"en\":\"Mahilyow\"}',30.34,53.92,'P','PPLA','BY.06',NULL,369200,'Europe/Minsk',1,'2017-12-03 23:00:00','2017-12-03 23:00:00');
INSERT INTO `__PREFIX__cities` (`country_code`, `name`, `longitude`, `latitude`, `feature_class`, `feature_code`, `subadmin1_code`, `subadmin2_code`, `population`, `time_zone`, `active`, `created_at`, `updated_at`) VALUES ('BY','{\"en\":\"Machulishchy\"}',27.59,53.78,'P','PPL','BY.05',NULL,8000,'Europe/Minsk',1,'2012-03-21 23:00:00','2012-03-21 23:00:00');
INSERT INTO `__PREFIX__cities` (`country_code`, `name`, `longitude`, `latitude`, `feature_class`, `feature_code`, `subadmin1_code`, `subadmin2_code`, `population`, `time_zone`, `active`, `created_at`, `updated_at`) VALUES ('BY','{\"en\":\"Lyuban’\"}',28.00,52.80,'P','PPLA2','BY.05',NULL,10107,'Europe/Minsk',1,'2020-06-09 23:00:00','2020-06-09 23:00:00');
INSERT INTO `__PREFIX__cities` (`country_code`, `name`, `longitude`, `latitude`, `feature_class`, `feature_code`, `subadmin1_code`, `subadmin2_code`, `population`, `time_zone`, `active`, `created_at`, `updated_at`) VALUES ('BY','{\"en\":\"Lyepyel’\"}',28.70,54.88,'P','PPL','BY.07',NULL,17400,'Europe/Minsk',1,'2012-02-27 23:00:00','2012-02-27 23:00:00');
INSERT INTO `__PREFIX__cities` (`country_code`, `name`, `longitude`, `latitude`, `feature_class`, `feature_code`, `subadmin1_code`, `subadmin2_code`, `population`, `time_zone`, `active`, `created_at`, `updated_at`) VALUES ('BY','{\"en\":\"Lyakhavichy\"}',26.27,53.04,'P','PPLA2','BY.01',NULL,11500,'Europe/Minsk',1,'2012-03-21 23:00:00','2012-03-21 23:00:00');
INSERT INTO `__PREFIX__cities` (`country_code`, `name`, `longitude`, `latitude`, `feature_class`, `feature_code`, `subadmin1_code`, `subadmin2_code`, `population`, `time_zone`, `active`, `created_at`, `updated_at`) VALUES ('BY','{\"en\":\"Luninyets\"}',26.80,52.25,'P','PPLA2','BY.01',NULL,25000,'Europe/Minsk',1,'2012-01-17 23:00:00','2012-01-17 23:00:00');
INSERT INTO `__PREFIX__cities` (`country_code`, `name`, `longitude`, `latitude`, `feature_class`, `feature_code`, `subadmin1_code`, `subadmin2_code`, `population`, `time_zone`, `active`, `created_at`, `updated_at`) VALUES ('BY','{\"en\":\"Loyew\"}',30.80,51.95,'P','PPLA2','BY.02',NULL,7000,'Europe/Minsk',1,'2014-06-26 23:00:00','2014-06-26 23:00:00');
INSERT INTO `__PREFIX__cities` (`country_code`, `name`, `longitude`, `latitude`, `feature_class`, `feature_code`, `subadmin1_code`, `subadmin2_code`, `population`, `time_zone`, `active`, `created_at`, `updated_at`) VALUES ('BY','{\"en\":\"Loshnitsa\"}',28.76,54.28,'P','PPL','BY.05',NULL,6524,'Europe/Minsk',1,'2012-04-04 23:00:00','2012-04-04 23:00:00');
INSERT INTO `__PREFIX__cities` (`country_code`, `name`, `longitude`, `latitude`, `feature_class`, `feature_code`, `subadmin1_code`, `subadmin2_code`, `population`, `time_zone`, `active`, `created_at`, `updated_at`) VALUES ('BY','{\"en\":\"Lahoysk\"}',27.85,54.21,'P','PPLA2','BY.05',NULL,10321,'Europe/Minsk',1,'2012-04-04 23:00:00','2012-04-04 23:00:00');
INSERT INTO `__PREFIX__cities` (`country_code`, `name`, `longitude`, `latitude`, `feature_class`, `feature_code`, `subadmin1_code`, `subadmin2_code`, `population`, `time_zone`, `active`, `created_at`, `updated_at`) VALUES ('BY','{\"en\":\"Lyozna\"}',30.80,55.02,'P','PPLA2','BY.07','BY.07.626065',6600,'Europe/Minsk',1,'2015-03-03 23:00:00','2015-03-03 23:00:00');
INSERT INTO `__PREFIX__cities` (`country_code`, `name`, `longitude`, `latitude`, `feature_class`, `feature_code`, `subadmin1_code`, `subadmin2_code`, `population`, `time_zone`, `active`, `created_at`, `updated_at`) VALUES ('BY','{\"en\":\"Lida\"}',25.30,53.88,'P','PPL','BY.03',NULL,102700,'Europe/Minsk',1,'2022-01-06 23:00:00','2022-01-06 23:00:00');
INSERT INTO `__PREFIX__cities` (`country_code`, `name`, `longitude`, `latitude`, `feature_class`, `feature_code`, `subadmin1_code`, `subadmin2_code`, `population`, `time_zone`, `active`, `created_at`, `updated_at`) VALUES ('BY','{\"en\":\"Krychaw\"}',31.72,53.71,'P','PPLA2','BY.06',NULL,27681,'Europe/Minsk',1,'2021-07-29 23:00:00','2021-07-29 23:00:00');
INSERT INTO `__PREFIX__cities` (`country_code`, `name`, `longitude`, `latitude`, `feature_class`, `feature_code`, `subadmin1_code`, `subadmin2_code`, `population`, `time_zone`, `active`, `created_at`, `updated_at`) VALUES ('BY','{\"en\":\"Krupki\"}',29.14,54.32,'P','PPLA2','BY.05',NULL,8600,'Europe/Minsk',1,'2019-09-04 23:00:00','2019-09-04 23:00:00');
INSERT INTO `__PREFIX__cities` (`country_code`, `name`, `longitude`, `latitude`, `feature_class`, `feature_code`, `subadmin1_code`, `subadmin2_code`, `population`, `time_zone`, `active`, `created_at`, `updated_at`) VALUES ('BY','{\"en\":\"Kruhlaye\"}',29.80,54.25,'P','PPLA2','BY.06',NULL,7300,'Europe/Minsk',1,'2012-06-04 23:00:00','2012-06-04 23:00:00');
INSERT INTO `__PREFIX__cities` (`country_code`, `name`, `longitude`, `latitude`, `feature_class`, `feature_code`, `subadmin1_code`, `subadmin2_code`, `population`, `time_zone`, `active`, `created_at`, `updated_at`) VALUES ('BY','{\"en\":\"Krasnosel’skiy\"}',24.42,53.26,'P','PPL','BY.03',NULL,7300,'Europe/Minsk',1,'2020-06-09 23:00:00','2020-06-09 23:00:00');
INSERT INTO `__PREFIX__cities` (`country_code`, `name`, `longitude`, `latitude`, `feature_class`, `feature_code`, `subadmin1_code`, `subadmin2_code`, `population`, `time_zone`, `active`, `created_at`, `updated_at`) VALUES ('BY','{\"en\":\"Krasnapollye\"}',31.40,53.34,'P','PPLA2','BY.06',NULL,6100,'Europe/Minsk',1,'2012-06-04 23:00:00','2012-06-04 23:00:00');
INSERT INTO `__PREFIX__cities` (`country_code`, `name`, `longitude`, `latitude`, `feature_class`, `feature_code`, `subadmin1_code`, `subadmin2_code`, `population`, `time_zone`, `active`, `created_at`, `updated_at`) VALUES ('BY','{\"en\":\"Kastsyukowka\"}',30.92,52.54,'P','PPL','BY.02',NULL,10552,'Europe/Minsk',1,'2014-06-25 23:00:00','2014-06-25 23:00:00');
INSERT INTO `__PREFIX__cities` (`country_code`, `name`, `longitude`, `latitude`, `feature_class`, `feature_code`, `subadmin1_code`, `subadmin2_code`, `population`, `time_zone`, `active`, `created_at`, `updated_at`) VALUES ('BY','{\"en\":\"Kastsyukovichy\"}',32.05,53.35,'P','PPLA2','BY.06',NULL,11946,'Europe/Minsk',1,'2014-06-25 23:00:00','2014-06-25 23:00:00');
INSERT INTO `__PREFIX__cities` (`country_code`, `name`, `longitude`, `latitude`, `feature_class`, `feature_code`, `subadmin1_code`, `subadmin2_code`, `population`, `time_zone`, `active`, `created_at`, `updated_at`) VALUES ('BY','{\"en\":\"Karelichy\"}',26.14,53.56,'P','PPL','BY.03',NULL,7800,'Europe/Minsk',1,'2022-01-06 23:00:00','2022-01-06 23:00:00');
INSERT INTO `__PREFIX__cities` (`country_code`, `name`, `longitude`, `latitude`, `feature_class`, `feature_code`, `subadmin1_code`, `subadmin2_code`, `population`, `time_zone`, `active`, `created_at`, `updated_at`) VALUES ('BY','{\"en\":\"Kapyl’\"}',27.09,53.15,'P','PPLA2','BY.05',NULL,10500,'Europe/Minsk',1,'2020-06-09 23:00:00','2020-06-09 23:00:00');
INSERT INTO `__PREFIX__cities` (`country_code`, `name`, `longitude`, `latitude`, `feature_class`, `feature_code`, `subadmin1_code`, `subadmin2_code`, `population`, `time_zone`, `active`, `created_at`, `updated_at`) VALUES ('BY','{\"en\":\"Kalodzishchy\"}',27.78,53.94,'P','PPL','BY.05',NULL,17000,'Europe/Minsk',1,'2012-03-21 23:00:00','2012-03-21 23:00:00');
INSERT INTO `__PREFIX__cities` (`country_code`, `name`, `longitude`, `latitude`, `feature_class`, `feature_code`, `subadmin1_code`, `subadmin2_code`, `population`, `time_zone`, `active`, `created_at`, `updated_at`) VALUES ('BY','{\"en\":\"Kobryn\"}',24.36,52.21,'P','PPLA2','BY.01',NULL,50691,'Europe/Minsk',1,'2019-09-04 23:00:00','2019-09-04 23:00:00');
INSERT INTO `__PREFIX__cities` (`country_code`, `name`, `longitude`, `latitude`, `feature_class`, `feature_code`, `subadmin1_code`, `subadmin2_code`, `population`, `time_zone`, `active`, `created_at`, `updated_at`) VALUES ('BY','{\"en\":\"Klimavichy\"}',31.96,53.61,'P','PPLA2','BY.06',NULL,14951,'Europe/Minsk',1,'2019-09-04 23:00:00','2019-09-04 23:00:00');
INSERT INTO `__PREFIX__cities` (`country_code`, `name`, `longitude`, `latitude`, `feature_class`, `feature_code`, `subadmin1_code`, `subadmin2_code`, `population`, `time_zone`, `active`, `created_at`, `updated_at`) VALUES ('BY','{\"en\":\"Kličaŭ\"}',29.34,53.49,'P','PPLA2','BY.06',NULL,7200,'Europe/Minsk',1,'2020-05-08 23:00:00','2020-05-08 23:00:00');
INSERT INTO `__PREFIX__cities` (`country_code`, `name`, `longitude`, `latitude`, `feature_class`, `feature_code`, `subadmin1_code`, `subadmin2_code`, `population`, `time_zone`, `active`, `created_at`, `updated_at`) VALUES ('BY','{\"en\":\"Klyetsk\"}',26.63,53.06,'P','PPLA2','BY.05',NULL,9641,'Europe/Minsk',1,'2014-06-26 23:00:00','2014-06-26 23:00:00');
INSERT INTO `__PREFIX__cities` (`country_code`, `name`, `longitude`, `latitude`, `feature_class`, `feature_code`, `subadmin1_code`, `subadmin2_code`, `population`, `time_zone`, `active`, `created_at`, `updated_at`) VALUES ('BY','{\"en\":\"Kirawsk\"}',29.48,53.27,'P','PPLA2','BY.06',NULL,8700,'Europe/Minsk',1,'2018-10-26 23:00:00','2018-10-26 23:00:00');
INSERT INTO `__PREFIX__cities` (`country_code`, `name`, `longitude`, `latitude`, `feature_class`, `feature_code`, `subadmin1_code`, `subadmin2_code`, `population`, `time_zone`, `active`, `created_at`, `updated_at`) VALUES ('BY','{\"en\":\"Khoyniki\"}',29.96,51.89,'P','PPLA2','BY.02',NULL,13200,'Europe/Minsk',1,'2012-01-17 23:00:00','2012-01-17 23:00:00');
INSERT INTO `__PREFIX__cities` (`country_code`, `name`, `longitude`, `latitude`, `feature_class`, `feature_code`, `subadmin1_code`, `subadmin2_code`, `population`, `time_zone`, `active`, `created_at`, `updated_at`) VALUES ('BY','{\"en\":\"Kamyanyets\"}',23.81,52.40,'P','PPL','BY.01',NULL,8425,'Europe/Minsk',1,'2022-01-06 23:00:00','2022-01-06 23:00:00');
INSERT INTO `__PREFIX__cities` (`country_code`, `name`, `longitude`, `latitude`, `feature_class`, `feature_code`, `subadmin1_code`, `subadmin2_code`, `population`, `time_zone`, `active`, `created_at`, `updated_at`) VALUES ('BY','{\"en\":\"Kalinkavichy\"}',29.33,52.13,'P','PPLA2','BY.02',NULL,37190,'Europe/Minsk',1,'2014-06-25 23:00:00','2014-06-25 23:00:00');
INSERT INTO `__PREFIX__cities` (`country_code`, `name`, `longitude`, `latitude`, `feature_class`, `feature_code`, `subadmin1_code`, `subadmin2_code`, `population`, `time_zone`, `active`, `created_at`, `updated_at`) VALUES ('BY','{\"en\":\"Iwye\"}',25.77,53.93,'P','PPL','BY.03',NULL,9684,'Europe/Minsk',1,'2018-10-03 23:00:00','2018-10-03 23:00:00');
INSERT INTO `__PREFIX__cities` (`country_code`, `name`, `longitude`, `latitude`, `feature_class`, `feature_code`, `subadmin1_code`, `subadmin2_code`, `population`, `time_zone`, `active`, `created_at`, `updated_at`) VALUES ('BY','{\"en\":\"Ivatsevichy\"}',25.34,52.71,'P','PPLA2','BY.01',NULL,24200,'Europe/Minsk',1,'2012-01-17 23:00:00','2012-01-17 23:00:00');
INSERT INTO `__PREFIX__cities` (`country_code`, `name`, `longitude`, `latitude`, `feature_class`, `feature_code`, `subadmin1_code`, `subadmin2_code`, `population`, `time_zone`, `active`, `created_at`, `updated_at`) VALUES ('BY','{\"en\":\"Ivanava\"}',25.54,52.15,'P','PPLA2','BY.01',NULL,13614,'Europe/Minsk',1,'2014-06-25 23:00:00','2014-06-25 23:00:00');
INSERT INTO `__PREFIX__cities` (`country_code`, `name`, `longitude`, `latitude`, `feature_class`, `feature_code`, `subadmin1_code`, `subadmin2_code`, `population`, `time_zone`, `active`, `created_at`, `updated_at`) VALUES ('BY','{\"en\":\"Hrodna\"}',23.83,53.69,'P','PPLA','BY.03',NULL,317365,'Europe/Minsk',1,'2019-09-04 23:00:00','2019-09-04 23:00:00');
INSERT INTO `__PREFIX__cities` (`country_code`, `name`, `longitude`, `latitude`, `feature_class`, `feature_code`, `subadmin1_code`, `subadmin2_code`, `population`, `time_zone`, `active`, `created_at`, `updated_at`) VALUES ('BY','{\"en\":\"Horki\"}',30.99,54.29,'P','PPLA2','BY.06',NULL,33897,'Europe/Minsk',1,'2019-09-04 23:00:00','2019-09-04 23:00:00');
INSERT INTO `__PREFIX__cities` (`country_code`, `name`, `longitude`, `latitude`, `feature_class`, `feature_code`, `subadmin1_code`, `subadmin2_code`, `population`, `time_zone`, `active`, `created_at`, `updated_at`) VALUES ('BY','{\"en\":\"Homyel\'\"}',30.98,52.43,'P','PPLA','BY.02',NULL,480951,'Europe/Minsk',1,'2019-09-04 23:00:00','2019-09-04 23:00:00');
INSERT INTO `__PREFIX__cities` (`country_code`, `name`, `longitude`, `latitude`, `feature_class`, `feature_code`, `subadmin1_code`, `subadmin2_code`, `population`, `time_zone`, `active`, `created_at`, `updated_at`) VALUES ('BY','{\"en\":\"Hlybokaye\"}',27.69,55.14,'P','PPLA2','BY.07',NULL,22000,'Europe/Minsk',1,'2012-02-27 23:00:00','2012-02-27 23:00:00');
INSERT INTO `__PREFIX__cities` (`country_code`, `name`, `longitude`, `latitude`, `feature_class`, `feature_code`, `subadmin1_code`, `subadmin2_code`, `population`, `time_zone`, `active`, `created_at`, `updated_at`) VALUES ('BY','{\"en\":\"Hantsavichy\"}',26.43,52.76,'P','PPLA2','BY.01',NULL,13800,'Europe/Minsk',1,'2019-09-04 23:00:00','2019-09-04 23:00:00');
INSERT INTO `__PREFIX__cities` (`country_code`, `name`, `longitude`, `latitude`, `feature_class`, `feature_code`, `subadmin1_code`, `subadmin2_code`, `population`, `time_zone`, `active`, `created_at`, `updated_at`) VALUES ('BY','{\"en\":\"Haradok\"}',29.98,55.46,'P','PPLA2','BY.07',NULL,13380,'Europe/Minsk',1,'2019-09-04 23:00:00','2019-09-04 23:00:00');
INSERT INTO `__PREFIX__cities` (`country_code`, `name`, `longitude`, `latitude`, `feature_class`, `feature_code`, `subadmin1_code`, `subadmin2_code`, `population`, `time_zone`, `active`, `created_at`, `updated_at`) VALUES ('BY','{\"en\":\"Hlusk\"}',28.68,52.90,'P','PPLA2','BY.06',NULL,7800,'Europe/Minsk',1,'2013-05-11 23:00:00','2013-05-11 23:00:00');
INSERT INTO `__PREFIX__cities` (`country_code`, `name`, `longitude`, `latitude`, `feature_class`, `feature_code`, `subadmin1_code`, `subadmin2_code`, `population`, `time_zone`, `active`, `created_at`, `updated_at`) VALUES ('BY','{\"en\":\"Hatava\"}',27.64,53.78,'P','PPL','BY.05',NULL,8000,'Europe/Minsk',1,'2012-03-21 23:00:00','2012-03-21 23:00:00');
INSERT INTO `__PREFIX__cities` (`country_code`, `name`, `longitude`, `latitude`, `feature_class`, `feature_code`, `subadmin1_code`, `subadmin2_code`, `population`, `time_zone`, `active`, `created_at`, `updated_at`) VALUES ('BY','{\"en\":\"Dzyarzhynsk\"}',27.14,53.68,'P','PPL','BY.05',NULL,25164,'Europe/Minsk',1,'2022-01-06 23:00:00','2022-01-06 23:00:00');
INSERT INTO `__PREFIX__cities` (`country_code`, `name`, `longitude`, `latitude`, `feature_class`, `feature_code`, `subadmin1_code`, `subadmin2_code`, `population`, `time_zone`, `active`, `created_at`, `updated_at`) VALUES ('BY','{\"en\":\"Dyatlovo\"}',25.41,53.46,'P','PPL','BY.03',NULL,7700,'Europe/Minsk',1,'2022-01-06 23:00:00','2022-01-06 23:00:00');
INSERT INTO `__PREFIX__cities` (`country_code`, `name`, `longitude`, `latitude`, `feature_class`, `feature_code`, `subadmin1_code`, `subadmin2_code`, `population`, `time_zone`, `active`, `created_at`, `updated_at`) VALUES ('BY','{\"en\":\"Dubrowna\"}',30.69,54.57,'P','PPLA2','BY.07',NULL,8000,'Europe/Minsk',1,'2014-06-25 23:00:00','2014-06-25 23:00:00');
INSERT INTO `__PREFIX__cities` (`country_code`, `name`, `longitude`, `latitude`, `feature_class`, `feature_code`, `subadmin1_code`, `subadmin2_code`, `population`, `time_zone`, `active`, `created_at`, `updated_at`) VALUES ('BY','{\"en\":\"Drahichyn\"}',25.16,52.19,'P','PPL','BY.01',NULL,13389,'Europe/Minsk',1,'2014-06-25 23:00:00','2014-06-25 23:00:00');
INSERT INTO `__PREFIX__cities` (`country_code`, `name`, `longitude`, `latitude`, `feature_class`, `feature_code`, `subadmin1_code`, `subadmin2_code`, `population`, `time_zone`, `active`, `created_at`, `updated_at`) VALUES ('BY','{\"en\":\"Dokshytsy\"}',27.77,54.89,'P','PPLA2','BY.07',NULL,8190,'Europe/Minsk',1,'2019-09-04 23:00:00','2019-09-04 23:00:00');
INSERT INTO `__PREFIX__cities` (`country_code`, `name`, `longitude`, `latitude`, `feature_class`, `feature_code`, `subadmin1_code`, `subadmin2_code`, `population`, `time_zone`, `active`, `created_at`, `updated_at`) VALUES ('BY','{\"en\":\"Dobrush\"}',31.31,52.43,'P','PPLA2','BY.02',NULL,19083,'Europe/Minsk',1,'2021-07-08 23:00:00','2021-07-08 23:00:00');
INSERT INTO `__PREFIX__cities` (`country_code`, `name`, `longitude`, `latitude`, `feature_class`, `feature_code`, `subadmin1_code`, `subadmin2_code`, `population`, `time_zone`, `active`, `created_at`, `updated_at`) VALUES ('BY','{\"en\":\"Davyd-Haradok\"}',27.22,52.06,'P','PPL','BY.01',NULL,5919,'Europe/Minsk',1,'2022-01-06 23:00:00','2022-01-06 23:00:00');
INSERT INTO `__PREFIX__cities` (`country_code`, `name`, `longitude`, `latitude`, `feature_class`, `feature_code`, `subadmin1_code`, `subadmin2_code`, `population`, `time_zone`, `active`, `created_at`, `updated_at`) VALUES ('BY','{\"en\":\"Červień\"}',28.43,53.71,'P','PPL','BY.05',NULL,9718,'Europe/Minsk',1,'2022-01-06 23:00:00','2022-01-06 23:00:00');
INSERT INTO `__PREFIX__cities` (`country_code`, `name`, `longitude`, `latitude`, `feature_class`, `feature_code`, `subadmin1_code`, `subadmin2_code`, `population`, `time_zone`, `active`, `created_at`, `updated_at`) VALUES ('BY','{\"en\":\"Cherykaw\"}',31.38,53.57,'P','PPLA2','BY.06',NULL,7874,'Europe/Minsk',1,'2014-06-26 23:00:00','2014-06-26 23:00:00');
INSERT INTO `__PREFIX__cities` (`country_code`, `name`, `longitude`, `latitude`, `feature_class`, `feature_code`, `subadmin1_code`, `subadmin2_code`, `population`, `time_zone`, `active`, `created_at`, `updated_at`) VALUES ('BY','{\"en\":\"Chachersk\"}',30.92,52.92,'P','PPL','BY.02',NULL,7600,'Europe/Minsk',1,'2019-09-04 23:00:00','2019-09-04 23:00:00');
INSERT INTO `__PREFIX__cities` (`country_code`, `name`, `longitude`, `latitude`, `feature_class`, `feature_code`, `subadmin1_code`, `subadmin2_code`, `population`, `time_zone`, `active`, `created_at`, `updated_at`) VALUES ('BY','{\"en\":\"Chavusy\"}',30.97,53.81,'P','PPLA2','BY.06',NULL,11313,'Europe/Minsk',1,'2019-09-04 23:00:00','2019-09-04 23:00:00');
INSERT INTO `__PREFIX__cities` (`country_code`, `name`, `longitude`, `latitude`, `feature_class`, `feature_code`, `subadmin1_code`, `subadmin2_code`, `population`, `time_zone`, `active`, `created_at`, `updated_at`) VALUES ('BY','{\"en\":\"Chashniki\"}',29.16,54.86,'P','PPLA2','BY.07',NULL,11484,'Europe/Minsk',1,'2014-06-26 23:00:00','2014-06-26 23:00:00');
INSERT INTO `__PREFIX__cities` (`country_code`, `name`, `longitude`, `latitude`, `feature_class`, `feature_code`, `subadmin1_code`, `subadmin2_code`, `population`, `time_zone`, `active`, `created_at`, `updated_at`) VALUES ('BY','{\"en\":\"Bykhaw\"}',30.25,53.52,'P','PPLA2','BY.06',NULL,17500,'Europe/Minsk',1,'2019-09-04 23:00:00','2019-09-04 23:00:00');
INSERT INTO `__PREFIX__cities` (`country_code`, `name`, `longitude`, `latitude`, `feature_class`, `feature_code`, `subadmin1_code`, `subadmin2_code`, `population`, `time_zone`, `active`, `created_at`, `updated_at`) VALUES ('BY','{\"en\":\"Byaroza\"}',24.98,52.53,'P','PPLA2','BY.01',NULL,29645,'Europe/Minsk',1,'2013-12-09 23:00:00','2013-12-09 23:00:00');
INSERT INTO `__PREFIX__cities` (`country_code`, `name`, `longitude`, `latitude`, `feature_class`, `feature_code`, `subadmin1_code`, `subadmin2_code`, `population`, `time_zone`, `active`, `created_at`, `updated_at`) VALUES ('BY','{\"en\":\"Brest\"}',23.69,52.10,'P','PPLA','BY.01',NULL,300715,'Europe/Minsk',1,'2017-05-06 23:00:00','2017-05-06 23:00:00');
INSERT INTO `__PREFIX__cities` (`country_code`, `name`, `longitude`, `latitude`, `feature_class`, `feature_code`, `subadmin1_code`, `subadmin2_code`, `population`, `time_zone`, `active`, `created_at`, `updated_at`) VALUES ('BY','{\"en\":\"Braslaw\"}',27.04,55.64,'P','PPLA2','BY.07',NULL,12378,'Europe/Minsk',1,'2019-09-04 23:00:00','2019-09-04 23:00:00');
INSERT INTO `__PREFIX__cities` (`country_code`, `name`, `longitude`, `latitude`, `feature_class`, `feature_code`, `subadmin1_code`, `subadmin2_code`, `population`, `time_zone`, `active`, `created_at`, `updated_at`) VALUES ('BY','{\"en\":\"Vyalikaya Byerastavitsa\"}',24.02,53.20,'P','PPLA2','BY.03',NULL,5900,'Europe/Minsk',1,'2020-03-06 23:00:00','2020-03-06 23:00:00');
INSERT INTO `__PREFIX__cities` (`country_code`, `name`, `longitude`, `latitude`, `feature_class`, `feature_code`, `subadmin1_code`, `subadmin2_code`, `population`, `time_zone`, `active`, `created_at`, `updated_at`) VALUES ('BY','{\"en\":\"Byarozawka\"}',25.50,53.72,'P','PPL','BY.03',NULL,11800,'Europe/Minsk',1,'2018-11-05 23:00:00','2018-11-05 23:00:00');
INSERT INTO `__PREFIX__cities` (`country_code`, `name`, `longitude`, `latitude`, `feature_class`, `feature_code`, `subadmin1_code`, `subadmin2_code`, `population`, `time_zone`, `active`, `created_at`, `updated_at`) VALUES ('BY','{\"en\":\"Bierazino\"}',28.99,53.84,'P','PPL','BY.05',NULL,12800,'Europe/Minsk',1,'2022-01-06 23:00:00','2022-01-06 23:00:00');
INSERT INTO `__PREFIX__cities` (`country_code`, `name`, `longitude`, `latitude`, `feature_class`, `feature_code`, `subadmin1_code`, `subadmin2_code`, `population`, `time_zone`, `active`, `created_at`, `updated_at`) VALUES ('BY','{\"en\":\"Byalynichy\"}',29.71,54.00,'P','PPLA2','BY.06',NULL,9600,'Europe/Minsk',1,'2012-05-04 23:00:00','2012-05-04 23:00:00');
INSERT INTO `__PREFIX__cities` (`country_code`, `name`, `longitude`, `latitude`, `feature_class`, `feature_code`, `subadmin1_code`, `subadmin2_code`, `population`, `time_zone`, `active`, `created_at`, `updated_at`) VALUES ('BY','{\"en\":\"Byelaazyorsk\"}',25.18,52.47,'P','PPL','BY.01',NULL,10691,'Europe/Minsk',1,'2014-06-25 23:00:00','2014-06-25 23:00:00');
INSERT INTO `__PREFIX__cities` (`country_code`, `name`, `longitude`, `latitude`, `feature_class`, `feature_code`, `subadmin1_code`, `subadmin2_code`, `population`, `time_zone`, `active`, `created_at`, `updated_at`) VALUES ('BY','{\"en\":\"Barysaw\"}',28.50,54.23,'P','PPLA2','BY.05','BY.05.629799',143919,'Europe/Minsk',1,'2018-02-26 23:00:00','2018-02-26 23:00:00');
INSERT INTO `__PREFIX__cities` (`country_code`, `name`, `longitude`, `latitude`, `feature_class`, `feature_code`, `subadmin1_code`, `subadmin2_code`, `population`, `time_zone`, `active`, `created_at`, `updated_at`) VALUES ('BY','{\"en\":\"Baranovichi\"}',26.01,53.13,'P','PPLA2','BY.01',NULL,168772,'Europe/Minsk',1,'2018-10-25 23:00:00','2018-10-25 23:00:00');
INSERT INTO `__PREFIX__cities` (`country_code`, `name`, `longitude`, `latitude`, `feature_class`, `feature_code`, `subadmin1_code`, `subadmin2_code`, `population`, `time_zone`, `active`, `created_at`, `updated_at`) VALUES ('BY','{\"en\":\"Baran’\"}',30.32,54.48,'P','PPL','BY.07',NULL,11600,'Europe/Minsk',1,'2014-06-26 23:00:00','2014-06-26 23:00:00');
INSERT INTO `__PREFIX__cities` (`country_code`, `name`, `longitude`, `latitude`, `feature_class`, `feature_code`, `subadmin1_code`, `subadmin2_code`, `population`, `time_zone`, `active`, `created_at`, `updated_at`) VALUES ('BY','{\"en\":\"Babruysk\"}',29.22,53.14,'P','PPLA2','BY.06',NULL,220517,'Europe/Minsk',1,'2012-01-17 23:00:00','2012-01-17 23:00:00');
INSERT INTO `__PREFIX__cities` (`country_code`, `name`, `longitude`, `latitude`, `feature_class`, `feature_code`, `subadmin1_code`, `subadmin2_code`, `population`, `time_zone`, `active`, `created_at`, `updated_at`) VALUES ('BY','{\"en\":\"Ashmyany\"}',25.94,54.42,'P','PPLA2','BY.03',NULL,14345,'Europe/Minsk',1,'2019-09-04 23:00:00','2019-09-04 23:00:00');
INSERT INTO `__PREFIX__cities` (`country_code`, `name`, `longitude`, `latitude`, `feature_class`, `feature_code`, `subadmin1_code`, `subadmin2_code`, `population`, `time_zone`, `active`, `created_at`, `updated_at`) VALUES ('BY','{\"en\":\"Fanipol\"}',27.33,53.75,'P','PPL','BY.05','BY.05.628641',13200,'Europe/Minsk',1,'2022-01-06 23:00:00','2022-01-06 23:00:00');
INSERT INTO `__PREFIX__cities` (`country_code`, `name`, `longitude`, `latitude`, `feature_class`, `feature_code`, `subadmin1_code`, `subadmin2_code`, `population`, `time_zone`, `active`, `created_at`, `updated_at`) VALUES ('BY','{\"en\":\"Druzhny\"}',27.90,53.62,'P','PPL','BY.05',NULL,8978,'Europe/Minsk',1,'2013-12-15 23:00:00','2013-12-15 23:00:00');
INSERT INTO `__PREFIX__cities` (`country_code`, `name`, `longitude`, `latitude`, `feature_class`, `feature_code`, `subadmin1_code`, `subadmin2_code`, `population`, `time_zone`, `active`, `created_at`, `updated_at`) VALUES ('BY','{\"en\":\"Chyst’\"}',27.11,54.27,'P','PPL','BY.05',NULL,5300,'Europe/Minsk',1,'2018-10-26 23:00:00','2018-10-26 23:00:00');
INSERT INTO `__PREFIX__cities` (`country_code`, `name`, `longitude`, `latitude`, `feature_class`, `feature_code`, `subadmin1_code`, `subadmin2_code`, `population`, `time_zone`, `active`, `created_at`, `updated_at`) VALUES ('BY','{\"en\":\"Lyasny\"}',27.70,54.01,'P','PPL','BY.05',NULL,15000,'Europe/Minsk',1,'2012-04-07 23:00:00','2012-04-07 23:00:00');
/*!40000 ALTER TABLE `__PREFIX__cities` ENABLE KEYS */;
/*!40103 SET TIME_ZONE=@OLD_TIME_ZONE */;

/*!40101 SET SQL_MODE=@OLD_SQL_MODE */;
/*!40014 SET FOREIGN_KEY_CHECKS=@OLD_FOREIGN_KEY_CHECKS */;
/*!40014 SET UNIQUE_CHECKS=@OLD_UNIQUE_CHECKS */;
/*!40101 SET CHARACTER_SET_CLIENT=@OLD_CHARACTER_SET_CLIENT */;
/*!40101 SET CHARACTER_SET_RESULTS=@OLD_CHARACTER_SET_RESULTS */;
/*!40101 SET COLLATION_CONNECTION=@OLD_COLLATION_CONNECTION */;
/*!40111 SET SQL_NOTES=@OLD_SQL_NOTES */;

-- Dump completed
