-- MySQL dump 10.13  Distrib 5.7.34, for osx10.12 (x86_64)
--
-- Host: 127.0.0.1    Database: laraclassifier
-- ------------------------------------------------------
-- Server version	5.7.34

/*!40101 SET @OLD_CHARACTER_SET_CLIENT=@@CHARACTER_SET_CLIENT */;
/*!40101 SET @OLD_CHARACTER_SET_RESULTS=@@CHARACTER_SET_RESULTS */;
/*!40101 SET @OLD_COLLATION_CONNECTION=@@COLLATION_CONNECTION */;
/*!40101 SET NAMES utf8 */;
/*!40103 SET @OLD_TIME_ZONE=@@TIME_ZONE */;
/*!40103 SET TIME_ZONE='+00:00' */;
/*!40014 SET @OLD_UNIQUE_CHECKS=@@UNIQUE_CHECKS, UNIQUE_CHECKS=0 */;
/*!40014 SET @OLD_FOREIGN_KEY_CHECKS=@@FOREIGN_KEY_CHECKS, FOREIGN_KEY_CHECKS=0 */;
/*!40101 SET @OLD_SQL_MODE=@@SQL_MODE, SQL_MODE='NO_AUTO_VALUE_ON_ZERO' */;
/*!40111 SET @OLD_SQL_NOTES=@@SQL_NOTES, SQL_NOTES=0 */;

--
-- Dumping data for table `__PREFIX__subadmin1`
--

/*!40000 ALTER TABLE `__PREFIX__subadmin1` DISABLE KEYS */;
INSERT INTO `__PREFIX__subadmin1` (`code`, `country_code`, `name`, `active`) VALUES ('CL.01','CL','{\"en\":\"Valparaíso\"}',1);
INSERT INTO `__PREFIX__subadmin1` (`code`, `country_code`, `name`, `active`) VALUES ('CL.15','CL','{\"en\":\"Tarapacá\"}',1);
INSERT INTO `__PREFIX__subadmin1` (`code`, `country_code`, `name`, `active`) VALUES ('CL.12','CL','{\"en\":\"Santiago Metropolitan\"}',1);
INSERT INTO `__PREFIX__subadmin1` (`code`, `country_code`, `name`, `active`) VALUES ('CL.11','CL','{\"en\":\"Maule Region\"}',1);
INSERT INTO `__PREFIX__subadmin1` (`code`, `country_code`, `name`, `active`) VALUES ('CL.14','CL','{\"en\":\"Los Lagos Region\"}',1);
INSERT INTO `__PREFIX__subadmin1` (`code`, `country_code`, `name`, `active`) VALUES ('CL.08','CL','{\"en\":\"O\'Higgins Region\"}',1);
INSERT INTO `__PREFIX__subadmin1` (`code`, `country_code`, `name`, `active`) VALUES ('CL.07','CL','{\"en\":\"Coquimbo Region\"}',1);
INSERT INTO `__PREFIX__subadmin1` (`code`, `country_code`, `name`, `active`) VALUES ('CL.06','CL','{\"en\":\"Biobío\"}',1);
INSERT INTO `__PREFIX__subadmin1` (`code`, `country_code`, `name`, `active`) VALUES ('CL.05','CL','{\"en\":\"Atacama\"}',1);
INSERT INTO `__PREFIX__subadmin1` (`code`, `country_code`, `name`, `active`) VALUES ('CL.04','CL','{\"en\":\"Araucanía\"}',1);
INSERT INTO `__PREFIX__subadmin1` (`code`, `country_code`, `name`, `active`) VALUES ('CL.03','CL','{\"en\":\"Antofagasta\"}',1);
INSERT INTO `__PREFIX__subadmin1` (`code`, `country_code`, `name`, `active`) VALUES ('CL.02','CL','{\"en\":\"Aysén\"}',1);
INSERT INTO `__PREFIX__subadmin1` (`code`, `country_code`, `name`, `active`) VALUES ('CL.10','CL','{\"en\":\"Region of Magallanes\"}',1);
INSERT INTO `__PREFIX__subadmin1` (`code`, `country_code`, `name`, `active`) VALUES ('CL.16','CL','{\"en\":\"Arica y Parinacota\"}',1);
INSERT INTO `__PREFIX__subadmin1` (`code`, `country_code`, `name`, `active`) VALUES ('CL.17','CL','{\"en\":\"Los Ríos Region\"}',1);
INSERT INTO `__PREFIX__subadmin1` (`code`, `country_code`, `name`, `active`) VALUES ('CL.18','CL','{\"en\":\"Ñuble\"}',1);
/*!40000 ALTER TABLE `__PREFIX__subadmin1` ENABLE KEYS */;

--
-- Dumping data for table `__PREFIX__subadmin2`
--

/*!40000 ALTER TABLE `__PREFIX__subadmin2` DISABLE KEYS */;
INSERT INTO `__PREFIX__subadmin2` (`code`, `country_code`, `subadmin1_code`, `name`, `active`) VALUES ('CL.01.51','CL','CL.01','{\"en\":\"Provincia de Valparaíso\"}',1);
INSERT INTO `__PREFIX__subadmin2` (`code`, `country_code`, `subadmin1_code`, `name`, `active`) VALUES ('CL.17.141','CL','CL.17','{\"en\":\"Provincia de Valdivia\"}',1);
INSERT INTO `__PREFIX__subadmin2` (`code`, `country_code`, `subadmin1_code`, `name`, `active`) VALUES ('CL.10.124','CL','CL.10','{\"en\":\"Provincia de Última Esperanza\"}',1);
INSERT INTO `__PREFIX__subadmin2` (`code`, `country_code`, `subadmin1_code`, `name`, `active`) VALUES ('CL.03.23','CL','CL.03','{\"en\":\"Provincia de Tocopilla\"}',1);
INSERT INTO `__PREFIX__subadmin2` (`code`, `country_code`, `subadmin1_code`, `name`, `active`) VALUES ('CL.10.123','CL','CL.10','{\"en\":\"Provincia de Tierra del Fuego\"}',1);
INSERT INTO `__PREFIX__subadmin2` (`code`, `country_code`, `subadmin1_code`, `name`, `active`) VALUES ('CL.11.71','CL','CL.11','{\"en\":\"Provincia de Talca\"}',1);
INSERT INTO `__PREFIX__subadmin2` (`code`, `country_code`, `subadmin1_code`, `name`, `active`) VALUES ('CL.12.136','CL','CL.12','{\"en\":\"Provincia de Talagante\"}',1);
INSERT INTO `__PREFIX__subadmin2` (`code`, `country_code`, `subadmin1_code`, `name`, `active`) VALUES ('CL.12.131','CL','CL.12','{\"en\":\"Provincia de Santiago\"}',1);
INSERT INTO `__PREFIX__subadmin2` (`code`, `country_code`, `subadmin1_code`, `name`, `active`) VALUES ('CL.01.57','CL','CL.01','{\"en\":\"Provincia de San Felipe de Aconcagua\"}',1);
INSERT INTO `__PREFIX__subadmin2` (`code`, `country_code`, `subadmin1_code`, `name`, `active`) VALUES ('CL.01.56','CL','CL.01','{\"en\":\"San Antonio Province\"}',1);
INSERT INTO `__PREFIX__subadmin2` (`code`, `country_code`, `subadmin1_code`, `name`, `active`) VALUES ('CL.01.55','CL','CL.01','{\"en\":\"Provincia de Quillota\"}',1);
INSERT INTO `__PREFIX__subadmin2` (`code`, `country_code`, `subadmin1_code`, `name`, `active`) VALUES ('CL.01.54','CL','CL.01','{\"en\":\"Petorca Province\"}',1);
INSERT INTO `__PREFIX__subadmin2` (`code`, `country_code`, `subadmin1_code`, `name`, `active`) VALUES ('CL.14.103','CL','CL.14','{\"en\":\"Provincia de Osorno\"}',1);
INSERT INTO `__PREFIX__subadmin2` (`code`, `country_code`, `subadmin1_code`, `name`, `active`) VALUES ('CL.12.135','CL','CL.12','{\"en\":\"Provincia de Melipilla\"}',1);
INSERT INTO `__PREFIX__subadmin2` (`code`, `country_code`, `subadmin1_code`, `name`, `active`) VALUES ('CL.04.92','CL','CL.04','{\"en\":\"Provincia de Malleco\"}',1);
INSERT INTO `__PREFIX__subadmin2` (`code`, `country_code`, `subadmin1_code`, `name`, `active`) VALUES ('CL.12.134','CL','CL.12','{\"en\":\"Provincia de Maipo\"}',1);
INSERT INTO `__PREFIX__subadmin2` (`code`, `country_code`, `subadmin1_code`, `name`, `active`) VALUES ('CL.10.121','CL','CL.10','{\"en\":\"Provincia de Magallanes\"}',1);
INSERT INTO `__PREFIX__subadmin2` (`code`, `country_code`, `subadmin1_code`, `name`, `active`) VALUES ('CL.01.53','CL','CL.01','{\"en\":\"Provincia de Los Andes\"}',1);
INSERT INTO `__PREFIX__subadmin2` (`code`, `country_code`, `subadmin1_code`, `name`, `active`) VALUES ('CL.14.101','CL','CL.14','{\"en\":\"Provincia de Llanquihue\"}',1);
INSERT INTO `__PREFIX__subadmin2` (`code`, `country_code`, `subadmin1_code`, `name`, `active`) VALUES ('CL.11.74','CL','CL.11','{\"en\":\"Provincia de Linares\"}',1);
INSERT INTO `__PREFIX__subadmin2` (`code`, `country_code`, `subadmin1_code`, `name`, `active`) VALUES ('CL.07.43','CL','CL.07','{\"en\":\"Provincia de Limarí\"}',1);
INSERT INTO `__PREFIX__subadmin2` (`code`, `country_code`, `subadmin1_code`, `name`, `active`) VALUES ('CL.15.11','CL','CL.15','{\"en\":\"Provincia de Iquique\"}',1);
INSERT INTO `__PREFIX__subadmin2` (`code`, `country_code`, `subadmin1_code`, `name`, `active`) VALUES ('CL.05.33','CL','CL.05','{\"en\":\"Provincia de Huasco\"}',1);
INSERT INTO `__PREFIX__subadmin2` (`code`, `country_code`, `subadmin1_code`, `name`, `active`) VALUES ('CL.02.114','CL','CL.02','{\"en\":\"Provincia General Carrera\"}',1);
INSERT INTO `__PREFIX__subadmin2` (`code`, `country_code`, `subadmin1_code`, `name`, `active`) VALUES ('CL.07.41','CL','CL.07','{\"en\":\"Provincia de Elqui\"}',1);
INSERT INTO `__PREFIX__subadmin2` (`code`, `country_code`, `subadmin1_code`, `name`, `active`) VALUES ('CL.03.22','CL','CL.03','{\"en\":\"Provincia de El Loa\"}',1);
INSERT INTO `__PREFIX__subadmin2` (`code`, `country_code`, `subadmin1_code`, `name`, `active`) VALUES ('CL.11.73','CL','CL.11','{\"en\":\"Provincia de Curicó\"}',1);
INSERT INTO `__PREFIX__subadmin2` (`code`, `country_code`, `subadmin1_code`, `name`, `active`) VALUES ('CL.05.31','CL','CL.05','{\"en\":\"Provincia de Copiapó\"}',1);
INSERT INTO `__PREFIX__subadmin2` (`code`, `country_code`, `subadmin1_code`, `name`, `active`) VALUES ('CL.06.81','CL','CL.06','{\"en\":\"Provincia de Concepción\"}',1);
INSERT INTO `__PREFIX__subadmin2` (`code`, `country_code`, `subadmin1_code`, `name`, `active`) VALUES ('CL.08.63','CL','CL.08','{\"en\":\"Provincia de Colchagua\"}',1);
INSERT INTO `__PREFIX__subadmin2` (`code`, `country_code`, `subadmin1_code`, `name`, `active`) VALUES ('CL.07.42','CL','CL.07','{\"en\":\"Provincia de Choapa\"}',1);
INSERT INTO `__PREFIX__subadmin2` (`code`, `country_code`, `subadmin1_code`, `name`, `active`) VALUES ('CL.14.102','CL','CL.14','{\"en\":\"Provincia de Chiloé\"}',1);
INSERT INTO `__PREFIX__subadmin2` (`code`, `country_code`, `subadmin1_code`, `name`, `active`) VALUES ('CL.05.32','CL','CL.05','{\"en\":\"Provincia de Chañaral\"}',1);
INSERT INTO `__PREFIX__subadmin2` (`code`, `country_code`, `subadmin1_code`, `name`, `active`) VALUES ('CL.04.91','CL','CL.04','{\"en\":\"Provincia de Cautín\"}',1);
INSERT INTO `__PREFIX__subadmin2` (`code`, `country_code`, `subadmin1_code`, `name`, `active`) VALUES ('CL.02.113','CL','CL.02','{\"en\":\"Provincia Capitán Prat\"}',1);
INSERT INTO `__PREFIX__subadmin2` (`code`, `country_code`, `subadmin1_code`, `name`, `active`) VALUES ('CL.08.61','CL','CL.08','{\"en\":\"Provincia de Cachapoal\"}',1);
INSERT INTO `__PREFIX__subadmin2` (`code`, `country_code`, `subadmin1_code`, `name`, `active`) VALUES ('CL.06.83','CL','CL.06','{\"en\":\"Provincia de Biobío\"}',1);
INSERT INTO `__PREFIX__subadmin2` (`code`, `country_code`, `subadmin1_code`, `name`, `active`) VALUES ('CL.16.151','CL','CL.16','{\"en\":\"Provincia de Arica\"}',1);
INSERT INTO `__PREFIX__subadmin2` (`code`, `country_code`, `subadmin1_code`, `name`, `active`) VALUES ('CL.06.82','CL','CL.06','{\"en\":\"Provincia de Arauco\"}',1);
INSERT INTO `__PREFIX__subadmin2` (`code`, `country_code`, `subadmin1_code`, `name`, `active`) VALUES ('CL.03.21','CL','CL.03','{\"en\":\"Provincia de Antofagasta\"}',1);
INSERT INTO `__PREFIX__subadmin2` (`code`, `country_code`, `subadmin1_code`, `name`, `active`) VALUES ('CL.02.112','CL','CL.02','{\"en\":\"Provincia de Aisén\"}',1);
INSERT INTO `__PREFIX__subadmin2` (`code`, `country_code`, `subadmin1_code`, `name`, `active`) VALUES ('CL.01.52','CL','CL.01','{\"en\":\"Provincia de Isla de Pascua\"}',1);
INSERT INTO `__PREFIX__subadmin2` (`code`, `country_code`, `subadmin1_code`, `name`, `active`) VALUES ('CL.10.122','CL','CL.10','{\"en\":\"Provincia Antártica Chilena\"}',1);
INSERT INTO `__PREFIX__subadmin2` (`code`, `country_code`, `subadmin1_code`, `name`, `active`) VALUES ('CL.17.142','CL','CL.17','{\"en\":\"Provincia del Ranco\"}',1);
INSERT INTO `__PREFIX__subadmin2` (`code`, `country_code`, `subadmin1_code`, `name`, `active`) VALUES ('CL.16.152','CL','CL.16','{\"en\":\"Provincia de Parinacota\"}',1);
INSERT INTO `__PREFIX__subadmin2` (`code`, `country_code`, `subadmin1_code`, `name`, `active`) VALUES ('CL.15.14','CL','CL.15','{\"en\":\"Provincia del Tamarugal\"}',1);
INSERT INTO `__PREFIX__subadmin2` (`code`, `country_code`, `subadmin1_code`, `name`, `active`) VALUES ('CL.01.58','CL','CL.01','{\"en\":\"Provincia de Marga Marga\"}',1);
INSERT INTO `__PREFIX__subadmin2` (`code`, `country_code`, `subadmin1_code`, `name`, `active`) VALUES ('CL.08.62','CL','CL.08','{\"en\":\"Provincia de Cardenal Caro\"}',1);
INSERT INTO `__PREFIX__subadmin2` (`code`, `country_code`, `subadmin1_code`, `name`, `active`) VALUES ('CL.11.72','CL','CL.11','{\"en\":\"Provincia de Cauquenes\"}',1);
INSERT INTO `__PREFIX__subadmin2` (`code`, `country_code`, `subadmin1_code`, `name`, `active`) VALUES ('CL.14.104','CL','CL.14','{\"en\":\"Provincia de Palena\"}',1);
INSERT INTO `__PREFIX__subadmin2` (`code`, `country_code`, `subadmin1_code`, `name`, `active`) VALUES ('CL.02.111','CL','CL.02','{\"en\":\"Provincia de Coyhaique\"}',1);
INSERT INTO `__PREFIX__subadmin2` (`code`, `country_code`, `subadmin1_code`, `name`, `active`) VALUES ('CL.12.132','CL','CL.12','{\"en\":\"Provincia de Cordillera\"}',1);
INSERT INTO `__PREFIX__subadmin2` (`code`, `country_code`, `subadmin1_code`, `name`, `active`) VALUES ('CL.12.133','CL','CL.12','{\"en\":\"Provincia de Chacabuco\"}',1);
INSERT INTO `__PREFIX__subadmin2` (`code`, `country_code`, `subadmin1_code`, `name`, `active`) VALUES ('CL.18.163','CL','CL.18','{\"en\":\"Provincia de Punilla\"}',1);
INSERT INTO `__PREFIX__subadmin2` (`code`, `country_code`, `subadmin1_code`, `name`, `active`) VALUES ('CL.18.162','CL','CL.18','{\"en\":\"Provincia de Itata\"}',1);
INSERT INTO `__PREFIX__subadmin2` (`code`, `country_code`, `subadmin1_code`, `name`, `active`) VALUES ('CL.18.161','CL','CL.18','{\"en\":\"Provincia de Diguillín\"}',1);
/*!40000 ALTER TABLE `__PREFIX__subadmin2` ENABLE KEYS */;

--
-- Dumping data for table `__PREFIX__cities`
--

/*!40000 ALTER TABLE `__PREFIX__cities` DISABLE KEYS */;
INSERT INTO `__PREFIX__cities` (`country_code`, `name`, `longitude`, `latitude`, `feature_class`, `feature_code`, `subadmin1_code`, `subadmin2_code`, `population`, `time_zone`, `active`, `created_at`, `updated_at`) VALUES ('CL','{\"en\":\"Yumbel\"}',-72.56,-37.10,'P','PPL','CL.06','CL.06.83',11111,'America/Santiago',1,'2013-01-10 23:00:00','2013-01-10 23:00:00');
INSERT INTO `__PREFIX__cities` (`country_code`, `name`, `longitude`, `latitude`, `feature_class`, `feature_code`, `subadmin1_code`, `subadmin2_code`, `population`, `time_zone`, `active`, `created_at`, `updated_at`) VALUES ('CL','{\"en\":\"Viña del Mar\"}',-71.55,-33.02,'P','PPL','CL.01','CL.01.51',294551,'America/Santiago',1,'2021-08-07 23:00:00','2021-08-07 23:00:00');
INSERT INTO `__PREFIX__cities` (`country_code`, `name`, `longitude`, `latitude`, `feature_class`, `feature_code`, `subadmin1_code`, `subadmin2_code`, `population`, `time_zone`, `active`, `created_at`, `updated_at`) VALUES ('CL','{\"en\":\"Villarrica\"}',-72.23,-39.29,'P','PPL','CL.04','CL.04.91',31602,'America/Santiago',1,'2019-09-04 23:00:00','2019-09-04 23:00:00');
INSERT INTO `__PREFIX__cities` (`country_code`, `name`, `longitude`, `latitude`, `feature_class`, `feature_code`, `subadmin1_code`, `subadmin2_code`, `population`, `time_zone`, `active`, `created_at`, `updated_at`) VALUES ('CL','{\"en\":\"Villa Alemana\"}',-71.37,-33.04,'P','PPLA3','CL.01','CL.01.58',97320,'America/Santiago',1,'2012-05-02 23:00:00','2012-05-02 23:00:00');
INSERT INTO `__PREFIX__cities` (`country_code`, `name`, `longitude`, `latitude`, `feature_class`, `feature_code`, `subadmin1_code`, `subadmin2_code`, `population`, `time_zone`, `active`, `created_at`, `updated_at`) VALUES ('CL','{\"en\":\"Vilcún\"}',-72.23,-38.67,'P','PPL','CL.04','CL.04.91',9241,'America/Santiago',1,'2013-01-10 23:00:00','2013-01-10 23:00:00');
INSERT INTO `__PREFIX__cities` (`country_code`, `name`, `longitude`, `latitude`, `feature_class`, `feature_code`, `subadmin1_code`, `subadmin2_code`, `population`, `time_zone`, `active`, `created_at`, `updated_at`) VALUES ('CL','{\"en\":\"Vicuña\"}',-70.71,-30.04,'P','PPL','CL.07','CL.07.41',13496,'America/Santiago',1,'2013-01-10 23:00:00','2013-01-10 23:00:00');
INSERT INTO `__PREFIX__cities` (`country_code`, `name`, `longitude`, `latitude`, `feature_class`, `feature_code`, `subadmin1_code`, `subadmin2_code`, `population`, `time_zone`, `active`, `created_at`, `updated_at`) VALUES ('CL','{\"en\":\"Victoria\"}',-72.33,-38.23,'P','PPL','CL.04','CL.04.92',24555,'America/Santiago',1,'2013-01-10 23:00:00','2013-01-10 23:00:00');
INSERT INTO `__PREFIX__cities` (`country_code`, `name`, `longitude`, `latitude`, `feature_class`, `feature_code`, `subadmin1_code`, `subadmin2_code`, `population`, `time_zone`, `active`, `created_at`, `updated_at`) VALUES ('CL','{\"en\":\"Valparaíso\"}',-71.63,-33.04,'P','PPLA','CL.01','CL.01.51',282448,'America/Santiago',1,'2019-09-04 23:00:00','2019-09-04 23:00:00');
INSERT INTO `__PREFIX__cities` (`country_code`, `name`, `longitude`, `latitude`, `feature_class`, `feature_code`, `subadmin1_code`, `subadmin2_code`, `population`, `time_zone`, `active`, `created_at`, `updated_at`) VALUES ('CL','{\"en\":\"Vallenar\"}',-70.76,-28.58,'P','PPLA2','CL.05','CL.05.33',44895,'America/Santiago',1,'2018-02-05 23:00:00','2018-02-05 23:00:00');
INSERT INTO `__PREFIX__cities` (`country_code`, `name`, `longitude`, `latitude`, `feature_class`, `feature_code`, `subadmin1_code`, `subadmin2_code`, `population`, `time_zone`, `active`, `created_at`, `updated_at`) VALUES ('CL','{\"en\":\"Valdivia\"}',-73.25,-39.81,'P','PPLA','CL.17','CL.17.141',133419,'America/Santiago',1,'2019-09-04 23:00:00','2019-09-04 23:00:00');
INSERT INTO `__PREFIX__cities` (`country_code`, `name`, `longitude`, `latitude`, `feature_class`, `feature_code`, `subadmin1_code`, `subadmin2_code`, `population`, `time_zone`, `active`, `created_at`, `updated_at`) VALUES ('CL','{\"en\":\"Traiguén\"}',-72.67,-38.25,'P','PPL','CL.04','CL.04.92',14481,'America/Santiago',1,'2013-01-10 23:00:00','2013-01-10 23:00:00');
INSERT INTO `__PREFIX__cities` (`country_code`, `name`, `longitude`, `latitude`, `feature_class`, `feature_code`, `subadmin1_code`, `subadmin2_code`, `population`, `time_zone`, `active`, `created_at`, `updated_at`) VALUES ('CL','{\"en\":\"Tomé\"}',-72.96,-36.62,'P','PPL','CL.06','CL.06.81',46698,'America/Santiago',1,'2013-01-10 23:00:00','2013-01-10 23:00:00');
INSERT INTO `__PREFIX__cities` (`country_code`, `name`, `longitude`, `latitude`, `feature_class`, `feature_code`, `subadmin1_code`, `subadmin2_code`, `population`, `time_zone`, `active`, `created_at`, `updated_at`) VALUES ('CL','{\"en\":\"Tocopilla\"}',-70.20,-22.09,'P','PPLA2','CL.03','CL.03.23',24460,'America/Santiago',1,'2018-02-05 23:00:00','2018-02-05 23:00:00');
INSERT INTO `__PREFIX__cities` (`country_code`, `name`, `longitude`, `latitude`, `feature_class`, `feature_code`, `subadmin1_code`, `subadmin2_code`, `population`, `time_zone`, `active`, `created_at`, `updated_at`) VALUES ('CL','{\"en\":\"Teno\"}',-71.16,-34.87,'P','PPL','CL.11','CL.11.73',6858,'America/Santiago',1,'2013-01-10 23:00:00','2013-01-10 23:00:00');
INSERT INTO `__PREFIX__cities` (`country_code`, `name`, `longitude`, `latitude`, `feature_class`, `feature_code`, `subadmin1_code`, `subadmin2_code`, `population`, `time_zone`, `active`, `created_at`, `updated_at`) VALUES ('CL','{\"en\":\"Temuco\"}',-72.60,-38.74,'P','PPLA','CL.04','CL.04.91',238129,'America/Santiago',1,'2013-01-10 23:00:00','2013-01-10 23:00:00');
INSERT INTO `__PREFIX__cities` (`country_code`, `name`, `longitude`, `latitude`, `feature_class`, `feature_code`, `subadmin1_code`, `subadmin2_code`, `population`, `time_zone`, `active`, `created_at`, `updated_at`) VALUES ('CL','{\"en\":\"Taltal\"}',-70.49,-25.41,'P','PPL','CL.03','CL.03.21',10018,'America/Santiago',1,'2018-03-14 23:00:00','2018-03-14 23:00:00');
INSERT INTO `__PREFIX__cities` (`country_code`, `name`, `longitude`, `latitude`, `feature_class`, `feature_code`, `subadmin1_code`, `subadmin2_code`, `population`, `time_zone`, `active`, `created_at`, `updated_at`) VALUES ('CL','{\"en\":\"Talcahuano\"}',-73.12,-36.72,'P','PPL','CL.06','CL.06.81',252968,'America/Santiago',1,'2019-09-04 23:00:00','2019-09-04 23:00:00');
INSERT INTO `__PREFIX__cities` (`country_code`, `name`, `longitude`, `latitude`, `feature_class`, `feature_code`, `subadmin1_code`, `subadmin2_code`, `population`, `time_zone`, `active`, `created_at`, `updated_at`) VALUES ('CL','{\"en\":\"Talca\"}',-71.66,-35.43,'P','PPLA','CL.11','CL.11.71',197479,'America/Santiago',1,'2019-09-04 23:00:00','2019-09-04 23:00:00');
INSERT INTO `__PREFIX__cities` (`country_code`, `name`, `longitude`, `latitude`, `feature_class`, `feature_code`, `subadmin1_code`, `subadmin2_code`, `population`, `time_zone`, `active`, `created_at`, `updated_at`) VALUES ('CL','{\"en\":\"Talagante\"}',-70.93,-33.66,'P','PPLA2','CL.12','CL.12.136',51764,'America/Santiago',1,'2018-02-05 23:00:00','2018-02-05 23:00:00');
INSERT INTO `__PREFIX__cities` (`country_code`, `name`, `longitude`, `latitude`, `feature_class`, `feature_code`, `subadmin1_code`, `subadmin2_code`, `population`, `time_zone`, `active`, `created_at`, `updated_at`) VALUES ('CL','{\"en\":\"San Vicente de Tagua Tagua\"}',-71.08,-34.44,'P','PPL','CL.08','CL.08.61',29560,'America/Santiago',1,'2019-01-09 23:00:00','2019-01-09 23:00:00');
INSERT INTO `__PREFIX__cities` (`country_code`, `name`, `longitude`, `latitude`, `feature_class`, `feature_code`, `subadmin1_code`, `subadmin2_code`, `population`, `time_zone`, `active`, `created_at`, `updated_at`) VALUES ('CL','{\"en\":\"San Vicente\"}',-71.08,-34.43,'P','PPL','CL.08','CL.08.61',22572,'America/Santiago',1,'2012-05-02 23:00:00','2012-05-02 23:00:00');
INSERT INTO `__PREFIX__cities` (`country_code`, `name`, `longitude`, `latitude`, `feature_class`, `feature_code`, `subadmin1_code`, `subadmin2_code`, `population`, `time_zone`, `active`, `created_at`, `updated_at`) VALUES ('CL','{\"en\":\"Santiago\"}',-70.65,-33.46,'P','PPLC','CL.12','CL.12.131',4837295,'America/Santiago',1,'2020-05-27 23:00:00','2020-05-27 23:00:00');
INSERT INTO `__PREFIX__cities` (`country_code`, `name`, `longitude`, `latitude`, `feature_class`, `feature_code`, `subadmin1_code`, `subadmin2_code`, `population`, `time_zone`, `active`, `created_at`, `updated_at`) VALUES ('CL','{\"en\":\"Santa Cruz\"}',-71.37,-34.64,'P','PPL','CL.08','CL.08.63',33283,'America/Santiago',1,'2013-01-10 23:00:00','2013-01-10 23:00:00');
INSERT INTO `__PREFIX__cities` (`country_code`, `name`, `longitude`, `latitude`, `feature_class`, `feature_code`, `subadmin1_code`, `subadmin2_code`, `population`, `time_zone`, `active`, `created_at`, `updated_at`) VALUES ('CL','{\"en\":\"San Javier\"}',-71.73,-35.60,'P','PPL','CL.11','CL.11.74',22427,'America/Santiago',1,'2013-01-10 23:00:00','2013-01-10 23:00:00');
INSERT INTO `__PREFIX__cities` (`country_code`, `name`, `longitude`, `latitude`, `feature_class`, `feature_code`, `subadmin1_code`, `subadmin2_code`, `population`, `time_zone`, `active`, `created_at`, `updated_at`) VALUES ('CL','{\"en\":\"San Felipe\"}',-70.73,-32.75,'P','PPLA2','CL.01','CL.01.57',59294,'America/Santiago',1,'2018-02-05 23:00:00','2018-02-05 23:00:00');
INSERT INTO `__PREFIX__cities` (`country_code`, `name`, `longitude`, `latitude`, `feature_class`, `feature_code`, `subadmin1_code`, `subadmin2_code`, `population`, `time_zone`, `active`, `created_at`, `updated_at`) VALUES ('CL','{\"en\":\"San Clemente\"}',-71.49,-35.54,'P','PPL','CL.11','CL.11.71',13656,'America/Santiago',1,'2013-01-10 23:00:00','2013-01-10 23:00:00');
INSERT INTO `__PREFIX__cities` (`country_code`, `name`, `longitude`, `latitude`, `feature_class`, `feature_code`, `subadmin1_code`, `subadmin2_code`, `population`, `time_zone`, `active`, `created_at`, `updated_at`) VALUES ('CL','{\"en\":\"San Carlos\"}',-71.96,-36.42,'P','PPLA2','CL.18','CL.18.163',31517,'America/Santiago',1,'2018-11-27 23:00:00','2018-11-27 23:00:00');
INSERT INTO `__PREFIX__cities` (`country_code`, `name`, `longitude`, `latitude`, `feature_class`, `feature_code`, `subadmin1_code`, `subadmin2_code`, `population`, `time_zone`, `active`, `created_at`, `updated_at`) VALUES ('CL','{\"en\":\"San Bernardo\"}',-70.70,-33.59,'P','PPLA2','CL.12','CL.12.134',249858,'America/Santiago',1,'2018-04-08 23:00:00','2018-04-08 23:00:00');
INSERT INTO `__PREFIX__cities` (`country_code`, `name`, `longitude`, `latitude`, `feature_class`, `feature_code`, `subadmin1_code`, `subadmin2_code`, `population`, `time_zone`, `active`, `created_at`, `updated_at`) VALUES ('CL','{\"en\":\"San Antonio\"}',-71.61,-33.59,'P','PPLA2','CL.01','CL.01.56',85651,'America/Santiago',1,'2018-02-05 23:00:00','2018-02-05 23:00:00');
INSERT INTO `__PREFIX__cities` (`country_code`, `name`, `longitude`, `latitude`, `feature_class`, `feature_code`, `subadmin1_code`, `subadmin2_code`, `population`, `time_zone`, `active`, `created_at`, `updated_at`) VALUES ('CL','{\"en\":\"Salamanca\"}',-70.96,-31.78,'P','PPL','CL.07','CL.07.42',13265,'America/Santiago',1,'2013-01-10 23:00:00','2013-01-10 23:00:00');
INSERT INTO `__PREFIX__cities` (`country_code`, `name`, `longitude`, `latitude`, `feature_class`, `feature_code`, `subadmin1_code`, `subadmin2_code`, `population`, `time_zone`, `active`, `created_at`, `updated_at`) VALUES ('CL','{\"en\":\"Río Bueno\"}',-72.96,-40.33,'P','PPL','CL.17','CL.17.142',15456,'America/Santiago',1,'2013-01-10 23:00:00','2013-01-10 23:00:00');
INSERT INTO `__PREFIX__cities` (`country_code`, `name`, `longitude`, `latitude`, `feature_class`, `feature_code`, `subadmin1_code`, `subadmin2_code`, `population`, `time_zone`, `active`, `created_at`, `updated_at`) VALUES ('CL','{\"en\":\"Rengo\"}',-70.86,-34.41,'P','PPL','CL.08','CL.08.61',38100,'America/Santiago',1,'2013-01-10 23:00:00','2013-01-10 23:00:00');
INSERT INTO `__PREFIX__cities` (`country_code`, `name`, `longitude`, `latitude`, `feature_class`, `feature_code`, `subadmin1_code`, `subadmin2_code`, `population`, `time_zone`, `active`, `created_at`, `updated_at`) VALUES ('CL','{\"en\":\"Rauco\"}',-71.32,-34.93,'P','PPL','CL.11','CL.11.73',8566,'America/Santiago',1,'2013-01-10 23:00:00','2013-01-10 23:00:00');
INSERT INTO `__PREFIX__cities` (`country_code`, `name`, `longitude`, `latitude`, `feature_class`, `feature_code`, `subadmin1_code`, `subadmin2_code`, `population`, `time_zone`, `active`, `created_at`, `updated_at`) VALUES ('CL','{\"en\":\"Rancagua\"}',-70.74,-34.17,'P','PPLA','CL.08','CL.08.61',212695,'America/Santiago',1,'2012-05-02 23:00:00','2012-05-02 23:00:00');
INSERT INTO `__PREFIX__cities` (`country_code`, `name`, `longitude`, `latitude`, `feature_class`, `feature_code`, `subadmin1_code`, `subadmin2_code`, `population`, `time_zone`, `active`, `created_at`, `updated_at`) VALUES ('CL','{\"en\":\"Quirihue\"}',-72.54,-36.28,'P','PPLA2','CL.18','CL.18.162',8000,'America/Santiago',1,'2018-11-27 23:00:00','2018-11-27 23:00:00');
INSERT INTO `__PREFIX__cities` (`country_code`, `name`, `longitude`, `latitude`, `feature_class`, `feature_code`, `subadmin1_code`, `subadmin2_code`, `population`, `time_zone`, `active`, `created_at`, `updated_at`) VALUES ('CL','{\"en\":\"Quilpué\"}',-71.44,-33.05,'P','PPLA2','CL.01','CL.01.58',130263,'America/Santiago',1,'2018-02-05 23:00:00','2018-02-05 23:00:00');
INSERT INTO `__PREFIX__cities` (`country_code`, `name`, `longitude`, `latitude`, `feature_class`, `feature_code`, `subadmin1_code`, `subadmin2_code`, `population`, `time_zone`, `active`, `created_at`, `updated_at`) VALUES ('CL','{\"en\":\"Quillota\"}',-71.25,-32.88,'P','PPLA2','CL.01','CL.01.55',67779,'America/Santiago',1,'2018-02-05 23:00:00','2018-02-05 23:00:00');
INSERT INTO `__PREFIX__cities` (`country_code`, `name`, `longitude`, `latitude`, `feature_class`, `feature_code`, `subadmin1_code`, `subadmin2_code`, `population`, `time_zone`, `active`, `created_at`, `updated_at`) VALUES ('CL','{\"en\":\"Purranque\"}',-73.16,-40.91,'P','PPL','CL.14','CL.14.103',13619,'America/Santiago',1,'2013-01-10 23:00:00','2013-01-10 23:00:00');
INSERT INTO `__PREFIX__cities` (`country_code`, `name`, `longitude`, `latitude`, `feature_class`, `feature_code`, `subadmin1_code`, `subadmin2_code`, `population`, `time_zone`, `active`, `created_at`, `updated_at`) VALUES ('CL','{\"en\":\"Punta Arenas\"}',-70.91,-53.15,'P','PPLA','CL.10','CL.10.121',117430,'America/Punta_Arenas',1,'2019-09-04 23:00:00','2019-09-04 23:00:00');
INSERT INTO `__PREFIX__cities` (`country_code`, `name`, `longitude`, `latitude`, `feature_class`, `feature_code`, `subadmin1_code`, `subadmin2_code`, `population`, `time_zone`, `active`, `created_at`, `updated_at`) VALUES ('CL','{\"en\":\"Puerto Varas\"}',-72.99,-41.32,'P','PPL','CL.14','CL.14.101',24958,'America/Santiago',1,'2013-01-25 23:00:00','2013-01-25 23:00:00');
INSERT INTO `__PREFIX__cities` (`country_code`, `name`, `longitude`, `latitude`, `feature_class`, `feature_code`, `subadmin1_code`, `subadmin2_code`, `population`, `time_zone`, `active`, `created_at`, `updated_at`) VALUES ('CL','{\"en\":\"Quellón\"}',-73.62,-43.12,'P','PPL','CL.14','CL.14.102',21823,'America/Santiago',1,'2016-11-22 23:00:00','2016-11-22 23:00:00');
INSERT INTO `__PREFIX__cities` (`country_code`, `name`, `longitude`, `latitude`, `feature_class`, `feature_code`, `subadmin1_code`, `subadmin2_code`, `population`, `time_zone`, `active`, `created_at`, `updated_at`) VALUES ('CL','{\"en\":\"Puerto Natales\"}',-72.51,-51.73,'P','PPL','CL.10','CL.10.124',20000,'America/Punta_Arenas',1,'2017-12-15 23:00:00','2017-12-15 23:00:00');
INSERT INTO `__PREFIX__cities` (`country_code`, `name`, `longitude`, `latitude`, `feature_class`, `feature_code`, `subadmin1_code`, `subadmin2_code`, `population`, `time_zone`, `active`, `created_at`, `updated_at`) VALUES ('CL','{\"en\":\"Puerto Montt\"}',-72.94,-41.47,'P','PPLA','CL.14','CL.14.101',160054,'America/Santiago',1,'2021-07-31 23:00:00','2021-07-31 23:00:00');
INSERT INTO `__PREFIX__cities` (`country_code`, `name`, `longitude`, `latitude`, `feature_class`, `feature_code`, `subadmin1_code`, `subadmin2_code`, `population`, `time_zone`, `active`, `created_at`, `updated_at`) VALUES ('CL','{\"en\":\"Puerto Aysén\"}',-72.69,-45.40,'P','PPLA2','CL.02','CL.02.112',16936,'America/Santiago',1,'2020-06-09 23:00:00','2020-06-09 23:00:00');
INSERT INTO `__PREFIX__cities` (`country_code`, `name`, `longitude`, `latitude`, `feature_class`, `feature_code`, `subadmin1_code`, `subadmin2_code`, `population`, `time_zone`, `active`, `created_at`, `updated_at`) VALUES ('CL','{\"en\":\"Puente Alto\"}',-70.58,-33.61,'P','PPLA2','CL.12','CL.12.132',510417,'America/Santiago',1,'2018-02-05 23:00:00','2018-02-05 23:00:00');
INSERT INTO `__PREFIX__cities` (`country_code`, `name`, `longitude`, `latitude`, `feature_class`, `feature_code`, `subadmin1_code`, `subadmin2_code`, `population`, `time_zone`, `active`, `created_at`, `updated_at`) VALUES ('CL','{\"en\":\"Pucón\"}',-71.95,-39.28,'P','PPL','CL.04','CL.04.91',26953,'America/Santiago',1,'2019-10-04 23:00:00','2019-10-04 23:00:00');
INSERT INTO `__PREFIX__cities` (`country_code`, `name`, `longitude`, `latitude`, `feature_class`, `feature_code`, `subadmin1_code`, `subadmin2_code`, `population`, `time_zone`, `active`, `created_at`, `updated_at`) VALUES ('CL','{\"en\":\"Pozo Almonte\"}',-69.79,-20.26,'P','PPLA2','CL.15','CL.15.14',9277,'America/Santiago',1,'2021-11-08 23:00:00','2021-11-08 23:00:00');
INSERT INTO `__PREFIX__cities` (`country_code`, `name`, `longitude`, `latitude`, `feature_class`, `feature_code`, `subadmin1_code`, `subadmin2_code`, `population`, `time_zone`, `active`, `created_at`, `updated_at`) VALUES ('CL','{\"en\":\"Pitrufquén\"}',-72.64,-38.99,'P','PPL','CL.04','CL.04.91',13743,'America/Santiago',1,'2013-01-10 23:00:00','2013-01-10 23:00:00');
INSERT INTO `__PREFIX__cities` (`country_code`, `name`, `longitude`, `latitude`, `feature_class`, `feature_code`, `subadmin1_code`, `subadmin2_code`, `population`, `time_zone`, `active`, `created_at`, `updated_at`) VALUES ('CL','{\"en\":\"Penco\"}',-73.00,-36.74,'P','PPL','CL.06','CL.06.81',46091,'America/Santiago',1,'2013-01-10 23:00:00','2013-01-10 23:00:00');
INSERT INTO `__PREFIX__cities` (`country_code`, `name`, `longitude`, `latitude`, `feature_class`, `feature_code`, `subadmin1_code`, `subadmin2_code`, `population`, `time_zone`, `active`, `created_at`, `updated_at`) VALUES ('CL','{\"en\":\"Peñaflor\"}',-70.88,-33.61,'P','PPL','CL.12','CL.12.136',65495,'America/Santiago',1,'2018-04-08 23:00:00','2018-04-08 23:00:00');
INSERT INTO `__PREFIX__cities` (`country_code`, `name`, `longitude`, `latitude`, `feature_class`, `feature_code`, `subadmin1_code`, `subadmin2_code`, `population`, `time_zone`, `active`, `created_at`, `updated_at`) VALUES ('CL','{\"en\":\"Parral\"}',-71.83,-36.14,'P','PPL','CL.11','CL.11.74',26904,'America/Santiago',1,'2013-01-10 23:00:00','2013-01-10 23:00:00');
INSERT INTO `__PREFIX__cities` (`country_code`, `name`, `longitude`, `latitude`, `feature_class`, `feature_code`, `subadmin1_code`, `subadmin2_code`, `population`, `time_zone`, `active`, `created_at`, `updated_at`) VALUES ('CL','{\"en\":\"Panguipulli\"}',-72.33,-39.64,'P','PPL','CL.17','CL.17.141',16312,'America/Santiago',1,'2018-06-17 23:00:00','2018-06-17 23:00:00');
INSERT INTO `__PREFIX__cities` (`country_code`, `name`, `longitude`, `latitude`, `feature_class`, `feature_code`, `subadmin1_code`, `subadmin2_code`, `population`, `time_zone`, `active`, `created_at`, `updated_at`) VALUES ('CL','{\"en\":\"Paine\"}',-70.74,-33.81,'P','PPL','CL.12','CL.12.134',32766,'America/Santiago',1,'2013-01-10 23:00:00','2013-01-10 23:00:00');
INSERT INTO `__PREFIX__cities` (`country_code`, `name`, `longitude`, `latitude`, `feature_class`, `feature_code`, `subadmin1_code`, `subadmin2_code`, `population`, `time_zone`, `active`, `created_at`, `updated_at`) VALUES ('CL','{\"en\":\"Ovalle\"}',-71.20,-30.60,'P','PPLA2','CL.07','CL.07.43',77138,'America/Santiago',1,'2018-02-05 23:00:00','2018-02-05 23:00:00');
INSERT INTO `__PREFIX__cities` (`country_code`, `name`, `longitude`, `latitude`, `feature_class`, `feature_code`, `subadmin1_code`, `subadmin2_code`, `population`, `time_zone`, `active`, `created_at`, `updated_at`) VALUES ('CL','{\"en\":\"Osorno\"}',-73.13,-40.57,'P','PPLA2','CL.14','CL.14.103',135773,'America/Santiago',1,'2021-05-12 23:00:00','2021-05-12 23:00:00');
INSERT INTO `__PREFIX__cities` (`country_code`, `name`, `longitude`, `latitude`, `feature_class`, `feature_code`, `subadmin1_code`, `subadmin2_code`, `population`, `time_zone`, `active`, `created_at`, `updated_at`) VALUES ('CL','{\"en\":\"Nueva Imperial\"}',-72.95,-38.74,'P','PPL','CL.04','CL.04.91',18777,'America/Santiago',1,'2013-01-10 23:00:00','2013-01-10 23:00:00');
INSERT INTO `__PREFIX__cities` (`country_code`, `name`, `longitude`, `latitude`, `feature_class`, `feature_code`, `subadmin1_code`, `subadmin2_code`, `population`, `time_zone`, `active`, `created_at`, `updated_at`) VALUES ('CL','{\"en\":\"Nacimiento\"}',-72.67,-37.50,'P','PPL','CL.06','CL.06.83',21220,'America/Santiago',1,'2013-01-10 23:00:00','2013-01-10 23:00:00');
INSERT INTO `__PREFIX__cities` (`country_code`, `name`, `longitude`, `latitude`, `feature_class`, `feature_code`, `subadmin1_code`, `subadmin2_code`, `population`, `time_zone`, `active`, `created_at`, `updated_at`) VALUES ('CL','{\"en\":\"Mulchén\"}',-72.24,-37.72,'P','PPL','CL.06','CL.06.83',22170,'America/Santiago',1,'2013-01-10 23:00:00','2013-01-10 23:00:00');
INSERT INTO `__PREFIX__cities` (`country_code`, `name`, `longitude`, `latitude`, `feature_class`, `feature_code`, `subadmin1_code`, `subadmin2_code`, `population`, `time_zone`, `active`, `created_at`, `updated_at`) VALUES ('CL','{\"en\":\"Monte Patria\"}',-70.96,-30.69,'P','PPL','CL.07','CL.07.43',13945,'America/Santiago',1,'2013-01-10 23:00:00','2013-01-10 23:00:00');
INSERT INTO `__PREFIX__cities` (`country_code`, `name`, `longitude`, `latitude`, `feature_class`, `feature_code`, `subadmin1_code`, `subadmin2_code`, `population`, `time_zone`, `active`, `created_at`, `updated_at`) VALUES ('CL','{\"en\":\"Molina\"}',-71.28,-35.11,'P','PPL','CL.11','CL.11.73',28775,'America/Santiago',1,'2013-01-10 23:00:00','2013-01-10 23:00:00');
INSERT INTO `__PREFIX__cities` (`country_code`, `name`, `longitude`, `latitude`, `feature_class`, `feature_code`, `subadmin1_code`, `subadmin2_code`, `population`, `time_zone`, `active`, `created_at`, `updated_at`) VALUES ('CL','{\"en\":\"Melipilla\"}',-71.22,-33.69,'P','PPLA2','CL.12','CL.12.135',63100,'America/Santiago',1,'2018-02-05 23:00:00','2018-02-05 23:00:00');
INSERT INTO `__PREFIX__cities` (`country_code`, `name`, `longitude`, `latitude`, `feature_class`, `feature_code`, `subadmin1_code`, `subadmin2_code`, `population`, `time_zone`, `active`, `created_at`, `updated_at`) VALUES ('CL','{\"en\":\"Mejillones\"}',-70.45,-23.10,'P','PPLA3','CL.03','CL.03.21',12784,'America/Santiago',1,'2021-11-08 23:00:00','2021-11-08 23:00:00');
INSERT INTO `__PREFIX__cities` (`country_code`, `name`, `longitude`, `latitude`, `feature_class`, `feature_code`, `subadmin1_code`, `subadmin2_code`, `population`, `time_zone`, `active`, `created_at`, `updated_at`) VALUES ('CL','{\"en\":\"Machalí\"}',-70.65,-34.18,'P','PPL','CL.08','CL.08.61',27595,'America/Santiago',1,'2013-04-03 23:00:00','2013-04-03 23:00:00');
INSERT INTO `__PREFIX__cities` (`country_code`, `name`, `longitude`, `latitude`, `feature_class`, `feature_code`, `subadmin1_code`, `subadmin2_code`, `population`, `time_zone`, `active`, `created_at`, `updated_at`) VALUES ('CL','{\"en\":\"Lota\"}',-73.16,-37.09,'P','PPL','CL.06','CL.06.81',49763,'America/Santiago',1,'2013-01-10 23:00:00','2013-01-10 23:00:00');
INSERT INTO `__PREFIX__cities` (`country_code`, `name`, `longitude`, `latitude`, `feature_class`, `feature_code`, `subadmin1_code`, `subadmin2_code`, `population`, `time_zone`, `active`, `created_at`, `updated_at`) VALUES ('CL','{\"en\":\"Los Ángeles\"}',-72.35,-37.47,'P','PPLA2','CL.06','CL.06.83',125430,'America/Santiago',1,'2020-06-09 23:00:00','2020-06-09 23:00:00');
INSERT INTO `__PREFIX__cities` (`country_code`, `name`, `longitude`, `latitude`, `feature_class`, `feature_code`, `subadmin1_code`, `subadmin2_code`, `population`, `time_zone`, `active`, `created_at`, `updated_at`) VALUES ('CL','{\"en\":\"Los Andes\"}',-70.60,-32.83,'P','PPL','CL.01','CL.01.53',56859,'America/Santiago',1,'2012-05-02 23:00:00','2012-05-02 23:00:00');
INSERT INTO `__PREFIX__cities` (`country_code`, `name`, `longitude`, `latitude`, `feature_class`, `feature_code`, `subadmin1_code`, `subadmin2_code`, `population`, `time_zone`, `active`, `created_at`, `updated_at`) VALUES ('CL','{\"en\":\"Longaví\"}',-71.68,-35.96,'P','PPL','CL.11','CL.11.74',6325,'America/Santiago',1,'2013-01-10 23:00:00','2013-01-10 23:00:00');
INSERT INTO `__PREFIX__cities` (`country_code`, `name`, `longitude`, `latitude`, `feature_class`, `feature_code`, `subadmin1_code`, `subadmin2_code`, `population`, `time_zone`, `active`, `created_at`, `updated_at`) VALUES ('CL','{\"en\":\"Loncoche\"}',-72.63,-39.37,'P','PPL','CL.04','CL.04.91',15590,'America/Santiago',1,'2018-04-09 23:00:00','2018-04-09 23:00:00');
INSERT INTO `__PREFIX__cities` (`country_code`, `name`, `longitude`, `latitude`, `feature_class`, `feature_code`, `subadmin1_code`, `subadmin2_code`, `population`, `time_zone`, `active`, `created_at`, `updated_at`) VALUES ('CL','{\"en\":\"Llaillay\"}',-70.96,-32.84,'P','PPL','CL.01','CL.01.57',16646,'America/Santiago',1,'2013-01-10 23:00:00','2013-01-10 23:00:00');
INSERT INTO `__PREFIX__cities` (`country_code`, `name`, `longitude`, `latitude`, `feature_class`, `feature_code`, `subadmin1_code`, `subadmin2_code`, `population`, `time_zone`, `active`, `created_at`, `updated_at`) VALUES ('CL','{\"en\":\"Linares\"}',-71.59,-35.85,'P','PPLA2','CL.11','CL.11.74',69535,'America/Santiago',1,'2018-02-05 23:00:00','2018-02-05 23:00:00');
INSERT INTO `__PREFIX__cities` (`country_code`, `name`, `longitude`, `latitude`, `feature_class`, `feature_code`, `subadmin1_code`, `subadmin2_code`, `population`, `time_zone`, `active`, `created_at`, `updated_at`) VALUES ('CL','{\"en\":\"Limache\"}',-71.27,-33.02,'P','PPLA3','CL.01','CL.01.58',35876,'America/Santiago',1,'2012-05-02 23:00:00','2012-05-02 23:00:00');
INSERT INTO `__PREFIX__cities` (`country_code`, `name`, `longitude`, `latitude`, `feature_class`, `feature_code`, `subadmin1_code`, `subadmin2_code`, `population`, `time_zone`, `active`, `created_at`, `updated_at`) VALUES ('CL','{\"en\":\"Lebu\"}',-73.65,-37.61,'P','PPLA2','CL.06','CL.06.82',22345,'America/Santiago',1,'2018-02-05 23:00:00','2018-02-05 23:00:00');
INSERT INTO `__PREFIX__cities` (`country_code`, `name`, `longitude`, `latitude`, `feature_class`, `feature_code`, `subadmin1_code`, `subadmin2_code`, `population`, `time_zone`, `active`, `created_at`, `updated_at`) VALUES ('CL','{\"en\":\"Lautaro\"}',-72.44,-38.53,'P','PPL','CL.04','CL.04.91',21579,'America/Santiago',1,'2013-01-10 23:00:00','2013-01-10 23:00:00');
INSERT INTO `__PREFIX__cities` (`country_code`, `name`, `longitude`, `latitude`, `feature_class`, `feature_code`, `subadmin1_code`, `subadmin2_code`, `population`, `time_zone`, `active`, `created_at`, `updated_at`) VALUES ('CL','{\"en\":\"La Unión\"}',-73.08,-40.29,'P','PPLA2','CL.17','CL.17.142',26298,'America/Santiago',1,'2020-06-09 23:00:00','2020-06-09 23:00:00');
INSERT INTO `__PREFIX__cities` (`country_code`, `name`, `longitude`, `latitude`, `feature_class`, `feature_code`, `subadmin1_code`, `subadmin2_code`, `population`, `time_zone`, `active`, `created_at`, `updated_at`) VALUES ('CL','{\"en\":\"La Serena\"}',-71.25,-29.90,'P','PPLA','CL.07','CL.07.41',154521,'America/Santiago',1,'2013-01-10 23:00:00','2013-01-10 23:00:00');
INSERT INTO `__PREFIX__cities` (`country_code`, `name`, `longitude`, `latitude`, `feature_class`, `feature_code`, `subadmin1_code`, `subadmin2_code`, `population`, `time_zone`, `active`, `created_at`, `updated_at`) VALUES ('CL','{\"en\":\"Lampa\"}',-70.88,-33.29,'P','PPL','CL.12','CL.12.133',29250,'America/Santiago',1,'2018-04-07 23:00:00','2018-04-07 23:00:00');
INSERT INTO `__PREFIX__cities` (`country_code`, `name`, `longitude`, `latitude`, `feature_class`, `feature_code`, `subadmin1_code`, `subadmin2_code`, `population`, `time_zone`, `active`, `created_at`, `updated_at`) VALUES ('CL','{\"en\":\"La Ligua\"}',-71.23,-32.45,'P','PPL','CL.01','CL.01.54',24857,'America/Santiago',1,'2012-05-02 23:00:00','2012-05-02 23:00:00');
INSERT INTO `__PREFIX__cities` (`country_code`, `name`, `longitude`, `latitude`, `feature_class`, `feature_code`, `subadmin1_code`, `subadmin2_code`, `population`, `time_zone`, `active`, `created_at`, `updated_at`) VALUES ('CL','{\"en\":\"Laja\"}',-72.71,-37.28,'P','PPL','CL.06','CL.06.83',16550,'America/Santiago',1,'2018-10-04 23:00:00','2018-10-04 23:00:00');
INSERT INTO `__PREFIX__cities` (`country_code`, `name`, `longitude`, `latitude`, `feature_class`, `feature_code`, `subadmin1_code`, `subadmin2_code`, `population`, `time_zone`, `active`, `created_at`, `updated_at`) VALUES ('CL','{\"en\":\"Iquique\"}',-70.15,-20.21,'P','PPLA','CL.15','CL.15.11',227499,'America/Santiago',1,'2018-02-27 23:00:00','2018-02-27 23:00:00');
INSERT INTO `__PREFIX__cities` (`country_code`, `name`, `longitude`, `latitude`, `feature_class`, `feature_code`, `subadmin1_code`, `subadmin2_code`, `population`, `time_zone`, `active`, `created_at`, `updated_at`) VALUES ('CL','{\"en\":\"Illapel\"}',-71.17,-31.63,'P','PPLA2','CL.07','CL.07.42',22816,'America/Santiago',1,'2018-02-05 23:00:00','2018-02-05 23:00:00');
INSERT INTO `__PREFIX__cities` (`country_code`, `name`, `longitude`, `latitude`, `feature_class`, `feature_code`, `subadmin1_code`, `subadmin2_code`, `population`, `time_zone`, `active`, `created_at`, `updated_at`) VALUES ('CL','{\"en\":\"Hacienda La Calera\"}',-71.22,-32.78,'P','PPL','CL.01','CL.01.55',49106,'America/Santiago',1,'2012-05-02 23:00:00','2012-05-02 23:00:00');
INSERT INTO `__PREFIX__cities` (`country_code`, `name`, `longitude`, `latitude`, `feature_class`, `feature_code`, `subadmin1_code`, `subadmin2_code`, `population`, `time_zone`, `active`, `created_at`, `updated_at`) VALUES ('CL','{\"en\":\"Graneros\"}',-70.73,-34.07,'P','PPL','CL.08','CL.08.61',23301,'America/Santiago',1,'2013-01-10 23:00:00','2013-01-10 23:00:00');
INSERT INTO `__PREFIX__cities` (`country_code`, `name`, `longitude`, `latitude`, `feature_class`, `feature_code`, `subadmin1_code`, `subadmin2_code`, `population`, `time_zone`, `active`, `created_at`, `updated_at`) VALUES ('CL','{\"en\":\"Freire\"}',-72.63,-38.95,'P','PPL','CL.04','CL.04.91',7813,'America/Santiago',1,'2018-04-09 23:00:00','2018-04-09 23:00:00');
INSERT INTO `__PREFIX__cities` (`country_code`, `name`, `longitude`, `latitude`, `feature_class`, `feature_code`, `subadmin1_code`, `subadmin2_code`, `population`, `time_zone`, `active`, `created_at`, `updated_at`) VALUES ('CL','{\"en\":\"El Monte\"}',-70.98,-33.68,'P','PPL','CL.12','CL.12.136',23090,'America/Santiago',1,'2018-04-08 23:00:00','2018-04-08 23:00:00');
INSERT INTO `__PREFIX__cities` (`country_code`, `name`, `longitude`, `latitude`, `feature_class`, `feature_code`, `subadmin1_code`, `subadmin2_code`, `population`, `time_zone`, `active`, `created_at`, `updated_at`) VALUES ('CL','{\"en\":\"Diego de Almagro\"}',-70.05,-26.37,'P','PPL','CL.05','CL.05.32',18137,'America/Santiago',1,'2012-05-02 23:00:00','2012-05-02 23:00:00');
INSERT INTO `__PREFIX__cities` (`country_code`, `name`, `longitude`, `latitude`, `feature_class`, `feature_code`, `subadmin1_code`, `subadmin2_code`, `population`, `time_zone`, `active`, `created_at`, `updated_at`) VALUES ('CL','{\"en\":\"Dalcahue\"}',-73.65,-42.38,'P','PPL','CL.14','CL.14.102',13076,'America/Santiago',1,'2019-08-06 23:00:00','2019-08-06 23:00:00');
INSERT INTO `__PREFIX__cities` (`country_code`, `name`, `longitude`, `latitude`, `feature_class`, `feature_code`, `subadmin1_code`, `subadmin2_code`, `population`, `time_zone`, `active`, `created_at`, `updated_at`) VALUES ('CL','{\"en\":\"Curicó\"}',-71.24,-34.98,'P','PPLA2','CL.11','CL.11.73',102438,'America/Santiago',1,'2018-02-05 23:00:00','2018-02-05 23:00:00');
INSERT INTO `__PREFIX__cities` (`country_code`, `name`, `longitude`, `latitude`, `feature_class`, `feature_code`, `subadmin1_code`, `subadmin2_code`, `population`, `time_zone`, `active`, `created_at`, `updated_at`) VALUES ('CL','{\"en\":\"Curanilahue\"}',-73.34,-37.48,'P','PPL','CL.06','CL.06.82',30611,'America/Santiago',1,'2013-01-10 23:00:00','2013-01-10 23:00:00');
INSERT INTO `__PREFIX__cities` (`country_code`, `name`, `longitude`, `latitude`, `feature_class`, `feature_code`, `subadmin1_code`, `subadmin2_code`, `population`, `time_zone`, `active`, `created_at`, `updated_at`) VALUES ('CL','{\"en\":\"Coronel\"}',-73.14,-37.03,'P','PPL','CL.06','CL.06.81',92940,'America/Santiago',1,'2018-04-08 23:00:00','2018-04-08 23:00:00');
INSERT INTO `__PREFIX__cities` (`country_code`, `name`, `longitude`, `latitude`, `feature_class`, `feature_code`, `subadmin1_code`, `subadmin2_code`, `population`, `time_zone`, `active`, `created_at`, `updated_at`) VALUES ('CL','{\"en\":\"Coquimbo\"}',-71.34,-29.95,'P','PPLA2','CL.07','CL.07.41',161317,'America/Santiago',1,'2018-02-05 23:00:00','2018-02-05 23:00:00');
INSERT INTO `__PREFIX__cities` (`country_code`, `name`, `longitude`, `latitude`, `feature_class`, `feature_code`, `subadmin1_code`, `subadmin2_code`, `population`, `time_zone`, `active`, `created_at`, `updated_at`) VALUES ('CL','{\"en\":\"Copiapó\"}',-70.33,-27.37,'P','PPLA','CL.05','CL.05.31',129280,'America/Santiago',1,'2013-01-10 23:00:00','2013-01-10 23:00:00');
INSERT INTO `__PREFIX__cities` (`country_code`, `name`, `longitude`, `latitude`, `feature_class`, `feature_code`, `subadmin1_code`, `subadmin2_code`, `population`, `time_zone`, `active`, `created_at`, `updated_at`) VALUES ('CL','{\"en\":\"Constitución\"}',-72.41,-35.33,'P','PPL','CL.11','CL.11.71',37917,'America/Santiago',1,'2013-01-10 23:00:00','2013-01-10 23:00:00');
INSERT INTO `__PREFIX__cities` (`country_code`, `name`, `longitude`, `latitude`, `feature_class`, `feature_code`, `subadmin1_code`, `subadmin2_code`, `population`, `time_zone`, `active`, `created_at`, `updated_at`) VALUES ('CL','{\"en\":\"Concepción\"}',-73.05,-36.83,'P','PPLA','CL.06','CL.06.81',215413,'America/Santiago',1,'2019-09-04 23:00:00','2019-09-04 23:00:00');
INSERT INTO `__PREFIX__cities` (`country_code`, `name`, `longitude`, `latitude`, `feature_class`, `feature_code`, `subadmin1_code`, `subadmin2_code`, `population`, `time_zone`, `active`, `created_at`, `updated_at`) VALUES ('CL','{\"en\":\"Collipulli\"}',-72.43,-37.95,'P','PPL','CL.04','CL.04.92',16392,'America/Santiago',1,'2013-01-10 23:00:00','2013-01-10 23:00:00');
INSERT INTO `__PREFIX__cities` (`country_code`, `name`, `longitude`, `latitude`, `feature_class`, `feature_code`, `subadmin1_code`, `subadmin2_code`, `population`, `time_zone`, `active`, `created_at`, `updated_at`) VALUES ('CL','{\"en\":\"Coihueco\"}',-71.83,-36.63,'P','PPL','CL.18','CL.18.163',7346,'America/Santiago',1,'2018-11-27 23:00:00','2018-11-27 23:00:00');
INSERT INTO `__PREFIX__cities` (`country_code`, `name`, `longitude`, `latitude`, `feature_class`, `feature_code`, `subadmin1_code`, `subadmin2_code`, `population`, `time_zone`, `active`, `created_at`, `updated_at`) VALUES ('CL','{\"en\":\"Coyhaique\"}',-72.07,-45.58,'P','PPLA','CL.02','CL.02.111',45787,'America/Santiago',1,'2017-04-07 23:00:00','2017-04-07 23:00:00');
INSERT INTO `__PREFIX__cities` (`country_code`, `name`, `longitude`, `latitude`, `feature_class`, `feature_code`, `subadmin1_code`, `subadmin2_code`, `population`, `time_zone`, `active`, `created_at`, `updated_at`) VALUES ('CL','{\"en\":\"Chonchi\"}',-73.78,-42.62,'P','PPL','CL.14','CL.14.102',12572,'America/Santiago',1,'2018-05-08 23:00:00','2018-05-08 23:00:00');
INSERT INTO `__PREFIX__cities` (`country_code`, `name`, `longitude`, `latitude`, `feature_class`, `feature_code`, `subadmin1_code`, `subadmin2_code`, `population`, `time_zone`, `active`, `created_at`, `updated_at`) VALUES ('CL','{\"en\":\"Chimbarongo\"}',-71.04,-34.71,'P','PPL','CL.08','CL.08.63',17356,'America/Santiago',1,'2013-01-10 23:00:00','2013-01-10 23:00:00');
INSERT INTO `__PREFIX__cities` (`country_code`, `name`, `longitude`, `latitude`, `feature_class`, `feature_code`, `subadmin1_code`, `subadmin2_code`, `population`, `time_zone`, `active`, `created_at`, `updated_at`) VALUES ('CL','{\"en\":\"Chillán\"}',-72.10,-36.61,'P','PPLA','CL.18','CL.18.161',150396,'America/Santiago',1,'2018-11-27 23:00:00','2018-11-27 23:00:00');
INSERT INTO `__PREFIX__cities` (`country_code`, `name`, `longitude`, `latitude`, `feature_class`, `feature_code`, `subadmin1_code`, `subadmin2_code`, `population`, `time_zone`, `active`, `created_at`, `updated_at`) VALUES ('CL','{\"en\":\"Chiguayante\"}',-73.03,-36.93,'P','PPL','CL.06','CL.06.81',82545,'America/Santiago',1,'2013-01-10 23:00:00','2013-01-10 23:00:00');
INSERT INTO `__PREFIX__cities` (`country_code`, `name`, `longitude`, `latitude`, `feature_class`, `feature_code`, `subadmin1_code`, `subadmin2_code`, `population`, `time_zone`, `active`, `created_at`, `updated_at`) VALUES ('CL','{\"en\":\"Chicureo Abajo\"}',-70.65,-33.28,'P','PPL','CL.12','CL.12.133',18000,'America/Santiago',1,'2013-04-24 23:00:00','2013-04-24 23:00:00');
INSERT INTO `__PREFIX__cities` (`country_code`, `name`, `longitude`, `latitude`, `feature_class`, `feature_code`, `subadmin1_code`, `subadmin2_code`, `population`, `time_zone`, `active`, `created_at`, `updated_at`) VALUES ('CL','{\"en\":\"Cavancha\"}',-70.14,-20.23,'P','PPLX','CL.15','CL.15.11',17461,'America/Santiago',1,'2021-11-08 23:00:00','2021-11-08 23:00:00');
INSERT INTO `__PREFIX__cities` (`country_code`, `name`, `longitude`, `latitude`, `feature_class`, `feature_code`, `subadmin1_code`, `subadmin2_code`, `population`, `time_zone`, `active`, `created_at`, `updated_at`) VALUES ('CL','{\"en\":\"Cauquenes\"}',-72.32,-35.97,'P','PPL','CL.11','CL.11.72',31362,'America/Santiago',1,'2012-05-02 23:00:00','2012-05-02 23:00:00');
INSERT INTO `__PREFIX__cities` (`country_code`, `name`, `longitude`, `latitude`, `feature_class`, `feature_code`, `subadmin1_code`, `subadmin2_code`, `population`, `time_zone`, `active`, `created_at`, `updated_at`) VALUES ('CL','{\"en\":\"Castro\"}',-73.77,-42.47,'P','PPL','CL.14','CL.14.102',29926,'America/Santiago',1,'2012-05-02 23:00:00','2012-05-02 23:00:00');
INSERT INTO `__PREFIX__cities` (`country_code`, `name`, `longitude`, `latitude`, `feature_class`, `feature_code`, `subadmin1_code`, `subadmin2_code`, `population`, `time_zone`, `active`, `created_at`, `updated_at`) VALUES ('CL','{\"en\":\"Cartagena\"}',-71.61,-33.55,'P','PPL','CL.01','CL.01.56',16875,'America/Santiago',1,'2013-01-10 23:00:00','2013-01-10 23:00:00');
INSERT INTO `__PREFIX__cities` (`country_code`, `name`, `longitude`, `latitude`, `feature_class`, `feature_code`, `subadmin1_code`, `subadmin2_code`, `population`, `time_zone`, `active`, `created_at`, `updated_at`) VALUES ('CL','{\"en\":\"Carahue\"}',-73.16,-38.71,'P','PPL','CL.04','CL.04.91',11875,'America/Santiago',1,'2013-01-10 23:00:00','2013-01-10 23:00:00');
INSERT INTO `__PREFIX__cities` (`country_code`, `name`, `longitude`, `latitude`, `feature_class`, `feature_code`, `subadmin1_code`, `subadmin2_code`, `population`, `time_zone`, `active`, `created_at`, `updated_at`) VALUES ('CL','{\"en\":\"Cañete\"}',-73.40,-37.80,'P','PPL','CL.06','CL.06.82',20158,'America/Santiago',1,'2013-01-10 23:00:00','2013-01-10 23:00:00');
INSERT INTO `__PREFIX__cities` (`country_code`, `name`, `longitude`, `latitude`, `feature_class`, `feature_code`, `subadmin1_code`, `subadmin2_code`, `population`, `time_zone`, `active`, `created_at`, `updated_at`) VALUES ('CL','{\"en\":\"Calbuco\"}',-73.13,-41.77,'P','PPL','CL.14','CL.14.101',12490,'America/Santiago',1,'2018-06-17 23:00:00','2018-06-17 23:00:00');
INSERT INTO `__PREFIX__cities` (`country_code`, `name`, `longitude`, `latitude`, `feature_class`, `feature_code`, `subadmin1_code`, `subadmin2_code`, `population`, `time_zone`, `active`, `created_at`, `updated_at`) VALUES ('CL','{\"en\":\"Calama\"}',-68.92,-22.46,'P','PPLA2','CL.03','CL.03.22',143084,'America/Santiago',1,'2018-02-05 23:00:00','2018-02-05 23:00:00');
INSERT INTO `__PREFIX__cities` (`country_code`, `name`, `longitude`, `latitude`, `feature_class`, `feature_code`, `subadmin1_code`, `subadmin2_code`, `population`, `time_zone`, `active`, `created_at`, `updated_at`) VALUES ('CL','{\"en\":\"Cabrero\"}',-72.40,-37.03,'P','PPL','CL.06','CL.06.83',18327,'America/Santiago',1,'2013-01-10 23:00:00','2013-01-10 23:00:00');
INSERT INTO `__PREFIX__cities` (`country_code`, `name`, `longitude`, `latitude`, `feature_class`, `feature_code`, `subadmin1_code`, `subadmin2_code`, `population`, `time_zone`, `active`, `created_at`, `updated_at`) VALUES ('CL','{\"en\":\"Bulnes\"}',-72.30,-36.74,'P','PPLA2','CL.18','CL.18.161',12715,'America/Santiago',1,'2018-11-27 23:00:00','2018-11-27 23:00:00');
INSERT INTO `__PREFIX__cities` (`country_code`, `name`, `longitude`, `latitude`, `feature_class`, `feature_code`, `subadmin1_code`, `subadmin2_code`, `population`, `time_zone`, `active`, `created_at`, `updated_at`) VALUES ('CL','{\"en\":\"Buin\"}',-70.74,-33.73,'P','PPL','CL.12','CL.12.134',55441,'America/Santiago',1,'2013-01-10 23:00:00','2013-01-10 23:00:00');
INSERT INTO `__PREFIX__cities` (`country_code`, `name`, `longitude`, `latitude`, `feature_class`, `feature_code`, `subadmin1_code`, `subadmin2_code`, `population`, `time_zone`, `active`, `created_at`, `updated_at`) VALUES ('CL','{\"en\":\"Arica\"}',-70.30,-18.47,'P','PPLA','CL.16','CL.16.151',185999,'America/Santiago',1,'2012-12-04 23:00:00','2012-12-04 23:00:00');
INSERT INTO `__PREFIX__cities` (`country_code`, `name`, `longitude`, `latitude`, `feature_class`, `feature_code`, `subadmin1_code`, `subadmin2_code`, `population`, `time_zone`, `active`, `created_at`, `updated_at`) VALUES ('CL','{\"en\":\"Arauco\"}',-73.32,-37.25,'P','PPL','CL.06','CL.06.82',24659,'America/Santiago',1,'2012-05-02 23:00:00','2012-05-02 23:00:00');
INSERT INTO `__PREFIX__cities` (`country_code`, `name`, `longitude`, `latitude`, `feature_class`, `feature_code`, `subadmin1_code`, `subadmin2_code`, `population`, `time_zone`, `active`, `created_at`, `updated_at`) VALUES ('CL','{\"en\":\"Antofagasta\"}',-70.40,-23.65,'P','PPLA','CL.03','CL.03.21',309832,'America/Santiago',1,'2021-08-01 23:00:00','2021-08-01 23:00:00');
INSERT INTO `__PREFIX__cities` (`country_code`, `name`, `longitude`, `latitude`, `feature_class`, `feature_code`, `subadmin1_code`, `subadmin2_code`, `population`, `time_zone`, `active`, `created_at`, `updated_at`) VALUES ('CL','{\"en\":\"Angol\"}',-72.72,-37.80,'P','PPLA2','CL.04','CL.04.92',44856,'America/Santiago',1,'2018-02-05 23:00:00','2018-02-05 23:00:00');
INSERT INTO `__PREFIX__cities` (`country_code`, `name`, `longitude`, `latitude`, `feature_class`, `feature_code`, `subadmin1_code`, `subadmin2_code`, `population`, `time_zone`, `active`, `created_at`, `updated_at`) VALUES ('CL','{\"en\":\"Ancud\"}',-73.82,-41.87,'P','PPL','CL.14','CL.14.102',28020,'America/Santiago',1,'2013-01-10 23:00:00','2013-01-10 23:00:00');
INSERT INTO `__PREFIX__cities` (`country_code`, `name`, `longitude`, `latitude`, `feature_class`, `feature_code`, `subadmin1_code`, `subadmin2_code`, `population`, `time_zone`, `active`, `created_at`, `updated_at`) VALUES ('CL','{\"en\":\"Alto Hospicio\"}',-70.10,-20.27,'P','PPLA2','CL.15','CL.15.11',105065,'America/Santiago',1,'2021-11-08 23:00:00','2021-11-08 23:00:00');
INSERT INTO `__PREFIX__cities` (`country_code`, `name`, `longitude`, `latitude`, `feature_class`, `feature_code`, `subadmin1_code`, `subadmin2_code`, `population`, `time_zone`, `active`, `created_at`, `updated_at`) VALUES ('CL','{\"en\":\"Las Animas\"}',-73.22,-39.81,'P','PPL','CL.17','CL.17.141',30000,'America/Santiago',1,'2018-06-17 23:00:00','2018-06-17 23:00:00');
INSERT INTO `__PREFIX__cities` (`country_code`, `name`, `longitude`, `latitude`, `feature_class`, `feature_code`, `subadmin1_code`, `subadmin2_code`, `population`, `time_zone`, `active`, `created_at`, `updated_at`) VALUES ('CL','{\"en\":\"La Pintana\"}',-70.63,-33.58,'P','PPL','CL.12','CL.12.131',201178,'America/Santiago',1,'2012-05-02 23:00:00','2012-05-02 23:00:00');
INSERT INTO `__PREFIX__cities` (`country_code`, `name`, `longitude`, `latitude`, `feature_class`, `feature_code`, `subadmin1_code`, `subadmin2_code`, `population`, `time_zone`, `active`, `created_at`, `updated_at`) VALUES ('CL','{\"en\":\"Lo Prado\"}',-70.73,-33.44,'P','PPL','CL.12','CL.12.131',104316,'America/Santiago',1,'2012-05-02 23:00:00','2012-05-02 23:00:00');
INSERT INTO `__PREFIX__cities` (`country_code`, `name`, `longitude`, `latitude`, `feature_class`, `feature_code`, `subadmin1_code`, `subadmin2_code`, `population`, `time_zone`, `active`, `created_at`, `updated_at`) VALUES ('CL','{\"en\":\"Villa Presidente Frei\"}',-70.58,-33.46,'P','PPLX','CL.12','CL.12.131',15000,'America/Santiago',1,'2021-10-19 23:00:00','2021-10-19 23:00:00');
INSERT INTO `__PREFIX__cities` (`country_code`, `name`, `longitude`, `latitude`, `feature_class`, `feature_code`, `subadmin1_code`, `subadmin2_code`, `population`, `time_zone`, `active`, `created_at`, `updated_at`) VALUES ('CL','{\"en\":\"Barrio Industrial\"}',-70.13,-20.20,'P','PPLX','CL.15','CL.15.11',10875,'America/Santiago',1,'2021-11-08 23:00:00','2021-11-08 23:00:00');
INSERT INTO `__PREFIX__cities` (`country_code`, `name`, `longitude`, `latitude`, `feature_class`, `feature_code`, `subadmin1_code`, `subadmin2_code`, `population`, `time_zone`, `active`, `created_at`, `updated_at`) VALUES ('CL','{\"en\":\"Arturo Prat\"}',-70.15,-20.21,'P','PPLX','CL.15','CL.15.11',12880,'America/Santiago',1,'2021-11-08 23:00:00','2021-11-08 23:00:00');
INSERT INTO `__PREFIX__cities` (`country_code`, `name`, `longitude`, `latitude`, `feature_class`, `feature_code`, `subadmin1_code`, `subadmin2_code`, `population`, `time_zone`, `active`, `created_at`, `updated_at`) VALUES ('CL','{\"en\":\"Hospital\"}',-70.14,-20.21,'P','PPLX','CL.15','CL.15.11',14914,'America/Santiago',1,'2021-11-08 23:00:00','2021-11-08 23:00:00');
INSERT INTO `__PREFIX__cities` (`country_code`, `name`, `longitude`, `latitude`, `feature_class`, `feature_code`, `subadmin1_code`, `subadmin2_code`, `population`, `time_zone`, `active`, `created_at`, `updated_at`) VALUES ('CL','{\"en\":\"Parque Balmaceda\"}',-70.15,-20.22,'P','PPLX','CL.15','CL.15.11',10941,'America/Santiago',1,'2021-11-08 23:00:00','2021-11-08 23:00:00');
INSERT INTO `__PREFIX__cities` (`country_code`, `name`, `longitude`, `latitude`, `feature_class`, `feature_code`, `subadmin1_code`, `subadmin2_code`, `population`, `time_zone`, `active`, `created_at`, `updated_at`) VALUES ('CL','{\"en\":\"Goméz Carreño\"}',-70.14,-20.24,'P','PPLX','CL.15','CL.15.11',23737,'America/Santiago',1,'2021-11-08 23:00:00','2021-11-08 23:00:00');
INSERT INTO `__PREFIX__cities` (`country_code`, `name`, `longitude`, `latitude`, `feature_class`, `feature_code`, `subadmin1_code`, `subadmin2_code`, `population`, `time_zone`, `active`, `created_at`, `updated_at`) VALUES ('CL','{\"en\":\"Playa Brava\"}',-70.13,-20.25,'P','PPLX','CL.15','CL.15.11',20824,'America/Santiago',1,'2021-11-08 23:00:00','2021-11-08 23:00:00');
INSERT INTO `__PREFIX__cities` (`country_code`, `name`, `longitude`, `latitude`, `feature_class`, `feature_code`, `subadmin1_code`, `subadmin2_code`, `population`, `time_zone`, `active`, `created_at`, `updated_at`) VALUES ('CL','{\"en\":\"La Tirana\"}',-70.13,-20.28,'P','PPLX','CL.15','CL.15.11',51896,'America/Santiago',1,'2021-11-08 23:00:00','2021-11-08 23:00:00');
INSERT INTO `__PREFIX__cities` (`country_code`, `name`, `longitude`, `latitude`, `feature_class`, `feature_code`, `subadmin1_code`, `subadmin2_code`, `population`, `time_zone`, `active`, `created_at`, `updated_at`) VALUES ('CL','{\"en\":\"Caupolicán\"}',-70.14,-20.22,'P','PPLX','CL.15','CL.15.11',20707,'America/Santiago',1,'2021-11-08 23:00:00','2021-11-08 23:00:00');
/*!40000 ALTER TABLE `__PREFIX__cities` ENABLE KEYS */;
/*!40103 SET TIME_ZONE=@OLD_TIME_ZONE */;

/*!40101 SET SQL_MODE=@OLD_SQL_MODE */;
/*!40014 SET FOREIGN_KEY_CHECKS=@OLD_FOREIGN_KEY_CHECKS */;
/*!40014 SET UNIQUE_CHECKS=@OLD_UNIQUE_CHECKS */;
/*!40101 SET CHARACTER_SET_CLIENT=@OLD_CHARACTER_SET_CLIENT */;
/*!40101 SET CHARACTER_SET_RESULTS=@OLD_CHARACTER_SET_RESULTS */;
/*!40101 SET COLLATION_CONNECTION=@OLD_COLLATION_CONNECTION */;
/*!40111 SET SQL_NOTES=@OLD_SQL_NOTES */;

-- Dump completed
