-- MySQL dump 10.13  Distrib 5.7.34, for osx10.12 (x86_64)
--
-- Host: 127.0.0.1    Database: laraclassifier
-- ------------------------------------------------------
-- Server version	5.7.34

/*!40101 SET @OLD_CHARACTER_SET_CLIENT=@@CHARACTER_SET_CLIENT */;
/*!40101 SET @OLD_CHARACTER_SET_RESULTS=@@CHARACTER_SET_RESULTS */;
/*!40101 SET @OLD_COLLATION_CONNECTION=@@COLLATION_CONNECTION */;
/*!40101 SET NAMES utf8 */;
/*!40103 SET @OLD_TIME_ZONE=@@TIME_ZONE */;
/*!40103 SET TIME_ZONE='+00:00' */;
/*!40014 SET @OLD_UNIQUE_CHECKS=@@UNIQUE_CHECKS, UNIQUE_CHECKS=0 */;
/*!40014 SET @OLD_FOREIGN_KEY_CHECKS=@@FOREIGN_KEY_CHECKS, FOREIGN_KEY_CHECKS=0 */;
/*!40101 SET @OLD_SQL_MODE=@@SQL_MODE, SQL_MODE='NO_AUTO_VALUE_ON_ZERO' */;
/*!40111 SET @OLD_SQL_NOTES=@@SQL_NOTES, SQL_NOTES=0 */;

--
-- Dumping data for table `__PREFIX__subadmin1`
--

/*!40000 ALTER TABLE `__PREFIX__subadmin1` DISABLE KEYS */;
INSERT INTO `__PREFIX__subadmin1` (`code`, `country_code`, `name`, `active`) VALUES ('CM.09','CM','{\"en\":\"South-West\"}',1);
INSERT INTO `__PREFIX__subadmin1` (`code`, `country_code`, `name`, `active`) VALUES ('CM.14','CM','{\"en\":\"South\"}',1);
INSERT INTO `__PREFIX__subadmin1` (`code`, `country_code`, `name`, `active`) VALUES ('CM.08','CM','{\"en\":\"West\"}',1);
INSERT INTO `__PREFIX__subadmin1` (`code`, `country_code`, `name`, `active`) VALUES ('CM.07','CM','{\"en\":\"North-West\"}',1);
INSERT INTO `__PREFIX__subadmin1` (`code`, `country_code`, `name`, `active`) VALUES ('CM.13','CM','{\"en\":\"North\"}',1);
INSERT INTO `__PREFIX__subadmin1` (`code`, `country_code`, `name`, `active`) VALUES ('CM.05','CM','{\"en\":\"Littoral\"}',1);
INSERT INTO `__PREFIX__subadmin1` (`code`, `country_code`, `name`, `active`) VALUES ('CM.12','CM','{\"en\":\"Far North\"}',1);
INSERT INTO `__PREFIX__subadmin1` (`code`, `country_code`, `name`, `active`) VALUES ('CM.04','CM','{\"en\":\"East\"}',1);
INSERT INTO `__PREFIX__subadmin1` (`code`, `country_code`, `name`, `active`) VALUES ('CM.11','CM','{\"en\":\"Centre\"}',1);
INSERT INTO `__PREFIX__subadmin1` (`code`, `country_code`, `name`, `active`) VALUES ('CM.10','CM','{\"en\":\"Adamaoua\"}',1);
/*!40000 ALTER TABLE `__PREFIX__subadmin1` ENABLE KEYS */;

--
-- Dumping data for table `__PREFIX__subadmin2`
--

/*!40000 ALTER TABLE `__PREFIX__subadmin2` DISABLE KEYS */;
INSERT INTO `__PREFIX__subadmin2` (`code`, `country_code`, `subadmin1_code`, `name`, `active`) VALUES ('CM.05.2221059','CM','CM.05','{\"en\":\"Département du Wouri\"}',1);
INSERT INTO `__PREFIX__subadmin2` (`code`, `country_code`, `subadmin1_code`, `name`, `active`) VALUES ('CM.05.2222269','CM','CM.05','{\"en\":\"Département de la Sanaga-Maritime\"}',1);
INSERT INTO `__PREFIX__subadmin2` (`code`, `country_code`, `subadmin1_code`, `name`, `active`) VALUES ('CM.11.2223327','CM','CM.11','{\"en\":\"Département du Nyong-et-Soo\"}',1);
INSERT INTO `__PREFIX__subadmin2` (`code`, `country_code`, `subadmin1_code`, `name`, `active`) VALUES ('CM.11.2223329','CM','CM.11','{\"en\":\"Département du Nyong-et-Mfoumou\"}',1);
INSERT INTO `__PREFIX__subadmin2` (`code`, `country_code`, `subadmin1_code`, `name`, `active`) VALUES ('CM.11.2223330','CM','CM.11','{\"en\":\"Département du Nyong-et-Kéllé\"}',1);
INSERT INTO `__PREFIX__subadmin2` (`code`, `country_code`, `subadmin1_code`, `name`, `active`) VALUES ('CM.05.2224165','CM','CM.05','{\"en\":\"Département du Nkam\"}',1);
INSERT INTO `__PREFIX__subadmin2` (`code`, `country_code`, `subadmin1_code`, `name`, `active`) VALUES ('CM.09.2225280','CM','CM.09','{\"en\":\"Ndian Division\"}',1);
INSERT INTO `__PREFIX__subadmin2` (`code`, `country_code`, `subadmin1_code`, `name`, `active`) VALUES ('CM.08.2225334','CM','CM.08','{\"en\":\"Département du Ndé\"}',1);
INSERT INTO `__PREFIX__subadmin2` (`code`, `country_code`, `subadmin1_code`, `name`, `active`) VALUES ('CM.05.2225744','CM','CM.05','{\"en\":\"Département du Mungo\"}',1);
INSERT INTO `__PREFIX__subadmin2` (`code`, `country_code`, `subadmin1_code`, `name`, `active`) VALUES ('CM.07.2226140','CM','CM.07','{\"en\":\"Momo Division\"}',1);
INSERT INTO `__PREFIX__subadmin2` (`code`, `country_code`, `subadmin1_code`, `name`, `active`) VALUES ('CM.08.2226712','CM','CM.08','{\"en\":\"Département de Mifi\"}',1);
INSERT INTO `__PREFIX__subadmin2` (`code`, `country_code`, `subadmin1_code`, `name`, `active`) VALUES ('CM.07.2226830','CM','CM.07','{\"en\":\"Mezam Division\"}',1);
INSERT INTO `__PREFIX__subadmin2` (`code`, `country_code`, `subadmin1_code`, `name`, `active`) VALUES ('CM.07.2226947','CM','CM.07','{\"en\":\"Metchum Division\"}',1);
INSERT INTO `__PREFIX__subadmin2` (`code`, `country_code`, `subadmin1_code`, `name`, `active`) VALUES ('CM.08.2227064','CM','CM.08','{\"en\":\"Département de la Ménoua\"}',1);
INSERT INTO `__PREFIX__subadmin2` (`code`, `country_code`, `subadmin1_code`, `name`, `active`) VALUES ('CM.09.2227197','CM','CM.09','{\"en\":\"Meme Division\"}',1);
INSERT INTO `__PREFIX__subadmin2` (`code`, `country_code`, `subadmin1_code`, `name`, `active`) VALUES ('CM.12.2228217','CM','CM.12','{\"en\":\"Département du Mayo Danaï\"}',1);
INSERT INTO `__PREFIX__subadmin2` (`code`, `country_code`, `subadmin1_code`, `name`, `active`) VALUES ('CM.09.2228442','CM','CM.09','{\"en\":\"Manyu Division\"}',1);
INSERT INTO `__PREFIX__subadmin2` (`code`, `country_code`, `subadmin1_code`, `name`, `active`) VALUES ('CM.04.2229251','CM','CM.04','{\"en\":\"Département du Lom-et-Djérem\"}',1);
INSERT INTO `__PREFIX__subadmin2` (`code`, `country_code`, `subadmin1_code`, `name`, `active`) VALUES ('CM.12.2229291','CM','CM.12','{\"en\":\"Département du Logone-et-Chari\"}',1);
INSERT INTO `__PREFIX__subadmin2` (`code`, `country_code`, `subadmin1_code`, `name`, `active`) VALUES ('CM.11.2229546','CM','CM.11','{\"en\":\"Département de la Lékié\"}',1);
INSERT INTO `__PREFIX__subadmin2` (`code`, `country_code`, `subadmin1_code`, `name`, `active`) VALUES ('CM.14.2229760','CM','CM.14','{\"en\":\"Département de l\'Océan\"}',1);
INSERT INTO `__PREFIX__subadmin2` (`code`, `country_code`, `subadmin1_code`, `name`, `active`) VALUES ('CM.04.2230606','CM','CM.04','{\"en\":\"Département de la Kadeï\"}',1);
INSERT INTO `__PREFIX__subadmin2` (`code`, `country_code`, `subadmin1_code`, `name`, `active`) VALUES ('CM.04.2230815','CM','CM.04','{\"en\":\"Departement du Haut-Nyong\"}',1);
INSERT INTO `__PREFIX__subadmin2` (`code`, `country_code`, `subadmin1_code`, `name`, `active`) VALUES ('CM.08.2230816','CM','CM.08','{\"en\":\"Département du Haut-Nkam\"}',1);
INSERT INTO `__PREFIX__subadmin2` (`code`, `country_code`, `subadmin1_code`, `name`, `active`) VALUES ('CM.11.2230817','CM','CM.11','{\"en\":\"Département de la Haute-Sanaga\"}',1);
INSERT INTO `__PREFIX__subadmin2` (`code`, `country_code`, `subadmin1_code`, `name`, `active`) VALUES ('CM.09.2231710','CM','CM.09','{\"en\":\"Fako Division\"}',1);
INSERT INTO `__PREFIX__subadmin2` (`code`, `country_code`, `subadmin1_code`, `name`, `active`) VALUES ('CM.07.2232640','CM','CM.07','{\"en\":\"Donga and Mantung Division\"}',1);
INSERT INTO `__PREFIX__subadmin2` (`code`, `country_code`, `subadmin1_code`, `name`, `active`) VALUES ('CM.14.2232969','CM','CM.14','{\"en\":\"Département du Dja-et-Lobo\"}',1);
INSERT INTO `__PREFIX__subadmin2` (`code`, `country_code`, `subadmin1_code`, `name`, `active`) VALUES ('CM.12.2233122','CM','CM.12','{\"en\":\"Département du Diamaré\"}',1);
INSERT INTO `__PREFIX__subadmin2` (`code`, `country_code`, `subadmin1_code`, `name`, `active`) VALUES ('CM.07.2233408','CM','CM.07','{\"en\":\"Bui Division\"}',1);
INSERT INTO `__PREFIX__subadmin2` (`code`, `country_code`, `subadmin1_code`, `name`, `active`) VALUES ('CM.04.2233500','CM','CM.04','{\"en\":\"Département de la Boumba-Ngoko\"}',1);
INSERT INTO `__PREFIX__subadmin2` (`code`, `country_code`, `subadmin1_code`, `name`, `active`) VALUES ('CM.13.2234396','CM','CM.13','{\"en\":\"Département de la Bénoué\"}',1);
INSERT INTO `__PREFIX__subadmin2` (`code`, `country_code`, `subadmin1_code`, `name`, `active`) VALUES ('CM.08.2234988','CM','CM.08','{\"en\":\"Département de Bamboutos\"}',1);
INSERT INTO `__PREFIX__subadmin2` (`code`, `country_code`, `subadmin1_code`, `name`, `active`) VALUES ('CM.10.7670946','CM','CM.10','{\"en\":\"Djerem\"}',1);
INSERT INTO `__PREFIX__subadmin2` (`code`, `country_code`, `subadmin1_code`, `name`, `active`) VALUES ('CM.10.7670947','CM','CM.10','{\"en\":\"Faro-et-Deo\"}',1);
INSERT INTO `__PREFIX__subadmin2` (`code`, `country_code`, `subadmin1_code`, `name`, `active`) VALUES ('CM.10.7670948','CM','CM.10','{\"en\":\"Vina\"}',1);
INSERT INTO `__PREFIX__subadmin2` (`code`, `country_code`, `subadmin1_code`, `name`, `active`) VALUES ('CM.11.7730793','CM','CM.11','{\"en\":\"Mbam-et-Kim\"}',1);
INSERT INTO `__PREFIX__subadmin2` (`code`, `country_code`, `subadmin1_code`, `name`, `active`) VALUES ('CM.11.7731690','CM','CM.11','{\"en\":\"Méfou-et-Afamba\"}',1);
INSERT INTO `__PREFIX__subadmin2` (`code`, `country_code`, `subadmin1_code`, `name`, `active`) VALUES ('CM.12.7932539','CM','CM.12','{\"en\":\"Departement du Mayo-Kani\"}',1);
INSERT INTO `__PREFIX__subadmin2` (`code`, `country_code`, `subadmin1_code`, `name`, `active`) VALUES ('CM.10.8299279','CM','CM.10','{\"en\":\"Mbere Department\"}',1);
INSERT INTO `__PREFIX__subadmin2` (`code`, `country_code`, `subadmin1_code`, `name`, `active`) VALUES ('CM.09.8505106','CM','CM.09','{\"en\":\"Koupé-Manengouba\"}',1);
INSERT INTO `__PREFIX__subadmin2` (`code`, `country_code`, `subadmin1_code`, `name`, `active`) VALUES ('CM.11.8693008','CM','CM.11','{\"en\":\"Mfoundi\"}',1);
INSERT INTO `__PREFIX__subadmin2` (`code`, `country_code`, `subadmin1_code`, `name`, `active`) VALUES ('CM.13.8740150','CM','CM.13','{\"en\":\"Mayo-Rey\"}',1);
INSERT INTO `__PREFIX__subadmin2` (`code`, `country_code`, `subadmin1_code`, `name`, `active`) VALUES ('CM.13.8740152','CM','CM.13','{\"en\":\"Mayo-Louti\"}',1);
INSERT INTO `__PREFIX__subadmin2` (`code`, `country_code`, `subadmin1_code`, `name`, `active`) VALUES ('CM.11.9165815','CM','CM.11','{\"en\":\"Mefou-et-Akono\"}',1);
INSERT INTO `__PREFIX__subadmin2` (`code`, `country_code`, `subadmin1_code`, `name`, `active`) VALUES ('CM.10.9224946','CM','CM.10','{\"en\":\"Mayo-Banyo\"}',1);
INSERT INTO `__PREFIX__subadmin2` (`code`, `country_code`, `subadmin1_code`, `name`, `active`) VALUES ('CM.11.9224948','CM','CM.11','{\"en\":\"Mbam-Et-Inoubou\"}',1);
INSERT INTO `__PREFIX__subadmin2` (`code`, `country_code`, `subadmin1_code`, `name`, `active`) VALUES ('CM.12.9224949','CM','CM.12','{\"en\":\"Mayo-Sava\"}',1);
INSERT INTO `__PREFIX__subadmin2` (`code`, `country_code`, `subadmin1_code`, `name`, `active`) VALUES ('CM.12.9224951','CM','CM.12','{\"en\":\"Mayo-Tsanaga\"}',1);
INSERT INTO `__PREFIX__subadmin2` (`code`, `country_code`, `subadmin1_code`, `name`, `active`) VALUES ('CM.07.9224959','CM','CM.07','{\"en\":\"Boyo\"}',1);
INSERT INTO `__PREFIX__subadmin2` (`code`, `country_code`, `subadmin1_code`, `name`, `active`) VALUES ('CM.08.9224961','CM','CM.08','{\"en\":\"Hauts-Plateaux\"}',1);
INSERT INTO `__PREFIX__subadmin2` (`code`, `country_code`, `subadmin1_code`, `name`, `active`) VALUES ('CM.08.9224964','CM','CM.08','{\"en\":\"Koung-Khi\"}',1);
INSERT INTO `__PREFIX__subadmin2` (`code`, `country_code`, `subadmin1_code`, `name`, `active`) VALUES ('CM.08.9224965','CM','CM.08','{\"en\":\"Noun\"}',1);
INSERT INTO `__PREFIX__subadmin2` (`code`, `country_code`, `subadmin1_code`, `name`, `active`) VALUES ('CM.09.9224975','CM','CM.09','{\"en\":\"Lebialem\"}',1);
INSERT INTO `__PREFIX__subadmin2` (`code`, `country_code`, `subadmin1_code`, `name`, `active`) VALUES ('CM.13.9228189','CM','CM.13','{\"en\":\"Faro Department\"}',1);
INSERT INTO `__PREFIX__subadmin2` (`code`, `country_code`, `subadmin1_code`, `name`, `active`) VALUES ('CM.14.9230015','CM','CM.14','{\"en\":\"Mvila\"}',1);
INSERT INTO `__PREFIX__subadmin2` (`code`, `country_code`, `subadmin1_code`, `name`, `active`) VALUES ('CM.14.9239012','CM','CM.14','{\"en\":\"Vallée-du-Ntem\"}',1);
INSERT INTO `__PREFIX__subadmin2` (`code`, `country_code`, `subadmin1_code`, `name`, `active`) VALUES ('CM.07.10289311','CM','CM.07','{\"en\":\"Ngo-Ketunjia\"}',1);
/*!40000 ALTER TABLE `__PREFIX__subadmin2` ENABLE KEYS */;

--
-- Dumping data for table `__PREFIX__cities`
--

/*!40000 ALTER TABLE `__PREFIX__cities` DISABLE KEYS */;
INSERT INTO `__PREFIX__cities` (`country_code`, `name`, `longitude`, `latitude`, `feature_class`, `feature_code`, `subadmin1_code`, `subadmin2_code`, `population`, `time_zone`, `active`, `created_at`, `updated_at`) VALUES ('CM','{\"en\":\"Yoko\"}',12.32,5.53,'P','PPL','CM.11',NULL,5269,'Africa/Douala',1,'2012-01-15 23:00:00','2012-01-15 23:00:00');
INSERT INTO `__PREFIX__cities` (`country_code`, `name`, `longitude`, `latitude`, `feature_class`, `feature_code`, `subadmin1_code`, `subadmin2_code`, `population`, `time_zone`, `active`, `created_at`, `updated_at`) VALUES ('CM','{\"en\":\"Yokadouma\"}',15.05,3.52,'P','PPL','CM.04',NULL,13287,'Africa/Douala',1,'2012-01-15 23:00:00','2012-01-15 23:00:00');
INSERT INTO `__PREFIX__cities` (`country_code`, `name`, `longitude`, `latitude`, `feature_class`, `feature_code`, `subadmin1_code`, `subadmin2_code`, `population`, `time_zone`, `active`, `created_at`, `updated_at`) VALUES ('CM','{\"en\":\"Yaoundé\"}',11.52,3.87,'P','PPLC','CM.11',NULL,1299369,'Africa/Douala',1,'2019-09-04 23:00:00','2019-09-04 23:00:00');
INSERT INTO `__PREFIX__cities` (`country_code`, `name`, `longitude`, `latitude`, `feature_class`, `feature_code`, `subadmin1_code`, `subadmin2_code`, `population`, `time_zone`, `active`, `created_at`, `updated_at`) VALUES ('CM','{\"en\":\"Yagoua\"}',15.23,10.34,'P','PPL','CM.12',NULL,80235,'Africa/Douala',1,'2012-01-15 23:00:00','2012-01-15 23:00:00');
INSERT INTO `__PREFIX__cities` (`country_code`, `name`, `longitude`, `latitude`, `feature_class`, `feature_code`, `subadmin1_code`, `subadmin2_code`, `population`, `time_zone`, `active`, `created_at`, `updated_at`) VALUES ('CM','{\"en\":\"Yabassi\"}',9.97,4.46,'P','PPL','CM.05',NULL,7560,'Africa/Douala',1,'2012-01-15 23:00:00','2012-01-15 23:00:00');
INSERT INTO `__PREFIX__cities` (`country_code`, `name`, `longitude`, `latitude`, `feature_class`, `feature_code`, `subadmin1_code`, `subadmin2_code`, `population`, `time_zone`, `active`, `created_at`, `updated_at`) VALUES ('CM','{\"en\":\"Wum\"}',10.07,6.38,'P','PPL','CM.07',NULL,68836,'Africa/Douala',1,'2012-01-15 23:00:00','2012-01-15 23:00:00');
INSERT INTO `__PREFIX__cities` (`country_code`, `name`, `longitude`, `latitude`, `feature_class`, `feature_code`, `subadmin1_code`, `subadmin2_code`, `population`, `time_zone`, `active`, `created_at`, `updated_at`) VALUES ('CM','{\"en\":\"Tonga\"}',10.70,4.97,'P','PPL','CM.08',NULL,16036,'Africa/Douala',1,'2018-10-11 23:00:00','2018-10-11 23:00:00');
INSERT INTO `__PREFIX__cities` (`country_code`, `name`, `longitude`, `latitude`, `feature_class`, `feature_code`, `subadmin1_code`, `subadmin2_code`, `population`, `time_zone`, `active`, `created_at`, `updated_at`) VALUES ('CM','{\"en\":\"Tiko\"}',9.36,4.08,'P','PPL','CM.09',NULL,55914,'Africa/Douala',1,'2014-10-05 23:00:00','2014-10-05 23:00:00');
INSERT INTO `__PREFIX__cities` (`country_code`, `name`, `longitude`, `latitude`, `feature_class`, `feature_code`, `subadmin1_code`, `subadmin2_code`, `population`, `time_zone`, `active`, `created_at`, `updated_at`) VALUES ('CM','{\"en\":\"Tibati\"}',12.63,6.47,'P','PPL','CM.10',NULL,35589,'Africa/Douala',1,'2014-02-05 23:00:00','2014-02-05 23:00:00');
INSERT INTO `__PREFIX__cities` (`country_code`, `name`, `longitude`, `latitude`, `feature_class`, `feature_code`, `subadmin1_code`, `subadmin2_code`, `population`, `time_zone`, `active`, `created_at`, `updated_at`) VALUES ('CM','{\"en\":\"Tcholliré\"}',14.17,8.40,'P','PPL','CM.13',NULL,23187,'Africa/Douala',1,'2020-06-09 23:00:00','2020-06-09 23:00:00');
INSERT INTO `__PREFIX__cities` (`country_code`, `name`, `longitude`, `latitude`, `feature_class`, `feature_code`, `subadmin1_code`, `subadmin2_code`, `population`, `time_zone`, `active`, `created_at`, `updated_at`) VALUES ('CM','{\"en\":\"Sangmélima\"}',11.98,2.93,'P','PPL','CM.14',NULL,54251,'Africa/Douala',1,'2020-06-09 23:00:00','2020-06-09 23:00:00');
INSERT INTO `__PREFIX__cities` (`country_code`, `name`, `longitude`, `latitude`, `feature_class`, `feature_code`, `subadmin1_code`, `subadmin2_code`, `population`, `time_zone`, `active`, `created_at`, `updated_at`) VALUES ('CM','{\"en\":\"Saa\"}',11.45,4.37,'P','PPL','CM.11',NULL,5727,'Africa/Douala',1,'2012-01-15 23:00:00','2012-01-15 23:00:00');
INSERT INTO `__PREFIX__cities` (`country_code`, `name`, `longitude`, `latitude`, `feature_class`, `feature_code`, `subadmin1_code`, `subadmin2_code`, `population`, `time_zone`, `active`, `created_at`, `updated_at`) VALUES ('CM','{\"en\":\"Rey Bouba\"}',14.18,8.67,'P','PPL','CM.13',NULL,11454,'Africa/Douala',1,'2018-10-11 23:00:00','2018-10-11 23:00:00');
INSERT INTO `__PREFIX__cities` (`country_code`, `name`, `longitude`, `latitude`, `feature_class`, `feature_code`, `subadmin1_code`, `subadmin2_code`, `population`, `time_zone`, `active`, `created_at`, `updated_at`) VALUES ('CM','{\"en\":\"Poli\"}',13.24,8.48,'P','PPL','CM.13',NULL,5727,'Africa/Douala',1,'2018-12-03 23:00:00','2018-12-03 23:00:00');
INSERT INTO `__PREFIX__cities` (`country_code`, `name`, `longitude`, `latitude`, `feature_class`, `feature_code`, `subadmin1_code`, `subadmin2_code`, `population`, `time_zone`, `active`, `created_at`, `updated_at`) VALUES ('CM','{\"en\":\"Pitoa\"}',13.50,9.38,'P','PPL','CM.13',NULL,11454,'Africa/Douala',1,'2014-01-07 23:00:00','2014-01-07 23:00:00');
INSERT INTO `__PREFIX__cities` (`country_code`, `name`, `longitude`, `latitude`, `feature_class`, `feature_code`, `subadmin1_code`, `subadmin2_code`, `population`, `time_zone`, `active`, `created_at`, `updated_at`) VALUES ('CM','{\"en\":\"Penja\"}',9.68,4.64,'P','PPL','CM.05',NULL,28406,'Africa/Douala',1,'2012-01-15 23:00:00','2012-01-15 23:00:00');
INSERT INTO `__PREFIX__cities` (`country_code`, `name`, `longitude`, `latitude`, `feature_class`, `feature_code`, `subadmin1_code`, `subadmin2_code`, `population`, `time_zone`, `active`, `created_at`, `updated_at`) VALUES ('CM','{\"en\":\"Okola\"}',11.38,4.02,'P','PPL','CM.11',NULL,5390,'Africa/Douala',1,'2018-11-04 23:00:00','2018-11-04 23:00:00');
INSERT INTO `__PREFIX__cities` (`country_code`, `name`, `longitude`, `latitude`, `feature_class`, `feature_code`, `subadmin1_code`, `subadmin2_code`, `population`, `time_zone`, `active`, `created_at`, `updated_at`) VALUES ('CM','{\"en\":\"Obala\"}',11.53,4.17,'P','PPL','CM.11',NULL,30012,'Africa/Douala',1,'2012-01-15 23:00:00','2012-01-15 23:00:00');
INSERT INTO `__PREFIX__cities` (`country_code`, `name`, `longitude`, `latitude`, `feature_class`, `feature_code`, `subadmin1_code`, `subadmin2_code`, `population`, `time_zone`, `active`, `created_at`, `updated_at`) VALUES ('CM','{\"en\":\"Ntui\"}',11.63,4.45,'P','PPL','CM.11',NULL,6185,'Africa/Douala',1,'2012-01-15 23:00:00','2012-01-15 23:00:00');
INSERT INTO `__PREFIX__cities` (`country_code`, `name`, `longitude`, `latitude`, `feature_class`, `feature_code`, `subadmin1_code`, `subadmin2_code`, `population`, `time_zone`, `active`, `created_at`, `updated_at`) VALUES ('CM','{\"en\":\"Nkoteng\"}',12.03,4.52,'P','PPL','CM.11',NULL,50334,'Africa/Douala',1,'2012-01-15 23:00:00','2012-01-15 23:00:00');
INSERT INTO `__PREFIX__cities` (`country_code`, `name`, `longitude`, `latitude`, `feature_class`, `feature_code`, `subadmin1_code`, `subadmin2_code`, `population`, `time_zone`, `active`, `created_at`, `updated_at`) VALUES ('CM','{\"en\":\"Nkongsamba\"}',9.94,4.95,'P','PPL','CM.05',NULL,117063,'Africa/Douala',1,'2012-01-15 23:00:00','2012-01-15 23:00:00');
INSERT INTO `__PREFIX__cities` (`country_code`, `name`, `longitude`, `latitude`, `feature_class`, `feature_code`, `subadmin1_code`, `subadmin2_code`, `population`, `time_zone`, `active`, `created_at`, `updated_at`) VALUES ('CM','{\"en\":\"Njinikom\"}',10.28,6.23,'P','PPL','CM.07',NULL,8247,'Africa/Douala',1,'2012-01-15 23:00:00','2012-01-15 23:00:00');
INSERT INTO `__PREFIX__cities` (`country_code`, `name`, `longitude`, `latitude`, `feature_class`, `feature_code`, `subadmin1_code`, `subadmin2_code`, `population`, `time_zone`, `active`, `created_at`, `updated_at`) VALUES ('CM','{\"en\":\"Nguti\"}',9.42,5.33,'P','PPL','CM.09',NULL,5498,'Africa/Douala',1,'2006-01-16 23:00:00','2006-01-16 23:00:00');
INSERT INTO `__PREFIX__cities` (`country_code`, `name`, `longitude`, `latitude`, `feature_class`, `feature_code`, `subadmin1_code`, `subadmin2_code`, `population`, `time_zone`, `active`, `created_at`, `updated_at`) VALUES ('CM','{\"en\":\"Ngaoundéré\"}',13.58,7.33,'P','PPLA','CM.10',NULL,231357,'Africa/Douala',1,'2013-10-21 23:00:00','2013-10-21 23:00:00');
INSERT INTO `__PREFIX__cities` (`country_code`, `name`, `longitude`, `latitude`, `feature_class`, `feature_code`, `subadmin1_code`, `subadmin2_code`, `population`, `time_zone`, `active`, `created_at`, `updated_at`) VALUES ('CM','{\"en\":\"Ngambé\"}',10.62,4.23,'P','PPL','CM.05','CM.05.2222269',6414,'Africa/Douala',1,'2015-02-27 23:00:00','2015-02-27 23:00:00');
INSERT INTO `__PREFIX__cities` (`country_code`, `name`, `longitude`, `latitude`, `feature_class`, `feature_code`, `subadmin1_code`, `subadmin2_code`, `population`, `time_zone`, `active`, `created_at`, `updated_at`) VALUES ('CM','{\"en\":\"Ndikiniméki\"}',10.83,4.77,'P','PPL','CM.11',NULL,8247,'Africa/Douala',1,'2020-06-09 23:00:00','2020-06-09 23:00:00');
INSERT INTO `__PREFIX__cities` (`country_code`, `name`, `longitude`, `latitude`, `feature_class`, `feature_code`, `subadmin1_code`, `subadmin2_code`, `population`, `time_zone`, `active`, `created_at`, `updated_at`) VALUES ('CM','{\"en\":\"Ndelele\"}',14.93,4.04,'P','PPL','CM.04',NULL,5040,'Africa/Douala',1,'2012-04-06 23:00:00','2012-04-06 23:00:00');
INSERT INTO `__PREFIX__cities` (`country_code`, `name`, `longitude`, `latitude`, `feature_class`, `feature_code`, `subadmin1_code`, `subadmin2_code`, `population`, `time_zone`, `active`, `created_at`, `updated_at`) VALUES ('CM','{\"en\":\"Nanga Eboko\"}',12.37,4.68,'P','PPL','CM.11',NULL,29909,'Africa/Douala',1,'2012-01-15 23:00:00','2012-01-15 23:00:00');
INSERT INTO `__PREFIX__cities` (`country_code`, `name`, `longitude`, `latitude`, `feature_class`, `feature_code`, `subadmin1_code`, `subadmin2_code`, `population`, `time_zone`, `active`, `created_at`, `updated_at`) VALUES ('CM','{\"en\":\"Muyuka\"}',9.41,4.29,'P','PPL','CM.09',NULL,31384,'Africa/Douala',1,'2018-10-11 23:00:00','2018-10-11 23:00:00');
INSERT INTO `__PREFIX__cities` (`country_code`, `name`, `longitude`, `latitude`, `feature_class`, `feature_code`, `subadmin1_code`, `subadmin2_code`, `population`, `time_zone`, `active`, `created_at`, `updated_at`) VALUES ('CM','{\"en\":\"Mutengene\"}',9.31,4.09,'P','PPL','CM.09',NULL,47478,'Africa/Douala',1,'2006-01-16 23:00:00','2006-01-16 23:00:00');
INSERT INTO `__PREFIX__cities` (`country_code`, `name`, `longitude`, `latitude`, `feature_class`, `feature_code`, `subadmin1_code`, `subadmin2_code`, `population`, `time_zone`, `active`, `created_at`, `updated_at`) VALUES ('CM','{\"en\":\"Mundemba\"}',8.87,4.95,'P','PPL','CM.09',NULL,11912,'Africa/Douala',1,'2012-01-15 23:00:00','2012-01-15 23:00:00');
INSERT INTO `__PREFIX__cities` (`country_code`, `name`, `longitude`, `latitude`, `feature_class`, `feature_code`, `subadmin1_code`, `subadmin2_code`, `population`, `time_zone`, `active`, `created_at`, `updated_at`) VALUES ('CM','{\"en\":\"Mora\"}',14.14,11.05,'P','PPL','CM.12',NULL,55216,'Africa/Douala',1,'2012-01-15 23:00:00','2012-01-15 23:00:00');
INSERT INTO `__PREFIX__cities` (`country_code`, `name`, `longitude`, `latitude`, `feature_class`, `feature_code`, `subadmin1_code`, `subadmin2_code`, `population`, `time_zone`, `active`, `created_at`, `updated_at`) VALUES ('CM','{\"en\":\"Mokolo\"}',13.80,10.74,'P','PPL','CM.12',NULL,275239,'Africa/Douala',1,'2014-06-03 23:00:00','2014-06-03 23:00:00');
INSERT INTO `__PREFIX__cities` (`country_code`, `name`, `longitude`, `latitude`, `feature_class`, `feature_code`, `subadmin1_code`, `subadmin2_code`, `population`, `time_zone`, `active`, `created_at`, `updated_at`) VALUES ('CM','{\"en\":\"Mme-Bafumen\"}',10.23,6.33,'P','PPL','CM.07',NULL,6149,'Africa/Douala',1,'2012-01-15 23:00:00','2012-01-15 23:00:00');
INSERT INTO `__PREFIX__cities` (`country_code`, `name`, `longitude`, `latitude`, `feature_class`, `feature_code`, `subadmin1_code`, `subadmin2_code`, `population`, `time_zone`, `active`, `created_at`, `updated_at`) VALUES ('CM','{\"en\":\"Mindif\"}',14.44,10.40,'P','PPL','CM.12',NULL,10538,'Africa/Douala',1,'2012-01-15 23:00:00','2012-01-15 23:00:00');
INSERT INTO `__PREFIX__cities` (`country_code`, `name`, `longitude`, `latitude`, `feature_class`, `feature_code`, `subadmin1_code`, `subadmin2_code`, `population`, `time_zone`, `active`, `created_at`, `updated_at`) VALUES ('CM','{\"en\":\"Melong\"}',9.96,5.12,'P','PPL','CM.05',NULL,37086,'Africa/Douala',1,'2014-04-04 23:00:00','2014-04-04 23:00:00');
INSERT INTO `__PREFIX__cities` (`country_code`, `name`, `longitude`, `latitude`, `feature_class`, `feature_code`, `subadmin1_code`, `subadmin2_code`, `population`, `time_zone`, `active`, `created_at`, `updated_at`) VALUES ('CM','{\"en\":\"Meïganga\"}',14.30,6.52,'P','PPL','CM.10',NULL,80100,'Africa/Douala',1,'2020-06-09 23:00:00','2020-06-09 23:00:00');
INSERT INTO `__PREFIX__cities` (`country_code`, `name`, `longitude`, `latitude`, `feature_class`, `feature_code`, `subadmin1_code`, `subadmin2_code`, `population`, `time_zone`, `active`, `created_at`, `updated_at`) VALUES ('CM','{\"en\":\"Mbouda\"}',10.25,5.63,'P','PPL','CM.08',NULL,111320,'Africa/Douala',1,'2014-06-03 23:00:00','2014-06-03 23:00:00');
INSERT INTO `__PREFIX__cities` (`country_code`, `name`, `longitude`, `latitude`, `feature_class`, `feature_code`, `subadmin1_code`, `subadmin2_code`, `population`, `time_zone`, `active`, `created_at`, `updated_at`) VALUES ('CM','{\"en\":\"Mbengwi\"}',10.00,6.02,'P','PPL','CM.07',NULL,9734,'Africa/Douala',1,'2012-01-15 23:00:00','2012-01-15 23:00:00');
INSERT INTO `__PREFIX__cities` (`country_code`, `name`, `longitude`, `latitude`, `feature_class`, `feature_code`, `subadmin1_code`, `subadmin2_code`, `population`, `time_zone`, `active`, `created_at`, `updated_at`) VALUES ('CM','{\"en\":\"Mbanga\"}',9.57,4.50,'P','PPL','CM.05',NULL,42590,'Africa/Douala',1,'2012-01-15 23:00:00','2012-01-15 23:00:00');
INSERT INTO `__PREFIX__cities` (`country_code`, `name`, `longitude`, `latitude`, `feature_class`, `feature_code`, `subadmin1_code`, `subadmin2_code`, `population`, `time_zone`, `active`, `created_at`, `updated_at`) VALUES ('CM','{\"en\":\"Mbandjok\"}',11.90,4.45,'P','PPL','CM.11',NULL,26947,'Africa/Douala',1,'2012-01-15 23:00:00','2012-01-15 23:00:00');
INSERT INTO `__PREFIX__cities` (`country_code`, `name`, `longitude`, `latitude`, `feature_class`, `feature_code`, `subadmin1_code`, `subadmin2_code`, `population`, `time_zone`, `active`, `created_at`, `updated_at`) VALUES ('CM','{\"en\":\"Mbalmayo\"}',11.50,3.52,'P','PPL','CM.11',NULL,80206,'Africa/Douala',1,'2012-01-15 23:00:00','2012-01-15 23:00:00');
INSERT INTO `__PREFIX__cities` (`country_code`, `name`, `longitude`, `latitude`, `feature_class`, `feature_code`, `subadmin1_code`, `subadmin2_code`, `population`, `time_zone`, `active`, `created_at`, `updated_at`) VALUES ('CM','{\"en\":\"Maroua\"}',14.32,10.59,'P','PPLA','CM.12',NULL,319941,'Africa/Douala',1,'2012-01-15 23:00:00','2012-01-15 23:00:00');
INSERT INTO `__PREFIX__cities` (`country_code`, `name`, `longitude`, `latitude`, `feature_class`, `feature_code`, `subadmin1_code`, `subadmin2_code`, `population`, `time_zone`, `active`, `created_at`, `updated_at`) VALUES ('CM','{\"en\":\"Manjo\"}',9.82,4.84,'P','PPL','CM.05',NULL,37661,'Africa/Douala',1,'2012-01-15 23:00:00','2012-01-15 23:00:00');
INSERT INTO `__PREFIX__cities` (`country_code`, `name`, `longitude`, `latitude`, `feature_class`, `feature_code`, `subadmin1_code`, `subadmin2_code`, `population`, `time_zone`, `active`, `created_at`, `updated_at`) VALUES ('CM','{\"en\":\"Mamfe\"}',9.31,5.75,'P','PPL','CM.09',NULL,19472,'Africa/Douala',1,'2015-01-27 23:00:00','2015-01-27 23:00:00');
INSERT INTO `__PREFIX__cities` (`country_code`, `name`, `longitude`, `latitude`, `feature_class`, `feature_code`, `subadmin1_code`, `subadmin2_code`, `population`, `time_zone`, `active`, `created_at`, `updated_at`) VALUES ('CM','{\"en\":\"Makary\"}',14.45,12.58,'P','PPL','CM.12',NULL,7331,'Africa/Douala',1,'2016-09-07 23:00:00','2016-09-07 23:00:00');
INSERT INTO `__PREFIX__cities` (`country_code`, `name`, `longitude`, `latitude`, `feature_class`, `feature_code`, `subadmin1_code`, `subadmin2_code`, `population`, `time_zone`, `active`, `created_at`, `updated_at`) VALUES ('CM','{\"en\":\"Loum\"}',9.74,4.72,'P','PPL','CM.05',NULL,177429,'Africa/Douala',1,'2012-01-15 23:00:00','2012-01-15 23:00:00');
INSERT INTO `__PREFIX__cities` (`country_code`, `name`, `longitude`, `latitude`, `feature_class`, `feature_code`, `subadmin1_code`, `subadmin2_code`, `population`, `time_zone`, `active`, `created_at`, `updated_at`) VALUES ('CM','{\"en\":\"Lolodorf\"}',10.73,3.23,'P','PPL','CM.14',NULL,22252,'Africa/Douala',1,'2012-01-15 23:00:00','2012-01-15 23:00:00');
INSERT INTO `__PREFIX__cities` (`country_code`, `name`, `longitude`, `latitude`, `feature_class`, `feature_code`, `subadmin1_code`, `subadmin2_code`, `population`, `time_zone`, `active`, `created_at`, `updated_at`) VALUES ('CM','{\"en\":\"Limbe\"}',9.21,4.02,'P','PPL','CM.09',NULL,72106,'Africa/Douala',1,'2016-10-07 23:00:00','2016-10-07 23:00:00');
INSERT INTO `__PREFIX__cities` (`country_code`, `name`, `longitude`, `latitude`, `feature_class`, `feature_code`, `subadmin1_code`, `subadmin2_code`, `population`, `time_zone`, `active`, `created_at`, `updated_at`) VALUES ('CM','{\"en\":\"Lagdo\"}',13.67,9.06,'P','PPL','CM.13',NULL,24596,'Africa/Douala',1,'2016-11-17 23:00:00','2016-11-17 23:00:00');
INSERT INTO `__PREFIX__cities` (`country_code`, `name`, `longitude`, `latitude`, `feature_class`, `feature_code`, `subadmin1_code`, `subadmin2_code`, `population`, `time_zone`, `active`, `created_at`, `updated_at`) VALUES ('CM','{\"en\":\"Kumbo\"}',10.67,6.20,'P','PPL','CM.07',NULL,53970,'Africa/Douala',1,'2012-01-15 23:00:00','2012-01-15 23:00:00');
INSERT INTO `__PREFIX__cities` (`country_code`, `name`, `longitude`, `latitude`, `feature_class`, `feature_code`, `subadmin1_code`, `subadmin2_code`, `population`, `time_zone`, `active`, `created_at`, `updated_at`) VALUES ('CM','{\"en\":\"Kumba\"}',9.45,4.64,'P','PPL','CM.09',NULL,144413,'Africa/Douala',1,'2012-01-15 23:00:00','2012-01-15 23:00:00');
INSERT INTO `__PREFIX__cities` (`country_code`, `name`, `longitude`, `latitude`, `feature_class`, `feature_code`, `subadmin1_code`, `subadmin2_code`, `population`, `time_zone`, `active`, `created_at`, `updated_at`) VALUES ('CM','{\"en\":\"Kribi\"}',9.91,2.94,'P','PPLA2','CM.14','CM.14.2229760',55224,'Africa/Douala',1,'2018-05-28 23:00:00','2018-05-28 23:00:00');
INSERT INTO `__PREFIX__cities` (`country_code`, `name`, `longitude`, `latitude`, `feature_class`, `feature_code`, `subadmin1_code`, `subadmin2_code`, `population`, `time_zone`, `active`, `created_at`, `updated_at`) VALUES ('CM','{\"en\":\"Kousséri\"}',15.03,12.08,'P','PPL','CM.12',NULL,435547,'Africa/Douala',1,'2020-06-09 23:00:00','2020-06-09 23:00:00');
INSERT INTO `__PREFIX__cities` (`country_code`, `name`, `longitude`, `latitude`, `feature_class`, `feature_code`, `subadmin1_code`, `subadmin2_code`, `population`, `time_zone`, `active`, `created_at`, `updated_at`) VALUES ('CM','{\"en\":\"Kontcha\"}',12.23,7.97,'P','PPL','CM.10',NULL,8018,'Africa/Douala',1,'2012-01-15 23:00:00','2012-01-15 23:00:00');
INSERT INTO `__PREFIX__cities` (`country_code`, `name`, `longitude`, `latitude`, `feature_class`, `feature_code`, `subadmin1_code`, `subadmin2_code`, `population`, `time_zone`, `active`, `created_at`, `updated_at`) VALUES ('CM','{\"en\":\"Bankim\"}',11.49,6.08,'P','PPL','CM.10',NULL,5727,'Africa/Douala',1,'2007-12-26 23:00:00','2007-12-26 23:00:00');
INSERT INTO `__PREFIX__cities` (`country_code`, `name`, `longitude`, `latitude`, `feature_class`, `feature_code`, `subadmin1_code`, `subadmin2_code`, `population`, `time_zone`, `active`, `created_at`, `updated_at`) VALUES ('CM','{\"en\":\"Kaélé\"}',14.45,10.11,'P','PPL','CM.12',NULL,25199,'Africa/Douala',1,'2018-11-01 23:00:00','2018-11-01 23:00:00');
INSERT INTO `__PREFIX__cities` (`country_code`, `name`, `longitude`, `latitude`, `feature_class`, `feature_code`, `subadmin1_code`, `subadmin2_code`, `population`, `time_zone`, `active`, `created_at`, `updated_at`) VALUES ('CM','{\"en\":\"Jakiri\"}',10.65,6.10,'P','PPL','CM.07',NULL,5269,'Africa/Douala',1,'2012-01-15 23:00:00','2012-01-15 23:00:00');
INSERT INTO `__PREFIX__cities` (`country_code`, `name`, `longitude`, `latitude`, `feature_class`, `feature_code`, `subadmin1_code`, `subadmin2_code`, `population`, `time_zone`, `active`, `created_at`, `updated_at`) VALUES ('CM','{\"en\":\"Guider\"}',13.95,9.93,'P','PPL','CM.13',NULL,84647,'Africa/Douala',1,'2014-01-07 23:00:00','2014-01-07 23:00:00');
INSERT INTO `__PREFIX__cities` (`country_code`, `name`, `longitude`, `latitude`, `feature_class`, `feature_code`, `subadmin1_code`, `subadmin2_code`, `population`, `time_zone`, `active`, `created_at`, `updated_at`) VALUES ('CM','{\"en\":\"Garoua Boulaï\"}',14.55,5.88,'P','PPL','CM.04',NULL,46615,'Africa/Douala',1,'2016-03-08 23:00:00','2016-03-08 23:00:00');
INSERT INTO `__PREFIX__cities` (`country_code`, `name`, `longitude`, `latitude`, `feature_class`, `feature_code`, `subadmin1_code`, `subadmin2_code`, `population`, `time_zone`, `active`, `created_at`, `updated_at`) VALUES ('CM','{\"en\":\"Garoua\"}',13.40,9.30,'P','PPLA','CM.13',NULL,436899,'Africa/Douala',1,'2014-01-07 23:00:00','2014-01-07 23:00:00');
INSERT INTO `__PREFIX__cities` (`country_code`, `name`, `longitude`, `latitude`, `feature_class`, `feature_code`, `subadmin1_code`, `subadmin2_code`, `population`, `time_zone`, `active`, `created_at`, `updated_at`) VALUES ('CM','{\"en\":\"Fundong\"}',10.27,6.25,'P','PPL','CM.07',NULL,43509,'Africa/Douala',1,'2012-01-15 23:00:00','2012-01-15 23:00:00');
INSERT INTO `__PREFIX__cities` (`country_code`, `name`, `longitude`, `latitude`, `feature_class`, `feature_code`, `subadmin1_code`, `subadmin2_code`, `population`, `time_zone`, `active`, `created_at`, `updated_at`) VALUES ('CM','{\"en\":\"Foumbot\"}',10.63,5.51,'P','PPL','CM.08',NULL,84065,'Africa/Douala',1,'2014-06-03 23:00:00','2014-06-03 23:00:00');
INSERT INTO `__PREFIX__cities` (`country_code`, `name`, `longitude`, `latitude`, `feature_class`, `feature_code`, `subadmin1_code`, `subadmin2_code`, `population`, `time_zone`, `active`, `created_at`, `updated_at`) VALUES ('CM','{\"en\":\"Foumban\"}',10.90,5.73,'P','PPL','CM.08',NULL,92673,'Africa/Douala',1,'2014-06-03 23:00:00','2014-06-03 23:00:00');
INSERT INTO `__PREFIX__cities` (`country_code`, `name`, `longitude`, `latitude`, `feature_class`, `feature_code`, `subadmin1_code`, `subadmin2_code`, `population`, `time_zone`, `active`, `created_at`, `updated_at`) VALUES ('CM','{\"en\":\"Fontem\"}',9.88,5.47,'P','PPL','CM.09',NULL,42689,'Africa/Douala',1,'2016-03-08 23:00:00','2016-03-08 23:00:00');
INSERT INTO `__PREFIX__cities` (`country_code`, `name`, `longitude`, `latitude`, `feature_class`, `feature_code`, `subadmin1_code`, `subadmin2_code`, `population`, `time_zone`, `active`, `created_at`, `updated_at`) VALUES ('CM','{\"en\":\"Eséka\"}',10.77,3.65,'P','PPL','CM.11',NULL,22221,'Africa/Douala',1,'2012-01-15 23:00:00','2012-01-15 23:00:00');
INSERT INTO `__PREFIX__cities` (`country_code`, `name`, `longitude`, `latitude`, `feature_class`, `feature_code`, `subadmin1_code`, `subadmin2_code`, `population`, `time_zone`, `active`, `created_at`, `updated_at`) VALUES ('CM','{\"en\":\"Edéa\"}',10.13,3.80,'P','PPL','CM.05',NULL,203149,'Africa/Douala',1,'2012-01-15 23:00:00','2012-01-15 23:00:00');
INSERT INTO `__PREFIX__cities` (`country_code`, `name`, `longitude`, `latitude`, `feature_class`, `feature_code`, `subadmin1_code`, `subadmin2_code`, `population`, `time_zone`, `active`, `created_at`, `updated_at`) VALUES ('CM','{\"en\":\"Ébolowa\"}',11.15,2.90,'P','PPLA','CM.14',NULL,87875,'Africa/Douala',1,'2020-06-09 23:00:00','2020-06-09 23:00:00');
INSERT INTO `__PREFIX__cities` (`country_code`, `name`, `longitude`, `latitude`, `feature_class`, `feature_code`, `subadmin1_code`, `subadmin2_code`, `population`, `time_zone`, `active`, `created_at`, `updated_at`) VALUES ('CM','{\"en\":\"Dschang\"}',10.05,5.44,'P','PPL','CM.08',NULL,96112,'Africa/Douala',1,'2013-07-03 23:00:00','2013-07-03 23:00:00');
INSERT INTO `__PREFIX__cities` (`country_code`, `name`, `longitude`, `latitude`, `feature_class`, `feature_code`, `subadmin1_code`, `subadmin2_code`, `population`, `time_zone`, `active`, `created_at`, `updated_at`) VALUES ('CM','{\"en\":\"Doumé\"}',13.45,4.23,'P','PPL','CM.04',NULL,5581,'Africa/Douala',1,'2020-06-09 23:00:00','2020-06-09 23:00:00');
INSERT INTO `__PREFIX__cities` (`country_code`, `name`, `longitude`, `latitude`, `feature_class`, `feature_code`, `subadmin1_code`, `subadmin2_code`, `population`, `time_zone`, `active`, `created_at`, `updated_at`) VALUES ('CM','{\"en\":\"Douala\"}',9.70,4.05,'P','PPLA','CM.05',NULL,1338082,'Africa/Douala',1,'2019-09-04 23:00:00','2019-09-04 23:00:00');
INSERT INTO `__PREFIX__cities` (`country_code`, `name`, `longitude`, `latitude`, `feature_class`, `feature_code`, `subadmin1_code`, `subadmin2_code`, `population`, `time_zone`, `active`, `created_at`, `updated_at`) VALUES ('CM','{\"en\":\"Dizangué\"}',9.98,3.77,'P','PPL','CM.05',NULL,19243,'Africa/Douala',1,'2018-10-10 23:00:00','2018-10-10 23:00:00');
INSERT INTO `__PREFIX__cities` (`country_code`, `name`, `longitude`, `latitude`, `feature_class`, `feature_code`, `subadmin1_code`, `subadmin2_code`, `population`, `time_zone`, `active`, `created_at`, `updated_at`) VALUES ('CM','{\"en\":\"Dimako\"}',13.57,4.38,'P','PPL','CM.04',NULL,8476,'Africa/Douala',1,'2012-01-15 23:00:00','2012-01-15 23:00:00');
INSERT INTO `__PREFIX__cities` (`country_code`, `name`, `longitude`, `latitude`, `feature_class`, `feature_code`, `subadmin1_code`, `subadmin2_code`, `population`, `time_zone`, `active`, `created_at`, `updated_at`) VALUES ('CM','{\"en\":\"Buea\"}',9.24,4.15,'P','PPLA','CM.09',NULL,47300,'Africa/Douala',1,'2018-01-22 23:00:00','2018-01-22 23:00:00');
INSERT INTO `__PREFIX__cities` (`country_code`, `name`, `longitude`, `latitude`, `feature_class`, `feature_code`, `subadmin1_code`, `subadmin2_code`, `population`, `time_zone`, `active`, `created_at`, `updated_at`) VALUES ('CM','{\"en\":\"Bonabéri\"}',9.68,4.07,'P','PPL','CM.05',NULL,8091,'Africa/Douala',1,'2018-01-21 23:00:00','2018-01-21 23:00:00');
INSERT INTO `__PREFIX__cities` (`country_code`, `name`, `longitude`, `latitude`, `feature_class`, `feature_code`, `subadmin1_code`, `subadmin2_code`, `population`, `time_zone`, `active`, `created_at`, `updated_at`) VALUES ('CM','{\"en\":\"Bogo\"}',14.61,10.73,'P','PPL','CM.12',NULL,16952,'Africa/Douala',1,'2018-12-03 23:00:00','2018-12-03 23:00:00');
INSERT INTO `__PREFIX__cities` (`country_code`, `name`, `longitude`, `latitude`, `feature_class`, `feature_code`, `subadmin1_code`, `subadmin2_code`, `population`, `time_zone`, `active`, `created_at`, `updated_at`) VALUES ('CM','{\"en\":\"Bétaré Oya\"}',14.08,5.60,'P','PPL','CM.04',NULL,11866,'Africa/Douala',1,'2020-06-09 23:00:00','2020-06-09 23:00:00');
INSERT INTO `__PREFIX__cities` (`country_code`, `name`, `longitude`, `latitude`, `feature_class`, `feature_code`, `subadmin1_code`, `subadmin2_code`, `population`, `time_zone`, `active`, `created_at`, `updated_at`) VALUES ('CM','{\"en\":\"Bertoua\"}',13.68,4.58,'P','PPLA','CM.04',NULL,218111,'Africa/Douala',1,'2012-04-06 23:00:00','2012-04-06 23:00:00');
INSERT INTO `__PREFIX__cities` (`country_code`, `name`, `longitude`, `latitude`, `feature_class`, `feature_code`, `subadmin1_code`, `subadmin2_code`, `population`, `time_zone`, `active`, `created_at`, `updated_at`) VALUES ('CM','{\"en\":\"Belo\"}',10.25,6.13,'P','PPL','CM.07',NULL,8705,'Africa/Douala',1,'2012-01-15 23:00:00','2012-01-15 23:00:00');
INSERT INTO `__PREFIX__cities` (`country_code`, `name`, `longitude`, `latitude`, `feature_class`, `feature_code`, `subadmin1_code`, `subadmin2_code`, `population`, `time_zone`, `active`, `created_at`, `updated_at`) VALUES ('CM','{\"en\":\"Bélel\"}',14.43,7.05,'P','PPL','CM.10',NULL,6831,'Africa/Douala',1,'2012-01-15 23:00:00','2012-01-15 23:00:00');
INSERT INTO `__PREFIX__cities` (`country_code`, `name`, `longitude`, `latitude`, `feature_class`, `feature_code`, `subadmin1_code`, `subadmin2_code`, `population`, `time_zone`, `active`, `created_at`, `updated_at`) VALUES ('CM','{\"en\":\"Bélabo\"}',13.30,4.93,'P','PPL','CM.04',NULL,22553,'Africa/Douala',1,'2012-01-15 23:00:00','2012-01-15 23:00:00');
INSERT INTO `__PREFIX__cities` (`country_code`, `name`, `longitude`, `latitude`, `feature_class`, `feature_code`, `subadmin1_code`, `subadmin2_code`, `population`, `time_zone`, `active`, `created_at`, `updated_at`) VALUES ('CM','{\"en\":\"Bekondo\"}',9.32,4.68,'P','PPL','CM.09',NULL,7331,'Africa/Douala',1,'2012-01-15 23:00:00','2012-01-15 23:00:00');
INSERT INTO `__PREFIX__cities` (`country_code`, `name`, `longitude`, `latitude`, `feature_class`, `feature_code`, `subadmin1_code`, `subadmin2_code`, `population`, `time_zone`, `active`, `created_at`, `updated_at`) VALUES ('CM','{\"en\":\"Bazou\"}',10.47,5.06,'P','PPL','CM.08',NULL,13058,'Africa/Douala',1,'2013-07-03 23:00:00','2013-07-03 23:00:00');
INSERT INTO `__PREFIX__cities` (`country_code`, `name`, `longitude`, `latitude`, `feature_class`, `feature_code`, `subadmin1_code`, `subadmin2_code`, `population`, `time_zone`, `active`, `created_at`, `updated_at`) VALUES ('CM','{\"en\":\"Batouri\"}',14.37,4.43,'P','PPL','CM.04',NULL,43821,'Africa/Douala',1,'2012-01-15 23:00:00','2012-01-15 23:00:00');
INSERT INTO `__PREFIX__cities` (`country_code`, `name`, `longitude`, `latitude`, `feature_class`, `feature_code`, `subadmin1_code`, `subadmin2_code`, `population`, `time_zone`, `active`, `created_at`, `updated_at`) VALUES ('CM','{\"en\":\"Batibo\"}',9.86,5.84,'P','PPL','CM.07',NULL,9163,'Africa/Douala',1,'2018-11-04 23:00:00','2018-11-04 23:00:00');
INSERT INTO `__PREFIX__cities` (`country_code`, `name`, `longitude`, `latitude`, `feature_class`, `feature_code`, `subadmin1_code`, `subadmin2_code`, `population`, `time_zone`, `active`, `created_at`, `updated_at`) VALUES ('CM','{\"en\":\"Banyo\"}',11.82,6.75,'P','PPL','CM.10',NULL,40798,'Africa/Douala',1,'2012-01-15 23:00:00','2012-01-15 23:00:00');
INSERT INTO `__PREFIX__cities` (`country_code`, `name`, `longitude`, `latitude`, `feature_class`, `feature_code`, `subadmin1_code`, `subadmin2_code`, `population`, `time_zone`, `active`, `created_at`, `updated_at`) VALUES ('CM','{\"en\":\"Bansoa\"}',10.31,5.45,'P','PPL','CM.08',NULL,7560,'Africa/Douala',1,'2013-09-04 23:00:00','2013-09-04 23:00:00');
INSERT INTO `__PREFIX__cities` (`country_code`, `name`, `longitude`, `latitude`, `feature_class`, `feature_code`, `subadmin1_code`, `subadmin2_code`, `population`, `time_zone`, `active`, `created_at`, `updated_at`) VALUES ('CM','{\"en\":\"Ngou\"}',10.39,5.20,'P','PPL','CM.08',NULL,7560,'Africa/Douala',1,'2013-07-03 23:00:00','2013-07-03 23:00:00');
INSERT INTO `__PREFIX__cities` (`country_code`, `name`, `longitude`, `latitude`, `feature_class`, `feature_code`, `subadmin1_code`, `subadmin2_code`, `population`, `time_zone`, `active`, `created_at`, `updated_at`) VALUES ('CM','{\"en\":\"Bangangté\"}',10.53,5.14,'P','PPL','CM.08',NULL,65385,'Africa/Douala',1,'2013-07-03 23:00:00','2013-07-03 23:00:00');
INSERT INTO `__PREFIX__cities` (`country_code`, `name`, `longitude`, `latitude`, `feature_class`, `feature_code`, `subadmin1_code`, `subadmin2_code`, `population`, `time_zone`, `active`, `created_at`, `updated_at`) VALUES ('CM','{\"en\":\"Bandjoun\"}',10.41,5.38,'P','PPL','CM.08',NULL,6872,'Africa/Douala',1,'2013-09-04 23:00:00','2013-09-04 23:00:00');
INSERT INTO `__PREFIX__cities` (`country_code`, `name`, `longitude`, `latitude`, `feature_class`, `feature_code`, `subadmin1_code`, `subadmin2_code`, `population`, `time_zone`, `active`, `created_at`, `updated_at`) VALUES ('CM','{\"en\":\"Bana\"}',10.28,5.15,'P','PPL','CM.08',NULL,5727,'Africa/Douala',1,'2013-07-03 23:00:00','2013-07-03 23:00:00');
INSERT INTO `__PREFIX__cities` (`country_code`, `name`, `longitude`, `latitude`, `feature_class`, `feature_code`, `subadmin1_code`, `subadmin2_code`, `population`, `time_zone`, `active`, `created_at`, `updated_at`) VALUES ('CM','{\"en\":\"Bamusso\"}',8.90,4.46,'P','PPL','CM.09',NULL,24741,'Africa/Douala',1,'2012-01-15 23:00:00','2012-01-15 23:00:00');
INSERT INTO `__PREFIX__cities` (`country_code`, `name`, `longitude`, `latitude`, `feature_class`, `feature_code`, `subadmin1_code`, `subadmin2_code`, `population`, `time_zone`, `active`, `created_at`, `updated_at`) VALUES ('CM','{\"en\":\"Bamendjou\"}',10.33,5.39,'P','PPL','CM.08',NULL,6643,'Africa/Douala',1,'2013-09-04 23:00:00','2013-09-04 23:00:00');
INSERT INTO `__PREFIX__cities` (`country_code`, `name`, `longitude`, `latitude`, `feature_class`, `feature_code`, `subadmin1_code`, `subadmin2_code`, `population`, `time_zone`, `active`, `created_at`, `updated_at`) VALUES ('CM','{\"en\":\"Bamenda\"}',10.15,5.96,'P','PPLA','CM.07',NULL,393835,'Africa/Douala',1,'2014-06-03 23:00:00','2014-06-03 23:00:00');
INSERT INTO `__PREFIX__cities` (`country_code`, `name`, `longitude`, `latitude`, `feature_class`, `feature_code`, `subadmin1_code`, `subadmin2_code`, `population`, `time_zone`, `active`, `created_at`, `updated_at`) VALUES ('CM','{\"en\":\"Bali\"}',10.01,5.89,'P','PPL','CM.07',NULL,72606,'Africa/Douala',1,'2014-06-03 23:00:00','2014-06-03 23:00:00');
INSERT INTO `__PREFIX__cities` (`country_code`, `name`, `longitude`, `latitude`, `feature_class`, `feature_code`, `subadmin1_code`, `subadmin2_code`, `population`, `time_zone`, `active`, `created_at`, `updated_at`) VALUES ('CM','{\"en\":\"Bafoussam\"}',10.42,5.48,'P','PPLA','CM.08',NULL,290768,'Africa/Douala',1,'2013-09-04 23:00:00','2013-09-04 23:00:00');
INSERT INTO `__PREFIX__cities` (`country_code`, `name`, `longitude`, `latitude`, `feature_class`, `feature_code`, `subadmin1_code`, `subadmin2_code`, `population`, `time_zone`, `active`, `created_at`, `updated_at`) VALUES ('CM','{\"en\":\"Bafia\"}',11.23,4.75,'P','PPL','CM.11',NULL,69270,'Africa/Douala',1,'2012-01-15 23:00:00','2012-01-15 23:00:00');
INSERT INTO `__PREFIX__cities` (`country_code`, `name`, `longitude`, `latitude`, `feature_class`, `feature_code`, `subadmin1_code`, `subadmin2_code`, `population`, `time_zone`, `active`, `created_at`, `updated_at`) VALUES ('CM','{\"en\":\"Bafang\"}',10.18,5.16,'P','PPL','CM.08',NULL,80688,'Africa/Douala',1,'2013-07-03 23:00:00','2013-07-03 23:00:00');
INSERT INTO `__PREFIX__cities` (`country_code`, `name`, `longitude`, `latitude`, `feature_class`, `feature_code`, `subadmin1_code`, `subadmin2_code`, `population`, `time_zone`, `active`, `created_at`, `updated_at`) VALUES ('CM','{\"en\":\"Babanki\"}',10.25,6.12,'P','PPL','CM.07',NULL,9851,'Africa/Douala',1,'2012-01-15 23:00:00','2012-01-15 23:00:00');
INSERT INTO `__PREFIX__cities` (`country_code`, `name`, `longitude`, `latitude`, `feature_class`, `feature_code`, `subadmin1_code`, `subadmin2_code`, `population`, `time_zone`, `active`, `created_at`, `updated_at`) VALUES ('CM','{\"en\":\"Ambam\"}',11.28,2.38,'P','PPL','CM.14',NULL,8476,'Africa/Douala',1,'2012-01-15 23:00:00','2012-01-15 23:00:00');
INSERT INTO `__PREFIX__cities` (`country_code`, `name`, `longitude`, `latitude`, `feature_class`, `feature_code`, `subadmin1_code`, `subadmin2_code`, `population`, `time_zone`, `active`, `created_at`, `updated_at`) VALUES ('CM','{\"en\":\"Akonolinga\"}',12.25,3.77,'P','PPL','CM.11',NULL,17181,'Africa/Douala',1,'2012-01-15 23:00:00','2012-01-15 23:00:00');
INSERT INTO `__PREFIX__cities` (`country_code`, `name`, `longitude`, `latitude`, `feature_class`, `feature_code`, `subadmin1_code`, `subadmin2_code`, `population`, `time_zone`, `active`, `created_at`, `updated_at`) VALUES ('CM','{\"en\":\"Akom II\"}',10.57,2.78,'P','PPL','CM.14',NULL,9709,'Africa/Douala',1,'2012-01-15 23:00:00','2012-01-15 23:00:00');
INSERT INTO `__PREFIX__cities` (`country_code`, `name`, `longitude`, `latitude`, `feature_class`, `feature_code`, `subadmin1_code`, `subadmin2_code`, `population`, `time_zone`, `active`, `created_at`, `updated_at`) VALUES ('CM','{\"en\":\"Abong Mbang\"}',13.18,3.98,'P','PPL','CM.04',NULL,14661,'Africa/Douala',1,'2012-01-15 23:00:00','2012-01-15 23:00:00');
INSERT INTO `__PREFIX__cities` (`country_code`, `name`, `longitude`, `latitude`, `feature_class`, `feature_code`, `subadmin1_code`, `subadmin2_code`, `population`, `time_zone`, `active`, `created_at`, `updated_at`) VALUES ('CM','{\"en\":\"Ndom\"}',9.56,4.50,'P','PPL','CM.05',NULL,5498,'Africa/Douala',1,'2006-01-16 23:00:00','2006-01-16 23:00:00');
/*!40000 ALTER TABLE `__PREFIX__cities` ENABLE KEYS */;
/*!40103 SET TIME_ZONE=@OLD_TIME_ZONE */;

/*!40101 SET SQL_MODE=@OLD_SQL_MODE */;
/*!40014 SET FOREIGN_KEY_CHECKS=@OLD_FOREIGN_KEY_CHECKS */;
/*!40014 SET UNIQUE_CHECKS=@OLD_UNIQUE_CHECKS */;
/*!40101 SET CHARACTER_SET_CLIENT=@OLD_CHARACTER_SET_CLIENT */;
/*!40101 SET CHARACTER_SET_RESULTS=@OLD_CHARACTER_SET_RESULTS */;
/*!40101 SET COLLATION_CONNECTION=@OLD_COLLATION_CONNECTION */;
/*!40111 SET SQL_NOTES=@OLD_SQL_NOTES */;

-- Dump completed
