-- MySQL dump 10.13  Distrib 5.7.34, for osx10.12 (x86_64)
--
-- Host: 127.0.0.1    Database: laraclassifier
-- ------------------------------------------------------
-- Server version	5.7.34

/*!40101 SET @OLD_CHARACTER_SET_CLIENT=@@CHARACTER_SET_CLIENT */;
/*!40101 SET @OLD_CHARACTER_SET_RESULTS=@@CHARACTER_SET_RESULTS */;
/*!40101 SET @OLD_COLLATION_CONNECTION=@@COLLATION_CONNECTION */;
/*!40101 SET NAMES utf8 */;
/*!40103 SET @OLD_TIME_ZONE=@@TIME_ZONE */;
/*!40103 SET TIME_ZONE='+00:00' */;
/*!40014 SET @OLD_UNIQUE_CHECKS=@@UNIQUE_CHECKS, UNIQUE_CHECKS=0 */;
/*!40014 SET @OLD_FOREIGN_KEY_CHECKS=@@FOREIGN_KEY_CHECKS, FOREIGN_KEY_CHECKS=0 */;
/*!40101 SET @OLD_SQL_MODE=@@SQL_MODE, SQL_MODE='NO_AUTO_VALUE_ON_ZERO' */;
/*!40111 SET @OLD_SQL_NOTES=@@SQL_NOTES, SQL_NOTES=0 */;

--
-- Dumping data for table `__PREFIX__subadmin1`
--

/*!40000 ALTER TABLE `__PREFIX__subadmin1` DISABLE KEYS */;
INSERT INTO `__PREFIX__subadmin1` (`code`, `country_code`, `name`, `active`) VALUES ('CU.16','CU','{\"en\":\"Villa Clara\"}',1);
INSERT INTO `__PREFIX__subadmin1` (`code`, `country_code`, `name`, `active`) VALUES ('CU.15','CU','{\"en\":\"Santiago de Cuba\"}',1);
INSERT INTO `__PREFIX__subadmin1` (`code`, `country_code`, `name`, `active`) VALUES ('CU.14','CU','{\"en\":\"Sancti Spíritus\"}',1);
INSERT INTO `__PREFIX__subadmin1` (`code`, `country_code`, `name`, `active`) VALUES ('CU.01','CU','{\"en\":\"Pinar del Río\"}',1);
INSERT INTO `__PREFIX__subadmin1` (`code`, `country_code`, `name`, `active`) VALUES ('CU.03','CU','{\"en\":\"Matanzas\"}',1);
INSERT INTO `__PREFIX__subadmin1` (`code`, `country_code`, `name`, `active`) VALUES ('CU.13','CU','{\"en\":\"Las Tunas\"}',1);
INSERT INTO `__PREFIX__subadmin1` (`code`, `country_code`, `name`, `active`) VALUES ('CU.04','CU','{\"en\":\"Isla de la Juventud\"}',1);
INSERT INTO `__PREFIX__subadmin1` (`code`, `country_code`, `name`, `active`) VALUES ('CU.12','CU','{\"en\":\"Holguín\"}',1);
INSERT INTO `__PREFIX__subadmin1` (`code`, `country_code`, `name`, `active`) VALUES ('CU.10','CU','{\"en\":\"Guantánamo\"}',1);
INSERT INTO `__PREFIX__subadmin1` (`code`, `country_code`, `name`, `active`) VALUES ('CU.09','CU','{\"en\":\"Granma\"}',1);
INSERT INTO `__PREFIX__subadmin1` (`code`, `country_code`, `name`, `active`) VALUES ('CU.02','CU','{\"en\":\"Havana\"}',1);
INSERT INTO `__PREFIX__subadmin1` (`code`, `country_code`, `name`, `active`) VALUES ('CU.08','CU','{\"en\":\"Cienfuegos\"}',1);
INSERT INTO `__PREFIX__subadmin1` (`code`, `country_code`, `name`, `active`) VALUES ('CU.07','CU','{\"en\":\"Ciego de Ávila\"}',1);
INSERT INTO `__PREFIX__subadmin1` (`code`, `country_code`, `name`, `active`) VALUES ('CU.05','CU','{\"en\":\"Camagüey\"}',1);
INSERT INTO `__PREFIX__subadmin1` (`code`, `country_code`, `name`, `active`) VALUES ('CU.AR','CU','{\"en\":\"Artemisa\"}',1);
INSERT INTO `__PREFIX__subadmin1` (`code`, `country_code`, `name`, `active`) VALUES ('CU.MA','CU','{\"en\":\"Mayabeque\"}',1);
/*!40000 ALTER TABLE `__PREFIX__subadmin1` ENABLE KEYS */;

--
-- Dumping data for table `__PREFIX__subadmin2`
--

/*!40000 ALTER TABLE `__PREFIX__subadmin2` DISABLE KEYS */;
INSERT INTO `__PREFIX__subadmin2` (`code`, `country_code`, `subadmin1_code`, `name`, `active`) VALUES ('CU.10.3503','CU','CU.10','{\"en\":\"Municipio de Yateras\"}',1);
INSERT INTO `__PREFIX__subadmin2` (`code`, `country_code`, `subadmin1_code`, `name`, `active`) VALUES ('CU.14.2801','CU','CU.14','{\"en\":\"Municipio de Yaguajay\"}',1);
INSERT INTO `__PREFIX__subadmin2` (`code`, `country_code`, `subadmin1_code`, `name`, `active`) VALUES ('CU.01.2104','CU','CU.01','{\"en\":\"Municipio de Viñales\"}',1);
INSERT INTO `__PREFIX__subadmin2` (`code`, `country_code`, `subadmin1_code`, `name`, `active`) VALUES ('CU.03.2509','CU','CU.03','{\"en\":\"Municipio de Unión de Reyes\"}',1);
INSERT INTO `__PREFIX__subadmin2` (`code`, `country_code`, `subadmin1_code`, `name`, `active`) VALUES ('CU.14.2806','CU','CU.14','{\"en\":\"Municipio de Trinidad\"}',1);
INSERT INTO `__PREFIX__subadmin2` (`code`, `country_code`, `subadmin1_code`, `name`, `active`) VALUES ('CU.16.2611','CU','CU.16','{\"en\":\"Municipio de Santo Domingo\"}',1);
INSERT INTO `__PREFIX__subadmin2` (`code`, `country_code`, `subadmin1_code`, `name`, `active`) VALUES ('CU.15.3406','CU','CU.15','{\"en\":\"Municipio de Santiago de Cuba\"}',1);
INSERT INTO `__PREFIX__subadmin2` (`code`, `country_code`, `subadmin1_code`, `name`, `active`) VALUES ('CU.08.2704','CU','CU.08','{\"en\":\"Municipio de Santa Isabel de las Lajas\"}',1);
INSERT INTO `__PREFIX__subadmin2` (`code`, `country_code`, `subadmin1_code`, `name`, `active`) VALUES ('CU.05.3013','CU','CU.05','{\"en\":\"Municipio de Santa Cruz del Sur\"}',1);
INSERT INTO `__PREFIX__subadmin2` (`code`, `country_code`, `subadmin1_code`, `name`, `active`) VALUES ('CU.MA.2404','CU','CU.MA','{\"en\":\"Municipio de Santa Cruz del Norte\"}',1);
INSERT INTO `__PREFIX__subadmin2` (`code`, `country_code`, `subadmin1_code`, `name`, `active`) VALUES ('CU.16.2609','CU','CU.16','{\"en\":\"Municipio de Santa Clara\"}',1);
INSERT INTO `__PREFIX__subadmin2` (`code`, `country_code`, `subadmin1_code`, `name`, `active`) VALUES ('CU.MA.2407','CU','CU.MA','{\"en\":\"Municipio de San Nicolás\"}',1);
INSERT INTO `__PREFIX__subadmin2` (`code`, `country_code`, `subadmin1_code`, `name`, `active`) VALUES ('CU.01.2109','CU','CU.01','{\"en\":\"Municipio de San Luis\"}',1);
INSERT INTO `__PREFIX__subadmin2` (`code`, `country_code`, `subadmin1_code`, `name`, `active`) VALUES ('CU.15.3403','CU','CU.15','{\"en\":\"Municipio de San Luis\"}',1);
INSERT INTO `__PREFIX__subadmin2` (`code`, `country_code`, `subadmin1_code`, `name`, `active`) VALUES ('CU.01.2110','CU','CU.01','{\"en\":\"Municipio de San Juan y Martínez\"}',1);
INSERT INTO `__PREFIX__subadmin2` (`code`, `country_code`, `subadmin1_code`, `name`, `active`) VALUES ('CU.16.2607','CU','CU.16','{\"en\":\"Remedios\"}',1);
INSERT INTO `__PREFIX__subadmin2` (`code`, `country_code`, `subadmin1_code`, `name`, `active`) VALUES ('CU.MA.2402','CU','CU.MA','{\"en\":\"Municipio de San José de las Lajas\"}',1);
INSERT INTO `__PREFIX__subadmin2` (`code`, `country_code`, `subadmin1_code`, `name`, `active`) VALUES ('CU.14.2807','CU','CU.14','{\"en\":\"Municipio de Sancti Spíritus\"}',1);
INSERT INTO `__PREFIX__subadmin2` (`code`, `country_code`, `subadmin1_code`, `name`, `active`) VALUES ('CU.AR.2211','CU','CU.AR','{\"en\":\"Municipio de San Cristóbal\"}',1);
INSERT INTO `__PREFIX__subadmin2` (`code`, `country_code`, `subadmin1_code`, `name`, `active`) VALUES ('CU.AR.2206','CU','CU.AR','{\"en\":\"Municipio de San Antonio de los Baños\"}',1);
INSERT INTO `__PREFIX__subadmin2` (`code`, `country_code`, `subadmin1_code`, `name`, `active`) VALUES ('CU.16.2603','CU','CU.16','{\"en\":\"Municipio de Sagua la Grande\"}',1);
INSERT INTO `__PREFIX__subadmin2` (`code`, `country_code`, `subadmin1_code`, `name`, `active`) VALUES ('CU.12.3213','CU','CU.12','{\"en\":\"Municipio de Sagua de Tánamo\"}',1);
INSERT INTO `__PREFIX__subadmin2` (`code`, `country_code`, `subadmin1_code`, `name`, `active`) VALUES ('CU.08.2702','CU','CU.08','{\"en\":\"Municipio de Rodas\"}',1);
INSERT INTO `__PREFIX__subadmin2` (`code`, `country_code`, `subadmin1_code`, `name`, `active`) VALUES ('CU.02.2305','CU','CU.02','{\"en\":\"Municipio de Regla\"}',1);
INSERT INTO `__PREFIX__subadmin2` (`code`, `country_code`, `subadmin1_code`, `name`, `active`) VALUES ('CU.16.2612','CU','CU.16','{\"en\":\"Municipio de Ranchuelo\"}',1);
INSERT INTO `__PREFIX__subadmin2` (`code`, `country_code`, `subadmin1_code`, `name`, `active`) VALUES ('CU.MA.2411','CU','CU.MA','{\"en\":\"Municipio de Quivicán\"}',1);
INSERT INTO `__PREFIX__subadmin2` (`code`, `country_code`, `subadmin1_code`, `name`, `active`) VALUES ('CU.16.2602','CU','CU.16','{\"en\":\"Municipio de Quemado de Güines\"}',1);
INSERT INTO `__PREFIX__subadmin2` (`code`, `country_code`, `subadmin1_code`, `name`, `active`) VALUES ('CU.13.3102','CU','CU.13','{\"en\":\"Municipio de Puerto Padre\"}',1);
INSERT INTO `__PREFIX__subadmin2` (`code`, `country_code`, `subadmin1_code`, `name`, `active`) VALUES ('CU.16.2608','CU','CU.16','{\"en\":\"Municipio de Placetas\"}',1);
INSERT INTO `__PREFIX__subadmin2` (`code`, `country_code`, `subadmin1_code`, `name`, `active`) VALUES ('CU.01.2108','CU','CU.01','{\"en\":\"Municipio de Pinar del Río\"}',1);
INSERT INTO `__PREFIX__subadmin2` (`code`, `country_code`, `subadmin1_code`, `name`, `active`) VALUES ('CU.03.2505','CU','CU.03','{\"en\":\"Municipio de Perico\"}',1);
INSERT INTO `__PREFIX__subadmin2` (`code`, `country_code`, `subadmin1_code`, `name`, `active`) VALUES ('CU.03.2507','CU','CU.03','{\"en\":\"Municipio de Pedro Betancourt\"}',1);
INSERT INTO `__PREFIX__subadmin2` (`code`, `country_code`, `subadmin1_code`, `name`, `active`) VALUES ('CU.08.2703','CU','CU.08','{\"en\":\"Municipio de Palmira\"}',1);
INSERT INTO `__PREFIX__subadmin2` (`code`, `country_code`, `subadmin1_code`, `name`, `active`) VALUES ('CU.15.3407','CU','CU.15','{\"en\":\"Municipio de Palma Soriano\"}',1);
INSERT INTO `__PREFIX__subadmin2` (`code`, `country_code`, `subadmin1_code`, `name`, `active`) VALUES ('CU.05.3005','CU','CU.05','{\"en\":\"Municipio de Nuevitas\"}',1);
INSERT INTO `__PREFIX__subadmin2` (`code`, `country_code`, `subadmin1_code`, `name`, `active`) VALUES ('CU.MA.2406','CU','CU.MA','{\"en\":\"Municipio de Nueva Paz\"}',1);
INSERT INTO `__PREFIX__subadmin2` (`code`, `country_code`, `subadmin1_code`, `name`, `active`) VALUES ('CU.09.3309','CU','CU.09','{\"en\":\"Municipio de Niquero\"}',1);
INSERT INTO `__PREFIX__subadmin2` (`code`, `country_code`, `subadmin1_code`, `name`, `active`) VALUES ('CU.07.2902','CU','CU.07','{\"en\":\"Municipio de Morón\"}',1);
INSERT INTO `__PREFIX__subadmin2` (`code`, `country_code`, `subadmin1_code`, `name`, `active`) VALUES ('CU.MA.2409','CU','CU.MA','{\"en\":\"Municipio de Melena del Sur\"}',1);
INSERT INTO `__PREFIX__subadmin2` (`code`, `country_code`, `subadmin1_code`, `name`, `active`) VALUES ('CU.12.3211','CU','CU.12','{\"en\":\"Municipio de Mayarí\"}',1);
INSERT INTO `__PREFIX__subadmin2` (`code`, `country_code`, `subadmin1_code`, `name`, `active`) VALUES ('CU.03.2501','CU','CU.03','{\"en\":\"Municipio de Matanzas\"}',1);
INSERT INTO `__PREFIX__subadmin2` (`code`, `country_code`, `subadmin1_code`, `name`, `active`) VALUES ('CU.03.2503','CU','CU.03','{\"en\":\"Municipio de Martí\"}',1);
INSERT INTO `__PREFIX__subadmin2` (`code`, `country_code`, `subadmin1_code`, `name`, `active`) VALUES ('CU.AR.2202','CU','CU.AR','{\"en\":\"Municipio de Mariel\"}',1);
INSERT INTO `__PREFIX__subadmin2` (`code`, `country_code`, `subadmin1_code`, `name`, `active`) VALUES ('CU.02.2311','CU','CU.02','{\"en\":\"Municipio de Marianao\"}',1);
INSERT INTO `__PREFIX__subadmin2` (`code`, `country_code`, `subadmin1_code`, `name`, `active`) VALUES ('CU.09.3306','CU','CU.09','{\"en\":\"Municipio de Manzanillo\"}',1);
INSERT INTO `__PREFIX__subadmin2` (`code`, `country_code`, `subadmin1_code`, `name`, `active`) VALUES ('CU.01.2102','CU','CU.01','{\"en\":\"Municipio de Mantua\"}',1);
INSERT INTO `__PREFIX__subadmin2` (`code`, `country_code`, `subadmin1_code`, `name`, `active`) VALUES ('CU.MA.2405','CU','CU.MA','{\"en\":\"Municipio de Madruga\"}',1);
INSERT INTO `__PREFIX__subadmin2` (`code`, `country_code`, `subadmin1_code`, `name`, `active`) VALUES ('CU.01.2106','CU','CU.01','{\"en\":\"Municipio de Los Palacios\"}',1);
INSERT INTO `__PREFIX__subadmin2` (`code`, `country_code`, `subadmin1_code`, `name`, `active`) VALUES ('CU.03.2513','CU','CU.03','{\"en\":\"Municipio de Los Arabos\"}',1);
INSERT INTO `__PREFIX__subadmin2` (`code`, `country_code`, `subadmin1_code`, `name`, `active`) VALUES ('CU.03.2508','CU','CU.03','{\"en\":\"Limonar\"}',1);
INSERT INTO `__PREFIX__subadmin2` (`code`, `country_code`, `subadmin1_code`, `name`, `active`) VALUES ('CU.13.3105','CU','CU.13','{\"en\":\"Municipio de Las Tunas\"}',1);
INSERT INTO `__PREFIX__subadmin2` (`code`, `country_code`, `subadmin1_code`, `name`, `active`) VALUES ('CU.01.2105','CU','CU.01','{\"en\":\"Municipio de La Palma\"}',1);
INSERT INTO `__PREFIX__subadmin2` (`code`, `country_code`, `subadmin1_code`, `name`, `active`) VALUES ('CU.03.2506','CU','CU.03','{\"en\":\"Municipio de Jovellanos\"}',1);
INSERT INTO `__PREFIX__subadmin2` (`code`, `country_code`, `subadmin1_code`, `name`, `active`) VALUES ('CU.09.3303','CU','CU.09','{\"en\":\"Municipio de Jiguaní\"}',1);
INSERT INTO `__PREFIX__subadmin2` (`code`, `country_code`, `subadmin1_code`, `name`, `active`) VALUES ('CU.14.2802','CU','CU.14','{\"en\":\"Municipio de Jatibonico\"}',1);
INSERT INTO `__PREFIX__subadmin2` (`code`, `country_code`, `subadmin1_code`, `name`, `active`) VALUES ('CU.MA.2403','CU','CU.MA','{\"en\":\"Municipio de Jaruco\"}',1);
INSERT INTO `__PREFIX__subadmin2` (`code`, `country_code`, `subadmin1_code`, `name`, `active`) VALUES ('CU.03.2511','CU','CU.03','{\"en\":\"Municipio de Jagüey Grande\"}',1);
INSERT INTO `__PREFIX__subadmin2` (`code`, `country_code`, `subadmin1_code`, `name`, `active`) VALUES ('CU.12.3206','CU','CU.12','{\"en\":\"Municipio de Holguín\"}',1);
INSERT INTO `__PREFIX__subadmin2` (`code`, `country_code`, `subadmin1_code`, `name`, `active`) VALUES ('CU.AR.2207','CU','CU.AR','{\"en\":\"Municipio de Güira de Melena\"}',1);
INSERT INTO `__PREFIX__subadmin2` (`code`, `country_code`, `subadmin1_code`, `name`, `active`) VALUES ('CU.MA.2408','CU','CU.MA','{\"en\":\"Municipio de Güines\"}',1);
INSERT INTO `__PREFIX__subadmin2` (`code`, `country_code`, `subadmin1_code`, `name`, `active`) VALUES ('CU.10.3509','CU','CU.10','{\"en\":\"Municipio de Guantánamo\"}',1);
INSERT INTO `__PREFIX__subadmin2` (`code`, `country_code`, `subadmin1_code`, `name`, `active`) VALUES ('CU.01.2111','CU','CU.01','{\"en\":\"Municipio de Guane\"}',1);
INSERT INTO `__PREFIX__subadmin2` (`code`, `country_code`, `subadmin1_code`, `name`, `active`) VALUES ('CU.AR.2203','CU','CU.AR','{\"en\":\"Municipio de Guanajay\"}',1);
INSERT INTO `__PREFIX__subadmin2` (`code`, `country_code`, `subadmin1_code`, `name`, `active`) VALUES ('CU.02.2307','CU','CU.02','{\"en\":\"Municipio de Guanabacoa\"}',1);
INSERT INTO `__PREFIX__subadmin2` (`code`, `country_code`, `subadmin1_code`, `name`, `active`) VALUES ('CU.05.3006','CU','CU.05','{\"en\":\"Municipio de Guáimaro\"}',1);
INSERT INTO `__PREFIX__subadmin2` (`code`, `country_code`, `subadmin1_code`, `name`, `active`) VALUES ('CU.12.3201','CU','CU.12','{\"en\":\"Municipio de Gibara\"}',1);
INSERT INTO `__PREFIX__subadmin2` (`code`, `country_code`, `subadmin1_code`, `name`, `active`) VALUES ('CU.14.2805','CU','CU.14','{\"en\":\"Municipio de Fomento\"}',1);
INSERT INTO `__PREFIX__subadmin2` (`code`, `country_code`, `subadmin1_code`, `name`, `active`) VALUES ('CU.05.3009','CU','CU.05','{\"en\":\"Municipio de Florida\"}',1);
INSERT INTO `__PREFIX__subadmin2` (`code`, `country_code`, `subadmin1_code`, `name`, `active`) VALUES ('CU.05.3002','CU','CU.05','{\"en\":\"Municipio de Esmeralda\"}',1);
INSERT INTO `__PREFIX__subadmin2` (`code`, `country_code`, `subadmin1_code`, `name`, `active`) VALUES ('CU.16.2604','CU','CU.16','{\"en\":\"Municipio de Encrucijada\"}',1);
INSERT INTO `__PREFIX__subadmin2` (`code`, `country_code`, `subadmin1_code`, `name`, `active`) VALUES ('CU.08.2705','CU','CU.08','{\"en\":\"Municipio de Cruces\"}',1);
INSERT INTO `__PREFIX__subadmin2` (`code`, `country_code`, `subadmin1_code`, `name`, `active`) VALUES ('CU.16.2601','CU','CU.16','{\"en\":\"Municipio de Corralillo\"}',1);
INSERT INTO `__PREFIX__subadmin2` (`code`, `country_code`, `subadmin1_code`, `name`, `active`) VALUES ('CU.01.2107','CU','CU.01','{\"en\":\"Municipio de Consolación del Sur\"}',1);
INSERT INTO `__PREFIX__subadmin2` (`code`, `country_code`, `subadmin1_code`, `name`, `active`) VALUES ('CU.03.2504','CU','CU.03','{\"en\":\"Municipio de Colón\"}',1);
INSERT INTO `__PREFIX__subadmin2` (`code`, `country_code`, `subadmin1_code`, `name`, `active`) VALUES ('CU.16.2610','CU','CU.16','{\"en\":\"Municipio de Cifuentes\"}',1);
INSERT INTO `__PREFIX__subadmin2` (`code`, `country_code`, `subadmin1_code`, `name`, `active`) VALUES ('CU.08.2707','CU','CU.08','{\"en\":\"Municipio de Cienfuegos\"}',1);
INSERT INTO `__PREFIX__subadmin2` (`code`, `country_code`, `subadmin1_code`, `name`, `active`) VALUES ('CU.07.2908','CU','CU.07','{\"en\":\"Municipio de Ciego de Ávila\"}',1);
INSERT INTO `__PREFIX__subadmin2` (`code`, `country_code`, `subadmin1_code`, `name`, `active`) VALUES ('CU.03.2502','CU','CU.03','{\"en\":\"Municipio de Cárdenas\"}',1);
INSERT INTO `__PREFIX__subadmin2` (`code`, `country_code`, `subadmin1_code`, `name`, `active`) VALUES ('CU.AR.2210','CU','CU.AR','{\"en\":\"Municipio de Candelaria\"}',1);
INSERT INTO `__PREFIX__subadmin2` (`code`, `country_code`, `subadmin1_code`, `name`, `active`) VALUES ('CU.09.3307','CU','CU.09','{\"en\":\"Municipio de Campechuela\"}',1);
INSERT INTO `__PREFIX__subadmin2` (`code`, `country_code`, `subadmin1_code`, `name`, `active`) VALUES ('CU.16.2605','CU','CU.16','{\"en\":\"Municipio de Camajuaní\"}',1);
INSERT INTO `__PREFIX__subadmin2` (`code`, `country_code`, `subadmin1_code`, `name`, `active`) VALUES ('CU.05.3008','CU','CU.05','{\"en\":\"Municipio de Camagüey\"}',1);
INSERT INTO `__PREFIX__subadmin2` (`code`, `country_code`, `subadmin1_code`, `name`, `active`) VALUES ('CU.AR.2204','CU','CU.AR','{\"en\":\"Municipio de Caimito\"}',1);
INSERT INTO `__PREFIX__subadmin2` (`code`, `country_code`, `subadmin1_code`, `name`, `active`) VALUES ('CU.16.2606','CU','CU.16','{\"en\":\"Municipio de Caibarién\"}',1);
INSERT INTO `__PREFIX__subadmin2` (`code`, `country_code`, `subadmin1_code`, `name`, `active`) VALUES ('CU.14.2804','CU','CU.14','{\"en\":\"Municipio de Cabaiguán\"}',1);
INSERT INTO `__PREFIX__subadmin2` (`code`, `country_code`, `subadmin1_code`, `name`, `active`) VALUES ('CU.MA.2401','CU','CU.MA','{\"en\":\"Municipio de Bejucal\"}',1);
INSERT INTO `__PREFIX__subadmin2` (`code`, `country_code`, `subadmin1_code`, `name`, `active`) VALUES ('CU.09.3304','CU','CU.09','{\"en\":\"Municipio de Bayamo\"}',1);
INSERT INTO `__PREFIX__subadmin2` (`code`, `country_code`, `subadmin1_code`, `name`, `active`) VALUES ('CU.AR.2205','CU','CU.AR','{\"en\":\"Municipio de Bauta\"}',1);
INSERT INTO `__PREFIX__subadmin2` (`code`, `country_code`, `subadmin1_code`, `name`, `active`) VALUES ('CU.MA.2410','CU','CU.MA','{\"en\":\"Municipio de Batabanó\"}',1);
INSERT INTO `__PREFIX__subadmin2` (`code`, `country_code`, `subadmin1_code`, `name`, `active`) VALUES ('CU.10.3504','CU','CU.10','{\"en\":\"Municipio de Baracoa\"}',1);
INSERT INTO `__PREFIX__subadmin2` (`code`, `country_code`, `subadmin1_code`, `name`, `active`) VALUES ('CU.12.3203','CU','CU.12','{\"en\":\"Municipio de Banes\"}',1);
INSERT INTO `__PREFIX__subadmin2` (`code`, `country_code`, `subadmin1_code`, `name`, `active`) VALUES ('CU.AR.2209','CU','CU.AR','{\"en\":\"Municipio de Artemisa\"}',1);
INSERT INTO `__PREFIX__subadmin2` (`code`, `country_code`, `subadmin1_code`, `name`, `active`) VALUES ('CU.12.3204','CU','CU.12','{\"en\":\"Municipio de Antilla\"}',1);
INSERT INTO `__PREFIX__subadmin2` (`code`, `country_code`, `subadmin1_code`, `name`, `active`) VALUES ('CU.AR.2208','CU','CU.AR','{\"en\":\"Municipio de Alquízar\"}',1);
INSERT INTO `__PREFIX__subadmin2` (`code`, `country_code`, `subadmin1_code`, `name`, `active`) VALUES ('CU.08.2701','CU','CU.08','{\"en\":\"Municipio de Aguada de Pasajeros\"}',1);
INSERT INTO `__PREFIX__subadmin2` (`code`, `country_code`, `subadmin1_code`, `name`, `active`) VALUES ('CU.08.2708','CU','CU.08','{\"en\":\"Municipio de Abreus\"}',1);
INSERT INTO `__PREFIX__subadmin2` (`code`, `country_code`, `subadmin1_code`, `name`, `active`) VALUES ('CU.12.3207','CU','CU.12','{\"en\":\"Municipio de Calixto Garcia\"}',1);
INSERT INTO `__PREFIX__subadmin2` (`code`, `country_code`, `subadmin1_code`, `name`, `active`) VALUES ('CU.01.2101','CU','CU.01','{\"en\":\"Sandino\"}',1);
INSERT INTO `__PREFIX__subadmin2` (`code`, `country_code`, `subadmin1_code`, `name`, `active`) VALUES ('CU.13.3106','CU','CU.13','{\"en\":\"Municipio de Jobabo\"}',1);
INSERT INTO `__PREFIX__subadmin2` (`code`, `country_code`, `subadmin1_code`, `name`, `active`) VALUES ('CU.13.3101','CU','CU.13','{\"en\":\"Municipio de Manatí\"}',1);
INSERT INTO `__PREFIX__subadmin2` (`code`, `country_code`, `subadmin1_code`, `name`, `active`) VALUES ('CU.13.3103','CU','CU.13','{\"en\":\"Municipio de Jesús Menéndez\"}',1);
INSERT INTO `__PREFIX__subadmin2` (`code`, `country_code`, `subadmin1_code`, `name`, `active`) VALUES ('CU.07.2910','CU','CU.07','{\"en\":\"Municipio de Baraguá\"}',1);
INSERT INTO `__PREFIX__subadmin2` (`code`, `country_code`, `subadmin1_code`, `name`, `active`) VALUES ('CU.07.2905','CU','CU.07','{\"en\":\"Municipio de Ciro Redondo\"}',1);
INSERT INTO `__PREFIX__subadmin2` (`code`, `country_code`, `subadmin1_code`, `name`, `active`) VALUES ('CU.07.2901','CU','CU.07','{\"en\":\"Municipio de Chambas\"}',1);
INSERT INTO `__PREFIX__subadmin2` (`code`, `country_code`, `subadmin1_code`, `name`, `active`) VALUES ('CU.09.3301','CU','CU.09','{\"en\":\"Municipio de Río Cauto\"}',1);
INSERT INTO `__PREFIX__subadmin2` (`code`, `country_code`, `subadmin1_code`, `name`, `active`) VALUES ('CU.01.2103','CU','CU.01','{\"en\":\"Minas De Matahambre\"}',1);
INSERT INTO `__PREFIX__subadmin2` (`code`, `country_code`, `subadmin1_code`, `name`, `active`) VALUES ('CU.02.2314','CU','CU.02','{\"en\":\"Arroyo Naranjo\"}',1);
INSERT INTO `__PREFIX__subadmin2` (`code`, `country_code`, `subadmin1_code`, `name`, `active`) VALUES ('CU.02.2313','CU','CU.02','{\"en\":\"Boyeros\"}',1);
INSERT INTO `__PREFIX__subadmin2` (`code`, `country_code`, `subadmin1_code`, `name`, `active`) VALUES ('CU.02.2303','CU','CU.02','{\"en\":\"Centro Habana\"}',1);
INSERT INTO `__PREFIX__subadmin2` (`code`, `country_code`, `subadmin1_code`, `name`, `active`) VALUES ('CU.02.2310','CU','CU.02','{\"en\":\"Cerro\"}',1);
INSERT INTO `__PREFIX__subadmin2` (`code`, `country_code`, `subadmin1_code`, `name`, `active`) VALUES ('CU.02.2315','CU','CU.02','{\"en\":\"Cotorro\"}',1);
INSERT INTO `__PREFIX__subadmin2` (`code`, `country_code`, `subadmin1_code`, `name`, `active`) VALUES ('CU.02.2309','CU','CU.02','{\"en\":\"Diez De Octubre\"}',1);
INSERT INTO `__PREFIX__subadmin2` (`code`, `country_code`, `subadmin1_code`, `name`, `active`) VALUES ('CU.02.2306','CU','CU.02','{\"en\":\"La Habana Del Este\"}',1);
INSERT INTO `__PREFIX__subadmin2` (`code`, `country_code`, `subadmin1_code`, `name`, `active`) VALUES ('CU.02.2304','CU','CU.02','{\"en\":\"La Habana Vieja\"}',1);
INSERT INTO `__PREFIX__subadmin2` (`code`, `country_code`, `subadmin1_code`, `name`, `active`) VALUES ('CU.02.2312','CU','CU.02','{\"en\":\"La Lisa\"}',1);
INSERT INTO `__PREFIX__subadmin2` (`code`, `country_code`, `subadmin1_code`, `name`, `active`) VALUES ('CU.02.2302','CU','CU.02','{\"en\":\"Plaza De La Revolucion\"}',1);
INSERT INTO `__PREFIX__subadmin2` (`code`, `country_code`, `subadmin1_code`, `name`, `active`) VALUES ('CU.02.2308','CU','CU.02','{\"en\":\"San Miguel Del Padron\"}',1);
INSERT INTO `__PREFIX__subadmin2` (`code`, `country_code`, `subadmin1_code`, `name`, `active`) VALUES ('CU.03.2512','CU','CU.03','{\"en\":\"Calimete\"}',1);
INSERT INTO `__PREFIX__subadmin2` (`code`, `country_code`, `subadmin1_code`, `name`, `active`) VALUES ('CU.03.2510','CU','CU.03','{\"en\":\"Cienaga De Zapata\"}',1);
INSERT INTO `__PREFIX__subadmin2` (`code`, `country_code`, `subadmin1_code`, `name`, `active`) VALUES ('CU.05.3011','CU','CU.05','{\"en\":\"Jimaguayu\"}',1);
INSERT INTO `__PREFIX__subadmin2` (`code`, `country_code`, `subadmin1_code`, `name`, `active`) VALUES ('CU.05.3004','CU','CU.05','{\"en\":\"Minas\"}',1);
INSERT INTO `__PREFIX__subadmin2` (`code`, `country_code`, `subadmin1_code`, `name`, `active`) VALUES ('CU.05.3007','CU','CU.05','{\"en\":\"Sibanicu\"}',1);
INSERT INTO `__PREFIX__subadmin2` (`code`, `country_code`, `subadmin1_code`, `name`, `active`) VALUES ('CU.05.3003','CU','CU.05','{\"en\":\"Sierra De Cubitas\"}',1);
INSERT INTO `__PREFIX__subadmin2` (`code`, `country_code`, `subadmin1_code`, `name`, `active`) VALUES ('CU.05.3010','CU','CU.05','{\"en\":\"Vertientes\"}',1);
INSERT INTO `__PREFIX__subadmin2` (`code`, `country_code`, `subadmin1_code`, `name`, `active`) VALUES ('CU.07.2903','CU','CU.07','{\"en\":\"Bolivia\"}',1);
INSERT INTO `__PREFIX__subadmin2` (`code`, `country_code`, `subadmin1_code`, `name`, `active`) VALUES ('CU.07.2906','CU','CU.07','{\"en\":\"Florencia\"}',1);
INSERT INTO `__PREFIX__subadmin2` (`code`, `country_code`, `subadmin1_code`, `name`, `active`) VALUES ('CU.07.2907','CU','CU.07','{\"en\":\"Majagua\"}',1);
INSERT INTO `__PREFIX__subadmin2` (`code`, `country_code`, `subadmin1_code`, `name`, `active`) VALUES ('CU.07.2904','CU','CU.07','{\"en\":\"Primero De Enero\"}',1);
INSERT INTO `__PREFIX__subadmin2` (`code`, `country_code`, `subadmin1_code`, `name`, `active`) VALUES ('CU.07.2909','CU','CU.07','{\"en\":\"Venezuela\"}',1);
INSERT INTO `__PREFIX__subadmin2` (`code`, `country_code`, `subadmin1_code`, `name`, `active`) VALUES ('CU.08.2706','CU','CU.08','{\"en\":\"Cumanayagua\"}',1);
INSERT INTO `__PREFIX__subadmin2` (`code`, `country_code`, `subadmin1_code`, `name`, `active`) VALUES ('CU.09.3311','CU','CU.09','{\"en\":\"Bartolome Maso\"}',1);
INSERT INTO `__PREFIX__subadmin2` (`code`, `country_code`, `subadmin1_code`, `name`, `active`) VALUES ('CU.09.3312','CU','CU.09','{\"en\":\"Buey Arriba\"}',1);
INSERT INTO `__PREFIX__subadmin2` (`code`, `country_code`, `subadmin1_code`, `name`, `active`) VALUES ('CU.09.3302','CU','CU.09','{\"en\":\"Cauto Cristo\"}',1);
INSERT INTO `__PREFIX__subadmin2` (`code`, `country_code`, `subadmin1_code`, `name`, `active`) VALUES ('CU.09.3313','CU','CU.09','{\"en\":\"Guisa\"}',1);
INSERT INTO `__PREFIX__subadmin2` (`code`, `country_code`, `subadmin1_code`, `name`, `active`) VALUES ('CU.09.3308','CU','CU.09','{\"en\":\"Media Luna\"}',1);
INSERT INTO `__PREFIX__subadmin2` (`code`, `country_code`, `subadmin1_code`, `name`, `active`) VALUES ('CU.09.3310','CU','CU.09','{\"en\":\"Pilon\"}',1);
INSERT INTO `__PREFIX__subadmin2` (`code`, `country_code`, `subadmin1_code`, `name`, `active`) VALUES ('CU.09.3305','CU','CU.09','{\"en\":\"Yara\"}',1);
INSERT INTO `__PREFIX__subadmin2` (`code`, `country_code`, `subadmin1_code`, `name`, `active`) VALUES ('CU.10.3508','CU','CU.10','{\"en\":\"Caimanera\"}',1);
INSERT INTO `__PREFIX__subadmin2` (`code`, `country_code`, `subadmin1_code`, `name`, `active`) VALUES ('CU.10.3501','CU','CU.10','{\"en\":\"El Salvador\"}',1);
INSERT INTO `__PREFIX__subadmin2` (`code`, `country_code`, `subadmin1_code`, `name`, `active`) VALUES ('CU.10.3506','CU','CU.10','{\"en\":\"Imias\"}',1);
INSERT INTO `__PREFIX__subadmin2` (`code`, `country_code`, `subadmin1_code`, `name`, `active`) VALUES ('CU.10.3505','CU','CU.10','{\"en\":\"Maisi\"}',1);
INSERT INTO `__PREFIX__subadmin2` (`code`, `country_code`, `subadmin1_code`, `name`, `active`) VALUES ('CU.10.3502','CU','CU.10','{\"en\":\"Manuel Tames\"}',1);
INSERT INTO `__PREFIX__subadmin2` (`code`, `country_code`, `subadmin1_code`, `name`, `active`) VALUES ('CU.10.3510','CU','CU.10','{\"en\":\"Niceto Perez\"}',1);
INSERT INTO `__PREFIX__subadmin2` (`code`, `country_code`, `subadmin1_code`, `name`, `active`) VALUES ('CU.10.3507','CU','CU.10','{\"en\":\"San Antonio Del Sur\"}',1);
INSERT INTO `__PREFIX__subadmin2` (`code`, `country_code`, `subadmin1_code`, `name`, `active`) VALUES ('CU.12.3205','CU','CU.12','{\"en\":\"Baguanos\"}',1);
INSERT INTO `__PREFIX__subadmin2` (`code`, `country_code`, `subadmin1_code`, `name`, `active`) VALUES ('CU.12.3208','CU','CU.12','{\"en\":\"Cacocum\"}',1);
INSERT INTO `__PREFIX__subadmin2` (`code`, `country_code`, `subadmin1_code`, `name`, `active`) VALUES ('CU.12.3212','CU','CU.12','{\"en\":\"Frank Pais\"}',1);
INSERT INTO `__PREFIX__subadmin2` (`code`, `country_code`, `subadmin1_code`, `name`, `active`) VALUES ('CU.12.3214','CU','CU.12','{\"en\":\"Moa\"}',1);
INSERT INTO `__PREFIX__subadmin2` (`code`, `country_code`, `subadmin1_code`, `name`, `active`) VALUES ('CU.13.3108','CU','CU.13','{\"en\":\"Amancio\"}',1);
INSERT INTO `__PREFIX__subadmin2` (`code`, `country_code`, `subadmin1_code`, `name`, `active`) VALUES ('CU.13.3107','CU','CU.13','{\"en\":\"Colombia\"}',1);
INSERT INTO `__PREFIX__subadmin2` (`code`, `country_code`, `subadmin1_code`, `name`, `active`) VALUES ('CU.13.3104','CU','CU.13','{\"en\":\"Majibacoa\"}',1);
INSERT INTO `__PREFIX__subadmin2` (`code`, `country_code`, `subadmin1_code`, `name`, `active`) VALUES ('CU.14.2808','CU','CU.14','{\"en\":\"La Sierpe\"}',1);
INSERT INTO `__PREFIX__subadmin2` (`code`, `country_code`, `subadmin1_code`, `name`, `active`) VALUES ('CU.14.2803','CU','CU.14','{\"en\":\"Taguasco\"}',1);
INSERT INTO `__PREFIX__subadmin2` (`code`, `country_code`, `subadmin1_code`, `name`, `active`) VALUES ('CU.15.3401','CU','CU.15','{\"en\":\"Contramaestre\"}',1);
INSERT INTO `__PREFIX__subadmin2` (`code`, `country_code`, `subadmin1_code`, `name`, `active`) VALUES ('CU.15.3409','CU','CU.15','{\"en\":\"Guama\"}',1);
INSERT INTO `__PREFIX__subadmin2` (`code`, `country_code`, `subadmin1_code`, `name`, `active`) VALUES ('CU.15.3402','CU','CU.15','{\"en\":\"Mella\"}',1);
INSERT INTO `__PREFIX__subadmin2` (`code`, `country_code`, `subadmin1_code`, `name`, `active`) VALUES ('CU.15.3404','CU','CU.15','{\"en\":\"Segundo Frente\"}',1);
INSERT INTO `__PREFIX__subadmin2` (`code`, `country_code`, `subadmin1_code`, `name`, `active`) VALUES ('CU.15.3408','CU','CU.15','{\"en\":\"Tercer Frente\"}',1);
INSERT INTO `__PREFIX__subadmin2` (`code`, `country_code`, `subadmin1_code`, `name`, `active`) VALUES ('CU.16.2613','CU','CU.16','{\"en\":\"Manicaragua\"}',1);
INSERT INTO `__PREFIX__subadmin2` (`code`, `country_code`, `subadmin1_code`, `name`, `active`) VALUES ('CU.AR.2201','CU','CU.AR','{\"en\":\"Bahia Honda\"}',1);
INSERT INTO `__PREFIX__subadmin2` (`code`, `country_code`, `subadmin1_code`, `name`, `active`) VALUES ('CU.12.3209','CU','CU.12','{\"en\":\"Urbano Noris\"}',1);
INSERT INTO `__PREFIX__subadmin2` (`code`, `country_code`, `subadmin1_code`, `name`, `active`) VALUES ('CU.12.3202','CU','CU.12','{\"en\":\"Rafael Freyre\"}',1);
INSERT INTO `__PREFIX__subadmin2` (`code`, `country_code`, `subadmin1_code`, `name`, `active`) VALUES ('CU.05.3001','CU','CU.05','{\"en\":\"Carlos Manuel De Cespedes\"}',1);
INSERT INTO `__PREFIX__subadmin2` (`code`, `country_code`, `subadmin1_code`, `name`, `active`) VALUES ('CU.02.2301','CU','CU.02','{\"en\":\"Playa\"}',1);
INSERT INTO `__PREFIX__subadmin2` (`code`, `country_code`, `subadmin1_code`, `name`, `active`) VALUES ('CU.15.3405','CU','CU.15','{\"en\":\"Songo - La Maya\"}',1);
INSERT INTO `__PREFIX__subadmin2` (`code`, `country_code`, `subadmin1_code`, `name`, `active`) VALUES ('CU.12.3210','CU','CU.12','{\"en\":\"Cueto\"}',1);
INSERT INTO `__PREFIX__subadmin2` (`code`, `country_code`, `subadmin1_code`, `name`, `active`) VALUES ('CU.05.3012','CU','CU.05','{\"en\":\"Najasa\"}',1);
/*!40000 ALTER TABLE `__PREFIX__subadmin2` ENABLE KEYS */;

--
-- Dumping data for table `__PREFIX__cities`
--

/*!40000 ALTER TABLE `__PREFIX__cities` DISABLE KEYS */;
INSERT INTO `__PREFIX__cities` (`country_code`, `name`, `longitude`, `latitude`, `feature_class`, `feature_code`, `subadmin1_code`, `subadmin2_code`, `population`, `time_zone`, `active`, `created_at`, `updated_at`) VALUES ('CU','{\"en\":\"Zaza del Medio\"}',-79.37,22.00,'P','PPL','CU.14',NULL,8667,'America/Havana',1,'2016-01-06 23:00:00','2016-01-06 23:00:00');
INSERT INTO `__PREFIX__cities` (`country_code`, `name`, `longitude`, `latitude`, `feature_class`, `feature_code`, `subadmin1_code`, `subadmin2_code`, `population`, `time_zone`, `active`, `created_at`, `updated_at`) VALUES ('CU','{\"en\":\"Yara\"}',-76.95,20.27,'P','PPLA2','CU.09',NULL,28944,'America/Havana',1,'2016-01-06 23:00:00','2016-01-06 23:00:00');
INSERT INTO `__PREFIX__cities` (`country_code`, `name`, `longitude`, `latitude`, `feature_class`, `feature_code`, `subadmin1_code`, `subadmin2_code`, `population`, `time_zone`, `active`, `created_at`, `updated_at`) VALUES ('CU','{\"en\":\"Yaguajay\"}',-79.24,22.33,'P','PPLA2','CU.14','CU.14.2801',42218,'America/Havana',1,'2019-06-17 23:00:00','2019-06-17 23:00:00');
INSERT INTO `__PREFIX__cities` (`country_code`, `name`, `longitude`, `latitude`, `feature_class`, `feature_code`, `subadmin1_code`, `subadmin2_code`, `population`, `time_zone`, `active`, `created_at`, `updated_at`) VALUES ('CU','{\"en\":\"Viñales\"}',-83.71,22.62,'P','PPLA2','CU.01','CU.01.2108',27129,'America/Havana',1,'2016-11-20 23:00:00','2016-11-20 23:00:00');
INSERT INTO `__PREFIX__cities` (`country_code`, `name`, `longitude`, `latitude`, `feature_class`, `feature_code`, `subadmin1_code`, `subadmin2_code`, `population`, `time_zone`, `active`, `created_at`, `updated_at`) VALUES ('CU','{\"en\":\"Vertientes\"}',-78.15,21.26,'P','PPLA2','CU.05',NULL,29704,'America/Havana',1,'2016-01-06 23:00:00','2016-01-06 23:00:00');
INSERT INTO `__PREFIX__cities` (`country_code`, `name`, `longitude`, `latitude`, `feature_class`, `feature_code`, `subadmin1_code`, `subadmin2_code`, `population`, `time_zone`, `active`, `created_at`, `updated_at`) VALUES ('CU','{\"en\":\"Venezuela\"}',-78.79,21.74,'P','PPLA2','CU.07',NULL,16601,'America/Havana',1,'2016-01-06 23:00:00','2016-01-06 23:00:00');
INSERT INTO `__PREFIX__cities` (`country_code`, `name`, `longitude`, `latitude`, `feature_class`, `feature_code`, `subadmin1_code`, `subadmin2_code`, `population`, `time_zone`, `active`, `created_at`, `updated_at`) VALUES ('CU','{\"en\":\"Varadero\"}',-81.24,23.16,'P','PPL','CU.03',NULL,20000,'America/Havana',1,'2020-03-02 23:00:00','2020-03-02 23:00:00');
INSERT INTO `__PREFIX__cities` (`country_code`, `name`, `longitude`, `latitude`, `feature_class`, `feature_code`, `subadmin1_code`, `subadmin2_code`, `population`, `time_zone`, `active`, `created_at`, `updated_at`) VALUES ('CU','{\"en\":\"San Germán\"}',-76.13,20.60,'P','PPLA2','CU.12',NULL,43892,'America/Havana',1,'2020-06-09 23:00:00','2020-06-09 23:00:00');
INSERT INTO `__PREFIX__cities` (`country_code`, `name`, `longitude`, `latitude`, `feature_class`, `feature_code`, `subadmin1_code`, `subadmin2_code`, `population`, `time_zone`, `active`, `created_at`, `updated_at`) VALUES ('CU','{\"en\":\"Unión de Reyes\"}',-81.54,22.80,'P','PPLA2','CU.03',NULL,33646,'America/Havana',1,'2020-06-09 23:00:00','2020-06-09 23:00:00');
INSERT INTO `__PREFIX__cities` (`country_code`, `name`, `longitude`, `latitude`, `feature_class`, `feature_code`, `subadmin1_code`, `subadmin2_code`, `population`, `time_zone`, `active`, `created_at`, `updated_at`) VALUES ('CU','{\"en\":\"Trinidad\"}',-79.98,21.80,'P','PPLA2','CU.14',NULL,60206,'America/Havana',1,'2019-09-04 23:00:00','2019-09-04 23:00:00');
INSERT INTO `__PREFIX__cities` (`country_code`, `name`, `longitude`, `latitude`, `feature_class`, `feature_code`, `subadmin1_code`, `subadmin2_code`, `population`, `time_zone`, `active`, `created_at`, `updated_at`) VALUES ('CU','{\"en\":\"Topes de Collantes\"}',-80.02,21.92,'P','PPL','CU.14','CU.14.2806',9729,'America/Havana',1,'2016-11-20 23:00:00','2016-11-20 23:00:00');
INSERT INTO `__PREFIX__cities` (`country_code`, `name`, `longitude`, `latitude`, `feature_class`, `feature_code`, `subadmin1_code`, `subadmin2_code`, `population`, `time_zone`, `active`, `created_at`, `updated_at`) VALUES ('CU','{\"en\":\"Soroa\"}',-83.01,22.80,'P','PPL','CU.AR',NULL,7205,'America/Havana',1,'2021-10-05 23:00:00','2021-10-05 23:00:00');
INSERT INTO `__PREFIX__cities` (`country_code`, `name`, `longitude`, `latitude`, `feature_class`, `feature_code`, `subadmin1_code`, `subadmin2_code`, `population`, `time_zone`, `active`, `created_at`, `updated_at`) VALUES ('CU','{\"en\":\"Sibanicú\"}',-77.53,21.24,'P','PPLA2','CU.05',NULL,16856,'America/Havana',1,'2020-06-09 23:00:00','2020-06-09 23:00:00');
INSERT INTO `__PREFIX__cities` (`country_code`, `name`, `longitude`, `latitude`, `feature_class`, `feature_code`, `subadmin1_code`, `subadmin2_code`, `population`, `time_zone`, `active`, `created_at`, `updated_at`) VALUES ('CU','{\"en\":\"Santo Domingo\"}',-80.24,22.59,'P','PPLA2','CU.16',NULL,45476,'America/Havana',1,'2016-01-06 23:00:00','2016-01-06 23:00:00');
INSERT INTO `__PREFIX__cities` (`country_code`, `name`, `longitude`, `latitude`, `feature_class`, `feature_code`, `subadmin1_code`, `subadmin2_code`, `population`, `time_zone`, `active`, `created_at`, `updated_at`) VALUES ('CU','{\"en\":\"Santiago de las Vegas\"}',-82.39,22.97,'P','PPL','CU.02','CU.02.2313',35241,'America/Havana',1,'2016-11-22 23:00:00','2016-11-22 23:00:00');
INSERT INTO `__PREFIX__cities` (`country_code`, `name`, `longitude`, `latitude`, `feature_class`, `feature_code`, `subadmin1_code`, `subadmin2_code`, `population`, `time_zone`, `active`, `created_at`, `updated_at`) VALUES ('CU','{\"en\":\"Santiago de Cuba\"}',-75.83,20.02,'P','PPLA','CU.15','CU.15.3406',555865,'America/Havana',1,'2019-09-04 23:00:00','2019-09-04 23:00:00');
INSERT INTO `__PREFIX__cities` (`country_code`, `name`, `longitude`, `latitude`, `feature_class`, `feature_code`, `subadmin1_code`, `subadmin2_code`, `population`, `time_zone`, `active`, `created_at`, `updated_at`) VALUES ('CU','{\"en\":\"Santa Cruz del Sur\"}',-78.00,20.72,'P','PPLA2','CU.05',NULL,34601,'America/Havana',1,'2016-01-06 23:00:00','2016-01-06 23:00:00');
INSERT INTO `__PREFIX__cities` (`country_code`, `name`, `longitude`, `latitude`, `feature_class`, `feature_code`, `subadmin1_code`, `subadmin2_code`, `population`, `time_zone`, `active`, `created_at`, `updated_at`) VALUES ('CU','{\"en\":\"Santa Cruz del Norte\"}',-81.93,23.15,'P','PPLA2','CU.MA',NULL,18402,'America/Havana',1,'2015-12-05 23:00:00','2015-12-05 23:00:00');
INSERT INTO `__PREFIX__cities` (`country_code`, `name`, `longitude`, `latitude`, `feature_class`, `feature_code`, `subadmin1_code`, `subadmin2_code`, `population`, `time_zone`, `active`, `created_at`, `updated_at`) VALUES ('CU','{\"en\":\"Santa Clara\"}',-79.96,22.41,'P','PPLA','CU.16',NULL,250512,'America/Havana',1,'2021-08-04 23:00:00','2021-08-04 23:00:00');
INSERT INTO `__PREFIX__cities` (`country_code`, `name`, `longitude`, `latitude`, `feature_class`, `feature_code`, `subadmin1_code`, `subadmin2_code`, `population`, `time_zone`, `active`, `created_at`, `updated_at`) VALUES ('CU','{\"en\":\"San Nicolás de Bari\"}',-81.91,22.78,'P','PPL','CU.MA','CU.MA.2407',14914,'America/Havana',1,'2016-11-20 23:00:00','2016-11-20 23:00:00');
INSERT INTO `__PREFIX__cities` (`country_code`, `name`, `longitude`, `latitude`, `feature_class`, `feature_code`, `subadmin1_code`, `subadmin2_code`, `population`, `time_zone`, `active`, `created_at`, `updated_at`) VALUES ('CU','{\"en\":\"San Miguel del Padrón\"}',-82.33,23.10,'P','PPL','CU.02',NULL,159273,'America/Havana',1,'2020-02-06 23:00:00','2020-02-06 23:00:00');
INSERT INTO `__PREFIX__cities` (`country_code`, `name`, `longitude`, `latitude`, `feature_class`, `feature_code`, `subadmin1_code`, `subadmin2_code`, `population`, `time_zone`, `active`, `created_at`, `updated_at`) VALUES ('CU','{\"en\":\"San Luis\"}',-83.76,22.28,'P','PPLA2','CU.01',NULL,6690,'America/Havana',1,'2015-12-05 23:00:00','2015-12-05 23:00:00');
INSERT INTO `__PREFIX__cities` (`country_code`, `name`, `longitude`, `latitude`, `feature_class`, `feature_code`, `subadmin1_code`, `subadmin2_code`, `population`, `time_zone`, `active`, `created_at`, `updated_at`) VALUES ('CU','{\"en\":\"San Luis\"}',-75.85,20.19,'P','PPLA2','CU.15',NULL,67293,'America/Havana',1,'2016-02-06 23:00:00','2016-02-06 23:00:00');
INSERT INTO `__PREFIX__cities` (`country_code`, `name`, `longitude`, `latitude`, `feature_class`, `feature_code`, `subadmin1_code`, `subadmin2_code`, `population`, `time_zone`, `active`, `created_at`, `updated_at`) VALUES ('CU','{\"en\":\"San José de las Lajas\"}',-82.15,22.96,'P','PPLA','CU.MA',NULL,54847,'America/Havana',1,'2011-02-17 23:00:00','2011-02-17 23:00:00');
INSERT INTO `__PREFIX__cities` (`country_code`, `name`, `longitude`, `latitude`, `feature_class`, `feature_code`, `subadmin1_code`, `subadmin2_code`, `population`, `time_zone`, `active`, `created_at`, `updated_at`) VALUES ('CU','{\"en\":\"Sancti Spíritus\"}',-79.44,21.93,'P','PPLA','CU.14',NULL,127069,'America/Havana',1,'2017-05-06 23:00:00','2017-05-06 23:00:00');
INSERT INTO `__PREFIX__cities` (`country_code`, `name`, `longitude`, `latitude`, `feature_class`, `feature_code`, `subadmin1_code`, `subadmin2_code`, `population`, `time_zone`, `active`, `created_at`, `updated_at`) VALUES ('CU','{\"en\":\"San Cristobal\"}',-83.06,22.72,'P','PPL','CU.AR',NULL,59579,'America/Havana',1,'2014-07-17 23:00:00','2014-07-17 23:00:00');
INSERT INTO `__PREFIX__cities` (`country_code`, `name`, `longitude`, `latitude`, `feature_class`, `feature_code`, `subadmin1_code`, `subadmin2_code`, `population`, `time_zone`, `active`, `created_at`, `updated_at`) VALUES ('CU','{\"en\":\"San Antonio de los Baños\"}',-82.50,22.89,'P','PPLA2','CU.AR',NULL,42724,'America/Havana',1,'2015-12-05 23:00:00','2015-12-05 23:00:00');
INSERT INTO `__PREFIX__cities` (`country_code`, `name`, `longitude`, `latitude`, `feature_class`, `feature_code`, `subadmin1_code`, `subadmin2_code`, `population`, `time_zone`, `active`, `created_at`, `updated_at`) VALUES ('CU','{\"en\":\"Sagua la Grande\"}',-80.08,22.81,'P','PPLA2','CU.16',NULL,62073,'America/Havana',1,'2016-01-06 23:00:00','2016-01-06 23:00:00');
INSERT INTO `__PREFIX__cities` (`country_code`, `name`, `longitude`, `latitude`, `feature_class`, `feature_code`, `subadmin1_code`, `subadmin2_code`, `population`, `time_zone`, `active`, `created_at`, `updated_at`) VALUES ('CU','{\"en\":\"Sagua de Tánamo\"}',-75.24,20.58,'P','PPLA2','CU.12',NULL,18282,'America/Havana',1,'2020-06-09 23:00:00','2020-06-09 23:00:00');
INSERT INTO `__PREFIX__cities` (`country_code`, `name`, `longitude`, `latitude`, `feature_class`, `feature_code`, `subadmin1_code`, `subadmin2_code`, `population`, `time_zone`, `active`, `created_at`, `updated_at`) VALUES ('CU','{\"en\":\"Rodas\"}',-80.56,22.34,'P','PPLA2','CU.08',NULL,19212,'America/Havana',1,'2016-01-06 23:00:00','2016-01-06 23:00:00');
INSERT INTO `__PREFIX__cities` (`country_code`, `name`, `longitude`, `latitude`, `feature_class`, `feature_code`, `subadmin1_code`, `subadmin2_code`, `population`, `time_zone`, `active`, `created_at`, `updated_at`) VALUES ('CU','{\"en\":\"Río Guayabal de Yateras\"}',-75.02,20.37,'P','PPLL','CU.10',NULL,25753,'America/Havana',1,'2006-01-16 23:00:00','2006-01-16 23:00:00');
INSERT INTO `__PREFIX__cities` (`country_code`, `name`, `longitude`, `latitude`, `feature_class`, `feature_code`, `subadmin1_code`, `subadmin2_code`, `population`, `time_zone`, `active`, `created_at`, `updated_at`) VALUES ('CU','{\"en\":\"Río Cauto\"}',-76.92,20.56,'P','PPLA2','CU.09',NULL,23737,'America/Havana',1,'2016-01-06 23:00:00','2016-01-06 23:00:00');
INSERT INTO `__PREFIX__cities` (`country_code`, `name`, `longitude`, `latitude`, `feature_class`, `feature_code`, `subadmin1_code`, `subadmin2_code`, `population`, `time_zone`, `active`, `created_at`, `updated_at`) VALUES ('CU','{\"en\":\"Remedios\"}',-79.55,22.50,'P','PPLA2','CU.16',NULL,34108,'America/Havana',1,'2016-01-06 23:00:00','2016-01-06 23:00:00');
INSERT INTO `__PREFIX__cities` (`country_code`, `name`, `longitude`, `latitude`, `feature_class`, `feature_code`, `subadmin1_code`, `subadmin2_code`, `population`, `time_zone`, `active`, `created_at`, `updated_at`) VALUES ('CU','{\"en\":\"Regla\"}',-82.33,23.12,'P','PPL','CU.02',NULL,44431,'America/Havana',1,'2020-02-06 23:00:00','2020-02-06 23:00:00');
INSERT INTO `__PREFIX__cities` (`country_code`, `name`, `longitude`, `latitude`, `feature_class`, `feature_code`, `subadmin1_code`, `subadmin2_code`, `population`, `time_zone`, `active`, `created_at`, `updated_at`) VALUES ('CU','{\"en\":\"Ranchuelo\"}',-80.15,22.37,'P','PPL','CU.16','CU.16.2612',43695,'America/Havana',1,'2016-11-20 23:00:00','2016-11-20 23:00:00');
INSERT INTO `__PREFIX__cities` (`country_code`, `name`, `longitude`, `latitude`, `feature_class`, `feature_code`, `subadmin1_code`, `subadmin2_code`, `population`, `time_zone`, `active`, `created_at`, `updated_at`) VALUES ('CU','{\"en\":\"Quivicán\"}',-82.36,22.82,'P','PPLA2','CU.MA',NULL,12919,'America/Havana',1,'2015-12-05 23:00:00','2015-12-05 23:00:00');
INSERT INTO `__PREFIX__cities` (`country_code`, `name`, `longitude`, `latitude`, `feature_class`, `feature_code`, `subadmin1_code`, `subadmin2_code`, `population`, `time_zone`, `active`, `created_at`, `updated_at`) VALUES ('CU','{\"en\":\"Quemado de Güines\"}',-80.25,22.79,'P','PPLA2','CU.16',NULL,12736,'America/Havana',1,'2016-01-06 23:00:00','2016-01-06 23:00:00');
INSERT INTO `__PREFIX__cities` (`country_code`, `name`, `longitude`, `latitude`, `feature_class`, `feature_code`, `subadmin1_code`, `subadmin2_code`, `population`, `time_zone`, `active`, `created_at`, `updated_at`) VALUES ('CU','{\"en\":\"Puerto Padre\"}',-76.60,21.20,'P','PPLA2','CU.13',NULL,76838,'America/Havana',1,'2016-02-06 23:00:00','2016-02-06 23:00:00');
INSERT INTO `__PREFIX__cities` (`country_code`, `name`, `longitude`, `latitude`, `feature_class`, `feature_code`, `subadmin1_code`, `subadmin2_code`, `population`, `time_zone`, `active`, `created_at`, `updated_at`) VALUES ('CU','{\"en\":\"Primero de Enero\"}',-78.43,21.95,'P','PPLA2','CU.07',NULL,17934,'America/Havana',1,'2016-01-06 23:00:00','2016-01-06 23:00:00');
INSERT INTO `__PREFIX__cities` (`country_code`, `name`, `longitude`, `latitude`, `feature_class`, `feature_code`, `subadmin1_code`, `subadmin2_code`, `population`, `time_zone`, `active`, `created_at`, `updated_at`) VALUES ('CU','{\"en\":\"Placetas\"}',-79.65,22.31,'P','PPLA2','CU.16',NULL,55408,'America/Havana',1,'2016-01-06 23:00:00','2016-01-06 23:00:00');
INSERT INTO `__PREFIX__cities` (`country_code`, `name`, `longitude`, `latitude`, `feature_class`, `feature_code`, `subadmin1_code`, `subadmin2_code`, `population`, `time_zone`, `active`, `created_at`, `updated_at`) VALUES ('CU','{\"en\":\"Pinar del Río\"}',-83.70,22.42,'P','PPLA','CU.01','CU.01.2108',186990,'America/Havana',1,'2016-11-20 23:00:00','2016-11-20 23:00:00');
INSERT INTO `__PREFIX__cities` (`country_code`, `name`, `longitude`, `latitude`, `feature_class`, `feature_code`, `subadmin1_code`, `subadmin2_code`, `population`, `time_zone`, `active`, `created_at`, `updated_at`) VALUES ('CU','{\"en\":\"Perico\"}',-81.02,22.77,'P','PPLA2','CU.03',NULL,24073,'America/Havana',1,'2015-12-05 23:00:00','2015-12-05 23:00:00');
INSERT INTO `__PREFIX__cities` (`country_code`, `name`, `longitude`, `latitude`, `feature_class`, `feature_code`, `subadmin1_code`, `subadmin2_code`, `population`, `time_zone`, `active`, `created_at`, `updated_at`) VALUES ('CU','{\"en\":\"Pedro Betancourt\"}',-81.29,22.73,'P','PPLA2','CU.03',NULL,26761,'America/Havana',1,'2015-12-05 23:00:00','2015-12-05 23:00:00');
INSERT INTO `__PREFIX__cities` (`country_code`, `name`, `longitude`, `latitude`, `feature_class`, `feature_code`, `subadmin1_code`, `subadmin2_code`, `population`, `time_zone`, `active`, `created_at`, `updated_at`) VALUES ('CU','{\"en\":\"Palmira\"}',-80.39,22.24,'P','PPLA2','CU.08',NULL,23078,'America/Havana',1,'2016-01-06 23:00:00','2016-01-06 23:00:00');
INSERT INTO `__PREFIX__cities` (`country_code`, `name`, `longitude`, `latitude`, `feature_class`, `feature_code`, `subadmin1_code`, `subadmin2_code`, `population`, `time_zone`, `active`, `created_at`, `updated_at`) VALUES ('CU','{\"en\":\"Palma Soriano\"}',-75.99,20.21,'P','PPLA2','CU.15',NULL,102826,'America/Havana',1,'2016-02-06 23:00:00','2016-02-06 23:00:00');
INSERT INTO `__PREFIX__cities` (`country_code`, `name`, `longitude`, `latitude`, `feature_class`, `feature_code`, `subadmin1_code`, `subadmin2_code`, `population`, `time_zone`, `active`, `created_at`, `updated_at`) VALUES ('CU','{\"en\":\"Nuevitas\"}',-77.27,21.55,'P','PPL','CU.05',NULL,54022,'America/Havana',1,'2016-02-06 23:00:00','2016-02-06 23:00:00');
INSERT INTO `__PREFIX__cities` (`country_code`, `name`, `longitude`, `latitude`, `feature_class`, `feature_code`, `subadmin1_code`, `subadmin2_code`, `population`, `time_zone`, `active`, `created_at`, `updated_at`) VALUES ('CU','{\"en\":\"Nueva Gerona\"}',-82.81,21.89,'P','PPLA','CU.04',NULL,20264,'America/Havana',1,'2016-01-06 23:00:00','2016-01-06 23:00:00');
INSERT INTO `__PREFIX__cities` (`country_code`, `name`, `longitude`, `latitude`, `feature_class`, `feature_code`, `subadmin1_code`, `subadmin2_code`, `population`, `time_zone`, `active`, `created_at`, `updated_at`) VALUES ('CU','{\"en\":\"Niquero\"}',-77.58,20.05,'P','PPLA2','CU.09',NULL,18771,'America/Havana',1,'2016-01-06 23:00:00','2016-01-06 23:00:00');
INSERT INTO `__PREFIX__cities` (`country_code`, `name`, `longitude`, `latitude`, `feature_class`, `feature_code`, `subadmin1_code`, `subadmin2_code`, `population`, `time_zone`, `active`, `created_at`, `updated_at`) VALUES ('CU','{\"en\":\"Morón\"}',-78.63,22.11,'P','PPLA2','CU.07',NULL,66060,'America/Havana',1,'2016-01-06 23:00:00','2016-01-06 23:00:00');
INSERT INTO `__PREFIX__cities` (`country_code`, `name`, `longitude`, `latitude`, `feature_class`, `feature_code`, `subadmin1_code`, `subadmin2_code`, `population`, `time_zone`, `active`, `created_at`, `updated_at`) VALUES ('CU','{\"en\":\"Moa\"}',-74.95,20.66,'P','PPLA2','CU.12',NULL,92852,'America/Havana',1,'2014-08-13 23:00:00','2014-08-13 23:00:00');
INSERT INTO `__PREFIX__cities` (`country_code`, `name`, `longitude`, `latitude`, `feature_class`, `feature_code`, `subadmin1_code`, `subadmin2_code`, `population`, `time_zone`, `active`, `created_at`, `updated_at`) VALUES ('CU','{\"en\":\"Minas de Matahambre\"}',-83.95,22.59,'P','PPLA2','CU.01',NULL,34419,'America/Havana',1,'2015-12-05 23:00:00','2015-12-05 23:00:00');
INSERT INTO `__PREFIX__cities` (`country_code`, `name`, `longitude`, `latitude`, `feature_class`, `feature_code`, `subadmin1_code`, `subadmin2_code`, `population`, `time_zone`, `active`, `created_at`, `updated_at`) VALUES ('CU','{\"en\":\"Minas\"}',-77.61,21.49,'P','PPLA2','CU.05',NULL,20863,'America/Havana',1,'2016-01-06 23:00:00','2016-01-06 23:00:00');
INSERT INTO `__PREFIX__cities` (`country_code`, `name`, `longitude`, `latitude`, `feature_class`, `feature_code`, `subadmin1_code`, `subadmin2_code`, `population`, `time_zone`, `active`, `created_at`, `updated_at`) VALUES ('CU','{\"en\":\"Media Luna\"}',-77.44,20.14,'P','PPLA2','CU.09',NULL,16713,'America/Havana',1,'2016-01-06 23:00:00','2016-01-06 23:00:00');
INSERT INTO `__PREFIX__cities` (`country_code`, `name`, `longitude`, `latitude`, `feature_class`, `feature_code`, `subadmin1_code`, `subadmin2_code`, `population`, `time_zone`, `active`, `created_at`, `updated_at`) VALUES ('CU','{\"en\":\"Matanzas\"}',-81.58,23.04,'P','PPLA','CU.03',NULL,146733,'America/Havana',1,'2019-09-04 23:00:00','2019-09-04 23:00:00');
INSERT INTO `__PREFIX__cities` (`country_code`, `name`, `longitude`, `latitude`, `feature_class`, `feature_code`, `subadmin1_code`, `subadmin2_code`, `population`, `time_zone`, `active`, `created_at`, `updated_at`) VALUES ('CU','{\"en\":\"Martí\"}',-80.92,22.95,'P','PPLA2','CU.03',NULL,13439,'America/Havana',1,'2020-06-09 23:00:00','2020-06-09 23:00:00');
INSERT INTO `__PREFIX__cities` (`country_code`, `name`, `longitude`, `latitude`, `feature_class`, `feature_code`, `subadmin1_code`, `subadmin2_code`, `population`, `time_zone`, `active`, `created_at`, `updated_at`) VALUES ('CU','{\"en\":\"Mariel\"}',-82.75,22.99,'P','PPLA2','CU.AR',NULL,28987,'America/Havana',1,'2015-12-05 23:00:00','2015-12-05 23:00:00');
INSERT INTO `__PREFIX__cities` (`country_code`, `name`, `longitude`, `latitude`, `feature_class`, `feature_code`, `subadmin1_code`, `subadmin2_code`, `population`, `time_zone`, `active`, `created_at`, `updated_at`) VALUES ('CU','{\"en\":\"Manzanillo\"}',-77.12,20.34,'P','PPLA2','CU.09',NULL,128188,'America/Havana',1,'2016-01-06 23:00:00','2016-01-06 23:00:00');
INSERT INTO `__PREFIX__cities` (`country_code`, `name`, `longitude`, `latitude`, `feature_class`, `feature_code`, `subadmin1_code`, `subadmin2_code`, `population`, `time_zone`, `active`, `created_at`, `updated_at`) VALUES ('CU','{\"en\":\"Mantua\"}',-84.29,22.29,'P','PPL','CU.01',NULL,10797,'America/Havana',1,'2016-01-06 23:00:00','2016-01-06 23:00:00');
INSERT INTO `__PREFIX__cities` (`country_code`, `name`, `longitude`, `latitude`, `feature_class`, `feature_code`, `subadmin1_code`, `subadmin2_code`, `population`, `time_zone`, `active`, `created_at`, `updated_at`) VALUES ('CU','{\"en\":\"Manicaragua\"}',-79.98,22.15,'P','PPLA2','CU.16',NULL,41532,'America/Havana',1,'2014-08-06 23:00:00','2014-08-06 23:00:00');
INSERT INTO `__PREFIX__cities` (`country_code`, `name`, `longitude`, `latitude`, `feature_class`, `feature_code`, `subadmin1_code`, `subadmin2_code`, `population`, `time_zone`, `active`, `created_at`, `updated_at`) VALUES ('CU','{\"en\":\"Manatí\"}',-76.93,21.31,'P','PPLA2','CU.13',NULL,13278,'America/Havana',1,'2016-02-06 23:00:00','2016-02-06 23:00:00');
INSERT INTO `__PREFIX__cities` (`country_code`, `name`, `longitude`, `latitude`, `feature_class`, `feature_code`, `subadmin1_code`, `subadmin2_code`, `population`, `time_zone`, `active`, `created_at`, `updated_at`) VALUES ('CU','{\"en\":\"Maisí\"}',-74.15,20.25,'P','PPL','CU.10',NULL,28276,'America/Havana',1,'2013-09-21 23:00:00','2013-09-21 23:00:00');
INSERT INTO `__PREFIX__cities` (`country_code`, `name`, `longitude`, `latitude`, `feature_class`, `feature_code`, `subadmin1_code`, `subadmin2_code`, `population`, `time_zone`, `active`, `created_at`, `updated_at`) VALUES ('CU','{\"en\":\"Madruga\"}',-81.86,22.91,'P','PPLA2','CU.MA',NULL,33798,'America/Havana',1,'2015-12-05 23:00:00','2015-12-05 23:00:00');
INSERT INTO `__PREFIX__cities` (`country_code`, `name`, `longitude`, `latitude`, `feature_class`, `feature_code`, `subadmin1_code`, `subadmin2_code`, `population`, `time_zone`, `active`, `created_at`, `updated_at`) VALUES ('CU','{\"en\":\"Los Palacios\"}',-83.25,22.59,'P','PPLA2','CU.01',NULL,25703,'America/Havana',1,'2015-12-05 23:00:00','2015-12-05 23:00:00');
INSERT INTO `__PREFIX__cities` (`country_code`, `name`, `longitude`, `latitude`, `feature_class`, `feature_code`, `subadmin1_code`, `subadmin2_code`, `population`, `time_zone`, `active`, `created_at`, `updated_at`) VALUES ('CU','{\"en\":\"Los Arabos\"}',-80.72,22.73,'P','PPLA2','CU.03',NULL,12504,'America/Havana',1,'2016-01-06 23:00:00','2016-01-06 23:00:00');
INSERT INTO `__PREFIX__cities` (`country_code`, `name`, `longitude`, `latitude`, `feature_class`, `feature_code`, `subadmin1_code`, `subadmin2_code`, `population`, `time_zone`, `active`, `created_at`, `updated_at`) VALUES ('CU','{\"en\":\"Limonar\"}',-81.41,22.95,'P','PPLA2','CU.03',NULL,25421,'America/Havana',1,'2017-12-13 23:00:00','2017-12-13 23:00:00');
INSERT INTO `__PREFIX__cities` (`country_code`, `name`, `longitude`, `latitude`, `feature_class`, `feature_code`, `subadmin1_code`, `subadmin2_code`, `population`, `time_zone`, `active`, `created_at`, `updated_at`) VALUES ('CU','{\"en\":\"Las Tunas\"}',-76.95,20.96,'P','PPLA','CU.13',NULL,203684,'America/Havana',1,'2019-02-25 23:00:00','2019-02-25 23:00:00');
INSERT INTO `__PREFIX__cities` (`country_code`, `name`, `longitude`, `latitude`, `feature_class`, `feature_code`, `subadmin1_code`, `subadmin2_code`, `population`, `time_zone`, `active`, `created_at`, `updated_at`) VALUES ('CU','{\"en\":\"La Sierpe\"}',-79.27,21.77,'P','PPLA2','CU.14',NULL,16937,'America/Havana',1,'2016-01-06 23:00:00','2016-01-06 23:00:00');
INSERT INTO `__PREFIX__cities` (`country_code`, `name`, `longitude`, `latitude`, `feature_class`, `feature_code`, `subadmin1_code`, `subadmin2_code`, `population`, `time_zone`, `active`, `created_at`, `updated_at`) VALUES ('CU','{\"en\":\"La Salud\"}',-82.42,22.87,'P','PPL','CU.MA',NULL,28796,'America/Havana',1,'2015-12-05 23:00:00','2015-12-05 23:00:00');
INSERT INTO `__PREFIX__cities` (`country_code`, `name`, `longitude`, `latitude`, `feature_class`, `feature_code`, `subadmin1_code`, `subadmin2_code`, `population`, `time_zone`, `active`, `created_at`, `updated_at`) VALUES ('CU','{\"en\":\"Lajas\"}',-80.29,22.41,'P','PPLA2','CU.08',NULL,22602,'America/Havana',1,'2017-12-12 23:00:00','2017-12-12 23:00:00');
INSERT INTO `__PREFIX__cities` (`country_code`, `name`, `longitude`, `latitude`, `feature_class`, `feature_code`, `subadmin1_code`, `subadmin2_code`, `population`, `time_zone`, `active`, `created_at`, `updated_at`) VALUES ('CU','{\"en\":\"Havana\"}',-82.38,23.13,'P','PPLC','CU.02',NULL,2163824,'America/Havana',1,'2019-09-04 23:00:00','2019-09-04 23:00:00');
INSERT INTO `__PREFIX__cities` (`country_code`, `name`, `longitude`, `latitude`, `feature_class`, `feature_code`, `subadmin1_code`, `subadmin2_code`, `population`, `time_zone`, `active`, `created_at`, `updated_at`) VALUES ('CU','{\"en\":\"Jovellanos\"}',-81.19,22.80,'P','PPLA2','CU.03',NULL,47164,'America/Havana',1,'2015-12-05 23:00:00','2015-12-05 23:00:00');
INSERT INTO `__PREFIX__cities` (`country_code`, `name`, `longitude`, `latitude`, `feature_class`, `feature_code`, `subadmin1_code`, `subadmin2_code`, `population`, `time_zone`, `active`, `created_at`, `updated_at`) VALUES ('CU','{\"en\":\"Jobabo\"}',-76.30,20.97,'P','PPLL','CU.12',NULL,17804,'America/Havana',1,'2012-01-17 23:00:00','2012-01-17 23:00:00');
INSERT INTO `__PREFIX__cities` (`country_code`, `name`, `longitude`, `latitude`, `feature_class`, `feature_code`, `subadmin1_code`, `subadmin2_code`, `population`, `time_zone`, `active`, `created_at`, `updated_at`) VALUES ('CU','{\"en\":\"Jobabo\"}',-77.28,20.91,'P','PPLA2','CU.13',NULL,49403,'America/Havana',1,'2016-01-06 23:00:00','2016-01-06 23:00:00');
INSERT INTO `__PREFIX__cities` (`country_code`, `name`, `longitude`, `latitude`, `feature_class`, `feature_code`, `subadmin1_code`, `subadmin2_code`, `population`, `time_zone`, `active`, `created_at`, `updated_at`) VALUES ('CU','{\"en\":\"Jiguaní\"}',-76.43,20.37,'P','PPLA2','CU.09',NULL,41106,'America/Havana',1,'2016-02-06 23:00:00','2016-02-06 23:00:00');
INSERT INTO `__PREFIX__cities` (`country_code`, `name`, `longitude`, `latitude`, `feature_class`, `feature_code`, `subadmin1_code`, `subadmin2_code`, `population`, `time_zone`, `active`, `created_at`, `updated_at`) VALUES ('CU','{\"en\":\"Jesús Menéndez\"}',-76.48,21.16,'P','PPLA2','CU.13',NULL,51002,'America/Havana',1,'2020-06-09 23:00:00','2020-06-09 23:00:00');
INSERT INTO `__PREFIX__cities` (`country_code`, `name`, `longitude`, `latitude`, `feature_class`, `feature_code`, `subadmin1_code`, `subadmin2_code`, `population`, `time_zone`, `active`, `created_at`, `updated_at`) VALUES ('CU','{\"en\":\"Jatibonico\"}',-79.17,21.94,'P','PPLA2','CU.14',NULL,19644,'America/Havana',1,'2016-01-06 23:00:00','2016-01-06 23:00:00');
INSERT INTO `__PREFIX__cities` (`country_code`, `name`, `longitude`, `latitude`, `feature_class`, `feature_code`, `subadmin1_code`, `subadmin2_code`, `population`, `time_zone`, `active`, `created_at`, `updated_at`) VALUES ('CU','{\"en\":\"Jaruco\"}',-82.01,23.04,'P','PPLA2','CU.MA',NULL,20207,'America/Havana',1,'2015-12-05 23:00:00','2015-12-05 23:00:00');
INSERT INTO `__PREFIX__cities` (`country_code`, `name`, `longitude`, `latitude`, `feature_class`, `feature_code`, `subadmin1_code`, `subadmin2_code`, `population`, `time_zone`, `active`, `created_at`, `updated_at`) VALUES ('CU','{\"en\":\"Jamaica\"}',-82.17,22.98,'P','PPL','CU.MA',NULL,15000,'America/Havana',1,'2015-12-05 23:00:00','2015-12-05 23:00:00');
INSERT INTO `__PREFIX__cities` (`country_code`, `name`, `longitude`, `latitude`, `feature_class`, `feature_code`, `subadmin1_code`, `subadmin2_code`, `population`, `time_zone`, `active`, `created_at`, `updated_at`) VALUES ('CU','{\"en\":\"Jagüey Grande\"}',-81.13,22.53,'P','PPLA2','CU.03',NULL,54363,'America/Havana',1,'2015-12-05 23:00:00','2015-12-05 23:00:00');
INSERT INTO `__PREFIX__cities` (`country_code`, `name`, `longitude`, `latitude`, `feature_class`, `feature_code`, `subadmin1_code`, `subadmin2_code`, `population`, `time_zone`, `active`, `created_at`, `updated_at`) VALUES ('CU','{\"en\":\"Holguín\"}',-76.26,20.89,'P','PPLA','CU.12','CU.12.3206',319102,'America/Havana',1,'2020-06-09 23:00:00','2020-06-09 23:00:00');
INSERT INTO `__PREFIX__cities` (`country_code`, `name`, `longitude`, `latitude`, `feature_class`, `feature_code`, `subadmin1_code`, `subadmin2_code`, `population`, `time_zone`, `active`, `created_at`, `updated_at`) VALUES ('CU','{\"en\":\"Guisa\"}',-76.54,20.25,'P','PPLA2','CU.09',NULL,18408,'America/Havana',1,'2016-01-06 23:00:00','2016-01-06 23:00:00');
INSERT INTO `__PREFIX__cities` (`country_code`, `name`, `longitude`, `latitude`, `feature_class`, `feature_code`, `subadmin1_code`, `subadmin2_code`, `population`, `time_zone`, `active`, `created_at`, `updated_at`) VALUES ('CU','{\"en\":\"Güira de Melena\"}',-82.51,22.80,'P','PPLA2','CU.AR',NULL,69879,'America/Havana',1,'2015-12-05 23:00:00','2015-12-05 23:00:00');
INSERT INTO `__PREFIX__cities` (`country_code`, `name`, `longitude`, `latitude`, `feature_class`, `feature_code`, `subadmin1_code`, `subadmin2_code`, `population`, `time_zone`, `active`, `created_at`, `updated_at`) VALUES ('CU','{\"en\":\"Güines\"}',-82.03,22.84,'P','PPLA2','CU.MA',NULL,68935,'America/Havana',1,'2015-12-05 23:00:00','2015-12-05 23:00:00');
INSERT INTO `__PREFIX__cities` (`country_code`, `name`, `longitude`, `latitude`, `feature_class`, `feature_code`, `subadmin1_code`, `subadmin2_code`, `population`, `time_zone`, `active`, `created_at`, `updated_at`) VALUES ('CU','{\"en\":\"Guayos\"}',-79.46,22.05,'P','PPL','CU.14',NULL,15000,'America/Havana',1,'2016-01-06 23:00:00','2016-01-06 23:00:00');
INSERT INTO `__PREFIX__cities` (`country_code`, `name`, `longitude`, `latitude`, `feature_class`, `feature_code`, `subadmin1_code`, `subadmin2_code`, `population`, `time_zone`, `active`, `created_at`, `updated_at`) VALUES ('CU','{\"en\":\"Guantánamo\"}',-75.21,20.14,'P','PPLA','CU.10','CU.10.3509',272801,'America/Havana',1,'2020-06-09 23:00:00','2020-06-09 23:00:00');
INSERT INTO `__PREFIX__cities` (`country_code`, `name`, `longitude`, `latitude`, `feature_class`, `feature_code`, `subadmin1_code`, `subadmin2_code`, `population`, `time_zone`, `active`, `created_at`, `updated_at`) VALUES ('CU','{\"en\":\"Guane\"}',-84.08,22.20,'P','PPL','CU.01',NULL,16548,'America/Havana',1,'2016-01-06 23:00:00','2016-01-06 23:00:00');
INSERT INTO `__PREFIX__cities` (`country_code`, `name`, `longitude`, `latitude`, `feature_class`, `feature_code`, `subadmin1_code`, `subadmin2_code`, `population`, `time_zone`, `active`, `created_at`, `updated_at`) VALUES ('CU','{\"en\":\"Guanajay\"}',-82.69,22.93,'P','PPLA2','CU.AR',NULL,25258,'America/Havana',1,'2015-12-05 23:00:00','2015-12-05 23:00:00');
INSERT INTO `__PREFIX__cities` (`country_code`, `name`, `longitude`, `latitude`, `feature_class`, `feature_code`, `subadmin1_code`, `subadmin2_code`, `population`, `time_zone`, `active`, `created_at`, `updated_at`) VALUES ('CU','{\"en\":\"Guanabacoa\"}',-82.30,23.13,'P','PPL','CU.02',NULL,112964,'America/Havana',1,'2020-02-06 23:00:00','2020-02-06 23:00:00');
INSERT INTO `__PREFIX__cities` (`country_code`, `name`, `longitude`, `latitude`, `feature_class`, `feature_code`, `subadmin1_code`, `subadmin2_code`, `population`, `time_zone`, `active`, `created_at`, `updated_at`) VALUES ('CU','{\"en\":\"Guáimaro\"}',-77.35,21.05,'P','PPLA2','CU.05',NULL,39358,'America/Havana',1,'2020-06-09 23:00:00','2020-06-09 23:00:00');
INSERT INTO `__PREFIX__cities` (`country_code`, `name`, `longitude`, `latitude`, `feature_class`, `feature_code`, `subadmin1_code`, `subadmin2_code`, `population`, `time_zone`, `active`, `created_at`, `updated_at`) VALUES ('CU','{\"en\":\"Gibara\"}',-76.13,21.11,'P','PPLA2','CU.12',NULL,27603,'America/Havana',1,'2016-02-06 23:00:00','2016-02-06 23:00:00');
INSERT INTO `__PREFIX__cities` (`country_code`, `name`, `longitude`, `latitude`, `feature_class`, `feature_code`, `subadmin1_code`, `subadmin2_code`, `population`, `time_zone`, `active`, `created_at`, `updated_at`) VALUES ('CU','{\"en\":\"Fomento\"}',-79.72,22.10,'P','PPLA2','CU.14',NULL,19991,'America/Havana',1,'2016-01-06 23:00:00','2016-01-06 23:00:00');
INSERT INTO `__PREFIX__cities` (`country_code`, `name`, `longitude`, `latitude`, `feature_class`, `feature_code`, `subadmin1_code`, `subadmin2_code`, `population`, `time_zone`, `active`, `created_at`, `updated_at`) VALUES ('CU','{\"en\":\"Florida\"}',-78.23,21.53,'P','PPLA2','CU.05',NULL,63007,'America/Havana',1,'2016-01-06 23:00:00','2016-01-06 23:00:00');
INSERT INTO `__PREFIX__cities` (`country_code`, `name`, `longitude`, `latitude`, `feature_class`, `feature_code`, `subadmin1_code`, `subadmin2_code`, `population`, `time_zone`, `active`, `created_at`, `updated_at`) VALUES ('CU','{\"en\":\"Florencia\"}',-78.97,22.15,'P','PPLA2','CU.07',NULL,19811,'America/Havana',1,'2016-01-06 23:00:00','2016-01-06 23:00:00');
INSERT INTO `__PREFIX__cities` (`country_code`, `name`, `longitude`, `latitude`, `feature_class`, `feature_code`, `subadmin1_code`, `subadmin2_code`, `population`, `time_zone`, `active`, `created_at`, `updated_at`) VALUES ('CU','{\"en\":\"Esperanza\"}',-80.10,22.45,'P','PPL','CU.16',NULL,10462,'America/Havana',1,'2016-01-06 23:00:00','2016-01-06 23:00:00');
INSERT INTO `__PREFIX__cities` (`country_code`, `name`, `longitude`, `latitude`, `feature_class`, `feature_code`, `subadmin1_code`, `subadmin2_code`, `population`, `time_zone`, `active`, `created_at`, `updated_at`) VALUES ('CU','{\"en\":\"Esmeralda\"}',-78.12,21.85,'P','PPLA2','CU.05',NULL,20274,'America/Havana',1,'2016-01-06 23:00:00','2016-01-06 23:00:00');
INSERT INTO `__PREFIX__cities` (`country_code`, `name`, `longitude`, `latitude`, `feature_class`, `feature_code`, `subadmin1_code`, `subadmin2_code`, `population`, `time_zone`, `active`, `created_at`, `updated_at`) VALUES ('CU','{\"en\":\"Encrucijada\"}',-79.87,22.62,'P','PPLA2','CU.16',NULL,26155,'America/Havana',1,'2016-01-06 23:00:00','2016-01-06 23:00:00');
INSERT INTO `__PREFIX__cities` (`country_code`, `name`, `longitude`, `latitude`, `feature_class`, `feature_code`, `subadmin1_code`, `subadmin2_code`, `population`, `time_zone`, `active`, `created_at`, `updated_at`) VALUES ('CU','{\"en\":\"Cumanayagua\"}',-80.20,22.15,'P','PPLA2','CU.08','CU.08.2706',38687,'America/Havana',1,'2021-09-25 23:00:00','2021-09-25 23:00:00');
INSERT INTO `__PREFIX__cities` (`country_code`, `name`, `longitude`, `latitude`, `feature_class`, `feature_code`, `subadmin1_code`, `subadmin2_code`, `population`, `time_zone`, `active`, `created_at`, `updated_at`) VALUES ('CU','{\"en\":\"Cueto\"}',-75.93,20.65,'P','PPL','CU.12',NULL,26527,'America/Havana',1,'2015-11-01 23:00:00','2015-11-01 23:00:00');
INSERT INTO `__PREFIX__cities` (`country_code`, `name`, `longitude`, `latitude`, `feature_class`, `feature_code`, `subadmin1_code`, `subadmin2_code`, `population`, `time_zone`, `active`, `created_at`, `updated_at`) VALUES ('CU','{\"en\":\"Cruces\"}',-80.27,22.34,'P','PPLA2','CU.08',NULL,24906,'America/Havana',1,'2016-01-06 23:00:00','2016-01-06 23:00:00');
INSERT INTO `__PREFIX__cities` (`country_code`, `name`, `longitude`, `latitude`, `feature_class`, `feature_code`, `subadmin1_code`, `subadmin2_code`, `population`, `time_zone`, `active`, `created_at`, `updated_at`) VALUES ('CU','{\"en\":\"Corralillo\"}',-80.59,22.98,'P','PPLA2','CU.16',NULL,51881,'America/Havana',1,'2016-01-06 23:00:00','2016-01-06 23:00:00');
INSERT INTO `__PREFIX__cities` (`country_code`, `name`, `longitude`, `latitude`, `feature_class`, `feature_code`, `subadmin1_code`, `subadmin2_code`, `population`, `time_zone`, `active`, `created_at`, `updated_at`) VALUES ('CU','{\"en\":\"Contramaestre\"}',-76.25,20.30,'P','PPLA2','CU.15',NULL,70438,'America/Havana',1,'2016-02-06 23:00:00','2016-02-06 23:00:00');
INSERT INTO `__PREFIX__cities` (`country_code`, `name`, `longitude`, `latitude`, `feature_class`, `feature_code`, `subadmin1_code`, `subadmin2_code`, `population`, `time_zone`, `active`, `created_at`, `updated_at`) VALUES ('CU','{\"en\":\"Consolación del Sur\"}',-83.51,22.50,'P','PPLA2','CU.01',NULL,69857,'America/Havana',1,'2015-12-05 23:00:00','2015-12-05 23:00:00');
INSERT INTO `__PREFIX__cities` (`country_code`, `name`, `longitude`, `latitude`, `feature_class`, `feature_code`, `subadmin1_code`, `subadmin2_code`, `population`, `time_zone`, `active`, `created_at`, `updated_at`) VALUES ('CU','{\"en\":\"Condado\"}',-79.84,21.88,'P','PPL','CU.14',NULL,38248,'America/Havana',1,'2015-12-05 23:00:00','2015-12-05 23:00:00');
INSERT INTO `__PREFIX__cities` (`country_code`, `name`, `longitude`, `latitude`, `feature_class`, `feature_code`, `subadmin1_code`, `subadmin2_code`, `population`, `time_zone`, `active`, `created_at`, `updated_at`) VALUES ('CU','{\"en\":\"Colón\"}',-80.90,22.72,'P','PPLA2','CU.03',NULL,63882,'America/Havana',1,'2016-01-06 23:00:00','2016-01-06 23:00:00');
INSERT INTO `__PREFIX__cities` (`country_code`, `name`, `longitude`, `latitude`, `feature_class`, `feature_code`, `subadmin1_code`, `subadmin2_code`, `population`, `time_zone`, `active`, `created_at`, `updated_at`) VALUES ('CU','{\"en\":\"Colombia\"}',-77.43,20.99,'P','PPLA2','CU.13',NULL,20096,'America/Havana',1,'2016-01-06 23:00:00','2016-01-06 23:00:00');
INSERT INTO `__PREFIX__cities` (`country_code`, `name`, `longitude`, `latitude`, `feature_class`, `feature_code`, `subadmin1_code`, `subadmin2_code`, `population`, `time_zone`, `active`, `created_at`, `updated_at`) VALUES ('CU','{\"en\":\"Ciro Redondo\"}',-78.70,22.02,'P','PPLA2','CU.07',NULL,29560,'America/Havana',1,'2014-08-06 23:00:00','2014-08-06 23:00:00');
INSERT INTO `__PREFIX__cities` (`country_code`, `name`, `longitude`, `latitude`, `feature_class`, `feature_code`, `subadmin1_code`, `subadmin2_code`, `population`, `time_zone`, `active`, `created_at`, `updated_at`) VALUES ('CU','{\"en\":\"Cifuentes\"}',-80.05,22.65,'P','PPL','CU.16',NULL,40142,'America/Havana',1,'2014-07-17 23:00:00','2014-07-17 23:00:00');
INSERT INTO `__PREFIX__cities` (`country_code`, `name`, `longitude`, `latitude`, `feature_class`, `feature_code`, `subadmin1_code`, `subadmin2_code`, `population`, `time_zone`, `active`, `created_at`, `updated_at`) VALUES ('CU','{\"en\":\"Cienfuegos\"}',-80.45,22.15,'P','PPLA','CU.08','CU.08.2707',186644,'America/Havana',1,'2019-09-04 23:00:00','2019-09-04 23:00:00');
INSERT INTO `__PREFIX__cities` (`country_code`, `name`, `longitude`, `latitude`, `feature_class`, `feature_code`, `subadmin1_code`, `subadmin2_code`, `population`, `time_zone`, `active`, `created_at`, `updated_at`) VALUES ('CU','{\"en\":\"Ciego de Ávila\"}',-78.76,21.84,'P','PPLA','CU.07',NULL,142027,'America/Havana',1,'2018-01-10 23:00:00','2018-01-10 23:00:00');
INSERT INTO `__PREFIX__cities` (`country_code`, `name`, `longitude`, `latitude`, `feature_class`, `feature_code`, `subadmin1_code`, `subadmin2_code`, `population`, `time_zone`, `active`, `created_at`, `updated_at`) VALUES ('CU','{\"en\":\"Chambas\"}',-78.91,22.20,'P','PPLA2','CU.07','CU.07.2901',24114,'America/Havana',1,'2021-09-24 23:00:00','2021-09-24 23:00:00');
INSERT INTO `__PREFIX__cities` (`country_code`, `name`, `longitude`, `latitude`, `feature_class`, `feature_code`, `subadmin1_code`, `subadmin2_code`, `population`, `time_zone`, `active`, `created_at`, `updated_at`) VALUES ('CU','{\"en\":\"Cerro\"}',-82.39,23.11,'P','PPL','CU.02',NULL,132351,'America/Havana',1,'2020-02-06 23:00:00','2020-02-06 23:00:00');
INSERT INTO `__PREFIX__cities` (`country_code`, `name`, `longitude`, `latitude`, `feature_class`, `feature_code`, `subadmin1_code`, `subadmin2_code`, `population`, `time_zone`, `active`, `created_at`, `updated_at`) VALUES ('CU','{\"en\":\"Cauto Cristo\"}',-76.47,20.56,'P','PPL','CU.09',NULL,21159,'America/Havana',1,'2016-02-06 23:00:00','2016-02-06 23:00:00');
INSERT INTO `__PREFIX__cities` (`country_code`, `name`, `longitude`, `latitude`, `feature_class`, `feature_code`, `subadmin1_code`, `subadmin2_code`, `population`, `time_zone`, `active`, `created_at`, `updated_at`) VALUES ('CU','{\"en\":\"Cárdenas\"}',-81.21,23.04,'P','PPLA2','CU.03',NULL,98515,'America/Havana',1,'2019-09-04 23:00:00','2019-09-04 23:00:00');
INSERT INTO `__PREFIX__cities` (`country_code`, `name`, `longitude`, `latitude`, `feature_class`, `feature_code`, `subadmin1_code`, `subadmin2_code`, `population`, `time_zone`, `active`, `created_at`, `updated_at`) VALUES ('CU','{\"en\":\"Candelaria\"}',-82.96,22.74,'P','PPLA2','CU.AR',NULL,12675,'America/Havana',1,'2015-12-05 23:00:00','2015-12-05 23:00:00');
INSERT INTO `__PREFIX__cities` (`country_code`, `name`, `longitude`, `latitude`, `feature_class`, `feature_code`, `subadmin1_code`, `subadmin2_code`, `population`, `time_zone`, `active`, `created_at`, `updated_at`) VALUES ('CU','{\"en\":\"Campechuela\"}',-77.28,20.23,'P','PPLA2','CU.09',NULL,25069,'America/Havana',1,'2016-01-06 23:00:00','2016-01-06 23:00:00');
INSERT INTO `__PREFIX__cities` (`country_code`, `name`, `longitude`, `latitude`, `feature_class`, `feature_code`, `subadmin1_code`, `subadmin2_code`, `population`, `time_zone`, `active`, `created_at`, `updated_at`) VALUES ('CU','{\"en\":\"Camajuaní\"}',-79.75,22.48,'P','PPLL','CU.16',NULL,35515,'America/Havana',1,'2006-01-16 23:00:00','2006-01-16 23:00:00');
INSERT INTO `__PREFIX__cities` (`country_code`, `name`, `longitude`, `latitude`, `feature_class`, `feature_code`, `subadmin1_code`, `subadmin2_code`, `population`, `time_zone`, `active`, `created_at`, `updated_at`) VALUES ('CU','{\"en\":\"Camagüey\"}',-77.92,21.38,'P','PPLA','CU.05',NULL,347562,'America/Havana',1,'2020-06-09 23:00:00','2020-06-09 23:00:00');
INSERT INTO `__PREFIX__cities` (`country_code`, `name`, `longitude`, `latitude`, `feature_class`, `feature_code`, `subadmin1_code`, `subadmin2_code`, `population`, `time_zone`, `active`, `created_at`, `updated_at`) VALUES ('CU','{\"en\":\"Calimete\"}',-80.91,22.53,'P','PPLA2','CU.03',NULL,23255,'America/Havana',1,'2014-08-06 23:00:00','2014-08-06 23:00:00');
INSERT INTO `__PREFIX__cities` (`country_code`, `name`, `longitude`, `latitude`, `feature_class`, `feature_code`, `subadmin1_code`, `subadmin2_code`, `population`, `time_zone`, `active`, `created_at`, `updated_at`) VALUES ('CU','{\"en\":\"Calabazar de Sagua\"}',-79.90,22.65,'P','PPL','CU.16',NULL,10455,'America/Havana',1,'2016-01-06 23:00:00','2016-01-06 23:00:00');
INSERT INTO `__PREFIX__cities` (`country_code`, `name`, `longitude`, `latitude`, `feature_class`, `feature_code`, `subadmin1_code`, `subadmin2_code`, `population`, `time_zone`, `active`, `created_at`, `updated_at`) VALUES ('CU','{\"en\":\"Caibarién\"}',-79.47,22.52,'P','PPLA2','CU.16',NULL,39140,'America/Havana',1,'2020-06-09 23:00:00','2020-06-09 23:00:00');
INSERT INTO `__PREFIX__cities` (`country_code`, `name`, `longitude`, `latitude`, `feature_class`, `feature_code`, `subadmin1_code`, `subadmin2_code`, `population`, `time_zone`, `active`, `created_at`, `updated_at`) VALUES ('CU','{\"en\":\"Cacocum\"}',-76.33,20.74,'P','PPLA2','CU.12',NULL,42623,'America/Havana',1,'2016-02-06 23:00:00','2016-02-06 23:00:00');
INSERT INTO `__PREFIX__cities` (`country_code`, `name`, `longitude`, `latitude`, `feature_class`, `feature_code`, `subadmin1_code`, `subadmin2_code`, `population`, `time_zone`, `active`, `created_at`, `updated_at`) VALUES ('CU','{\"en\":\"Cabañas\"}',-82.92,22.98,'P','PPL','CU.AR',NULL,5894,'America/Havana',1,'2014-04-16 23:00:00','2014-04-16 23:00:00');
INSERT INTO `__PREFIX__cities` (`country_code`, `name`, `longitude`, `latitude`, `feature_class`, `feature_code`, `subadmin1_code`, `subadmin2_code`, `population`, `time_zone`, `active`, `created_at`, `updated_at`) VALUES ('CU','{\"en\":\"Cabaiguán\"}',-79.50,22.08,'P','PPLA2','CU.14',NULL,44515,'America/Havana',1,'2020-06-09 23:00:00','2020-06-09 23:00:00');
INSERT INTO `__PREFIX__cities` (`country_code`, `name`, `longitude`, `latitude`, `feature_class`, `feature_code`, `subadmin1_code`, `subadmin2_code`, `population`, `time_zone`, `active`, `created_at`, `updated_at`) VALUES ('CU','{\"en\":\"Bolondrón\"}',-81.45,22.76,'P','PPL','CU.03',NULL,6778,'America/Havana',1,'2015-12-05 23:00:00','2015-12-05 23:00:00');
INSERT INTO `__PREFIX__cities` (`country_code`, `name`, `longitude`, `latitude`, `feature_class`, `feature_code`, `subadmin1_code`, `subadmin2_code`, `population`, `time_zone`, `active`, `created_at`, `updated_at`) VALUES ('CU','{\"en\":\"Bejucal\"}',-82.39,22.93,'P','PPLA2','CU.MA',NULL,18123,'America/Havana',1,'2015-12-05 23:00:00','2015-12-05 23:00:00');
INSERT INTO `__PREFIX__cities` (`country_code`, `name`, `longitude`, `latitude`, `feature_class`, `feature_code`, `subadmin1_code`, `subadmin2_code`, `population`, `time_zone`, `active`, `created_at`, `updated_at`) VALUES ('CU','{\"en\":\"Bayamo\"}',-76.64,20.37,'P','PPLA','CU.09',NULL,192632,'America/Havana',1,'2019-02-26 23:00:00','2019-02-26 23:00:00');
INSERT INTO `__PREFIX__cities` (`country_code`, `name`, `longitude`, `latitude`, `feature_class`, `feature_code`, `subadmin1_code`, `subadmin2_code`, `population`, `time_zone`, `active`, `created_at`, `updated_at`) VALUES ('CU','{\"en\":\"Bauta\"}',-82.55,22.98,'P','PPLA2','CU.AR',NULL,45768,'America/Havana',1,'2015-12-05 23:00:00','2015-12-05 23:00:00');
INSERT INTO `__PREFIX__cities` (`country_code`, `name`, `longitude`, `latitude`, `feature_class`, `feature_code`, `subadmin1_code`, `subadmin2_code`, `population`, `time_zone`, `active`, `created_at`, `updated_at`) VALUES ('CU','{\"en\":\"Batabanó\"}',-82.29,22.72,'P','PPLA2','CU.MA',NULL,13832,'America/Havana',1,'2018-04-24 23:00:00','2018-04-24 23:00:00');
INSERT INTO `__PREFIX__cities` (`country_code`, `name`, `longitude`, `latitude`, `feature_class`, `feature_code`, `subadmin1_code`, `subadmin2_code`, `population`, `time_zone`, `active`, `created_at`, `updated_at`) VALUES ('CU','{\"en\":\"Bartolomé Masó\"}',-76.94,20.17,'P','PPLA2','CU.09',NULL,53024,'America/Havana',1,'2016-01-06 23:00:00','2016-01-06 23:00:00');
INSERT INTO `__PREFIX__cities` (`country_code`, `name`, `longitude`, `latitude`, `feature_class`, `feature_code`, `subadmin1_code`, `subadmin2_code`, `population`, `time_zone`, `active`, `created_at`, `updated_at`) VALUES ('CU','{\"en\":\"Baraguá\"}',-78.63,21.68,'P','PPLA2','CU.07','CU.07.2910',15268,'America/Havana',1,'2021-09-24 23:00:00','2021-09-24 23:00:00');
INSERT INTO `__PREFIX__cities` (`country_code`, `name`, `longitude`, `latitude`, `feature_class`, `feature_code`, `subadmin1_code`, `subadmin2_code`, `population`, `time_zone`, `active`, `created_at`, `updated_at`) VALUES ('CU','{\"en\":\"Baracoa\"}',-74.50,20.35,'P','PPLA2','CU.10',NULL,48362,'America/Havana',1,'2016-03-09 23:00:00','2016-03-09 23:00:00');
INSERT INTO `__PREFIX__cities` (`country_code`, `name`, `longitude`, `latitude`, `feature_class`, `feature_code`, `subadmin1_code`, `subadmin2_code`, `population`, `time_zone`, `active`, `created_at`, `updated_at`) VALUES ('CU','{\"en\":\"Banes\"}',-75.72,20.96,'P','PPLA2','CU.12',NULL,53104,'America/Havana',1,'2016-02-06 23:00:00','2016-02-06 23:00:00');
INSERT INTO `__PREFIX__cities` (`country_code`, `name`, `longitude`, `latitude`, `feature_class`, `feature_code`, `subadmin1_code`, `subadmin2_code`, `population`, `time_zone`, `active`, `created_at`, `updated_at`) VALUES ('CU','{\"en\":\"Bahía Honda\"}',-83.16,22.90,'P','PPLA2','CU.AR',NULL,19834,'America/Havana',1,'2015-12-05 23:00:00','2015-12-05 23:00:00');
INSERT INTO `__PREFIX__cities` (`country_code`, `name`, `longitude`, `latitude`, `feature_class`, `feature_code`, `subadmin1_code`, `subadmin2_code`, `population`, `time_zone`, `active`, `created_at`, `updated_at`) VALUES ('CU','{\"en\":\"Artemisa\"}',-82.76,22.82,'P','PPLA','CU.AR',NULL,68073,'America/Havana',1,'2018-04-24 23:00:00','2018-04-24 23:00:00');
INSERT INTO `__PREFIX__cities` (`country_code`, `name`, `longitude`, `latitude`, `feature_class`, `feature_code`, `subadmin1_code`, `subadmin2_code`, `population`, `time_zone`, `active`, `created_at`, `updated_at`) VALUES ('CU','{\"en\":\"Arroyo Naranjo\"}',-82.38,23.04,'P','PPL','CU.02',NULL,210053,'America/Havana',1,'2020-02-06 23:00:00','2020-02-06 23:00:00');
INSERT INTO `__PREFIX__cities` (`country_code`, `name`, `longitude`, `latitude`, `feature_class`, `feature_code`, `subadmin1_code`, `subadmin2_code`, `population`, `time_zone`, `active`, `created_at`, `updated_at`) VALUES ('CU','{\"en\":\"Amancio\"}',-77.58,20.82,'P','PPLA2','CU.13',NULL,41523,'America/Havana',1,'2016-01-06 23:00:00','2016-01-06 23:00:00');
INSERT INTO `__PREFIX__cities` (`country_code`, `name`, `longitude`, `latitude`, `feature_class`, `feature_code`, `subadmin1_code`, `subadmin2_code`, `population`, `time_zone`, `active`, `created_at`, `updated_at`) VALUES ('CU','{\"en\":\"Alquízar\"}',-82.58,22.81,'P','PPLA2','CU.AR',NULL,15275,'America/Havana',1,'2015-12-05 23:00:00','2015-12-05 23:00:00');
INSERT INTO `__PREFIX__cities` (`country_code`, `name`, `longitude`, `latitude`, `feature_class`, `feature_code`, `subadmin1_code`, `subadmin2_code`, `population`, `time_zone`, `active`, `created_at`, `updated_at`) VALUES ('CU','{\"en\":\"Alamar\"}',-82.28,23.16,'P','PPLX','CU.02',NULL,100000,'America/Havana',1,'2020-02-06 23:00:00','2020-02-06 23:00:00');
INSERT INTO `__PREFIX__cities` (`country_code`, `name`, `longitude`, `latitude`, `feature_class`, `feature_code`, `subadmin1_code`, `subadmin2_code`, `population`, `time_zone`, `active`, `created_at`, `updated_at`) VALUES ('CU','{\"en\":\"Alacranes\"}',-81.57,22.77,'P','PPL','CU.03',NULL,5843,'America/Havana',1,'2015-12-05 23:00:00','2015-12-05 23:00:00');
INSERT INTO `__PREFIX__cities` (`country_code`, `name`, `longitude`, `latitude`, `feature_class`, `feature_code`, `subadmin1_code`, `subadmin2_code`, `population`, `time_zone`, `active`, `created_at`, `updated_at`) VALUES ('CU','{\"en\":\"Aguada de Pasajeros\"}',-80.85,22.39,'P','PPL','CU.08','CU.08.2701',23606,'America/Havana',1,'2016-11-20 23:00:00','2016-11-20 23:00:00');
INSERT INTO `__PREFIX__cities` (`country_code`, `name`, `longitude`, `latitude`, `feature_class`, `feature_code`, `subadmin1_code`, `subadmin2_code`, `population`, `time_zone`, `active`, `created_at`, `updated_at`) VALUES ('CU','{\"en\":\"Abreus\"}',-80.57,22.28,'P','PPL','CU.08',NULL,16711,'America/Havana',1,'2016-01-06 23:00:00','2016-01-06 23:00:00');
INSERT INTO `__PREFIX__cities` (`country_code`, `name`, `longitude`, `latitude`, `feature_class`, `feature_code`, `subadmin1_code`, `subadmin2_code`, `population`, `time_zone`, `active`, `created_at`, `updated_at`) VALUES ('CU','{\"en\":\"Ciudad Camilo Cienfuegos\"}',-82.33,23.16,'P','PPLX','CU.02',NULL,178041,'America/Havana',1,'2020-02-06 23:00:00','2020-02-06 23:00:00');
INSERT INTO `__PREFIX__cities` (`country_code`, `name`, `longitude`, `latitude`, `feature_class`, `feature_code`, `subadmin1_code`, `subadmin2_code`, `population`, `time_zone`, `active`, `created_at`, `updated_at`) VALUES ('CU','{\"en\":\"Centro Habana\"}',-82.36,23.14,'P','PPLX','CU.02',NULL,158151,'America/Havana',1,'2012-05-30 23:00:00','2012-05-30 23:00:00');
INSERT INTO `__PREFIX__cities` (`country_code`, `name`, `longitude`, `latitude`, `feature_class`, `feature_code`, `subadmin1_code`, `subadmin2_code`, `population`, `time_zone`, `active`, `created_at`, `updated_at`) VALUES ('CU','{\"en\":\"La Habana Vieja\"}',-82.35,23.13,'P','PPLX','CU.02',NULL,95383,'America/Havana',1,'2012-06-26 23:00:00','2012-06-26 23:00:00');
INSERT INTO `__PREFIX__cities` (`country_code`, `name`, `longitude`, `latitude`, `feature_class`, `feature_code`, `subadmin1_code`, `subadmin2_code`, `population`, `time_zone`, `active`, `created_at`, `updated_at`) VALUES ('CU','{\"en\":\"Jimaguayú\"}',-77.83,21.24,'P','PPLA2','CU.05',NULL,21169,'America/Havana',1,'2016-01-06 23:00:00','2016-01-06 23:00:00');
INSERT INTO `__PREFIX__cities` (`country_code`, `name`, `longitude`, `latitude`, `feature_class`, `feature_code`, `subadmin1_code`, `subadmin2_code`, `population`, `time_zone`, `active`, `created_at`, `updated_at`) VALUES ('CU','{\"en\":\"Boyeros\"}',-82.40,23.01,'P','PPLX','CU.02',NULL,188593,'America/Havana',1,'2016-09-26 23:00:00','2016-09-26 23:00:00');
INSERT INTO `__PREFIX__cities` (`country_code`, `name`, `longitude`, `latitude`, `feature_class`, `feature_code`, `subadmin1_code`, `subadmin2_code`, `population`, `time_zone`, `active`, `created_at`, `updated_at`) VALUES ('CU','{\"en\":\"Diez de Octubre\"}',-82.36,23.09,'P','PPLX','CU.02',NULL,227293,'America/Havana',1,'2012-06-25 23:00:00','2012-06-25 23:00:00');
/*!40000 ALTER TABLE `__PREFIX__cities` ENABLE KEYS */;
/*!40103 SET TIME_ZONE=@OLD_TIME_ZONE */;

/*!40101 SET SQL_MODE=@OLD_SQL_MODE */;
/*!40014 SET FOREIGN_KEY_CHECKS=@OLD_FOREIGN_KEY_CHECKS */;
/*!40014 SET UNIQUE_CHECKS=@OLD_UNIQUE_CHECKS */;
/*!40101 SET CHARACTER_SET_CLIENT=@OLD_CHARACTER_SET_CLIENT */;
/*!40101 SET CHARACTER_SET_RESULTS=@OLD_CHARACTER_SET_RESULTS */;
/*!40101 SET COLLATION_CONNECTION=@OLD_COLLATION_CONNECTION */;
/*!40111 SET SQL_NOTES=@OLD_SQL_NOTES */;

-- Dump completed
