-- MySQL dump 10.13  Distrib 5.7.34, for osx10.12 (x86_64)
--
-- Host: 127.0.0.1    Database: laraclassifier
-- ------------------------------------------------------
-- Server version	5.7.34

/*!40101 SET @OLD_CHARACTER_SET_CLIENT=@@CHARACTER_SET_CLIENT */;
/*!40101 SET @OLD_CHARACTER_SET_RESULTS=@@CHARACTER_SET_RESULTS */;
/*!40101 SET @OLD_COLLATION_CONNECTION=@@COLLATION_CONNECTION */;
/*!40101 SET NAMES utf8 */;
/*!40103 SET @OLD_TIME_ZONE=@@TIME_ZONE */;
/*!40103 SET TIME_ZONE='+00:00' */;
/*!40014 SET @OLD_UNIQUE_CHECKS=@@UNIQUE_CHECKS, UNIQUE_CHECKS=0 */;
/*!40014 SET @OLD_FOREIGN_KEY_CHECKS=@@FOREIGN_KEY_CHECKS, FOREIGN_KEY_CHECKS=0 */;
/*!40101 SET @OLD_SQL_MODE=@@SQL_MODE, SQL_MODE='NO_AUTO_VALUE_ON_ZERO' */;
/*!40111 SET @OLD_SQL_NOTES=@@SQL_NOTES, SQL_NOTES=0 */;

--
-- Dumping data for table `__PREFIX__subadmin1`
--

/*!40000 ALTER TABLE `__PREFIX__subadmin1` DISABLE KEYS */;
INSERT INTO `__PREFIX__subadmin1` (`code`, `country_code`, `name`, `active`) VALUES ('CY.06','CY','{\"en\":\"Pafos\"}',1);
INSERT INTO `__PREFIX__subadmin1` (`code`, `country_code`, `name`, `active`) VALUES ('CY.04','CY','{\"en\":\"Nicosia\"}',1);
INSERT INTO `__PREFIX__subadmin1` (`code`, `country_code`, `name`, `active`) VALUES ('CY.05','CY','{\"en\":\"Limassol\"}',1);
INSERT INTO `__PREFIX__subadmin1` (`code`, `country_code`, `name`, `active`) VALUES ('CY.03','CY','{\"en\":\"Larnaka\"}',1);
INSERT INTO `__PREFIX__subadmin1` (`code`, `country_code`, `name`, `active`) VALUES ('CY.02','CY','{\"en\":\"Keryneia\"}',1);
INSERT INTO `__PREFIX__subadmin1` (`code`, `country_code`, `name`, `active`) VALUES ('CY.01','CY','{\"en\":\"Ammochostos\"}',1);
/*!40000 ALTER TABLE `__PREFIX__subadmin1` ENABLE KEYS */;

--
-- Dumping data for table `__PREFIX__subadmin2`
--

/*!40000 ALTER TABLE `__PREFIX__subadmin2` DISABLE KEYS */;
INSERT INTO `__PREFIX__subadmin2` (`code`, `country_code`, `subadmin1_code`, `name`, `active`) VALUES ('CY.04.1010','CY','CY.04','{\"en\":\"Ágios Dométios\"}',1);
INSERT INTO `__PREFIX__subadmin2` (`code`, `country_code`, `subadmin1_code`, `name`, `active`) VALUES ('CY.04.1011','CY','CY.04','{\"en\":\"Égkomi\"}',1);
INSERT INTO `__PREFIX__subadmin2` (`code`, `country_code`, `subadmin1_code`, `name`, `active`) VALUES ('CY.04.1012','CY','CY.04','{\"en\":\"Stróvolos\"}',1);
INSERT INTO `__PREFIX__subadmin2` (`code`, `country_code`, `subadmin1_code`, `name`, `active`) VALUES ('CY.04.1013','CY','CY.04','{\"en\":\"Aglantziá\"}',1);
INSERT INTO `__PREFIX__subadmin2` (`code`, `country_code`, `subadmin1_code`, `name`, `active`) VALUES ('CY.04.1014','CY','CY.04','{\"en\":\"Ortákioi\"}',1);
INSERT INTO `__PREFIX__subadmin2` (`code`, `country_code`, `subadmin1_code`, `name`, `active`) VALUES ('CY.04.1015','CY','CY.04','{\"en\":\"Tráchonas\"}',1);
INSERT INTO `__PREFIX__subadmin2` (`code`, `country_code`, `subadmin1_code`, `name`, `active`) VALUES ('CY.04.1021','CY','CY.04','{\"en\":\"Lakatámia\"}',1);
INSERT INTO `__PREFIX__subadmin2` (`code`, `country_code`, `subadmin1_code`, `name`, `active`) VALUES ('CY.04.1022','CY','CY.04','{\"en\":\"Synoikismós Anthoúpolis\"}',1);
INSERT INTO `__PREFIX__subadmin2` (`code`, `country_code`, `subadmin1_code`, `name`, `active`) VALUES ('CY.04.1023','CY','CY.04','{\"en\":\"Latsiá\"}',1);
INSERT INTO `__PREFIX__subadmin2` (`code`, `country_code`, `subadmin1_code`, `name`, `active`) VALUES ('CY.04.1024','CY','CY.04','{\"en\":\"Géri\"}',1);
INSERT INTO `__PREFIX__subadmin2` (`code`, `country_code`, `subadmin1_code`, `name`, `active`) VALUES ('CY.04.1100','CY','CY.04','{\"en\":\"Siá\"}',1);
INSERT INTO `__PREFIX__subadmin2` (`code`, `country_code`, `subadmin1_code`, `name`, `active`) VALUES ('CY.04.1101','CY','CY.04','{\"en\":\"Mathiátis\"}',1);
INSERT INTO `__PREFIX__subadmin2` (`code`, `country_code`, `subadmin1_code`, `name`, `active`) VALUES ('CY.04.1102','CY','CY.04','{\"en\":\"Alámpra\"}',1);
INSERT INTO `__PREFIX__subadmin2` (`code`, `country_code`, `subadmin1_code`, `name`, `active`) VALUES ('CY.04.1103','CY','CY.04','{\"en\":\"Agía Varvára\"}',1);
INSERT INTO `__PREFIX__subadmin2` (`code`, `country_code`, `subadmin1_code`, `name`, `active`) VALUES ('CY.04.1104','CY','CY.04','{\"en\":\"Kotsiátis\"}',1);
INSERT INTO `__PREFIX__subadmin2` (`code`, `country_code`, `subadmin1_code`, `name`, `active`) VALUES ('CY.04.1105','CY','CY.04','{\"en\":\"Nísou\"}',1);
INSERT INTO `__PREFIX__subadmin2` (`code`, `country_code`, `subadmin1_code`, `name`, `active`) VALUES ('CY.04.1106','CY','CY.04','{\"en\":\"Péra Chorió\"}',1);
INSERT INTO `__PREFIX__subadmin2` (`code`, `country_code`, `subadmin1_code`, `name`, `active`) VALUES ('CY.04.1107','CY','CY.04','{\"en\":\"Dáli\"}',1);
INSERT INTO `__PREFIX__subadmin2` (`code`, `country_code`, `subadmin1_code`, `name`, `active`) VALUES ('CY.04.1108','CY','CY.04','{\"en\":\"Lýmpia\"}',1);
INSERT INTO `__PREFIX__subadmin2` (`code`, `country_code`, `subadmin1_code`, `name`, `active`) VALUES ('CY.04.1109','CY','CY.04','{\"en\":\"Lythrodóntas\"}',1);
INSERT INTO `__PREFIX__subadmin2` (`code`, `country_code`, `subadmin1_code`, `name`, `active`) VALUES ('CY.04.1110','CY','CY.04','{\"en\":\"Louroukína\"}',1);
INSERT INTO `__PREFIX__subadmin2` (`code`, `country_code`, `subadmin1_code`, `name`, `active`) VALUES ('CY.04.1120','CY','CY.04','{\"en\":\"Potamiá\"}',1);
INSERT INTO `__PREFIX__subadmin2` (`code`, `country_code`, `subadmin1_code`, `name`, `active`) VALUES ('CY.04.1121','CY','CY.04','{\"en\":\"Ágios Sozómenos\"}',1);
INSERT INTO `__PREFIX__subadmin2` (`code`, `country_code`, `subadmin1_code`, `name`, `active`) VALUES ('CY.04.1122','CY','CY.04','{\"en\":\"Pyrógi\"}',1);
INSERT INTO `__PREFIX__subadmin2` (`code`, `country_code`, `subadmin1_code`, `name`, `active`) VALUES ('CY.04.1123','CY','CY.04','{\"en\":\"Margó\"}',1);
INSERT INTO `__PREFIX__subadmin2` (`code`, `country_code`, `subadmin1_code`, `name`, `active`) VALUES ('CY.04.1124','CY','CY.04','{\"en\":\"Agiá\"}',1);
INSERT INTO `__PREFIX__subadmin2` (`code`, `country_code`, `subadmin1_code`, `name`, `active`) VALUES ('CY.04.1125','CY','CY.04','{\"en\":\"Týmvou\"}',1);
INSERT INTO `__PREFIX__subadmin2` (`code`, `country_code`, `subadmin1_code`, `name`, `active`) VALUES ('CY.04.1130','CY','CY.04','{\"en\":\"Móra\"}',1);
INSERT INTO `__PREFIX__subadmin2` (`code`, `country_code`, `subadmin1_code`, `name`, `active`) VALUES ('CY.04.1131','CY','CY.04','{\"en\":\"Mia Miliá\"}',1);
INSERT INTO `__PREFIX__subadmin2` (`code`, `country_code`, `subadmin1_code`, `name`, `active`) VALUES ('CY.04.1132','CY','CY.04','{\"en\":\"Mándres\"}',1);
INSERT INTO `__PREFIX__subadmin2` (`code`, `country_code`, `subadmin1_code`, `name`, `active`) VALUES ('CY.04.1133','CY','CY.04','{\"en\":\"Palaíkythro\"}',1);
INSERT INTO `__PREFIX__subadmin2` (`code`, `country_code`, `subadmin1_code`, `name`, `active`) VALUES ('CY.04.1134','CY','CY.04','{\"en\":\"Éxo Metóchi\"}',1);
INSERT INTO `__PREFIX__subadmin2` (`code`, `country_code`, `subadmin1_code`, `name`, `active`) VALUES ('CY.04.1135','CY','CY.04','{\"en\":\"Epichó\"}',1);
INSERT INTO `__PREFIX__subadmin2` (`code`, `country_code`, `subadmin1_code`, `name`, `active`) VALUES ('CY.04.1136','CY','CY.04','{\"en\":\"Vóni\"}',1);
INSERT INTO `__PREFIX__subadmin2` (`code`, `country_code`, `subadmin1_code`, `name`, `active`) VALUES ('CY.04.1137','CY','CY.04','{\"en\":\"Trachóni\"}',1);
INSERT INTO `__PREFIX__subadmin2` (`code`, `country_code`, `subadmin1_code`, `name`, `active`) VALUES ('CY.04.1138','CY','CY.04','{\"en\":\"Néo Chorió\"}',1);
INSERT INTO `__PREFIX__subadmin2` (`code`, `country_code`, `subadmin1_code`, `name`, `active`) VALUES ('CY.04.1139','CY','CY.04','{\"en\":\"Kythréa\"}',1);
INSERT INTO `__PREFIX__subadmin2` (`code`, `country_code`, `subadmin1_code`, `name`, `active`) VALUES ('CY.04.1141','CY','CY.04','{\"en\":\"Béïkioï\"}',1);
INSERT INTO `__PREFIX__subadmin2` (`code`, `country_code`, `subadmin1_code`, `name`, `active`) VALUES ('CY.04.1142','CY','CY.04','{\"en\":\"Pétra tou Digení\"}',1);
INSERT INTO `__PREFIX__subadmin2` (`code`, `country_code`, `subadmin1_code`, `name`, `active`) VALUES ('CY.04.1143','CY','CY.04','{\"en\":\"Kalyvákia\"}',1);
INSERT INTO `__PREFIX__subadmin2` (`code`, `country_code`, `subadmin1_code`, `name`, `active`) VALUES ('CY.04.1144','CY','CY.04','{\"en\":\"Kouroú Monastíri\"}',1);
INSERT INTO `__PREFIX__subadmin2` (`code`, `country_code`, `subadmin1_code`, `name`, `active`) VALUES ('CY.04.1200','CY','CY.04','{\"en\":\"Kampí\"}',1);
INSERT INTO `__PREFIX__subadmin2` (`code`, `country_code`, `subadmin1_code`, `name`, `active`) VALUES ('CY.04.1201','CY','CY.04','{\"en\":\"Farmakás\"}',1);
INSERT INTO `__PREFIX__subadmin2` (`code`, `country_code`, `subadmin1_code`, `name`, `active`) VALUES ('CY.04.1202','CY','CY.04','{\"en\":\"Aplíki\"}',1);
INSERT INTO `__PREFIX__subadmin2` (`code`, `country_code`, `subadmin1_code`, `name`, `active`) VALUES ('CY.04.1203','CY','CY.04','{\"en\":\"Lazaniás\"}',1);
INSERT INTO `__PREFIX__subadmin2` (`code`, `country_code`, `subadmin1_code`, `name`, `active`) VALUES ('CY.04.1204','CY','CY.04','{\"en\":\"Goúrri\"}',1);
INSERT INTO `__PREFIX__subadmin2` (`code`, `country_code`, `subadmin1_code`, `name`, `active`) VALUES ('CY.04.1205','CY','CY.04','{\"en\":\"Fikárdou\"}',1);
INSERT INTO `__PREFIX__subadmin2` (`code`, `country_code`, `subadmin1_code`, `name`, `active`) VALUES ('CY.04.1206','CY','CY.04','{\"en\":\"Agios Epifanios (Oreinis)\"}',1);
INSERT INTO `__PREFIX__subadmin2` (`code`, `country_code`, `subadmin1_code`, `name`, `active`) VALUES ('CY.04.1207','CY','CY.04','{\"en\":\"Kalo Chorio (Oreinis)\"}',1);
INSERT INTO `__PREFIX__subadmin2` (`code`, `country_code`, `subadmin1_code`, `name`, `active`) VALUES ('CY.04.1208','CY','CY.04','{\"en\":\"Maloúnta\"}',1);
INSERT INTO `__PREFIX__subadmin2` (`code`, `country_code`, `subadmin1_code`, `name`, `active`) VALUES ('CY.04.1209','CY','CY.04','{\"en\":\"Klírou\"}',1);
INSERT INTO `__PREFIX__subadmin2` (`code`, `country_code`, `subadmin1_code`, `name`, `active`) VALUES ('CY.04.1210','CY','CY.04','{\"en\":\"Aredioú\"}',1);
INSERT INTO `__PREFIX__subadmin2` (`code`, `country_code`, `subadmin1_code`, `name`, `active`) VALUES ('CY.04.1211','CY','CY.04','{\"en\":\"Ágios Ioánnis\"}',1);
INSERT INTO `__PREFIX__subadmin2` (`code`, `country_code`, `subadmin1_code`, `name`, `active`) VALUES ('CY.04.1212','CY','CY.04','{\"en\":\"Agrokipiá\"}',1);
INSERT INTO `__PREFIX__subadmin2` (`code`, `country_code`, `subadmin1_code`, `name`, `active`) VALUES ('CY.04.1213','CY','CY.04','{\"en\":\"Mitseró\"}',1);
INSERT INTO `__PREFIX__subadmin2` (`code`, `country_code`, `subadmin1_code`, `name`, `active`) VALUES ('CY.04.1220','CY','CY.04','{\"en\":\"Kapédes\"}',1);
INSERT INTO `__PREFIX__subadmin2` (`code`, `country_code`, `subadmin1_code`, `name`, `active`) VALUES ('CY.04.1221','CY','CY.04','{\"en\":\"Katalióntas\"}',1);
INSERT INTO `__PREFIX__subadmin2` (`code`, `country_code`, `subadmin1_code`, `name`, `active`) VALUES ('CY.04.1222','CY','CY.04','{\"en\":\"Analióntas\"}',1);
INSERT INTO `__PREFIX__subadmin2` (`code`, `country_code`, `subadmin1_code`, `name`, `active`) VALUES ('CY.04.1223','CY','CY.04','{\"en\":\"Kampiá\"}',1);
INSERT INTO `__PREFIX__subadmin2` (`code`, `country_code`, `subadmin1_code`, `name`, `active`) VALUES ('CY.04.1224','CY','CY.04','{\"en\":\"Margí\"}',1);
INSERT INTO `__PREFIX__subadmin2` (`code`, `country_code`, `subadmin1_code`, `name`, `active`) VALUES ('CY.04.1225','CY','CY.04','{\"en\":\"Tséri\"}',1);
INSERT INTO `__PREFIX__subadmin2` (`code`, `country_code`, `subadmin1_code`, `name`, `active`) VALUES ('CY.04.1226','CY','CY.04','{\"en\":\"Politikó\"}',1);
INSERT INTO `__PREFIX__subadmin2` (`code`, `country_code`, `subadmin1_code`, `name`, `active`) VALUES ('CY.04.1227','CY','CY.04','{\"en\":\"Péra\"}',1);
INSERT INTO `__PREFIX__subadmin2` (`code`, `country_code`, `subadmin1_code`, `name`, `active`) VALUES ('CY.04.1228','CY','CY.04','{\"en\":\"Episkopeió\"}',1);
INSERT INTO `__PREFIX__subadmin2` (`code`, `country_code`, `subadmin1_code`, `name`, `active`) VALUES ('CY.04.1229','CY','CY.04','{\"en\":\"Psimolófou\"}',1);
INSERT INTO `__PREFIX__subadmin2` (`code`, `country_code`, `subadmin1_code`, `name`, `active`) VALUES ('CY.04.1230','CY','CY.04','{\"en\":\"Ergátes\"}',1);
INSERT INTO `__PREFIX__subadmin2` (`code`, `country_code`, `subadmin1_code`, `name`, `active`) VALUES ('CY.04.1231','CY','CY.04','{\"en\":\"Anágeia\"}',1);
INSERT INTO `__PREFIX__subadmin2` (`code`, `country_code`, `subadmin1_code`, `name`, `active`) VALUES ('CY.04.1232','CY','CY.04','{\"en\":\"Páno Defterá\"}',1);
INSERT INTO `__PREFIX__subadmin2` (`code`, `country_code`, `subadmin1_code`, `name`, `active`) VALUES ('CY.04.1233','CY','CY.04','{\"en\":\"Káto Defterá\"}',1);
INSERT INTO `__PREFIX__subadmin2` (`code`, `country_code`, `subadmin1_code`, `name`, `active`) VALUES ('CY.04.1240','CY','CY.04','{\"en\":\"Ágioi Trimithiás\"}',1);
INSERT INTO `__PREFIX__subadmin2` (`code`, `country_code`, `subadmin1_code`, `name`, `active`) VALUES ('CY.04.1241','CY','CY.04','{\"en\":\"Palaiométocho\"}',1);
INSERT INTO `__PREFIX__subadmin2` (`code`, `country_code`, `subadmin1_code`, `name`, `active`) VALUES ('CY.04.1242','CY','CY.04','{\"en\":\"Déneia\"}',1);
INSERT INTO `__PREFIX__subadmin2` (`code`, `country_code`, `subadmin1_code`, `name`, `active`) VALUES ('CY.04.1243','CY','CY.04','{\"en\":\"Kokkinotrimithiá\"}',1);
INSERT INTO `__PREFIX__subadmin2` (`code`, `country_code`, `subadmin1_code`, `name`, `active`) VALUES ('CY.04.1325','CY','CY.04','{\"en\":\"Ágioi Iliófotoi\"}',1);
INSERT INTO `__PREFIX__subadmin2` (`code`, `country_code`, `subadmin1_code`, `name`, `active`) VALUES ('CY.04.1326','CY','CY.04','{\"en\":\"Káto Moní\"}',1);
INSERT INTO `__PREFIX__subadmin2` (`code`, `country_code`, `subadmin1_code`, `name`, `active`) VALUES ('CY.04.1327','CY','CY.04','{\"en\":\"Oroúnta\"}',1);
INSERT INTO `__PREFIX__subadmin2` (`code`, `country_code`, `subadmin1_code`, `name`, `active`) VALUES ('CY.04.1328','CY','CY.04','{\"en\":\"Páno Koutrafás\"}',1);
INSERT INTO `__PREFIX__subadmin2` (`code`, `country_code`, `subadmin1_code`, `name`, `active`) VALUES ('CY.04.1329','CY','CY.04','{\"en\":\"Káto Koutrafás\"}',1);
INSERT INTO `__PREFIX__subadmin2` (`code`, `country_code`, `subadmin1_code`, `name`, `active`) VALUES ('CY.04.1330','CY','CY.04','{\"en\":\"Potámi\"}',1);
INSERT INTO `__PREFIX__subadmin2` (`code`, `country_code`, `subadmin1_code`, `name`, `active`) VALUES ('CY.04.1340','CY','CY.04','{\"en\":\"Mórfou\"}',1);
INSERT INTO `__PREFIX__subadmin2` (`code`, `country_code`, `subadmin1_code`, `name`, `active`) VALUES ('CY.04.1350','CY','CY.04','{\"en\":\"Páno Zódeia\"}',1);
INSERT INTO `__PREFIX__subadmin2` (`code`, `country_code`, `subadmin1_code`, `name`, `active`) VALUES ('CY.04.1244','CY','CY.04','{\"en\":\"Mámmari\"}',1);
INSERT INTO `__PREFIX__subadmin2` (`code`, `country_code`, `subadmin1_code`, `name`, `active`) VALUES ('CY.04.1245','CY','CY.04','{\"en\":\"Gerólakkos\"}',1);
INSERT INTO `__PREFIX__subadmin2` (`code`, `country_code`, `subadmin1_code`, `name`, `active`) VALUES ('CY.04.1246','CY','CY.04','{\"en\":\"Agia Marina (Skylloura)\"}',1);
INSERT INTO `__PREFIX__subadmin2` (`code`, `country_code`, `subadmin1_code`, `name`, `active`) VALUES ('CY.04.1247','CY','CY.04','{\"en\":\"Skylloúra\"}',1);
INSERT INTO `__PREFIX__subadmin2` (`code`, `country_code`, `subadmin1_code`, `name`, `active`) VALUES ('CY.04.1248','CY','CY.04','{\"en\":\"Ágios Vasíleios\"}',1);
INSERT INTO `__PREFIX__subadmin2` (`code`, `country_code`, `subadmin1_code`, `name`, `active`) VALUES ('CY.04.1249','CY','CY.04','{\"en\":\"Dýo Potamoí\"}',1);
INSERT INTO `__PREFIX__subadmin2` (`code`, `country_code`, `subadmin1_code`, `name`, `active`) VALUES ('CY.04.1250','CY','CY.04','{\"en\":\"Kanlí\"}',1);
INSERT INTO `__PREFIX__subadmin2` (`code`, `country_code`, `subadmin1_code`, `name`, `active`) VALUES ('CY.04.1251','CY','CY.04','{\"en\":\"Kióneli\"}',1);
INSERT INTO `__PREFIX__subadmin2` (`code`, `country_code`, `subadmin1_code`, `name`, `active`) VALUES ('CY.04.1300','CY','CY.04','{\"en\":\"Palaichóri Mórfou\"}',1);
INSERT INTO `__PREFIX__subadmin2` (`code`, `country_code`, `subadmin1_code`, `name`, `active`) VALUES ('CY.04.1301','CY','CY.04','{\"en\":\"Askás\"}',1);
INSERT INTO `__PREFIX__subadmin2` (`code`, `country_code`, `subadmin1_code`, `name`, `active`) VALUES ('CY.04.1302','CY','CY.04','{\"en\":\"Álona\"}',1);
INSERT INTO `__PREFIX__subadmin2` (`code`, `country_code`, `subadmin1_code`, `name`, `active`) VALUES ('CY.04.1303','CY','CY.04','{\"en\":\"Fterikoúdi\"}',1);
INSERT INTO `__PREFIX__subadmin2` (`code`, `country_code`, `subadmin1_code`, `name`, `active`) VALUES ('CY.04.1304','CY','CY.04','{\"en\":\"Polýstypos\"}',1);
INSERT INTO `__PREFIX__subadmin2` (`code`, `country_code`, `subadmin1_code`, `name`, `active`) VALUES ('CY.04.1305','CY','CY.04','{\"en\":\"Lagouderá\"}',1);
INSERT INTO `__PREFIX__subadmin2` (`code`, `country_code`, `subadmin1_code`, `name`, `active`) VALUES ('CY.04.1306','CY','CY.04','{\"en\":\"Saránti\"}',1);
INSERT INTO `__PREFIX__subadmin2` (`code`, `country_code`, `subadmin1_code`, `name`, `active`) VALUES ('CY.04.1307','CY','CY.04','{\"en\":\"Livádia\"}',1);
INSERT INTO `__PREFIX__subadmin2` (`code`, `country_code`, `subadmin1_code`, `name`, `active`) VALUES ('CY.04.1308','CY','CY.04','{\"en\":\"Alithinoú\"}',1);
INSERT INTO `__PREFIX__subadmin2` (`code`, `country_code`, `subadmin1_code`, `name`, `active`) VALUES ('CY.04.1309','CY','CY.04','{\"en\":\"Platanistása\"}',1);
INSERT INTO `__PREFIX__subadmin2` (`code`, `country_code`, `subadmin1_code`, `name`, `active`) VALUES ('CY.04.1310','CY','CY.04','{\"en\":\"Palaichóri\"}',1);
INSERT INTO `__PREFIX__subadmin2` (`code`, `country_code`, `subadmin1_code`, `name`, `active`) VALUES ('CY.04.1320','CY','CY.04','{\"en\":\"Xyliátos\"}',1);
INSERT INTO `__PREFIX__subadmin2` (`code`, `country_code`, `subadmin1_code`, `name`, `active`) VALUES ('CY.04.1321','CY','CY.04','{\"en\":\"Agios Georgios Kafkallou\"}',1);
INSERT INTO `__PREFIX__subadmin2` (`code`, `country_code`, `subadmin1_code`, `name`, `active`) VALUES ('CY.04.1322','CY','CY.04','{\"en\":\"Nikitári\"}',1);
INSERT INTO `__PREFIX__subadmin2` (`code`, `country_code`, `subadmin1_code`, `name`, `active`) VALUES ('CY.04.1323','CY','CY.04','{\"en\":\"Vyzakiá\"}',1);
INSERT INTO `__PREFIX__subadmin2` (`code`, `country_code`, `subadmin1_code`, `name`, `active`) VALUES ('CY.04.1324','CY','CY.04','{\"en\":\"Agía Marína\"}',1);
INSERT INTO `__PREFIX__subadmin2` (`code`, `country_code`, `subadmin1_code`, `name`, `active`) VALUES ('CY.04.1351','CY','CY.04','{\"en\":\"Káto Zódeia\"}',1);
INSERT INTO `__PREFIX__subadmin2` (`code`, `country_code`, `subadmin1_code`, `name`, `active`) VALUES ('CY.04.1357','CY','CY.04','{\"en\":\"Kaló Chorió Kapoúti\"}',1);
INSERT INTO `__PREFIX__subadmin2` (`code`, `country_code`, `subadmin1_code`, `name`, `active`) VALUES ('CY.04.1360','CY','CY.04','{\"en\":\"Akáki\"}',1);
INSERT INTO `__PREFIX__subadmin2` (`code`, `country_code`, `subadmin1_code`, `name`, `active`) VALUES ('CY.04.1361','CY','CY.04','{\"en\":\"Peristeróna\"}',1);
INSERT INTO `__PREFIX__subadmin2` (`code`, `country_code`, `subadmin1_code`, `name`, `active`) VALUES ('CY.04.1362','CY','CY.04','{\"en\":\"Astromerítis\"}',1);
INSERT INTO `__PREFIX__subadmin2` (`code`, `country_code`, `subadmin1_code`, `name`, `active`) VALUES ('CY.04.1363','CY','CY.04','{\"en\":\"Avlóna\"}',1);
INSERT INTO `__PREFIX__subadmin2` (`code`, `country_code`, `subadmin1_code`, `name`, `active`) VALUES ('CY.04.1364','CY','CY.04','{\"en\":\"Katokopiá\"}',1);
INSERT INTO `__PREFIX__subadmin2` (`code`, `country_code`, `subadmin1_code`, `name`, `active`) VALUES ('CY.04.1365','CY','CY.04','{\"en\":\"Argáki\"}',1);
INSERT INTO `__PREFIX__subadmin2` (`code`, `country_code`, `subadmin1_code`, `name`, `active`) VALUES ('CY.04.1366','CY','CY.04','{\"en\":\"Másari\"}',1);
INSERT INTO `__PREFIX__subadmin2` (`code`, `country_code`, `subadmin1_code`, `name`, `active`) VALUES ('CY.04.1367','CY','CY.04','{\"en\":\"Fylliá\"}',1);
INSERT INTO `__PREFIX__subadmin2` (`code`, `country_code`, `subadmin1_code`, `name`, `active`) VALUES ('CY.04.1368','CY','CY.04','{\"en\":\"Méniko\"}',1);
INSERT INTO `__PREFIX__subadmin2` (`code`, `country_code`, `subadmin1_code`, `name`, `active`) VALUES ('CY.04.1369','CY','CY.04','{\"en\":\"Kyrá\"}',1);
INSERT INTO `__PREFIX__subadmin2` (`code`, `country_code`, `subadmin1_code`, `name`, `active`) VALUES ('CY.04.1400','CY','CY.04','{\"en\":\"Spília\"}',1);
INSERT INTO `__PREFIX__subadmin2` (`code`, `country_code`, `subadmin1_code`, `name`, `active`) VALUES ('CY.04.1402','CY','CY.04','{\"en\":\"Agía Eiríni\"}',1);
INSERT INTO `__PREFIX__subadmin2` (`code`, `country_code`, `subadmin1_code`, `name`, `active`) VALUES ('CY.04.1403','CY','CY.04','{\"en\":\"Kannávia\"}',1);
INSERT INTO `__PREFIX__subadmin2` (`code`, `country_code`, `subadmin1_code`, `name`, `active`) VALUES ('CY.04.1352','CY','CY.04','{\"en\":\"Kaziverá\"}',1);
INSERT INTO `__PREFIX__subadmin2` (`code`, `country_code`, `subadmin1_code`, `name`, `active`) VALUES ('CY.04.1353','CY','CY.04','{\"en\":\"Prastió\"}',1);
INSERT INTO `__PREFIX__subadmin2` (`code`, `country_code`, `subadmin1_code`, `name`, `active`) VALUES ('CY.04.1354','CY','CY.04','{\"en\":\"Nikítas\"}',1);
INSERT INTO `__PREFIX__subadmin2` (`code`, `country_code`, `subadmin1_code`, `name`, `active`) VALUES ('CY.04.1355','CY','CY.04','{\"en\":\"Syrianochóri\"}',1);
INSERT INTO `__PREFIX__subadmin2` (`code`, `country_code`, `subadmin1_code`, `name`, `active`) VALUES ('CY.04.1404','CY','CY.04','{\"en\":\"Kakopetriá\"}',1);
INSERT INTO `__PREFIX__subadmin2` (`code`, `country_code`, `subadmin1_code`, `name`, `active`) VALUES ('CY.04.1405','CY','CY.04','{\"en\":\"Agios Theodoros (Soleas)\"}',1);
INSERT INTO `__PREFIX__subadmin2` (`code`, `country_code`, `subadmin1_code`, `name`, `active`) VALUES ('CY.04.1406','CY','CY.04','{\"en\":\"Galáta\"}',1);
INSERT INTO `__PREFIX__subadmin2` (`code`, `country_code`, `subadmin1_code`, `name`, `active`) VALUES ('CY.04.1407','CY','CY.04','{\"en\":\"Sináoros\"}',1);
INSERT INTO `__PREFIX__subadmin2` (`code`, `country_code`, `subadmin1_code`, `name`, `active`) VALUES ('CY.04.1408','CY','CY.04','{\"en\":\"Kaliána\"}',1);
INSERT INTO `__PREFIX__subadmin2` (`code`, `country_code`, `subadmin1_code`, `name`, `active`) VALUES ('CY.04.1409','CY','CY.04','{\"en\":\"Temvriá\"}',1);
INSERT INTO `__PREFIX__subadmin2` (`code`, `country_code`, `subadmin1_code`, `name`, `active`) VALUES ('CY.04.1410','CY','CY.04','{\"en\":\"Korákou\"}',1);
INSERT INTO `__PREFIX__subadmin2` (`code`, `country_code`, `subadmin1_code`, `name`, `active`) VALUES ('CY.04.1411','CY','CY.04','{\"en\":\"Evrýchou\"}',1);
INSERT INTO `__PREFIX__subadmin2` (`code`, `country_code`, `subadmin1_code`, `name`, `active`) VALUES ('CY.04.1412','CY','CY.04','{\"en\":\"Flásou\"}',1);
INSERT INTO `__PREFIX__subadmin2` (`code`, `country_code`, `subadmin1_code`, `name`, `active`) VALUES ('CY.04.1414','CY','CY.04','{\"en\":\"Agios Epifanios (Soleas)\"}',1);
INSERT INTO `__PREFIX__subadmin2` (`code`, `country_code`, `subadmin1_code`, `name`, `active`) VALUES ('CY.04.1415','CY','CY.04','{\"en\":\"Linoú\"}',1);
INSERT INTO `__PREFIX__subadmin2` (`code`, `country_code`, `subadmin1_code`, `name`, `active`) VALUES ('CY.04.1416','CY','CY.04','{\"en\":\"Katýdata\"}',1);
INSERT INTO `__PREFIX__subadmin2` (`code`, `country_code`, `subadmin1_code`, `name`, `active`) VALUES ('CY.04.1417','CY','CY.04','{\"en\":\"Skouriótissa\"}',1);
INSERT INTO `__PREFIX__subadmin2` (`code`, `country_code`, `subadmin1_code`, `name`, `active`) VALUES ('CY.04.1420','CY','CY.04','{\"en\":\"Pedoulás\"}',1);
INSERT INTO `__PREFIX__subadmin2` (`code`, `country_code`, `subadmin1_code`, `name`, `active`) VALUES ('CY.04.1421','CY','CY.04','{\"en\":\"Mylikoúri\"}',1);
INSERT INTO `__PREFIX__subadmin2` (`code`, `country_code`, `subadmin1_code`, `name`, `active`) VALUES ('CY.04.1422','CY','CY.04','{\"en\":\"Moutoutllás\"}',1);
INSERT INTO `__PREFIX__subadmin2` (`code`, `country_code`, `subadmin1_code`, `name`, `active`) VALUES ('CY.04.1423','CY','CY.04','{\"en\":\"Oíkos\"}',1);
INSERT INTO `__PREFIX__subadmin2` (`code`, `country_code`, `subadmin1_code`, `name`, `active`) VALUES ('CY.04.1424','CY','CY.04','{\"en\":\"Kalopanagiótis\"}',1);
INSERT INTO `__PREFIX__subadmin2` (`code`, `country_code`, `subadmin1_code`, `name`, `active`) VALUES ('CY.04.1425','CY','CY.04','{\"en\":\"Gerakiés\"}',1);
INSERT INTO `__PREFIX__subadmin2` (`code`, `country_code`, `subadmin1_code`, `name`, `active`) VALUES ('CY.04.1426','CY','CY.04','{\"en\":\"Tsakístra\"}',1);
INSERT INTO `__PREFIX__subadmin2` (`code`, `country_code`, `subadmin1_code`, `name`, `active`) VALUES ('CY.04.1427','CY','CY.04','{\"en\":\"Kámpos\"}',1);
INSERT INTO `__PREFIX__subadmin2` (`code`, `country_code`, `subadmin1_code`, `name`, `active`) VALUES ('CY.04.1430','CY','CY.04','{\"en\":\"Ágios Nikólaos\"}',1);
INSERT INTO `__PREFIX__subadmin2` (`code`, `country_code`, `subadmin1_code`, `name`, `active`) VALUES ('CY.04.1431','CY','CY.04','{\"en\":\"Agios Georgios (Lefkas)\"}',1);
INSERT INTO `__PREFIX__subadmin2` (`code`, `country_code`, `subadmin1_code`, `name`, `active`) VALUES ('CY.04.1432','CY','CY.04','{\"en\":\"Pétra\"}',1);
INSERT INTO `__PREFIX__subadmin2` (`code`, `country_code`, `subadmin1_code`, `name`, `active`) VALUES ('CY.04.1433','CY','CY.04','{\"en\":\"Kalo Chorio (Lefkas)\"}',1);
INSERT INTO `__PREFIX__subadmin2` (`code`, `country_code`, `subadmin1_code`, `name`, `active`) VALUES ('CY.04.1435','CY','CY.04','{\"en\":\"Léfka\"}',1);
INSERT INTO `__PREFIX__subadmin2` (`code`, `country_code`, `subadmin1_code`, `name`, `active`) VALUES ('CY.04.1436','CY','CY.04','{\"en\":\"Ampelikoú\"}',1);
INSERT INTO `__PREFIX__subadmin2` (`code`, `country_code`, `subadmin1_code`, `name`, `active`) VALUES ('CY.04.1437','CY','CY.04','{\"en\":\"Peristeronári\"}',1);
INSERT INTO `__PREFIX__subadmin2` (`code`, `country_code`, `subadmin1_code`, `name`, `active`) VALUES ('CY.04.1438','CY','CY.04','{\"en\":\"Eliá\"}',1);
INSERT INTO `__PREFIX__subadmin2` (`code`, `country_code`, `subadmin1_code`, `name`, `active`) VALUES ('CY.04.1439','CY','CY.04','{\"en\":\"Karavostási\"}',1);
INSERT INTO `__PREFIX__subadmin2` (`code`, `country_code`, `subadmin1_code`, `name`, `active`) VALUES ('CY.04.1441','CY','CY.04','{\"en\":\"Pentágeia\"}',1);
INSERT INTO `__PREFIX__subadmin2` (`code`, `country_code`, `subadmin1_code`, `name`, `active`) VALUES ('CY.04.1443','CY','CY.04','{\"en\":\"Angolémi\"}',1);
INSERT INTO `__PREFIX__subadmin2` (`code`, `country_code`, `subadmin1_code`, `name`, `active`) VALUES ('CY.04.1450','CY','CY.04','{\"en\":\"Varíseia\"}',1);
INSERT INTO `__PREFIX__subadmin2` (`code`, `country_code`, `subadmin1_code`, `name`, `active`) VALUES ('CY.04.1451','CY','CY.04','{\"en\":\"Galiní\"}',1);
INSERT INTO `__PREFIX__subadmin2` (`code`, `country_code`, `subadmin1_code`, `name`, `active`) VALUES ('CY.04.1452','CY','CY.04','{\"en\":\"Xeróvounos\"}',1);
INSERT INTO `__PREFIX__subadmin2` (`code`, `country_code`, `subadmin1_code`, `name`, `active`) VALUES ('CY.04.1453','CY','CY.04','{\"en\":\"Loutrós\"}',1);
INSERT INTO `__PREFIX__subadmin2` (`code`, `country_code`, `subadmin1_code`, `name`, `active`) VALUES ('CY.04.1454','CY','CY.04','{\"en\":\"Ágios Ioánnis Selémani\"}',1);
INSERT INTO `__PREFIX__subadmin2` (`code`, `country_code`, `subadmin1_code`, `name`, `active`) VALUES ('CY.04.1455','CY','CY.04','{\"en\":\"Ammadiés\"}',1);
INSERT INTO `__PREFIX__subadmin2` (`code`, `country_code`, `subadmin1_code`, `name`, `active`) VALUES ('CY.04.1456','CY','CY.04','{\"en\":\"Páno Pýrgos\"}',1);
INSERT INTO `__PREFIX__subadmin2` (`code`, `country_code`, `subadmin1_code`, `name`, `active`) VALUES ('CY.04.1457','CY','CY.04','{\"en\":\"Káto Pýrgos\"}',1);
INSERT INTO `__PREFIX__subadmin2` (`code`, `country_code`, `subadmin1_code`, `name`, `active`) VALUES ('CY.04.1458','CY','CY.04','{\"en\":\"Selládi tou Áppi kai Ágio Georgoúdi\"}',1);
INSERT INTO `__PREFIX__subadmin2` (`code`, `country_code`, `subadmin1_code`, `name`, `active`) VALUES ('CY.04.1459','CY','CY.04','{\"en\":\"Alévga\"}',1);
INSERT INTO `__PREFIX__subadmin2` (`code`, `country_code`, `subadmin1_code`, `name`, `active`) VALUES ('CY.04.1460','CY','CY.04','{\"en\":\"Pigénia\"}',1);
INSERT INTO `__PREFIX__subadmin2` (`code`, `country_code`, `subadmin1_code`, `name`, `active`) VALUES ('CY.04.1461','CY','CY.04','{\"en\":\"Pachýammos\"}',1);
INSERT INTO `__PREFIX__subadmin2` (`code`, `country_code`, `subadmin1_code`, `name`, `active`) VALUES ('CY.04.1464','CY','CY.04','{\"en\":\"Kókkina\"}',1);
INSERT INTO `__PREFIX__subadmin2` (`code`, `country_code`, `subadmin1_code`, `name`, `active`) VALUES ('CY.04.1465','CY','CY.04','{\"en\":\"Fródisia\"}',1);
INSERT INTO `__PREFIX__subadmin2` (`code`, `country_code`, `subadmin1_code`, `name`, `active`) VALUES ('CY.04.1466','CY','CY.04','{\"en\":\"Agios Theodoros (Tillirias)\"}',1);
INSERT INTO `__PREFIX__subadmin2` (`code`, `country_code`, `subadmin1_code`, `name`, `active`) VALUES ('CY.04.1467','CY','CY.04','{\"en\":\"Mansoúra\"}',1);
INSERT INTO `__PREFIX__subadmin2` (`code`, `country_code`, `subadmin1_code`, `name`, `active`) VALUES ('CY.04.1468','CY','CY.04','{\"en\":\"Mosfíli\"}',1);
INSERT INTO `__PREFIX__subadmin2` (`code`, `country_code`, `subadmin1_code`, `name`, `active`) VALUES ('CY.02.2000','CY','CY.02','{\"en\":\"Kerýneia\"}',1);
INSERT INTO `__PREFIX__subadmin2` (`code`, `country_code`, `subadmin1_code`, `name`, `active`) VALUES ('CY.02.2100','CY','CY.02','{\"en\":\"Páno Díkomo\"}',1);
INSERT INTO `__PREFIX__subadmin2` (`code`, `country_code`, `subadmin1_code`, `name`, `active`) VALUES ('CY.02.2101','CY','CY.02','{\"en\":\"Káto Díkomo\"}',1);
INSERT INTO `__PREFIX__subadmin2` (`code`, `country_code`, `subadmin1_code`, `name`, `active`) VALUES ('CY.02.2102','CY','CY.02','{\"en\":\"Koutsovéntis\"}',1);
INSERT INTO `__PREFIX__subadmin2` (`code`, `country_code`, `subadmin1_code`, `name`, `active`) VALUES ('CY.02.2103','CY','CY.02','{\"en\":\"Vounó\"}',1);
INSERT INTO `__PREFIX__subadmin2` (`code`, `country_code`, `subadmin1_code`, `name`, `active`) VALUES ('CY.02.2104','CY','CY.02','{\"en\":\"Sicharí\"}',1);
INSERT INTO `__PREFIX__subadmin2` (`code`, `country_code`, `subadmin1_code`, `name`, `active`) VALUES ('CY.02.2110','CY','CY.02','{\"en\":\"Fóta\"}',1);
INSERT INTO `__PREFIX__subadmin2` (`code`, `country_code`, `subadmin1_code`, `name`, `active`) VALUES ('CY.02.2111','CY','CY.02','{\"en\":\"Kriní\"}',1);
INSERT INTO `__PREFIX__subadmin2` (`code`, `country_code`, `subadmin1_code`, `name`, `active`) VALUES ('CY.02.2112','CY','CY.02','{\"en\":\"Pilerí\"}',1);
INSERT INTO `__PREFIX__subadmin2` (`code`, `country_code`, `subadmin1_code`, `name`, `active`) VALUES ('CY.02.2113','CY','CY.02','{\"en\":\"Kiomourtzoú\"}',1);
INSERT INTO `__PREFIX__subadmin2` (`code`, `country_code`, `subadmin1_code`, `name`, `active`) VALUES ('CY.02.2114','CY','CY.02','{\"en\":\"Agírda\"}',1);
INSERT INTO `__PREFIX__subadmin2` (`code`, `country_code`, `subadmin1_code`, `name`, `active`) VALUES ('CY.02.2120','CY','CY.02','{\"en\":\"Ágios Ermólaos\"}',1);
INSERT INTO `__PREFIX__subadmin2` (`code`, `country_code`, `subadmin1_code`, `name`, `active`) VALUES ('CY.02.2121','CY','CY.02','{\"en\":\"Sýsklipos\"}',1);
INSERT INTO `__PREFIX__subadmin2` (`code`, `country_code`, `subadmin1_code`, `name`, `active`) VALUES ('CY.02.2122','CY','CY.02','{\"en\":\"Konteménos\"}',1);
INSERT INTO `__PREFIX__subadmin2` (`code`, `country_code`, `subadmin1_code`, `name`, `active`) VALUES ('CY.02.2123','CY','CY.02','{\"en\":\"Asómatos\"}',1);
INSERT INTO `__PREFIX__subadmin2` (`code`, `country_code`, `subadmin1_code`, `name`, `active`) VALUES ('CY.02.2124','CY','CY.02','{\"en\":\"Kampylí\"}',1);
INSERT INTO `__PREFIX__subadmin2` (`code`, `country_code`, `subadmin1_code`, `name`, `active`) VALUES ('CY.02.2125','CY','CY.02','{\"en\":\"Karpáseia\"}',1);
INSERT INTO `__PREFIX__subadmin2` (`code`, `country_code`, `subadmin1_code`, `name`, `active`) VALUES ('CY.02.2126','CY','CY.02','{\"en\":\"Mýrtou\"}',1);
INSERT INTO `__PREFIX__subadmin2` (`code`, `country_code`, `subadmin1_code`, `name`, `active`) VALUES ('CY.02.2127','CY','CY.02','{\"en\":\"Diórios\"}',1);
INSERT INTO `__PREFIX__subadmin2` (`code`, `country_code`, `subadmin1_code`, `name`, `active`) VALUES ('CY.02.2128','CY','CY.02','{\"en\":\"Agía Eiríni\"}',1);
INSERT INTO `__PREFIX__subadmin2` (`code`, `country_code`, `subadmin1_code`, `name`, `active`) VALUES ('CY.02.2129','CY','CY.02','{\"en\":\"Kormakítis\"}',1);
INSERT INTO `__PREFIX__subadmin2` (`code`, `country_code`, `subadmin1_code`, `name`, `active`) VALUES ('CY.02.2130','CY','CY.02','{\"en\":\"Liverá\"}',1);
INSERT INTO `__PREFIX__subadmin2` (`code`, `country_code`, `subadmin1_code`, `name`, `active`) VALUES ('CY.02.2200','CY','CY.02','{\"en\":\"Kalograía\"}',1);
INSERT INTO `__PREFIX__subadmin2` (`code`, `country_code`, `subadmin1_code`, `name`, `active`) VALUES ('CY.02.2201','CY','CY.02','{\"en\":\"Ágios Amvrósios\"}',1);
INSERT INTO `__PREFIX__subadmin2` (`code`, `country_code`, `subadmin1_code`, `name`, `active`) VALUES ('CY.02.2202','CY','CY.02','{\"en\":\"Chárkeia\"}',1);
INSERT INTO `__PREFIX__subadmin2` (`code`, `country_code`, `subadmin1_code`, `name`, `active`) VALUES ('CY.02.2203','CY','CY.02','{\"en\":\"Trápeza\"}',1);
INSERT INTO `__PREFIX__subadmin2` (`code`, `country_code`, `subadmin1_code`, `name`, `active`) VALUES ('CY.02.2204','CY','CY.02','{\"en\":\"Klepíni\"}',1);
INSERT INTO `__PREFIX__subadmin2` (`code`, `country_code`, `subadmin1_code`, `name`, `active`) VALUES ('CY.02.2205','CY','CY.02','{\"en\":\"Ágios Epíktitos\"}',1);
INSERT INTO `__PREFIX__subadmin2` (`code`, `country_code`, `subadmin1_code`, `name`, `active`) VALUES ('CY.02.2206','CY','CY.02','{\"en\":\"Bélapaïs\"}',1);
INSERT INTO `__PREFIX__subadmin2` (`code`, `country_code`, `subadmin1_code`, `name`, `active`) VALUES ('CY.02.2207','CY','CY.02','{\"en\":\"Kazáfani\"}',1);
INSERT INTO `__PREFIX__subadmin2` (`code`, `country_code`, `subadmin1_code`, `name`, `active`) VALUES ('CY.02.2208','CY','CY.02','{\"en\":\"Thérmeia\"}',1);
INSERT INTO `__PREFIX__subadmin2` (`code`, `country_code`, `subadmin1_code`, `name`, `active`) VALUES ('CY.02.2209','CY','CY.02','{\"en\":\"Karákoumi\"}',1);
INSERT INTO `__PREFIX__subadmin2` (`code`, `country_code`, `subadmin1_code`, `name`, `active`) VALUES ('CY.02.2210','CY','CY.02','{\"en\":\"Témplos\"}',1);
INSERT INTO `__PREFIX__subadmin2` (`code`, `country_code`, `subadmin1_code`, `name`, `active`) VALUES ('CY.02.2211','CY','CY.02','{\"en\":\"Kármi\"}',1);
INSERT INTO `__PREFIX__subadmin2` (`code`, `country_code`, `subadmin1_code`, `name`, `active`) VALUES ('CY.02.2212','CY','CY.02','{\"en\":\"Ftéricha\"}',1);
INSERT INTO `__PREFIX__subadmin2` (`code`, `country_code`, `subadmin1_code`, `name`, `active`) VALUES ('CY.02.2213','CY','CY.02','{\"en\":\"Trimíthi\"}',1);
INSERT INTO `__PREFIX__subadmin2` (`code`, `country_code`, `subadmin1_code`, `name`, `active`) VALUES ('CY.02.2214','CY','CY.02','{\"en\":\"Palaiósofos\"}',1);
INSERT INTO `__PREFIX__subadmin2` (`code`, `country_code`, `subadmin1_code`, `name`, `active`) VALUES ('CY.02.2215','CY','CY.02','{\"en\":\"Motídes\"}',1);
INSERT INTO `__PREFIX__subadmin2` (`code`, `country_code`, `subadmin1_code`, `name`, `active`) VALUES ('CY.02.2216','CY','CY.02','{\"en\":\"Eliá\"}',1);
INSERT INTO `__PREFIX__subadmin2` (`code`, `country_code`, `subadmin1_code`, `name`, `active`) VALUES ('CY.02.2217','CY','CY.02','{\"en\":\"Karavás\"}',1);
INSERT INTO `__PREFIX__subadmin2` (`code`, `country_code`, `subadmin1_code`, `name`, `active`) VALUES ('CY.02.2218','CY','CY.02','{\"en\":\"Ágios Geórgios\"}',1);
INSERT INTO `__PREFIX__subadmin2` (`code`, `country_code`, `subadmin1_code`, `name`, `active`) VALUES ('CY.02.2220','CY','CY.02','{\"en\":\"Agridáki\"}',1);
INSERT INTO `__PREFIX__subadmin2` (`code`, `country_code`, `subadmin1_code`, `name`, `active`) VALUES ('CY.02.2221','CY','CY.02','{\"en\":\"Lárnakas Lapíthou\"}',1);
INSERT INTO `__PREFIX__subadmin2` (`code`, `country_code`, `subadmin1_code`, `name`, `active`) VALUES ('CY.02.2222','CY','CY.02','{\"en\":\"Lápithos\"}',1);
INSERT INTO `__PREFIX__subadmin2` (`code`, `country_code`, `subadmin1_code`, `name`, `active`) VALUES ('CY.02.2223','CY','CY.02','{\"en\":\"Vasíleia\"}',1);
INSERT INTO `__PREFIX__subadmin2` (`code`, `country_code`, `subadmin1_code`, `name`, `active`) VALUES ('CY.02.2224','CY','CY.02','{\"en\":\"Pánagra\"}',1);
INSERT INTO `__PREFIX__subadmin2` (`code`, `country_code`, `subadmin1_code`, `name`, `active`) VALUES ('CY.02.2226','CY','CY.02','{\"en\":\"Órga\"}',1);
INSERT INTO `__PREFIX__subadmin2` (`code`, `country_code`, `subadmin1_code`, `name`, `active`) VALUES ('CY.01.3000','CY','CY.01','{\"en\":\"Ammóchostos\"}',1);
INSERT INTO `__PREFIX__subadmin2` (`code`, `country_code`, `subadmin1_code`, `name`, `active`) VALUES ('CY.01.3100','CY','CY.01','{\"en\":\"Agía Nápa\"}',1);
INSERT INTO `__PREFIX__subadmin2` (`code`, `country_code`, `subadmin1_code`, `name`, `active`) VALUES ('CY.01.3101','CY','CY.01','{\"en\":\"Paralímni\"}',1);
INSERT INTO `__PREFIX__subadmin2` (`code`, `country_code`, `subadmin1_code`, `name`, `active`) VALUES ('CY.01.3102','CY','CY.01','{\"en\":\"Derýneia\"}',1);
INSERT INTO `__PREFIX__subadmin2` (`code`, `country_code`, `subadmin1_code`, `name`, `active`) VALUES ('CY.01.3103','CY','CY.01','{\"en\":\"Sotíra\"}',1);
INSERT INTO `__PREFIX__subadmin2` (`code`, `country_code`, `subadmin1_code`, `name`, `active`) VALUES ('CY.01.3104','CY','CY.01','{\"en\":\"Liopétri\"}',1);
INSERT INTO `__PREFIX__subadmin2` (`code`, `country_code`, `subadmin1_code`, `name`, `active`) VALUES ('CY.01.3105','CY','CY.01','{\"en\":\"Frénaros\"}',1);
INSERT INTO `__PREFIX__subadmin2` (`code`, `country_code`, `subadmin1_code`, `name`, `active`) VALUES ('CY.01.3110','CY','CY.01','{\"en\":\"Avgórou\"}',1);
INSERT INTO `__PREFIX__subadmin2` (`code`, `country_code`, `subadmin1_code`, `name`, `active`) VALUES ('CY.01.3111','CY','CY.01','{\"en\":\"Áchna\"}',1);
INSERT INTO `__PREFIX__subadmin2` (`code`, `country_code`, `subadmin1_code`, `name`, `active`) VALUES ('CY.01.3112','CY','CY.01','{\"en\":\"Makrásyka\"}',1);
INSERT INTO `__PREFIX__subadmin2` (`code`, `country_code`, `subadmin1_code`, `name`, `active`) VALUES ('CY.01.3113','CY','CY.01','{\"en\":\"Kalopsída\"}',1);
INSERT INTO `__PREFIX__subadmin2` (`code`, `country_code`, `subadmin1_code`, `name`, `active`) VALUES ('CY.01.3114','CY','CY.01','{\"en\":\"Acherítou\"}',1);
INSERT INTO `__PREFIX__subadmin2` (`code`, `country_code`, `subadmin1_code`, `name`, `active`) VALUES ('CY.01.3120','CY','CY.01','{\"en\":\"Égkomi\"}',1);
INSERT INTO `__PREFIX__subadmin2` (`code`, `country_code`, `subadmin1_code`, `name`, `active`) VALUES ('CY.01.3121','CY','CY.01','{\"en\":\"Ágios Sérgios\"}',1);
INSERT INTO `__PREFIX__subadmin2` (`code`, `country_code`, `subadmin1_code`, `name`, `active`) VALUES ('CY.01.3122','CY','CY.01','{\"en\":\"Stýlloi\"}',1);
INSERT INTO `__PREFIX__subadmin2` (`code`, `country_code`, `subadmin1_code`, `name`, `active`) VALUES ('CY.01.3123','CY','CY.01','{\"en\":\"Limniá\"}',1);
INSERT INTO `__PREFIX__subadmin2` (`code`, `country_code`, `subadmin1_code`, `name`, `active`) VALUES ('CY.01.3124','CY','CY.01','{\"en\":\"Alóda\"}',1);
INSERT INTO `__PREFIX__subadmin2` (`code`, `country_code`, `subadmin1_code`, `name`, `active`) VALUES ('CY.01.3130','CY','CY.01','{\"en\":\"Spatharikó\"}',1);
INSERT INTO `__PREFIX__subadmin2` (`code`, `country_code`, `subadmin1_code`, `name`, `active`) VALUES ('CY.01.3131','CY','CY.01','{\"en\":\"Arnadí\"}',1);
INSERT INTO `__PREFIX__subadmin2` (`code`, `country_code`, `subadmin1_code`, `name`, `active`) VALUES ('CY.01.3132','CY','CY.01','{\"en\":\"Ágios Geórgios\"}',1);
INSERT INTO `__PREFIX__subadmin2` (`code`, `country_code`, `subadmin1_code`, `name`, `active`) VALUES ('CY.01.3133','CY','CY.01','{\"en\":\"Perivólia\"}',1);
INSERT INTO `__PREFIX__subadmin2` (`code`, `country_code`, `subadmin1_code`, `name`, `active`) VALUES ('CY.01.3134','CY','CY.01','{\"en\":\"Sýgkrasi\"}',1);
INSERT INTO `__PREFIX__subadmin2` (`code`, `country_code`, `subadmin1_code`, `name`, `active`) VALUES ('CY.01.3135','CY','CY.01','{\"en\":\"Lápathos\"}',1);
INSERT INTO `__PREFIX__subadmin2` (`code`, `country_code`, `subadmin1_code`, `name`, `active`) VALUES ('CY.01.3136','CY','CY.01','{\"en\":\"Tríkomo\"}',1);
INSERT INTO `__PREFIX__subadmin2` (`code`, `country_code`, `subadmin1_code`, `name`, `active`) VALUES ('CY.01.3200','CY','CY.01','{\"en\":\"Koúklia\"}',1);
INSERT INTO `__PREFIX__subadmin2` (`code`, `country_code`, `subadmin1_code`, `name`, `active`) VALUES ('CY.01.3201','CY','CY.01','{\"en\":\"Kontéa\"}',1);
INSERT INTO `__PREFIX__subadmin2` (`code`, `country_code`, `subadmin1_code`, `name`, `active`) VALUES ('CY.01.3202','CY','CY.01','{\"en\":\"Lýsi\"}',1);
INSERT INTO `__PREFIX__subadmin2` (`code`, `country_code`, `subadmin1_code`, `name`, `active`) VALUES ('CY.01.3203','CY','CY.01','{\"en\":\"Vatilí\"}',1);
INSERT INTO `__PREFIX__subadmin2` (`code`, `country_code`, `subadmin1_code`, `name`, `active`) VALUES ('CY.01.3204','CY','CY.01','{\"en\":\"Strongylós\"}',1);
INSERT INTO `__PREFIX__subadmin2` (`code`, `country_code`, `subadmin1_code`, `name`, `active`) VALUES ('CY.01.3205','CY','CY.01','{\"en\":\"Sínta\"}',1);
INSERT INTO `__PREFIX__subadmin2` (`code`, `country_code`, `subadmin1_code`, `name`, `active`) VALUES ('CY.01.3210','CY','CY.01','{\"en\":\"Gaïdourás\"}',1);
INSERT INTO `__PREFIX__subadmin2` (`code`, `country_code`, `subadmin1_code`, `name`, `active`) VALUES ('CY.01.3211','CY','CY.01','{\"en\":\"Prastió\"}',1);
INSERT INTO `__PREFIX__subadmin2` (`code`, `country_code`, `subadmin1_code`, `name`, `active`) VALUES ('CY.01.3212','CY','CY.01','{\"en\":\"Pyrgá\"}',1);
INSERT INTO `__PREFIX__subadmin2` (`code`, `country_code`, `subadmin1_code`, `name`, `active`) VALUES ('CY.01.3213','CY','CY.01','{\"en\":\"Mousoulíta\"}',1);
INSERT INTO `__PREFIX__subadmin2` (`code`, `country_code`, `subadmin1_code`, `name`, `active`) VALUES ('CY.01.3214','CY','CY.01','{\"en\":\"Santaláris\"}',1);
INSERT INTO `__PREFIX__subadmin2` (`code`, `country_code`, `subadmin1_code`, `name`, `active`) VALUES ('CY.01.3215','CY','CY.01','{\"en\":\"Marátha\"}',1);
INSERT INTO `__PREFIX__subadmin2` (`code`, `country_code`, `subadmin1_code`, `name`, `active`) VALUES ('CY.01.3216','CY','CY.01','{\"en\":\"Peristeróna\"}',1);
INSERT INTO `__PREFIX__subadmin2` (`code`, `country_code`, `subadmin1_code`, `name`, `active`) VALUES ('CY.01.3217','CY','CY.01','{\"en\":\"Pigí\"}',1);
INSERT INTO `__PREFIX__subadmin2` (`code`, `country_code`, `subadmin1_code`, `name`, `active`) VALUES ('CY.01.3218','CY','CY.01','{\"en\":\"Génagra\"}',1);
INSERT INTO `__PREFIX__subadmin2` (`code`, `country_code`, `subadmin1_code`, `name`, `active`) VALUES ('CY.01.3219','CY','CY.01','{\"en\":\"Miliá\"}',1);
INSERT INTO `__PREFIX__subadmin2` (`code`, `country_code`, `subadmin1_code`, `name`, `active`) VALUES ('CY.01.3220','CY','CY.01','{\"en\":\"Gýpsou\"}',1);
INSERT INTO `__PREFIX__subadmin2` (`code`, `country_code`, `subadmin1_code`, `name`, `active`) VALUES ('CY.01.3221','CY','CY.01','{\"en\":\"Lefkónoiko\"}',1);
INSERT INTO `__PREFIX__subadmin2` (`code`, `country_code`, `subadmin1_code`, `name`, `active`) VALUES ('CY.01.3222','CY','CY.01','{\"en\":\"Psyllátos\"}',1);
INSERT INTO `__PREFIX__subadmin2` (`code`, `country_code`, `subadmin1_code`, `name`, `active`) VALUES ('CY.01.3223','CY','CY.01','{\"en\":\"Knódara\"}',1);
INSERT INTO `__PREFIX__subadmin2` (`code`, `country_code`, `subadmin1_code`, `name`, `active`) VALUES ('CY.01.3224','CY','CY.01','{\"en\":\"Goúfes\"}',1);
INSERT INTO `__PREFIX__subadmin2` (`code`, `country_code`, `subadmin1_code`, `name`, `active`) VALUES ('CY.01.3231','CY','CY.01','{\"en\":\"Áskeia\"}',1);
INSERT INTO `__PREFIX__subadmin2` (`code`, `country_code`, `subadmin1_code`, `name`, `active`) VALUES ('CY.01.3232','CY','CY.01','{\"en\":\"Afánteia\"}',1);
INSERT INTO `__PREFIX__subadmin2` (`code`, `country_code`, `subadmin1_code`, `name`, `active`) VALUES ('CY.01.3233','CY','CY.01','{\"en\":\"Angastína\"}',1);
INSERT INTO `__PREFIX__subadmin2` (`code`, `country_code`, `subadmin1_code`, `name`, `active`) VALUES ('CY.01.3234','CY','CY.01','{\"en\":\"Marathóvounos\"}',1);
INSERT INTO `__PREFIX__subadmin2` (`code`, `country_code`, `subadmin1_code`, `name`, `active`) VALUES ('CY.01.3235','CY','CY.01','{\"en\":\"Vitsáda\"}',1);
INSERT INTO `__PREFIX__subadmin2` (`code`, `country_code`, `subadmin1_code`, `name`, `active`) VALUES ('CY.01.3236','CY','CY.01','{\"en\":\"Kíados\"}',1);
INSERT INTO `__PREFIX__subadmin2` (`code`, `country_code`, `subadmin1_code`, `name`, `active`) VALUES ('CY.01.3237','CY','CY.01','{\"en\":\"Kornókipos\"}',1);
INSERT INTO `__PREFIX__subadmin2` (`code`, `country_code`, `subadmin1_code`, `name`, `active`) VALUES ('CY.01.3238','CY','CY.01','{\"en\":\"Ágios Charíton\"}',1);
INSERT INTO `__PREFIX__subadmin2` (`code`, `country_code`, `subadmin1_code`, `name`, `active`) VALUES ('CY.01.3239','CY','CY.01','{\"en\":\"Trypiméni\"}',1);
INSERT INTO `__PREFIX__subadmin2` (`code`, `country_code`, `subadmin1_code`, `name`, `active`) VALUES ('CY.01.3300','CY','CY.01','{\"en\":\"Ártemi\"}',1);
INSERT INTO `__PREFIX__subadmin2` (`code`, `country_code`, `subadmin1_code`, `name`, `active`) VALUES ('CY.01.3301','CY','CY.01','{\"en\":\"Ágios Nikólaos\"}',1);
INSERT INTO `__PREFIX__subadmin2` (`code`, `country_code`, `subadmin1_code`, `name`, `active`) VALUES ('CY.01.3303','CY','CY.01','{\"en\":\"Platáni\"}',1);
INSERT INTO `__PREFIX__subadmin2` (`code`, `country_code`, `subadmin1_code`, `name`, `active`) VALUES ('CY.01.3304','CY','CY.01','{\"en\":\"Akanthoú\"}',1);
INSERT INTO `__PREFIX__subadmin2` (`code`, `country_code`, `subadmin1_code`, `name`, `active`) VALUES ('CY.01.3305','CY','CY.01','{\"en\":\"Meloúnta\"}',1);
INSERT INTO `__PREFIX__subadmin2` (`code`, `country_code`, `subadmin1_code`, `name`, `active`) VALUES ('CY.01.3310','CY','CY.01','{\"en\":\"Ágios Iákovos\"}',1);
INSERT INTO `__PREFIX__subadmin2` (`code`, `country_code`, `subadmin1_code`, `name`, `active`) VALUES ('CY.01.3311','CY','CY.01','{\"en\":\"Agios Andronikos (Trikomou)\"}',1);
INSERT INTO `__PREFIX__subadmin2` (`code`, `country_code`, `subadmin1_code`, `name`, `active`) VALUES ('CY.01.3312','CY','CY.01','{\"en\":\"Mándres\"}',1);
INSERT INTO `__PREFIX__subadmin2` (`code`, `country_code`, `subadmin1_code`, `name`, `active`) VALUES ('CY.01.3313','CY','CY.01','{\"en\":\"Árdana\"}',1);
INSERT INTO `__PREFIX__subadmin2` (`code`, `country_code`, `subadmin1_code`, `name`, `active`) VALUES ('CY.01.3314','CY','CY.01','{\"en\":\"Flamoúdi\"}',1);
INSERT INTO `__PREFIX__subadmin2` (`code`, `country_code`, `subadmin1_code`, `name`, `active`) VALUES ('CY.01.3320','CY','CY.01','{\"en\":\"Bogázi\"}',1);
INSERT INTO `__PREFIX__subadmin2` (`code`, `country_code`, `subadmin1_code`, `name`, `active`) VALUES ('CY.01.3321','CY','CY.01','{\"en\":\"Monargá\"}',1);
INSERT INTO `__PREFIX__subadmin2` (`code`, `country_code`, `subadmin1_code`, `name`, `active`) VALUES ('CY.01.3322','CY','CY.01','{\"en\":\"Ágios Ilías\"}',1);
INSERT INTO `__PREFIX__subadmin2` (`code`, `country_code`, `subadmin1_code`, `name`, `active`) VALUES ('CY.01.3323','CY','CY.01','{\"en\":\"Gastriá\"}',1);
INSERT INTO `__PREFIX__subadmin2` (`code`, `country_code`, `subadmin1_code`, `name`, `active`) VALUES ('CY.01.3324','CY','CY.01','{\"en\":\"Avgolída\"}',1);
INSERT INTO `__PREFIX__subadmin2` (`code`, `country_code`, `subadmin1_code`, `name`, `active`) VALUES ('CY.01.3325','CY','CY.01','{\"en\":\"Patríki\"}',1);
INSERT INTO `__PREFIX__subadmin2` (`code`, `country_code`, `subadmin1_code`, `name`, `active`) VALUES ('CY.01.3326','CY','CY.01','{\"en\":\"Geráni\"}',1);
INSERT INTO `__PREFIX__subadmin2` (`code`, `country_code`, `subadmin1_code`, `name`, `active`) VALUES ('CY.01.3327','CY','CY.01','{\"en\":\"Óvgoros\"}',1);
INSERT INTO `__PREFIX__subadmin2` (`code`, `country_code`, `subadmin1_code`, `name`, `active`) VALUES ('CY.01.3328','CY','CY.01','{\"en\":\"Davlós\"}',1);
INSERT INTO `__PREFIX__subadmin2` (`code`, `country_code`, `subadmin1_code`, `name`, `active`) VALUES ('CY.01.3330','CY','CY.01','{\"en\":\"Ágios Theódoros\"}',1);
INSERT INTO `__PREFIX__subadmin2` (`code`, `country_code`, `subadmin1_code`, `name`, `active`) VALUES ('CY.01.3331','CY','CY.01','{\"en\":\"Vokolída\"}',1);
INSERT INTO `__PREFIX__subadmin2` (`code`, `country_code`, `subadmin1_code`, `name`, `active`) VALUES ('CY.01.3332','CY','CY.01','{\"en\":\"Távrou\"}',1);
INSERT INTO `__PREFIX__subadmin2` (`code`, `country_code`, `subadmin1_code`, `name`, `active`) VALUES ('CY.01.3333','CY','CY.01','{\"en\":\"Ágios Efstáthios\"}',1);
INSERT INTO `__PREFIX__subadmin2` (`code`, `country_code`, `subadmin1_code`, `name`, `active`) VALUES ('CY.01.3334','CY','CY.01','{\"en\":\"Livádia\"}',1);
INSERT INTO `__PREFIX__subadmin2` (`code`, `country_code`, `subadmin1_code`, `name`, `active`) VALUES ('CY.01.3335','CY','CY.01','{\"en\":\"Krídeia\"}',1);
INSERT INTO `__PREFIX__subadmin2` (`code`, `country_code`, `subadmin1_code`, `name`, `active`) VALUES ('CY.01.3336','CY','CY.01','{\"en\":\"Kómi\"}',1);
INSERT INTO `__PREFIX__subadmin2` (`code`, `country_code`, `subadmin1_code`, `name`, `active`) VALUES ('CY.01.3337','CY','CY.01','{\"en\":\"Galáteia\"}',1);
INSERT INTO `__PREFIX__subadmin2` (`code`, `country_code`, `subadmin1_code`, `name`, `active`) VALUES ('CY.01.3338','CY','CY.01','{\"en\":\"Eptakómi\"}',1);
INSERT INTO `__PREFIX__subadmin2` (`code`, `country_code`, `subadmin1_code`, `name`, `active`) VALUES ('CY.01.3340','CY','CY.01','{\"en\":\"Kóma tou Gialoú\"}',1);
INSERT INTO `__PREFIX__subadmin2` (`code`, `country_code`, `subadmin1_code`, `name`, `active`) VALUES ('CY.01.3341','CY','CY.01','{\"en\":\"Néta\"}',1);
INSERT INTO `__PREFIX__subadmin2` (`code`, `country_code`, `subadmin1_code`, `name`, `active`) VALUES ('CY.01.3342','CY','CY.01','{\"en\":\"Vothýlakas\"}',1);
INSERT INTO `__PREFIX__subadmin2` (`code`, `country_code`, `subadmin1_code`, `name`, `active`) VALUES ('CY.01.3343','CY','CY.01','{\"en\":\"Lythrágkomi\"}',1);
INSERT INTO `__PREFIX__subadmin2` (`code`, `country_code`, `subadmin1_code`, `name`, `active`) VALUES ('CY.01.3344','CY','CY.01','{\"en\":\"Vasíli\"}',1);
INSERT INTO `__PREFIX__subadmin2` (`code`, `country_code`, `subadmin1_code`, `name`, `active`) VALUES ('CY.01.3345','CY','CY.01','{\"en\":\"Leonárisso\"}',1);
INSERT INTO `__PREFIX__subadmin2` (`code`, `country_code`, `subadmin1_code`, `name`, `active`) VALUES ('CY.01.3346','CY','CY.01','{\"en\":\"Platanissós\"}',1);
INSERT INTO `__PREFIX__subadmin2` (`code`, `country_code`, `subadmin1_code`, `name`, `active`) VALUES ('CY.01.3347','CY','CY.01','{\"en\":\"Koilánemos\"}',1);
INSERT INTO `__PREFIX__subadmin2` (`code`, `country_code`, `subadmin1_code`, `name`, `active`) VALUES ('CY.01.3348','CY','CY.01','{\"en\":\"Ágios Andrónikos\"}',1);
INSERT INTO `__PREFIX__subadmin2` (`code`, `country_code`, `subadmin1_code`, `name`, `active`) VALUES ('CY.01.3350','CY','CY.01','{\"en\":\"Ágios Symeón\"}',1);
INSERT INTO `__PREFIX__subadmin2` (`code`, `country_code`, `subadmin1_code`, `name`, `active`) VALUES ('CY.01.3351','CY','CY.01','{\"en\":\"Melánarga\"}',1);
INSERT INTO `__PREFIX__subadmin2` (`code`, `country_code`, `subadmin1_code`, `name`, `active`) VALUES ('CY.01.3352','CY','CY.01','{\"en\":\"Aigialoúsa\"}',1);
INSERT INTO `__PREFIX__subadmin2` (`code`, `country_code`, `subadmin1_code`, `name`, `active`) VALUES ('CY.01.3353','CY','CY.01','{\"en\":\"Agía Triás\"}',1);
INSERT INTO `__PREFIX__subadmin2` (`code`, `country_code`, `subadmin1_code`, `name`, `active`) VALUES ('CY.01.3354','CY','CY.01','{\"en\":\"Koróveia\"}',1);
INSERT INTO `__PREFIX__subadmin2` (`code`, `country_code`, `subadmin1_code`, `name`, `active`) VALUES ('CY.01.3355','CY','CY.01','{\"en\":\"Galinóporni\"}',1);
INSERT INTO `__PREFIX__subadmin2` (`code`, `country_code`, `subadmin1_code`, `name`, `active`) VALUES ('CY.01.3356','CY','CY.01','{\"en\":\"Rizokárpaso\"}',1);
INSERT INTO `__PREFIX__subadmin2` (`code`, `country_code`, `subadmin1_code`, `name`, `active`) VALUES ('CY.03.4000','CY','CY.03','{\"en\":\"Lárnaka\"}',1);
INSERT INTO `__PREFIX__subadmin2` (`code`, `country_code`, `subadmin1_code`, `name`, `active`) VALUES ('CY.03.4010','CY','CY.03','{\"en\":\"Aradíppou\"}',1);
INSERT INTO `__PREFIX__subadmin2` (`code`, `country_code`, `subadmin1_code`, `name`, `active`) VALUES ('CY.03.4100','CY','CY.03','{\"en\":\"Kelliá\"}',1);
INSERT INTO `__PREFIX__subadmin2` (`code`, `country_code`, `subadmin1_code`, `name`, `active`) VALUES ('CY.03.4101','CY','CY.03','{\"en\":\"Troúlloi\"}',1);
INSERT INTO `__PREFIX__subadmin2` (`code`, `country_code`, `subadmin1_code`, `name`, `active`) VALUES ('CY.03.4102','CY','CY.03','{\"en\":\"Voróklini\"}',1);
INSERT INTO `__PREFIX__subadmin2` (`code`, `country_code`, `subadmin1_code`, `name`, `active`) VALUES ('CY.03.4103','CY','CY.03','{\"en\":\"Avdelleró\"}',1);
INSERT INTO `__PREFIX__subadmin2` (`code`, `country_code`, `subadmin1_code`, `name`, `active`) VALUES ('CY.03.4104','CY','CY.03','{\"en\":\"Pýla\"}',1);
INSERT INTO `__PREFIX__subadmin2` (`code`, `country_code`, `subadmin1_code`, `name`, `active`) VALUES ('CY.03.4105','CY','CY.03','{\"en\":\"Xylotýmvou\"}',1);
INSERT INTO `__PREFIX__subadmin2` (`code`, `country_code`, `subadmin1_code`, `name`, `active`) VALUES ('CY.03.4106','CY','CY.03','{\"en\":\"Ormídeia\"}',1);
INSERT INTO `__PREFIX__subadmin2` (`code`, `country_code`, `subadmin1_code`, `name`, `active`) VALUES ('CY.03.4107','CY','CY.03','{\"en\":\"Xylofágou\"}',1);
INSERT INTO `__PREFIX__subadmin2` (`code`, `country_code`, `subadmin1_code`, `name`, `active`) VALUES ('CY.03.4108','CY','CY.03','{\"en\":\"Pérgamos\"}',1);
INSERT INTO `__PREFIX__subadmin2` (`code`, `country_code`, `subadmin1_code`, `name`, `active`) VALUES ('CY.03.4110','CY','CY.03','{\"en\":\"Kíti\"}',1);
INSERT INTO `__PREFIX__subadmin2` (`code`, `country_code`, `subadmin1_code`, `name`, `active`) VALUES ('CY.03.4112','CY','CY.03','{\"en\":\"Tersefánou\"}',1);
INSERT INTO `__PREFIX__subadmin2` (`code`, `country_code`, `subadmin1_code`, `name`, `active`) VALUES ('CY.03.4113','CY','CY.03','{\"en\":\"Softádes\"}',1);
INSERT INTO `__PREFIX__subadmin2` (`code`, `country_code`, `subadmin1_code`, `name`, `active`) VALUES ('CY.03.4120','CY','CY.03','{\"en\":\"Mazotós\"}',1);
INSERT INTO `__PREFIX__subadmin2` (`code`, `country_code`, `subadmin1_code`, `name`, `active`) VALUES ('CY.03.4121','CY','CY.03','{\"en\":\"Alaminós\"}',1);
INSERT INTO `__PREFIX__subadmin2` (`code`, `country_code`, `subadmin1_code`, `name`, `active`) VALUES ('CY.03.4122','CY','CY.03','{\"en\":\"Anafotída\"}',1);
INSERT INTO `__PREFIX__subadmin2` (`code`, `country_code`, `subadmin1_code`, `name`, `active`) VALUES ('CY.03.4215','CY','CY.03','{\"en\":\"Kórnos\"}',1);
INSERT INTO `__PREFIX__subadmin2` (`code`, `country_code`, `subadmin1_code`, `name`, `active`) VALUES ('CY.03.4123','CY','CY.03','{\"en\":\"Aplánta\"}',1);
INSERT INTO `__PREFIX__subadmin2` (`code`, `country_code`, `subadmin1_code`, `name`, `active`) VALUES ('CY.03.4124','CY','CY.03','{\"en\":\"Kivisíli\"}',1);
INSERT INTO `__PREFIX__subadmin2` (`code`, `country_code`, `subadmin1_code`, `name`, `active`) VALUES ('CY.03.4125','CY','CY.03','{\"en\":\"Alethrikó\"}',1);
INSERT INTO `__PREFIX__subadmin2` (`code`, `country_code`, `subadmin1_code`, `name`, `active`) VALUES ('CY.03.4126','CY','CY.03','{\"en\":\"Klavdiá\"}',1);
INSERT INTO `__PREFIX__subadmin2` (`code`, `country_code`, `subadmin1_code`, `name`, `active`) VALUES ('CY.03.4127','CY','CY.03','{\"en\":\"Anglisídes\"}',1);
INSERT INTO `__PREFIX__subadmin2` (`code`, `country_code`, `subadmin1_code`, `name`, `active`) VALUES ('CY.03.4128','CY','CY.03','{\"en\":\"Menógeia\"}',1);
INSERT INTO `__PREFIX__subadmin2` (`code`, `country_code`, `subadmin1_code`, `name`, `active`) VALUES ('CY.03.4201','CY','CY.03','{\"en\":\"Petrofáni\"}',1);
INSERT INTO `__PREFIX__subadmin2` (`code`, `country_code`, `subadmin1_code`, `name`, `active`) VALUES ('CY.03.4202','CY','CY.03','{\"en\":\"Athiénou\"}',1);
INSERT INTO `__PREFIX__subadmin2` (`code`, `country_code`, `subadmin1_code`, `name`, `active`) VALUES ('CY.03.4203','CY','CY.03','{\"en\":\"Meloúseia\"}',1);
INSERT INTO `__PREFIX__subadmin2` (`code`, `country_code`, `subadmin1_code`, `name`, `active`) VALUES ('CY.03.4204','CY','CY.03','{\"en\":\"Tremetousiá\"}',1);
INSERT INTO `__PREFIX__subadmin2` (`code`, `country_code`, `subadmin1_code`, `name`, `active`) VALUES ('CY.03.4205','CY','CY.03','{\"en\":\"Ársos\"}',1);
INSERT INTO `__PREFIX__subadmin2` (`code`, `country_code`, `subadmin1_code`, `name`, `active`) VALUES ('CY.03.4211','CY','CY.03','{\"en\":\"Agía Ánna\"}',1);
INSERT INTO `__PREFIX__subadmin2` (`code`, `country_code`, `subadmin1_code`, `name`, `active`) VALUES ('CY.03.4212','CY','CY.03','{\"en\":\"Mosfilotí\"}',1);
INSERT INTO `__PREFIX__subadmin2` (`code`, `country_code`, `subadmin1_code`, `name`, `active`) VALUES ('CY.03.4213','CY','CY.03','{\"en\":\"Psevdás\"}',1);
INSERT INTO `__PREFIX__subadmin2` (`code`, `country_code`, `subadmin1_code`, `name`, `active`) VALUES ('CY.03.4216','CY','CY.03','{\"en\":\"Delíkipos\"}',1);
INSERT INTO `__PREFIX__subadmin2` (`code`, `country_code`, `subadmin1_code`, `name`, `active`) VALUES ('CY.03.4217','CY','CY.03','{\"en\":\"Kóchi\"}',1);
INSERT INTO `__PREFIX__subadmin2` (`code`, `country_code`, `subadmin1_code`, `name`, `active`) VALUES ('CY.03.4300','CY','CY.03','{\"en\":\"Zýgi\"}',1);
INSERT INTO `__PREFIX__subadmin2` (`code`, `country_code`, `subadmin1_code`, `name`, `active`) VALUES ('CY.03.4301','CY','CY.03','{\"en\":\"Marí\"}',1);
INSERT INTO `__PREFIX__subadmin2` (`code`, `country_code`, `subadmin1_code`, `name`, `active`) VALUES ('CY.03.4302','CY','CY.03','{\"en\":\"Kalavasós\"}',1);
INSERT INTO `__PREFIX__subadmin2` (`code`, `country_code`, `subadmin1_code`, `name`, `active`) VALUES ('CY.03.4303','CY','CY.03','{\"en\":\"Tóchni\"}',1);
INSERT INTO `__PREFIX__subadmin2` (`code`, `country_code`, `subadmin1_code`, `name`, `active`) VALUES ('CY.03.4304','CY','CY.03','{\"en\":\"Choirokoitía\"}',1);
INSERT INTO `__PREFIX__subadmin2` (`code`, `country_code`, `subadmin1_code`, `name`, `active`) VALUES ('CY.03.4305','CY','CY.03','{\"en\":\"Psematisménos\"}',1);
INSERT INTO `__PREFIX__subadmin2` (`code`, `country_code`, `subadmin1_code`, `name`, `active`) VALUES ('CY.03.4306','CY','CY.03','{\"en\":\"Maróni\"}',1);
INSERT INTO `__PREFIX__subadmin2` (`code`, `country_code`, `subadmin1_code`, `name`, `active`) VALUES ('CY.03.4308','CY','CY.03','{\"en\":\"Skarínou\"}',1);
INSERT INTO `__PREFIX__subadmin2` (`code`, `country_code`, `subadmin1_code`, `name`, `active`) VALUES ('CY.03.4309','CY','CY.03','{\"en\":\"Kofínou\"}',1);
INSERT INTO `__PREFIX__subadmin2` (`code`, `country_code`, `subadmin1_code`, `name`, `active`) VALUES ('CY.03.4310','CY','CY.03','{\"en\":\"Káto Léfkara\"}',1);
INSERT INTO `__PREFIX__subadmin2` (`code`, `country_code`, `subadmin1_code`, `name`, `active`) VALUES ('CY.03.4311','CY','CY.03','{\"en\":\"Páno Léfkara\"}',1);
INSERT INTO `__PREFIX__subadmin2` (`code`, `country_code`, `subadmin1_code`, `name`, `active`) VALUES ('CY.03.4312','CY','CY.03','{\"en\":\"Káto Drys\"}',1);
INSERT INTO `__PREFIX__subadmin2` (`code`, `country_code`, `subadmin1_code`, `name`, `active`) VALUES ('CY.03.4313','CY','CY.03','{\"en\":\"Vávla\"}',1);
INSERT INTO `__PREFIX__subadmin2` (`code`, `country_code`, `subadmin1_code`, `name`, `active`) VALUES ('CY.03.4314','CY','CY.03','{\"en\":\"Lágeia\"}',1);
INSERT INTO `__PREFIX__subadmin2` (`code`, `country_code`, `subadmin1_code`, `name`, `active`) VALUES ('CY.03.4315','CY','CY.03','{\"en\":\"Orá\"}',1);
INSERT INTO `__PREFIX__subadmin2` (`code`, `country_code`, `subadmin1_code`, `name`, `active`) VALUES ('CY.03.4316','CY','CY.03','{\"en\":\"Melíni\"}',1);
INSERT INTO `__PREFIX__subadmin2` (`code`, `country_code`, `subadmin1_code`, `name`, `active`) VALUES ('CY.03.4317','CY','CY.03','{\"en\":\"Odoú\"}',1);
INSERT INTO `__PREFIX__subadmin2` (`code`, `country_code`, `subadmin1_code`, `name`, `active`) VALUES ('CY.03.4318','CY','CY.03','{\"en\":\"Ágioi Vavatsiniás\"}',1);
INSERT INTO `__PREFIX__subadmin2` (`code`, `country_code`, `subadmin1_code`, `name`, `active`) VALUES ('CY.03.4319','CY','CY.03','{\"en\":\"Vavatsiniá\"}',1);
INSERT INTO `__PREFIX__subadmin2` (`code`, `country_code`, `subadmin1_code`, `name`, `active`) VALUES ('CY.05.5000','CY','CY.05','{\"en\":\"Lemesós\"}',1);
INSERT INTO `__PREFIX__subadmin2` (`code`, `country_code`, `subadmin1_code`, `name`, `active`) VALUES ('CY.05.5011','CY','CY.05','{\"en\":\"Mésa Geitoniá\"}',1);
INSERT INTO `__PREFIX__subadmin2` (`code`, `country_code`, `subadmin1_code`, `name`, `active`) VALUES ('CY.05.5012','CY','CY.05','{\"en\":\"Ágios Athanásios\"}',1);
INSERT INTO `__PREFIX__subadmin2` (`code`, `country_code`, `subadmin1_code`, `name`, `active`) VALUES ('CY.05.5013','CY','CY.05','{\"en\":\"Germasógeia\"}',1);
INSERT INTO `__PREFIX__subadmin2` (`code`, `country_code`, `subadmin1_code`, `name`, `active`) VALUES ('CY.05.5020','CY','CY.05','{\"en\":\"Páno Polemídia\"}',1);
INSERT INTO `__PREFIX__subadmin2` (`code`, `country_code`, `subadmin1_code`, `name`, `active`) VALUES ('CY.05.5021','CY','CY.05','{\"en\":\"Ýpsonas\"}',1);
INSERT INTO `__PREFIX__subadmin2` (`code`, `country_code`, `subadmin1_code`, `name`, `active`) VALUES ('CY.05.5022','CY','CY.05','{\"en\":\"Káto Polemídia\"}',1);
INSERT INTO `__PREFIX__subadmin2` (`code`, `country_code`, `subadmin1_code`, `name`, `active`) VALUES ('CY.05.5100','CY','CY.05','{\"en\":\"Palódeia\"}',1);
INSERT INTO `__PREFIX__subadmin2` (`code`, `country_code`, `subadmin1_code`, `name`, `active`) VALUES ('CY.05.5101','CY','CY.05','{\"en\":\"Paramýtha\"}',1);
INSERT INTO `__PREFIX__subadmin2` (`code`, `country_code`, `subadmin1_code`, `name`, `active`) VALUES ('CY.05.5102','CY','CY.05','{\"en\":\"Spitáli\"}',1);
INSERT INTO `__PREFIX__subadmin2` (`code`, `country_code`, `subadmin1_code`, `name`, `active`) VALUES ('CY.05.5103','CY','CY.05','{\"en\":\"Fasoúla\"}',1);
INSERT INTO `__PREFIX__subadmin2` (`code`, `country_code`, `subadmin1_code`, `name`, `active`) VALUES ('CY.05.5104','CY','CY.05','{\"en\":\"Mathikolóni\"}',1);
INSERT INTO `__PREFIX__subadmin2` (`code`, `country_code`, `subadmin1_code`, `name`, `active`) VALUES ('CY.05.5105','CY','CY.05','{\"en\":\"Gerása\"}',1);
INSERT INTO `__PREFIX__subadmin2` (`code`, `country_code`, `subadmin1_code`, `name`, `active`) VALUES ('CY.05.5106','CY','CY.05','{\"en\":\"Apsioú\"}',1);
INSERT INTO `__PREFIX__subadmin2` (`code`, `country_code`, `subadmin1_code`, `name`, `active`) VALUES ('CY.05.5107','CY','CY.05','{\"en\":\"Apesiá\"}',1);
INSERT INTO `__PREFIX__subadmin2` (`code`, `country_code`, `subadmin1_code`, `name`, `active`) VALUES ('CY.05.5108','CY','CY.05','{\"en\":\"Korfí\"}',1);
INSERT INTO `__PREFIX__subadmin2` (`code`, `country_code`, `subadmin1_code`, `name`, `active`) VALUES ('CY.05.5109','CY','CY.05','{\"en\":\"Limnátis\"}',1);
INSERT INTO `__PREFIX__subadmin2` (`code`, `country_code`, `subadmin1_code`, `name`, `active`) VALUES ('CY.05.5110','CY','CY.05','{\"en\":\"Kapileió\"}',1);
INSERT INTO `__PREFIX__subadmin2` (`code`, `country_code`, `subadmin1_code`, `name`, `active`) VALUES ('CY.05.5120','CY','CY.05','{\"en\":\"Mouttagiáka\"}',1);
INSERT INTO `__PREFIX__subadmin2` (`code`, `country_code`, `subadmin1_code`, `name`, `active`) VALUES ('CY.05.5121','CY','CY.05','{\"en\":\"Armenochóri\"}',1);
INSERT INTO `__PREFIX__subadmin2` (`code`, `country_code`, `subadmin1_code`, `name`, `active`) VALUES ('CY.05.5122','CY','CY.05','{\"en\":\"Foinikária\"}',1);
INSERT INTO `__PREFIX__subadmin2` (`code`, `country_code`, `subadmin1_code`, `name`, `active`) VALUES ('CY.05.5123','CY','CY.05','{\"en\":\"Akroúnta\"}',1);
INSERT INTO `__PREFIX__subadmin2` (`code`, `country_code`, `subadmin1_code`, `name`, `active`) VALUES ('CY.05.5124','CY','CY.05','{\"en\":\"Ágios Týchon\"}',1);
INSERT INTO `__PREFIX__subadmin2` (`code`, `country_code`, `subadmin1_code`, `name`, `active`) VALUES ('CY.05.5125','CY','CY.05','{\"en\":\"Parekklisiá\"}',1);
INSERT INTO `__PREFIX__subadmin2` (`code`, `country_code`, `subadmin1_code`, `name`, `active`) VALUES ('CY.05.5126','CY','CY.05','{\"en\":\"Pentákomo\"}',1);
INSERT INTO `__PREFIX__subadmin2` (`code`, `country_code`, `subadmin1_code`, `name`, `active`) VALUES ('CY.05.5127','CY','CY.05','{\"en\":\"Monagroúlli\"}',1);
INSERT INTO `__PREFIX__subadmin2` (`code`, `country_code`, `subadmin1_code`, `name`, `active`) VALUES ('CY.05.5130','CY','CY.05','{\"en\":\"Asgáta\"}',1);
INSERT INTO `__PREFIX__subadmin2` (`code`, `country_code`, `subadmin1_code`, `name`, `active`) VALUES ('CY.05.5131','CY','CY.05','{\"en\":\"Vasa (Kellakiou)\"}',1);
INSERT INTO `__PREFIX__subadmin2` (`code`, `country_code`, `subadmin1_code`, `name`, `active`) VALUES ('CY.05.5132','CY','CY.05','{\"en\":\"Sanída\"}',1);
INSERT INTO `__PREFIX__subadmin2` (`code`, `country_code`, `subadmin1_code`, `name`, `active`) VALUES ('CY.05.5134','CY','CY.05','{\"en\":\"Klonári\"}',1);
INSERT INTO `__PREFIX__subadmin2` (`code`, `country_code`, `subadmin1_code`, `name`, `active`) VALUES ('CY.05.5135','CY','CY.05','{\"en\":\"Víkla\"}',1);
INSERT INTO `__PREFIX__subadmin2` (`code`, `country_code`, `subadmin1_code`, `name`, `active`) VALUES ('CY.05.5136','CY','CY.05','{\"en\":\"Kelláki\"}',1);
INSERT INTO `__PREFIX__subadmin2` (`code`, `country_code`, `subadmin1_code`, `name`, `active`) VALUES ('CY.05.5137','CY','CY.05','{\"en\":\"Akapnoú\"}',1);
INSERT INTO `__PREFIX__subadmin2` (`code`, `country_code`, `subadmin1_code`, `name`, `active`) VALUES ('CY.05.5138','CY','CY.05','{\"en\":\"Eptagóneia\"}',1);
INSERT INTO `__PREFIX__subadmin2` (`code`, `country_code`, `subadmin1_code`, `name`, `active`) VALUES ('CY.05.5140','CY','CY.05','{\"en\":\"Dieróna\"}',1);
INSERT INTO `__PREFIX__subadmin2` (`code`, `country_code`, `subadmin1_code`, `name`, `active`) VALUES ('CY.05.5141','CY','CY.05','{\"en\":\"Arakapás\"}',1);
INSERT INTO `__PREFIX__subadmin2` (`code`, `country_code`, `subadmin1_code`, `name`, `active`) VALUES ('CY.05.5142','CY','CY.05','{\"en\":\"Ágios Pávlos\"}',1);
INSERT INTO `__PREFIX__subadmin2` (`code`, `country_code`, `subadmin1_code`, `name`, `active`) VALUES ('CY.05.5143','CY','CY.05','{\"en\":\"Ágios Konstantínos\"}',1);
INSERT INTO `__PREFIX__subadmin2` (`code`, `country_code`, `subadmin1_code`, `name`, `active`) VALUES ('CY.05.5144','CY','CY.05','{\"en\":\"Sykópetra\"}',1);
INSERT INTO `__PREFIX__subadmin2` (`code`, `country_code`, `subadmin1_code`, `name`, `active`) VALUES ('CY.05.5145','CY','CY.05','{\"en\":\"Louvarás\"}',1);
INSERT INTO `__PREFIX__subadmin2` (`code`, `country_code`, `subadmin1_code`, `name`, `active`) VALUES ('CY.05.5147','CY','CY.05','{\"en\":\"Zoopigí\"}',1);
INSERT INTO `__PREFIX__subadmin2` (`code`, `country_code`, `subadmin1_code`, `name`, `active`) VALUES ('CY.05.5200','CY','CY.05','{\"en\":\"Akrotíri\"}',1);
INSERT INTO `__PREFIX__subadmin2` (`code`, `country_code`, `subadmin1_code`, `name`, `active`) VALUES ('CY.05.5202','CY','CY.05','{\"en\":\"Tserkézoi\"}',1);
INSERT INTO `__PREFIX__subadmin2` (`code`, `country_code`, `subadmin1_code`, `name`, `active`) VALUES ('CY.05.5210','CY','CY.05','{\"en\":\"Kolóssi\"}',1);
INSERT INTO `__PREFIX__subadmin2` (`code`, `country_code`, `subadmin1_code`, `name`, `active`) VALUES ('CY.05.5211','CY','CY.05','{\"en\":\"Erími\"}',1);
INSERT INTO `__PREFIX__subadmin2` (`code`, `country_code`, `subadmin1_code`, `name`, `active`) VALUES ('CY.05.5212','CY','CY.05','{\"en\":\"Episkopí\"}',1);
INSERT INTO `__PREFIX__subadmin2` (`code`, `country_code`, `subadmin1_code`, `name`, `active`) VALUES ('CY.05.5213','CY','CY.05','{\"en\":\"Kantoú\"}',1);
INSERT INTO `__PREFIX__subadmin2` (`code`, `country_code`, `subadmin1_code`, `name`, `active`) VALUES ('CY.05.5214','CY','CY.05','{\"en\":\"Sotíra\"}',1);
INSERT INTO `__PREFIX__subadmin2` (`code`, `country_code`, `subadmin1_code`, `name`, `active`) VALUES ('CY.05.5221','CY','CY.05','{\"en\":\"Paramáli\"}',1);
INSERT INTO `__PREFIX__subadmin2` (`code`, `country_code`, `subadmin1_code`, `name`, `active`) VALUES ('CY.05.5222','CY','CY.05','{\"en\":\"Avdímou\"}',1);
INSERT INTO `__PREFIX__subadmin2` (`code`, `country_code`, `subadmin1_code`, `name`, `active`) VALUES ('CY.05.5223','CY','CY.05','{\"en\":\"Platanísteia\"}',1);
INSERT INTO `__PREFIX__subadmin2` (`code`, `country_code`, `subadmin1_code`, `name`, `active`) VALUES ('CY.05.5224','CY','CY.05','{\"en\":\"Ágios Tomás\"}',1);
INSERT INTO `__PREFIX__subadmin2` (`code`, `country_code`, `subadmin1_code`, `name`, `active`) VALUES ('CY.05.5225','CY','CY.05','{\"en\":\"Aléktora\"}',1);
INSERT INTO `__PREFIX__subadmin2` (`code`, `country_code`, `subadmin1_code`, `name`, `active`) VALUES ('CY.05.5226','CY','CY.05','{\"en\":\"Anógyra\"}',1);
INSERT INTO `__PREFIX__subadmin2` (`code`, `country_code`, `subadmin1_code`, `name`, `active`) VALUES ('CY.05.5227','CY','CY.05','{\"en\":\"Pissoúri\"}',1);
INSERT INTO `__PREFIX__subadmin2` (`code`, `country_code`, `subadmin1_code`, `name`, `active`) VALUES ('CY.05.5300','CY','CY.05','{\"en\":\"Soúni-Zanakiá\"}',1);
INSERT INTO `__PREFIX__subadmin2` (`code`, `country_code`, `subadmin1_code`, `name`, `active`) VALUES ('CY.05.5302','CY','CY.05','{\"en\":\"Álassa\"}',1);
INSERT INTO `__PREFIX__subadmin2` (`code`, `country_code`, `subadmin1_code`, `name`, `active`) VALUES ('CY.05.5303','CY','CY.05','{\"en\":\"Káto Kivídes\"}',1);
INSERT INTO `__PREFIX__subadmin2` (`code`, `country_code`, `subadmin1_code`, `name`, `active`) VALUES ('CY.05.5304','CY','CY.05','{\"en\":\"Páno Kivídes\"}',1);
INSERT INTO `__PREFIX__subadmin2` (`code`, `country_code`, `subadmin1_code`, `name`, `active`) VALUES ('CY.05.5306','CY','CY.05','{\"en\":\"Ágios Therápon\"}',1);
INSERT INTO `__PREFIX__subadmin2` (`code`, `country_code`, `subadmin1_code`, `name`, `active`) VALUES ('CY.05.5307','CY','CY.05','{\"en\":\"Lófou\"}',1);
INSERT INTO `__PREFIX__subadmin2` (`code`, `country_code`, `subadmin1_code`, `name`, `active`) VALUES ('CY.05.5308','CY','CY.05','{\"en\":\"Páchna\"}',1);
INSERT INTO `__PREFIX__subadmin2` (`code`, `country_code`, `subadmin1_code`, `name`, `active`) VALUES ('CY.05.5311','CY','CY.05','{\"en\":\"Dorós\"}',1);
INSERT INTO `__PREFIX__subadmin2` (`code`, `country_code`, `subadmin1_code`, `name`, `active`) VALUES ('CY.05.5312','CY','CY.05','{\"en\":\"Láneia\"}',1);
INSERT INTO `__PREFIX__subadmin2` (`code`, `country_code`, `subadmin1_code`, `name`, `active`) VALUES ('CY.05.5313','CY','CY.05','{\"en\":\"Silíkou\"}',1);
INSERT INTO `__PREFIX__subadmin2` (`code`, `country_code`, `subadmin1_code`, `name`, `active`) VALUES ('CY.05.5314','CY','CY.05','{\"en\":\"Monágri\"}',1);
INSERT INTO `__PREFIX__subadmin2` (`code`, `country_code`, `subadmin1_code`, `name`, `active`) VALUES ('CY.05.5315','CY','CY.05','{\"en\":\"Trimíklini\"}',1);
INSERT INTO `__PREFIX__subadmin2` (`code`, `country_code`, `subadmin1_code`, `name`, `active`) VALUES ('CY.05.5316','CY','CY.05','{\"en\":\"Ágios Mámas\"}',1);
INSERT INTO `__PREFIX__subadmin2` (`code`, `country_code`, `subadmin1_code`, `name`, `active`) VALUES ('CY.05.5317','CY','CY.05','{\"en\":\"Kouká\"}',1);
INSERT INTO `__PREFIX__subadmin2` (`code`, `country_code`, `subadmin1_code`, `name`, `active`) VALUES ('CY.05.5318','CY','CY.05','{\"en\":\"Moniátis\"}',1);
INSERT INTO `__PREFIX__subadmin2` (`code`, `country_code`, `subadmin1_code`, `name`, `active`) VALUES ('CY.05.5320','CY','CY.05','{\"en\":\"Dorá\"}',1);
INSERT INTO `__PREFIX__subadmin2` (`code`, `country_code`, `subadmin1_code`, `name`, `active`) VALUES ('CY.05.5321','CY','CY.05','{\"en\":\"Gerovása\"}',1);
INSERT INTO `__PREFIX__subadmin2` (`code`, `country_code`, `subadmin1_code`, `name`, `active`) VALUES ('CY.05.5322','CY','CY.05','{\"en\":\"Ársos\"}',1);
INSERT INTO `__PREFIX__subadmin2` (`code`, `country_code`, `subadmin1_code`, `name`, `active`) VALUES ('CY.05.5323','CY','CY.05','{\"en\":\"Kissoúsa\"}',1);
INSERT INTO `__PREFIX__subadmin2` (`code`, `country_code`, `subadmin1_code`, `name`, `active`) VALUES ('CY.05.5324','CY','CY.05','{\"en\":\"Maliá\"}',1);
INSERT INTO `__PREFIX__subadmin2` (`code`, `country_code`, `subadmin1_code`, `name`, `active`) VALUES ('CY.05.5325','CY','CY.05','{\"en\":\"Vasa (Koilaniou)\"}',1);
INSERT INTO `__PREFIX__subadmin2` (`code`, `country_code`, `subadmin1_code`, `name`, `active`) VALUES ('CY.05.5326','CY','CY.05','{\"en\":\"Vouní\"}',1);
INSERT INTO `__PREFIX__subadmin2` (`code`, `country_code`, `subadmin1_code`, `name`, `active`) VALUES ('CY.05.5327','CY','CY.05','{\"en\":\"Péra Pedí\"}',1);
INSERT INTO `__PREFIX__subadmin2` (`code`, `country_code`, `subadmin1_code`, `name`, `active`) VALUES ('CY.05.5328','CY','CY.05','{\"en\":\"Mandriá\"}',1);
INSERT INTO `__PREFIX__subadmin2` (`code`, `country_code`, `subadmin1_code`, `name`, `active`) VALUES ('CY.05.5329','CY','CY.05','{\"en\":\"Potamioú\"}',1);
INSERT INTO `__PREFIX__subadmin2` (`code`, `country_code`, `subadmin1_code`, `name`, `active`) VALUES ('CY.05.5330','CY','CY.05','{\"en\":\"Ómodos\"}',1);
INSERT INTO `__PREFIX__subadmin2` (`code`, `country_code`, `subadmin1_code`, `name`, `active`) VALUES ('CY.05.5331','CY','CY.05','{\"en\":\"Koiláni\"}',1);
INSERT INTO `__PREFIX__subadmin2` (`code`, `country_code`, `subadmin1_code`, `name`, `active`) VALUES ('CY.05.5340','CY','CY.05','{\"en\":\"Ágios Dimítrios\"}',1);
INSERT INTO `__PREFIX__subadmin2` (`code`, `country_code`, `subadmin1_code`, `name`, `active`) VALUES ('CY.05.5341','CY','CY.05','{\"en\":\"Palaiómylos\"}',1);
INSERT INTO `__PREFIX__subadmin2` (`code`, `country_code`, `subadmin1_code`, `name`, `active`) VALUES ('CY.05.5342','CY','CY.05','{\"en\":\"Pródromos\"}',1);
INSERT INTO `__PREFIX__subadmin2` (`code`, `country_code`, `subadmin1_code`, `name`, `active`) VALUES ('CY.05.5343','CY','CY.05','{\"en\":\"Kaminária\"}',1);
INSERT INTO `__PREFIX__subadmin2` (`code`, `country_code`, `subadmin1_code`, `name`, `active`) VALUES ('CY.05.5344','CY','CY.05','{\"en\":\"Treis Eliés\"}',1);
INSERT INTO `__PREFIX__subadmin2` (`code`, `country_code`, `subadmin1_code`, `name`, `active`) VALUES ('CY.05.5345','CY','CY.05','{\"en\":\"Lemíthou\"}',1);
INSERT INTO `__PREFIX__subadmin2` (`code`, `country_code`, `subadmin1_code`, `name`, `active`) VALUES ('CY.05.5350','CY','CY.05','{\"en\":\"Káto Plátres\"}',1);
INSERT INTO `__PREFIX__subadmin2` (`code`, `country_code`, `subadmin1_code`, `name`, `active`) VALUES ('CY.05.5351','CY','CY.05','{\"en\":\"Páno Plátres\"}',1);
INSERT INTO `__PREFIX__subadmin2` (`code`, `country_code`, `subadmin1_code`, `name`, `active`) VALUES ('CY.05.5352','CY','CY.05','{\"en\":\"Foiní\"}',1);
INSERT INTO `__PREFIX__subadmin2` (`code`, `country_code`, `subadmin1_code`, `name`, `active`) VALUES ('CY.05.5355','CY','CY.05','{\"en\":\"Amíantos\"}',1);
INSERT INTO `__PREFIX__subadmin2` (`code`, `country_code`, `subadmin1_code`, `name`, `active`) VALUES ('CY.05.5362','CY','CY.05','{\"en\":\"Káto Mýlos\"}',1);
INSERT INTO `__PREFIX__subadmin2` (`code`, `country_code`, `subadmin1_code`, `name`, `active`) VALUES ('CY.05.5363','CY','CY.05','{\"en\":\"Potamítissa\"}',1);
INSERT INTO `__PREFIX__subadmin2` (`code`, `country_code`, `subadmin1_code`, `name`, `active`) VALUES ('CY.05.5364','CY','CY.05','{\"en\":\"Dýmes\"}',1);
INSERT INTO `__PREFIX__subadmin2` (`code`, `country_code`, `subadmin1_code`, `name`, `active`) VALUES ('CY.05.5365','CY','CY.05','{\"en\":\"Peléndri\"}',1);
INSERT INTO `__PREFIX__subadmin2` (`code`, `country_code`, `subadmin1_code`, `name`, `active`) VALUES ('CY.05.5366','CY','CY.05','{\"en\":\"Agrós\"}',1);
INSERT INTO `__PREFIX__subadmin2` (`code`, `country_code`, `subadmin1_code`, `name`, `active`) VALUES ('CY.05.5367','CY','CY.05','{\"en\":\"Agrídia\"}',1);
INSERT INTO `__PREFIX__subadmin2` (`code`, `country_code`, `subadmin1_code`, `name`, `active`) VALUES ('CY.05.5368','CY','CY.05','{\"en\":\"Chandriá\"}',1);
INSERT INTO `__PREFIX__subadmin2` (`code`, `country_code`, `subadmin1_code`, `name`, `active`) VALUES ('CY.05.5369','CY','CY.05','{\"en\":\"Kyperoúnta\"}',1);
INSERT INTO `__PREFIX__subadmin2` (`code`, `country_code`, `subadmin1_code`, `name`, `active`) VALUES ('CY.06.6000','CY','CY.06','{\"en\":\"Páfos\"}',1);
INSERT INTO `__PREFIX__subadmin2` (`code`, `country_code`, `subadmin1_code`, `name`, `active`) VALUES ('CY.06.6010','CY','CY.06','{\"en\":\"Geroskípou Municipality\"}',1);
INSERT INTO `__PREFIX__subadmin2` (`code`, `country_code`, `subadmin1_code`, `name`, `active`) VALUES ('CY.06.6011','CY','CY.06','{\"en\":\"Koniá\"}',1);
INSERT INTO `__PREFIX__subadmin2` (`code`, `country_code`, `subadmin1_code`, `name`, `active`) VALUES ('CY.06.6012','CY','CY.06','{\"en\":\"Agía Marinoúda\"}',1);
INSERT INTO `__PREFIX__subadmin2` (`code`, `country_code`, `subadmin1_code`, `name`, `active`) VALUES ('CY.06.6014','CY','CY.06','{\"en\":\"Achéleia\"}',1);
INSERT INTO `__PREFIX__subadmin2` (`code`, `country_code`, `subadmin1_code`, `name`, `active`) VALUES ('CY.06.6020','CY','CY.06','{\"en\":\"Chlórakas\"}',1);
INSERT INTO `__PREFIX__subadmin2` (`code`, `country_code`, `subadmin1_code`, `name`, `active`) VALUES ('CY.06.6021','CY','CY.06','{\"en\":\"Lémpa\"}',1);
INSERT INTO `__PREFIX__subadmin2` (`code`, `country_code`, `subadmin1_code`, `name`, `active`) VALUES ('CY.06.6022','CY','CY.06','{\"en\":\"Émpa\"}',1);
INSERT INTO `__PREFIX__subadmin2` (`code`, `country_code`, `subadmin1_code`, `name`, `active`) VALUES ('CY.06.6023','CY','CY.06','{\"en\":\"Tremithoúsa\"}',1);
INSERT INTO `__PREFIX__subadmin2` (`code`, `country_code`, `subadmin1_code`, `name`, `active`) VALUES ('CY.06.6024','CY','CY.06','{\"en\":\"Mésa Chorió\"}',1);
INSERT INTO `__PREFIX__subadmin2` (`code`, `country_code`, `subadmin1_code`, `name`, `active`) VALUES ('CY.06.6025','CY','CY.06','{\"en\":\"Mesógi\"}',1);
INSERT INTO `__PREFIX__subadmin2` (`code`, `country_code`, `subadmin1_code`, `name`, `active`) VALUES ('CY.06.6026','CY','CY.06','{\"en\":\"Tála\"}',1);
INSERT INTO `__PREFIX__subadmin2` (`code`, `country_code`, `subadmin1_code`, `name`, `active`) VALUES ('CY.06.6027','CY','CY.06','{\"en\":\"Kissónerga\"}',1);
INSERT INTO `__PREFIX__subadmin2` (`code`, `country_code`, `subadmin1_code`, `name`, `active`) VALUES ('CY.06.6100','CY','CY.06','{\"en\":\"Koúklia\"}',1);
INSERT INTO `__PREFIX__subadmin2` (`code`, `country_code`, `subadmin1_code`, `name`, `active`) VALUES ('CY.06.6101','CY','CY.06','{\"en\":\"Mandriá\"}',1);
INSERT INTO `__PREFIX__subadmin2` (`code`, `country_code`, `subadmin1_code`, `name`, `active`) VALUES ('CY.06.6102','CY','CY.06','{\"en\":\"Nikókleia\"}',1);
INSERT INTO `__PREFIX__subadmin2` (`code`, `country_code`, `subadmin1_code`, `name`, `active`) VALUES ('CY.06.6103','CY','CY.06','{\"en\":\"Souskioú\"}',1);
INSERT INTO `__PREFIX__subadmin2` (`code`, `country_code`, `subadmin1_code`, `name`, `active`) VALUES ('CY.06.6104','CY','CY.06','{\"en\":\"Tími\"}',1);
INSERT INTO `__PREFIX__subadmin2` (`code`, `country_code`, `subadmin1_code`, `name`, `active`) VALUES ('CY.06.6107','CY','CY.06','{\"en\":\"Anaríta\"}',1);
INSERT INTO `__PREFIX__subadmin2` (`code`, `country_code`, `subadmin1_code`, `name`, `active`) VALUES ('CY.06.6108','CY','CY.06','{\"en\":\"Foínikas\"}',1);
INSERT INTO `__PREFIX__subadmin2` (`code`, `country_code`, `subadmin1_code`, `name`, `active`) VALUES ('CY.06.6110','CY','CY.06','{\"en\":\"Marathoúnta\"}',1);
INSERT INTO `__PREFIX__subadmin2` (`code`, `country_code`, `subadmin1_code`, `name`, `active`) VALUES ('CY.06.6111','CY','CY.06','{\"en\":\"Ármou\"}',1);
INSERT INTO `__PREFIX__subadmin2` (`code`, `country_code`, `subadmin1_code`, `name`, `active`) VALUES ('CY.06.6112','CY','CY.06','{\"en\":\"Episkopí\"}',1);
INSERT INTO `__PREFIX__subadmin2` (`code`, `country_code`, `subadmin1_code`, `name`, `active`) VALUES ('CY.06.6113','CY','CY.06','{\"en\":\"Natá\"}',1);
INSERT INTO `__PREFIX__subadmin2` (`code`, `country_code`, `subadmin1_code`, `name`, `active`) VALUES ('CY.06.6114','CY','CY.06','{\"en\":\"Cholétria\"}',1);
INSERT INTO `__PREFIX__subadmin2` (`code`, `country_code`, `subadmin1_code`, `name`, `active`) VALUES ('CY.06.6115','CY','CY.06','{\"en\":\"Axýlou\"}',1);
INSERT INTO `__PREFIX__subadmin2` (`code`, `country_code`, `subadmin1_code`, `name`, `active`) VALUES ('CY.06.6116','CY','CY.06','{\"en\":\"Eledió\"}',1);
INSERT INTO `__PREFIX__subadmin2` (`code`, `country_code`, `subadmin1_code`, `name`, `active`) VALUES ('CY.06.6120','CY','CY.06','{\"en\":\"Tsáda\"}',1);
INSERT INTO `__PREFIX__subadmin2` (`code`, `country_code`, `subadmin1_code`, `name`, `active`) VALUES ('CY.06.6121','CY','CY.06','{\"en\":\"Koíli\"}',1);
INSERT INTO `__PREFIX__subadmin2` (`code`, `country_code`, `subadmin1_code`, `name`, `active`) VALUES ('CY.06.6122','CY','CY.06','{\"en\":\"Stroumpí\"}',1);
INSERT INTO `__PREFIX__subadmin2` (`code`, `country_code`, `subadmin1_code`, `name`, `active`) VALUES ('CY.06.6123','CY','CY.06','{\"en\":\"Polémi\"}',1);
INSERT INTO `__PREFIX__subadmin2` (`code`, `country_code`, `subadmin1_code`, `name`, `active`) VALUES ('CY.06.6124','CY','CY.06','{\"en\":\"Kallépeia\"}',1);
INSERT INTO `__PREFIX__subadmin2` (`code`, `country_code`, `subadmin1_code`, `name`, `active`) VALUES ('CY.06.6125','CY','CY.06','{\"en\":\"Letýmvou\"}',1);
INSERT INTO `__PREFIX__subadmin2` (`code`, `country_code`, `subadmin1_code`, `name`, `active`) VALUES ('CY.06.6126','CY','CY.06','{\"en\":\"Pitargoú\"}',1);
INSERT INTO `__PREFIX__subadmin2` (`code`, `country_code`, `subadmin1_code`, `name`, `active`) VALUES ('CY.06.6127','CY','CY.06','{\"en\":\"Koúrdaka\"}',1);
INSERT INTO `__PREFIX__subadmin2` (`code`, `country_code`, `subadmin1_code`, `name`, `active`) VALUES ('CY.06.6128','CY','CY.06','{\"en\":\"Lemóna\"}',1);
INSERT INTO `__PREFIX__subadmin2` (`code`, `country_code`, `subadmin1_code`, `name`, `active`) VALUES ('CY.06.6129','CY','CY.06','{\"en\":\"Choúlou\"}',1);
INSERT INTO `__PREFIX__subadmin2` (`code`, `country_code`, `subadmin1_code`, `name`, `active`) VALUES ('CY.06.6130','CY','CY.06','{\"en\":\"Akoursós\"}',1);
INSERT INTO `__PREFIX__subadmin2` (`code`, `country_code`, `subadmin1_code`, `name`, `active`) VALUES ('CY.06.6132','CY','CY.06','{\"en\":\"Káthikas\"}',1);
INSERT INTO `__PREFIX__subadmin2` (`code`, `country_code`, `subadmin1_code`, `name`, `active`) VALUES ('CY.06.6133','CY','CY.06','{\"en\":\"Pégeia\"}',1);
INSERT INTO `__PREFIX__subadmin2` (`code`, `country_code`, `subadmin1_code`, `name`, `active`) VALUES ('CY.06.6200','CY','CY.06','{\"en\":\"Páno Archimandríta\"}',1);
INSERT INTO `__PREFIX__subadmin2` (`code`, `country_code`, `subadmin1_code`, `name`, `active`) VALUES ('CY.06.6201','CY','CY.06','{\"en\":\"Fasoúla\"}',1);
INSERT INTO `__PREFIX__subadmin2` (`code`, `country_code`, `subadmin1_code`, `name`, `active`) VALUES ('CY.06.6202','CY','CY.06','{\"en\":\"Moúsere\"}',1);
INSERT INTO `__PREFIX__subadmin2` (`code`, `country_code`, `subadmin1_code`, `name`, `active`) VALUES ('CY.06.6203','CY','CY.06','{\"en\":\"Máronas\"}',1);
INSERT INTO `__PREFIX__subadmin2` (`code`, `country_code`, `subadmin1_code`, `name`, `active`) VALUES ('CY.06.6204','CY','CY.06','{\"en\":\"Mamónia\"}',1);
INSERT INTO `__PREFIX__subadmin2` (`code`, `country_code`, `subadmin1_code`, `name`, `active`) VALUES ('CY.06.6206','CY','CY.06','{\"en\":\"Stavrokónnou\"}',1);
INSERT INTO `__PREFIX__subadmin2` (`code`, `country_code`, `subadmin1_code`, `name`, `active`) VALUES ('CY.06.6208','CY','CY.06','{\"en\":\"Trachypédoula\"}',1);
INSERT INTO `__PREFIX__subadmin2` (`code`, `country_code`, `subadmin1_code`, `name`, `active`) VALUES ('CY.06.6210','CY','CY.06','{\"en\":\"Kelokédara\"}',1);
INSERT INTO `__PREFIX__subadmin2` (`code`, `country_code`, `subadmin1_code`, `name`, `active`) VALUES ('CY.06.6211','CY','CY.06','{\"en\":\"Salamioú\"}',1);
INSERT INTO `__PREFIX__subadmin2` (`code`, `country_code`, `subadmin1_code`, `name`, `active`) VALUES ('CY.06.6212','CY','CY.06','{\"en\":\"Kidási\"}',1);
INSERT INTO `__PREFIX__subadmin2` (`code`, `country_code`, `subadmin1_code`, `name`, `active`) VALUES ('CY.06.6213','CY','CY.06','{\"en\":\"Kédares\"}',1);
INSERT INTO `__PREFIX__subadmin2` (`code`, `country_code`, `subadmin1_code`, `name`, `active`) VALUES ('CY.06.6214','CY','CY.06','{\"en\":\"Mésana\"}',1);
INSERT INTO `__PREFIX__subadmin2` (`code`, `country_code`, `subadmin1_code`, `name`, `active`) VALUES ('CY.06.6215','CY','CY.06','{\"en\":\"Praitóri\"}',1);
INSERT INTO `__PREFIX__subadmin2` (`code`, `country_code`, `subadmin1_code`, `name`, `active`) VALUES ('CY.06.6216','CY','CY.06','{\"en\":\"Filousa (Kelokedaron)\"}',1);
INSERT INTO `__PREFIX__subadmin2` (`code`, `country_code`, `subadmin1_code`, `name`, `active`) VALUES ('CY.06.6217','CY','CY.06','{\"en\":\"Armínou\"}',1);
INSERT INTO `__PREFIX__subadmin2` (`code`, `country_code`, `subadmin1_code`, `name`, `active`) VALUES ('CY.06.6220','CY','CY.06','{\"en\":\"Amargéti\"}',1);
INSERT INTO `__PREFIX__subadmin2` (`code`, `country_code`, `subadmin1_code`, `name`, `active`) VALUES ('CY.06.6222','CY','CY.06','{\"en\":\"Pentaliá\"}',1);
INSERT INTO `__PREFIX__subadmin2` (`code`, `country_code`, `subadmin1_code`, `name`, `active`) VALUES ('CY.06.6223','CY','CY.06','{\"en\":\"Fáleia\"}',1);
INSERT INTO `__PREFIX__subadmin2` (`code`, `country_code`, `subadmin1_code`, `name`, `active`) VALUES ('CY.06.6224','CY','CY.06','{\"en\":\"Galatariá\"}',1);
INSERT INTO `__PREFIX__subadmin2` (`code`, `country_code`, `subadmin1_code`, `name`, `active`) VALUES ('CY.06.6225','CY','CY.06','{\"en\":\"Koilíneia\"}',1);
INSERT INTO `__PREFIX__subadmin2` (`code`, `country_code`, `subadmin1_code`, `name`, `active`) VALUES ('CY.06.6226','CY','CY.06','{\"en\":\"Vrétsia\"}',1);
INSERT INTO `__PREFIX__subadmin2` (`code`, `country_code`, `subadmin1_code`, `name`, `active`) VALUES ('CY.06.6227','CY','CY.06','{\"en\":\"Statós-Ágios Fótios\"}',1);
INSERT INTO `__PREFIX__subadmin2` (`code`, `country_code`, `subadmin1_code`, `name`, `active`) VALUES ('CY.06.6228','CY','CY.06','{\"en\":\"Lapithioú\"}',1);
INSERT INTO `__PREFIX__subadmin2` (`code`, `country_code`, `subadmin1_code`, `name`, `active`) VALUES ('CY.06.6229','CY','CY.06','{\"en\":\"Mamoúntali\"}',1);
INSERT INTO `__PREFIX__subadmin2` (`code`, `country_code`, `subadmin1_code`, `name`, `active`) VALUES ('CY.06.6230','CY','CY.06','{\"en\":\"Páno Panagiá\"}',1);
INSERT INTO `__PREFIX__subadmin2` (`code`, `country_code`, `subadmin1_code`, `name`, `active`) VALUES ('CY.06.6231','CY','CY.06','{\"en\":\"Asprogiá\"}',1);
INSERT INTO `__PREFIX__subadmin2` (`code`, `country_code`, `subadmin1_code`, `name`, `active`) VALUES ('CY.06.6300','CY','CY.06','{\"en\":\"Psathí\"}',1);
INSERT INTO `__PREFIX__subadmin2` (`code`, `country_code`, `subadmin1_code`, `name`, `active`) VALUES ('CY.06.6301','CY','CY.06','{\"en\":\"Ágios Dimitrianós\"}',1);
INSERT INTO `__PREFIX__subadmin2` (`code`, `country_code`, `subadmin1_code`, `name`, `active`) VALUES ('CY.06.6302','CY','CY.06','{\"en\":\"Kannavioú-Melamioú\"}',1);
INSERT INTO `__PREFIX__subadmin2` (`code`, `country_code`, `subadmin1_code`, `name`, `active`) VALUES ('CY.06.6303','CY','CY.06','{\"en\":\"Thriniá\"}',1);
INSERT INTO `__PREFIX__subadmin2` (`code`, `country_code`, `subadmin1_code`, `name`, `active`) VALUES ('CY.06.6305','CY','CY.06','{\"en\":\"Krítou Maróttou\"}',1);
INSERT INTO `__PREFIX__subadmin2` (`code`, `country_code`, `subadmin1_code`, `name`, `active`) VALUES ('CY.06.6306','CY','CY.06','{\"en\":\"Fýti\"}',1);
INSERT INTO `__PREFIX__subadmin2` (`code`, `country_code`, `subadmin1_code`, `name`, `active`) VALUES ('CY.06.6307','CY','CY.06','{\"en\":\"Lása\"}',1);
INSERT INTO `__PREFIX__subadmin2` (`code`, `country_code`, `subadmin1_code`, `name`, `active`) VALUES ('CY.06.6308','CY','CY.06','{\"en\":\"Drýmou\"}',1);
INSERT INTO `__PREFIX__subadmin2` (`code`, `country_code`, `subadmin1_code`, `name`, `active`) VALUES ('CY.06.6310','CY','CY.06','{\"en\":\"Símou\"}',1);
INSERT INTO `__PREFIX__subadmin2` (`code`, `country_code`, `subadmin1_code`, `name`, `active`) VALUES ('CY.06.6311','CY','CY.06','{\"en\":\"Anadioú\"}',1);
INSERT INTO `__PREFIX__subadmin2` (`code`, `country_code`, `subadmin1_code`, `name`, `active`) VALUES ('CY.06.6312','CY','CY.06','{\"en\":\"Sárama\"}',1);
INSERT INTO `__PREFIX__subadmin2` (`code`, `country_code`, `subadmin1_code`, `name`, `active`) VALUES ('CY.06.6313','CY','CY.06','{\"en\":\"Evrétou\"}',1);
INSERT INTO `__PREFIX__subadmin2` (`code`, `country_code`, `subadmin1_code`, `name`, `active`) VALUES ('CY.06.6314','CY','CY.06','{\"en\":\"Trimithoúsa\"}',1);
INSERT INTO `__PREFIX__subadmin2` (`code`, `country_code`, `subadmin1_code`, `name`, `active`) VALUES ('CY.06.6315','CY','CY.06','{\"en\":\"Filousa (Chrysoxous)\"}',1);
INSERT INTO `__PREFIX__subadmin2` (`code`, `country_code`, `subadmin1_code`, `name`, `active`) VALUES ('CY.06.6316','CY','CY.06','{\"en\":\"Kiós\"}',1);
INSERT INTO `__PREFIX__subadmin2` (`code`, `country_code`, `subadmin1_code`, `name`, `active`) VALUES ('CY.06.6317','CY','CY.06','{\"en\":\"Zachariá\"}',1);
INSERT INTO `__PREFIX__subadmin2` (`code`, `country_code`, `subadmin1_code`, `name`, `active`) VALUES ('CY.06.6318','CY','CY.06','{\"en\":\"Meládeia\"}',1);
INSERT INTO `__PREFIX__subadmin2` (`code`, `country_code`, `subadmin1_code`, `name`, `active`) VALUES ('CY.06.6319','CY','CY.06','{\"en\":\"Mélandra\"}',1);
INSERT INTO `__PREFIX__subadmin2` (`code`, `country_code`, `subadmin1_code`, `name`, `active`) VALUES ('CY.06.6320','CY','CY.06','{\"en\":\"Lysós\"}',1);
INSERT INTO `__PREFIX__subadmin2` (`code`, `country_code`, `subadmin1_code`, `name`, `active`) VALUES ('CY.06.6330','CY','CY.06','{\"en\":\"Thelétra\"}',1);
INSERT INTO `__PREFIX__subadmin2` (`code`, `country_code`, `subadmin1_code`, `name`, `active`) VALUES ('CY.06.6331','CY','CY.06','{\"en\":\"Giólou\"}',1);
INSERT INTO `__PREFIX__subadmin2` (`code`, `country_code`, `subadmin1_code`, `name`, `active`) VALUES ('CY.06.6332','CY','CY.06','{\"en\":\"Páno Akourdáleia\"}',1);
INSERT INTO `__PREFIX__subadmin2` (`code`, `country_code`, `subadmin1_code`, `name`, `active`) VALUES ('CY.06.6333','CY','CY.06','{\"en\":\"Milioú\"}',1);
INSERT INTO `__PREFIX__subadmin2` (`code`, `country_code`, `subadmin1_code`, `name`, `active`) VALUES ('CY.06.6334','CY','CY.06','{\"en\":\"Káto Akourdáleia\"}',1);
INSERT INTO `__PREFIX__subadmin2` (`code`, `country_code`, `subadmin1_code`, `name`, `active`) VALUES ('CY.06.6335','CY','CY.06','{\"en\":\"Téra\"}',1);
INSERT INTO `__PREFIX__subadmin2` (`code`, `country_code`, `subadmin1_code`, `name`, `active`) VALUES ('CY.06.6336','CY','CY.06','{\"en\":\"Krítou Téra\"}',1);
INSERT INTO `__PREFIX__subadmin2` (`code`, `country_code`, `subadmin1_code`, `name`, `active`) VALUES ('CY.06.6337','CY','CY.06','{\"en\":\"Skoúlli\"}',1);
INSERT INTO `__PREFIX__subadmin2` (`code`, `country_code`, `subadmin1_code`, `name`, `active`) VALUES ('CY.06.6338','CY','CY.06','{\"en\":\"Chóli\"}',1);
INSERT INTO `__PREFIX__subadmin2` (`code`, `country_code`, `subadmin1_code`, `name`, `active`) VALUES ('CY.06.6339','CY','CY.06','{\"en\":\"Loukroúnou\"}',1);
INSERT INTO `__PREFIX__subadmin2` (`code`, `country_code`, `subadmin1_code`, `name`, `active`) VALUES ('CY.06.6340','CY','CY.06','{\"en\":\"Karamoullídes\"}',1);
INSERT INTO `__PREFIX__subadmin2` (`code`, `country_code`, `subadmin1_code`, `name`, `active`) VALUES ('CY.06.6341','CY','CY.06','{\"en\":\"Chrysochoú\"}',1);
INSERT INTO `__PREFIX__subadmin2` (`code`, `country_code`, `subadmin1_code`, `name`, `active`) VALUES ('CY.06.6343','CY','CY.06','{\"en\":\"Pólis\"}',1);
INSERT INTO `__PREFIX__subadmin2` (`code`, `country_code`, `subadmin1_code`, `name`, `active`) VALUES ('CY.06.6344','CY','CY.06','{\"en\":\"Néo Chorió\"}',1);
INSERT INTO `__PREFIX__subadmin2` (`code`, `country_code`, `subadmin1_code`, `name`, `active`) VALUES ('CY.06.6345','CY','CY.06','{\"en\":\"Goudí\"}',1);
INSERT INTO `__PREFIX__subadmin2` (`code`, `country_code`, `subadmin1_code`, `name`, `active`) VALUES ('CY.06.6350','CY','CY.06','{\"en\":\"Káto Aródes\"}',1);
INSERT INTO `__PREFIX__subadmin2` (`code`, `country_code`, `subadmin1_code`, `name`, `active`) VALUES ('CY.06.6351','CY','CY.06','{\"en\":\"Páno Aródes\"}',1);
INSERT INTO `__PREFIX__subadmin2` (`code`, `country_code`, `subadmin1_code`, `name`, `active`) VALUES ('CY.06.6352','CY','CY.06','{\"en\":\"Íneia\"}',1);
INSERT INTO `__PREFIX__subadmin2` (`code`, `country_code`, `subadmin1_code`, `name`, `active`) VALUES ('CY.06.6353','CY','CY.06','{\"en\":\"Droúseia\"}',1);
INSERT INTO `__PREFIX__subadmin2` (`code`, `country_code`, `subadmin1_code`, `name`, `active`) VALUES ('CY.06.6354','CY','CY.06','{\"en\":\"Fásli\"}',1);
INSERT INTO `__PREFIX__subadmin2` (`code`, `country_code`, `subadmin1_code`, `name`, `active`) VALUES ('CY.06.6355','CY','CY.06','{\"en\":\"Androlíkou\"}',1);
INSERT INTO `__PREFIX__subadmin2` (`code`, `country_code`, `subadmin1_code`, `name`, `active`) VALUES ('CY.06.6360','CY','CY.06','{\"en\":\"Pelathoúsa\"}',1);
INSERT INTO `__PREFIX__subadmin2` (`code`, `country_code`, `subadmin1_code`, `name`, `active`) VALUES ('CY.06.6361','CY','CY.06','{\"en\":\"Kynoúsa\"}',1);
INSERT INTO `__PREFIX__subadmin2` (`code`, `country_code`, `subadmin1_code`, `name`, `active`) VALUES ('CY.06.6362','CY','CY.06','{\"en\":\"Makoúnta\"}',1);
INSERT INTO `__PREFIX__subadmin2` (`code`, `country_code`, `subadmin1_code`, `name`, `active`) VALUES ('CY.06.6363','CY','CY.06','{\"en\":\"Argáka\"}',1);
INSERT INTO `__PREFIX__subadmin2` (`code`, `country_code`, `subadmin1_code`, `name`, `active`) VALUES ('CY.06.6364','CY','CY.06','{\"en\":\"Gialiá\"}',1);
INSERT INTO `__PREFIX__subadmin2` (`code`, `country_code`, `subadmin1_code`, `name`, `active`) VALUES ('CY.06.6366','CY','CY.06','{\"en\":\"Néa Dímmata\"}',1);
INSERT INTO `__PREFIX__subadmin2` (`code`, `country_code`, `subadmin1_code`, `name`, `active`) VALUES ('CY.06.6367','CY','CY.06','{\"en\":\"Pomós\"}',1);
INSERT INTO `__PREFIX__subadmin2` (`code`, `country_code`, `subadmin1_code`, `name`, `active`) VALUES ('CY.06.6368','CY','CY.06','{\"en\":\"Stení\"}',1);
INSERT INTO `__PREFIX__subadmin2` (`code`, `country_code`, `subadmin1_code`, `name`, `active`) VALUES ('CY.06.6369','CY','CY.06','{\"en\":\"Ágios Isídoros\"}',1);
INSERT INTO `__PREFIX__subadmin2` (`code`, `country_code`, `subadmin1_code`, `name`, `active`) VALUES ('CY.06.6370','CY','CY.06','{\"en\":\"Livádi\"}',1);
INSERT INTO `__PREFIX__subadmin2` (`code`, `country_code`, `subadmin1_code`, `name`, `active`) VALUES ('CY.04.1000','CY','CY.04','{\"en\":\"Nicosia Municipality\"}',1);
INSERT INTO `__PREFIX__subadmin2` (`code`, `country_code`, `subadmin1_code`, `name`, `active`) VALUES ('CY.06.6106','CY','CY.06','{\"en\":\"Agia Varvara (Pafou)\"}',1);
INSERT INTO `__PREFIX__subadmin2` (`code`, `country_code`, `subadmin1_code`, `name`, `active`) VALUES ('CY.05.5203','CY','CY.05','{\"en\":\"Trachoni (Lemesou)\"}',1);
INSERT INTO `__PREFIX__subadmin2` (`code`, `country_code`, `subadmin1_code`, `name`, `active`) VALUES ('CY.05.5201','CY','CY.05','{\"en\":\"Asomatos (Lemesou)\"}',1);
INSERT INTO `__PREFIX__subadmin2` (`code`, `country_code`, `subadmin1_code`, `name`, `active`) VALUES ('CY.06.6304','CY','CY.06','{\"en\":\"Milia Pafou\"}',1);
INSERT INTO `__PREFIX__subadmin2` (`code`, `country_code`, `subadmin1_code`, `name`, `active`) VALUES ('CY.03.4214','CY','CY.03','{\"en\":\"Pyrga (Larnakas)\"}',1);
INSERT INTO `__PREFIX__subadmin2` (`code`, `country_code`, `subadmin1_code`, `name`, `active`) VALUES ('CY.06.6365','CY','CY.06','{\"en\":\"Agia Marina (Chrysoxous)\"}',1);
INSERT INTO `__PREFIX__subadmin2` (`code`, `country_code`, `subadmin1_code`, `name`, `active`) VALUES ('CY.05.5360','CY','CY.05','{\"en\":\"Agios Theodoros (Lemesou)\"}',1);
INSERT INTO `__PREFIX__subadmin2` (`code`, `country_code`, `subadmin1_code`, `name`, `active`) VALUES ('CY.05.5361','CY','CY.05','{\"en\":\"Agios Ioannis (Lemesou)\"}',1);
INSERT INTO `__PREFIX__subadmin2` (`code`, `country_code`, `subadmin1_code`, `name`, `active`) VALUES ('CY.05.5133','CY','CY.05','{\"en\":\"Prastio (Kellakiou)\"}',1);
INSERT INTO `__PREFIX__subadmin2` (`code`, `country_code`, `subadmin1_code`, `name`, `active`) VALUES ('CY.05.5129','CY','CY.05','{\"en\":\"Pyrgos\"}',1);
INSERT INTO `__PREFIX__subadmin2` (`code`, `country_code`, `subadmin1_code`, `name`, `active`) VALUES ('CY.03.4111','CY','CY.03','{\"en\":\"Perivolia (Larnakas)\"}',1);
INSERT INTO `__PREFIX__subadmin2` (`code`, `country_code`, `subadmin1_code`, `name`, `active`) VALUES ('CY.05.5305','CY','CY.05','{\"en\":\"Agios Amvrosios (Lemesou)\"}',1);
INSERT INTO `__PREFIX__subadmin2` (`code`, `country_code`, `subadmin1_code`, `name`, `active`) VALUES ('CY.05.5310','CY','CY.05','{\"en\":\"Agios Georgios (Lemesou)\"}',1);
INSERT INTO `__PREFIX__subadmin2` (`code`, `country_code`, `subadmin1_code`, `name`, `active`) VALUES ('CY.06.6207','CY','CY.06','{\"en\":\"Prastio (Pafou)\"}',1);
INSERT INTO `__PREFIX__subadmin2` (`code`, `country_code`, `subadmin1_code`, `name`, `active`) VALUES ('CY.06.6321','CY','CY.06','{\"en\":\"Peristerona (Pafou)\"}',1);
INSERT INTO `__PREFIX__subadmin2` (`code`, `country_code`, `subadmin1_code`, `name`, `active`) VALUES ('CY.06.6219','CY','CY.06','{\"en\":\"Agios Ioannis (Pafou)\"}',1);
INSERT INTO `__PREFIX__subadmin2` (`code`, `country_code`, `subadmin1_code`, `name`, `active`) VALUES ('CY.06.6205','CY','CY.06','{\"en\":\"Agios Georgios (Pafou)\"}',1);
INSERT INTO `__PREFIX__subadmin2` (`code`, `country_code`, `subadmin1_code`, `name`, `active`) VALUES ('CY.06.6221','CY','CY.06','{\"en\":\"Agia Marina (Kelokedaron)\"}',1);
INSERT INTO `__PREFIX__subadmin2` (`code`, `country_code`, `subadmin1_code`, `name`, `active`) VALUES ('CY.05.5146','CY','CY.05','{\"en\":\"Kalo Chorio (Lemesou)\"}',1);
INSERT INTO `__PREFIX__subadmin2` (`code`, `country_code`, `subadmin1_code`, `name`, `active`) VALUES ('CY.03.4307','CY','CY.03','{\"en\":\"Agios Theodoros (Larnakas)\"}',1);
INSERT INTO `__PREFIX__subadmin2` (`code`, `country_code`, `subadmin1_code`, `name`, `active`) VALUES ('CY.03.4011','CY','CY.03','{\"en\":\"Livadia (Larnakas)\"}',1);
INSERT INTO `__PREFIX__subadmin2` (`code`, `country_code`, `subadmin1_code`, `name`, `active`) VALUES ('CY.05.5220','CY','CY.05','{\"en\":\"Prastio (Avdimou)\"}',1);
INSERT INTO `__PREFIX__subadmin2` (`code`, `country_code`, `subadmin1_code`, `name`, `active`) VALUES ('CY.03.4210','CY','CY.03','{\"en\":\"Kalo Chorio (Larnakas)\"}',1);
INSERT INTO `__PREFIX__subadmin2` (`code`, `country_code`, `subadmin1_code`, `name`, `active`) VALUES ('CY.06.6218','CY','CY.06','{\"en\":\"Agios Nikolaos (Pafou)\"}',1);
INSERT INTO `__PREFIX__subadmin2` (`code`, `country_code`, `subadmin1_code`, `name`, `active`) VALUES ('CY.05.5128','CY','CY.05','{\"en\":\"Moni\"}',1);
INSERT INTO `__PREFIX__subadmin2` (`code`, `country_code`, `subadmin1_code`, `name`, `active`) VALUES ('CY.03.4014','CY','CY.03','{\"en\":\"Dromolaxia-Meneou\"}',1);
INSERT INTO `__PREFIX__subadmin2` (`code`, `country_code`, `subadmin1_code`, `name`, `active`) VALUES ('CY.05.5356','CY','CY.05','{\"en\":\"Troodos\"}',1);
/*!40000 ALTER TABLE `__PREFIX__subadmin2` ENABLE KEYS */;

--
-- Dumping data for table `__PREFIX__cities`
--

/*!40000 ALTER TABLE `__PREFIX__cities` DISABLE KEYS */;
INSERT INTO `__PREFIX__cities` (`country_code`, `name`, `longitude`, `latitude`, `feature_class`, `feature_code`, `subadmin1_code`, `subadmin2_code`, `population`, `time_zone`, `active`, `created_at`, `updated_at`) VALUES ('CY','{\"en\":\"Protaras\"}',34.06,35.01,'P','PPL','CY.01','CY.01.3101',20230,'Asia/Famagusta',1,'2021-12-04 23:00:00','2021-12-04 23:00:00');
INSERT INTO `__PREFIX__cities` (`country_code`, `name`, `longitude`, `latitude`, `feature_class`, `feature_code`, `subadmin1_code`, `subadmin2_code`, `population`, `time_zone`, `active`, `created_at`, `updated_at`) VALUES ('CY','{\"en\":\"Ýpsonas\"}',32.96,34.69,'P','PPL','CY.05','CY.05.5021',7348,'Asia/Nicosia',1,'2021-01-09 23:00:00','2021-01-09 23:00:00');
INSERT INTO `__PREFIX__cities` (`country_code`, `name`, `longitude`, `latitude`, `feature_class`, `feature_code`, `subadmin1_code`, `subadmin2_code`, `population`, `time_zone`, `active`, `created_at`, `updated_at`) VALUES ('CY','{\"en\":\"Géri\"}',33.42,35.11,'P','PPL','CY.04','CY.04.1024',7639,'Asia/Nicosia',1,'2021-01-09 23:00:00','2021-01-09 23:00:00');
INSERT INTO `__PREFIX__cities` (`country_code`, `name`, `longitude`, `latitude`, `feature_class`, `feature_code`, `subadmin1_code`, `subadmin2_code`, `population`, `time_zone`, `active`, `created_at`, `updated_at`) VALUES ('CY','{\"en\":\"Xylofágou\"}',33.85,34.98,'P','PPL','CY.03','CY.03.4107',6000,'Asia/Nicosia',1,'2021-01-09 23:00:00','2021-01-09 23:00:00');
INSERT INTO `__PREFIX__cities` (`country_code`, `name`, `longitude`, `latitude`, `feature_class`, `feature_code`, `subadmin1_code`, `subadmin2_code`, `population`, `time_zone`, `active`, `created_at`, `updated_at`) VALUES ('CY','{\"en\":\"Tséri\"}',33.32,35.07,'P','PPL','CY.04','CY.04.1225',5498,'Asia/Nicosia',1,'2021-01-09 23:00:00','2021-01-09 23:00:00');
INSERT INTO `__PREFIX__cities` (`country_code`, `name`, `longitude`, `latitude`, `feature_class`, `feature_code`, `subadmin1_code`, `subadmin2_code`, `population`, `time_zone`, `active`, `created_at`, `updated_at`) VALUES ('CY','{\"en\":\"Stróvolos\"}',33.33,35.15,'P','PPLA2','CY.04','CY.04.1012',67904,'Asia/Nicosia',1,'2021-01-09 23:00:00','2021-01-09 23:00:00');
INSERT INTO `__PREFIX__cities` (`country_code`, `name`, `longitude`, `latitude`, `feature_class`, `feature_code`, `subadmin1_code`, `subadmin2_code`, `population`, `time_zone`, `active`, `created_at`, `updated_at`) VALUES ('CY','{\"en\":\"Rizokárpaso\"}',34.38,35.60,'P','PPL','CY.01','CY.01.3356',5215,'Asia/Famagusta',1,'2021-01-09 23:00:00','2021-01-09 23:00:00');
INSERT INTO `__PREFIX__cities` (`country_code`, `name`, `longitude`, `latitude`, `feature_class`, `feature_code`, `subadmin1_code`, `subadmin2_code`, `population`, `time_zone`, `active`, `created_at`, `updated_at`) VALUES ('CY','{\"en\":\"Pérgamos\"}',33.71,35.04,'P','PPLA2','CY.03','CY.03.4108',15000,'Asia/Nicosia',1,'2021-01-29 23:00:00','2021-01-29 23:00:00');
INSERT INTO `__PREFIX__cities` (`country_code`, `name`, `longitude`, `latitude`, `feature_class`, `feature_code`, `subadmin1_code`, `subadmin2_code`, `population`, `time_zone`, `active`, `created_at`, `updated_at`) VALUES ('CY','{\"en\":\"Paralímni\"}',33.98,35.04,'P','PPL','CY.01','CY.01.3101',11836,'Asia/Famagusta',1,'2021-01-09 23:00:00','2021-01-09 23:00:00');
INSERT INTO `__PREFIX__cities` (`country_code`, `name`, `longitude`, `latitude`, `feature_class`, `feature_code`, `subadmin1_code`, `subadmin2_code`, `population`, `time_zone`, `active`, `created_at`, `updated_at`) VALUES ('CY','{\"en\":\"Paphos\"}',32.42,34.78,'P','PPLA','CY.06',NULL,35961,'Asia/Nicosia',1,'2021-07-31 23:00:00','2021-07-31 23:00:00');
INSERT INTO `__PREFIX__cities` (`country_code`, `name`, `longitude`, `latitude`, `feature_class`, `feature_code`, `subadmin1_code`, `subadmin2_code`, `population`, `time_zone`, `active`, `created_at`, `updated_at`) VALUES ('CY','{\"en\":\"Nicosia\"}',33.36,35.18,'P','PPLC','CY.04',NULL,200452,'Asia/Nicosia',1,'2021-01-29 23:00:00','2021-01-29 23:00:00');
INSERT INTO `__PREFIX__cities` (`country_code`, `name`, `longitude`, `latitude`, `feature_class`, `feature_code`, `subadmin1_code`, `subadmin2_code`, `population`, `time_zone`, `active`, `created_at`, `updated_at`) VALUES ('CY','{\"en\":\"Mórfou\"}',32.99,35.20,'P','PPL','CY.04','CY.04.1340',14833,'Asia/Nicosia',1,'2021-01-09 23:00:00','2021-01-09 23:00:00');
INSERT INTO `__PREFIX__cities` (`country_code`, `name`, `longitude`, `latitude`, `feature_class`, `feature_code`, `subadmin1_code`, `subadmin2_code`, `population`, `time_zone`, `active`, `created_at`, `updated_at`) VALUES ('CY','{\"en\":\"Livádia\"}',33.63,34.96,'P','PPL','CY.03','CY.03.4011',5329,'Asia/Nicosia',1,'2021-01-09 23:00:00','2021-01-09 23:00:00');
INSERT INTO `__PREFIX__cities` (`country_code`, `name`, `longitude`, `latitude`, `feature_class`, `feature_code`, `subadmin1_code`, `subadmin2_code`, `population`, `time_zone`, `active`, `created_at`, `updated_at`) VALUES ('CY','{\"en\":\"Limassol\"}',33.04,34.68,'P','PPLA','CY.05',NULL,154000,'Asia/Nicosia',1,'2021-01-29 23:00:00','2021-01-29 23:00:00');
INSERT INTO `__PREFIX__cities` (`country_code`, `name`, `longitude`, `latitude`, `feature_class`, `feature_code`, `subadmin1_code`, `subadmin2_code`, `population`, `time_zone`, `active`, `created_at`, `updated_at`) VALUES ('CY','{\"en\":\"Léfka\"}',32.85,35.11,'P','PPL','CY.04','CY.04.1435',7835,'Asia/Nicosia',1,'2021-01-09 23:00:00','2021-01-09 23:00:00');
INSERT INTO `__PREFIX__cities` (`country_code`, `name`, `longitude`, `latitude`, `feature_class`, `feature_code`, `subadmin1_code`, `subadmin2_code`, `population`, `time_zone`, `active`, `created_at`, `updated_at`) VALUES ('CY','{\"en\":\"Larnaca\"}',33.62,34.92,'P','PPLA','CY.03',NULL,72000,'Asia/Nicosia',1,'2021-05-19 23:00:00','2021-05-19 23:00:00');
INSERT INTO `__PREFIX__cities` (`country_code`, `name`, `longitude`, `latitude`, `feature_class`, `feature_code`, `subadmin1_code`, `subadmin2_code`, `population`, `time_zone`, `active`, `created_at`, `updated_at`) VALUES ('CY','{\"en\":\"Lápithos\"}',33.17,35.34,'P','PPL','CY.02','CY.02.2222',5215,'Asia/Famagusta',1,'2021-01-09 23:00:00','2021-01-09 23:00:00');
INSERT INTO `__PREFIX__cities` (`country_code`, `name`, `longitude`, `latitude`, `feature_class`, `feature_code`, `subadmin1_code`, `subadmin2_code`, `population`, `time_zone`, `active`, `created_at`, `updated_at`) VALUES ('CY','{\"en\":\"Kyrenia\"}',33.32,35.34,'P','PPLA','CY.02','CY.02.2000',26701,'Asia/Famagusta',1,'2021-01-09 23:00:00','2021-01-09 23:00:00');
INSERT INTO `__PREFIX__cities` (`country_code`, `name`, `longitude`, `latitude`, `feature_class`, `feature_code`, `subadmin1_code`, `subadmin2_code`, `population`, `time_zone`, `active`, `created_at`, `updated_at`) VALUES ('CY','{\"en\":\"Famagusta\"}',33.94,35.12,'P','PPLA','CY.01','CY.01.3000',42526,'Asia/Famagusta',1,'2021-01-09 23:00:00','2021-01-09 23:00:00');
INSERT INTO `__PREFIX__cities` (`country_code`, `name`, `longitude`, `latitude`, `feature_class`, `feature_code`, `subadmin1_code`, `subadmin2_code`, `population`, `time_zone`, `active`, `created_at`, `updated_at`) VALUES ('CY','{\"en\":\"Dhromolaxia\"}',33.59,34.88,'P','PPL','CY.03','CY.03.4014',5240,'Asia/Nicosia',1,'2021-01-09 23:00:00','2021-01-09 23:00:00');
INSERT INTO `__PREFIX__cities` (`country_code`, `name`, `longitude`, `latitude`, `feature_class`, `feature_code`, `subadmin1_code`, `subadmin2_code`, `population`, `time_zone`, `active`, `created_at`, `updated_at`) VALUES ('CY','{\"en\":\"Derýneia\"}',33.96,35.06,'P','PPL','CY.01','CY.01.3102',5161,'Asia/Famagusta',1,'2021-01-09 23:00:00','2021-01-09 23:00:00');
INSERT INTO `__PREFIX__cities` (`country_code`, `name`, `longitude`, `latitude`, `feature_class`, `feature_code`, `subadmin1_code`, `subadmin2_code`, `population`, `time_zone`, `active`, `created_at`, `updated_at`) VALUES ('CY','{\"en\":\"Dáli\"}',33.42,35.02,'P','PPL','CY.04','CY.04.1107',6085,'Asia/Nicosia',1,'2021-01-09 23:00:00','2021-01-09 23:00:00');
INSERT INTO `__PREFIX__cities` (`country_code`, `name`, `longitude`, `latitude`, `feature_class`, `feature_code`, `subadmin1_code`, `subadmin2_code`, `population`, `time_zone`, `active`, `created_at`, `updated_at`) VALUES ('CY','{\"en\":\"Aradíppou\"}',33.59,34.95,'P','PPL','CY.03','CY.03.4010',13349,'Asia/Nicosia',1,'2021-01-09 23:00:00','2021-01-09 23:00:00');
INSERT INTO `__PREFIX__cities` (`country_code`, `name`, `longitude`, `latitude`, `feature_class`, `feature_code`, `subadmin1_code`, `subadmin2_code`, `population`, `time_zone`, `active`, `created_at`, `updated_at`) VALUES ('CY','{\"en\":\"Geroskipou\"}',32.45,34.76,'P','PPL','CY.06','CY.06.6010',8313,'Asia/Nicosia',1,'2021-01-09 23:00:00','2021-01-09 23:00:00');
/*!40000 ALTER TABLE `__PREFIX__cities` ENABLE KEYS */;
/*!40103 SET TIME_ZONE=@OLD_TIME_ZONE */;

/*!40101 SET SQL_MODE=@OLD_SQL_MODE */;
/*!40014 SET FOREIGN_KEY_CHECKS=@OLD_FOREIGN_KEY_CHECKS */;
/*!40014 SET UNIQUE_CHECKS=@OLD_UNIQUE_CHECKS */;
/*!40101 SET CHARACTER_SET_CLIENT=@OLD_CHARACTER_SET_CLIENT */;
/*!40101 SET CHARACTER_SET_RESULTS=@OLD_CHARACTER_SET_RESULTS */;
/*!40101 SET COLLATION_CONNECTION=@OLD_COLLATION_CONNECTION */;
/*!40111 SET SQL_NOTES=@OLD_SQL_NOTES */;

-- Dump completed
