-- MySQL dump 10.13  Distrib 5.7.34, for osx10.12 (x86_64)
--
-- Host: 127.0.0.1    Database: laraclassifier
-- ------------------------------------------------------
-- Server version	5.7.34

/*!40101 SET @OLD_CHARACTER_SET_CLIENT=@@CHARACTER_SET_CLIENT */;
/*!40101 SET @OLD_CHARACTER_SET_RESULTS=@@CHARACTER_SET_RESULTS */;
/*!40101 SET @OLD_COLLATION_CONNECTION=@@COLLATION_CONNECTION */;
/*!40101 SET NAMES utf8 */;
/*!40103 SET @OLD_TIME_ZONE=@@TIME_ZONE */;
/*!40103 SET TIME_ZONE='+00:00' */;
/*!40014 SET @OLD_UNIQUE_CHECKS=@@UNIQUE_CHECKS, UNIQUE_CHECKS=0 */;
/*!40014 SET @OLD_FOREIGN_KEY_CHECKS=@@FOREIGN_KEY_CHECKS, FOREIGN_KEY_CHECKS=0 */;
/*!40101 SET @OLD_SQL_MODE=@@SQL_MODE, SQL_MODE='NO_AUTO_VALUE_ON_ZERO' */;
/*!40111 SET @OLD_SQL_NOTES=@@SQL_NOTES, SQL_NOTES=0 */;

--
-- Dumping data for table `__PREFIX__subadmin1`
--

/*!40000 ALTER TABLE `__PREFIX__subadmin1` DISABLE KEYS */;
INSERT INTO `__PREFIX__subadmin1` (`code`, `country_code`, `name`, `active`) VALUES ('CZ.52','CZ','{\"en\":\"Hlavní město Praha\"}',1);
INSERT INTO `__PREFIX__subadmin1` (`code`, `country_code`, `name`, `active`) VALUES ('CZ.78','CZ','{\"en\":\"South Moravian\"}',1);
INSERT INTO `__PREFIX__subadmin1` (`code`, `country_code`, `name`, `active`) VALUES ('CZ.79','CZ','{\"en\":\"Jihočeský kraj\"}',1);
INSERT INTO `__PREFIX__subadmin1` (`code`, `country_code`, `name`, `active`) VALUES ('CZ.80','CZ','{\"en\":\"Vysočina\"}',1);
INSERT INTO `__PREFIX__subadmin1` (`code`, `country_code`, `name`, `active`) VALUES ('CZ.81','CZ','{\"en\":\"Karlovarský kraj\"}',1);
INSERT INTO `__PREFIX__subadmin1` (`code`, `country_code`, `name`, `active`) VALUES ('CZ.82','CZ','{\"en\":\"Královéhradecký kraj\"}',1);
INSERT INTO `__PREFIX__subadmin1` (`code`, `country_code`, `name`, `active`) VALUES ('CZ.83','CZ','{\"en\":\"Liberecký kraj\"}',1);
INSERT INTO `__PREFIX__subadmin1` (`code`, `country_code`, `name`, `active`) VALUES ('CZ.84','CZ','{\"en\":\"Olomoucký\"}',1);
INSERT INTO `__PREFIX__subadmin1` (`code`, `country_code`, `name`, `active`) VALUES ('CZ.85','CZ','{\"en\":\"Moravskoslezský\"}',1);
INSERT INTO `__PREFIX__subadmin1` (`code`, `country_code`, `name`, `active`) VALUES ('CZ.86','CZ','{\"en\":\"Pardubický\"}',1);
INSERT INTO `__PREFIX__subadmin1` (`code`, `country_code`, `name`, `active`) VALUES ('CZ.87','CZ','{\"en\":\"Plzeňský kraj\"}',1);
INSERT INTO `__PREFIX__subadmin1` (`code`, `country_code`, `name`, `active`) VALUES ('CZ.88','CZ','{\"en\":\"Central Bohemia\"}',1);
INSERT INTO `__PREFIX__subadmin1` (`code`, `country_code`, `name`, `active`) VALUES ('CZ.89','CZ','{\"en\":\"Ústecký kraj\"}',1);
INSERT INTO `__PREFIX__subadmin1` (`code`, `country_code`, `name`, `active`) VALUES ('CZ.90','CZ','{\"en\":\"Zlín\"}',1);
/*!40000 ALTER TABLE `__PREFIX__subadmin1` ENABLE KEYS */;

--
-- Dumping data for table `__PREFIX__subadmin2`
--

/*!40000 ALTER TABLE `__PREFIX__subadmin2` DISABLE KEYS */;
INSERT INTO `__PREFIX__subadmin2` (`code`, `country_code`, `subadmin1_code`, `name`, `active`) VALUES ('CZ.78.0647','CZ','CZ.78','{\"en\":\"Okres Znojmo\"}',1);
INSERT INTO `__PREFIX__subadmin2` (`code`, `country_code`, `subadmin1_code`, `name`, `active`) VALUES ('CZ.80.0635','CZ','CZ.80','{\"en\":\"Okres Žďár nad Sázavou\"}',1);
INSERT INTO `__PREFIX__subadmin2` (`code`, `country_code`, `subadmin1_code`, `name`, `active`) VALUES ('CZ.78.0646','CZ','CZ.78','{\"en\":\"Okres Vyškov\"}',1);
INSERT INTO `__PREFIX__subadmin2` (`code`, `country_code`, `subadmin1_code`, `name`, `active`) VALUES ('CZ.90.0723','CZ','CZ.90','{\"en\":\"Okres Vsetín\"}',1);
INSERT INTO `__PREFIX__subadmin2` (`code`, `country_code`, `subadmin1_code`, `name`, `active`) VALUES ('CZ.86.0534','CZ','CZ.86','{\"en\":\"Okres Ústí nad Orlicí\"}',1);
INSERT INTO `__PREFIX__subadmin2` (`code`, `country_code`, `subadmin1_code`, `name`, `active`) VALUES ('CZ.89.0427','CZ','CZ.89','{\"en\":\"Okres Ústí nad Labem\"}',1);
INSERT INTO `__PREFIX__subadmin2` (`code`, `country_code`, `subadmin1_code`, `name`, `active`) VALUES ('CZ.90.0722','CZ','CZ.90','{\"en\":\"Okres Uherské Hradiště\"}',1);
INSERT INTO `__PREFIX__subadmin2` (`code`, `country_code`, `subadmin1_code`, `name`, `active`) VALUES ('CZ.82.0525','CZ','CZ.82','{\"en\":\"Okres Trutnov\"}',1);
INSERT INTO `__PREFIX__subadmin2` (`code`, `country_code`, `subadmin1_code`, `name`, `active`) VALUES ('CZ.80.0634','CZ','CZ.80','{\"en\":\"Okres Třebíč\"}',1);
INSERT INTO `__PREFIX__subadmin2` (`code`, `country_code`, `subadmin1_code`, `name`, `active`) VALUES ('CZ.89.0426','CZ','CZ.89','{\"en\":\"Okres Teplice\"}',1);
INSERT INTO `__PREFIX__subadmin2` (`code`, `country_code`, `subadmin1_code`, `name`, `active`) VALUES ('CZ.87.0327','CZ','CZ.87','{\"en\":\"Okres Tachov\"}',1);
INSERT INTO `__PREFIX__subadmin2` (`code`, `country_code`, `subadmin1_code`, `name`, `active`) VALUES ('CZ.79.0317','CZ','CZ.79','{\"en\":\"Okres Tábor\"}',1);
INSERT INTO `__PREFIX__subadmin2` (`code`, `country_code`, `subadmin1_code`, `name`, `active`) VALUES ('CZ.86.0533','CZ','CZ.86','{\"en\":\"Okres Svitavy\"}',1);
INSERT INTO `__PREFIX__subadmin2` (`code`, `country_code`, `subadmin1_code`, `name`, `active`) VALUES ('CZ.84.0715','CZ','CZ.84','{\"en\":\"Okres Šumperk\"}',1);
INSERT INTO `__PREFIX__subadmin2` (`code`, `country_code`, `subadmin1_code`, `name`, `active`) VALUES ('CZ.79.0316','CZ','CZ.79','{\"en\":\"Okres Strakonice\"}',1);
INSERT INTO `__PREFIX__subadmin2` (`code`, `country_code`, `subadmin1_code`, `name`, `active`) VALUES ('CZ.81.0413','CZ','CZ.81','{\"en\":\"Okres Sokolov\"}',1);
INSERT INTO `__PREFIX__subadmin2` (`code`, `country_code`, `subadmin1_code`, `name`, `active`) VALUES ('CZ.83.0514','CZ','CZ.83','{\"en\":\"Okres Semily\"}',1);
INSERT INTO `__PREFIX__subadmin2` (`code`, `country_code`, `subadmin1_code`, `name`, `active`) VALUES ('CZ.82.0524','CZ','CZ.82','{\"en\":\"Okres Rychnov nad Kněžnou\"}',1);
INSERT INTO `__PREFIX__subadmin2` (`code`, `country_code`, `subadmin1_code`, `name`, `active`) VALUES ('CZ.87.0326','CZ','CZ.87','{\"en\":\"Okres Rokycany\"}',1);
INSERT INTO `__PREFIX__subadmin2` (`code`, `country_code`, `subadmin1_code`, `name`, `active`) VALUES ('CZ.88.020C','CZ','CZ.88','{\"en\":\"Okres Rakovník\"}',1);
INSERT INTO `__PREFIX__subadmin2` (`code`, `country_code`, `subadmin1_code`, `name`, `active`) VALUES ('CZ.84.0713','CZ','CZ.84','{\"en\":\"Okres Prostějov\"}',1);
INSERT INTO `__PREFIX__subadmin2` (`code`, `country_code`, `subadmin1_code`, `name`, `active`) VALUES ('CZ.88.020B','CZ','CZ.88','{\"en\":\"Okres Příbram\"}',1);
INSERT INTO `__PREFIX__subadmin2` (`code`, `country_code`, `subadmin1_code`, `name`, `active`) VALUES ('CZ.84.0714','CZ','CZ.84','{\"en\":\"Okres Přerov\"}',1);
INSERT INTO `__PREFIX__subadmin2` (`code`, `country_code`, `subadmin1_code`, `name`, `active`) VALUES ('CZ.88.020A','CZ','CZ.88','{\"en\":\"Okres Praha-západ\"}',1);
INSERT INTO `__PREFIX__subadmin2` (`code`, `country_code`, `subadmin1_code`, `name`, `active`) VALUES ('CZ.88.0209','CZ','CZ.88','{\"en\":\"Okres Praha-východ\"}',1);
INSERT INTO `__PREFIX__subadmin2` (`code`, `country_code`, `subadmin1_code`, `name`, `active`) VALUES ('CZ.79.0315','CZ','CZ.79','{\"en\":\"Okres Prachatice\"}',1);
INSERT INTO `__PREFIX__subadmin2` (`code`, `country_code`, `subadmin1_code`, `name`, `active`) VALUES ('CZ.87.0325','CZ','CZ.87','{\"en\":\"Okres Plzeň-sever\"}',1);
INSERT INTO `__PREFIX__subadmin2` (`code`, `country_code`, `subadmin1_code`, `name`, `active`) VALUES ('CZ.87.0323','CZ','CZ.87','{\"en\":\"Okres Plzeň-město\"}',1);
INSERT INTO `__PREFIX__subadmin2` (`code`, `country_code`, `subadmin1_code`, `name`, `active`) VALUES ('CZ.87.0324','CZ','CZ.87','{\"en\":\"Okres Plzeň-jih\"}',1);
INSERT INTO `__PREFIX__subadmin2` (`code`, `country_code`, `subadmin1_code`, `name`, `active`) VALUES ('CZ.79.0314','CZ','CZ.79','{\"en\":\"Okres Písek\"}',1);
INSERT INTO `__PREFIX__subadmin2` (`code`, `country_code`, `subadmin1_code`, `name`, `active`) VALUES ('CZ.80.0633','CZ','CZ.80','{\"en\":\"Okres Pelhřimov\"}',1);
INSERT INTO `__PREFIX__subadmin2` (`code`, `country_code`, `subadmin1_code`, `name`, `active`) VALUES ('CZ.86.0532','CZ','CZ.86','{\"en\":\"Okres Pardubice\"}',1);
INSERT INTO `__PREFIX__subadmin2` (`code`, `country_code`, `subadmin1_code`, `name`, `active`) VALUES ('CZ.85.0806','CZ','CZ.85','{\"en\":\"Okres Ostrava-město\"}',1);
INSERT INTO `__PREFIX__subadmin2` (`code`, `country_code`, `subadmin1_code`, `name`, `active`) VALUES ('CZ.85.0805','CZ','CZ.85','{\"en\":\"Okres Opava\"}',1);
INSERT INTO `__PREFIX__subadmin2` (`code`, `country_code`, `subadmin1_code`, `name`, `active`) VALUES ('CZ.84.0712','CZ','CZ.84','{\"en\":\"Okres Olomouc\"}',1);
INSERT INTO `__PREFIX__subadmin2` (`code`, `country_code`, `subadmin1_code`, `name`, `active`) VALUES ('CZ.88.0208','CZ','CZ.88','{\"en\":\"Okres Nymburk\"}',1);
INSERT INTO `__PREFIX__subadmin2` (`code`, `country_code`, `subadmin1_code`, `name`, `active`) VALUES ('CZ.85.0804','CZ','CZ.85','{\"en\":\"Okres Nový Jičín\"}',1);
INSERT INTO `__PREFIX__subadmin2` (`code`, `country_code`, `subadmin1_code`, `name`, `active`) VALUES ('CZ.82.0523','CZ','CZ.82','{\"en\":\"Okres Náchod\"}',1);
INSERT INTO `__PREFIX__subadmin2` (`code`, `country_code`, `subadmin1_code`, `name`, `active`) VALUES ('CZ.89.0425','CZ','CZ.89','{\"en\":\"Okres Most\"}',1);
INSERT INTO `__PREFIX__subadmin2` (`code`, `country_code`, `subadmin1_code`, `name`, `active`) VALUES ('CZ.88.0207','CZ','CZ.88','{\"en\":\"Okres Mladá Boleslav\"}',1);
INSERT INTO `__PREFIX__subadmin2` (`code`, `country_code`, `subadmin1_code`, `name`, `active`) VALUES ('CZ.88.0206','CZ','CZ.88','{\"en\":\"Okres Mělník\"}',1);
INSERT INTO `__PREFIX__subadmin2` (`code`, `country_code`, `subadmin1_code`, `name`, `active`) VALUES ('CZ.89.0424','CZ','CZ.89','{\"en\":\"Okres Louny\"}',1);
INSERT INTO `__PREFIX__subadmin2` (`code`, `country_code`, `subadmin1_code`, `name`, `active`) VALUES ('CZ.89.0423','CZ','CZ.89','{\"en\":\"Okres Litoměřice\"}',1);
INSERT INTO `__PREFIX__subadmin2` (`code`, `country_code`, `subadmin1_code`, `name`, `active`) VALUES ('CZ.83.0513','CZ','CZ.83','{\"en\":\"Okres Liberec\"}',1);
INSERT INTO `__PREFIX__subadmin2` (`code`, `country_code`, `subadmin1_code`, `name`, `active`) VALUES ('CZ.88.0205','CZ','CZ.88','{\"en\":\"Okres Kutná Hora\"}',1);
INSERT INTO `__PREFIX__subadmin2` (`code`, `country_code`, `subadmin1_code`, `name`, `active`) VALUES ('CZ.90.0721','CZ','CZ.90','{\"en\":\"Okres Kroměříž\"}',1);
INSERT INTO `__PREFIX__subadmin2` (`code`, `country_code`, `subadmin1_code`, `name`, `active`) VALUES ('CZ.88.0204','CZ','CZ.88','{\"en\":\"Okres Kolín\"}',1);
INSERT INTO `__PREFIX__subadmin2` (`code`, `country_code`, `subadmin1_code`, `name`, `active`) VALUES ('CZ.87.0322','CZ','CZ.87','{\"en\":\"Okres Klatovy\"}',1);
INSERT INTO `__PREFIX__subadmin2` (`code`, `country_code`, `subadmin1_code`, `name`, `active`) VALUES ('CZ.88.0203','CZ','CZ.88','{\"en\":\"Okres Kladno\"}',1);
INSERT INTO `__PREFIX__subadmin2` (`code`, `country_code`, `subadmin1_code`, `name`, `active`) VALUES ('CZ.85.0803','CZ','CZ.85','{\"en\":\"Okres Karviná\"}',1);
INSERT INTO `__PREFIX__subadmin2` (`code`, `country_code`, `subadmin1_code`, `name`, `active`) VALUES ('CZ.81.0412','CZ','CZ.81','{\"en\":\"Okres Karlovy Vary\"}',1);
INSERT INTO `__PREFIX__subadmin2` (`code`, `country_code`, `subadmin1_code`, `name`, `active`) VALUES ('CZ.79.0313','CZ','CZ.79','{\"en\":\"Okres Jindřichův Hradec\"}',1);
INSERT INTO `__PREFIX__subadmin2` (`code`, `country_code`, `subadmin1_code`, `name`, `active`) VALUES ('CZ.80.0632','CZ','CZ.80','{\"en\":\"Okres Jihlava\"}',1);
INSERT INTO `__PREFIX__subadmin2` (`code`, `country_code`, `subadmin1_code`, `name`, `active`) VALUES ('CZ.82.0522','CZ','CZ.82','{\"en\":\"Okres Jičín\"}',1);
INSERT INTO `__PREFIX__subadmin2` (`code`, `country_code`, `subadmin1_code`, `name`, `active`) VALUES ('CZ.83.0512','CZ','CZ.83','{\"en\":\"Okres Jablonec nad Nisou\"}',1);
INSERT INTO `__PREFIX__subadmin2` (`code`, `country_code`, `subadmin1_code`, `name`, `active`) VALUES ('CZ.82.0521','CZ','CZ.82','{\"en\":\"Okres Hradec Králové\"}',1);
INSERT INTO `__PREFIX__subadmin2` (`code`, `country_code`, `subadmin1_code`, `name`, `active`) VALUES ('CZ.78.0645','CZ','CZ.78','{\"en\":\"Okres Hodonín\"}',1);
INSERT INTO `__PREFIX__subadmin2` (`code`, `country_code`, `subadmin1_code`, `name`, `active`) VALUES ('CZ.80.0631','CZ','CZ.80','{\"en\":\"Okres Havlíčkův Brod\"}',1);
INSERT INTO `__PREFIX__subadmin2` (`code`, `country_code`, `subadmin1_code`, `name`, `active`) VALUES ('CZ.90.0724','CZ','CZ.90','{\"en\":\"Okres Zlín\"}',1);
INSERT INTO `__PREFIX__subadmin2` (`code`, `country_code`, `subadmin1_code`, `name`, `active`) VALUES ('CZ.85.0802','CZ','CZ.85','{\"en\":\"Okres Frýdek-Místek\"}',1);
INSERT INTO `__PREFIX__subadmin2` (`code`, `country_code`, `subadmin1_code`, `name`, `active`) VALUES ('CZ.87.0321','CZ','CZ.87','{\"en\":\"Okres Domažlice\"}',1);
INSERT INTO `__PREFIX__subadmin2` (`code`, `country_code`, `subadmin1_code`, `name`, `active`) VALUES ('CZ.89.0421','CZ','CZ.89','{\"en\":\"Okres Děčín\"}',1);
INSERT INTO `__PREFIX__subadmin2` (`code`, `country_code`, `subadmin1_code`, `name`, `active`) VALUES ('CZ.86.0531','CZ','CZ.86','{\"en\":\"Okres Chrudim\"}',1);
INSERT INTO `__PREFIX__subadmin2` (`code`, `country_code`, `subadmin1_code`, `name`, `active`) VALUES ('CZ.89.0422','CZ','CZ.89','{\"en\":\"Okres Chomutov\"}',1);
INSERT INTO `__PREFIX__subadmin2` (`code`, `country_code`, `subadmin1_code`, `name`, `active`) VALUES ('CZ.81.0411','CZ','CZ.81','{\"en\":\"Okres Cheb\"}',1);
INSERT INTO `__PREFIX__subadmin2` (`code`, `country_code`, `subadmin1_code`, `name`, `active`) VALUES ('CZ.79.0312','CZ','CZ.79','{\"en\":\"Okres Český Krumlov\"}',1);
INSERT INTO `__PREFIX__subadmin2` (`code`, `country_code`, `subadmin1_code`, `name`, `active`) VALUES ('CZ.79.0311','CZ','CZ.79','{\"en\":\"Okres České Budějovice\"}',1);
INSERT INTO `__PREFIX__subadmin2` (`code`, `country_code`, `subadmin1_code`, `name`, `active`) VALUES ('CZ.83.0511','CZ','CZ.83','{\"en\":\"Okres Česká Lípa\"}',1);
INSERT INTO `__PREFIX__subadmin2` (`code`, `country_code`, `subadmin1_code`, `name`, `active`) VALUES ('CZ.85.0801','CZ','CZ.85','{\"en\":\"Okres Bruntál\"}',1);
INSERT INTO `__PREFIX__subadmin2` (`code`, `country_code`, `subadmin1_code`, `name`, `active`) VALUES ('CZ.78.0643','CZ','CZ.78','{\"en\":\"Okres Brno-venkov\"}',1);
INSERT INTO `__PREFIX__subadmin2` (`code`, `country_code`, `subadmin1_code`, `name`, `active`) VALUES ('CZ.78.0642','CZ','CZ.78','{\"en\":\"Město Brno\"}',1);
INSERT INTO `__PREFIX__subadmin2` (`code`, `country_code`, `subadmin1_code`, `name`, `active`) VALUES ('CZ.78.0644','CZ','CZ.78','{\"en\":\"Okres Břeclav\"}',1);
INSERT INTO `__PREFIX__subadmin2` (`code`, `country_code`, `subadmin1_code`, `name`, `active`) VALUES ('CZ.78.0641','CZ','CZ.78','{\"en\":\"Okres Blansko\"}',1);
INSERT INTO `__PREFIX__subadmin2` (`code`, `country_code`, `subadmin1_code`, `name`, `active`) VALUES ('CZ.88.0202','CZ','CZ.88','{\"en\":\"Okres Beroun\"}',1);
INSERT INTO `__PREFIX__subadmin2` (`code`, `country_code`, `subadmin1_code`, `name`, `active`) VALUES ('CZ.88.0201','CZ','CZ.88','{\"en\":\"Okres Benešov\"}',1);
INSERT INTO `__PREFIX__subadmin2` (`code`, `country_code`, `subadmin1_code`, `name`, `active`) VALUES ('CZ.84.0711','CZ','CZ.84','{\"en\":\"Okres Jeseník\"}',1);
INSERT INTO `__PREFIX__subadmin2` (`code`, `country_code`, `subadmin1_code`, `name`, `active`) VALUES ('CZ.52.8378769','CZ','CZ.52','{\"en\":\"Praha 1\"}',1);
INSERT INTO `__PREFIX__subadmin2` (`code`, `country_code`, `subadmin1_code`, `name`, `active`) VALUES ('CZ.52.8378770','CZ','CZ.52','{\"en\":\"Praha 2\"}',1);
INSERT INTO `__PREFIX__subadmin2` (`code`, `country_code`, `subadmin1_code`, `name`, `active`) VALUES ('CZ.52.8378771','CZ','CZ.52','{\"en\":\"Praha 3\"}',1);
INSERT INTO `__PREFIX__subadmin2` (`code`, `country_code`, `subadmin1_code`, `name`, `active`) VALUES ('CZ.52.8378772','CZ','CZ.52','{\"en\":\"Praha 4\"}',1);
INSERT INTO `__PREFIX__subadmin2` (`code`, `country_code`, `subadmin1_code`, `name`, `active`) VALUES ('CZ.52.8378773','CZ','CZ.52','{\"en\":\"Praha 5\"}',1);
INSERT INTO `__PREFIX__subadmin2` (`code`, `country_code`, `subadmin1_code`, `name`, `active`) VALUES ('CZ.52.8378774','CZ','CZ.52','{\"en\":\"Praha 6\"}',1);
INSERT INTO `__PREFIX__subadmin2` (`code`, `country_code`, `subadmin1_code`, `name`, `active`) VALUES ('CZ.52.8378775','CZ','CZ.52','{\"en\":\"Praha 7\"}',1);
INSERT INTO `__PREFIX__subadmin2` (`code`, `country_code`, `subadmin1_code`, `name`, `active`) VALUES ('CZ.52.8378776','CZ','CZ.52','{\"en\":\"Praha 8\"}',1);
INSERT INTO `__PREFIX__subadmin2` (`code`, `country_code`, `subadmin1_code`, `name`, `active`) VALUES ('CZ.52.8378777','CZ','CZ.52','{\"en\":\"Praha 9\"}',1);
INSERT INTO `__PREFIX__subadmin2` (`code`, `country_code`, `subadmin1_code`, `name`, `active`) VALUES ('CZ.52.8378778','CZ','CZ.52','{\"en\":\"Praha 10\"}',1);
INSERT INTO `__PREFIX__subadmin2` (`code`, `country_code`, `subadmin1_code`, `name`, `active`) VALUES ('CZ.52.8378779','CZ','CZ.52','{\"en\":\"Praha 11\"}',1);
INSERT INTO `__PREFIX__subadmin2` (`code`, `country_code`, `subadmin1_code`, `name`, `active`) VALUES ('CZ.52.8378780','CZ','CZ.52','{\"en\":\"Praha 12\"}',1);
INSERT INTO `__PREFIX__subadmin2` (`code`, `country_code`, `subadmin1_code`, `name`, `active`) VALUES ('CZ.52.8378781','CZ','CZ.52','{\"en\":\"Praha 13\"}',1);
INSERT INTO `__PREFIX__subadmin2` (`code`, `country_code`, `subadmin1_code`, `name`, `active`) VALUES ('CZ.52.8378782','CZ','CZ.52','{\"en\":\"Praha 14\"}',1);
INSERT INTO `__PREFIX__subadmin2` (`code`, `country_code`, `subadmin1_code`, `name`, `active`) VALUES ('CZ.52.8378784','CZ','CZ.52','{\"en\":\"Praha 15\"}',1);
INSERT INTO `__PREFIX__subadmin2` (`code`, `country_code`, `subadmin1_code`, `name`, `active`) VALUES ('CZ.52.8378785','CZ','CZ.52','{\"en\":\"Praha 16\"}',1);
INSERT INTO `__PREFIX__subadmin2` (`code`, `country_code`, `subadmin1_code`, `name`, `active`) VALUES ('CZ.52.8378787','CZ','CZ.52','{\"en\":\"Praha 17\"}',1);
INSERT INTO `__PREFIX__subadmin2` (`code`, `country_code`, `subadmin1_code`, `name`, `active`) VALUES ('CZ.52.8378788','CZ','CZ.52','{\"en\":\"Praha 18\"}',1);
INSERT INTO `__PREFIX__subadmin2` (`code`, `country_code`, `subadmin1_code`, `name`, `active`) VALUES ('CZ.52.8378789','CZ','CZ.52','{\"en\":\"Praha 19\"}',1);
INSERT INTO `__PREFIX__subadmin2` (`code`, `country_code`, `subadmin1_code`, `name`, `active`) VALUES ('CZ.52.8378790','CZ','CZ.52','{\"en\":\"Praha 20\"}',1);
INSERT INTO `__PREFIX__subadmin2` (`code`, `country_code`, `subadmin1_code`, `name`, `active`) VALUES ('CZ.52.8378792','CZ','CZ.52','{\"en\":\"Praha 21\"}',1);
INSERT INTO `__PREFIX__subadmin2` (`code`, `country_code`, `subadmin1_code`, `name`, `active`) VALUES ('CZ.52.8378793','CZ','CZ.52','{\"en\":\"Praha 22\"}',1);
/*!40000 ALTER TABLE `__PREFIX__subadmin2` ENABLE KEYS */;

--
-- Dumping data for table `__PREFIX__cities`
--

/*!40000 ALTER TABLE `__PREFIX__cities` DISABLE KEYS */;
INSERT INTO `__PREFIX__cities` (`country_code`, `name`, `longitude`, `latitude`, `feature_class`, `feature_code`, `subadmin1_code`, `subadmin2_code`, `population`, `time_zone`, `active`, `created_at`, `updated_at`) VALUES ('CZ','{\"en\":\"Dvůr Králové nad Labem\"}',15.81,50.43,'P','PPL','CZ.82','CZ.82.0525',16150,'Europe/Prague',1,'2019-09-04 23:00:00','2019-09-04 23:00:00');
INSERT INTO `__PREFIX__cities` (`country_code`, `name`, `longitude`, `latitude`, `feature_class`, `feature_code`, `subadmin1_code`, `subadmin2_code`, `population`, `time_zone`, `active`, `created_at`, `updated_at`) VALUES ('CZ','{\"en\":\"Zubří\"}',18.09,49.47,'P','PPL','CZ.90','CZ.90.0723',5409,'Europe/Prague',1,'2018-09-07 23:00:00','2018-09-07 23:00:00');
INSERT INTO `__PREFIX__cities` (`country_code`, `name`, `longitude`, `latitude`, `feature_class`, `feature_code`, `subadmin1_code`, `subadmin2_code`, `population`, `time_zone`, `active`, `created_at`, `updated_at`) VALUES ('CZ','{\"en\":\"Znojmo\"}',16.05,48.86,'P','PPLA2','CZ.78','CZ.78.0647',35280,'Europe/Prague',1,'2019-09-04 23:00:00','2019-09-04 23:00:00');
INSERT INTO `__PREFIX__cities` (`country_code`, `name`, `longitude`, `latitude`, `feature_class`, `feature_code`, `subadmin1_code`, `subadmin2_code`, `population`, `time_zone`, `active`, `created_at`, `updated_at`) VALUES ('CZ','{\"en\":\"Zlín\"}',17.67,49.23,'P','PPLA','CZ.90','CZ.90.0724',78759,'Europe/Prague',1,'2021-05-02 23:00:00','2021-05-02 23:00:00');
INSERT INTO `__PREFIX__cities` (`country_code`, `name`, `longitude`, `latitude`, `feature_class`, `feature_code`, `subadmin1_code`, `subadmin2_code`, `population`, `time_zone`, `active`, `created_at`, `updated_at`) VALUES ('CZ','{\"en\":\"Železný Brod\"}',15.25,50.64,'P','PPL','CZ.83','CZ.83.0512',6442,'Europe/Prague',1,'2018-09-07 23:00:00','2018-09-07 23:00:00');
INSERT INTO `__PREFIX__cities` (`country_code`, `name`, `longitude`, `latitude`, `feature_class`, `feature_code`, `subadmin1_code`, `subadmin2_code`, `population`, `time_zone`, `active`, `created_at`, `updated_at`) VALUES ('CZ','{\"en\":\"Žďár nad Sázavou\"}',15.94,49.56,'P','PPL','CZ.80','CZ.80.0635',20847,'Europe/Prague',1,'2020-01-17 23:00:00','2020-01-17 23:00:00');
INSERT INTO `__PREFIX__cities` (`country_code`, `name`, `longitude`, `latitude`, `feature_class`, `feature_code`, `subadmin1_code`, `subadmin2_code`, `population`, `time_zone`, `active`, `created_at`, `updated_at`) VALUES ('CZ','{\"en\":\"Žatec\"}',13.55,50.33,'P','PPL','CZ.89','CZ.89.0424',19607,'Europe/Prague',1,'2019-03-19 23:00:00','2019-03-19 23:00:00');
INSERT INTO `__PREFIX__cities` (`country_code`, `name`, `longitude`, `latitude`, `feature_class`, `feature_code`, `subadmin1_code`, `subadmin2_code`, `population`, `time_zone`, `active`, `created_at`, `updated_at`) VALUES ('CZ','{\"en\":\"Žamberk\"}',16.47,50.09,'P','PPL','CZ.86','CZ.86.0534',6082,'Europe/Prague',1,'2018-09-07 23:00:00','2018-09-07 23:00:00');
INSERT INTO `__PREFIX__cities` (`country_code`, `name`, `longitude`, `latitude`, `feature_class`, `feature_code`, `subadmin1_code`, `subadmin2_code`, `population`, `time_zone`, `active`, `created_at`, `updated_at`) VALUES ('CZ','{\"en\":\"Zábřeh\"}',16.87,49.88,'P','PPL','CZ.84','CZ.84.0715',14360,'Europe/Prague',1,'2019-03-19 23:00:00','2019-03-19 23:00:00');
INSERT INTO `__PREFIX__cities` (`country_code`, `name`, `longitude`, `latitude`, `feature_class`, `feature_code`, `subadmin1_code`, `subadmin2_code`, `population`, `time_zone`, `active`, `created_at`, `updated_at`) VALUES ('CZ','{\"en\":\"Vysoké Mýto\"}',16.16,49.95,'P','PPL','CZ.86','CZ.86.0534',12293,'Europe/Prague',1,'2019-03-19 23:00:00','2019-03-19 23:00:00');
INSERT INTO `__PREFIX__cities` (`country_code`, `name`, `longitude`, `latitude`, `feature_class`, `feature_code`, `subadmin1_code`, `subadmin2_code`, `population`, `time_zone`, `active`, `created_at`, `updated_at`) VALUES ('CZ','{\"en\":\"Vysočany\"}',14.52,50.11,'P','PPLX','CZ.52','CZ.52.8378777',11646,'Europe/Prague',1,'2018-09-12 23:00:00','2018-09-12 23:00:00');
INSERT INTO `__PREFIX__cities` (`country_code`, `name`, `longitude`, `latitude`, `feature_class`, `feature_code`, `subadmin1_code`, `subadmin2_code`, `population`, `time_zone`, `active`, `created_at`, `updated_at`) VALUES ('CZ','{\"en\":\"Vyškov\"}',17.00,49.28,'P','PPL','CZ.78','CZ.78.0646',22265,'Europe/Prague',1,'2018-09-07 23:00:00','2018-09-07 23:00:00');
INSERT INTO `__PREFIX__cities` (`country_code`, `name`, `longitude`, `latitude`, `feature_class`, `feature_code`, `subadmin1_code`, `subadmin2_code`, `population`, `time_zone`, `active`, `created_at`, `updated_at`) VALUES ('CZ','{\"en\":\"Vsetín\"}',18.00,49.34,'P','PPL','CZ.90','CZ.90.0723',28575,'Europe/Prague',1,'2019-03-19 23:00:00','2019-03-19 23:00:00');
INSERT INTO `__PREFIX__cities` (`country_code`, `name`, `longitude`, `latitude`, `feature_class`, `feature_code`, `subadmin1_code`, `subadmin2_code`, `population`, `time_zone`, `active`, `created_at`, `updated_at`) VALUES ('CZ','{\"en\":\"Vrchlabí\"}',15.61,50.63,'P','PPL','CZ.82','CZ.82.0525',12898,'Europe/Prague',1,'2019-03-19 23:00:00','2019-03-19 23:00:00');
INSERT INTO `__PREFIX__cities` (`country_code`, `name`, `longitude`, `latitude`, `feature_class`, `feature_code`, `subadmin1_code`, `subadmin2_code`, `population`, `time_zone`, `active`, `created_at`, `updated_at`) VALUES ('CZ','{\"en\":\"Vrbno pod Pradědem\"}',17.38,50.12,'P','PPL','CZ.85','CZ.85.0801',6072,'Europe/Prague',1,'2019-10-09 23:00:00','2019-10-09 23:00:00');
INSERT INTO `__PREFIX__cities` (`country_code`, `name`, `longitude`, `latitude`, `feature_class`, `feature_code`, `subadmin1_code`, `subadmin2_code`, `population`, `time_zone`, `active`, `created_at`, `updated_at`) VALUES ('CZ','{\"en\":\"Vratimov\"}',18.31,49.77,'P','PPL','CZ.85','CZ.85.0806',6378,'Europe/Prague',1,'2018-09-07 23:00:00','2018-09-07 23:00:00');
INSERT INTO `__PREFIX__cities` (`country_code`, `name`, `longitude`, `latitude`, `feature_class`, `feature_code`, `subadmin1_code`, `subadmin2_code`, `population`, `time_zone`, `active`, `created_at`, `updated_at`) VALUES ('CZ','{\"en\":\"Vodňany\"}',14.18,49.15,'P','PPL','CZ.79','CZ.79.0316',6687,'Europe/Prague',1,'2018-09-07 23:00:00','2018-09-07 23:00:00');
INSERT INTO `__PREFIX__cities` (`country_code`, `name`, `longitude`, `latitude`, `feature_class`, `feature_code`, `subadmin1_code`, `subadmin2_code`, `population`, `time_zone`, `active`, `created_at`, `updated_at`) VALUES ('CZ','{\"en\":\"Vlašim\"}',14.90,49.71,'P','PPL','CZ.88','CZ.88.0201',12225,'Europe/Prague',1,'2018-09-07 23:00:00','2018-09-07 23:00:00');
INSERT INTO `__PREFIX__cities` (`country_code`, `name`, `longitude`, `latitude`, `feature_class`, `feature_code`, `subadmin1_code`, `subadmin2_code`, `population`, `time_zone`, `active`, `created_at`, `updated_at`) VALUES ('CZ','{\"en\":\"Vítkov\"}',17.75,49.77,'P','PPL','CZ.85','CZ.85.0805',6202,'Europe/Prague',1,'2019-03-19 23:00:00','2019-03-19 23:00:00');
INSERT INTO `__PREFIX__cities` (`country_code`, `name`, `longitude`, `latitude`, `feature_class`, `feature_code`, `subadmin1_code`, `subadmin2_code`, `population`, `time_zone`, `active`, `created_at`, `updated_at`) VALUES ('CZ','{\"en\":\"Vimperk\"}',13.78,49.06,'P','PPL','CZ.79','CZ.79.0315',8043,'Europe/Prague',1,'2018-09-08 23:00:00','2018-09-08 23:00:00');
INSERT INTO `__PREFIX__cities` (`country_code`, `name`, `longitude`, `latitude`, `feature_class`, `feature_code`, `subadmin1_code`, `subadmin2_code`, `population`, `time_zone`, `active`, `created_at`, `updated_at`) VALUES ('CZ','{\"en\":\"Veselí nad Moravou\"}',17.38,48.95,'P','PPL','CZ.78','CZ.78.0645',12081,'Europe/Prague',1,'2020-11-16 23:00:00','2020-11-16 23:00:00');
INSERT INTO `__PREFIX__cities` (`country_code`, `name`, `longitude`, `latitude`, `feature_class`, `feature_code`, `subadmin1_code`, `subadmin2_code`, `population`, `time_zone`, `active`, `created_at`, `updated_at`) VALUES ('CZ','{\"en\":\"Veselí nad Lužnicí\"}',14.70,49.18,'P','PPL','CZ.79','CZ.79.0317',6534,'Europe/Prague',1,'2019-03-19 23:00:00','2019-03-19 23:00:00');
INSERT INTO `__PREFIX__cities` (`country_code`, `name`, `longitude`, `latitude`, `feature_class`, `feature_code`, `subadmin1_code`, `subadmin2_code`, `population`, `time_zone`, `active`, `created_at`, `updated_at`) VALUES ('CZ','{\"en\":\"Velké Meziříčí\"}',16.01,49.36,'P','PPL','CZ.80','CZ.80.0635',11753,'Europe/Prague',1,'2018-09-08 23:00:00','2018-09-08 23:00:00');
INSERT INTO `__PREFIX__cities` (`country_code`, `name`, `longitude`, `latitude`, `feature_class`, `feature_code`, `subadmin1_code`, `subadmin2_code`, `population`, `time_zone`, `active`, `created_at`, `updated_at`) VALUES ('CZ','{\"en\":\"Varnsdorf\"}',14.62,50.91,'P','PPL','CZ.89','CZ.89.0421',15895,'Europe/Prague',1,'2019-03-19 23:00:00','2019-03-19 23:00:00');
INSERT INTO `__PREFIX__cities` (`country_code`, `name`, `longitude`, `latitude`, `feature_class`, `feature_code`, `subadmin1_code`, `subadmin2_code`, `population`, `time_zone`, `active`, `created_at`, `updated_at`) VALUES ('CZ','{\"en\":\"Valašské Meziříčí\"}',17.97,49.47,'P','PPL','CZ.90','CZ.90.0723',27481,'Europe/Prague',1,'2019-03-19 23:00:00','2019-03-19 23:00:00');
INSERT INTO `__PREFIX__cities` (`country_code`, `name`, `longitude`, `latitude`, `feature_class`, `feature_code`, `subadmin1_code`, `subadmin2_code`, `population`, `time_zone`, `active`, `created_at`, `updated_at`) VALUES ('CZ','{\"en\":\"Valašské Klobouky\"}',18.01,49.14,'P','PPL','CZ.90','CZ.90.0724',5201,'Europe/Prague',1,'2018-09-07 23:00:00','2018-09-07 23:00:00');
INSERT INTO `__PREFIX__cities` (`country_code`, `name`, `longitude`, `latitude`, `feature_class`, `feature_code`, `subadmin1_code`, `subadmin2_code`, `population`, `time_zone`, `active`, `created_at`, `updated_at`) VALUES ('CZ','{\"en\":\"Ústí nad Orlicí\"}',16.39,49.97,'P','PPL','CZ.86','CZ.86.0534',15151,'Europe/Prague',1,'2019-03-19 23:00:00','2019-03-19 23:00:00');
INSERT INTO `__PREFIX__cities` (`country_code`, `name`, `longitude`, `latitude`, `feature_class`, `feature_code`, `subadmin1_code`, `subadmin2_code`, `population`, `time_zone`, `active`, `created_at`, `updated_at`) VALUES ('CZ','{\"en\":\"Ústí nad Labem\"}',14.03,50.66,'P','PPLA','CZ.89','CZ.89.0427',94105,'Europe/Prague',1,'2019-03-19 23:00:00','2019-03-19 23:00:00');
INSERT INTO `__PREFIX__cities` (`country_code`, `name`, `longitude`, `latitude`, `feature_class`, `feature_code`, `subadmin1_code`, `subadmin2_code`, `population`, `time_zone`, `active`, `created_at`, `updated_at`) VALUES ('CZ','{\"en\":\"Úpice\"}',16.02,50.51,'P','PPL','CZ.82','CZ.82.0525',5959,'Europe/Prague',1,'2018-09-07 23:00:00','2018-09-07 23:00:00');
INSERT INTO `__PREFIX__cities` (`country_code`, `name`, `longitude`, `latitude`, `feature_class`, `feature_code`, `subadmin1_code`, `subadmin2_code`, `population`, `time_zone`, `active`, `created_at`, `updated_at`) VALUES ('CZ','{\"en\":\"Uničov\"}',17.12,49.77,'P','PPL','CZ.84','CZ.84.0712',12385,'Europe/Prague',1,'2018-09-07 23:00:00','2018-09-07 23:00:00');
INSERT INTO `__PREFIX__cities` (`country_code`, `name`, `longitude`, `latitude`, `feature_class`, `feature_code`, `subadmin1_code`, `subadmin2_code`, `population`, `time_zone`, `active`, `created_at`, `updated_at`) VALUES ('CZ','{\"en\":\"Uherský Brod\"}',17.65,49.03,'P','PPL','CZ.90','CZ.90.0722',17508,'Europe/Prague',1,'2018-09-07 23:00:00','2018-09-07 23:00:00');
INSERT INTO `__PREFIX__cities` (`country_code`, `name`, `longitude`, `latitude`, `feature_class`, `feature_code`, `subadmin1_code`, `subadmin2_code`, `population`, `time_zone`, `active`, `created_at`, `updated_at`) VALUES ('CZ','{\"en\":\"Uherské Hradiště\"}',17.46,49.07,'P','PPL','CZ.90','CZ.90.0722',26421,'Europe/Prague',1,'2019-03-19 23:00:00','2019-03-19 23:00:00');
INSERT INTO `__PREFIX__cities` (`country_code`, `name`, `longitude`, `latitude`, `feature_class`, `feature_code`, `subadmin1_code`, `subadmin2_code`, `population`, `time_zone`, `active`, `created_at`, `updated_at`) VALUES ('CZ','{\"en\":\"Týn nad Vltavou\"}',14.42,49.22,'P','PPL','CZ.79','CZ.79.0311',8296,'Europe/Prague',1,'2018-09-07 23:00:00','2018-09-07 23:00:00');
INSERT INTO `__PREFIX__cities` (`country_code`, `name`, `longitude`, `latitude`, `feature_class`, `feature_code`, `subadmin1_code`, `subadmin2_code`, `population`, `time_zone`, `active`, `created_at`, `updated_at`) VALUES ('CZ','{\"en\":\"Týniště nad Orlicí\"}',16.08,50.15,'P','PPL','CZ.82','CZ.82.0524',6342,'Europe/Prague',1,'2019-03-19 23:00:00','2019-03-19 23:00:00');
INSERT INTO `__PREFIX__cities` (`country_code`, `name`, `longitude`, `latitude`, `feature_class`, `feature_code`, `subadmin1_code`, `subadmin2_code`, `population`, `time_zone`, `active`, `created_at`, `updated_at`) VALUES ('CZ','{\"en\":\"Týnec nad Sázavou\"}',14.59,49.83,'P','PPL','CZ.88','CZ.88.0201',5165,'Europe/Prague',1,'2019-03-19 23:00:00','2019-03-19 23:00:00');
INSERT INTO `__PREFIX__cities` (`country_code`, `name`, `longitude`, `latitude`, `feature_class`, `feature_code`, `subadmin1_code`, `subadmin2_code`, `population`, `time_zone`, `active`, `created_at`, `updated_at`) VALUES ('CZ','{\"en\":\"Turnov\"}',15.15,50.58,'P','PPL','CZ.83','CZ.83.0514',14507,'Europe/Prague',1,'2019-03-19 23:00:00','2019-03-19 23:00:00');
INSERT INTO `__PREFIX__cities` (`country_code`, `name`, `longitude`, `latitude`, `feature_class`, `feature_code`, `subadmin1_code`, `subadmin2_code`, `population`, `time_zone`, `active`, `created_at`, `updated_at`) VALUES ('CZ','{\"en\":\"Trutnov\"}',15.91,50.56,'P','PPL','CZ.82','CZ.82.0525',31398,'Europe/Prague',1,'2019-09-04 23:00:00','2019-09-04 23:00:00');
INSERT INTO `__PREFIX__cities` (`country_code`, `name`, `longitude`, `latitude`, `feature_class`, `feature_code`, `subadmin1_code`, `subadmin2_code`, `population`, `time_zone`, `active`, `created_at`, `updated_at`) VALUES ('CZ','{\"en\":\"Třinec\"}',18.67,49.68,'P','PPL','CZ.85','CZ.85.0802',38415,'Europe/Prague',1,'2018-09-07 23:00:00','2018-09-07 23:00:00');
INSERT INTO `__PREFIX__cities` (`country_code`, `name`, `longitude`, `latitude`, `feature_class`, `feature_code`, `subadmin1_code`, `subadmin2_code`, `population`, `time_zone`, `active`, `created_at`, `updated_at`) VALUES ('CZ','{\"en\":\"Třešť\"}',15.48,49.29,'P','PPL','CZ.80','CZ.80.0632',5979,'Europe/Prague',1,'2018-09-07 23:00:00','2018-09-07 23:00:00');
INSERT INTO `__PREFIX__cities` (`country_code`, `name`, `longitude`, `latitude`, `feature_class`, `feature_code`, `subadmin1_code`, `subadmin2_code`, `population`, `time_zone`, `active`, `created_at`, `updated_at`) VALUES ('CZ','{\"en\":\"Třeboň\"}',14.77,49.00,'P','PPL','CZ.79','CZ.79.0313',8862,'Europe/Prague',1,'2019-10-07 23:00:00','2019-10-07 23:00:00');
INSERT INTO `__PREFIX__cities` (`country_code`, `name`, `longitude`, `latitude`, `feature_class`, `feature_code`, `subadmin1_code`, `subadmin2_code`, `population`, `time_zone`, `active`, `created_at`, `updated_at`) VALUES ('CZ','{\"en\":\"Třebíč\"}',15.88,49.21,'P','PPL','CZ.80','CZ.80.0634',38785,'Europe/Prague',1,'2019-03-19 23:00:00','2019-03-19 23:00:00');
INSERT INTO `__PREFIX__cities` (`country_code`, `name`, `longitude`, `latitude`, `feature_class`, `feature_code`, `subadmin1_code`, `subadmin2_code`, `population`, `time_zone`, `active`, `created_at`, `updated_at`) VALUES ('CZ','{\"en\":\"Třebechovice pod Orebem\"}',15.99,50.20,'P','PPL','CZ.82','CZ.82.0521',5611,'Europe/Prague',1,'2018-09-07 23:00:00','2018-09-07 23:00:00');
INSERT INTO `__PREFIX__cities` (`country_code`, `name`, `longitude`, `latitude`, `feature_class`, `feature_code`, `subadmin1_code`, `subadmin2_code`, `population`, `time_zone`, `active`, `created_at`, `updated_at`) VALUES ('CZ','{\"en\":\"Tišnov\"}',16.42,49.35,'P','PPL','CZ.78','CZ.78.0643',8227,'Europe/Prague',1,'2018-09-07 23:00:00','2018-09-07 23:00:00');
INSERT INTO `__PREFIX__cities` (`country_code`, `name`, `longitude`, `latitude`, `feature_class`, `feature_code`, `subadmin1_code`, `subadmin2_code`, `population`, `time_zone`, `active`, `created_at`, `updated_at`) VALUES ('CZ','{\"en\":\"Teplice\"}',13.82,50.64,'P','PPL','CZ.89','CZ.89.0426',51223,'Europe/Prague',1,'2019-03-19 23:00:00','2019-03-19 23:00:00');
INSERT INTO `__PREFIX__cities` (`country_code`, `name`, `longitude`, `latitude`, `feature_class`, `feature_code`, `subadmin1_code`, `subadmin2_code`, `population`, `time_zone`, `active`, `created_at`, `updated_at`) VALUES ('CZ','{\"en\":\"Telč\"}',15.45,49.18,'P','PPL','CZ.80','CZ.80.0632',5883,'Europe/Prague',1,'2019-09-04 23:00:00','2019-09-04 23:00:00');
INSERT INTO `__PREFIX__cities` (`country_code`, `name`, `longitude`, `latitude`, `feature_class`, `feature_code`, `subadmin1_code`, `subadmin2_code`, `population`, `time_zone`, `active`, `created_at`, `updated_at`) VALUES ('CZ','{\"en\":\"Tanvald\"}',15.31,50.74,'P','PPL','CZ.83','CZ.83.0512',6921,'Europe/Prague',1,'2018-09-07 23:00:00','2018-09-07 23:00:00');
INSERT INTO `__PREFIX__cities` (`country_code`, `name`, `longitude`, `latitude`, `feature_class`, `feature_code`, `subadmin1_code`, `subadmin2_code`, `population`, `time_zone`, `active`, `created_at`, `updated_at`) VALUES ('CZ','{\"en\":\"Tachov\"}',12.63,49.80,'P','PPL','CZ.87','CZ.87.0327',12640,'Europe/Prague',1,'2019-09-04 23:00:00','2019-09-04 23:00:00');
INSERT INTO `__PREFIX__cities` (`country_code`, `name`, `longitude`, `latitude`, `feature_class`, `feature_code`, `subadmin1_code`, `subadmin2_code`, `population`, `time_zone`, `active`, `created_at`, `updated_at`) VALUES ('CZ','{\"en\":\"Tábor\"}',14.66,49.41,'P','PPL','CZ.79','CZ.79.0317',36264,'Europe/Prague',1,'2019-10-07 23:00:00','2019-10-07 23:00:00');
INSERT INTO `__PREFIX__cities` (`country_code`, `name`, `longitude`, `latitude`, `feature_class`, `feature_code`, `subadmin1_code`, `subadmin2_code`, `population`, `time_zone`, `active`, `created_at`, `updated_at`) VALUES ('CZ','{\"en\":\"Svitavy\"}',16.47,49.76,'P','PPL','CZ.86','CZ.86.0533',17427,'Europe/Prague',1,'2018-09-07 23:00:00','2018-09-07 23:00:00');
INSERT INTO `__PREFIX__cities` (`country_code`, `name`, `longitude`, `latitude`, `feature_class`, `feature_code`, `subadmin1_code`, `subadmin2_code`, `population`, `time_zone`, `active`, `created_at`, `updated_at`) VALUES ('CZ','{\"en\":\"Světlá nad Sázavou\"}',15.40,49.67,'P','PPL','CZ.80','CZ.80.0631',7037,'Europe/Prague',1,'2019-03-19 23:00:00','2019-03-19 23:00:00');
INSERT INTO `__PREFIX__cities` (`country_code`, `name`, `longitude`, `latitude`, `feature_class`, `feature_code`, `subadmin1_code`, `subadmin2_code`, `population`, `time_zone`, `active`, `created_at`, `updated_at`) VALUES ('CZ','{\"en\":\"Sušice\"}',13.52,49.23,'P','PPL','CZ.87','CZ.87.0322',11483,'Europe/Prague',1,'2018-09-08 23:00:00','2018-09-08 23:00:00');
INSERT INTO `__PREFIX__cities` (`country_code`, `name`, `longitude`, `latitude`, `feature_class`, `feature_code`, `subadmin1_code`, `subadmin2_code`, `population`, `time_zone`, `active`, `created_at`, `updated_at`) VALUES ('CZ','{\"en\":\"Šumperk\"}',16.97,49.97,'P','PPL','CZ.84','CZ.84.0715',28768,'Europe/Prague',1,'2019-03-19 23:00:00','2019-03-19 23:00:00');
INSERT INTO `__PREFIX__cities` (`country_code`, `name`, `longitude`, `latitude`, `feature_class`, `feature_code`, `subadmin1_code`, `subadmin2_code`, `population`, `time_zone`, `active`, `created_at`, `updated_at`) VALUES ('CZ','{\"en\":\"Studénka\"}',18.08,49.72,'P','PPL','CZ.85','CZ.85.0804',10341,'Europe/Prague',1,'2019-03-19 23:00:00','2019-03-19 23:00:00');
INSERT INTO `__PREFIX__cities` (`country_code`, `name`, `longitude`, `latitude`, `feature_class`, `feature_code`, `subadmin1_code`, `subadmin2_code`, `population`, `time_zone`, `active`, `created_at`, `updated_at`) VALUES ('CZ','{\"en\":\"Střížkov\"}',14.49,50.13,'P','PPLX','CZ.52','CZ.52.8378777',14069,'Europe/Prague',1,'2018-09-12 23:00:00','2018-09-12 23:00:00');
INSERT INTO `__PREFIX__cities` (`country_code`, `name`, `longitude`, `latitude`, `feature_class`, `feature_code`, `subadmin1_code`, `subadmin2_code`, `population`, `time_zone`, `active`, `created_at`, `updated_at`) VALUES ('CZ','{\"en\":\"Stříbro\"}',13.00,49.76,'P','PPL','CZ.87','CZ.87.0327',7689,'Europe/Prague',1,'2018-09-07 23:00:00','2018-09-07 23:00:00');
INSERT INTO `__PREFIX__cities` (`country_code`, `name`, `longitude`, `latitude`, `feature_class`, `feature_code`, `subadmin1_code`, `subadmin2_code`, `population`, `time_zone`, `active`, `created_at`, `updated_at`) VALUES ('CZ','{\"en\":\"Strážnice\"}',17.32,48.90,'P','PPL','CZ.78','CZ.78.0645',5900,'Europe/Prague',1,'2021-12-02 23:00:00','2021-12-02 23:00:00');
INSERT INTO `__PREFIX__cities` (`country_code`, `name`, `longitude`, `latitude`, `feature_class`, `feature_code`, `subadmin1_code`, `subadmin2_code`, `population`, `time_zone`, `active`, `created_at`, `updated_at`) VALUES ('CZ','{\"en\":\"Strakonice\"}',13.90,49.26,'P','PPL','CZ.79','CZ.79.0316',23545,'Europe/Prague',1,'2018-10-12 23:00:00','2018-10-12 23:00:00');
INSERT INTO `__PREFIX__cities` (`country_code`, `name`, `longitude`, `latitude`, `feature_class`, `feature_code`, `subadmin1_code`, `subadmin2_code`, `population`, `time_zone`, `active`, `created_at`, `updated_at`) VALUES ('CZ','{\"en\":\"Stochov\"}',13.96,50.15,'P','PPL','CZ.88','CZ.88.0203',5538,'Europe/Prague',1,'2018-09-07 23:00:00','2018-09-07 23:00:00');
INSERT INTO `__PREFIX__cities` (`country_code`, `name`, `longitude`, `latitude`, `feature_class`, `feature_code`, `subadmin1_code`, `subadmin2_code`, `population`, `time_zone`, `active`, `created_at`, `updated_at`) VALUES ('CZ','{\"en\":\"Štětí\"}',14.37,50.45,'P','PPL','CZ.89','CZ.89.0423',9165,'Europe/Prague',1,'2018-09-07 23:00:00','2018-09-07 23:00:00');
INSERT INTO `__PREFIX__cities` (`country_code`, `name`, `longitude`, `latitude`, `feature_class`, `feature_code`, `subadmin1_code`, `subadmin2_code`, `population`, `time_zone`, `active`, `created_at`, `updated_at`) VALUES ('CZ','{\"en\":\"Šternberk\"}',17.30,49.73,'P','PPL','CZ.84','CZ.84.0712',13967,'Europe/Prague',1,'2019-03-19 23:00:00','2019-03-19 23:00:00');
INSERT INTO `__PREFIX__cities` (`country_code`, `name`, `longitude`, `latitude`, `feature_class`, `feature_code`, `subadmin1_code`, `subadmin2_code`, `population`, `time_zone`, `active`, `created_at`, `updated_at`) VALUES ('CZ','{\"en\":\"Starý Bohumín\"}',18.34,49.92,'P','PPLX','CZ.85','CZ.85.0803',23034,'Europe/Prague',1,'2020-06-10 23:00:00','2020-06-10 23:00:00');
INSERT INTO `__PREFIX__cities` (`country_code`, `name`, `longitude`, `latitude`, `feature_class`, `feature_code`, `subadmin1_code`, `subadmin2_code`, `population`, `time_zone`, `active`, `created_at`, `updated_at`) VALUES ('CZ','{\"en\":\"Staré Město\"}',14.42,50.09,'P','PPLX','CZ.52','CZ.52.8378769',10127,'Europe/Prague',1,'2018-09-12 23:00:00','2018-09-12 23:00:00');
INSERT INTO `__PREFIX__cities` (`country_code`, `name`, `longitude`, `latitude`, `feature_class`, `feature_code`, `subadmin1_code`, `subadmin2_code`, `population`, `time_zone`, `active`, `created_at`, `updated_at`) VALUES ('CZ','{\"en\":\"Staré Město\"}',17.43,49.08,'P','PPL','CZ.90','CZ.90.0722',6742,'Europe/Prague',1,'2018-09-07 23:00:00','2018-09-07 23:00:00');
INSERT INTO `__PREFIX__cities` (`country_code`, `name`, `longitude`, `latitude`, `feature_class`, `feature_code`, `subadmin1_code`, `subadmin2_code`, `population`, `time_zone`, `active`, `created_at`, `updated_at`) VALUES ('CZ','{\"en\":\"Sokolov\"}',12.64,50.18,'P','PPL','CZ.81','CZ.81.0413',24901,'Europe/Prague',1,'2019-09-04 23:00:00','2019-09-04 23:00:00');
INSERT INTO `__PREFIX__cities` (`country_code`, `name`, `longitude`, `latitude`, `feature_class`, `feature_code`, `subadmin1_code`, `subadmin2_code`, `population`, `time_zone`, `active`, `created_at`, `updated_at`) VALUES ('CZ','{\"en\":\"Soběslav\"}',14.72,49.26,'P','PPL','CZ.79','CZ.79.0317',7308,'Europe/Prague',1,'2018-09-07 23:00:00','2018-09-07 23:00:00');
INSERT INTO `__PREFIX__cities` (`country_code`, `name`, `longitude`, `latitude`, `feature_class`, `feature_code`, `subadmin1_code`, `subadmin2_code`, `population`, `time_zone`, `active`, `created_at`, `updated_at`) VALUES ('CZ','{\"en\":\"Šluknov\"}',14.45,51.00,'P','PPL','CZ.89','CZ.89.0421',5701,'Europe/Prague',1,'2018-09-07 23:00:00','2018-09-07 23:00:00');
INSERT INTO `__PREFIX__cities` (`country_code`, `name`, `longitude`, `latitude`, `feature_class`, `feature_code`, `subadmin1_code`, `subadmin2_code`, `population`, `time_zone`, `active`, `created_at`, `updated_at`) VALUES ('CZ','{\"en\":\"Slavkov u Brna\"}',16.88,49.15,'P','PPL','CZ.78','CZ.78.0646',5936,'Europe/Prague',1,'2019-03-19 23:00:00','2019-03-19 23:00:00');
INSERT INTO `__PREFIX__cities` (`country_code`, `name`, `longitude`, `latitude`, `feature_class`, `feature_code`, `subadmin1_code`, `subadmin2_code`, `population`, `time_zone`, `active`, `created_at`, `updated_at`) VALUES ('CZ','{\"en\":\"Slavičín\"}',17.87,49.09,'P','PPL','CZ.90','CZ.90.0724',7079,'Europe/Prague',1,'2018-09-07 23:00:00','2018-09-07 23:00:00');
INSERT INTO `__PREFIX__cities` (`country_code`, `name`, `longitude`, `latitude`, `feature_class`, `feature_code`, `subadmin1_code`, `subadmin2_code`, `population`, `time_zone`, `active`, `created_at`, `updated_at`) VALUES ('CZ','{\"en\":\"Šlapanice\"}',16.73,49.17,'P','PPLA3','CZ.78','CZ.78.0643',7109,'Europe/Prague',1,'2018-09-27 23:00:00','2018-09-27 23:00:00');
INSERT INTO `__PREFIX__cities` (`country_code`, `name`, `longitude`, `latitude`, `feature_class`, `feature_code`, `subadmin1_code`, `subadmin2_code`, `population`, `time_zone`, `active`, `created_at`, `updated_at`) VALUES ('CZ','{\"en\":\"Slaný\"}',14.09,50.23,'P','PPL','CZ.88','CZ.88.0203',15070,'Europe/Prague',1,'2018-09-07 23:00:00','2018-09-07 23:00:00');
INSERT INTO `__PREFIX__cities` (`country_code`, `name`, `longitude`, `latitude`, `feature_class`, `feature_code`, `subadmin1_code`, `subadmin2_code`, `population`, `time_zone`, `active`, `created_at`, `updated_at`) VALUES ('CZ','{\"en\":\"Skuteč\"}',16.00,49.84,'P','PPL','CZ.86','CZ.86.0531',5415,'Europe/Prague',1,'2019-02-15 23:00:00','2019-02-15 23:00:00');
INSERT INTO `__PREFIX__cities` (`country_code`, `name`, `longitude`, `latitude`, `feature_class`, `feature_code`, `subadmin1_code`, `subadmin2_code`, `population`, `time_zone`, `active`, `created_at`, `updated_at`) VALUES ('CZ','{\"en\":\"Sezimovo Ústí\"}',14.68,49.39,'P','PPL','CZ.79','CZ.79.0317',7420,'Europe/Prague',1,'2018-09-07 23:00:00','2018-09-07 23:00:00');
INSERT INTO `__PREFIX__cities` (`country_code`, `name`, `longitude`, `latitude`, `feature_class`, `feature_code`, `subadmin1_code`, `subadmin2_code`, `population`, `time_zone`, `active`, `created_at`, `updated_at`) VALUES ('CZ','{\"en\":\"Šenov\"}',18.38,49.79,'P','PPL','CZ.85','CZ.85.0806',5462,'Europe/Prague',1,'2018-09-07 23:00:00','2018-09-07 23:00:00');
INSERT INTO `__PREFIX__cities` (`country_code`, `name`, `longitude`, `latitude`, `feature_class`, `feature_code`, `subadmin1_code`, `subadmin2_code`, `population`, `time_zone`, `active`, `created_at`, `updated_at`) VALUES ('CZ','{\"en\":\"Semily\"}',15.34,50.60,'P','PPL','CZ.83','CZ.83.0514',9040,'Europe/Prague',1,'2018-09-07 23:00:00','2018-09-07 23:00:00');
INSERT INTO `__PREFIX__cities` (`country_code`, `name`, `longitude`, `latitude`, `feature_class`, `feature_code`, `subadmin1_code`, `subadmin2_code`, `population`, `time_zone`, `active`, `created_at`, `updated_at`) VALUES ('CZ','{\"en\":\"Sedlčany\"}',14.43,49.66,'P','PPL','CZ.88','CZ.88.020B',7836,'Europe/Prague',1,'2018-09-07 23:00:00','2018-09-07 23:00:00');
INSERT INTO `__PREFIX__cities` (`country_code`, `name`, `longitude`, `latitude`, `feature_class`, `feature_code`, `subadmin1_code`, `subadmin2_code`, `population`, `time_zone`, `active`, `created_at`, `updated_at`) VALUES ('CZ','{\"en\":\"Rýmařov\"}',17.27,49.93,'P','PPL','CZ.85','CZ.85.0801',9069,'Europe/Prague',1,'2018-09-07 23:00:00','2018-09-07 23:00:00');
INSERT INTO `__PREFIX__cities` (`country_code`, `name`, `longitude`, `latitude`, `feature_class`, `feature_code`, `subadmin1_code`, `subadmin2_code`, `population`, `time_zone`, `active`, `created_at`, `updated_at`) VALUES ('CZ','{\"en\":\"Rychvald\"}',18.38,49.87,'P','PPL','CZ.85','CZ.85.0803',6771,'Europe/Prague',1,'2019-03-19 23:00:00','2019-03-19 23:00:00');
INSERT INTO `__PREFIX__cities` (`country_code`, `name`, `longitude`, `latitude`, `feature_class`, `feature_code`, `subadmin1_code`, `subadmin2_code`, `population`, `time_zone`, `active`, `created_at`, `updated_at`) VALUES ('CZ','{\"en\":\"Rychnov nad Kněžnou\"}',16.27,50.16,'P','PPL','CZ.82','CZ.82.0524',11695,'Europe/Prague',1,'2019-03-19 23:00:00','2019-03-19 23:00:00');
INSERT INTO `__PREFIX__cities` (`country_code`, `name`, `longitude`, `latitude`, `feature_class`, `feature_code`, `subadmin1_code`, `subadmin2_code`, `population`, `time_zone`, `active`, `created_at`, `updated_at`) VALUES ('CZ','{\"en\":\"Rumburk\"}',14.56,50.95,'P','PPL','CZ.89','CZ.89.0421',11101,'Europe/Prague',1,'2019-03-19 23:00:00','2019-03-19 23:00:00');
INSERT INTO `__PREFIX__cities` (`country_code`, `name`, `longitude`, `latitude`, `feature_class`, `feature_code`, `subadmin1_code`, `subadmin2_code`, `population`, `time_zone`, `active`, `created_at`, `updated_at`) VALUES ('CZ','{\"en\":\"Roztoky\"}',14.40,50.16,'P','PPL','CZ.88','CZ.88.020A',5956,'Europe/Prague',1,'2018-09-08 23:00:00','2018-09-08 23:00:00');
INSERT INTO `__PREFIX__cities` (`country_code`, `name`, `longitude`, `latitude`, `feature_class`, `feature_code`, `subadmin1_code`, `subadmin2_code`, `population`, `time_zone`, `active`, `created_at`, `updated_at`) VALUES ('CZ','{\"en\":\"Rožnov pod Radhoštěm\"}',18.14,49.46,'P','PPL','CZ.90','CZ.90.0723',17238,'Europe/Prague',1,'2019-10-02 23:00:00','2019-10-02 23:00:00');
INSERT INTO `__PREFIX__cities` (`country_code`, `name`, `longitude`, `latitude`, `feature_class`, `feature_code`, `subadmin1_code`, `subadmin2_code`, `population`, `time_zone`, `active`, `created_at`, `updated_at`) VALUES ('CZ','{\"en\":\"Rousínov\"}',16.88,49.20,'P','PPL','CZ.78','CZ.78.0646',5016,'Europe/Prague',1,'2018-09-07 23:00:00','2018-09-07 23:00:00');
INSERT INTO `__PREFIX__cities` (`country_code`, `name`, `longitude`, `latitude`, `feature_class`, `feature_code`, `subadmin1_code`, `subadmin2_code`, `population`, `time_zone`, `active`, `created_at`, `updated_at`) VALUES ('CZ','{\"en\":\"Roudnice nad Labem\"}',14.26,50.43,'P','PPL','CZ.89','CZ.89.0423',13084,'Europe/Prague',1,'2018-09-07 23:00:00','2018-09-07 23:00:00');
INSERT INTO `__PREFIX__cities` (`country_code`, `name`, `longitude`, `latitude`, `feature_class`, `feature_code`, `subadmin1_code`, `subadmin2_code`, `population`, `time_zone`, `active`, `created_at`, `updated_at`) VALUES ('CZ','{\"en\":\"Rosice\"}',16.39,49.18,'P','PPL','CZ.78','CZ.78.0643',5287,'Europe/Prague',1,'2018-09-07 23:00:00','2018-09-07 23:00:00');
INSERT INTO `__PREFIX__cities` (`country_code`, `name`, `longitude`, `latitude`, `feature_class`, `feature_code`, `subadmin1_code`, `subadmin2_code`, `population`, `time_zone`, `active`, `created_at`, `updated_at`) VALUES ('CZ','{\"en\":\"Rokycany\"}',13.59,49.74,'P','PPL','CZ.87','CZ.87.0326',13826,'Europe/Prague',1,'2019-03-19 23:00:00','2019-03-19 23:00:00');
INSERT INTO `__PREFIX__cities` (`country_code`, `name`, `longitude`, `latitude`, `feature_class`, `feature_code`, `subadmin1_code`, `subadmin2_code`, `population`, `time_zone`, `active`, `created_at`, `updated_at`) VALUES ('CZ','{\"en\":\"Říčany\"}',14.65,49.99,'P','PPL','CZ.88','CZ.88.0209',11329,'Europe/Prague',1,'2019-12-31 23:00:00','2019-12-31 23:00:00');
INSERT INTO `__PREFIX__cities` (`country_code`, `name`, `longitude`, `latitude`, `feature_class`, `feature_code`, `subadmin1_code`, `subadmin2_code`, `population`, `time_zone`, `active`, `created_at`, `updated_at`) VALUES ('CZ','{\"en\":\"Rakovník\"}',13.73,50.10,'P','PPL','CZ.88','CZ.88.020C',16473,'Europe/Prague',1,'2018-09-07 23:00:00','2018-09-07 23:00:00');
INSERT INTO `__PREFIX__cities` (`country_code`, `name`, `longitude`, `latitude`, `feature_class`, `feature_code`, `subadmin1_code`, `subadmin2_code`, `population`, `time_zone`, `active`, `created_at`, `updated_at`) VALUES ('CZ','{\"en\":\"Protivín\"}',14.22,49.20,'P','PPL','CZ.79','CZ.79.0314',5021,'Europe/Prague',1,'2018-09-07 23:00:00','2018-09-07 23:00:00');
INSERT INTO `__PREFIX__cities` (`country_code`, `name`, `longitude`, `latitude`, `feature_class`, `feature_code`, `subadmin1_code`, `subadmin2_code`, `population`, `time_zone`, `active`, `created_at`, `updated_at`) VALUES ('CZ','{\"en\":\"Prostějov\"}',17.11,49.47,'P','PPL','CZ.84','CZ.84.0713',47374,'Europe/Prague',1,'2019-03-19 23:00:00','2019-03-19 23:00:00');
INSERT INTO `__PREFIX__cities` (`country_code`, `name`, `longitude`, `latitude`, `feature_class`, `feature_code`, `subadmin1_code`, `subadmin2_code`, `population`, `time_zone`, `active`, `created_at`, `updated_at`) VALUES ('CZ','{\"en\":\"Prosek\"}',14.51,50.12,'P','PPLX','CZ.52','CZ.52.8378777',15581,'Europe/Prague',1,'2018-09-12 23:00:00','2018-09-12 23:00:00');
INSERT INTO `__PREFIX__cities` (`country_code`, `name`, `longitude`, `latitude`, `feature_class`, `feature_code`, `subadmin1_code`, `subadmin2_code`, `population`, `time_zone`, `active`, `created_at`, `updated_at`) VALUES ('CZ','{\"en\":\"Příbram\"}',14.01,49.69,'P','PPL','CZ.88','CZ.88.020B',35251,'Europe/Prague',1,'2019-03-19 23:00:00','2019-03-19 23:00:00');
INSERT INTO `__PREFIX__cities` (`country_code`, `name`, `longitude`, `latitude`, `feature_class`, `feature_code`, `subadmin1_code`, `subadmin2_code`, `population`, `time_zone`, `active`, `created_at`, `updated_at`) VALUES ('CZ','{\"en\":\"Příbor\"}',18.14,49.64,'P','PPL','CZ.85','CZ.85.0804',8789,'Europe/Prague',1,'2019-09-04 23:00:00','2019-09-04 23:00:00');
INSERT INTO `__PREFIX__cities` (`country_code`, `name`, `longitude`, `latitude`, `feature_class`, `feature_code`, `subadmin1_code`, `subadmin2_code`, `population`, `time_zone`, `active`, `created_at`, `updated_at`) VALUES ('CZ','{\"en\":\"Přeštice\"}',13.33,49.57,'P','PPL','CZ.87','CZ.87.0324',6353,'Europe/Prague',1,'2018-09-07 23:00:00','2018-09-07 23:00:00');
INSERT INTO `__PREFIX__cities` (`country_code`, `name`, `longitude`, `latitude`, `feature_class`, `feature_code`, `subadmin1_code`, `subadmin2_code`, `population`, `time_zone`, `active`, `created_at`, `updated_at`) VALUES ('CZ','{\"en\":\"Přerov\"}',17.45,49.46,'P','PPL','CZ.84','CZ.84.0714',47311,'Europe/Prague',1,'2019-03-19 23:00:00','2019-03-19 23:00:00');
INSERT INTO `__PREFIX__cities` (`country_code`, `name`, `longitude`, `latitude`, `feature_class`, `feature_code`, `subadmin1_code`, `subadmin2_code`, `population`, `time_zone`, `active`, `created_at`, `updated_at`) VALUES ('CZ','{\"en\":\"Přelouč\"}',15.56,50.04,'P','PPL','CZ.86','CZ.86.0532',8586,'Europe/Prague',1,'2018-09-07 23:00:00','2018-09-07 23:00:00');
INSERT INTO `__PREFIX__cities` (`country_code`, `name`, `longitude`, `latitude`, `feature_class`, `feature_code`, `subadmin1_code`, `subadmin2_code`, `population`, `time_zone`, `active`, `created_at`, `updated_at`) VALUES ('CZ','{\"en\":\"Prague\"}',14.42,50.09,'P','PPLC','CZ.52',NULL,1165581,'Europe/Prague',1,'2020-05-27 23:00:00','2020-05-27 23:00:00');
INSERT INTO `__PREFIX__cities` (`country_code`, `name`, `longitude`, `latitude`, `feature_class`, `feature_code`, `subadmin1_code`, `subadmin2_code`, `population`, `time_zone`, `active`, `created_at`, `updated_at`) VALUES ('CZ','{\"en\":\"Prachatice\"}',14.00,49.01,'P','PPL','CZ.79','CZ.79.0315',11803,'Europe/Prague',1,'2019-09-04 23:00:00','2019-09-04 23:00:00');
INSERT INTO `__PREFIX__cities` (`country_code`, `name`, `longitude`, `latitude`, `feature_class`, `feature_code`, `subadmin1_code`, `subadmin2_code`, `population`, `time_zone`, `active`, `created_at`, `updated_at`) VALUES ('CZ','{\"en\":\"Polná\"}',15.72,49.49,'P','PPL','CZ.80','CZ.80.0632',5006,'Europe/Prague',1,'2018-09-07 23:00:00','2018-09-07 23:00:00');
INSERT INTO `__PREFIX__cities` (`country_code`, `name`, `longitude`, `latitude`, `feature_class`, `feature_code`, `subadmin1_code`, `subadmin2_code`, `population`, `time_zone`, `active`, `created_at`, `updated_at`) VALUES ('CZ','{\"en\":\"Polička\"}',16.27,49.71,'P','PPL','CZ.86','CZ.86.0533',9129,'Europe/Prague',1,'2018-09-07 23:00:00','2018-09-07 23:00:00');
INSERT INTO `__PREFIX__cities` (`country_code`, `name`, `longitude`, `latitude`, `feature_class`, `feature_code`, `subadmin1_code`, `subadmin2_code`, `population`, `time_zone`, `active`, `created_at`, `updated_at`) VALUES ('CZ','{\"en\":\"Poděbrady\"}',15.12,50.14,'P','PPL','CZ.88','CZ.88.0208',13128,'Europe/Prague',1,'2019-03-18 23:00:00','2019-03-18 23:00:00');
INSERT INTO `__PREFIX__cities` (`country_code`, `name`, `longitude`, `latitude`, `feature_class`, `feature_code`, `subadmin1_code`, `subadmin2_code`, `population`, `time_zone`, `active`, `created_at`, `updated_at`) VALUES ('CZ','{\"en\":\"Podbořany\"}',13.41,50.23,'P','PPL','CZ.89','CZ.89.0424',6212,'Europe/Prague',1,'2018-09-07 23:00:00','2018-09-07 23:00:00');
INSERT INTO `__PREFIX__cities` (`country_code`, `name`, `longitude`, `latitude`, `feature_class`, `feature_code`, `subadmin1_code`, `subadmin2_code`, `population`, `time_zone`, `active`, `created_at`, `updated_at`) VALUES ('CZ','{\"en\":\"Pilsen\"}',13.38,49.75,'P','PPLA','CZ.87','CZ.87.0323',164180,'Europe/Prague',1,'2018-09-07 23:00:00','2018-09-07 23:00:00');
INSERT INTO `__PREFIX__cities` (`country_code`, `name`, `longitude`, `latitude`, `feature_class`, `feature_code`, `subadmin1_code`, `subadmin2_code`, `population`, `time_zone`, `active`, `created_at`, `updated_at`) VALUES ('CZ','{\"en\":\"Planá\"}',12.74,49.87,'P','PPL','CZ.87','CZ.87.0327',5450,'Europe/Prague',1,'2018-09-07 23:00:00','2018-09-07 23:00:00');
INSERT INTO `__PREFIX__cities` (`country_code`, `name`, `longitude`, `latitude`, `feature_class`, `feature_code`, `subadmin1_code`, `subadmin2_code`, `population`, `time_zone`, `active`, `created_at`, `updated_at`) VALUES ('CZ','{\"en\":\"Písek\"}',14.15,49.31,'P','PPL','CZ.79','CZ.79.0314',29774,'Europe/Prague',1,'2019-03-18 23:00:00','2019-03-18 23:00:00');
INSERT INTO `__PREFIX__cities` (`country_code`, `name`, `longitude`, `latitude`, `feature_class`, `feature_code`, `subadmin1_code`, `subadmin2_code`, `population`, `time_zone`, `active`, `created_at`, `updated_at`) VALUES ('CZ','{\"en\":\"Petřvald\"}',18.39,49.83,'P','PPL','CZ.85','CZ.85.0803',6854,'Europe/Prague',1,'2018-09-07 23:00:00','2018-09-07 23:00:00');
INSERT INTO `__PREFIX__cities` (`country_code`, `name`, `longitude`, `latitude`, `feature_class`, `feature_code`, `subadmin1_code`, `subadmin2_code`, `population`, `time_zone`, `active`, `created_at`, `updated_at`) VALUES ('CZ','{\"en\":\"Pelhřimov\"}',15.22,49.43,'P','PPL','CZ.80','CZ.80.0633',16541,'Europe/Prague',1,'2018-09-07 23:00:00','2018-09-07 23:00:00');
INSERT INTO `__PREFIX__cities` (`country_code`, `name`, `longitude`, `latitude`, `feature_class`, `feature_code`, `subadmin1_code`, `subadmin2_code`, `population`, `time_zone`, `active`, `created_at`, `updated_at`) VALUES ('CZ','{\"en\":\"Pardubice\"}',15.78,50.04,'P','PPLA','CZ.86','CZ.86.0532',88741,'Europe/Prague',1,'2019-02-26 23:00:00','2019-02-26 23:00:00');
INSERT INTO `__PREFIX__cities` (`country_code`, `name`, `longitude`, `latitude`, `feature_class`, `feature_code`, `subadmin1_code`, `subadmin2_code`, `population`, `time_zone`, `active`, `created_at`, `updated_at`) VALUES ('CZ','{\"en\":\"Pacov\"}',15.00,49.47,'P','PPL','CZ.80','CZ.80.0633',5145,'Europe/Prague',1,'2018-09-07 23:00:00','2018-09-07 23:00:00');
INSERT INTO `__PREFIX__cities` (`country_code`, `name`, `longitude`, `latitude`, `feature_class`, `feature_code`, `subadmin1_code`, `subadmin2_code`, `population`, `time_zone`, `active`, `created_at`, `updated_at`) VALUES ('CZ','{\"en\":\"Otrokovice\"}',17.54,49.21,'P','PPL','CZ.90','CZ.90.0724',18857,'Europe/Prague',1,'2020-10-23 23:00:00','2020-10-23 23:00:00');
INSERT INTO `__PREFIX__cities` (`country_code`, `name`, `longitude`, `latitude`, `feature_class`, `feature_code`, `subadmin1_code`, `subadmin2_code`, `population`, `time_zone`, `active`, `created_at`, `updated_at`) VALUES ('CZ','{\"en\":\"Ostrov\"}',12.94,50.31,'P','PPL','CZ.81','CZ.81.0412',17206,'Europe/Prague',1,'2018-09-08 23:00:00','2018-09-08 23:00:00');
INSERT INTO `__PREFIX__cities` (`country_code`, `name`, `longitude`, `latitude`, `feature_class`, `feature_code`, `subadmin1_code`, `subadmin2_code`, `population`, `time_zone`, `active`, `created_at`, `updated_at`) VALUES ('CZ','{\"en\":\"Ostrava\"}',18.28,49.83,'P','PPLA','CZ.85','CZ.85.0806',313088,'Europe/Prague',1,'2018-09-07 23:00:00','2018-09-07 23:00:00');
INSERT INTO `__PREFIX__cities` (`country_code`, `name`, `longitude`, `latitude`, `feature_class`, `feature_code`, `subadmin1_code`, `subadmin2_code`, `population`, `time_zone`, `active`, `created_at`, `updated_at`) VALUES ('CZ','{\"en\":\"Orlová\"}',18.43,49.85,'P','PPL','CZ.85','CZ.85.0803',34282,'Europe/Prague',1,'2019-03-19 23:00:00','2019-03-19 23:00:00');
INSERT INTO `__PREFIX__cities` (`country_code`, `name`, `longitude`, `latitude`, `feature_class`, `feature_code`, `subadmin1_code`, `subadmin2_code`, `population`, `time_zone`, `active`, `created_at`, `updated_at`) VALUES ('CZ','{\"en\":\"Opava\"}',17.90,49.94,'P','PPL','CZ.85','CZ.85.0805',60252,'Europe/Prague',1,'2019-09-04 23:00:00','2019-09-04 23:00:00');
INSERT INTO `__PREFIX__cities` (`country_code`, `name`, `longitude`, `latitude`, `feature_class`, `feature_code`, `subadmin1_code`, `subadmin2_code`, `population`, `time_zone`, `active`, `created_at`, `updated_at`) VALUES ('CZ','{\"en\":\"Olomouc\"}',17.25,49.60,'P','PPLA','CZ.84','CZ.84.0712',101268,'Europe/Prague',1,'2019-09-04 23:00:00','2019-09-04 23:00:00');
INSERT INTO `__PREFIX__cities` (`country_code`, `name`, `longitude`, `latitude`, `feature_class`, `feature_code`, `subadmin1_code`, `subadmin2_code`, `population`, `time_zone`, `active`, `created_at`, `updated_at`) VALUES ('CZ','{\"en\":\"Odry\"}',17.83,49.66,'P','PPL','CZ.85','CZ.85.0804',7395,'Europe/Prague',1,'2018-09-07 23:00:00','2018-09-07 23:00:00');
INSERT INTO `__PREFIX__cities` (`country_code`, `name`, `longitude`, `latitude`, `feature_class`, `feature_code`, `subadmin1_code`, `subadmin2_code`, `population`, `time_zone`, `active`, `created_at`, `updated_at`) VALUES ('CZ','{\"en\":\"Nýrsko\"}',13.14,49.29,'P','PPL','CZ.87','CZ.87.0322',5070,'Europe/Prague',1,'2018-09-07 23:00:00','2018-09-07 23:00:00');
INSERT INTO `__PREFIX__cities` (`country_code`, `name`, `longitude`, `latitude`, `feature_class`, `feature_code`, `subadmin1_code`, `subadmin2_code`, `population`, `time_zone`, `active`, `created_at`, `updated_at`) VALUES ('CZ','{\"en\":\"Nýřany\"}',13.21,49.71,'P','PPL','CZ.87','CZ.87.0325',6942,'Europe/Prague',1,'2019-03-19 23:00:00','2019-03-19 23:00:00');
INSERT INTO `__PREFIX__cities` (`country_code`, `name`, `longitude`, `latitude`, `feature_class`, `feature_code`, `subadmin1_code`, `subadmin2_code`, `population`, `time_zone`, `active`, `created_at`, `updated_at`) VALUES ('CZ','{\"en\":\"Nymburk\"}',15.04,50.19,'P','PPL','CZ.88','CZ.88.0208',14373,'Europe/Prague',1,'2019-03-26 23:00:00','2019-03-26 23:00:00');
INSERT INTO `__PREFIX__cities` (`country_code`, `name`, `longitude`, `latitude`, `feature_class`, `feature_code`, `subadmin1_code`, `subadmin2_code`, `population`, `time_zone`, `active`, `created_at`, `updated_at`) VALUES ('CZ','{\"en\":\"Nový Jičín\"}',18.01,49.59,'P','PPL','CZ.85','CZ.85.0804',26547,'Europe/Prague',1,'2018-09-07 23:00:00','2018-09-07 23:00:00');
INSERT INTO `__PREFIX__cities` (`country_code`, `name`, `longitude`, `latitude`, `feature_class`, `feature_code`, `subadmin1_code`, `subadmin2_code`, `population`, `time_zone`, `active`, `created_at`, `updated_at`) VALUES ('CZ','{\"en\":\"Nový Bydžov\"}',15.49,50.24,'P','PPL','CZ.82','CZ.82.0521',7160,'Europe/Prague',1,'2018-09-07 23:00:00','2018-09-07 23:00:00');
INSERT INTO `__PREFIX__cities` (`country_code`, `name`, `longitude`, `latitude`, `feature_class`, `feature_code`, `subadmin1_code`, `subadmin2_code`, `population`, `time_zone`, `active`, `created_at`, `updated_at`) VALUES ('CZ','{\"en\":\"Nový Bor\"}',14.56,50.76,'P','PPL','CZ.83','CZ.83.0511',12171,'Europe/Prague',1,'2019-09-04 23:00:00','2019-09-04 23:00:00');
INSERT INTO `__PREFIX__cities` (`country_code`, `name`, `longitude`, `latitude`, `feature_class`, `feature_code`, `subadmin1_code`, `subadmin2_code`, `population`, `time_zone`, `active`, `created_at`, `updated_at`) VALUES ('CZ','{\"en\":\"Nové Strašecí\"}',13.90,50.15,'P','PPL','CZ.88','CZ.88.020C',5082,'Europe/Prague',1,'2019-03-19 23:00:00','2019-03-19 23:00:00');
INSERT INTO `__PREFIX__cities` (`country_code`, `name`, `longitude`, `latitude`, `feature_class`, `feature_code`, `subadmin1_code`, `subadmin2_code`, `population`, `time_zone`, `active`, `created_at`, `updated_at`) VALUES ('CZ','{\"en\":\"Nové Město na Moravě\"}',16.07,49.56,'P','PPL','CZ.80','CZ.80.0635',10098,'Europe/Prague',1,'2020-01-17 23:00:00','2020-01-17 23:00:00');
INSERT INTO `__PREFIX__cities` (`country_code`, `name`, `longitude`, `latitude`, `feature_class`, `feature_code`, `subadmin1_code`, `subadmin2_code`, `population`, `time_zone`, `active`, `created_at`, `updated_at`) VALUES ('CZ','{\"en\":\"Nové Město nad Metují\"}',16.15,50.34,'P','PPL','CZ.82','CZ.82.0523',10126,'Europe/Prague',1,'2019-10-09 23:00:00','2019-10-09 23:00:00');
INSERT INTO `__PREFIX__cities` (`country_code`, `name`, `longitude`, `latitude`, `feature_class`, `feature_code`, `subadmin1_code`, `subadmin2_code`, `population`, `time_zone`, `active`, `created_at`, `updated_at`) VALUES ('CZ','{\"en\":\"Nová Paka\"}',15.52,50.49,'P','PPL','CZ.82','CZ.82.0522',9219,'Europe/Prague',1,'2018-09-08 23:00:00','2018-09-08 23:00:00');
INSERT INTO `__PREFIX__cities` (`country_code`, `name`, `longitude`, `latitude`, `feature_class`, `feature_code`, `subadmin1_code`, `subadmin2_code`, `population`, `time_zone`, `active`, `created_at`, `updated_at`) VALUES ('CZ','{\"en\":\"Neratovice\"}',14.52,50.26,'P','PPL','CZ.88','CZ.88.0206',16427,'Europe/Prague',1,'2018-09-07 23:00:00','2018-09-07 23:00:00');
INSERT INTO `__PREFIX__cities` (`country_code`, `name`, `longitude`, `latitude`, `feature_class`, `feature_code`, `subadmin1_code`, `subadmin2_code`, `population`, `time_zone`, `active`, `created_at`, `updated_at`) VALUES ('CZ','{\"en\":\"Nejdek\"}',12.73,50.32,'P','PPL','CZ.81','CZ.81.0412',8565,'Europe/Prague',1,'2018-09-07 23:00:00','2018-09-07 23:00:00');
INSERT INTO `__PREFIX__cities` (`country_code`, `name`, `longitude`, `latitude`, `feature_class`, `feature_code`, `subadmin1_code`, `subadmin2_code`, `population`, `time_zone`, `active`, `created_at`, `updated_at`) VALUES ('CZ','{\"en\":\"Napajedla\"}',17.51,49.17,'P','PPL','CZ.90','CZ.90.0724',7662,'Europe/Prague',1,'2018-09-07 23:00:00','2018-09-07 23:00:00');
INSERT INTO `__PREFIX__cities` (`country_code`, `name`, `longitude`, `latitude`, `feature_class`, `feature_code`, `subadmin1_code`, `subadmin2_code`, `population`, `time_zone`, `active`, `created_at`, `updated_at`) VALUES ('CZ','{\"en\":\"Náměšť nad Oslavou\"}',16.16,49.21,'P','PPL','CZ.80','CZ.80.0634',5192,'Europe/Prague',1,'2018-09-08 23:00:00','2018-09-08 23:00:00');
INSERT INTO `__PREFIX__cities` (`country_code`, `name`, `longitude`, `latitude`, `feature_class`, `feature_code`, `subadmin1_code`, `subadmin2_code`, `population`, `time_zone`, `active`, `created_at`, `updated_at`) VALUES ('CZ','{\"en\":\"Náchod\"}',16.16,50.42,'P','PPL','CZ.82','CZ.82.0523',21263,'Europe/Prague',1,'2019-10-09 23:00:00','2019-10-09 23:00:00');
INSERT INTO `__PREFIX__cities` (`country_code`, `name`, `longitude`, `latitude`, `feature_class`, `feature_code`, `subadmin1_code`, `subadmin2_code`, `population`, `time_zone`, `active`, `created_at`, `updated_at`) VALUES ('CZ','{\"en\":\"Most\"}',13.64,50.50,'P','PPL','CZ.89','CZ.89.0425',67905,'Europe/Prague',1,'2018-09-07 23:00:00','2018-09-07 23:00:00');
INSERT INTO `__PREFIX__cities` (`country_code`, `name`, `longitude`, `latitude`, `feature_class`, `feature_code`, `subadmin1_code`, `subadmin2_code`, `population`, `time_zone`, `active`, `created_at`, `updated_at`) VALUES ('CZ','{\"en\":\"Moravský Krumlov\"}',16.31,49.05,'P','PPL','CZ.78','CZ.78.0647',6050,'Europe/Prague',1,'2019-03-19 23:00:00','2019-03-19 23:00:00');
INSERT INTO `__PREFIX__cities` (`country_code`, `name`, `longitude`, `latitude`, `feature_class`, `feature_code`, `subadmin1_code`, `subadmin2_code`, `population`, `time_zone`, `active`, `created_at`, `updated_at`) VALUES ('CZ','{\"en\":\"Moravské Budějovice\"}',15.81,49.05,'P','PPL','CZ.80','CZ.80.0634',7971,'Europe/Prague',1,'2018-09-08 23:00:00','2018-09-08 23:00:00');
INSERT INTO `__PREFIX__cities` (`country_code`, `name`, `longitude`, `latitude`, `feature_class`, `feature_code`, `subadmin1_code`, `subadmin2_code`, `population`, `time_zone`, `active`, `created_at`, `updated_at`) VALUES ('CZ','{\"en\":\"Moravská Třebová\"}',16.66,49.76,'P','PPL','CZ.86','CZ.86.0533',11414,'Europe/Prague',1,'2019-09-04 23:00:00','2019-09-04 23:00:00');
INSERT INTO `__PREFIX__cities` (`country_code`, `name`, `longitude`, `latitude`, `feature_class`, `feature_code`, `subadmin1_code`, `subadmin2_code`, `population`, `time_zone`, `active`, `created_at`, `updated_at`) VALUES ('CZ','{\"en\":\"Mohelnice\"}',16.92,49.78,'P','PPL','CZ.84','CZ.84.0715',9742,'Europe/Prague',1,'2019-03-19 23:00:00','2019-03-19 23:00:00');
INSERT INTO `__PREFIX__cities` (`country_code`, `name`, `longitude`, `latitude`, `feature_class`, `feature_code`, `subadmin1_code`, `subadmin2_code`, `population`, `time_zone`, `active`, `created_at`, `updated_at`) VALUES ('CZ','{\"en\":\"Modřany\"}',14.41,50.01,'P','PPLX','CZ.52','CZ.52.8378780',31901,'Europe/Prague',1,'2018-09-12 23:00:00','2018-09-12 23:00:00');
INSERT INTO `__PREFIX__cities` (`country_code`, `name`, `longitude`, `latitude`, `feature_class`, `feature_code`, `subadmin1_code`, `subadmin2_code`, `population`, `time_zone`, `active`, `created_at`, `updated_at`) VALUES ('CZ','{\"en\":\"Mnichovo Hradiště\"}',14.97,50.53,'P','PPL','CZ.88','CZ.88.0207',8368,'Europe/Prague',1,'2018-09-07 23:00:00','2018-09-07 23:00:00');
INSERT INTO `__PREFIX__cities` (`country_code`, `name`, `longitude`, `latitude`, `feature_class`, `feature_code`, `subadmin1_code`, `subadmin2_code`, `population`, `time_zone`, `active`, `created_at`, `updated_at`) VALUES ('CZ','{\"en\":\"Mladá Boleslav\"}',14.90,50.41,'P','PPL','CZ.88','CZ.88.0207',43684,'Europe/Prague',1,'2019-03-19 23:00:00','2019-03-19 23:00:00');
INSERT INTO `__PREFIX__cities` (`country_code`, `name`, `longitude`, `latitude`, `feature_class`, `feature_code`, `subadmin1_code`, `subadmin2_code`, `population`, `time_zone`, `active`, `created_at`, `updated_at`) VALUES ('CZ','{\"en\":\"Mimoň\"}',14.72,50.66,'P','PPL','CZ.83','CZ.83.0511',6692,'Europe/Prague',1,'2018-09-07 23:00:00','2018-09-07 23:00:00');
INSERT INTO `__PREFIX__cities` (`country_code`, `name`, `longitude`, `latitude`, `feature_class`, `feature_code`, `subadmin1_code`, `subadmin2_code`, `population`, `time_zone`, `active`, `created_at`, `updated_at`) VALUES ('CZ','{\"en\":\"Milovice\"}',14.89,50.23,'P','PPL','CZ.88','CZ.88.0208',5461,'Europe/Prague',1,'2018-09-07 23:00:00','2018-09-07 23:00:00');
INSERT INTO `__PREFIX__cities` (`country_code`, `name`, `longitude`, `latitude`, `feature_class`, `feature_code`, `subadmin1_code`, `subadmin2_code`, `population`, `time_zone`, `active`, `created_at`, `updated_at`) VALUES ('CZ','{\"en\":\"Milevsko\"}',14.36,49.45,'P','PPL','CZ.79','CZ.79.0314',9343,'Europe/Prague',1,'2018-09-07 23:00:00','2018-09-07 23:00:00');
INSERT INTO `__PREFIX__cities` (`country_code`, `name`, `longitude`, `latitude`, `feature_class`, `feature_code`, `subadmin1_code`, `subadmin2_code`, `population`, `time_zone`, `active`, `created_at`, `updated_at`) VALUES ('CZ','{\"en\":\"Mikulov\"}',16.64,48.81,'P','PPL','CZ.78','CZ.78.0644',7608,'Europe/Prague',1,'2019-03-18 23:00:00','2019-03-18 23:00:00');
INSERT INTO `__PREFIX__cities` (`country_code`, `name`, `longitude`, `latitude`, `feature_class`, `feature_code`, `subadmin1_code`, `subadmin2_code`, `population`, `time_zone`, `active`, `created_at`, `updated_at`) VALUES ('CZ','{\"en\":\"Mělník\"}',14.47,50.35,'P','PPL','CZ.88','CZ.88.0206',19231,'Europe/Prague',1,'2019-03-18 23:00:00','2019-03-18 23:00:00');
INSERT INTO `__PREFIX__cities` (`country_code`, `name`, `longitude`, `latitude`, `feature_class`, `feature_code`, `subadmin1_code`, `subadmin2_code`, `population`, `time_zone`, `active`, `created_at`, `updated_at`) VALUES ('CZ','{\"en\":\"Mariánské Lázně\"}',12.70,49.96,'P','PPL','CZ.81','CZ.81.0411',14277,'Europe/Prague',1,'2018-09-07 23:00:00','2018-09-07 23:00:00');
INSERT INTO `__PREFIX__cities` (`country_code`, `name`, `longitude`, `latitude`, `feature_class`, `feature_code`, `subadmin1_code`, `subadmin2_code`, `population`, `time_zone`, `active`, `created_at`, `updated_at`) VALUES ('CZ','{\"en\":\"Malá Strana\"}',14.40,50.09,'P','PPLX','CZ.52','CZ.52.8378769',6350,'Europe/Prague',1,'2018-09-12 23:00:00','2018-09-12 23:00:00');
INSERT INTO `__PREFIX__cities` (`country_code`, `name`, `longitude`, `latitude`, `feature_class`, `feature_code`, `subadmin1_code`, `subadmin2_code`, `population`, `time_zone`, `active`, `created_at`, `updated_at`) VALUES ('CZ','{\"en\":\"Lysá nad Labem\"}',14.83,50.20,'P','PPL','CZ.88','CZ.88.0208',8194,'Europe/Prague',1,'2019-12-02 23:00:00','2019-12-02 23:00:00');
INSERT INTO `__PREFIX__cities` (`country_code`, `name`, `longitude`, `latitude`, `feature_class`, `feature_code`, `subadmin1_code`, `subadmin2_code`, `population`, `time_zone`, `active`, `created_at`, `updated_at`) VALUES ('CZ','{\"en\":\"Luhačovice\"}',17.76,49.10,'P','PPL','CZ.90','CZ.90.0724',5554,'Europe/Prague',1,'2019-10-06 23:00:00','2019-10-06 23:00:00');
INSERT INTO `__PREFIX__cities` (`country_code`, `name`, `longitude`, `latitude`, `feature_class`, `feature_code`, `subadmin1_code`, `subadmin2_code`, `population`, `time_zone`, `active`, `created_at`, `updated_at`) VALUES ('CZ','{\"en\":\"Lovosice\"}',14.05,50.52,'P','PPL','CZ.89','CZ.89.0423',9196,'Europe/Prague',1,'2018-09-07 23:00:00','2018-09-07 23:00:00');
INSERT INTO `__PREFIX__cities` (`country_code`, `name`, `longitude`, `latitude`, `feature_class`, `feature_code`, `subadmin1_code`, `subadmin2_code`, `population`, `time_zone`, `active`, `created_at`, `updated_at`) VALUES ('CZ','{\"en\":\"Louny\"}',13.80,50.36,'P','PPL','CZ.89','CZ.89.0424',19147,'Europe/Prague',1,'2019-03-19 23:00:00','2019-03-19 23:00:00');
INSERT INTO `__PREFIX__cities` (`country_code`, `name`, `longitude`, `latitude`, `feature_class`, `feature_code`, `subadmin1_code`, `subadmin2_code`, `population`, `time_zone`, `active`, `created_at`, `updated_at`) VALUES ('CZ','{\"en\":\"Lomnice nad Popelkou\"}',15.37,50.53,'P','PPL','CZ.83','CZ.83.0514',5957,'Europe/Prague',1,'2018-09-07 23:00:00','2018-09-07 23:00:00');
INSERT INTO `__PREFIX__cities` (`country_code`, `name`, `longitude`, `latitude`, `feature_class`, `feature_code`, `subadmin1_code`, `subadmin2_code`, `population`, `time_zone`, `active`, `created_at`, `updated_at`) VALUES ('CZ','{\"en\":\"Litvínov\"}',13.62,50.60,'P','PPL','CZ.89','CZ.89.0425',27022,'Europe/Prague',1,'2019-03-19 23:00:00','2019-03-19 23:00:00');
INSERT INTO `__PREFIX__cities` (`country_code`, `name`, `longitude`, `latitude`, `feature_class`, `feature_code`, `subadmin1_code`, `subadmin2_code`, `population`, `time_zone`, `active`, `created_at`, `updated_at`) VALUES ('CZ','{\"en\":\"Litovel\"}',17.08,49.70,'P','PPL','CZ.84','CZ.84.0712',10062,'Europe/Prague',1,'2019-03-19 23:00:00','2019-03-19 23:00:00');
INSERT INTO `__PREFIX__cities` (`country_code`, `name`, `longitude`, `latitude`, `feature_class`, `feature_code`, `subadmin1_code`, `subadmin2_code`, `population`, `time_zone`, `active`, `created_at`, `updated_at`) VALUES ('CZ','{\"en\":\"Litomyšl\"}',16.31,49.87,'P','PPL','CZ.86','CZ.86.0533',10146,'Europe/Prague',1,'2019-03-19 23:00:00','2019-03-19 23:00:00');
INSERT INTO `__PREFIX__cities` (`country_code`, `name`, `longitude`, `latitude`, `feature_class`, `feature_code`, `subadmin1_code`, `subadmin2_code`, `population`, `time_zone`, `active`, `created_at`, `updated_at`) VALUES ('CZ','{\"en\":\"Litoměřice\"}',14.13,50.53,'P','PPL','CZ.89','CZ.89.0423',24489,'Europe/Prague',1,'2019-09-04 23:00:00','2019-09-04 23:00:00');
INSERT INTO `__PREFIX__cities` (`country_code`, `name`, `longitude`, `latitude`, `feature_class`, `feature_code`, `subadmin1_code`, `subadmin2_code`, `population`, `time_zone`, `active`, `created_at`, `updated_at`) VALUES ('CZ','{\"en\":\"Lipník nad Bečvou\"}',17.59,49.53,'P','PPL','CZ.84','CZ.84.0714',8369,'Europe/Prague',1,'2019-03-18 23:00:00','2019-03-18 23:00:00');
INSERT INTO `__PREFIX__cities` (`country_code`, `name`, `longitude`, `latitude`, `feature_class`, `feature_code`, `subadmin1_code`, `subadmin2_code`, `population`, `time_zone`, `active`, `created_at`, `updated_at`) VALUES ('CZ','{\"en\":\"Liberec\"}',15.06,50.77,'P','PPLA','CZ.83','CZ.83.0513',97770,'Europe/Prague',1,'2019-09-04 23:00:00','2019-09-04 23:00:00');
INSERT INTO `__PREFIX__cities` (`country_code`, `name`, `longitude`, `latitude`, `feature_class`, `feature_code`, `subadmin1_code`, `subadmin2_code`, `population`, `time_zone`, `active`, `created_at`, `updated_at`) VALUES ('CZ','{\"en\":\"Libeň\"}',14.47,50.11,'P','PPLX','CZ.52','CZ.52.8378776',31756,'Europe/Prague',1,'2018-09-12 23:00:00','2018-09-12 23:00:00');
INSERT INTO `__PREFIX__cities` (`country_code`, `name`, `longitude`, `latitude`, `feature_class`, `feature_code`, `subadmin1_code`, `subadmin2_code`, `population`, `time_zone`, `active`, `created_at`, `updated_at`) VALUES ('CZ','{\"en\":\"Letovice\"}',16.57,49.55,'P','PPL','CZ.78','CZ.78.0641',6799,'Europe/Prague',1,'2018-09-07 23:00:00','2018-09-07 23:00:00');
INSERT INTO `__PREFIX__cities` (`country_code`, `name`, `longitude`, `latitude`, `feature_class`, `feature_code`, `subadmin1_code`, `subadmin2_code`, `population`, `time_zone`, `active`, `created_at`, `updated_at`) VALUES ('CZ','{\"en\":\"Letohrad\"}',16.50,50.04,'P','PPL','CZ.86','CZ.86.0534',6195,'Europe/Prague',1,'2018-09-07 23:00:00','2018-09-07 23:00:00');
INSERT INTO `__PREFIX__cities` (`country_code`, `name`, `longitude`, `latitude`, `feature_class`, `feature_code`, `subadmin1_code`, `subadmin2_code`, `population`, `time_zone`, `active`, `created_at`, `updated_at`) VALUES ('CZ','{\"en\":\"Letňany\"}',14.52,50.13,'P','PPLX','CZ.52','CZ.52.8378788',15862,'Europe/Prague',1,'2018-09-12 23:00:00','2018-09-12 23:00:00');
INSERT INTO `__PREFIX__cities` (`country_code`, `name`, `longitude`, `latitude`, `feature_class`, `feature_code`, `subadmin1_code`, `subadmin2_code`, `population`, `time_zone`, `active`, `created_at`, `updated_at`) VALUES ('CZ','{\"en\":\"Ledeč nad Sázavou\"}',15.28,49.70,'P','PPL','CZ.80','CZ.80.0631',6048,'Europe/Prague',1,'2018-09-07 23:00:00','2018-09-07 23:00:00');
INSERT INTO `__PREFIX__cities` (`country_code`, `name`, `longitude`, `latitude`, `feature_class`, `feature_code`, `subadmin1_code`, `subadmin2_code`, `population`, `time_zone`, `active`, `created_at`, `updated_at`) VALUES ('CZ','{\"en\":\"Lanškroun\"}',16.61,49.91,'P','PPL','CZ.86','CZ.86.0534',9847,'Europe/Prague',1,'2019-03-18 23:00:00','2019-03-18 23:00:00');
INSERT INTO `__PREFIX__cities` (`country_code`, `name`, `longitude`, `latitude`, `feature_class`, `feature_code`, `subadmin1_code`, `subadmin2_code`, `population`, `time_zone`, `active`, `created_at`, `updated_at`) VALUES ('CZ','{\"en\":\"Kynšperk nad Ohří\"}',12.53,50.12,'P','PPL','CZ.81','CZ.81.0413',5085,'Europe/Prague',1,'2019-03-19 23:00:00','2019-03-19 23:00:00');
INSERT INTO `__PREFIX__cities` (`country_code`, `name`, `longitude`, `latitude`, `feature_class`, `feature_code`, `subadmin1_code`, `subadmin2_code`, `population`, `time_zone`, `active`, `created_at`, `updated_at`) VALUES ('CZ','{\"en\":\"Kyjov\"}',17.12,49.01,'P','PPL','CZ.78','CZ.78.0645',12191,'Europe/Prague',1,'2018-09-07 23:00:00','2018-09-07 23:00:00');
INSERT INTO `__PREFIX__cities` (`country_code`, `name`, `longitude`, `latitude`, `feature_class`, `feature_code`, `subadmin1_code`, `subadmin2_code`, `population`, `time_zone`, `active`, `created_at`, `updated_at`) VALUES ('CZ','{\"en\":\"Kutná Hora\"}',15.27,49.95,'P','PPL','CZ.88','CZ.88.0205',21280,'Europe/Prague',1,'2019-09-04 23:00:00','2019-09-04 23:00:00');
INSERT INTO `__PREFIX__cities` (`country_code`, `name`, `longitude`, `latitude`, `feature_class`, `feature_code`, `subadmin1_code`, `subadmin2_code`, `population`, `time_zone`, `active`, `created_at`, `updated_at`) VALUES ('CZ','{\"en\":\"Kuřim\"}',16.53,49.30,'P','PPL','CZ.78','CZ.78.0643',9283,'Europe/Prague',1,'2019-10-23 23:00:00','2019-10-23 23:00:00');
INSERT INTO `__PREFIX__cities` (`country_code`, `name`, `longitude`, `latitude`, `feature_class`, `feature_code`, `subadmin1_code`, `subadmin2_code`, `population`, `time_zone`, `active`, `created_at`, `updated_at`) VALUES ('CZ','{\"en\":\"Kunovice\"}',17.47,49.04,'P','PPL','CZ.90','CZ.90.0722',5148,'Europe/Prague',1,'2019-03-19 23:00:00','2019-03-19 23:00:00');
INSERT INTO `__PREFIX__cities` (`country_code`, `name`, `longitude`, `latitude`, `feature_class`, `feature_code`, `subadmin1_code`, `subadmin2_code`, `population`, `time_zone`, `active`, `created_at`, `updated_at`) VALUES ('CZ','{\"en\":\"Krupka\"}',13.86,50.68,'P','PPL','CZ.89','CZ.89.0426',13687,'Europe/Prague',1,'2019-09-04 23:00:00','2019-09-04 23:00:00');
INSERT INTO `__PREFIX__cities` (`country_code`, `name`, `longitude`, `latitude`, `feature_class`, `feature_code`, `subadmin1_code`, `subadmin2_code`, `population`, `time_zone`, `active`, `created_at`, `updated_at`) VALUES ('CZ','{\"en\":\"Kroměříž\"}',17.39,49.30,'P','PPL','CZ.90','CZ.90.0721',29126,'Europe/Prague',1,'2019-03-19 23:00:00','2019-03-19 23:00:00');
INSERT INTO `__PREFIX__cities` (`country_code`, `name`, `longitude`, `latitude`, `feature_class`, `feature_code`, `subadmin1_code`, `subadmin2_code`, `population`, `time_zone`, `active`, `created_at`, `updated_at`) VALUES ('CZ','{\"en\":\"Krnov\"}',17.70,50.09,'P','PPL','CZ.85','CZ.85.0801',25547,'Europe/Prague',1,'2019-03-19 23:00:00','2019-03-19 23:00:00');
INSERT INTO `__PREFIX__cities` (`country_code`, `name`, `longitude`, `latitude`, `feature_class`, `feature_code`, `subadmin1_code`, `subadmin2_code`, `population`, `time_zone`, `active`, `created_at`, `updated_at`) VALUES ('CZ','{\"en\":\"Kravaře\"}',18.00,49.93,'P','PPL','CZ.85','CZ.85.0805',6787,'Europe/Prague',1,'2018-09-07 23:00:00','2018-09-07 23:00:00');
INSERT INTO `__PREFIX__cities` (`country_code`, `name`, `longitude`, `latitude`, `feature_class`, `feature_code`, `subadmin1_code`, `subadmin2_code`, `population`, `time_zone`, `active`, `created_at`, `updated_at`) VALUES ('CZ','{\"en\":\"Kraslice\"}',12.52,50.32,'P','PPL','CZ.81','CZ.81.0413',7159,'Europe/Prague',1,'2019-03-19 23:00:00','2019-03-19 23:00:00');
INSERT INTO `__PREFIX__cities` (`country_code`, `name`, `longitude`, `latitude`, `feature_class`, `feature_code`, `subadmin1_code`, `subadmin2_code`, `population`, `time_zone`, `active`, `created_at`, `updated_at`) VALUES ('CZ','{\"en\":\"Králův Dvůr\"}',14.03,49.95,'P','PPL','CZ.88','CZ.88.0202',5805,'Europe/Prague',1,'2018-09-07 23:00:00','2018-09-07 23:00:00');
INSERT INTO `__PREFIX__cities` (`country_code`, `name`, `longitude`, `latitude`, `feature_class`, `feature_code`, `subadmin1_code`, `subadmin2_code`, `population`, `time_zone`, `active`, `created_at`, `updated_at`) VALUES ('CZ','{\"en\":\"Kralupy nad Vltavou\"}',14.31,50.24,'P','PPL','CZ.88','CZ.88.0206',17373,'Europe/Prague',1,'2019-03-19 23:00:00','2019-03-19 23:00:00');
INSERT INTO `__PREFIX__cities` (`country_code`, `name`, `longitude`, `latitude`, `feature_class`, `feature_code`, `subadmin1_code`, `subadmin2_code`, `population`, `time_zone`, `active`, `created_at`, `updated_at`) VALUES ('CZ','{\"en\":\"Kostelec nad Orlicí\"}',16.21,50.12,'P','PPL','CZ.82','CZ.82.0524',6184,'Europe/Prague',1,'2018-09-07 23:00:00','2018-09-07 23:00:00');
INSERT INTO `__PREFIX__cities` (`country_code`, `name`, `longitude`, `latitude`, `feature_class`, `feature_code`, `subadmin1_code`, `subadmin2_code`, `population`, `time_zone`, `active`, `created_at`, `updated_at`) VALUES ('CZ','{\"en\":\"Kopřivnice\"}',18.14,49.60,'P','PPL','CZ.85','CZ.85.0804',23424,'Europe/Prague',1,'2019-03-18 23:00:00','2019-03-18 23:00:00');
INSERT INTO `__PREFIX__cities` (`country_code`, `name`, `longitude`, `latitude`, `feature_class`, `feature_code`, `subadmin1_code`, `subadmin2_code`, `population`, `time_zone`, `active`, `created_at`, `updated_at`) VALUES ('CZ','{\"en\":\"Kolín\"}',15.20,50.03,'P','PPL','CZ.88','CZ.88.0204',29690,'Europe/Prague',1,'2019-03-18 23:00:00','2019-03-18 23:00:00');
INSERT INTO `__PREFIX__cities` (`country_code`, `name`, `longitude`, `latitude`, `feature_class`, `feature_code`, `subadmin1_code`, `subadmin2_code`, `population`, `time_zone`, `active`, `created_at`, `updated_at`) VALUES ('CZ','{\"en\":\"Kojetín\"}',17.30,49.35,'P','PPL','CZ.84','CZ.84.0714',6397,'Europe/Prague',1,'2018-09-07 23:00:00','2018-09-07 23:00:00');
INSERT INTO `__PREFIX__cities` (`country_code`, `name`, `longitude`, `latitude`, `feature_class`, `feature_code`, `subadmin1_code`, `subadmin2_code`, `population`, `time_zone`, `active`, `created_at`, `updated_at`) VALUES ('CZ','{\"en\":\"Klatovy\"}',13.30,49.40,'P','PPL','CZ.87','CZ.87.0322',23102,'Europe/Prague',1,'2019-03-18 23:00:00','2019-03-18 23:00:00');
INSERT INTO `__PREFIX__cities` (`country_code`, `name`, `longitude`, `latitude`, `feature_class`, `feature_code`, `subadmin1_code`, `subadmin2_code`, `population`, `time_zone`, `active`, `created_at`, `updated_at`) VALUES ('CZ','{\"en\":\"Klášterec nad Ohří\"}',13.18,50.39,'P','PPL','CZ.89','CZ.89.0422',15040,'Europe/Prague',1,'2019-03-18 23:00:00','2019-03-18 23:00:00');
INSERT INTO `__PREFIX__cities` (`country_code`, `name`, `longitude`, `latitude`, `feature_class`, `feature_code`, `subadmin1_code`, `subadmin2_code`, `population`, `time_zone`, `active`, `created_at`, `updated_at`) VALUES ('CZ','{\"en\":\"Kladno\"}',14.10,50.15,'P','PPL','CZ.88','CZ.88.0203',70003,'Europe/Prague',1,'2019-09-04 23:00:00','2019-09-04 23:00:00');
INSERT INTO `__PREFIX__cities` (`country_code`, `name`, `longitude`, `latitude`, `feature_class`, `feature_code`, `subadmin1_code`, `subadmin2_code`, `population`, `time_zone`, `active`, `created_at`, `updated_at`) VALUES ('CZ','{\"en\":\"Kbely\"}',14.55,50.13,'P','PPLX','CZ.52','CZ.52.8378789',5457,'Europe/Prague',1,'2018-09-12 23:00:00','2018-09-12 23:00:00');
INSERT INTO `__PREFIX__cities` (`country_code`, `name`, `longitude`, `latitude`, `feature_class`, `feature_code`, `subadmin1_code`, `subadmin2_code`, `population`, `time_zone`, `active`, `created_at`, `updated_at`) VALUES ('CZ','{\"en\":\"Karviná\"}',18.54,49.85,'P','PPL','CZ.85','CZ.85.0803',63677,'Europe/Prague',1,'2020-07-22 23:00:00','2020-07-22 23:00:00');
INSERT INTO `__PREFIX__cities` (`country_code`, `name`, `longitude`, `latitude`, `feature_class`, `feature_code`, `subadmin1_code`, `subadmin2_code`, `population`, `time_zone`, `active`, `created_at`, `updated_at`) VALUES ('CZ','{\"en\":\"Karlovy Vary\"}',12.87,50.23,'P','PPLA','CZ.81','CZ.81.0412',51807,'Europe/Prague',1,'2019-09-04 23:00:00','2019-09-04 23:00:00');
INSERT INTO `__PREFIX__cities` (`country_code`, `name`, `longitude`, `latitude`, `feature_class`, `feature_code`, `subadmin1_code`, `subadmin2_code`, `population`, `time_zone`, `active`, `created_at`, `updated_at`) VALUES ('CZ','{\"en\":\"Karlín\"}',14.45,50.09,'P','PPLX','CZ.52','CZ.52.8378776',11971,'Europe/Prague',1,'2018-09-12 23:00:00','2018-09-12 23:00:00');
INSERT INTO `__PREFIX__cities` (`country_code`, `name`, `longitude`, `latitude`, `feature_class`, `feature_code`, `subadmin1_code`, `subadmin2_code`, `population`, `time_zone`, `active`, `created_at`, `updated_at`) VALUES ('CZ','{\"en\":\"Kaplice\"}',14.49,48.74,'P','PPL','CZ.79','CZ.79.0312',7195,'Europe/Prague',1,'2019-03-18 23:00:00','2019-03-18 23:00:00');
INSERT INTO `__PREFIX__cities` (`country_code`, `name`, `longitude`, `latitude`, `feature_class`, `feature_code`, `subadmin1_code`, `subadmin2_code`, `population`, `time_zone`, `active`, `created_at`, `updated_at`) VALUES ('CZ','{\"en\":\"Kadaň\"}',13.27,50.38,'P','PPL','CZ.89','CZ.89.0422',18759,'Europe/Prague',1,'2018-09-07 23:00:00','2018-09-07 23:00:00');
INSERT INTO `__PREFIX__cities` (`country_code`, `name`, `longitude`, `latitude`, `feature_class`, `feature_code`, `subadmin1_code`, `subadmin2_code`, `population`, `time_zone`, `active`, `created_at`, `updated_at`) VALUES ('CZ','{\"en\":\"Jirkov\"}',13.45,50.50,'P','PPL','CZ.89','CZ.89.0422',21056,'Europe/Prague',1,'2018-09-07 23:00:00','2018-09-07 23:00:00');
INSERT INTO `__PREFIX__cities` (`country_code`, `name`, `longitude`, `latitude`, `feature_class`, `feature_code`, `subadmin1_code`, `subadmin2_code`, `population`, `time_zone`, `active`, `created_at`, `updated_at`) VALUES ('CZ','{\"en\":\"Jindřichův Hradec\"}',15.00,49.14,'P','PPL','CZ.79','CZ.79.0313',22812,'Europe/Prague',1,'2019-09-04 23:00:00','2019-09-04 23:00:00');
INSERT INTO `__PREFIX__cities` (`country_code`, `name`, `longitude`, `latitude`, `feature_class`, `feature_code`, `subadmin1_code`, `subadmin2_code`, `population`, `time_zone`, `active`, `created_at`, `updated_at`) VALUES ('CZ','{\"en\":\"Jílové\"}',14.10,50.76,'P','PPL','CZ.89','CZ.89.0421',5307,'Europe/Prague',1,'2018-09-07 23:00:00','2018-09-07 23:00:00');
INSERT INTO `__PREFIX__cities` (`country_code`, `name`, `longitude`, `latitude`, `feature_class`, `feature_code`, `subadmin1_code`, `subadmin2_code`, `population`, `time_zone`, `active`, `created_at`, `updated_at`) VALUES ('CZ','{\"en\":\"Jilemnice\"}',15.51,50.61,'P','PPL','CZ.83','CZ.83.0514',5777,'Europe/Prague',1,'2018-09-07 23:00:00','2018-09-07 23:00:00');
INSERT INTO `__PREFIX__cities` (`country_code`, `name`, `longitude`, `latitude`, `feature_class`, `feature_code`, `subadmin1_code`, `subadmin2_code`, `population`, `time_zone`, `active`, `created_at`, `updated_at`) VALUES ('CZ','{\"en\":\"Jihlava\"}',15.59,49.40,'P','PPLA','CZ.80','CZ.80.0632',50100,'Europe/Prague',1,'2019-03-19 23:00:00','2019-03-19 23:00:00');
INSERT INTO `__PREFIX__cities` (`country_code`, `name`, `longitude`, `latitude`, `feature_class`, `feature_code`, `subadmin1_code`, `subadmin2_code`, `population`, `time_zone`, `active`, `created_at`, `updated_at`) VALUES ('CZ','{\"en\":\"Jičín\"}',15.35,50.44,'P','PPL','CZ.82','CZ.82.0522',16328,'Europe/Prague',1,'2019-03-19 23:00:00','2019-03-19 23:00:00');
INSERT INTO `__PREFIX__cities` (`country_code`, `name`, `longitude`, `latitude`, `feature_class`, `feature_code`, `subadmin1_code`, `subadmin2_code`, `population`, `time_zone`, `active`, `created_at`, `updated_at`) VALUES ('CZ','{\"en\":\"Jeseník\"}',17.20,50.23,'P','PPL','CZ.84','CZ.84.0711',12457,'Europe/Prague',1,'2019-10-09 23:00:00','2019-10-09 23:00:00');
INSERT INTO `__PREFIX__cities` (`country_code`, `name`, `longitude`, `latitude`, `feature_class`, `feature_code`, `subadmin1_code`, `subadmin2_code`, `population`, `time_zone`, `active`, `created_at`, `updated_at`) VALUES ('CZ','{\"en\":\"Jaroměř\"}',15.92,50.36,'P','PPL','CZ.82','CZ.82.0523',12831,'Europe/Prague',1,'2019-03-18 23:00:00','2019-03-18 23:00:00');
INSERT INTO `__PREFIX__cities` (`country_code`, `name`, `longitude`, `latitude`, `feature_class`, `feature_code`, `subadmin1_code`, `subadmin2_code`, `population`, `time_zone`, `active`, `created_at`, `updated_at`) VALUES ('CZ','{\"en\":\"Jablunkov\"}',18.76,49.58,'P','PPL','CZ.85','CZ.85.0802',5782,'Europe/Prague',1,'2018-09-07 23:00:00','2018-09-07 23:00:00');
INSERT INTO `__PREFIX__cities` (`country_code`, `name`, `longitude`, `latitude`, `feature_class`, `feature_code`, `subadmin1_code`, `subadmin2_code`, `population`, `time_zone`, `active`, `created_at`, `updated_at`) VALUES ('CZ','{\"en\":\"Jablonec nad Nisou\"}',15.17,50.72,'P','PPL','CZ.83','CZ.83.0512',44878,'Europe/Prague',1,'2018-09-07 23:00:00','2018-09-07 23:00:00');
INSERT INTO `__PREFIX__cities` (`country_code`, `name`, `longitude`, `latitude`, `feature_class`, `feature_code`, `subadmin1_code`, `subadmin2_code`, `population`, `time_zone`, `active`, `created_at`, `updated_at`) VALUES ('CZ','{\"en\":\"Ivančice\"}',16.38,49.10,'P','PPL','CZ.78','CZ.78.0643',9354,'Europe/Prague',1,'2018-09-07 23:00:00','2018-09-07 23:00:00');
INSERT INTO `__PREFIX__cities` (`country_code`, `name`, `longitude`, `latitude`, `feature_class`, `feature_code`, `subadmin1_code`, `subadmin2_code`, `population`, `time_zone`, `active`, `created_at`, `updated_at`) VALUES ('CZ','{\"en\":\"Hustopeče\"}',16.74,48.94,'P','PPL','CZ.78','CZ.78.0644',5913,'Europe/Prague',1,'2018-09-07 23:00:00','2018-09-07 23:00:00');
INSERT INTO `__PREFIX__cities` (`country_code`, `name`, `longitude`, `latitude`, `feature_class`, `feature_code`, `subadmin1_code`, `subadmin2_code`, `population`, `time_zone`, `active`, `created_at`, `updated_at`) VALUES ('CZ','{\"en\":\"Humpolec\"}',15.36,49.54,'P','PPL','CZ.80','CZ.80.0633',10914,'Europe/Prague',1,'2018-09-07 23:00:00','2018-09-07 23:00:00');
INSERT INTO `__PREFIX__cities` (`country_code`, `name`, `longitude`, `latitude`, `feature_class`, `feature_code`, `subadmin1_code`, `subadmin2_code`, `population`, `time_zone`, `active`, `created_at`, `updated_at`) VALUES ('CZ','{\"en\":\"Hulín\"}',17.46,49.32,'P','PPL','CZ.90','CZ.90.0721',7571,'Europe/Prague',1,'2019-03-19 23:00:00','2019-03-19 23:00:00');
INSERT INTO `__PREFIX__cities` (`country_code`, `name`, `longitude`, `latitude`, `feature_class`, `feature_code`, `subadmin1_code`, `subadmin2_code`, `population`, `time_zone`, `active`, `created_at`, `updated_at`) VALUES ('CZ','{\"en\":\"Hronov\"}',16.18,50.48,'P','PPL','CZ.82','CZ.82.0523',6516,'Europe/Prague',1,'2018-09-07 23:00:00','2018-09-07 23:00:00');
INSERT INTO `__PREFIX__cities` (`country_code`, `name`, `longitude`, `latitude`, `feature_class`, `feature_code`, `subadmin1_code`, `subadmin2_code`, `population`, `time_zone`, `active`, `created_at`, `updated_at`) VALUES ('CZ','{\"en\":\"Hranice\"}',17.73,49.55,'P','PPL','CZ.84','CZ.84.0714',19582,'Europe/Prague',1,'2019-03-19 23:00:00','2019-03-19 23:00:00');
INSERT INTO `__PREFIX__cities` (`country_code`, `name`, `longitude`, `latitude`, `feature_class`, `feature_code`, `subadmin1_code`, `subadmin2_code`, `population`, `time_zone`, `active`, `created_at`, `updated_at`) VALUES ('CZ','{\"en\":\"Hrádek nad Nisou\"}',14.84,50.85,'P','PPL','CZ.83','CZ.83.0513',7327,'Europe/Prague',1,'2019-03-19 23:00:00','2019-03-19 23:00:00');
INSERT INTO `__PREFIX__cities` (`country_code`, `name`, `longitude`, `latitude`, `feature_class`, `feature_code`, `subadmin1_code`, `subadmin2_code`, `population`, `time_zone`, `active`, `created_at`, `updated_at`) VALUES ('CZ','{\"en\":\"Hradec Králové\"}',15.83,50.21,'P','PPLA','CZ.82','CZ.82.0521',95195,'Europe/Prague',1,'2019-09-04 23:00:00','2019-09-04 23:00:00');
INSERT INTO `__PREFIX__cities` (`country_code`, `name`, `longitude`, `latitude`, `feature_class`, `feature_code`, `subadmin1_code`, `subadmin2_code`, `population`, `time_zone`, `active`, `created_at`, `updated_at`) VALUES ('CZ','{\"en\":\"Hradec nad Moravicí\"}',17.88,49.87,'P','PPL','CZ.85','CZ.85.0805',5255,'Europe/Prague',1,'2020-03-14 23:00:00','2020-03-14 23:00:00');
INSERT INTO `__PREFIX__cities` (`country_code`, `name`, `longitude`, `latitude`, `feature_class`, `feature_code`, `subadmin1_code`, `subadmin2_code`, `population`, `time_zone`, `active`, `created_at`, `updated_at`) VALUES ('CZ','{\"en\":\"Hořovice\"}',13.90,49.84,'P','PPL','CZ.88','CZ.88.0202',6431,'Europe/Prague',1,'2019-03-19 23:00:00','2019-03-19 23:00:00');
INSERT INTO `__PREFIX__cities` (`country_code`, `name`, `longitude`, `latitude`, `feature_class`, `feature_code`, `subadmin1_code`, `subadmin2_code`, `population`, `time_zone`, `active`, `created_at`, `updated_at`) VALUES ('CZ','{\"en\":\"Horní Slavkov\"}',12.81,50.14,'P','PPL','CZ.81','CZ.81.0413',5818,'Europe/Prague',1,'2018-09-07 23:00:00','2018-09-07 23:00:00');
INSERT INTO `__PREFIX__cities` (`country_code`, `name`, `longitude`, `latitude`, `feature_class`, `feature_code`, `subadmin1_code`, `subadmin2_code`, `population`, `time_zone`, `active`, `created_at`, `updated_at`) VALUES ('CZ','{\"en\":\"Horní Počernice\"}',14.61,50.11,'P','PPLX','CZ.52','CZ.52.8378790',14296,'Europe/Prague',1,'2018-09-12 23:00:00','2018-09-12 23:00:00');
INSERT INTO `__PREFIX__cities` (`country_code`, `name`, `longitude`, `latitude`, `feature_class`, `feature_code`, `subadmin1_code`, `subadmin2_code`, `population`, `time_zone`, `active`, `created_at`, `updated_at`) VALUES ('CZ','{\"en\":\"Hořice\"}',15.63,50.37,'P','PPL','CZ.82','CZ.82.0522',8899,'Europe/Prague',1,'2018-09-08 23:00:00','2018-09-08 23:00:00');
INSERT INTO `__PREFIX__cities` (`country_code`, `name`, `longitude`, `latitude`, `feature_class`, `feature_code`, `subadmin1_code`, `subadmin2_code`, `population`, `time_zone`, `active`, `created_at`, `updated_at`) VALUES ('CZ','{\"en\":\"Horažďovice\"}',13.70,49.32,'P','PPL','CZ.87','CZ.87.0322',5727,'Europe/Prague',1,'2019-03-18 23:00:00','2019-03-18 23:00:00');
INSERT INTO `__PREFIX__cities` (`country_code`, `name`, `longitude`, `latitude`, `feature_class`, `feature_code`, `subadmin1_code`, `subadmin2_code`, `population`, `time_zone`, `active`, `created_at`, `updated_at`) VALUES ('CZ','{\"en\":\"Holice\"}',15.99,50.07,'P','PPL','CZ.86','CZ.86.0532',6219,'Europe/Prague',1,'2018-09-07 23:00:00','2018-09-07 23:00:00');
INSERT INTO `__PREFIX__cities` (`country_code`, `name`, `longitude`, `latitude`, `feature_class`, `feature_code`, `subadmin1_code`, `subadmin2_code`, `population`, `time_zone`, `active`, `created_at`, `updated_at`) VALUES ('CZ','{\"en\":\"Holešov\"}',17.58,49.33,'P','PPL','CZ.90','CZ.90.0721',12384,'Europe/Prague',1,'2018-09-08 23:00:00','2018-09-08 23:00:00');
INSERT INTO `__PREFIX__cities` (`country_code`, `name`, `longitude`, `latitude`, `feature_class`, `feature_code`, `subadmin1_code`, `subadmin2_code`, `population`, `time_zone`, `active`, `created_at`, `updated_at`) VALUES ('CZ','{\"en\":\"Hodonín\"}',17.13,48.85,'P','PPL','CZ.78','CZ.78.0645',26345,'Europe/Prague',1,'2018-09-07 23:00:00','2018-09-07 23:00:00');
INSERT INTO `__PREFIX__cities` (`country_code`, `name`, `longitude`, `latitude`, `feature_class`, `feature_code`, `subadmin1_code`, `subadmin2_code`, `population`, `time_zone`, `active`, `created_at`, `updated_at`) VALUES ('CZ','{\"en\":\"Hlučín\"}',18.19,49.90,'P','PPL','CZ.85','CZ.85.0805',14228,'Europe/Prague',1,'2018-09-07 23:00:00','2018-09-07 23:00:00');
INSERT INTO `__PREFIX__cities` (`country_code`, `name`, `longitude`, `latitude`, `feature_class`, `feature_code`, `subadmin1_code`, `subadmin2_code`, `population`, `time_zone`, `active`, `created_at`, `updated_at`) VALUES ('CZ','{\"en\":\"Hlinsko\"}',15.91,49.76,'P','PPL','CZ.86','CZ.86.0531',10411,'Europe/Prague',1,'2019-03-18 23:00:00','2019-03-18 23:00:00');
INSERT INTO `__PREFIX__cities` (`country_code`, `name`, `longitude`, `latitude`, `feature_class`, `feature_code`, `subadmin1_code`, `subadmin2_code`, `population`, `time_zone`, `active`, `created_at`, `updated_at`) VALUES ('CZ','{\"en\":\"Havlíčkův Brod\"}',15.58,49.61,'P','PPL','CZ.80','CZ.80.0631',24356,'Europe/Prague',1,'2018-10-10 23:00:00','2018-10-10 23:00:00');
INSERT INTO `__PREFIX__cities` (`country_code`, `name`, `longitude`, `latitude`, `feature_class`, `feature_code`, `subadmin1_code`, `subadmin2_code`, `population`, `time_zone`, `active`, `created_at`, `updated_at`) VALUES ('CZ','{\"en\":\"Havířov\"}',18.44,49.78,'P','PPLA3','CZ.85','CZ.85.0803',82768,'Europe/Prague',1,'2019-09-04 23:00:00','2019-09-04 23:00:00');
INSERT INTO `__PREFIX__cities` (`country_code`, `name`, `longitude`, `latitude`, `feature_class`, `feature_code`, `subadmin1_code`, `subadmin2_code`, `population`, `time_zone`, `active`, `created_at`, `updated_at`) VALUES ('CZ','{\"en\":\"Habartov\"}',12.55,50.18,'P','PPL','CZ.81','CZ.81.0413',5337,'Europe/Prague',1,'2018-09-07 23:00:00','2018-09-07 23:00:00');
INSERT INTO `__PREFIX__cities` (`country_code`, `name`, `longitude`, `latitude`, `feature_class`, `feature_code`, `subadmin1_code`, `subadmin2_code`, `population`, `time_zone`, `active`, `created_at`, `updated_at`) VALUES ('CZ','{\"en\":\"Fulnek\"}',17.90,49.71,'P','PPL','CZ.85','CZ.85.0804',6107,'Europe/Prague',1,'2019-03-19 23:00:00','2019-03-19 23:00:00');
INSERT INTO `__PREFIX__cities` (`country_code`, `name`, `longitude`, `latitude`, `feature_class`, `feature_code`, `subadmin1_code`, `subadmin2_code`, `population`, `time_zone`, `active`, `created_at`, `updated_at`) VALUES ('CZ','{\"en\":\"Frýdlant nad Ostravicí\"}',18.36,49.59,'P','PPL','CZ.85','CZ.85.0802',9824,'Europe/Prague',1,'2019-09-04 23:00:00','2019-09-04 23:00:00');
INSERT INTO `__PREFIX__cities` (`country_code`, `name`, `longitude`, `latitude`, `feature_class`, `feature_code`, `subadmin1_code`, `subadmin2_code`, `population`, `time_zone`, `active`, `created_at`, `updated_at`) VALUES ('CZ','{\"en\":\"Frýdlant\"}',15.08,50.92,'P','PPL','CZ.83','CZ.83.0513',7471,'Europe/Prague',1,'2019-05-05 23:00:00','2019-05-05 23:00:00');
INSERT INTO `__PREFIX__cities` (`country_code`, `name`, `longitude`, `latitude`, `feature_class`, `feature_code`, `subadmin1_code`, `subadmin2_code`, `population`, `time_zone`, `active`, `created_at`, `updated_at`) VALUES ('CZ','{\"en\":\"Frýdek-Místek\"}',18.35,49.68,'P','PPL','CZ.85','CZ.85.0802',59416,'Europe/Prague',1,'2020-06-10 23:00:00','2020-06-10 23:00:00');
INSERT INTO `__PREFIX__cities` (`country_code`, `name`, `longitude`, `latitude`, `feature_class`, `feature_code`, `subadmin1_code`, `subadmin2_code`, `population`, `time_zone`, `active`, `created_at`, `updated_at`) VALUES ('CZ','{\"en\":\"Frenštát pod Radhoštěm\"}',18.21,49.55,'P','PPL','CZ.85','CZ.85.0804',11334,'Europe/Prague',1,'2018-09-07 23:00:00','2018-09-07 23:00:00');
INSERT INTO `__PREFIX__cities` (`country_code`, `name`, `longitude`, `latitude`, `feature_class`, `feature_code`, `subadmin1_code`, `subadmin2_code`, `population`, `time_zone`, `active`, `created_at`, `updated_at`) VALUES ('CZ','{\"en\":\"Františkovy Lázně\"}',12.35,50.12,'P','PPL','CZ.81','CZ.81.0411',5355,'Europe/Prague',1,'2019-03-18 23:00:00','2019-03-18 23:00:00');
INSERT INTO `__PREFIX__cities` (`country_code`, `name`, `longitude`, `latitude`, `feature_class`, `feature_code`, `subadmin1_code`, `subadmin2_code`, `population`, `time_zone`, `active`, `created_at`, `updated_at`) VALUES ('CZ','{\"en\":\"Duchcov\"}',13.75,50.60,'P','PPL','CZ.89','CZ.89.0426',8937,'Europe/Prague',1,'2018-09-07 23:00:00','2018-09-07 23:00:00');
INSERT INTO `__PREFIX__cities` (`country_code`, `name`, `longitude`, `latitude`, `feature_class`, `feature_code`, `subadmin1_code`, `subadmin2_code`, `population`, `time_zone`, `active`, `created_at`, `updated_at`) VALUES ('CZ','{\"en\":\"Dubňany\"}',17.09,48.92,'P','PPL','CZ.78','CZ.78.0645',6649,'Europe/Prague',1,'2018-09-08 23:00:00','2018-09-08 23:00:00');
INSERT INTO `__PREFIX__cities` (`country_code`, `name`, `longitude`, `latitude`, `feature_class`, `feature_code`, `subadmin1_code`, `subadmin2_code`, `population`, `time_zone`, `active`, `created_at`, `updated_at`) VALUES ('CZ','{\"en\":\"Dubí\"}',13.79,50.69,'P','PPL','CZ.89','CZ.89.0426',7591,'Europe/Prague',1,'2018-09-07 23:00:00','2018-09-07 23:00:00');
INSERT INTO `__PREFIX__cities` (`country_code`, `name`, `longitude`, `latitude`, `feature_class`, `feature_code`, `subadmin1_code`, `subadmin2_code`, `population`, `time_zone`, `active`, `created_at`, `updated_at`) VALUES ('CZ','{\"en\":\"Domažlice\"}',12.93,49.44,'P','PPL','CZ.87','CZ.87.0321',10944,'Europe/Prague',1,'2019-03-19 23:00:00','2019-03-19 23:00:00');
INSERT INTO `__PREFIX__cities` (`country_code`, `name`, `longitude`, `latitude`, `feature_class`, `feature_code`, `subadmin1_code`, `subadmin2_code`, `population`, `time_zone`, `active`, `created_at`, `updated_at`) VALUES ('CZ','{\"en\":\"Doksy\"}',14.66,50.56,'P','PPL','CZ.83','CZ.83.0511',5025,'Europe/Prague',1,'2018-09-07 23:00:00','2018-09-07 23:00:00');
INSERT INTO `__PREFIX__cities` (`country_code`, `name`, `longitude`, `latitude`, `feature_class`, `feature_code`, `subadmin1_code`, `subadmin2_code`, `population`, `time_zone`, `active`, `created_at`, `updated_at`) VALUES ('CZ','{\"en\":\"Dobruška\"}',16.16,50.29,'P','PPL','CZ.82','CZ.82.0524',7085,'Europe/Prague',1,'2018-09-07 23:00:00','2018-09-07 23:00:00');
INSERT INTO `__PREFIX__cities` (`country_code`, `name`, `longitude`, `latitude`, `feature_class`, `feature_code`, `subadmin1_code`, `subadmin2_code`, `population`, `time_zone`, `active`, `created_at`, `updated_at`) VALUES ('CZ','{\"en\":\"Dobříš\"}',14.17,49.78,'P','PPL','CZ.88','CZ.88.020B',7926,'Europe/Prague',1,'2019-03-18 23:00:00','2019-03-18 23:00:00');
INSERT INTO `__PREFIX__cities` (`country_code`, `name`, `longitude`, `latitude`, `feature_class`, `feature_code`, `subadmin1_code`, `subadmin2_code`, `population`, `time_zone`, `active`, `created_at`, `updated_at`) VALUES ('CZ','{\"en\":\"Dobřany\"}',13.29,49.65,'P','PPL','CZ.87','CZ.87.0324',5779,'Europe/Prague',1,'2018-09-07 23:00:00','2018-09-07 23:00:00');
INSERT INTO `__PREFIX__cities` (`country_code`, `name`, `longitude`, `latitude`, `feature_class`, `feature_code`, `subadmin1_code`, `subadmin2_code`, `population`, `time_zone`, `active`, `created_at`, `updated_at`) VALUES ('CZ','{\"en\":\"Děčín\"}',14.21,50.78,'P','PPL','CZ.89','CZ.89.0421',52058,'Europe/Prague',1,'2019-09-04 23:00:00','2019-09-04 23:00:00');
INSERT INTO `__PREFIX__cities` (`country_code`, `name`, `longitude`, `latitude`, `feature_class`, `feature_code`, `subadmin1_code`, `subadmin2_code`, `population`, `time_zone`, `active`, `created_at`, `updated_at`) VALUES ('CZ','{\"en\":\"Dačice\"}',15.44,49.08,'P','PPL','CZ.79','CZ.79.0313',7958,'Europe/Prague',1,'2018-09-07 23:00:00','2018-09-07 23:00:00');
INSERT INTO `__PREFIX__cities` (`country_code`, `name`, `longitude`, `latitude`, `feature_class`, `feature_code`, `subadmin1_code`, `subadmin2_code`, `population`, `time_zone`, `active`, `created_at`, `updated_at`) VALUES ('CZ','{\"en\":\"Chrudim\"}',15.80,49.95,'P','PPL','CZ.86','CZ.86.0531',23630,'Europe/Prague',1,'2019-09-04 23:00:00','2019-09-04 23:00:00');
INSERT INTO `__PREFIX__cities` (`country_code`, `name`, `longitude`, `latitude`, `feature_class`, `feature_code`, `subadmin1_code`, `subadmin2_code`, `population`, `time_zone`, `active`, `created_at`, `updated_at`) VALUES ('CZ','{\"en\":\"Chropyně\"}',17.36,49.36,'P','PPL','CZ.90','CZ.90.0721',5172,'Europe/Prague',1,'2018-09-07 23:00:00','2018-09-07 23:00:00');
INSERT INTO `__PREFIX__cities` (`country_code`, `name`, `longitude`, `latitude`, `feature_class`, `feature_code`, `subadmin1_code`, `subadmin2_code`, `population`, `time_zone`, `active`, `created_at`, `updated_at`) VALUES ('CZ','{\"en\":\"Chrastava\"}',14.97,50.82,'P','PPL','CZ.83','CZ.83.0513',6051,'Europe/Prague',1,'2019-03-19 23:00:00','2019-03-19 23:00:00');
INSERT INTO `__PREFIX__cities` (`country_code`, `name`, `longitude`, `latitude`, `feature_class`, `feature_code`, `subadmin1_code`, `subadmin2_code`, `population`, `time_zone`, `active`, `created_at`, `updated_at`) VALUES ('CZ','{\"en\":\"Chotěboř\"}',15.67,49.72,'P','PPL','CZ.80','CZ.80.0631',9849,'Europe/Prague',1,'2019-03-18 23:00:00','2019-03-18 23:00:00');
INSERT INTO `__PREFIX__cities` (`country_code`, `name`, `longitude`, `latitude`, `feature_class`, `feature_code`, `subadmin1_code`, `subadmin2_code`, `population`, `time_zone`, `active`, `created_at`, `updated_at`) VALUES ('CZ','{\"en\":\"Chomutov\"}',13.42,50.46,'P','PPL','CZ.89','CZ.89.0422',50251,'Europe/Prague',1,'2019-03-18 23:00:00','2019-03-18 23:00:00');
INSERT INTO `__PREFIX__cities` (`country_code`, `name`, `longitude`, `latitude`, `feature_class`, `feature_code`, `subadmin1_code`, `subadmin2_code`, `population`, `time_zone`, `active`, `created_at`, `updated_at`) VALUES ('CZ','{\"en\":\"Chodov\"}',12.75,50.24,'P','PPL','CZ.81','CZ.81.0413',14454,'Europe/Prague',1,'2018-09-07 23:00:00','2018-09-07 23:00:00');
INSERT INTO `__PREFIX__cities` (`country_code`, `name`, `longitude`, `latitude`, `feature_class`, `feature_code`, `subadmin1_code`, `subadmin2_code`, `population`, `time_zone`, `active`, `created_at`, `updated_at`) VALUES ('CZ','{\"en\":\"Choceň\"}',16.22,50.00,'P','PPL','CZ.86','CZ.86.0534',9008,'Europe/Prague',1,'2019-03-18 23:00:00','2019-03-18 23:00:00');
INSERT INTO `__PREFIX__cities` (`country_code`, `name`, `longitude`, `latitude`, `feature_class`, `feature_code`, `subadmin1_code`, `subadmin2_code`, `population`, `time_zone`, `active`, `created_at`, `updated_at`) VALUES ('CZ','{\"en\":\"Chlumec nad Cidlinou\"}',15.46,50.15,'P','PPL','CZ.82','CZ.82.0521',5292,'Europe/Prague',1,'2019-03-18 23:00:00','2019-03-18 23:00:00');
INSERT INTO `__PREFIX__cities` (`country_code`, `name`, `longitude`, `latitude`, `feature_class`, `feature_code`, `subadmin1_code`, `subadmin2_code`, `population`, `time_zone`, `active`, `created_at`, `updated_at`) VALUES ('CZ','{\"en\":\"Cheb\"}',12.37,50.08,'P','PPL','CZ.81','CZ.81.0411',33242,'Europe/Prague',1,'2019-09-04 23:00:00','2019-09-04 23:00:00');
INSERT INTO `__PREFIX__cities` (`country_code`, `name`, `longitude`, `latitude`, `feature_class`, `feature_code`, `subadmin1_code`, `subadmin2_code`, `population`, `time_zone`, `active`, `created_at`, `updated_at`) VALUES ('CZ','{\"en\":\"Český Těšín\"}',18.63,49.75,'P','PPLA3','CZ.85','CZ.85.0803',25750,'Europe/Prague',1,'2019-09-04 23:00:00','2019-09-04 23:00:00');
INSERT INTO `__PREFIX__cities` (`country_code`, `name`, `longitude`, `latitude`, `feature_class`, `feature_code`, `subadmin1_code`, `subadmin2_code`, `population`, `time_zone`, `active`, `created_at`, `updated_at`) VALUES ('CZ','{\"en\":\"Český Krumlov\"}',14.32,48.81,'P','PPL','CZ.79','CZ.79.0312',14146,'Europe/Prague',1,'2019-09-04 23:00:00','2019-09-04 23:00:00');
INSERT INTO `__PREFIX__cities` (`country_code`, `name`, `longitude`, `latitude`, `feature_class`, `feature_code`, `subadmin1_code`, `subadmin2_code`, `population`, `time_zone`, `active`, `created_at`, `updated_at`) VALUES ('CZ','{\"en\":\"Český Brod\"}',14.86,50.07,'P','PPL','CZ.88','CZ.88.0204',6609,'Europe/Prague',1,'2018-09-08 23:00:00','2018-09-08 23:00:00');
INSERT INTO `__PREFIX__cities` (`country_code`, `name`, `longitude`, `latitude`, `feature_class`, `feature_code`, `subadmin1_code`, `subadmin2_code`, `population`, `time_zone`, `active`, `created_at`, `updated_at`) VALUES ('CZ','{\"en\":\"České Budějovice\"}',14.47,48.97,'P','PPLA','CZ.79','CZ.79.0311',96053,'Europe/Prague',1,'2018-09-07 23:00:00','2018-09-07 23:00:00');
INSERT INTO `__PREFIX__cities` (`country_code`, `name`, `longitude`, `latitude`, `feature_class`, `feature_code`, `subadmin1_code`, `subadmin2_code`, `population`, `time_zone`, `active`, `created_at`, `updated_at`) VALUES ('CZ','{\"en\":\"Česká Třebová\"}',16.44,49.90,'P','PPL','CZ.86','CZ.86.0534',16655,'Europe/Prague',1,'2018-09-07 23:00:00','2018-09-07 23:00:00');
INSERT INTO `__PREFIX__cities` (`country_code`, `name`, `longitude`, `latitude`, `feature_class`, `feature_code`, `subadmin1_code`, `subadmin2_code`, `population`, `time_zone`, `active`, `created_at`, `updated_at`) VALUES ('CZ','{\"en\":\"Česká Skalice\"}',16.04,50.39,'P','PPL','CZ.82','CZ.82.0523',5402,'Europe/Prague',1,'2018-11-13 23:00:00','2018-11-13 23:00:00');
INSERT INTO `__PREFIX__cities` (`country_code`, `name`, `longitude`, `latitude`, `feature_class`, `feature_code`, `subadmin1_code`, `subadmin2_code`, `population`, `time_zone`, `active`, `created_at`, `updated_at`) VALUES ('CZ','{\"en\":\"Česká Lípa\"}',14.54,50.69,'P','PPL','CZ.83','CZ.83.0511',38841,'Europe/Prague',1,'2018-09-07 23:00:00','2018-09-07 23:00:00');
INSERT INTO `__PREFIX__cities` (`country_code`, `name`, `longitude`, `latitude`, `feature_class`, `feature_code`, `subadmin1_code`, `subadmin2_code`, `population`, `time_zone`, `active`, `created_at`, `updated_at`) VALUES ('CZ','{\"en\":\"Česká Kamenice\"}',14.42,50.80,'P','PPL','CZ.89','CZ.89.0421',5475,'Europe/Prague',1,'2019-03-18 23:00:00','2019-03-18 23:00:00');
INSERT INTO `__PREFIX__cities` (`country_code`, `name`, `longitude`, `latitude`, `feature_class`, `feature_code`, `subadmin1_code`, `subadmin2_code`, `population`, `time_zone`, `active`, `created_at`, `updated_at`) VALUES ('CZ','{\"en\":\"Červený Kostelec\"}',16.09,50.48,'P','PPL','CZ.82','CZ.82.0523',8441,'Europe/Prague',1,'2018-11-13 23:00:00','2018-11-13 23:00:00');
INSERT INTO `__PREFIX__cities` (`country_code`, `name`, `longitude`, `latitude`, `feature_class`, `feature_code`, `subadmin1_code`, `subadmin2_code`, `population`, `time_zone`, `active`, `created_at`, `updated_at`) VALUES ('CZ','{\"en\":\"Čelákovice\"}',14.75,50.16,'P','PPL','CZ.88','CZ.88.0209',10125,'Europe/Prague',1,'2018-09-07 23:00:00','2018-09-07 23:00:00');
INSERT INTO `__PREFIX__cities` (`country_code`, `name`, `longitude`, `latitude`, `feature_class`, `feature_code`, `subadmin1_code`, `subadmin2_code`, `population`, `time_zone`, `active`, `created_at`, `updated_at`) VALUES ('CZ','{\"en\":\"Čáslav\"}',15.39,49.91,'P','PPL','CZ.88','CZ.88.0205',10025,'Europe/Prague',1,'2019-09-04 23:00:00','2019-09-04 23:00:00');
INSERT INTO `__PREFIX__cities` (`country_code`, `name`, `longitude`, `latitude`, `feature_class`, `feature_code`, `subadmin1_code`, `subadmin2_code`, `population`, `time_zone`, `active`, `created_at`, `updated_at`) VALUES ('CZ','{\"en\":\"Bystřice pod Hostýnem\"}',17.67,49.40,'P','PPL','CZ.90','CZ.90.0721',8727,'Europe/Prague',1,'2018-09-07 23:00:00','2018-09-07 23:00:00');
INSERT INTO `__PREFIX__cities` (`country_code`, `name`, `longitude`, `latitude`, `feature_class`, `feature_code`, `subadmin1_code`, `subadmin2_code`, `population`, `time_zone`, `active`, `created_at`, `updated_at`) VALUES ('CZ','{\"en\":\"Bystřice nad Pernštejnem\"}',16.26,49.52,'P','PPL','CZ.80','CZ.80.0635',8996,'Europe/Prague',1,'2018-09-07 23:00:00','2018-09-07 23:00:00');
INSERT INTO `__PREFIX__cities` (`country_code`, `name`, `longitude`, `latitude`, `feature_class`, `feature_code`, `subadmin1_code`, `subadmin2_code`, `population`, `time_zone`, `active`, `created_at`, `updated_at`) VALUES ('CZ','{\"en\":\"Bystřice\"}',18.72,49.64,'P','PPL','CZ.85','CZ.85.0802',5076,'Europe/Prague',1,'2018-09-07 23:00:00','2018-09-07 23:00:00');
INSERT INTO `__PREFIX__cities` (`country_code`, `name`, `longitude`, `latitude`, `feature_class`, `feature_code`, `subadmin1_code`, `subadmin2_code`, `population`, `time_zone`, `active`, `created_at`, `updated_at`) VALUES ('CZ','{\"en\":\"Bučovice\"}',17.00,49.15,'P','PPL','CZ.78','CZ.78.0646',6386,'Europe/Prague',1,'2018-09-07 23:00:00','2018-09-07 23:00:00');
INSERT INTO `__PREFIX__cities` (`country_code`, `name`, `longitude`, `latitude`, `feature_class`, `feature_code`, `subadmin1_code`, `subadmin2_code`, `population`, `time_zone`, `active`, `created_at`, `updated_at`) VALUES ('CZ','{\"en\":\"Bruntál\"}',17.46,49.99,'P','PPL','CZ.85','CZ.85.0801',17686,'Europe/Prague',1,'2018-09-07 23:00:00','2018-09-07 23:00:00');
INSERT INTO `__PREFIX__cities` (`country_code`, `name`, `longitude`, `latitude`, `feature_class`, `feature_code`, `subadmin1_code`, `subadmin2_code`, `population`, `time_zone`, `active`, `created_at`, `updated_at`) VALUES ('CZ','{\"en\":\"Broumov\"}',16.33,50.59,'P','PPL','CZ.82','CZ.82.0523',8254,'Europe/Prague',1,'2019-03-20 23:00:00','2019-03-20 23:00:00');
INSERT INTO `__PREFIX__cities` (`country_code`, `name`, `longitude`, `latitude`, `feature_class`, `feature_code`, `subadmin1_code`, `subadmin2_code`, `population`, `time_zone`, `active`, `created_at`, `updated_at`) VALUES ('CZ','{\"en\":\"Brno\"}',16.61,49.20,'P','PPLA','CZ.78','CZ.78.0642',369559,'Europe/Prague',1,'2019-09-04 23:00:00','2019-09-04 23:00:00');
INSERT INTO `__PREFIX__cities` (`country_code`, `name`, `longitude`, `latitude`, `feature_class`, `feature_code`, `subadmin1_code`, `subadmin2_code`, `population`, `time_zone`, `active`, `created_at`, `updated_at`) VALUES ('CZ','{\"en\":\"Břeclav\"}',16.88,48.76,'P','PPLA2','CZ.78','CZ.78.0644',25789,'Europe/Prague',1,'2018-09-27 23:00:00','2018-09-27 23:00:00');
INSERT INTO `__PREFIX__cities` (`country_code`, `name`, `longitude`, `latitude`, `feature_class`, `feature_code`, `subadmin1_code`, `subadmin2_code`, `population`, `time_zone`, `active`, `created_at`, `updated_at`) VALUES ('CZ','{\"en\":\"Braník\"}',14.42,50.03,'P','PPLX','CZ.52','CZ.52.8378772',18740,'Europe/Prague',1,'2018-09-12 23:00:00','2018-09-12 23:00:00');
INSERT INTO `__PREFIX__cities` (`country_code`, `name`, `longitude`, `latitude`, `feature_class`, `feature_code`, `subadmin1_code`, `subadmin2_code`, `population`, `time_zone`, `active`, `created_at`, `updated_at`) VALUES ('CZ','{\"en\":\"Brandýs nad Labem-Stará Boleslav\"}',14.66,50.19,'P','PPL','CZ.88','CZ.88.0209',15398,'Europe/Prague',1,'2018-09-07 23:00:00','2018-09-07 23:00:00');
INSERT INTO `__PREFIX__cities` (`country_code`, `name`, `longitude`, `latitude`, `feature_class`, `feature_code`, `subadmin1_code`, `subadmin2_code`, `population`, `time_zone`, `active`, `created_at`, `updated_at`) VALUES ('CZ','{\"en\":\"Boskovice\"}',16.66,49.49,'P','PPL','CZ.78','CZ.78.0641',11121,'Europe/Prague',1,'2018-09-07 23:00:00','2018-09-07 23:00:00');
INSERT INTO `__PREFIX__cities` (`country_code`, `name`, `longitude`, `latitude`, `feature_class`, `feature_code`, `subadmin1_code`, `subadmin2_code`, `population`, `time_zone`, `active`, `created_at`, `updated_at`) VALUES ('CZ','{\"en\":\"Bohumín\"}',18.36,49.90,'P','PPL','CZ.85','CZ.85.0803',23075,'Europe/Prague',1,'2019-03-18 23:00:00','2019-03-18 23:00:00');
INSERT INTO `__PREFIX__cities` (`country_code`, `name`, `longitude`, `latitude`, `feature_class`, `feature_code`, `subadmin1_code`, `subadmin2_code`, `population`, `time_zone`, `active`, `created_at`, `updated_at`) VALUES ('CZ','{\"en\":\"Blatná\"}',13.88,49.42,'P','PPL','CZ.79','CZ.79.0316',6735,'Europe/Prague',1,'2019-03-18 23:00:00','2019-03-18 23:00:00');
INSERT INTO `__PREFIX__cities` (`country_code`, `name`, `longitude`, `latitude`, `feature_class`, `feature_code`, `subadmin1_code`, `subadmin2_code`, `population`, `time_zone`, `active`, `created_at`, `updated_at`) VALUES ('CZ','{\"en\":\"Blansko\"}',16.64,49.36,'P','PPL','CZ.78','CZ.78.0641',20384,'Europe/Prague',1,'2019-03-18 23:00:00','2019-03-18 23:00:00');
INSERT INTO `__PREFIX__cities` (`country_code`, `name`, `longitude`, `latitude`, `feature_class`, `feature_code`, `subadmin1_code`, `subadmin2_code`, `population`, `time_zone`, `active`, `created_at`, `updated_at`) VALUES ('CZ','{\"en\":\"Bílovec\"}',18.02,49.76,'P','PPL','CZ.85','CZ.85.0804',7486,'Europe/Prague',1,'2019-03-18 23:00:00','2019-03-18 23:00:00');
INSERT INTO `__PREFIX__cities` (`country_code`, `name`, `longitude`, `latitude`, `feature_class`, `feature_code`, `subadmin1_code`, `subadmin2_code`, `population`, `time_zone`, `active`, `created_at`, `updated_at`) VALUES ('CZ','{\"en\":\"Bílina\"}',13.78,50.55,'P','PPL','CZ.89','CZ.89.0426',15738,'Europe/Prague',1,'2019-03-18 23:00:00','2019-03-18 23:00:00');
INSERT INTO `__PREFIX__cities` (`country_code`, `name`, `longitude`, `latitude`, `feature_class`, `feature_code`, `subadmin1_code`, `subadmin2_code`, `population`, `time_zone`, `active`, `created_at`, `updated_at`) VALUES ('CZ','{\"en\":\"Beroun\"}',14.07,49.96,'P','PPL','CZ.88','CZ.88.0202',17550,'Europe/Prague',1,'2019-03-18 23:00:00','2019-03-18 23:00:00');
INSERT INTO `__PREFIX__cities` (`country_code`, `name`, `longitude`, `latitude`, `feature_class`, `feature_code`, `subadmin1_code`, `subadmin2_code`, `population`, `time_zone`, `active`, `created_at`, `updated_at`) VALUES ('CZ','{\"en\":\"Benešov\"}',14.69,49.78,'P','PPL','CZ.88','CZ.88.0201',16257,'Europe/Prague',1,'2019-03-18 23:00:00','2019-03-18 23:00:00');
INSERT INTO `__PREFIX__cities` (`country_code`, `name`, `longitude`, `latitude`, `feature_class`, `feature_code`, `subadmin1_code`, `subadmin2_code`, `population`, `time_zone`, `active`, `created_at`, `updated_at`) VALUES ('CZ','{\"en\":\"Benátky nad Jizerou\"}',14.82,50.29,'P','PPL','CZ.88','CZ.88.0207',6818,'Europe/Prague',1,'2018-09-07 23:00:00','2018-09-07 23:00:00');
INSERT INTO `__PREFIX__cities` (`country_code`, `name`, `longitude`, `latitude`, `feature_class`, `feature_code`, `subadmin1_code`, `subadmin2_code`, `population`, `time_zone`, `active`, `created_at`, `updated_at`) VALUES ('CZ','{\"en\":\"Bechyně\"}',14.47,49.30,'P','PPL','CZ.79','CZ.79.0317',5755,'Europe/Prague',1,'2019-10-09 23:00:00','2019-10-09 23:00:00');
INSERT INTO `__PREFIX__cities` (`country_code`, `name`, `longitude`, `latitude`, `feature_class`, `feature_code`, `subadmin1_code`, `subadmin2_code`, `population`, `time_zone`, `active`, `created_at`, `updated_at`) VALUES ('CZ','{\"en\":\"Aš\"}',12.19,50.22,'P','PPL','CZ.81','CZ.81.0411',13210,'Europe/Prague',1,'2020-01-17 23:00:00','2020-01-17 23:00:00');
INSERT INTO `__PREFIX__cities` (`country_code`, `name`, `longitude`, `latitude`, `feature_class`, `feature_code`, `subadmin1_code`, `subadmin2_code`, `population`, `time_zone`, `active`, `created_at`, `updated_at`) VALUES ('CZ','{\"en\":\"Černý Most\"}',14.58,50.10,'P','PPLX','CZ.52','CZ.52.8378782',21500,'Europe/Prague',1,'2018-09-12 23:00:00','2018-09-12 23:00:00');
/*!40000 ALTER TABLE `__PREFIX__cities` ENABLE KEYS */;
/*!40103 SET TIME_ZONE=@OLD_TIME_ZONE */;

/*!40101 SET SQL_MODE=@OLD_SQL_MODE */;
/*!40014 SET FOREIGN_KEY_CHECKS=@OLD_FOREIGN_KEY_CHECKS */;
/*!40014 SET UNIQUE_CHECKS=@OLD_UNIQUE_CHECKS */;
/*!40101 SET CHARACTER_SET_CLIENT=@OLD_CHARACTER_SET_CLIENT */;
/*!40101 SET CHARACTER_SET_RESULTS=@OLD_CHARACTER_SET_RESULTS */;
/*!40101 SET COLLATION_CONNECTION=@OLD_COLLATION_CONNECTION */;
/*!40111 SET SQL_NOTES=@OLD_SQL_NOTES */;

-- Dump completed
