-- MySQL dump 10.13  Distrib 5.7.34, for osx10.12 (x86_64)
--
-- Host: 127.0.0.1    Database: laraclassifier
-- ------------------------------------------------------
-- Server version	5.7.34

/*!40101 SET @OLD_CHARACTER_SET_CLIENT=@@CHARACTER_SET_CLIENT */;
/*!40101 SET @OLD_CHARACTER_SET_RESULTS=@@CHARACTER_SET_RESULTS */;
/*!40101 SET @OLD_COLLATION_CONNECTION=@@COLLATION_CONNECTION */;
/*!40101 SET NAMES utf8 */;
/*!40103 SET @OLD_TIME_ZONE=@@TIME_ZONE */;
/*!40103 SET TIME_ZONE='+00:00' */;
/*!40014 SET @OLD_UNIQUE_CHECKS=@@UNIQUE_CHECKS, UNIQUE_CHECKS=0 */;
/*!40014 SET @OLD_FOREIGN_KEY_CHECKS=@@FOREIGN_KEY_CHECKS, FOREIGN_KEY_CHECKS=0 */;
/*!40101 SET @OLD_SQL_MODE=@@SQL_MODE, SQL_MODE='NO_AUTO_VALUE_ON_ZERO' */;
/*!40111 SET @OLD_SQL_NOTES=@@SQL_NOTES, SQL_NOTES=0 */;

--
-- Dumping data for table `__PREFIX__subadmin1`
--

/*!40000 ALTER TABLE `__PREFIX__subadmin1` DISABLE KEYS */;
INSERT INTO `__PREFIX__subadmin1` (`code`, `country_code`, `name`, `active`) VALUES ('DK.17','DK','{\"en\":\"Capital Region\"}',1);
INSERT INTO `__PREFIX__subadmin1` (`code`, `country_code`, `name`, `active`) VALUES ('DK.18','DK','{\"en\":\"Central Jutland\"}',1);
INSERT INTO `__PREFIX__subadmin1` (`code`, `country_code`, `name`, `active`) VALUES ('DK.19','DK','{\"en\":\"North Denmark\"}',1);
INSERT INTO `__PREFIX__subadmin1` (`code`, `country_code`, `name`, `active`) VALUES ('DK.20','DK','{\"en\":\"Zealand\"}',1);
INSERT INTO `__PREFIX__subadmin1` (`code`, `country_code`, `name`, `active`) VALUES ('DK.21','DK','{\"en\":\"South Denmark\"}',1);
/*!40000 ALTER TABLE `__PREFIX__subadmin1` ENABLE KEYS */;

--
-- Dumping data for table `__PREFIX__subadmin2`
--

/*!40000 ALTER TABLE `__PREFIX__subadmin2` DISABLE KEYS */;
INSERT INTO `__PREFIX__subadmin2` (`code`, `country_code`, `subadmin1_code`, `name`, `active`) VALUES ('DK.20.390','DK','DK.20','{\"en\":\"Vordingborg Kommune\"}',1);
INSERT INTO `__PREFIX__subadmin2` (`code`, `country_code`, `subadmin1_code`, `name`, `active`) VALUES ('DK.18.791','DK','DK.18','{\"en\":\"Viborg Kommune\"}',1);
INSERT INTO `__PREFIX__subadmin2` (`code`, `country_code`, `subadmin1_code`, `name`, `active`) VALUES ('DK.21.630','DK','DK.21','{\"en\":\"Vejle Kommune\"}',1);
INSERT INTO `__PREFIX__subadmin2` (`code`, `country_code`, `subadmin1_code`, `name`, `active`) VALUES ('DK.21.575','DK','DK.21','{\"en\":\"Vejen Kommune\"}',1);
INSERT INTO `__PREFIX__subadmin2` (`code`, `country_code`, `subadmin1_code`, `name`, `active`) VALUES ('DK.17.187','DK','DK.17','{\"en\":\"Vallensbæk Kommune\"}',1);
INSERT INTO `__PREFIX__subadmin2` (`code`, `country_code`, `subadmin1_code`, `name`, `active`) VALUES ('DK.21.550','DK','DK.21','{\"en\":\"Tønder Kommune\"}',1);
INSERT INTO `__PREFIX__subadmin2` (`code`, `country_code`, `subadmin1_code`, `name`, `active`) VALUES ('DK.19.787','DK','DK.19','{\"en\":\"Thisted Kommune\"}',1);
INSERT INTO `__PREFIX__subadmin2` (`code`, `country_code`, `subadmin1_code`, `name`, `active`) VALUES ('DK.17.185','DK','DK.17','{\"en\":\"Tårnby Kommune\"}',1);
INSERT INTO `__PREFIX__subadmin2` (`code`, `country_code`, `subadmin1_code`, `name`, `active`) VALUES ('DK.21.479','DK','DK.21','{\"en\":\"Svendborg Kommune\"}',1);
INSERT INTO `__PREFIX__subadmin2` (`code`, `country_code`, `subadmin1_code`, `name`, `active`) VALUES ('DK.18.671','DK','DK.18','{\"en\":\"Struer Kommune\"}',1);
INSERT INTO `__PREFIX__subadmin2` (`code`, `country_code`, `subadmin1_code`, `name`, `active`) VALUES ('DK.20.336','DK','DK.20','{\"en\":\"Stevns Kommune\"}',1);
INSERT INTO `__PREFIX__subadmin2` (`code`, `country_code`, `subadmin1_code`, `name`, `active`) VALUES ('DK.20.340','DK','DK.20','{\"en\":\"Sorø Kommune\"}',1);
INSERT INTO `__PREFIX__subadmin2` (`code`, `country_code`, `subadmin1_code`, `name`, `active`) VALUES ('DK.21.540','DK','DK.21','{\"en\":\"Sønderborg Kommune\"}',1);
INSERT INTO `__PREFIX__subadmin2` (`code`, `country_code`, `subadmin1_code`, `name`, `active`) VALUES ('DK.20.269','DK','DK.20','{\"en\":\"Solrød Kommune\"}',1);
INSERT INTO `__PREFIX__subadmin2` (`code`, `country_code`, `subadmin1_code`, `name`, `active`) VALUES ('DK.20.330','DK','DK.20','{\"en\":\"Slagelse Kommune\"}',1);
INSERT INTO `__PREFIX__subadmin2` (`code`, `country_code`, `subadmin1_code`, `name`, `active`) VALUES ('DK.18.779','DK','DK.18','{\"en\":\"Skive Kommune\"}',1);
INSERT INTO `__PREFIX__subadmin2` (`code`, `country_code`, `subadmin1_code`, `name`, `active`) VALUES ('DK.18.746','DK','DK.18','{\"en\":\"Skanderborg Kommune\"}',1);
INSERT INTO `__PREFIX__subadmin2` (`code`, `country_code`, `subadmin1_code`, `name`, `active`) VALUES ('DK.18.740','DK','DK.18','{\"en\":\"Silkeborg Kommune\"}',1);
INSERT INTO `__PREFIX__subadmin2` (`code`, `country_code`, `subadmin1_code`, `name`, `active`) VALUES ('DK.18.741','DK','DK.18','{\"en\":\"Samsø Kommune\"}',1);
INSERT INTO `__PREFIX__subadmin2` (`code`, `country_code`, `subadmin1_code`, `name`, `active`) VALUES ('DK.20.265','DK','DK.20','{\"en\":\"Roskilde Kommune\"}',1);
INSERT INTO `__PREFIX__subadmin2` (`code`, `country_code`, `subadmin1_code`, `name`, `active`) VALUES ('DK.17.175','DK','DK.17','{\"en\":\"Rødovre Kommune\"}',1);
INSERT INTO `__PREFIX__subadmin2` (`code`, `country_code`, `subadmin1_code`, `name`, `active`) VALUES ('DK.20.329','DK','DK.20','{\"en\":\"Ringsted Kommune\"}',1);
INSERT INTO `__PREFIX__subadmin2` (`code`, `country_code`, `subadmin1_code`, `name`, `active`) VALUES ('DK.18.730','DK','DK.18','{\"en\":\"Randers Kommune\"}',1);
INSERT INTO `__PREFIX__subadmin2` (`code`, `country_code`, `subadmin1_code`, `name`, `active`) VALUES ('DK.21.461','DK','DK.21','{\"en\":\"Odense Kommune\"}',1);
INSERT INTO `__PREFIX__subadmin2` (`code`, `country_code`, `subadmin1_code`, `name`, `active`) VALUES ('DK.18.727','DK','DK.18','{\"en\":\"Odder Kommune\"}',1);
INSERT INTO `__PREFIX__subadmin2` (`code`, `country_code`, `subadmin1_code`, `name`, `active`) VALUES ('DK.21.450','DK','DK.21','{\"en\":\"Nyborg Kommune\"}',1);
INSERT INTO `__PREFIX__subadmin2` (`code`, `country_code`, `subadmin1_code`, `name`, `active`) VALUES ('DK.20.370','DK','DK.20','{\"en\":\"Næstved Kommune\"}',1);
INSERT INTO `__PREFIX__subadmin2` (`code`, `country_code`, `subadmin1_code`, `name`, `active`) VALUES ('DK.19.773','DK','DK.19','{\"en\":\"Morsø Kommune\"}',1);
INSERT INTO `__PREFIX__subadmin2` (`code`, `country_code`, `subadmin1_code`, `name`, `active`) VALUES ('DK.21.410','DK','DK.21','{\"en\":\"Middelfart Kommune\"}',1);
INSERT INTO `__PREFIX__subadmin2` (`code`, `country_code`, `subadmin1_code`, `name`, `active`) VALUES ('DK.17.173','DK','DK.17','{\"en\":\"Lyngby-Tårbæk Kommune\"}',1);
INSERT INTO `__PREFIX__subadmin2` (`code`, `country_code`, `subadmin1_code`, `name`, `active`) VALUES ('DK.19.825','DK','DK.19','{\"en\":\"Læso Kommune\"}',1);
INSERT INTO `__PREFIX__subadmin2` (`code`, `country_code`, `subadmin1_code`, `name`, `active`) VALUES ('DK.18.665','DK','DK.18','{\"en\":\"Lemvig Kommune\"}',1);
INSERT INTO `__PREFIX__subadmin2` (`code`, `country_code`, `subadmin1_code`, `name`, `active`) VALUES ('DK.20.350','DK','DK.20','{\"en\":\"Lejre Kommune\"}',1);
INSERT INTO `__PREFIX__subadmin2` (`code`, `country_code`, `subadmin1_code`, `name`, `active`) VALUES ('DK.17.101','DK','DK.17','{\"en\":\"København\"}',1);
INSERT INTO `__PREFIX__subadmin2` (`code`, `country_code`, `subadmin1_code`, `name`, `active`) VALUES ('DK.21.621','DK','DK.21','{\"en\":\"Kolding Kommune\"}',1);
INSERT INTO `__PREFIX__subadmin2` (`code`, `country_code`, `subadmin1_code`, `name`, `active`) VALUES ('DK.20.259','DK','DK.20','{\"en\":\"Køge Kommune\"}',1);
INSERT INTO `__PREFIX__subadmin2` (`code`, `country_code`, `subadmin1_code`, `name`, `active`) VALUES ('DK.21.440','DK','DK.21','{\"en\":\"Kerteminde Kommune\"}',1);
INSERT INTO `__PREFIX__subadmin2` (`code`, `country_code`, `subadmin1_code`, `name`, `active`) VALUES ('DK.20.326','DK','DK.20','{\"en\":\"Kalundborg Kommune\"}',1);
INSERT INTO `__PREFIX__subadmin2` (`code`, `country_code`, `subadmin1_code`, `name`, `active`) VALUES ('DK.17.183','DK','DK.17','{\"en\":\"Ishøj Kommune\"}',1);
INSERT INTO `__PREFIX__subadmin2` (`code`, `country_code`, `subadmin1_code`, `name`, `active`) VALUES ('DK.17.167','DK','DK.17','{\"en\":\"Hvidovre Kommune\"}',1);
INSERT INTO `__PREFIX__subadmin2` (`code`, `country_code`, `subadmin1_code`, `name`, `active`) VALUES ('DK.17.223','DK','DK.17','{\"en\":\"Hørsholm Kommune\"}',1);
INSERT INTO `__PREFIX__subadmin2` (`code`, `country_code`, `subadmin1_code`, `name`, `active`) VALUES ('DK.18.615','DK','DK.18','{\"en\":\"Horsens Kommune\"}',1);
INSERT INTO `__PREFIX__subadmin2` (`code`, `country_code`, `subadmin1_code`, `name`, `active`) VALUES ('DK.18.661','DK','DK.18','{\"en\":\"Holstebro Kommune\"}',1);
INSERT INTO `__PREFIX__subadmin2` (`code`, `country_code`, `subadmin1_code`, `name`, `active`) VALUES ('DK.20.316','DK','DK.20','{\"en\":\"Holbæk Kommune\"}',1);
INSERT INTO `__PREFIX__subadmin2` (`code`, `country_code`, `subadmin1_code`, `name`, `active`) VALUES ('DK.19.860','DK','DK.19','{\"en\":\"Hjørring Kommune\"}',1);
INSERT INTO `__PREFIX__subadmin2` (`code`, `country_code`, `subadmin1_code`, `name`, `active`) VALUES ('DK.17.219','DK','DK.17','{\"en\":\"Hillerød Kommune\"}',1);
INSERT INTO `__PREFIX__subadmin2` (`code`, `country_code`, `subadmin1_code`, `name`, `active`) VALUES ('DK.18.657','DK','DK.18','{\"en\":\"Herning Kommune\"}',1);
INSERT INTO `__PREFIX__subadmin2` (`code`, `country_code`, `subadmin1_code`, `name`, `active`) VALUES ('DK.17.163','DK','DK.17','{\"en\":\"Herlev Kommune\"}',1);
INSERT INTO `__PREFIX__subadmin2` (`code`, `country_code`, `subadmin1_code`, `name`, `active`) VALUES ('DK.17.217','DK','DK.17','{\"en\":\"Helsingør Kommune\"}',1);
INSERT INTO `__PREFIX__subadmin2` (`code`, `country_code`, `subadmin1_code`, `name`, `active`) VALUES ('DK.18.766','DK','DK.18','{\"en\":\"Hedensted Kommune\"}',1);
INSERT INTO `__PREFIX__subadmin2` (`code`, `country_code`, `subadmin1_code`, `name`, `active`) VALUES ('DK.21.510','DK','DK.21','{\"en\":\"Haderslev Kommune\"}',1);
INSERT INTO `__PREFIX__subadmin2` (`code`, `country_code`, `subadmin1_code`, `name`, `active`) VALUES ('DK.20.253','DK','DK.20','{\"en\":\"Greve Kommune\"}',1);
INSERT INTO `__PREFIX__subadmin2` (`code`, `country_code`, `subadmin1_code`, `name`, `active`) VALUES ('DK.17.161','DK','DK.17','{\"en\":\"Glostrup Kommune\"}',1);
INSERT INTO `__PREFIX__subadmin2` (`code`, `country_code`, `subadmin1_code`, `name`, `active`) VALUES ('DK.17.159','DK','DK.17','{\"en\":\"Gladsaxe Municipality\"}',1);
INSERT INTO `__PREFIX__subadmin2` (`code`, `country_code`, `subadmin1_code`, `name`, `active`) VALUES ('DK.17.157','DK','DK.17','{\"en\":\"Gentofte Kommune\"}',1);
INSERT INTO `__PREFIX__subadmin2` (`code`, `country_code`, `subadmin1_code`, `name`, `active`) VALUES ('DK.17.250','DK','DK.17','{\"en\":\"Frederikssund Kommune\"}',1);
INSERT INTO `__PREFIX__subadmin2` (`code`, `country_code`, `subadmin1_code`, `name`, `active`) VALUES ('DK.19.813','DK','DK.19','{\"en\":\"Frederikshavn Kommune\"}',1);
INSERT INTO `__PREFIX__subadmin2` (`code`, `country_code`, `subadmin1_code`, `name`, `active`) VALUES ('DK.17.147','DK','DK.17','{\"en\":\"Frederiksberg Kommune\"}',1);
INSERT INTO `__PREFIX__subadmin2` (`code`, `country_code`, `subadmin1_code`, `name`, `active`) VALUES ('DK.21.607','DK','DK.21','{\"en\":\"Fredericia Kommune\"}',1);
INSERT INTO `__PREFIX__subadmin2` (`code`, `country_code`, `subadmin1_code`, `name`, `active`) VALUES ('DK.21.563','DK','DK.21','{\"en\":\"Fanø Kommune\"}',1);
INSERT INTO `__PREFIX__subadmin2` (`code`, `country_code`, `subadmin1_code`, `name`, `active`) VALUES ('DK.21.573','DK','DK.21','{\"en\":\"Varde Kommune\"}',1);
INSERT INTO `__PREFIX__subadmin2` (`code`, `country_code`, `subadmin1_code`, `name`, `active`) VALUES ('DK.17.155','DK','DK.17','{\"en\":\"Dragør Kommune\"}',1);
INSERT INTO `__PREFIX__subadmin2` (`code`, `country_code`, `subadmin1_code`, `name`, `active`) VALUES ('DK.17.411','DK','DK.17','{\"en\":\"Christiansø\"}',1);
INSERT INTO `__PREFIX__subadmin2` (`code`, `country_code`, `subadmin1_code`, `name`, `active`) VALUES ('DK.19.810','DK','DK.19','{\"en\":\"Brønderslev Kommune\"}',1);
INSERT INTO `__PREFIX__subadmin2` (`code`, `country_code`, `subadmin1_code`, `name`, `active`) VALUES ('DK.17.153','DK','DK.17','{\"en\":\"Brøndby Kommune\"}',1);
INSERT INTO `__PREFIX__subadmin2` (`code`, `country_code`, `subadmin1_code`, `name`, `active`) VALUES ('DK.17.400','DK','DK.17','{\"en\":\"Bornholm Kommune\"}',1);
INSERT INTO `__PREFIX__subadmin2` (`code`, `country_code`, `subadmin1_code`, `name`, `active`) VALUES ('DK.21.530','DK','DK.21','{\"en\":\"Billund Kommune\"}',1);
INSERT INTO `__PREFIX__subadmin2` (`code`, `country_code`, `subadmin1_code`, `name`, `active`) VALUES ('DK.17.151','DK','DK.17','{\"en\":\"Ballerup Kommune\"}',1);
INSERT INTO `__PREFIX__subadmin2` (`code`, `country_code`, `subadmin1_code`, `name`, `active`) VALUES ('DK.21.420','DK','DK.21','{\"en\":\"Assens Kommune\"}',1);
INSERT INTO `__PREFIX__subadmin2` (`code`, `country_code`, `subadmin1_code`, `name`, `active`) VALUES ('DK.18.751','DK','DK.18','{\"en\":\"Aarhus Kommune\"}',1);
INSERT INTO `__PREFIX__subadmin2` (`code`, `country_code`, `subadmin1_code`, `name`, `active`) VALUES ('DK.17.201','DK','DK.17','{\"en\":\"Allerød Kommune\"}',1);
INSERT INTO `__PREFIX__subadmin2` (`code`, `country_code`, `subadmin1_code`, `name`, `active`) VALUES ('DK.17.165','DK','DK.17','{\"en\":\"Albertslund Kommune\"}',1);
INSERT INTO `__PREFIX__subadmin2` (`code`, `country_code`, `subadmin1_code`, `name`, `active`) VALUES ('DK.21.580','DK','DK.21','{\"en\":\"Aabenraa Kommune\"}',1);
INSERT INTO `__PREFIX__subadmin2` (`code`, `country_code`, `subadmin1_code`, `name`, `active`) VALUES ('DK.21.561','DK','DK.21','{\"en\":\"Esbjerg Kommune\"}',1);
INSERT INTO `__PREFIX__subadmin2` (`code`, `country_code`, `subadmin1_code`, `name`, `active`) VALUES ('DK.19.849','DK','DK.19','{\"en\":\"Jammerbugt Kommune\"}',1);
INSERT INTO `__PREFIX__subadmin2` (`code`, `country_code`, `subadmin1_code`, `name`, `active`) VALUES ('DK.17.190','DK','DK.17','{\"en\":\"Furesø Kommune\"}',1);
INSERT INTO `__PREFIX__subadmin2` (`code`, `country_code`, `subadmin1_code`, `name`, `active`) VALUES ('DK.20.306','DK','DK.20','{\"en\":\"Odsherred Kommune\"}',1);
INSERT INTO `__PREFIX__subadmin2` (`code`, `country_code`, `subadmin1_code`, `name`, `active`) VALUES ('DK.21.480','DK','DK.21','{\"en\":\"Nordfyns Kommune\"}',1);
INSERT INTO `__PREFIX__subadmin2` (`code`, `country_code`, `subadmin1_code`, `name`, `active`) VALUES ('DK.19.846','DK','DK.19','{\"en\":\"Mariagerfjord Kommune\"}',1);
INSERT INTO `__PREFIX__subadmin2` (`code`, `country_code`, `subadmin1_code`, `name`, `active`) VALUES ('DK.20.320','DK','DK.20','{\"en\":\"Faxe Kommune\"}',1);
INSERT INTO `__PREFIX__subadmin2` (`code`, `country_code`, `subadmin1_code`, `name`, `active`) VALUES ('DK.18.760','DK','DK.18','{\"en\":\"Ringkøbing-Skjern Kommune\"}',1);
INSERT INTO `__PREFIX__subadmin2` (`code`, `country_code`, `subadmin1_code`, `name`, `active`) VALUES ('DK.18.707','DK','DK.18','{\"en\":\"Norddjurs Kommune\"}',1);
INSERT INTO `__PREFIX__subadmin2` (`code`, `country_code`, `subadmin1_code`, `name`, `active`) VALUES ('DK.19.851','DK','DK.19','{\"en\":\"Ålborg Kommune\"}',1);
INSERT INTO `__PREFIX__subadmin2` (`code`, `country_code`, `subadmin1_code`, `name`, `active`) VALUES ('DK.21.492','DK','DK.21','{\"en\":\"Ærø Kommune\"}',1);
INSERT INTO `__PREFIX__subadmin2` (`code`, `country_code`, `subadmin1_code`, `name`, `active`) VALUES ('DK.21.430','DK','DK.21','{\"en\":\"Faaborg-Midtfyn Kommune\"}',1);
INSERT INTO `__PREFIX__subadmin2` (`code`, `country_code`, `subadmin1_code`, `name`, `active`) VALUES ('DK.19.840','DK','DK.19','{\"en\":\"Rebild Kommune\"}',1);
INSERT INTO `__PREFIX__subadmin2` (`code`, `country_code`, `subadmin1_code`, `name`, `active`) VALUES ('DK.17.169','DK','DK.17','{\"en\":\"Høje-Taastrup Kommune\"}',1);
INSERT INTO `__PREFIX__subadmin2` (`code`, `country_code`, `subadmin1_code`, `name`, `active`) VALUES ('DK.19.820','DK','DK.19','{\"en\":\"Vesthimmerland Kommune\"}',1);
INSERT INTO `__PREFIX__subadmin2` (`code`, `country_code`, `subadmin1_code`, `name`, `active`) VALUES ('DK.17.210','DK','DK.17','{\"en\":\"Fredensborg Kommune\"}',1);
INSERT INTO `__PREFIX__subadmin2` (`code`, `country_code`, `subadmin1_code`, `name`, `active`) VALUES ('DK.17.260','DK','DK.17','{\"en\":\"Halsnæs Kommune\"}',1);
INSERT INTO `__PREFIX__subadmin2` (`code`, `country_code`, `subadmin1_code`, `name`, `active`) VALUES ('DK.21.482','DK','DK.21','{\"en\":\"Langeland Kommune\"}',1);
INSERT INTO `__PREFIX__subadmin2` (`code`, `country_code`, `subadmin1_code`, `name`, `active`) VALUES ('DK.17.230','DK','DK.17','{\"en\":\"Rudersdal Kommune\"}',1);
INSERT INTO `__PREFIX__subadmin2` (`code`, `country_code`, `subadmin1_code`, `name`, `active`) VALUES ('DK.18.756','DK','DK.18','{\"en\":\"Ikast-Brande Kommune\"}',1);
INSERT INTO `__PREFIX__subadmin2` (`code`, `country_code`, `subadmin1_code`, `name`, `active`) VALUES ('DK.17.270','DK','DK.17','{\"en\":\"Gribskov Kommune\"}',1);
INSERT INTO `__PREFIX__subadmin2` (`code`, `country_code`, `subadmin1_code`, `name`, `active`) VALUES ('DK.18.710','DK','DK.18','{\"en\":\"Favrskov Kommune\"}',1);
INSERT INTO `__PREFIX__subadmin2` (`code`, `country_code`, `subadmin1_code`, `name`, `active`) VALUES ('DK.18.706','DK','DK.18','{\"en\":\"Syddjurs Kommune\"}',1);
INSERT INTO `__PREFIX__subadmin2` (`code`, `country_code`, `subadmin1_code`, `name`, `active`) VALUES ('DK.17.240','DK','DK.17','{\"en\":\"Egedal Kommune\"}',1);
INSERT INTO `__PREFIX__subadmin2` (`code`, `country_code`, `subadmin1_code`, `name`, `active`) VALUES ('DK.20.376','DK','DK.20','{\"en\":\"Guldborgsund Kommune\"}',1);
INSERT INTO `__PREFIX__subadmin2` (`code`, `country_code`, `subadmin1_code`, `name`, `active`) VALUES ('DK.20.360','DK','DK.20','{\"en\":\"Lolland Kommune\"}',1);
/*!40000 ALTER TABLE `__PREFIX__subadmin2` ENABLE KEYS */;

--
-- Dumping data for table `__PREFIX__cities`
--

/*!40000 ALTER TABLE `__PREFIX__cities` DISABLE KEYS */;
INSERT INTO `__PREFIX__cities` (`country_code`, `name`, `longitude`, `latitude`, `feature_class`, `feature_code`, `subadmin1_code`, `subadmin2_code`, `population`, `time_zone`, `active`, `created_at`, `updated_at`) VALUES ('DK','{\"en\":\"Vordingborg\"}',11.91,55.01,'P','PPLA2','DK.20','DK.20.390',12014,'Europe/Copenhagen',1,'2017-10-17 23:00:00','2017-10-17 23:00:00');
INSERT INTO `__PREFIX__cities` (`country_code`, `name`, `longitude`, `latitude`, `feature_class`, `feature_code`, `subadmin1_code`, `subadmin2_code`, `population`, `time_zone`, `active`, `created_at`, `updated_at`) VALUES ('DK','{\"en\":\"Vojens\"}',9.31,55.25,'P','PPL','DK.21','DK.21.510',7412,'Europe/Copenhagen',1,'2021-12-04 23:00:00','2021-12-04 23:00:00');
INSERT INTO `__PREFIX__cities` (`country_code`, `name`, `longitude`, `latitude`, `feature_class`, `feature_code`, `subadmin1_code`, `subadmin2_code`, `population`, `time_zone`, `active`, `created_at`, `updated_at`) VALUES ('DK','{\"en\":\"Viborg\"}',9.40,56.45,'P','PPLA','DK.18','DK.18.791',34831,'Europe/Copenhagen',1,'2017-10-17 23:00:00','2017-10-17 23:00:00');
INSERT INTO `__PREFIX__cities` (`country_code`, `name`, `longitude`, `latitude`, `feature_class`, `feature_code`, `subadmin1_code`, `subadmin2_code`, `population`, `time_zone`, `active`, `created_at`, `updated_at`) VALUES ('DK','{\"en\":\"Vejle\"}',9.54,55.71,'P','PPLA','DK.21','DK.21.630',51177,'Europe/Copenhagen',1,'2017-10-17 23:00:00','2017-10-17 23:00:00');
INSERT INTO `__PREFIX__cities` (`country_code`, `name`, `longitude`, `latitude`, `feature_class`, `feature_code`, `subadmin1_code`, `subadmin2_code`, `population`, `time_zone`, `active`, `created_at`, `updated_at`) VALUES ('DK','{\"en\":\"Vejen\"}',9.14,55.48,'P','PPLA2','DK.21','DK.21.575',8525,'Europe/Copenhagen',1,'2017-10-17 23:00:00','2017-10-17 23:00:00');
INSERT INTO `__PREFIX__cities` (`country_code`, `name`, `longitude`, `latitude`, `feature_class`, `feature_code`, `subadmin1_code`, `subadmin2_code`, `population`, `time_zone`, `active`, `created_at`, `updated_at`) VALUES ('DK','{\"en\":\"Varde\"}',8.48,55.62,'P','PPLA2','DK.21','DK.21.573',12735,'Europe/Copenhagen',1,'2017-10-17 23:00:00','2017-10-17 23:00:00');
INSERT INTO `__PREFIX__cities` (`country_code`, `name`, `longitude`, `latitude`, `feature_class`, `feature_code`, `subadmin1_code`, `subadmin2_code`, `population`, `time_zone`, `active`, `created_at`, `updated_at`) VALUES ('DK','{\"en\":\"Vanløse\"}',12.49,55.68,'P','PPLX','DK.17','DK.17.101',37115,'Europe/Copenhagen',1,'2017-10-17 23:00:00','2017-10-17 23:00:00');
INSERT INTO `__PREFIX__cities` (`country_code`, `name`, `longitude`, `latitude`, `feature_class`, `feature_code`, `subadmin1_code`, `subadmin2_code`, `population`, `time_zone`, `active`, `created_at`, `updated_at`) VALUES ('DK','{\"en\":\"Vallensbæk\"}',12.39,55.62,'P','PPLA2','DK.17','DK.17.187',13500,'Europe/Copenhagen',1,'2017-11-20 23:00:00','2017-11-20 23:00:00');
INSERT INTO `__PREFIX__cities` (`country_code`, `name`, `longitude`, `latitude`, `feature_class`, `feature_code`, `subadmin1_code`, `subadmin2_code`, `population`, `time_zone`, `active`, `created_at`, `updated_at`) VALUES ('DK','{\"en\":\"Valby\"}',12.51,55.67,'P','PPLX','DK.17','DK.17.101',46161,'Europe/Copenhagen',1,'2021-08-19 23:00:00','2021-08-19 23:00:00');
INSERT INTO `__PREFIX__cities` (`country_code`, `name`, `longitude`, `latitude`, `feature_class`, `feature_code`, `subadmin1_code`, `subadmin2_code`, `population`, `time_zone`, `active`, `created_at`, `updated_at`) VALUES ('DK','{\"en\":\"Tune\"}',12.17,55.59,'P','PPL','DK.20','DK.20.253',5226,'Europe/Copenhagen',1,'2021-12-05 23:00:00','2021-12-05 23:00:00');
INSERT INTO `__PREFIX__cities` (`country_code`, `name`, `longitude`, `latitude`, `feature_class`, `feature_code`, `subadmin1_code`, `subadmin2_code`, `population`, `time_zone`, `active`, `created_at`, `updated_at`) VALUES ('DK','{\"en\":\"Trørød\"}',12.54,55.84,'P','PPL','DK.17','DK.17.230',8576,'Europe/Copenhagen',1,'2012-05-04 23:00:00','2012-05-04 23:00:00');
INSERT INTO `__PREFIX__cities` (`country_code`, `name`, `longitude`, `latitude`, `feature_class`, `feature_code`, `subadmin1_code`, `subadmin2_code`, `population`, `time_zone`, `active`, `created_at`, `updated_at`) VALUES ('DK','{\"en\":\"Tranbjerg\"}',10.14,56.10,'P','PPL','DK.18','DK.18.751',7307,'Europe/Copenhagen',1,'2017-11-13 23:00:00','2017-11-13 23:00:00');
INSERT INTO `__PREFIX__cities` (`country_code`, `name`, `longitude`, `latitude`, `feature_class`, `feature_code`, `subadmin1_code`, `subadmin2_code`, `population`, `time_zone`, `active`, `created_at`, `updated_at`) VALUES ('DK','{\"en\":\"Tønder\"}',8.87,54.93,'P','PPLA2','DK.21','DK.21.550',7841,'Europe/Copenhagen',1,'2017-10-17 23:00:00','2017-10-17 23:00:00');
INSERT INTO `__PREFIX__cities` (`country_code`, `name`, `longitude`, `latitude`, `feature_class`, `feature_code`, `subadmin1_code`, `subadmin2_code`, `population`, `time_zone`, `active`, `created_at`, `updated_at`) VALUES ('DK','{\"en\":\"Thisted\"}',8.69,56.96,'P','PPLA2','DK.19','DK.19.787',13020,'Europe/Copenhagen',1,'2017-10-17 23:00:00','2017-10-17 23:00:00');
INSERT INTO `__PREFIX__cities` (`country_code`, `name`, `longitude`, `latitude`, `feature_class`, `feature_code`, `subadmin1_code`, `subadmin2_code`, `population`, `time_zone`, `active`, `created_at`, `updated_at`) VALUES ('DK','{\"en\":\"Taastrup\"}',12.30,55.65,'P','PPLA2','DK.17','DK.17.169',30977,'Europe/Copenhagen',1,'2019-07-30 23:00:00','2019-07-30 23:00:00');
INSERT INTO `__PREFIX__cities` (`country_code`, `name`, `longitude`, `latitude`, `feature_class`, `feature_code`, `subadmin1_code`, `subadmin2_code`, `population`, `time_zone`, `active`, `created_at`, `updated_at`) VALUES ('DK','{\"en\":\"Tårnby\"}',12.60,55.63,'P','PPLA2','DK.17','DK.17.185',10000,'Europe/Copenhagen',1,'2011-02-28 23:00:00','2011-02-28 23:00:00');
INSERT INTO `__PREFIX__cities` (`country_code`, `name`, `longitude`, `latitude`, `feature_class`, `feature_code`, `subadmin1_code`, `subadmin2_code`, `population`, `time_zone`, `active`, `created_at`, `updated_at`) VALUES ('DK','{\"en\":\"Svenstrup\"}',9.85,56.97,'P','PPL','DK.19','DK.19.851',7558,'Europe/Copenhagen',1,'2021-12-04 23:00:00','2021-12-04 23:00:00');
INSERT INTO `__PREFIX__cities` (`country_code`, `name`, `longitude`, `latitude`, `feature_class`, `feature_code`, `subadmin1_code`, `subadmin2_code`, `population`, `time_zone`, `active`, `created_at`, `updated_at`) VALUES ('DK','{\"en\":\"Svenstrup\"}',9.94,56.60,'P','PPL','DK.19','DK.19.846',7558,'Europe/Copenhagen',1,'2021-12-08 23:00:00','2021-12-08 23:00:00');
INSERT INTO `__PREFIX__cities` (`country_code`, `name`, `longitude`, `latitude`, `feature_class`, `feature_code`, `subadmin1_code`, `subadmin2_code`, `population`, `time_zone`, `active`, `created_at`, `updated_at`) VALUES ('DK','{\"en\":\"Svendborg\"}',10.61,55.06,'P','PPLA2','DK.21','DK.21.479',27553,'Europe/Copenhagen',1,'2017-10-17 23:00:00','2017-10-17 23:00:00');
INSERT INTO `__PREFIX__cities` (`country_code`, `name`, `longitude`, `latitude`, `feature_class`, `feature_code`, `subadmin1_code`, `subadmin2_code`, `population`, `time_zone`, `active`, `created_at`, `updated_at`) VALUES ('DK','{\"en\":\"Struer\"}',8.59,56.49,'P','PPLA2','DK.18','DK.18.671',11317,'Europe/Copenhagen',1,'2018-06-07 23:00:00','2018-06-07 23:00:00');
INSERT INTO `__PREFIX__cities` (`country_code`, `name`, `longitude`, `latitude`, `feature_class`, `feature_code`, `subadmin1_code`, `subadmin2_code`, `population`, `time_zone`, `active`, `created_at`, `updated_at`) VALUES ('DK','{\"en\":\"Støvring\"}',9.84,56.89,'P','PPLA2','DK.19','DK.19.840',6239,'Europe/Copenhagen',1,'2017-10-17 23:00:00','2017-10-17 23:00:00');
INSERT INTO `__PREFIX__cities` (`country_code`, `name`, `longitude`, `latitude`, `feature_class`, `feature_code`, `subadmin1_code`, `subadmin2_code`, `population`, `time_zone`, `active`, `created_at`, `updated_at`) VALUES ('DK','{\"en\":\"Stenløse\"}',12.20,55.77,'P','PPLA2','DK.17','DK.17.240',19998,'Europe/Copenhagen',1,'2017-10-17 23:00:00','2017-10-17 23:00:00');
INSERT INTO `__PREFIX__cities` (`country_code`, `name`, `longitude`, `latitude`, `feature_class`, `feature_code`, `subadmin1_code`, `subadmin2_code`, `population`, `time_zone`, `active`, `created_at`, `updated_at`) VALUES ('DK','{\"en\":\"Stavnsholt\"}',12.41,55.81,'P','PPL','DK.17','DK.17.190',5658,'Europe/Copenhagen',1,'2018-12-03 23:00:00','2018-12-03 23:00:00');
INSERT INTO `__PREFIX__cities` (`country_code`, `name`, `longitude`, `latitude`, `feature_class`, `feature_code`, `subadmin1_code`, `subadmin2_code`, `population`, `time_zone`, `active`, `created_at`, `updated_at`) VALUES ('DK','{\"en\":\"Sorø\"}',11.56,55.43,'P','PPLA','DK.20','DK.20.340',7167,'Europe/Copenhagen',1,'2017-10-17 23:00:00','2017-10-17 23:00:00');
INSERT INTO `__PREFIX__cities` (`country_code`, `name`, `longitude`, `latitude`, `feature_class`, `feature_code`, `subadmin1_code`, `subadmin2_code`, `population`, `time_zone`, `active`, `created_at`, `updated_at`) VALUES ('DK','{\"en\":\"Sønderborg\"}',9.79,54.91,'P','PPLA2','DK.21','DK.21.540',27033,'Europe/Copenhagen',1,'2020-04-15 23:00:00','2020-04-15 23:00:00');
INSERT INTO `__PREFIX__cities` (`country_code`, `name`, `longitude`, `latitude`, `feature_class`, `feature_code`, `subadmin1_code`, `subadmin2_code`, `population`, `time_zone`, `active`, `created_at`, `updated_at`) VALUES ('DK','{\"en\":\"Solrød Strand\"}',12.22,55.53,'P','PPLX','DK.20','DK.20.269',14845,'Europe/Copenhagen',1,'2017-10-17 23:00:00','2017-10-17 23:00:00');
INSERT INTO `__PREFIX__cities` (`country_code`, `name`, `longitude`, `latitude`, `feature_class`, `feature_code`, `subadmin1_code`, `subadmin2_code`, `population`, `time_zone`, `active`, `created_at`, `updated_at`) VALUES ('DK','{\"en\":\"Smørumnedre\"}',12.30,55.74,'P','PPL','DK.17','DK.17.240',9507,'Europe/Copenhagen',1,'2017-10-17 23:00:00','2017-10-17 23:00:00');
INSERT INTO `__PREFIX__cities` (`country_code`, `name`, `longitude`, `latitude`, `feature_class`, `feature_code`, `subadmin1_code`, `subadmin2_code`, `population`, `time_zone`, `active`, `created_at`, `updated_at`) VALUES ('DK','{\"en\":\"Slangerup\"}',12.18,55.85,'P','PPL','DK.17','DK.17.250',6791,'Europe/Copenhagen',1,'2021-12-04 23:00:00','2021-12-04 23:00:00');
INSERT INTO `__PREFIX__cities` (`country_code`, `name`, `longitude`, `latitude`, `feature_class`, `feature_code`, `subadmin1_code`, `subadmin2_code`, `population`, `time_zone`, `active`, `created_at`, `updated_at`) VALUES ('DK','{\"en\":\"Slagelse\"}',11.35,55.40,'P','PPLA2','DK.20','DK.20.330',31896,'Europe/Copenhagen',1,'2019-09-04 23:00:00','2019-09-04 23:00:00');
INSERT INTO `__PREFIX__cities` (`country_code`, `name`, `longitude`, `latitude`, `feature_class`, `feature_code`, `subadmin1_code`, `subadmin2_code`, `population`, `time_zone`, `active`, `created_at`, `updated_at`) VALUES ('DK','{\"en\":\"Skælskør\"}',11.29,55.25,'P','PPL','DK.20','DK.20.330',6455,'Europe/Copenhagen',1,'2017-10-17 23:00:00','2017-10-17 23:00:00');
INSERT INTO `__PREFIX__cities` (`country_code`, `name`, `longitude`, `latitude`, `feature_class`, `feature_code`, `subadmin1_code`, `subadmin2_code`, `population`, `time_zone`, `active`, `created_at`, `updated_at`) VALUES ('DK','{\"en\":\"Skjern\"}',8.50,55.95,'P','PPL','DK.18','DK.18.760',7145,'Europe/Copenhagen',1,'2017-10-17 23:00:00','2017-10-17 23:00:00');
INSERT INTO `__PREFIX__cities` (`country_code`, `name`, `longitude`, `latitude`, `feature_class`, `feature_code`, `subadmin1_code`, `subadmin2_code`, `population`, `time_zone`, `active`, `created_at`, `updated_at`) VALUES ('DK','{\"en\":\"Skive\"}',9.03,56.57,'P','PPLA2','DK.18','DK.18.779',20815,'Europe/Copenhagen',1,'2017-10-17 23:00:00','2017-10-17 23:00:00');
INSERT INTO `__PREFIX__cities` (`country_code`, `name`, `longitude`, `latitude`, `feature_class`, `feature_code`, `subadmin1_code`, `subadmin2_code`, `population`, `time_zone`, `active`, `created_at`, `updated_at`) VALUES ('DK','{\"en\":\"Skanderborg\"}',9.93,56.03,'P','PPLA2','DK.18','DK.18.746',13543,'Europe/Copenhagen',1,'2017-10-17 23:00:00','2017-10-17 23:00:00');
INSERT INTO `__PREFIX__cities` (`country_code`, `name`, `longitude`, `latitude`, `feature_class`, `feature_code`, `subadmin1_code`, `subadmin2_code`, `population`, `time_zone`, `active`, `created_at`, `updated_at`) VALUES ('DK','{\"en\":\"Skagen\"}',10.58,57.72,'P','PPL','DK.19','DK.19.813',7664,'Europe/Copenhagen',1,'2021-12-04 23:00:00','2021-12-04 23:00:00');
INSERT INTO `__PREFIX__cities` (`country_code`, `name`, `longitude`, `latitude`, `feature_class`, `feature_code`, `subadmin1_code`, `subadmin2_code`, `population`, `time_zone`, `active`, `created_at`, `updated_at`) VALUES ('DK','{\"en\":\"Silkeborg\"}',9.55,56.17,'P','PPLA2','DK.18','DK.18.740',41674,'Europe/Copenhagen',1,'2017-10-17 23:00:00','2017-10-17 23:00:00');
INSERT INTO `__PREFIX__cities` (`country_code`, `name`, `longitude`, `latitude`, `feature_class`, `feature_code`, `subadmin1_code`, `subadmin2_code`, `population`, `time_zone`, `active`, `created_at`, `updated_at`) VALUES ('DK','{\"en\":\"Sæby\"}',10.52,57.33,'P','PPL','DK.19','DK.19.813',8821,'Europe/Copenhagen',1,'2021-12-04 23:00:00','2021-12-04 23:00:00');
INSERT INTO `__PREFIX__cities` (`country_code`, `name`, `longitude`, `latitude`, `feature_class`, `feature_code`, `subadmin1_code`, `subadmin2_code`, `population`, `time_zone`, `active`, `created_at`, `updated_at`) VALUES ('DK','{\"en\":\"Ry\"}',9.77,56.09,'P','PPL','DK.18','DK.18.746',6886,'Europe/Copenhagen',1,'2021-12-05 23:00:00','2021-12-05 23:00:00');
INSERT INTO `__PREFIX__cities` (`country_code`, `name`, `longitude`, `latitude`, `feature_class`, `feature_code`, `subadmin1_code`, `subadmin2_code`, `population`, `time_zone`, `active`, `created_at`, `updated_at`) VALUES ('DK','{\"en\":\"Roskilde\"}',12.08,55.64,'P','PPLA2','DK.20','DK.20.265',44285,'Europe/Copenhagen',1,'2019-09-04 23:00:00','2019-09-04 23:00:00');
INSERT INTO `__PREFIX__cities` (`country_code`, `name`, `longitude`, `latitude`, `feature_class`, `feature_code`, `subadmin1_code`, `subadmin2_code`, `population`, `time_zone`, `active`, `created_at`, `updated_at`) VALUES ('DK','{\"en\":\"Rønne\"}',14.71,55.10,'P','PPLA2','DK.17','DK.17.400',13890,'Europe/Copenhagen',1,'2019-09-04 23:00:00','2019-09-04 23:00:00');
INSERT INTO `__PREFIX__cities` (`country_code`, `name`, `longitude`, `latitude`, `feature_class`, `feature_code`, `subadmin1_code`, `subadmin2_code`, `population`, `time_zone`, `active`, `created_at`, `updated_at`) VALUES ('DK','{\"en\":\"Rødovre\"}',12.45,55.68,'P','PPLA2','DK.17','DK.17.175',30000,'Europe/Copenhagen',1,'2017-10-17 23:00:00','2017-10-17 23:00:00');
INSERT INTO `__PREFIX__cities` (`country_code`, `name`, `longitude`, `latitude`, `feature_class`, `feature_code`, `subadmin1_code`, `subadmin2_code`, `population`, `time_zone`, `active`, `created_at`, `updated_at`) VALUES ('DK','{\"en\":\"Rødekro\"}',9.34,55.07,'P','PPL','DK.21','DK.21.580',5950,'Europe/Copenhagen',1,'2021-12-05 23:00:00','2021-12-05 23:00:00');
INSERT INTO `__PREFIX__cities` (`country_code`, `name`, `longitude`, `latitude`, `feature_class`, `feature_code`, `subadmin1_code`, `subadmin2_code`, `population`, `time_zone`, `active`, `created_at`, `updated_at`) VALUES ('DK','{\"en\":\"Ringsted\"}',11.79,55.44,'P','PPLA2','DK.20','DK.20.329',20188,'Europe/Copenhagen',1,'2017-10-17 23:00:00','2017-10-17 23:00:00');
INSERT INTO `__PREFIX__cities` (`country_code`, `name`, `longitude`, `latitude`, `feature_class`, `feature_code`, `subadmin1_code`, `subadmin2_code`, `population`, `time_zone`, `active`, `created_at`, `updated_at`) VALUES ('DK','{\"en\":\"Ringkøbing\"}',8.24,56.09,'P','PPLA2','DK.18','DK.18.760',9315,'Europe/Copenhagen',1,'2017-10-17 23:00:00','2017-10-17 23:00:00');
INSERT INTO `__PREFIX__cities` (`country_code`, `name`, `longitude`, `latitude`, `feature_class`, `feature_code`, `subadmin1_code`, `subadmin2_code`, `population`, `time_zone`, `active`, `created_at`, `updated_at`) VALUES ('DK','{\"en\":\"Ribe\"}',8.77,55.33,'P','PPL','DK.21','DK.21.561',8287,'Europe/Copenhagen',1,'2021-12-04 23:00:00','2021-12-04 23:00:00');
INSERT INTO `__PREFIX__cities` (`country_code`, `name`, `longitude`, `latitude`, `feature_class`, `feature_code`, `subadmin1_code`, `subadmin2_code`, `population`, `time_zone`, `active`, `created_at`, `updated_at`) VALUES ('DK','{\"en\":\"Randers\"}',10.04,56.46,'P','PPLA2','DK.18','DK.18.730',55780,'Europe/Copenhagen',1,'2019-02-26 23:00:00','2019-02-26 23:00:00');
INSERT INTO `__PREFIX__cities` (`country_code`, `name`, `longitude`, `latitude`, `feature_class`, `feature_code`, `subadmin1_code`, `subadmin2_code`, `population`, `time_zone`, `active`, `created_at`, `updated_at`) VALUES ('DK','{\"en\":\"Otterup\"}',10.40,55.52,'P','PPL','DK.21','DK.21.480',5227,'Europe/Copenhagen',1,'2021-12-05 23:00:00','2021-12-05 23:00:00');
INSERT INTO `__PREFIX__cities` (`country_code`, `name`, `longitude`, `latitude`, `feature_class`, `feature_code`, `subadmin1_code`, `subadmin2_code`, `population`, `time_zone`, `active`, `created_at`, `updated_at`) VALUES ('DK','{\"en\":\"Ølstykke\"}',12.16,55.80,'P','PPL','DK.17','DK.17.240',5348,'Europe/Copenhagen',1,'2012-01-31 23:00:00','2012-01-31 23:00:00');
INSERT INTO `__PREFIX__cities` (`country_code`, `name`, `longitude`, `latitude`, `feature_class`, `feature_code`, `subadmin1_code`, `subadmin2_code`, `population`, `time_zone`, `active`, `created_at`, `updated_at`) VALUES ('DK','{\"en\":\"Odense\"}',10.39,55.40,'P','PPLA2','DK.21','DK.21.461',145931,'Europe/Copenhagen',1,'2019-09-04 23:00:00','2019-09-04 23:00:00');
INSERT INTO `__PREFIX__cities` (`country_code`, `name`, `longitude`, `latitude`, `feature_class`, `feature_code`, `subadmin1_code`, `subadmin2_code`, `population`, `time_zone`, `active`, `created_at`, `updated_at`) VALUES ('DK','{\"en\":\"Odder\"}',10.15,55.97,'P','PPLA2','DK.18','DK.18.727',11009,'Europe/Copenhagen',1,'2017-10-17 23:00:00','2017-10-17 23:00:00');
INSERT INTO `__PREFIX__cities` (`country_code`, `name`, `longitude`, `latitude`, `feature_class`, `feature_code`, `subadmin1_code`, `subadmin2_code`, `population`, `time_zone`, `active`, `created_at`, `updated_at`) VALUES ('DK','{\"en\":\"Nykøbing Falster\"}',11.87,54.77,'P','PPLA2','DK.20','DK.20.376',16807,'Europe/Copenhagen',1,'2019-10-09 23:00:00','2019-10-09 23:00:00');
INSERT INTO `__PREFIX__cities` (`country_code`, `name`, `longitude`, `latitude`, `feature_class`, `feature_code`, `subadmin1_code`, `subadmin2_code`, `population`, `time_zone`, `active`, `created_at`, `updated_at`) VALUES ('DK','{\"en\":\"Nykøbing Sjælland\"}',11.67,55.92,'P','PPL','DK.20','DK.20.306',5596,'Europe/Copenhagen',1,'2017-10-17 23:00:00','2017-10-17 23:00:00');
INSERT INTO `__PREFIX__cities` (`country_code`, `name`, `longitude`, `latitude`, `feature_class`, `feature_code`, `subadmin1_code`, `subadmin2_code`, `population`, `time_zone`, `active`, `created_at`, `updated_at`) VALUES ('DK','{\"en\":\"Nykøbing Mors\"}',8.85,56.79,'P','PPLA2','DK.19','DK.19.773',9326,'Europe/Copenhagen',1,'2017-10-17 23:00:00','2017-10-17 23:00:00');
INSERT INTO `__PREFIX__cities` (`country_code`, `name`, `longitude`, `latitude`, `feature_class`, `feature_code`, `subadmin1_code`, `subadmin2_code`, `population`, `time_zone`, `active`, `created_at`, `updated_at`) VALUES ('DK','{\"en\":\"Nyborg\"}',10.79,55.31,'P','PPLA2','DK.21','DK.21.450',15826,'Europe/Copenhagen',1,'2017-10-17 23:00:00','2017-10-17 23:00:00');
INSERT INTO `__PREFIX__cities` (`country_code`, `name`, `longitude`, `latitude`, `feature_class`, `feature_code`, `subadmin1_code`, `subadmin2_code`, `population`, `time_zone`, `active`, `created_at`, `updated_at`) VALUES ('DK','{\"en\":\"Næstved\"}',11.76,55.23,'P','PPLA2','DK.20','DK.20.370',40660,'Europe/Copenhagen',1,'2017-10-17 23:00:00','2017-10-17 23:00:00');
INSERT INTO `__PREFIX__cities` (`country_code`, `name`, `longitude`, `latitude`, `feature_class`, `feature_code`, `subadmin1_code`, `subadmin2_code`, `population`, `time_zone`, `active`, `created_at`, `updated_at`) VALUES ('DK','{\"en\":\"Nordborg\"}',9.74,55.06,'P','PPL','DK.21','DK.21.540',5758,'Europe/Copenhagen',1,'2021-12-04 23:00:00','2021-12-04 23:00:00');
INSERT INTO `__PREFIX__cities` (`country_code`, `name`, `longitude`, `latitude`, `feature_class`, `feature_code`, `subadmin1_code`, `subadmin2_code`, `population`, `time_zone`, `active`, `created_at`, `updated_at`) VALUES ('DK','{\"en\":\"Nørresundby\"}',9.92,57.06,'P','PPL','DK.19','DK.19.851',23718,'Europe/Copenhagen',1,'2021-12-05 23:00:00','2021-12-05 23:00:00');
INSERT INTO `__PREFIX__cities` (`country_code`, `name`, `longitude`, `latitude`, `feature_class`, `feature_code`, `subadmin1_code`, `subadmin2_code`, `population`, `time_zone`, `active`, `created_at`, `updated_at`) VALUES ('DK','{\"en\":\"Nivå\"}',12.50,55.93,'P','PPL','DK.17','DK.17.210',7991,'Europe/Copenhagen',1,'2021-12-05 23:00:00','2021-12-05 23:00:00');
INSERT INTO `__PREFIX__cities` (`country_code`, `name`, `longitude`, `latitude`, `feature_class`, `feature_code`, `subadmin1_code`, `subadmin2_code`, `population`, `time_zone`, `active`, `created_at`, `updated_at`) VALUES ('DK','{\"en\":\"Nibe\"}',9.64,56.98,'P','PPL','DK.19','DK.19.851',5302,'Europe/Copenhagen',1,'2021-12-05 23:00:00','2021-12-05 23:00:00');
INSERT INTO `__PREFIX__cities` (`country_code`, `name`, `longitude`, `latitude`, `feature_class`, `feature_code`, `subadmin1_code`, `subadmin2_code`, `population`, `time_zone`, `active`, `created_at`, `updated_at`) VALUES ('DK','{\"en\":\"Neder Holluf\"}',10.45,55.36,'P','PPL','DK.21','DK.21.461',5612,'Europe/Copenhagen',1,'2016-03-09 23:00:00','2016-03-09 23:00:00');
INSERT INTO `__PREFIX__cities` (`country_code`, `name`, `longitude`, `latitude`, `feature_class`, `feature_code`, `subadmin1_code`, `subadmin2_code`, `population`, `time_zone`, `active`, `created_at`, `updated_at`) VALUES ('DK','{\"en\":\"Nakskov\"}',11.14,54.83,'P','PPL','DK.20','DK.20.360',12546,'Europe/Copenhagen',1,'2021-12-04 23:00:00','2021-12-04 23:00:00');
INSERT INTO `__PREFIX__cities` (`country_code`, `name`, `longitude`, `latitude`, `feature_class`, `feature_code`, `subadmin1_code`, `subadmin2_code`, `population`, `time_zone`, `active`, `created_at`, `updated_at`) VALUES ('DK','{\"en\":\"Munkebo\"}',10.55,55.46,'P','PPL','DK.21','DK.21.440',5536,'Europe/Copenhagen',1,'2021-12-05 23:00:00','2021-12-05 23:00:00');
INSERT INTO `__PREFIX__cities` (`country_code`, `name`, `longitude`, `latitude`, `feature_class`, `feature_code`, `subadmin1_code`, `subadmin2_code`, `population`, `time_zone`, `active`, `created_at`, `updated_at`) VALUES ('DK','{\"en\":\"Middelfart\"}',9.73,55.51,'P','PPLA2','DK.21','DK.21.410',13596,'Europe/Copenhagen',1,'2017-10-17 23:00:00','2017-10-17 23:00:00');
INSERT INTO `__PREFIX__cities` (`country_code`, `name`, `longitude`, `latitude`, `feature_class`, `feature_code`, `subadmin1_code`, `subadmin2_code`, `population`, `time_zone`, `active`, `created_at`, `updated_at`) VALUES ('DK','{\"en\":\"Maribo\"}',11.50,54.78,'P','PPLA2','DK.20','DK.20.360',5349,'Europe/Copenhagen',1,'2017-10-17 23:00:00','2017-10-17 23:00:00');
INSERT INTO `__PREFIX__cities` (`country_code`, `name`, `longitude`, `latitude`, `feature_class`, `feature_code`, `subadmin1_code`, `subadmin2_code`, `population`, `time_zone`, `active`, `created_at`, `updated_at`) VALUES ('DK','{\"en\":\"Måløv\"}',12.32,55.76,'P','PPL','DK.17','DK.17.151',8797,'Europe/Copenhagen',1,'2021-12-05 23:00:00','2021-12-05 23:00:00');
INSERT INTO `__PREFIX__cities` (`country_code`, `name`, `longitude`, `latitude`, `feature_class`, `feature_code`, `subadmin1_code`, `subadmin2_code`, `population`, `time_zone`, `active`, `created_at`, `updated_at`) VALUES ('DK','{\"en\":\"Malling\"}',10.20,56.04,'P','PPL','DK.18','DK.18.751',6194,'Europe/Copenhagen',1,'2021-12-05 23:00:00','2021-12-05 23:00:00');
INSERT INTO `__PREFIX__cities` (`country_code`, `name`, `longitude`, `latitude`, `feature_class`, `feature_code`, `subadmin1_code`, `subadmin2_code`, `population`, `time_zone`, `active`, `created_at`, `updated_at`) VALUES ('DK','{\"en\":\"Lystrup\"}',10.47,56.50,'P','PPL','DK.18','DK.18.707',10392,'Europe/Copenhagen',1,'2021-12-11 23:00:00','2021-12-11 23:00:00');
INSERT INTO `__PREFIX__cities` (`country_code`, `name`, `longitude`, `latitude`, `feature_class`, `feature_code`, `subadmin1_code`, `subadmin2_code`, `population`, `time_zone`, `active`, `created_at`, `updated_at`) VALUES ('DK','{\"en\":\"Lystrup\"}',10.24,56.24,'P','PPL','DK.18','DK.18.751',10392,'Europe/Copenhagen',1,'2021-12-05 23:00:00','2021-12-05 23:00:00');
INSERT INTO `__PREFIX__cities` (`country_code`, `name`, `longitude`, `latitude`, `feature_class`, `feature_code`, `subadmin1_code`, `subadmin2_code`, `population`, `time_zone`, `active`, `created_at`, `updated_at`) VALUES ('DK','{\"en\":\"Løsning\"}',9.70,55.80,'P','PPL','DK.18','DK.18.766',12014,'Europe/Copenhagen',1,'2021-12-08 23:00:00','2021-12-08 23:00:00');
INSERT INTO `__PREFIX__cities` (`country_code`, `name`, `longitude`, `latitude`, `feature_class`, `feature_code`, `subadmin1_code`, `subadmin2_code`, `population`, `time_zone`, `active`, `created_at`, `updated_at`) VALUES ('DK','{\"en\":\"Løkken\"}',9.71,57.37,'P','PPL','DK.19','DK.19.860',8828,'Europe/Copenhagen',1,'2017-10-17 23:00:00','2017-10-17 23:00:00');
INSERT INTO `__PREFIX__cities` (`country_code`, `name`, `longitude`, `latitude`, `feature_class`, `feature_code`, `subadmin1_code`, `subadmin2_code`, `population`, `time_zone`, `active`, `created_at`, `updated_at`) VALUES ('DK','{\"en\":\"Løgten\"}',10.31,56.27,'P','PPL','DK.18','DK.18.751',8619,'Europe/Copenhagen',1,'2021-12-08 23:00:00','2021-12-08 23:00:00');
INSERT INTO `__PREFIX__cities` (`country_code`, `name`, `longitude`, `latitude`, `feature_class`, `feature_code`, `subadmin1_code`, `subadmin2_code`, `population`, `time_zone`, `active`, `created_at`, `updated_at`) VALUES ('DK','{\"en\":\"Værløse\"}',12.37,55.78,'P','PPL','DK.17','DK.17.190',13022,'Europe/Copenhagen',1,'2021-12-05 23:00:00','2021-12-05 23:00:00');
INSERT INTO `__PREFIX__cities` (`country_code`, `name`, `longitude`, `latitude`, `feature_class`, `feature_code`, `subadmin1_code`, `subadmin2_code`, `population`, `time_zone`, `active`, `created_at`, `updated_at`) VALUES ('DK','{\"en\":\"Lillerød\"}',12.35,55.87,'P','PPLA2','DK.17','DK.17.201',15359,'Europe/Copenhagen',1,'2011-12-19 23:00:00','2011-12-19 23:00:00');
INSERT INTO `__PREFIX__cities` (`country_code`, `name`, `longitude`, `latitude`, `feature_class`, `feature_code`, `subadmin1_code`, `subadmin2_code`, `population`, `time_zone`, `active`, `created_at`, `updated_at`) VALUES ('DK','{\"en\":\"Lemvig\"}',8.31,56.55,'P','PPLA2','DK.18','DK.18.665',7330,'Europe/Copenhagen',1,'2017-10-17 23:00:00','2017-10-17 23:00:00');
INSERT INTO `__PREFIX__cities` (`country_code`, `name`, `longitude`, `latitude`, `feature_class`, `feature_code`, `subadmin1_code`, `subadmin2_code`, `population`, `time_zone`, `active`, `created_at`, `updated_at`) VALUES ('DK','{\"en\":\"Korsør\"}',11.14,55.33,'P','PPL','DK.20','DK.20.330',14516,'Europe/Copenhagen',1,'2021-12-04 23:00:00','2021-12-04 23:00:00');
INSERT INTO `__PREFIX__cities` (`country_code`, `name`, `longitude`, `latitude`, `feature_class`, `feature_code`, `subadmin1_code`, `subadmin2_code`, `population`, `time_zone`, `active`, `created_at`, `updated_at`) VALUES ('DK','{\"en\":\"Køge\"}',12.18,55.46,'P','PPLA2','DK.20','DK.20.259',33885,'Europe/Copenhagen',1,'2017-10-17 23:00:00','2017-10-17 23:00:00');
INSERT INTO `__PREFIX__cities` (`country_code`, `name`, `longitude`, `latitude`, `feature_class`, `feature_code`, `subadmin1_code`, `subadmin2_code`, `population`, `time_zone`, `active`, `created_at`, `updated_at`) VALUES ('DK','{\"en\":\"Copenhagen\"}',12.57,55.68,'P','PPLC','DK.17','DK.17.101',1153615,'Europe/Copenhagen',1,'2012-11-25 23:00:00','2012-11-25 23:00:00');
INSERT INTO `__PREFIX__cities` (`country_code`, `name`, `longitude`, `latitude`, `feature_class`, `feature_code`, `subadmin1_code`, `subadmin2_code`, `population`, `time_zone`, `active`, `created_at`, `updated_at`) VALUES ('DK','{\"en\":\"Kongens Lyngby\"}',12.50,55.77,'P','PPLA2','DK.17','DK.17.173',10600,'Europe/Copenhagen',1,'2017-10-17 23:00:00','2017-10-17 23:00:00');
INSERT INTO `__PREFIX__cities` (`country_code`, `name`, `longitude`, `latitude`, `feature_class`, `feature_code`, `subadmin1_code`, `subadmin2_code`, `population`, `time_zone`, `active`, `created_at`, `updated_at`) VALUES ('DK','{\"en\":\"Kolt\"}',10.07,56.11,'P','PPL','DK.18','DK.18.751',5061,'Europe/Copenhagen',1,'2019-10-15 23:00:00','2019-10-15 23:00:00');
INSERT INTO `__PREFIX__cities` (`country_code`, `name`, `longitude`, `latitude`, `feature_class`, `feature_code`, `subadmin1_code`, `subadmin2_code`, `population`, `time_zone`, `active`, `created_at`, `updated_at`) VALUES ('DK','{\"en\":\"Kolding\"}',9.47,55.49,'P','PPLA2','DK.21','DK.21.621',55363,'Europe/Copenhagen',1,'2019-09-04 23:00:00','2019-09-04 23:00:00');
INSERT INTO `__PREFIX__cities` (`country_code`, `name`, `longitude`, `latitude`, `feature_class`, `feature_code`, `subadmin1_code`, `subadmin2_code`, `population`, `time_zone`, `active`, `created_at`, `updated_at`) VALUES ('DK','{\"en\":\"Kerteminde\"}',10.66,55.45,'P','PPLA2','DK.21','DK.21.440',5748,'Europe/Copenhagen',1,'2017-10-17 23:00:00','2017-10-17 23:00:00');
INSERT INTO `__PREFIX__cities` (`country_code`, `name`, `longitude`, `latitude`, `feature_class`, `feature_code`, `subadmin1_code`, `subadmin2_code`, `population`, `time_zone`, `active`, `created_at`, `updated_at`) VALUES ('DK','{\"en\":\"Kalundborg\"}',11.09,55.68,'P','PPLA2','DK.20','DK.20.326',15939,'Europe/Copenhagen',1,'2017-10-17 23:00:00','2017-10-17 23:00:00');
INSERT INTO `__PREFIX__cities` (`country_code`, `name`, `longitude`, `latitude`, `feature_class`, `feature_code`, `subadmin1_code`, `subadmin2_code`, `population`, `time_zone`, `active`, `created_at`, `updated_at`) VALUES ('DK','{\"en\":\"Jyllinge\"}',12.10,55.75,'P','PPL','DK.20','DK.20.265',10287,'Europe/Copenhagen',1,'2021-12-05 23:00:00','2021-12-05 23:00:00');
INSERT INTO `__PREFIX__cities` (`country_code`, `name`, `longitude`, `latitude`, `feature_class`, `feature_code`, `subadmin1_code`, `subadmin2_code`, `population`, `time_zone`, `active`, `created_at`, `updated_at`) VALUES ('DK','{\"en\":\"Ishøj\"}',12.35,55.62,'P','PPLA2','DK.17','DK.17.183',19453,'Europe/Copenhagen',1,'2017-10-17 23:00:00','2017-10-17 23:00:00');
INSERT INTO `__PREFIX__cities` (`country_code`, `name`, `longitude`, `latitude`, `feature_class`, `feature_code`, `subadmin1_code`, `subadmin2_code`, `population`, `time_zone`, `active`, `created_at`, `updated_at`) VALUES ('DK','{\"en\":\"Ikast\"}',9.16,56.14,'P','PPLA2','DK.18','DK.18.756',14692,'Europe/Copenhagen',1,'2017-10-17 23:00:00','2017-10-17 23:00:00');
INSERT INTO `__PREFIX__cities` (`country_code`, `name`, `longitude`, `latitude`, `feature_class`, `feature_code`, `subadmin1_code`, `subadmin2_code`, `population`, `time_zone`, `active`, `created_at`, `updated_at`) VALUES ('DK','{\"en\":\"Hvidovre\"}',12.47,55.66,'P','PPLA2','DK.17','DK.17.167',49380,'Europe/Copenhagen',1,'2017-10-17 23:00:00','2017-10-17 23:00:00');
INSERT INTO `__PREFIX__cities` (`country_code`, `name`, `longitude`, `latitude`, `feature_class`, `feature_code`, `subadmin1_code`, `subadmin2_code`, `population`, `time_zone`, `active`, `created_at`, `updated_at`) VALUES ('DK','{\"en\":\"Hundested\"}',11.85,55.96,'P','PPL','DK.17','DK.17.260',8660,'Europe/Copenhagen',1,'2021-12-04 23:00:00','2021-12-04 23:00:00');
INSERT INTO `__PREFIX__cities` (`country_code`, `name`, `longitude`, `latitude`, `feature_class`, `feature_code`, `subadmin1_code`, `subadmin2_code`, `population`, `time_zone`, `active`, `created_at`, `updated_at`) VALUES ('DK','{\"en\":\"Humlebæk\"}',12.53,55.96,'P','PPL','DK.17','DK.17.210',8965,'Europe/Copenhagen',1,'2019-01-14 23:00:00','2019-01-14 23:00:00');
INSERT INTO `__PREFIX__cities` (`country_code`, `name`, `longitude`, `latitude`, `feature_class`, `feature_code`, `subadmin1_code`, `subadmin2_code`, `population`, `time_zone`, `active`, `created_at`, `updated_at`) VALUES ('DK','{\"en\":\"Horsens\"}',9.85,55.86,'P','PPLA2','DK.18','DK.18.615',58646,'Europe/Copenhagen',1,'2019-02-17 23:00:00','2019-02-17 23:00:00');
INSERT INTO `__PREFIX__cities` (`country_code`, `name`, `longitude`, `latitude`, `feature_class`, `feature_code`, `subadmin1_code`, `subadmin2_code`, `population`, `time_zone`, `active`, `created_at`, `updated_at`) VALUES ('DK','{\"en\":\"Hornbæk\"}',12.46,56.09,'P','PPL','DK.17','DK.17.217',5334,'Europe/Copenhagen',1,'2021-12-05 23:00:00','2021-12-05 23:00:00');
INSERT INTO `__PREFIX__cities` (`country_code`, `name`, `longitude`, `latitude`, `feature_class`, `feature_code`, `subadmin1_code`, `subadmin2_code`, `population`, `time_zone`, `active`, `created_at`, `updated_at`) VALUES ('DK','{\"en\":\"Hørsholm\"}',12.50,55.88,'P','PPLA2','DK.17','DK.17.223',36670,'Europe/Copenhagen',1,'2017-10-17 23:00:00','2017-10-17 23:00:00');
INSERT INTO `__PREFIX__cities` (`country_code`, `name`, `longitude`, `latitude`, `feature_class`, `feature_code`, `subadmin1_code`, `subadmin2_code`, `population`, `time_zone`, `active`, `created_at`, `updated_at`) VALUES ('DK','{\"en\":\"Hørning\"}',10.20,56.41,'P','PPL','DK.18','DK.18.730',8294,'Europe/Copenhagen',1,'2021-12-11 23:00:00','2021-12-11 23:00:00');
INSERT INTO `__PREFIX__cities` (`country_code`, `name`, `longitude`, `latitude`, `feature_class`, `feature_code`, `subadmin1_code`, `subadmin2_code`, `population`, `time_zone`, `active`, `created_at`, `updated_at`) VALUES ('DK','{\"en\":\"Hørning\"}',10.04,56.09,'P','PPL','DK.18','DK.18.746',6085,'Europe/Copenhagen',1,'2017-10-17 23:00:00','2017-10-17 23:00:00');
INSERT INTO `__PREFIX__cities` (`country_code`, `name`, `longitude`, `latitude`, `feature_class`, `feature_code`, `subadmin1_code`, `subadmin2_code`, `population`, `time_zone`, `active`, `created_at`, `updated_at`) VALUES ('DK','{\"en\":\"Holstebro\"}',8.62,56.36,'P','PPLA2','DK.18','DK.18.661',32072,'Europe/Copenhagen',1,'2017-10-17 23:00:00','2017-10-17 23:00:00');
INSERT INTO `__PREFIX__cities` (`country_code`, `name`, `longitude`, `latitude`, `feature_class`, `feature_code`, `subadmin1_code`, `subadmin2_code`, `population`, `time_zone`, `active`, `created_at`, `updated_at`) VALUES ('DK','{\"en\":\"Holbæk\"}',11.71,55.72,'P','PPLA2','DK.20','DK.20.316',24544,'Europe/Copenhagen',1,'2018-06-07 23:00:00','2018-06-07 23:00:00');
INSERT INTO `__PREFIX__cities` (`country_code`, `name`, `longitude`, `latitude`, `feature_class`, `feature_code`, `subadmin1_code`, `subadmin2_code`, `population`, `time_zone`, `active`, `created_at`, `updated_at`) VALUES ('DK','{\"en\":\"Hobro\"}',9.79,56.64,'P','PPLA2','DK.19','DK.19.846',11064,'Europe/Copenhagen',1,'2017-10-17 23:00:00','2017-10-17 23:00:00');
INSERT INTO `__PREFIX__cities` (`country_code`, `name`, `longitude`, `latitude`, `feature_class`, `feature_code`, `subadmin1_code`, `subadmin2_code`, `population`, `time_zone`, `active`, `created_at`, `updated_at`) VALUES ('DK','{\"en\":\"Hjørring\"}',9.98,57.46,'P','PPLA2','DK.19','DK.19.860',24634,'Europe/Copenhagen',1,'2019-01-14 23:00:00','2019-01-14 23:00:00');
INSERT INTO `__PREFIX__cities` (`country_code`, `name`, `longitude`, `latitude`, `feature_class`, `feature_code`, `subadmin1_code`, `subadmin2_code`, `population`, `time_zone`, `active`, `created_at`, `updated_at`) VALUES ('DK','{\"en\":\"Hirtshals\"}',9.96,57.59,'P','PPL','DK.19','DK.19.860',5636,'Europe/Copenhagen',1,'2021-12-04 23:00:00','2021-12-04 23:00:00');
INSERT INTO `__PREFIX__cities` (`country_code`, `name`, `longitude`, `latitude`, `feature_class`, `feature_code`, `subadmin1_code`, `subadmin2_code`, `population`, `time_zone`, `active`, `created_at`, `updated_at`) VALUES ('DK','{\"en\":\"Hinnerup\"}',9.06,56.73,'P','PPL','DK.18','DK.18.779',8012,'Europe/Copenhagen',1,'2021-12-11 23:00:00','2021-12-11 23:00:00');
INSERT INTO `__PREFIX__cities` (`country_code`, `name`, `longitude`, `latitude`, `feature_class`, `feature_code`, `subadmin1_code`, `subadmin2_code`, `population`, `time_zone`, `active`, `created_at`, `updated_at`) VALUES ('DK','{\"en\":\"Hinnerup\"}',10.06,56.27,'P','PPLA2','DK.18','DK.18.710',7055,'Europe/Copenhagen',1,'2017-10-17 23:00:00','2017-10-17 23:00:00');
INSERT INTO `__PREFIX__cities` (`country_code`, `name`, `longitude`, `latitude`, `feature_class`, `feature_code`, `subadmin1_code`, `subadmin2_code`, `population`, `time_zone`, `active`, `created_at`, `updated_at`) VALUES ('DK','{\"en\":\"Hillerød\"}',12.30,55.93,'P','PPLA','DK.17','DK.17.219',30853,'Europe/Copenhagen',1,'2017-10-17 23:00:00','2017-10-17 23:00:00');
INSERT INTO `__PREFIX__cities` (`country_code`, `name`, `longitude`, `latitude`, `feature_class`, `feature_code`, `subadmin1_code`, `subadmin2_code`, `population`, `time_zone`, `active`, `created_at`, `updated_at`) VALUES ('DK','{\"en\":\"Herning\"}',8.98,56.14,'P','PPLA2','DK.18','DK.18.657',44763,'Europe/Copenhagen',1,'2018-06-07 23:00:00','2018-06-07 23:00:00');
INSERT INTO `__PREFIX__cities` (`country_code`, `name`, `longitude`, `latitude`, `feature_class`, `feature_code`, `subadmin1_code`, `subadmin2_code`, `population`, `time_zone`, `active`, `created_at`, `updated_at`) VALUES ('DK','{\"en\":\"Helsingør\"}',12.61,56.04,'P','PPLA2','DK.17','DK.17.217',35048,'Europe/Copenhagen',1,'2019-09-04 23:00:00','2019-09-04 23:00:00');
INSERT INTO `__PREFIX__cities` (`country_code`, `name`, `longitude`, `latitude`, `feature_class`, `feature_code`, `subadmin1_code`, `subadmin2_code`, `population`, `time_zone`, `active`, `created_at`, `updated_at`) VALUES ('DK','{\"en\":\"Helsinge\"}',12.20,56.02,'P','PPLA2','DK.17','DK.17.270',7354,'Europe/Copenhagen',1,'2017-10-17 23:00:00','2017-10-17 23:00:00');
INSERT INTO `__PREFIX__cities` (`country_code`, `name`, `longitude`, `latitude`, `feature_class`, `feature_code`, `subadmin1_code`, `subadmin2_code`, `population`, `time_zone`, `active`, `created_at`, `updated_at`) VALUES ('DK','{\"en\":\"Hellebæk\"}',12.56,56.07,'P','PPL','DK.17','DK.17.217',5754,'Europe/Copenhagen',1,'2021-12-05 23:00:00','2021-12-05 23:00:00');
INSERT INTO `__PREFIX__cities` (`country_code`, `name`, `longitude`, `latitude`, `feature_class`, `feature_code`, `subadmin1_code`, `subadmin2_code`, `population`, `time_zone`, `active`, `created_at`, `updated_at`) VALUES ('DK','{\"en\":\"Hedensted\"}',9.70,55.77,'P','PPLA2','DK.18','DK.18.766',10048,'Europe/Copenhagen',1,'2017-10-17 23:00:00','2017-10-17 23:00:00');
INSERT INTO `__PREFIX__cities` (`country_code`, `name`, `longitude`, `latitude`, `feature_class`, `feature_code`, `subadmin1_code`, `subadmin2_code`, `population`, `time_zone`, `active`, `created_at`, `updated_at`) VALUES ('DK','{\"en\":\"Hedehusene\"}',12.20,55.65,'P','PPL','DK.17','DK.17.169',12874,'Europe/Copenhagen',1,'2021-12-05 23:00:00','2021-12-05 23:00:00');
INSERT INTO `__PREFIX__cities` (`country_code`, `name`, `longitude`, `latitude`, `feature_class`, `feature_code`, `subadmin1_code`, `subadmin2_code`, `population`, `time_zone`, `active`, `created_at`, `updated_at`) VALUES ('DK','{\"en\":\"Hasselager\"}',10.10,56.11,'P','PPL','DK.18','DK.18.751',7437,'Europe/Copenhagen',1,'2021-12-08 23:00:00','2021-12-08 23:00:00');
INSERT INTO `__PREFIX__cities` (`country_code`, `name`, `longitude`, `latitude`, `feature_class`, `feature_code`, `subadmin1_code`, `subadmin2_code`, `population`, `time_zone`, `active`, `created_at`, `updated_at`) VALUES ('DK','{\"en\":\"Haslev\"}',11.96,55.32,'P','PPLA2','DK.20','DK.20.320',10588,'Europe/Copenhagen',1,'2017-10-17 23:00:00','2017-10-17 23:00:00');
INSERT INTO `__PREFIX__cities` (`country_code`, `name`, `longitude`, `latitude`, `feature_class`, `feature_code`, `subadmin1_code`, `subadmin2_code`, `population`, `time_zone`, `active`, `created_at`, `updated_at`) VALUES ('DK','{\"en\":\"Hammel\"}',9.86,56.26,'P','PPL','DK.18','DK.18.710',6927,'Europe/Copenhagen',1,'2021-12-04 23:00:00','2021-12-04 23:00:00');
INSERT INTO `__PREFIX__cities` (`country_code`, `name`, `longitude`, `latitude`, `feature_class`, `feature_code`, `subadmin1_code`, `subadmin2_code`, `population`, `time_zone`, `active`, `created_at`, `updated_at`) VALUES ('DK','{\"en\":\"Hadsund\"}',10.12,56.71,'P','PPL','DK.19','DK.19.846',5066,'Europe/Copenhagen',1,'2017-10-17 23:00:00','2017-10-17 23:00:00');
INSERT INTO `__PREFIX__cities` (`country_code`, `name`, `longitude`, `latitude`, `feature_class`, `feature_code`, `subadmin1_code`, `subadmin2_code`, `population`, `time_zone`, `active`, `created_at`, `updated_at`) VALUES ('DK','{\"en\":\"Hadsten\"}',10.05,56.33,'P','PPL','DK.18','DK.18.710',7020,'Europe/Copenhagen',1,'2017-10-17 23:00:00','2017-10-17 23:00:00');
INSERT INTO `__PREFIX__cities` (`country_code`, `name`, `longitude`, `latitude`, `feature_class`, `feature_code`, `subadmin1_code`, `subadmin2_code`, `population`, `time_zone`, `active`, `created_at`, `updated_at`) VALUES ('DK','{\"en\":\"Haderslev\"}',9.49,55.25,'P','PPLA2','DK.21','DK.21.510',20825,'Europe/Copenhagen',1,'2019-09-04 23:00:00','2019-09-04 23:00:00');
INSERT INTO `__PREFIX__cities` (`country_code`, `name`, `longitude`, `latitude`, `feature_class`, `feature_code`, `subadmin1_code`, `subadmin2_code`, `population`, `time_zone`, `active`, `created_at`, `updated_at`) VALUES ('DK','{\"en\":\"Grindsted\"}',8.93,55.76,'P','PPLA2','DK.21','DK.21.530',9414,'Europe/Copenhagen',1,'2017-10-17 23:00:00','2017-10-17 23:00:00');
INSERT INTO `__PREFIX__cities` (`country_code`, `name`, `longitude`, `latitude`, `feature_class`, `feature_code`, `subadmin1_code`, `subadmin2_code`, `population`, `time_zone`, `active`, `created_at`, `updated_at`) VALUES ('DK','{\"en\":\"Greve\"}',12.30,55.58,'P','PPLA2','DK.20','DK.20.253',47671,'Europe/Copenhagen',1,'2017-10-17 23:00:00','2017-10-17 23:00:00');
INSERT INTO `__PREFIX__cities` (`country_code`, `name`, `longitude`, `latitude`, `feature_class`, `feature_code`, `subadmin1_code`, `subadmin2_code`, `population`, `time_zone`, `active`, `created_at`, `updated_at`) VALUES ('DK','{\"en\":\"Grenaa\"}',10.88,56.42,'P','PPLA2','DK.18','DK.18.707',14317,'Europe/Copenhagen',1,'2017-10-17 23:00:00','2017-10-17 23:00:00');
INSERT INTO `__PREFIX__cities` (`country_code`, `name`, `longitude`, `latitude`, `feature_class`, `feature_code`, `subadmin1_code`, `subadmin2_code`, `population`, `time_zone`, `active`, `created_at`, `updated_at`) VALUES ('DK','{\"en\":\"Glostrup\"}',12.40,55.67,'P','PPLA2','DK.17','DK.17.161',20673,'Europe/Copenhagen',1,'2017-10-17 23:00:00','2017-10-17 23:00:00');
INSERT INTO `__PREFIX__cities` (`country_code`, `name`, `longitude`, `latitude`, `feature_class`, `feature_code`, `subadmin1_code`, `subadmin2_code`, `population`, `time_zone`, `active`, `created_at`, `updated_at`) VALUES ('DK','{\"en\":\"Gjellerup\"}',10.13,56.16,'P','PPL','DK.18','DK.18.751',11406,'Europe/Copenhagen',1,'2021-12-11 23:00:00','2021-12-11 23:00:00');
INSERT INTO `__PREFIX__cities` (`country_code`, `name`, `longitude`, `latitude`, `feature_class`, `feature_code`, `subadmin1_code`, `subadmin2_code`, `population`, `time_zone`, `active`, `created_at`, `updated_at`) VALUES ('DK','{\"en\":\"Gilleleje\"}',12.31,56.12,'P','PPL','DK.17','DK.17.270',6662,'Europe/Copenhagen',1,'2021-12-05 23:00:00','2021-12-05 23:00:00');
INSERT INTO `__PREFIX__cities` (`country_code`, `name`, `longitude`, `latitude`, `feature_class`, `feature_code`, `subadmin1_code`, `subadmin2_code`, `population`, `time_zone`, `active`, `created_at`, `updated_at`) VALUES ('DK','{\"en\":\"Frederiksværk\"}',12.02,55.97,'P','PPLA2','DK.17','DK.17.260',12176,'Europe/Copenhagen',1,'2017-10-17 23:00:00','2017-10-17 23:00:00');
INSERT INTO `__PREFIX__cities` (`country_code`, `name`, `longitude`, `latitude`, `feature_class`, `feature_code`, `subadmin1_code`, `subadmin2_code`, `population`, `time_zone`, `active`, `created_at`, `updated_at`) VALUES ('DK','{\"en\":\"Frederikssund\"}',12.07,55.84,'P','PPLA2','DK.17','DK.17.250',14564,'Europe/Copenhagen',1,'2017-10-17 23:00:00','2017-10-17 23:00:00');
INSERT INTO `__PREFIX__cities` (`country_code`, `name`, `longitude`, `latitude`, `feature_class`, `feature_code`, `subadmin1_code`, `subadmin2_code`, `population`, `time_zone`, `active`, `created_at`, `updated_at`) VALUES ('DK','{\"en\":\"Frederikshavn\"}',10.54,57.44,'P','PPLA2','DK.19','DK.19.813',24103,'Europe/Copenhagen',1,'2017-10-17 23:00:00','2017-10-17 23:00:00');
INSERT INTO `__PREFIX__cities` (`country_code`, `name`, `longitude`, `latitude`, `feature_class`, `feature_code`, `subadmin1_code`, `subadmin2_code`, `population`, `time_zone`, `active`, `created_at`, `updated_at`) VALUES ('DK','{\"en\":\"Frederiksberg\"}',12.53,55.68,'P','PPLA2','DK.17','DK.17.147',95029,'Europe/Copenhagen',1,'2017-10-17 23:00:00','2017-10-17 23:00:00');
INSERT INTO `__PREFIX__cities` (`country_code`, `name`, `longitude`, `latitude`, `feature_class`, `feature_code`, `subadmin1_code`, `subadmin2_code`, `population`, `time_zone`, `active`, `created_at`, `updated_at`) VALUES ('DK','{\"en\":\"Fredericia\"}',9.75,55.57,'P','PPLA2','DK.21','DK.21.607',36946,'Europe/Copenhagen',1,'2017-10-17 23:00:00','2017-10-17 23:00:00');
INSERT INTO `__PREFIX__cities` (`country_code`, `name`, `longitude`, `latitude`, `feature_class`, `feature_code`, `subadmin1_code`, `subadmin2_code`, `population`, `time_zone`, `active`, `created_at`, `updated_at`) VALUES ('DK','{\"en\":\"Fredensborg\"}',12.40,55.98,'P','PPL','DK.17','DK.17.210',8792,'Europe/Copenhagen',1,'2021-12-05 23:00:00','2021-12-05 23:00:00');
INSERT INTO `__PREFIX__cities` (`country_code`, `name`, `longitude`, `latitude`, `feature_class`, `feature_code`, `subadmin1_code`, `subadmin2_code`, `population`, `time_zone`, `active`, `created_at`, `updated_at`) VALUES ('DK','{\"en\":\"Fløng\"}',12.19,55.66,'P','PPL','DK.17','DK.17.169',11108,'Europe/Copenhagen',1,'2012-01-16 23:00:00','2012-01-16 23:00:00');
INSERT INTO `__PREFIX__cities` (`country_code`, `name`, `longitude`, `latitude`, `feature_class`, `feature_code`, `subadmin1_code`, `subadmin2_code`, `population`, `time_zone`, `active`, `created_at`, `updated_at`) VALUES ('DK','{\"en\":\"Farum\"}',12.36,55.81,'P','PPLA2','DK.17','DK.17.190',18376,'Europe/Copenhagen',1,'2017-10-17 23:00:00','2017-10-17 23:00:00');
INSERT INTO `__PREFIX__cities` (`country_code`, `name`, `longitude`, `latitude`, `feature_class`, `feature_code`, `subadmin1_code`, `subadmin2_code`, `population`, `time_zone`, `active`, `created_at`, `updated_at`) VALUES ('DK','{\"en\":\"Faaborg\"}',10.24,55.10,'P','PPL','DK.21','DK.21.430',7239,'Europe/Copenhagen',1,'2019-01-14 23:00:00','2019-01-14 23:00:00');
INSERT INTO `__PREFIX__cities` (`country_code`, `name`, `longitude`, `latitude`, `feature_class`, `feature_code`, `subadmin1_code`, `subadmin2_code`, `population`, `time_zone`, `active`, `created_at`, `updated_at`) VALUES ('DK','{\"en\":\"Espergærde\"}',12.55,55.99,'P','PPL','DK.17','DK.17.217',11358,'Europe/Copenhagen',1,'2017-10-17 23:00:00','2017-10-17 23:00:00');
INSERT INTO `__PREFIX__cities` (`country_code`, `name`, `longitude`, `latitude`, `feature_class`, `feature_code`, `subadmin1_code`, `subadmin2_code`, `population`, `time_zone`, `active`, `created_at`, `updated_at`) VALUES ('DK','{\"en\":\"Esbjerg\"}',8.45,55.47,'P','PPLA2','DK.21','DK.21.561',72205,'Europe/Copenhagen',1,'2017-10-17 23:00:00','2017-10-17 23:00:00');
INSERT INTO `__PREFIX__cities` (`country_code`, `name`, `longitude`, `latitude`, `feature_class`, `feature_code`, `subadmin1_code`, `subadmin2_code`, `population`, `time_zone`, `active`, `created_at`, `updated_at`) VALUES ('DK','{\"en\":\"Ebeltoft\"}',10.68,56.19,'P','PPL','DK.18','DK.18.706',7501,'Europe/Copenhagen',1,'2017-10-17 23:00:00','2017-10-17 23:00:00');
INSERT INTO `__PREFIX__cities` (`country_code`, `name`, `longitude`, `latitude`, `feature_class`, `feature_code`, `subadmin1_code`, `subadmin2_code`, `population`, `time_zone`, `active`, `created_at`, `updated_at`) VALUES ('DK','{\"en\":\"Dragør\"}',12.67,55.59,'P','PPLA2','DK.17','DK.17.155',11045,'Europe/Copenhagen',1,'2017-10-17 23:00:00','2017-10-17 23:00:00');
INSERT INTO `__PREFIX__cities` (`country_code`, `name`, `longitude`, `latitude`, `feature_class`, `feature_code`, `subadmin1_code`, `subadmin2_code`, `population`, `time_zone`, `active`, `created_at`, `updated_at`) VALUES ('DK','{\"en\":\"Christianshavn\"}',12.60,55.67,'P','PPL','DK.17','DK.17.101',10140,'Europe/Copenhagen',1,'2014-12-04 23:00:00','2014-12-04 23:00:00');
INSERT INTO `__PREFIX__cities` (`country_code`, `name`, `longitude`, `latitude`, `feature_class`, `feature_code`, `subadmin1_code`, `subadmin2_code`, `population`, `time_zone`, `active`, `created_at`, `updated_at`) VALUES ('DK','{\"en\":\"Charlottenlund\"}',12.57,55.75,'P','PPLA2','DK.17','DK.17.157',40000,'Europe/Copenhagen',1,'2017-10-17 23:00:00','2017-10-17 23:00:00');
INSERT INTO `__PREFIX__cities` (`country_code`, `name`, `longitude`, `latitude`, `feature_class`, `feature_code`, `subadmin1_code`, `subadmin2_code`, `population`, `time_zone`, `active`, `created_at`, `updated_at`) VALUES ('DK','{\"en\":\"Brønderslev\"}',9.94,57.27,'P','PPLA2','DK.19','DK.19.810',11671,'Europe/Copenhagen',1,'2017-10-17 23:00:00','2017-10-17 23:00:00');
INSERT INTO `__PREFIX__cities` (`country_code`, `name`, `longitude`, `latitude`, `feature_class`, `feature_code`, `subadmin1_code`, `subadmin2_code`, `population`, `time_zone`, `active`, `created_at`, `updated_at`) VALUES ('DK','{\"en\":\"Brande\"}',9.13,55.94,'P','PPL','DK.18','DK.18.756',6357,'Europe/Copenhagen',1,'2018-06-07 23:00:00','2018-06-07 23:00:00');
INSERT INTO `__PREFIX__cities` (`country_code`, `name`, `longitude`, `latitude`, `feature_class`, `feature_code`, `subadmin1_code`, `subadmin2_code`, `population`, `time_zone`, `active`, `created_at`, `updated_at`) VALUES ('DK','{\"en\":\"Bramming\"}',8.70,55.47,'P','PPL','DK.21','DK.21.561',6726,'Europe/Copenhagen',1,'2017-10-17 23:00:00','2017-10-17 23:00:00');
INSERT INTO `__PREFIX__cities` (`country_code`, `name`, `longitude`, `latitude`, `feature_class`, `feature_code`, `subadmin1_code`, `subadmin2_code`, `population`, `time_zone`, `active`, `created_at`, `updated_at`) VALUES ('DK','{\"en\":\"Bjerringbro\"}',9.66,56.38,'P','PPL','DK.18','DK.18.791',7390,'Europe/Copenhagen',1,'2019-01-14 23:00:00','2019-01-14 23:00:00');
INSERT INTO `__PREFIX__cities` (`country_code`, `name`, `longitude`, `latitude`, `feature_class`, `feature_code`, `subadmin1_code`, `subadmin2_code`, `population`, `time_zone`, `active`, `created_at`, `updated_at`) VALUES ('DK','{\"en\":\"Birkerød\"}',12.43,55.85,'P','PPL','DK.17','DK.17.230',20908,'Europe/Copenhagen',1,'2021-12-04 23:00:00','2021-12-04 23:00:00');
INSERT INTO `__PREFIX__cities` (`country_code`, `name`, `longitude`, `latitude`, `feature_class`, `feature_code`, `subadmin1_code`, `subadmin2_code`, `population`, `time_zone`, `active`, `created_at`, `updated_at`) VALUES ('DK','{\"en\":\"Billund\"}',9.11,55.73,'P','PPL','DK.21','DK.21.530',6160,'Europe/Copenhagen',1,'2017-10-17 23:00:00','2017-10-17 23:00:00');
INSERT INTO `__PREFIX__cities` (`country_code`, `name`, `longitude`, `latitude`, `feature_class`, `feature_code`, `subadmin1_code`, `subadmin2_code`, `population`, `time_zone`, `active`, `created_at`, `updated_at`) VALUES ('DK','{\"en\":\"Bellinge\"}',10.32,55.34,'P','PPL','DK.21','DK.21.461',5202,'Europe/Copenhagen',1,'2021-12-08 23:00:00','2021-12-08 23:00:00');
INSERT INTO `__PREFIX__cities` (`country_code`, `name`, `longitude`, `latitude`, `feature_class`, `feature_code`, `subadmin1_code`, `subadmin2_code`, `population`, `time_zone`, `active`, `created_at`, `updated_at`) VALUES ('DK','{\"en\":\"Ballerup\"}',12.36,55.73,'P','PPLA2','DK.17','DK.17.151',40000,'Europe/Copenhagen',1,'2017-10-17 23:00:00','2017-10-17 23:00:00');
INSERT INTO `__PREFIX__cities` (`country_code`, `name`, `longitude`, `latitude`, `feature_class`, `feature_code`, `subadmin1_code`, `subadmin2_code`, `population`, `time_zone`, `active`, `created_at`, `updated_at`) VALUES ('DK','{\"en\":\"Assens\"}',9.90,55.27,'P','PPLA2','DK.21','DK.21.420',6053,'Europe/Copenhagen',1,'2017-10-17 23:00:00','2017-10-17 23:00:00');
INSERT INTO `__PREFIX__cities` (`country_code`, `name`, `longitude`, `latitude`, `feature_class`, `feature_code`, `subadmin1_code`, `subadmin2_code`, `population`, `time_zone`, `active`, `created_at`, `updated_at`) VALUES ('DK','{\"en\":\"Aars\"}',9.51,56.80,'P','PPLA2','DK.19','DK.19.820',7771,'Europe/Copenhagen',1,'2017-10-17 23:00:00','2017-10-17 23:00:00');
INSERT INTO `__PREFIX__cities` (`country_code`, `name`, `longitude`, `latitude`, `feature_class`, `feature_code`, `subadmin1_code`, `subadmin2_code`, `population`, `time_zone`, `active`, `created_at`, `updated_at`) VALUES ('DK','{\"en\":\"Århus\"}',10.21,56.16,'P','PPLA2','DK.18','DK.18.751',237551,'Europe/Copenhagen',1,'2020-10-24 23:00:00','2020-10-24 23:00:00');
INSERT INTO `__PREFIX__cities` (`country_code`, `name`, `longitude`, `latitude`, `feature_class`, `feature_code`, `subadmin1_code`, `subadmin2_code`, `population`, `time_zone`, `active`, `created_at`, `updated_at`) VALUES ('DK','{\"en\":\"Ålsgårde\"}',12.54,56.08,'P','PPL','DK.17','DK.17.217',5754,'Europe/Copenhagen',1,'2021-12-07 23:00:00','2021-12-07 23:00:00');
INSERT INTO `__PREFIX__cities` (`country_code`, `name`, `longitude`, `latitude`, `feature_class`, `feature_code`, `subadmin1_code`, `subadmin2_code`, `population`, `time_zone`, `active`, `created_at`, `updated_at`) VALUES ('DK','{\"en\":\"Aalborg\"}',9.92,57.05,'P','PPLA','DK.19','DK.19.851',122219,'Europe/Copenhagen',1,'2019-09-04 23:00:00','2019-09-04 23:00:00');
INSERT INTO `__PREFIX__cities` (`country_code`, `name`, `longitude`, `latitude`, `feature_class`, `feature_code`, `subadmin1_code`, `subadmin2_code`, `population`, `time_zone`, `active`, `created_at`, `updated_at`) VALUES ('DK','{\"en\":\"Albertslund\"}',12.36,55.66,'P','PPLA2','DK.17','DK.17.165',30000,'Europe/Copenhagen',1,'2017-10-17 23:00:00','2017-10-17 23:00:00');
INSERT INTO `__PREFIX__cities` (`country_code`, `name`, `longitude`, `latitude`, `feature_class`, `feature_code`, `subadmin1_code`, `subadmin2_code`, `population`, `time_zone`, `active`, `created_at`, `updated_at`) VALUES ('DK','{\"en\":\"Aabenraa\"}',9.42,55.04,'P','PPLA2','DK.21','DK.21.580',16344,'Europe/Copenhagen',1,'2019-07-31 23:00:00','2019-07-31 23:00:00');
/*!40000 ALTER TABLE `__PREFIX__cities` ENABLE KEYS */;
/*!40103 SET TIME_ZONE=@OLD_TIME_ZONE */;

/*!40101 SET SQL_MODE=@OLD_SQL_MODE */;
/*!40014 SET FOREIGN_KEY_CHECKS=@OLD_FOREIGN_KEY_CHECKS */;
/*!40014 SET UNIQUE_CHECKS=@OLD_UNIQUE_CHECKS */;
/*!40101 SET CHARACTER_SET_CLIENT=@OLD_CHARACTER_SET_CLIENT */;
/*!40101 SET CHARACTER_SET_RESULTS=@OLD_CHARACTER_SET_RESULTS */;
/*!40101 SET COLLATION_CONNECTION=@OLD_COLLATION_CONNECTION */;
/*!40111 SET SQL_NOTES=@OLD_SQL_NOTES */;

-- Dump completed
