-- MySQL dump 10.13  Distrib 5.7.34, for osx10.12 (x86_64)
--
-- Host: 127.0.0.1    Database: laraclassifier
-- ------------------------------------------------------
-- Server version	5.7.34

/*!40101 SET @OLD_CHARACTER_SET_CLIENT=@@CHARACTER_SET_CLIENT */;
/*!40101 SET @OLD_CHARACTER_SET_RESULTS=@@CHARACTER_SET_RESULTS */;
/*!40101 SET @OLD_COLLATION_CONNECTION=@@COLLATION_CONNECTION */;
/*!40101 SET NAMES utf8 */;
/*!40103 SET @OLD_TIME_ZONE=@@TIME_ZONE */;
/*!40103 SET TIME_ZONE='+00:00' */;
/*!40014 SET @OLD_UNIQUE_CHECKS=@@UNIQUE_CHECKS, UNIQUE_CHECKS=0 */;
/*!40014 SET @OLD_FOREIGN_KEY_CHECKS=@@FOREIGN_KEY_CHECKS, FOREIGN_KEY_CHECKS=0 */;
/*!40101 SET @OLD_SQL_MODE=@@SQL_MODE, SQL_MODE='NO_AUTO_VALUE_ON_ZERO' */;
/*!40111 SET @OLD_SQL_NOTES=@@SQL_NOTES, SQL_NOTES=0 */;

--
-- Dumping data for table `__PREFIX__subadmin1`
--

/*!40000 ALTER TABLE `__PREFIX__subadmin1` DISABLE KEYS */;
INSERT INTO `__PREFIX__subadmin1` (`code`, `country_code`, `name`, `active`) VALUES ('DO.27','DO','{\"en\":\"Valverde\"}',1);
INSERT INTO `__PREFIX__subadmin1` (`code`, `country_code`, `name`, `active`) VALUES ('DO.26','DO','{\"en\":\"Santiago Rodríguez\"}',1);
INSERT INTO `__PREFIX__subadmin1` (`code`, `country_code`, `name`, `active`) VALUES ('DO.25','DO','{\"en\":\"Santiago\"}',1);
INSERT INTO `__PREFIX__subadmin1` (`code`, `country_code`, `name`, `active`) VALUES ('DO.24','DO','{\"en\":\"San Pedro de Macorís\"}',1);
INSERT INTO `__PREFIX__subadmin1` (`code`, `country_code`, `name`, `active`) VALUES ('DO.23','DO','{\"en\":\"San Juan\"}',1);
INSERT INTO `__PREFIX__subadmin1` (`code`, `country_code`, `name`, `active`) VALUES ('DO.33','DO','{\"en\":\"San Cristóbal\"}',1);
INSERT INTO `__PREFIX__subadmin1` (`code`, `country_code`, `name`, `active`) VALUES ('DO.21','DO','{\"en\":\"Sánchez Ramírez\"}',1);
INSERT INTO `__PREFIX__subadmin1` (`code`, `country_code`, `name`, `active`) VALUES ('DO.20','DO','{\"en\":\"Samaná\"}',1);
INSERT INTO `__PREFIX__subadmin1` (`code`, `country_code`, `name`, `active`) VALUES ('DO.19','DO','{\"en\":\"Hermanas Mirabal\"}',1);
INSERT INTO `__PREFIX__subadmin1` (`code`, `country_code`, `name`, `active`) VALUES ('DO.18','DO','{\"en\":\"Puerto Plata\"}',1);
INSERT INTO `__PREFIX__subadmin1` (`code`, `country_code`, `name`, `active`) VALUES ('DO.35','DO','{\"en\":\"Peravia\"}',1);
INSERT INTO `__PREFIX__subadmin1` (`code`, `country_code`, `name`, `active`) VALUES ('DO.16','DO','{\"en\":\"Pedernales\"}',1);
INSERT INTO `__PREFIX__subadmin1` (`code`, `country_code`, `name`, `active`) VALUES ('DO.34','DO','{\"en\":\"Nacional\"}',1);
INSERT INTO `__PREFIX__subadmin1` (`code`, `country_code`, `name`, `active`) VALUES ('DO.32','DO','{\"en\":\"Monte Plata\"}',1);
INSERT INTO `__PREFIX__subadmin1` (`code`, `country_code`, `name`, `active`) VALUES ('DO.15','DO','{\"en\":\"Monte Cristi\"}',1);
INSERT INTO `__PREFIX__subadmin1` (`code`, `country_code`, `name`, `active`) VALUES ('DO.31','DO','{\"en\":\"Monseñor Nouel\"}',1);
INSERT INTO `__PREFIX__subadmin1` (`code`, `country_code`, `name`, `active`) VALUES ('DO.14','DO','{\"en\":\"María Trinidad Sánchez\"}',1);
INSERT INTO `__PREFIX__subadmin1` (`code`, `country_code`, `name`, `active`) VALUES ('DO.30','DO','{\"en\":\"La Vega\"}',1);
INSERT INTO `__PREFIX__subadmin1` (`code`, `country_code`, `name`, `active`) VALUES ('DO.12','DO','{\"en\":\"La Romana\"}',1);
INSERT INTO `__PREFIX__subadmin1` (`code`, `country_code`, `name`, `active`) VALUES ('DO.10','DO','{\"en\":\"La Altagracia\"}',1);
INSERT INTO `__PREFIX__subadmin1` (`code`, `country_code`, `name`, `active`) VALUES ('DO.09','DO','{\"en\":\"Independencia\"}',1);
INSERT INTO `__PREFIX__subadmin1` (`code`, `country_code`, `name`, `active`) VALUES ('DO.29','DO','{\"en\":\"Hato Mayor\"}',1);
INSERT INTO `__PREFIX__subadmin1` (`code`, `country_code`, `name`, `active`) VALUES ('DO.08','DO','{\"en\":\"Espaillat\"}',1);
INSERT INTO `__PREFIX__subadmin1` (`code`, `country_code`, `name`, `active`) VALUES ('DO.28','DO','{\"en\":\"El Seíbo\"}',1);
INSERT INTO `__PREFIX__subadmin1` (`code`, `country_code`, `name`, `active`) VALUES ('DO.11','DO','{\"en\":\"Elías Piña\"}',1);
INSERT INTO `__PREFIX__subadmin1` (`code`, `country_code`, `name`, `active`) VALUES ('DO.06','DO','{\"en\":\"Duarte\"}',1);
INSERT INTO `__PREFIX__subadmin1` (`code`, `country_code`, `name`, `active`) VALUES ('DO.04','DO','{\"en\":\"Dajabón\"}',1);
INSERT INTO `__PREFIX__subadmin1` (`code`, `country_code`, `name`, `active`) VALUES ('DO.03','DO','{\"en\":\"Barahona\"}',1);
INSERT INTO `__PREFIX__subadmin1` (`code`, `country_code`, `name`, `active`) VALUES ('DO.02','DO','{\"en\":\"Baoruco\"}',1);
INSERT INTO `__PREFIX__subadmin1` (`code`, `country_code`, `name`, `active`) VALUES ('DO.01','DO','{\"en\":\"Azua\"}',1);
INSERT INTO `__PREFIX__subadmin1` (`code`, `country_code`, `name`, `active`) VALUES ('DO.36','DO','{\"en\":\"San José de Ocoa\"}',1);
INSERT INTO `__PREFIX__subadmin1` (`code`, `country_code`, `name`, `active`) VALUES ('DO.37','DO','{\"en\":\"Santo Domingo\"}',1);
/*!40000 ALTER TABLE `__PREFIX__subadmin1` ENABLE KEYS */;

--
-- Dumping data for table `__PREFIX__subadmin2`
--

/*!40000 ALTER TABLE `__PREFIX__subadmin2` DISABLE KEYS */;
INSERT INTO `__PREFIX__subadmin2` (`code`, `country_code`, `subadmin1_code`, `name`, `active`) VALUES ('DO.32.2904','DO','DO.32','{\"en\":\"Yamasá\"}',1);
INSERT INTO `__PREFIX__subadmin2` (`code`, `country_code`, `subadmin1_code`, `name`, `active`) VALUES ('DO.33.2106','DO','DO.33','{\"en\":\"Yaguate\"}',1);
INSERT INTO `__PREFIX__subadmin2` (`code`, `country_code`, `subadmin1_code`, `name`, `active`) VALUES ('DO.15.1506','DO','DO.15','{\"en\":\"Villa Vásquez\"}',1);
INSERT INTO `__PREFIX__subadmin2` (`code`, `country_code`, `subadmin1_code`, `name`, `active`) VALUES ('DO.19.1903','DO','DO.19','{\"en\":\"Villa Tapia\"}',1);
INSERT INTO `__PREFIX__subadmin2` (`code`, `country_code`, `subadmin1_code`, `name`, `active`) VALUES ('DO.06.0605','DO','DO.06','{\"en\":\"Villa Riva\"}',1);
INSERT INTO `__PREFIX__subadmin2` (`code`, `country_code`, `subadmin1_code`, `name`, `active`) VALUES ('DO.02.0304','DO','DO.02','{\"en\":\"Villa Jaragua\"}',1);
INSERT INTO `__PREFIX__subadmin2` (`code`, `country_code`, `subadmin1_code`, `name`, `active`) VALUES ('DO.18.1808','DO','DO.18','{\"en\":\"Villa Isabela\"}',1);
INSERT INTO `__PREFIX__subadmin2` (`code`, `country_code`, `subadmin1_code`, `name`, `active`) VALUES ('DO.33.2105','DO','DO.33','{\"en\":\"Villa Altagracia\"}',1);
INSERT INTO `__PREFIX__subadmin2` (`code`, `country_code`, `subadmin1_code`, `name`, `active`) VALUES ('DO.03.0405','DO','DO.03','{\"en\":\"Vicente Noble\"}',1);
INSERT INTO `__PREFIX__subadmin2` (`code`, `country_code`, `subadmin1_code`, `name`, `active`) VALUES ('DO.23.2206','DO','DO.23','{\"en\":\"Vallejuelo\"}',1);
INSERT INTO `__PREFIX__subadmin2` (`code`, `country_code`, `subadmin1_code`, `name`, `active`) VALUES ('DO.19.1902','DO','DO.19','{\"en\":\"Tenares\"}',1);
INSERT INTO `__PREFIX__subadmin2` (`code`, `country_code`, `subadmin1_code`, `name`, `active`) VALUES ('DO.25.2506','DO','DO.25','{\"en\":\"Tamboril\"}',1);
INSERT INTO `__PREFIX__subadmin2` (`code`, `country_code`, `subadmin1_code`, `name`, `active`) VALUES ('DO.02.0303','DO','DO.02','{\"en\":\"Tamayo\"}',1);
INSERT INTO `__PREFIX__subadmin2` (`code`, `country_code`, `subadmin1_code`, `name`, `active`) VALUES ('DO.18.1807','DO','DO.18','{\"en\":\"Sosúa\"}',1);
INSERT INTO `__PREFIX__subadmin2` (`code`, `country_code`, `subadmin1_code`, `name`, `active`) VALUES ('DO.37.3203','DO','DO.37','{\"en\":\"Santo Domingo Norte\"}',1);
INSERT INTO `__PREFIX__subadmin2` (`code`, `country_code`, `subadmin1_code`, `name`, `active`) VALUES ('DO.25.2501','DO','DO.25','{\"en\":\"Santiago de los Caballeros\"}',1);
INSERT INTO `__PREFIX__subadmin2` (`code`, `country_code`, `subadmin1_code`, `name`, `active`) VALUES ('DO.10.1102','DO','DO.10','{\"en\":\"San Rafael del Yuma\"}',1);
INSERT INTO `__PREFIX__subadmin2` (`code`, `country_code`, `subadmin1_code`, `name`, `active`) VALUES ('DO.24.2301','DO','DO.24','{\"en\":\"San Pedro de Macorís\"}',1);
INSERT INTO `__PREFIX__subadmin2` (`code`, `country_code`, `subadmin1_code`, `name`, `active`) VALUES ('DO.23.2201','DO','DO.23','{\"en\":\"San Juan de la Maguana\"}',1);
INSERT INTO `__PREFIX__subadmin2` (`code`, `country_code`, `subadmin1_code`, `name`, `active`) VALUES ('DO.36.3101','DO','DO.36','{\"en\":\"San José de Ocoa\"}',1);
INSERT INTO `__PREFIX__subadmin2` (`code`, `country_code`, `subadmin1_code`, `name`, `active`) VALUES ('DO.25.2505','DO','DO.25','{\"en\":\"San José de Las Matas\"}',1);
INSERT INTO `__PREFIX__subadmin2` (`code`, `country_code`, `subadmin1_code`, `name`, `active`) VALUES ('DO.06.0601','DO','DO.06','{\"en\":\"San Francisco de Macorís\"}',1);
INSERT INTO `__PREFIX__subadmin2` (`code`, `country_code`, `subadmin1_code`, `name`, `active`) VALUES ('DO.33.2101','DO','DO.33','{\"en\":\"San Cristóbal\"}',1);
INSERT INTO `__PREFIX__subadmin2` (`code`, `country_code`, `subadmin1_code`, `name`, `active`) VALUES ('DO.20.2002','DO','DO.20','{\"en\":\"Sánchez\"}',1);
INSERT INTO `__PREFIX__subadmin2` (`code`, `country_code`, `subadmin1_code`, `name`, `active`) VALUES ('DO.20.2001','DO','DO.20','{\"en\":\"Samaná Municipality\"}',1);
INSERT INTO `__PREFIX__subadmin2` (`code`, `country_code`, `subadmin1_code`, `name`, `active`) VALUES ('DO.19.1901','DO','DO.19','{\"en\":\"Salcedo\"}',1);
INSERT INTO `__PREFIX__subadmin2` (`code`, `country_code`, `subadmin1_code`, `name`, `active`) VALUES ('DO.26.2601','DO','DO.26','{\"en\":\"San Ignacio de Sabaneta\"}',1);
INSERT INTO `__PREFIX__subadmin2` (`code`, `country_code`, `subadmin1_code`, `name`, `active`) VALUES ('DO.32.2903','DO','DO.32','{\"en\":\"Sabana Grande de Boyá\"}',1);
INSERT INTO `__PREFIX__subadmin2` (`code`, `country_code`, `subadmin1_code`, `name`, `active`) VALUES ('DO.29.3002','DO','DO.29','{\"en\":\"Sabana de La Mar\"}',1);
INSERT INTO `__PREFIX__subadmin2` (`code`, `country_code`, `subadmin1_code`, `name`, `active`) VALUES ('DO.14.1404','DO','DO.14','{\"en\":\"Río San Juan\"}',1);
INSERT INTO `__PREFIX__subadmin2` (`code`, `country_code`, `subadmin1_code`, `name`, `active`) VALUES ('DO.04.0504','DO','DO.04','{\"en\":\"Restauración\"}',1);
INSERT INTO `__PREFIX__subadmin2` (`code`, `country_code`, `subadmin1_code`, `name`, `active`) VALUES ('DO.24.2303','DO','DO.24','{\"en\":\"Ramón Santana\"}',1);
INSERT INTO `__PREFIX__subadmin2` (`code`, `country_code`, `subadmin1_code`, `name`, `active`) VALUES ('DO.18.1801','DO','DO.18','{\"en\":\"Puerto Plata\"}',1);
INSERT INTO `__PREFIX__subadmin2` (`code`, `country_code`, `subadmin1_code`, `name`, `active`) VALUES ('DO.09.1004','DO','DO.09','{\"en\":\"Postrer Río\"}',1);
INSERT INTO `__PREFIX__subadmin2` (`code`, `country_code`, `subadmin1_code`, `name`, `active`) VALUES ('DO.06.0604','DO','DO.06','{\"en\":\"Pimentel\"}',1);
INSERT INTO `__PREFIX__subadmin2` (`code`, `country_code`, `subadmin1_code`, `name`, `active`) VALUES ('DO.01.0205','DO','DO.01','{\"en\":\"Peralta\"}',1);
INSERT INTO `__PREFIX__subadmin2` (`code`, `country_code`, `subadmin1_code`, `name`, `active`) VALUES ('DO.15.1505','DO','DO.15','{\"en\":\"Pepillo Salcedo\"}',1);
INSERT INTO `__PREFIX__subadmin2` (`code`, `country_code`, `subadmin1_code`, `name`, `active`) VALUES ('DO.11.0705','DO','DO.11','{\"en\":\"Pedro Santana\"}',1);
INSERT INTO `__PREFIX__subadmin2` (`code`, `country_code`, `subadmin1_code`, `name`, `active`) VALUES ('DO.16.1601','DO','DO.16','{\"en\":\"Pedernales\"}',1);
INSERT INTO `__PREFIX__subadmin2` (`code`, `country_code`, `subadmin1_code`, `name`, `active`) VALUES ('DO.03.0404','DO','DO.03','{\"en\":\"Paraíso\"}',1);
INSERT INTO `__PREFIX__subadmin2` (`code`, `country_code`, `subadmin1_code`, `name`, `active`) VALUES ('DO.01.0204','DO','DO.01','{\"en\":\"Padre Las Casas\"}',1);
INSERT INTO `__PREFIX__subadmin2` (`code`, `country_code`, `subadmin1_code`, `name`, `active`) VALUES ('DO.16.1602','DO','DO.16','{\"en\":\"Oviedo\"}',1);
INSERT INTO `__PREFIX__subadmin2` (`code`, `country_code`, `subadmin1_code`, `name`, `active`) VALUES ('DO.35.1702','DO','DO.35','{\"en\":\"Nizao\"}',1);
INSERT INTO `__PREFIX__subadmin2` (`code`, `country_code`, `subadmin1_code`, `name`, `active`) VALUES ('DO.02.0301','DO','DO.02','{\"en\":\"Neiba\"}',1);
INSERT INTO `__PREFIX__subadmin2` (`code`, `country_code`, `subadmin1_code`, `name`, `active`) VALUES ('DO.14.1401','DO','DO.14','{\"en\":\"Nagua\"}',1);
INSERT INTO `__PREFIX__subadmin2` (`code`, `country_code`, `subadmin1_code`, `name`, `active`) VALUES ('DO.32.2901','DO','DO.32','{\"en\":\"Monte Plata\"}',1);
INSERT INTO `__PREFIX__subadmin2` (`code`, `country_code`, `subadmin1_code`, `name`, `active`) VALUES ('DO.15.1501','DO','DO.15','{\"en\":\"Monte Cristi\"}',1);
INSERT INTO `__PREFIX__subadmin2` (`code`, `country_code`, `subadmin1_code`, `name`, `active`) VALUES ('DO.26.2603','DO','DO.26','{\"en\":\"Monción\"}',1);
INSERT INTO `__PREFIX__subadmin2` (`code`, `country_code`, `subadmin1_code`, `name`, `active`) VALUES ('DO.08.0901','DO','DO.08','{\"en\":\"Moca\"}',1);
INSERT INTO `__PREFIX__subadmin2` (`code`, `country_code`, `subadmin1_code`, `name`, `active`) VALUES ('DO.28.0802','DO','DO.28','{\"en\":\"Miches\"}',1);
INSERT INTO `__PREFIX__subadmin2` (`code`, `country_code`, `subadmin1_code`, `name`, `active`) VALUES ('DO.27.2701','DO','DO.27','{\"en\":\"Mao\"}',1);
INSERT INTO `__PREFIX__subadmin2` (`code`, `country_code`, `subadmin1_code`, `name`, `active`) VALUES ('DO.31.2802','DO','DO.31','{\"en\":\"Maimón\"}',1);
INSERT INTO `__PREFIX__subadmin2` (`code`, `country_code`, `subadmin1_code`, `name`, `active`) VALUES ('DO.18.1806','DO','DO.18','{\"en\":\"Luperón\"}',1);
INSERT INTO `__PREFIX__subadmin2` (`code`, `country_code`, `subadmin1_code`, `name`, `active`) VALUES ('DO.24.2302','DO','DO.24','{\"en\":\"Los Llanos\"}',1);
INSERT INTO `__PREFIX__subadmin2` (`code`, `country_code`, `subadmin1_code`, `name`, `active`) VALUES ('DO.18.1805','DO','DO.18','{\"en\":\"Los Hidalgos\"}',1);
INSERT INTO `__PREFIX__subadmin2` (`code`, `country_code`, `subadmin1_code`, `name`, `active`) VALUES ('DO.04.0502','DO','DO.04','{\"en\":\"Loma de Cabrera\"}',1);
INSERT INTO `__PREFIX__subadmin2` (`code`, `country_code`, `subadmin1_code`, `name`, `active`) VALUES ('DO.25.2504','DO','DO.25','{\"en\":\"Licey al Medio\"}',1);
INSERT INTO `__PREFIX__subadmin2` (`code`, `country_code`, `subadmin1_code`, `name`, `active`) VALUES ('DO.30.1301','DO','DO.30','{\"en\":\"La Vega\"}',1);
INSERT INTO `__PREFIX__subadmin2` (`code`, `country_code`, `subadmin1_code`, `name`, `active`) VALUES ('DO.15.1504','DO','DO.15','{\"en\":\"Las Matas de Santa Cruz\"}',1);
INSERT INTO `__PREFIX__subadmin2` (`code`, `country_code`, `subadmin1_code`, `name`, `active`) VALUES ('DO.23.2205','DO','DO.23','{\"en\":\"Las Matas de Farfán\"}',1);
INSERT INTO `__PREFIX__subadmin2` (`code`, `country_code`, `subadmin1_code`, `name`, `active`) VALUES ('DO.12.1201','DO','DO.12','{\"en\":\"La Romana\"}',1);
INSERT INTO `__PREFIX__subadmin2` (`code`, `country_code`, `subadmin1_code`, `name`, `active`) VALUES ('DO.27.2703','DO','DO.27','{\"en\":\"Laguna Salada\"}',1);
INSERT INTO `__PREFIX__subadmin2` (`code`, `country_code`, `subadmin1_code`, `name`, `active`) VALUES ('DO.09.1003','DO','DO.09','{\"en\":\"La Descubierta\"}',1);
INSERT INTO `__PREFIX__subadmin2` (`code`, `country_code`, `subadmin1_code`, `name`, `active`) VALUES ('DO.09.1001','DO','DO.09','{\"en\":\"Jimaní\"}',1);
INSERT INTO `__PREFIX__subadmin2` (`code`, `country_code`, `subadmin1_code`, `name`, `active`) VALUES ('DO.30.1303','DO','DO.30','{\"en\":\"Jarabacoa\"}',1);
INSERT INTO `__PREFIX__subadmin2` (`code`, `country_code`, `subadmin1_code`, `name`, `active`) VALUES ('DO.25.2503','DO','DO.25','{\"en\":\"Jánico\"}',1);
INSERT INTO `__PREFIX__subadmin2` (`code`, `country_code`, `subadmin1_code`, `name`, `active`) VALUES ('DO.18.1804','DO','DO.18','{\"en\":\"Imbert\"}',1);
INSERT INTO `__PREFIX__subadmin2` (`code`, `country_code`, `subadmin1_code`, `name`, `active`) VALUES ('DO.11.0704','DO','DO.11','{\"en\":\"Hondo Valle\"}',1);
INSERT INTO `__PREFIX__subadmin2` (`code`, `country_code`, `subadmin1_code`, `name`, `active`) VALUES ('DO.10.1101','DO','DO.10','{\"en\":\"Higüey\"}',1);
INSERT INTO `__PREFIX__subadmin2` (`code`, `country_code`, `subadmin1_code`, `name`, `active`) VALUES ('DO.29.3001','DO','DO.29','{\"en\":\"Hato Mayor\"}',1);
INSERT INTO `__PREFIX__subadmin2` (`code`, `country_code`, `subadmin1_code`, `name`, `active`) VALUES ('DO.15.1503','DO','DO.15','{\"en\":\"Guayubín\"}',1);
INSERT INTO `__PREFIX__subadmin2` (`code`, `country_code`, `subadmin1_code`, `name`, `active`) VALUES ('DO.12.1202','DO','DO.12','{\"en\":\"Guaymate\"}',1);
INSERT INTO `__PREFIX__subadmin2` (`code`, `country_code`, `subadmin1_code`, `name`, `active`) VALUES ('DO.08.0903','DO','DO.08','{\"en\":\"Gaspar Hernández\"}',1);
INSERT INTO `__PREFIX__subadmin2` (`code`, `country_code`, `subadmin1_code`, `name`, `active`) VALUES ('DO.21.2403','DO','DO.21','{\"en\":\"Fantino\"}',1);
INSERT INTO `__PREFIX__subadmin2` (`code`, `country_code`, `subadmin1_code`, `name`, `active`) VALUES ('DO.27.2702','DO','DO.27','{\"en\":\"Esperanza\"}',1);
INSERT INTO `__PREFIX__subadmin2` (`code`, `country_code`, `subadmin1_code`, `name`, `active`) VALUES ('DO.03.0403','DO','DO.03','{\"en\":\"Enriquillo\"}',1);
INSERT INTO `__PREFIX__subadmin2` (`code`, `country_code`, `subadmin1_code`, `name`, `active`) VALUES ('DO.29.3003','DO','DO.29','{\"en\":\"El Valle\"}',1);
INSERT INTO `__PREFIX__subadmin2` (`code`, `country_code`, `subadmin1_code`, `name`, `active`) VALUES ('DO.28.0801','DO','DO.28','{\"en\":\"El Seibo\"}',1);
INSERT INTO `__PREFIX__subadmin2` (`code`, `country_code`, `subadmin1_code`, `name`, `active`) VALUES ('DO.11.0703','DO','DO.11','{\"en\":\"El Llano\"}',1);
INSERT INTO `__PREFIX__subadmin2` (`code`, `country_code`, `subadmin1_code`, `name`, `active`) VALUES ('DO.14.1403','DO','DO.14','{\"en\":\"El Factor\"}',1);
INSERT INTO `__PREFIX__subadmin2` (`code`, `country_code`, `subadmin1_code`, `name`, `active`) VALUES ('DO.23.2203','DO','DO.23','{\"en\":\"El Cercado\"}',1);
INSERT INTO `__PREFIX__subadmin2` (`code`, `country_code`, `subadmin1_code`, `name`, `active`) VALUES ('DO.09.1002','DO','DO.09','{\"en\":\"Duvergé\"}',1);
INSERT INTO `__PREFIX__subadmin2` (`code`, `country_code`, `subadmin1_code`, `name`, `active`) VALUES ('DO.04.0501','DO','DO.04','{\"en\":\"Dajabón\"}',1);
INSERT INTO `__PREFIX__subadmin2` (`code`, `country_code`, `subadmin1_code`, `name`, `active`) VALUES ('DO.21.2401','DO','DO.21','{\"en\":\"Cotuí\"}',1);
INSERT INTO `__PREFIX__subadmin2` (`code`, `country_code`, `subadmin1_code`, `name`, `active`) VALUES ('DO.30.1302','DO','DO.30','{\"en\":\"Constanza\"}',1);
INSERT INTO `__PREFIX__subadmin2` (`code`, `country_code`, `subadmin1_code`, `name`, `active`) VALUES ('DO.11.0701','DO','DO.11','{\"en\":\"Comendador\"}',1);
INSERT INTO `__PREFIX__subadmin2` (`code`, `country_code`, `subadmin1_code`, `name`, `active`) VALUES ('DO.21.2402','DO','DO.21','{\"en\":\"Cevicos\"}',1);
INSERT INTO `__PREFIX__subadmin2` (`code`, `country_code`, `subadmin1_code`, `name`, `active`) VALUES ('DO.08.0902','DO','DO.08','{\"en\":\"Cayetano Germosén\"}',1);
INSERT INTO `__PREFIX__subadmin2` (`code`, `country_code`, `subadmin1_code`, `name`, `active`) VALUES ('DO.06.0603','DO','DO.06','{\"en\":\"Castillo\"}',1);
INSERT INTO `__PREFIX__subadmin2` (`code`, `country_code`, `subadmin1_code`, `name`, `active`) VALUES ('DO.15.1502','DO','DO.15','{\"en\":\"Castañuelas\"}',1);
INSERT INTO `__PREFIX__subadmin2` (`code`, `country_code`, `subadmin1_code`, `name`, `active`) VALUES ('DO.33.2104','DO','DO.33','{\"en\":\"Cambita Garabitos\"}',1);
INSERT INTO `__PREFIX__subadmin2` (`code`, `country_code`, `subadmin1_code`, `name`, `active`) VALUES ('DO.14.1402','DO','DO.14','{\"en\":\"Cabrera\"}',1);
INSERT INTO `__PREFIX__subadmin2` (`code`, `country_code`, `subadmin1_code`, `name`, `active`) VALUES ('DO.03.0402','DO','DO.03','{\"en\":\"Cabral\"}',1);
INSERT INTO `__PREFIX__subadmin2` (`code`, `country_code`, `subadmin1_code`, `name`, `active`) VALUES ('DO.31.2801','DO','DO.31','{\"en\":\"Bonao\"}',1);
INSERT INTO `__PREFIX__subadmin2` (`code`, `country_code`, `subadmin1_code`, `name`, `active`) VALUES ('DO.23.2202','DO','DO.23','{\"en\":\"Bohechío\"}',1);
INSERT INTO `__PREFIX__subadmin2` (`code`, `country_code`, `subadmin1_code`, `name`, `active`) VALUES ('DO.25.2502','DO','DO.25','{\"en\":\"Bisonó\"}',1);
INSERT INTO `__PREFIX__subadmin2` (`code`, `country_code`, `subadmin1_code`, `name`, `active`) VALUES ('DO.32.2902','DO','DO.32','{\"en\":\"Bayaguana\"}',1);
INSERT INTO `__PREFIX__subadmin2` (`code`, `country_code`, `subadmin1_code`, `name`, `active`) VALUES ('DO.03.0401','DO','DO.03','{\"en\":\"Barahona\"}',1);
INSERT INTO `__PREFIX__subadmin2` (`code`, `country_code`, `subadmin1_code`, `name`, `active`) VALUES ('DO.11.0702','DO','DO.11','{\"en\":\"Bánica\"}',1);
INSERT INTO `__PREFIX__subadmin2` (`code`, `country_code`, `subadmin1_code`, `name`, `active`) VALUES ('DO.35.1701','DO','DO.35','{\"en\":\"Baní\"}',1);
INSERT INTO `__PREFIX__subadmin2` (`code`, `country_code`, `subadmin1_code`, `name`, `active`) VALUES ('DO.33.2103','DO','DO.33','{\"en\":\"Bajos de Haina\"}',1);
INSERT INTO `__PREFIX__subadmin2` (`code`, `country_code`, `subadmin1_code`, `name`, `active`) VALUES ('DO.01.0201','DO','DO.01','{\"en\":\"Azua\"}',1);
INSERT INTO `__PREFIX__subadmin2` (`code`, `country_code`, `subadmin1_code`, `name`, `active`) VALUES ('DO.18.1802','DO','DO.18','{\"en\":\"Altamira\"}',1);
INSERT INTO `__PREFIX__subadmin2` (`code`, `country_code`, `subadmin1_code`, `name`, `active`) VALUES ('DO.01.0208','DO','DO.01','{\"en\":\"Tábara Arriba\"}',1);
INSERT INTO `__PREFIX__subadmin2` (`code`, `country_code`, `subadmin1_code`, `name`, `active`) VALUES ('DO.01.0209','DO','DO.01','{\"en\":\"Guayabal\"}',1);
INSERT INTO `__PREFIX__subadmin2` (`code`, `country_code`, `subadmin1_code`, `name`, `active`) VALUES ('DO.01.0210','DO','DO.01','{\"en\":\"Estebanía\"}',1);
INSERT INTO `__PREFIX__subadmin2` (`code`, `country_code`, `subadmin1_code`, `name`, `active`) VALUES ('DO.02.0302','DO','DO.02','{\"en\":\"Galván\"}',1);
INSERT INTO `__PREFIX__subadmin2` (`code`, `country_code`, `subadmin1_code`, `name`, `active`) VALUES ('DO.03.0409','DO','DO.03','{\"en\":\"Las Salinas\"}',1);
INSERT INTO `__PREFIX__subadmin2` (`code`, `country_code`, `subadmin1_code`, `name`, `active`) VALUES ('DO.03.0410','DO','DO.03','{\"en\":\"Polo\"}',1);
INSERT INTO `__PREFIX__subadmin2` (`code`, `country_code`, `subadmin1_code`, `name`, `active`) VALUES ('DO.03.0411','DO','DO.03','{\"en\":\"Jaquimeyes\"}',1);
INSERT INTO `__PREFIX__subadmin2` (`code`, `country_code`, `subadmin1_code`, `name`, `active`) VALUES ('DO.04.0503','DO','DO.04','{\"en\":\"Partido\"}',1);
INSERT INTO `__PREFIX__subadmin2` (`code`, `country_code`, `subadmin1_code`, `name`, `active`) VALUES ('DO.04.0505','DO','DO.04','{\"en\":\"El Pino\"}',1);
INSERT INTO `__PREFIX__subadmin2` (`code`, `country_code`, `subadmin1_code`, `name`, `active`) VALUES ('DO.06.0602','DO','DO.06','{\"en\":\"Arenoso\"}',1);
INSERT INTO `__PREFIX__subadmin2` (`code`, `country_code`, `subadmin1_code`, `name`, `active`) VALUES ('DO.06.0606','DO','DO.06','{\"en\":\"Las Guáranas\"}',1);
INSERT INTO `__PREFIX__subadmin2` (`code`, `country_code`, `subadmin1_code`, `name`, `active`) VALUES ('DO.06.0607','DO','DO.06','{\"en\":\"Eugenio María De Hostos\"}',1);
INSERT INTO `__PREFIX__subadmin2` (`code`, `country_code`, `subadmin1_code`, `name`, `active`) VALUES ('DO.09.1006','DO','DO.09','{\"en\":\"Mella\"}',1);
INSERT INTO `__PREFIX__subadmin2` (`code`, `country_code`, `subadmin1_code`, `name`, `active`) VALUES ('DO.03.0406','DO','DO.03','{\"en\":\"El Peñón\"}',1);
INSERT INTO `__PREFIX__subadmin2` (`code`, `country_code`, `subadmin1_code`, `name`, `active`) VALUES ('DO.03.0407','DO','DO.03','{\"en\":\"La Ciénaga\"}',1);
INSERT INTO `__PREFIX__subadmin2` (`code`, `country_code`, `subadmin1_code`, `name`, `active`) VALUES ('DO.34.0101','DO','DO.34','{\"en\":\"Santo Domingo De Guzmán\"}',1);
INSERT INTO `__PREFIX__subadmin2` (`code`, `country_code`, `subadmin1_code`, `name`, `active`) VALUES ('DO.01.0202','DO','DO.01','{\"en\":\"Las Charcas\"}',1);
INSERT INTO `__PREFIX__subadmin2` (`code`, `country_code`, `subadmin1_code`, `name`, `active`) VALUES ('DO.01.0203','DO','DO.01','{\"en\":\"Las Yayas De Viajama\"}',1);
INSERT INTO `__PREFIX__subadmin2` (`code`, `country_code`, `subadmin1_code`, `name`, `active`) VALUES ('DO.01.0206','DO','DO.01','{\"en\":\"Sabana Yegua\"}',1);
INSERT INTO `__PREFIX__subadmin2` (`code`, `country_code`, `subadmin1_code`, `name`, `active`) VALUES ('DO.01.0207','DO','DO.01','{\"en\":\"Pueblo Viejo\"}',1);
INSERT INTO `__PREFIX__subadmin2` (`code`, `country_code`, `subadmin1_code`, `name`, `active`) VALUES ('DO.09.1005','DO','DO.09','{\"en\":\"Cristóbal\"}',1);
INSERT INTO `__PREFIX__subadmin2` (`code`, `country_code`, `subadmin1_code`, `name`, `active`) VALUES ('DO.12.1203','DO','DO.12','{\"en\":\"Villa Hermosa\"}',1);
INSERT INTO `__PREFIX__subadmin2` (`code`, `country_code`, `subadmin1_code`, `name`, `active`) VALUES ('DO.18.1809','DO','DO.18','{\"en\":\"Villa Montellano\"}',1);
INSERT INTO `__PREFIX__subadmin2` (`code`, `country_code`, `subadmin1_code`, `name`, `active`) VALUES ('DO.20.2003','DO','DO.20','{\"en\":\"Las Terrenas\"}',1);
INSERT INTO `__PREFIX__subadmin2` (`code`, `country_code`, `subadmin1_code`, `name`, `active`) VALUES ('DO.33.2102','DO','DO.33','{\"en\":\"Sabana Grande De Palenque\"}',1);
INSERT INTO `__PREFIX__subadmin2` (`code`, `country_code`, `subadmin1_code`, `name`, `active`) VALUES ('DO.33.2107','DO','DO.33','{\"en\":\"San Gregorio De Nigua\"}',1);
INSERT INTO `__PREFIX__subadmin2` (`code`, `country_code`, `subadmin1_code`, `name`, `active`) VALUES ('DO.33.2108','DO','DO.33','{\"en\":\"Los Cacaos\"}',1);
INSERT INTO `__PREFIX__subadmin2` (`code`, `country_code`, `subadmin1_code`, `name`, `active`) VALUES ('DO.23.2204','DO','DO.23','{\"en\":\"Juan De Herrera\"}',1);
INSERT INTO `__PREFIX__subadmin2` (`code`, `country_code`, `subadmin1_code`, `name`, `active`) VALUES ('DO.24.2304','DO','DO.24','{\"en\":\"Consuelo\"}',1);
INSERT INTO `__PREFIX__subadmin2` (`code`, `country_code`, `subadmin1_code`, `name`, `active`) VALUES ('DO.24.2305','DO','DO.24','{\"en\":\"Quisqueya\"}',1);
INSERT INTO `__PREFIX__subadmin2` (`code`, `country_code`, `subadmin1_code`, `name`, `active`) VALUES ('DO.24.2306','DO','DO.24','{\"en\":\"Guayacanes\"}',1);
INSERT INTO `__PREFIX__subadmin2` (`code`, `country_code`, `subadmin1_code`, `name`, `active`) VALUES ('DO.21.2404','DO','DO.21','{\"en\":\"La Mata\"}',1);
INSERT INTO `__PREFIX__subadmin2` (`code`, `country_code`, `subadmin1_code`, `name`, `active`) VALUES ('DO.25.2507','DO','DO.25','{\"en\":\"Villa González\"}',1);
INSERT INTO `__PREFIX__subadmin2` (`code`, `country_code`, `subadmin1_code`, `name`, `active`) VALUES ('DO.25.2508','DO','DO.25','{\"en\":\"Puñal\"}',1);
INSERT INTO `__PREFIX__subadmin2` (`code`, `country_code`, `subadmin1_code`, `name`, `active`) VALUES ('DO.25.2509','DO','DO.25','{\"en\":\"Sabana Iglesia\"}',1);
INSERT INTO `__PREFIX__subadmin2` (`code`, `country_code`, `subadmin1_code`, `name`, `active`) VALUES ('DO.26.2602','DO','DO.26','{\"en\":\"Villa Los Almácigos\"}',1);
INSERT INTO `__PREFIX__subadmin2` (`code`, `country_code`, `subadmin1_code`, `name`, `active`) VALUES ('DO.37.3201','DO','DO.37','{\"en\":\"Santo Domingo Este\"}',1);
INSERT INTO `__PREFIX__subadmin2` (`code`, `country_code`, `subadmin1_code`, `name`, `active`) VALUES ('DO.37.3202','DO','DO.37','{\"en\":\"Santo Domingo Oeste\"}',1);
INSERT INTO `__PREFIX__subadmin2` (`code`, `country_code`, `subadmin1_code`, `name`, `active`) VALUES ('DO.37.3204','DO','DO.37','{\"en\":\"Boca Chica\"}',1);
INSERT INTO `__PREFIX__subadmin2` (`code`, `country_code`, `subadmin1_code`, `name`, `active`) VALUES ('DO.37.3205','DO','DO.37','{\"en\":\"San Antonio De Guerra\"}',1);
INSERT INTO `__PREFIX__subadmin2` (`code`, `country_code`, `subadmin1_code`, `name`, `active`) VALUES ('DO.37.3206','DO','DO.37','{\"en\":\"Los Alcarrizos\"}',1);
INSERT INTO `__PREFIX__subadmin2` (`code`, `country_code`, `subadmin1_code`, `name`, `active`) VALUES ('DO.37.3207','DO','DO.37','{\"en\":\"Pedro Brand\"}',1);
INSERT INTO `__PREFIX__subadmin2` (`code`, `country_code`, `subadmin1_code`, `name`, `active`) VALUES ('DO.11.0706','DO','DO.11','{\"en\":\"Juan Santiago\"}',1);
INSERT INTO `__PREFIX__subadmin2` (`code`, `country_code`, `subadmin1_code`, `name`, `active`) VALUES ('DO.08.0904','DO','DO.08','{\"en\":\"Jamao Al Norte\"}',1);
INSERT INTO `__PREFIX__subadmin2` (`code`, `country_code`, `subadmin1_code`, `name`, `active`) VALUES ('DO.30.1304','DO','DO.30','{\"en\":\"Jima Abajo\"}',1);
INSERT INTO `__PREFIX__subadmin2` (`code`, `country_code`, `subadmin1_code`, `name`, `active`) VALUES ('DO.18.1803','DO','DO.18','{\"en\":\"Guananico\"}',1);
INSERT INTO `__PREFIX__subadmin2` (`code`, `country_code`, `subadmin1_code`, `name`, `active`) VALUES ('DO.31.2803','DO','DO.31','{\"en\":\"Piedra Blanca\"}',1);
INSERT INTO `__PREFIX__subadmin2` (`code`, `country_code`, `subadmin1_code`, `name`, `active`) VALUES ('DO.32.2905','DO','DO.32','{\"en\":\"Peralvillo\"}',1);
INSERT INTO `__PREFIX__subadmin2` (`code`, `country_code`, `subadmin1_code`, `name`, `active`) VALUES ('DO.36.3102','DO','DO.36','{\"en\":\"Sabana Larga\"}',1);
INSERT INTO `__PREFIX__subadmin2` (`code`, `country_code`, `subadmin1_code`, `name`, `active`) VALUES ('DO.36.3103','DO','DO.36','{\"en\":\"Rancho Arriba\"}',1);
INSERT INTO `__PREFIX__subadmin2` (`code`, `country_code`, `subadmin1_code`, `name`, `active`) VALUES ('DO.02.0305','DO','DO.02','{\"en\":\"Los Ríos\"}',1);
INSERT INTO `__PREFIX__subadmin2` (`code`, `country_code`, `subadmin1_code`, `name`, `active`) VALUES ('DO.03.0408','DO','DO.03','{\"en\":\"Fundación\"}',1);
/*!40000 ALTER TABLE `__PREFIX__subadmin2` ENABLE KEYS */;

--
-- Dumping data for table `__PREFIX__cities`
--

/*!40000 ALTER TABLE `__PREFIX__cities` DISABLE KEYS */;
INSERT INTO `__PREFIX__cities` (`country_code`, `name`, `longitude`, `latitude`, `feature_class`, `feature_code`, `subadmin1_code`, `subadmin2_code`, `population`, `time_zone`, `active`, `created_at`, `updated_at`) VALUES ('DO','{\"en\":\"Yayas de Viajama\"}',-70.93,18.61,'P','PPL','DO.01','DO.01.0203',5669,'America/Santo_Domingo',1,'2016-06-04 23:00:00','2016-06-04 23:00:00');
INSERT INTO `__PREFIX__cities` (`country_code`, `name`, `longitude`, `latitude`, `feature_class`, `feature_code`, `subadmin1_code`, `subadmin2_code`, `population`, `time_zone`, `active`, `created_at`, `updated_at`) VALUES ('DO','{\"en\":\"Yamasá\"}',-70.03,18.77,'P','PPL','DO.32','DO.32.2904',11595,'America/Santo_Domingo',1,'2016-06-04 23:00:00','2016-06-04 23:00:00');
INSERT INTO `__PREFIX__cities` (`country_code`, `name`, `longitude`, `latitude`, `feature_class`, `feature_code`, `subadmin1_code`, `subadmin2_code`, `population`, `time_zone`, `active`, `created_at`, `updated_at`) VALUES ('DO','{\"en\":\"Yaguate\"}',-70.18,18.34,'P','PPL','DO.33','DO.33.2106',5610,'America/Santo_Domingo',1,'2016-06-04 23:00:00','2016-06-04 23:00:00');
INSERT INTO `__PREFIX__cities` (`country_code`, `name`, `longitude`, `latitude`, `feature_class`, `feature_code`, `subadmin1_code`, `subadmin2_code`, `population`, `time_zone`, `active`, `created_at`, `updated_at`) VALUES ('DO','{\"en\":\"Villa Vásquez\"}',-71.45,19.74,'P','PPL','DO.15','DO.15.1506',11642,'America/Santo_Domingo',1,'2016-06-04 23:00:00','2016-06-04 23:00:00');
INSERT INTO `__PREFIX__cities` (`country_code`, `name`, `longitude`, `latitude`, `feature_class`, `feature_code`, `subadmin1_code`, `subadmin2_code`, `population`, `time_zone`, `active`, `created_at`, `updated_at`) VALUES ('DO','{\"en\":\"Villa Riva\"}',-69.91,19.18,'P','PPL','DO.06','DO.06.0605',5700,'America/Santo_Domingo',1,'2016-06-04 23:00:00','2016-06-04 23:00:00');
INSERT INTO `__PREFIX__cities` (`country_code`, `name`, `longitude`, `latitude`, `feature_class`, `feature_code`, `subadmin1_code`, `subadmin2_code`, `population`, `time_zone`, `active`, `created_at`, `updated_at`) VALUES ('DO','{\"en\":\"Villa Jaragua\"}',-71.48,18.49,'P','PPL','DO.02','DO.02.0304',9248,'America/Santo_Domingo',1,'2016-06-04 23:00:00','2016-06-04 23:00:00');
INSERT INTO `__PREFIX__cities` (`country_code`, `name`, `longitude`, `latitude`, `feature_class`, `feature_code`, `subadmin1_code`, `subadmin2_code`, `population`, `time_zone`, `active`, `created_at`, `updated_at`) VALUES ('DO','{\"en\":\"Villa González\"}',-70.79,19.54,'P','PPL','DO.25','DO.25.2507',10177,'America/Santo_Domingo',1,'2016-06-04 23:00:00','2016-06-04 23:00:00');
INSERT INTO `__PREFIX__cities` (`country_code`, `name`, `longitude`, `latitude`, `feature_class`, `feature_code`, `subadmin1_code`, `subadmin2_code`, `population`, `time_zone`, `active`, `created_at`, `updated_at`) VALUES ('DO','{\"en\":\"Villa Francisca\"}',-69.89,18.48,'P','PPLX','DO.34','DO.34.0101',50185,'America/Santo_Domingo',1,'2017-01-30 23:00:00','2017-01-30 23:00:00');
INSERT INTO `__PREFIX__cities` (`country_code`, `name`, `longitude`, `latitude`, `feature_class`, `feature_code`, `subadmin1_code`, `subadmin2_code`, `population`, `time_zone`, `active`, `created_at`, `updated_at`) VALUES ('DO','{\"en\":\"Villa Consuelo\"}',-69.90,18.48,'P','PPLX','DO.34','DO.34.0101',28621,'America/Santo_Domingo',1,'2016-06-04 23:00:00','2016-06-04 23:00:00');
INSERT INTO `__PREFIX__cities` (`country_code`, `name`, `longitude`, `latitude`, `feature_class`, `feature_code`, `subadmin1_code`, `subadmin2_code`, `population`, `time_zone`, `active`, `created_at`, `updated_at`) VALUES ('DO','{\"en\":\"Villa Bisonó\"}',-70.88,19.56,'P','PPL','DO.25','DO.25.2502',33137,'America/Santo_Domingo',1,'2016-06-04 23:00:00','2016-06-04 23:00:00');
INSERT INTO `__PREFIX__cities` (`country_code`, `name`, `longitude`, `latitude`, `feature_class`, `feature_code`, `subadmin1_code`, `subadmin2_code`, `population`, `time_zone`, `active`, `created_at`, `updated_at`) VALUES ('DO','{\"en\":\"Villa Altagracia\"}',-70.17,18.67,'P','PPL','DO.33','DO.33.2105',40027,'America/Santo_Domingo',1,'2016-06-04 23:00:00','2016-06-04 23:00:00');
INSERT INTO `__PREFIX__cities` (`country_code`, `name`, `longitude`, `latitude`, `feature_class`, `feature_code`, `subadmin1_code`, `subadmin2_code`, `population`, `time_zone`, `active`, `created_at`, `updated_at`) VALUES ('DO','{\"en\":\"Vicente Noble\"}',-71.18,18.38,'P','PPL','DO.03','DO.03.0405',11060,'America/Santo_Domingo',1,'2016-06-04 23:00:00','2016-06-04 23:00:00');
INSERT INTO `__PREFIX__cities` (`country_code`, `name`, `longitude`, `latitude`, `feature_class`, `feature_code`, `subadmin1_code`, `subadmin2_code`, `population`, `time_zone`, `active`, `created_at`, `updated_at`) VALUES ('DO','{\"en\":\"Veragua Arriba\"}',-70.33,19.58,'P','PPL','DO.08','DO.08.0903',5858,'America/Santo_Domingo',1,'2016-06-04 23:00:00','2016-06-04 23:00:00');
INSERT INTO `__PREFIX__cities` (`country_code`, `name`, `longitude`, `latitude`, `feature_class`, `feature_code`, `subadmin1_code`, `subadmin2_code`, `population`, `time_zone`, `active`, `created_at`, `updated_at`) VALUES ('DO','{\"en\":\"Vallejuelo\"}',-71.33,18.65,'P','PPL','DO.23','DO.23.2206',5217,'America/Santo_Domingo',1,'2016-06-04 23:00:00','2016-06-04 23:00:00');
INSERT INTO `__PREFIX__cities` (`country_code`, `name`, `longitude`, `latitude`, `feature_class`, `feature_code`, `subadmin1_code`, `subadmin2_code`, `population`, `time_zone`, `active`, `created_at`, `updated_at`) VALUES ('DO','{\"en\":\"Tenares\"}',-70.35,19.37,'P','PPL','DO.19','DO.19.1902',7390,'America/Santo_Domingo',1,'2016-06-04 23:00:00','2016-06-04 23:00:00');
INSERT INTO `__PREFIX__cities` (`country_code`, `name`, `longitude`, `latitude`, `feature_class`, `feature_code`, `subadmin1_code`, `subadmin2_code`, `population`, `time_zone`, `active`, `created_at`, `updated_at`) VALUES ('DO','{\"en\":\"Tamboril\"}',-70.61,19.49,'P','PPL','DO.25','DO.25.2506',23304,'America/Santo_Domingo',1,'2016-06-04 23:00:00','2016-06-04 23:00:00');
INSERT INTO `__PREFIX__cities` (`country_code`, `name`, `longitude`, `latitude`, `feature_class`, `feature_code`, `subadmin1_code`, `subadmin2_code`, `population`, `time_zone`, `active`, `created_at`, `updated_at`) VALUES ('DO','{\"en\":\"Tamayo\"}',-71.20,18.39,'P','PPL','DO.02','DO.02.0303',6429,'America/Santo_Domingo',1,'2016-06-04 23:00:00','2016-06-04 23:00:00');
INSERT INTO `__PREFIX__cities` (`country_code`, `name`, `longitude`, `latitude`, `feature_class`, `feature_code`, `subadmin1_code`, `subadmin2_code`, `population`, `time_zone`, `active`, `created_at`, `updated_at`) VALUES ('DO','{\"en\":\"Sosúa\"}',-70.52,19.75,'P','PPL','DO.18','DO.18.1807',7713,'America/Santo_Domingo',1,'2018-03-14 23:00:00','2018-03-14 23:00:00');
INSERT INTO `__PREFIX__cities` (`country_code`, `name`, `longitude`, `latitude`, `feature_class`, `feature_code`, `subadmin1_code`, `subadmin2_code`, `population`, `time_zone`, `active`, `created_at`, `updated_at`) VALUES ('DO','{\"en\":\"San Víctor Arriba\"}',-70.54,19.48,'P','PPL','DO.08','DO.08.0901',5624,'America/Santo_Domingo',1,'2016-06-04 23:00:00','2016-06-04 23:00:00');
INSERT INTO `__PREFIX__cities` (`country_code`, `name`, `longitude`, `latitude`, `feature_class`, `feature_code`, `subadmin1_code`, `subadmin2_code`, `population`, `time_zone`, `active`, `created_at`, `updated_at`) VALUES ('DO','{\"en\":\"Santo Domingo\"}',-69.89,18.47,'P','PPLC','DO.34','DO.34.0101',2201941,'America/Santo_Domingo',1,'2020-02-21 23:00:00','2020-02-21 23:00:00');
INSERT INTO `__PREFIX__cities` (`country_code`, `name`, `longitude`, `latitude`, `feature_class`, `feature_code`, `subadmin1_code`, `subadmin2_code`, `population`, `time_zone`, `active`, `created_at`, `updated_at`) VALUES ('DO','{\"en\":\"Santiago de los Caballeros\"}',-70.70,19.45,'P','PPLA','DO.25','DO.25.2501',1200000,'America/Santo_Domingo',1,'2020-10-22 23:00:00','2020-10-22 23:00:00');
INSERT INTO `__PREFIX__cities` (`country_code`, `name`, `longitude`, `latitude`, `feature_class`, `feature_code`, `subadmin1_code`, `subadmin2_code`, `population`, `time_zone`, `active`, `created_at`, `updated_at`) VALUES ('DO','{\"en\":\"Santa Cruz de El Seibo\"}',-69.04,18.77,'P','PPLA','DO.28','DO.28.0801',23547,'America/Santo_Domingo',1,'2016-06-04 23:00:00','2016-06-04 23:00:00');
INSERT INTO `__PREFIX__cities` (`country_code`, `name`, `longitude`, `latitude`, `feature_class`, `feature_code`, `subadmin1_code`, `subadmin2_code`, `population`, `time_zone`, `active`, `created_at`, `updated_at`) VALUES ('DO','{\"en\":\"Santa Cruz de Barahona\"}',-71.10,18.21,'P','PPLA','DO.03','DO.03.0401',77160,'America/Santo_Domingo',1,'2016-06-04 23:00:00','2016-06-04 23:00:00');
INSERT INTO `__PREFIX__cities` (`country_code`, `name`, `longitude`, `latitude`, `feature_class`, `feature_code`, `subadmin1_code`, `subadmin2_code`, `population`, `time_zone`, `active`, `created_at`, `updated_at`) VALUES ('DO','{\"en\":\"Samaná\"}',-69.34,19.21,'P','PPLA','DO.20','DO.20.2001',11432,'America/Santo_Domingo',1,'2016-06-04 23:00:00','2016-06-04 23:00:00');
INSERT INTO `__PREFIX__cities` (`country_code`, `name`, `longitude`, `latitude`, `feature_class`, `feature_code`, `subadmin1_code`, `subadmin2_code`, `population`, `time_zone`, `active`, `created_at`, `updated_at`) VALUES ('DO','{\"en\":\"San Rafael del Yuma\"}',-68.67,18.43,'P','PPL','DO.10','DO.10.1102',5285,'America/Santo_Domingo',1,'2016-06-04 23:00:00','2016-06-04 23:00:00');
INSERT INTO `__PREFIX__cities` (`country_code`, `name`, `longitude`, `latitude`, `feature_class`, `feature_code`, `subadmin1_code`, `subadmin2_code`, `population`, `time_zone`, `active`, `created_at`, `updated_at`) VALUES ('DO','{\"en\":\"San Pedro de Macorís\"}',-69.31,18.45,'P','PPLA','DO.24','DO.24.2301',217899,'America/Santo_Domingo',1,'2018-02-19 23:00:00','2018-02-19 23:00:00');
INSERT INTO `__PREFIX__cities` (`country_code`, `name`, `longitude`, `latitude`, `feature_class`, `feature_code`, `subadmin1_code`, `subadmin2_code`, `population`, `time_zone`, `active`, `created_at`, `updated_at`) VALUES ('DO','{\"en\":\"San Juan de la Maguana\"}',-71.23,18.81,'P','PPLA','DO.23','DO.23.2201',72950,'America/Santo_Domingo',1,'2016-06-04 23:00:00','2016-06-04 23:00:00');
INSERT INTO `__PREFIX__cities` (`country_code`, `name`, `longitude`, `latitude`, `feature_class`, `feature_code`, `subadmin1_code`, `subadmin2_code`, `population`, `time_zone`, `active`, `created_at`, `updated_at`) VALUES ('DO','{\"en\":\"San José de Ocoa\"}',-70.51,18.55,'P','PPLA','DO.36','DO.36.3101',21148,'America/Santo_Domingo',1,'2016-06-04 23:00:00','2016-06-04 23:00:00');
INSERT INTO `__PREFIX__cities` (`country_code`, `name`, `longitude`, `latitude`, `feature_class`, `feature_code`, `subadmin1_code`, `subadmin2_code`, `population`, `time_zone`, `active`, `created_at`, `updated_at`) VALUES ('DO','{\"en\":\"San José de Las Matas\"}',-70.94,19.34,'P','PPL','DO.25','DO.25.2505',9853,'America/Santo_Domingo',1,'2016-06-04 23:00:00','2016-06-04 23:00:00');
INSERT INTO `__PREFIX__cities` (`country_code`, `name`, `longitude`, `latitude`, `feature_class`, `feature_code`, `subadmin1_code`, `subadmin2_code`, `population`, `time_zone`, `active`, `created_at`, `updated_at`) VALUES ('DO','{\"en\":\"San Gregorio de Nigua\"}',-70.08,18.38,'P','PPL','DO.33','DO.33.2107',11542,'America/Santo_Domingo',1,'2016-06-04 23:00:00','2016-06-04 23:00:00');
INSERT INTO `__PREFIX__cities` (`country_code`, `name`, `longitude`, `latitude`, `feature_class`, `feature_code`, `subadmin1_code`, `subadmin2_code`, `population`, `time_zone`, `active`, `created_at`, `updated_at`) VALUES ('DO','{\"en\":\"San Francisco de Macorís\"}',-70.25,19.30,'P','PPLA','DO.06','DO.06.0601',124763,'America/Santo_Domingo',1,'2016-06-04 23:00:00','2016-06-04 23:00:00');
INSERT INTO `__PREFIX__cities` (`country_code`, `name`, `longitude`, `latitude`, `feature_class`, `feature_code`, `subadmin1_code`, `subadmin2_code`, `population`, `time_zone`, `active`, `created_at`, `updated_at`) VALUES ('DO','{\"en\":\"San Fernando de Monte Cristi\"}',-71.65,19.85,'P','PPLA','DO.15','DO.15.1501',17001,'America/Santo_Domingo',1,'2016-06-04 23:00:00','2016-06-04 23:00:00');
INSERT INTO `__PREFIX__cities` (`country_code`, `name`, `longitude`, `latitude`, `feature_class`, `feature_code`, `subadmin1_code`, `subadmin2_code`, `population`, `time_zone`, `active`, `created_at`, `updated_at`) VALUES ('DO','{\"en\":\"Puerto Plata\"}',-70.69,19.79,'P','PPLA','DO.18','DO.18.1801',146000,'America/Santo_Domingo',1,'2016-06-04 23:00:00','2016-06-04 23:00:00');
INSERT INTO `__PREFIX__cities` (`country_code`, `name`, `longitude`, `latitude`, `feature_class`, `feature_code`, `subadmin1_code`, `subadmin2_code`, `population`, `time_zone`, `active`, `created_at`, `updated_at`) VALUES ('DO','{\"en\":\"Sánchez\"}',-69.61,19.23,'P','PPL','DO.20','DO.20.2002',11365,'America/Santo_Domingo',1,'2016-06-04 23:00:00','2016-06-04 23:00:00');
INSERT INTO `__PREFIX__cities` (`country_code`, `name`, `longitude`, `latitude`, `feature_class`, `feature_code`, `subadmin1_code`, `subadmin2_code`, `population`, `time_zone`, `active`, `created_at`, `updated_at`) VALUES ('DO','{\"en\":\"San Carlos\"}',-69.90,18.48,'P','PPLX','DO.34','DO.34.0101',13456,'America/Santo_Domingo',1,'2016-06-04 23:00:00','2016-06-04 23:00:00');
INSERT INTO `__PREFIX__cities` (`country_code`, `name`, `longitude`, `latitude`, `feature_class`, `feature_code`, `subadmin1_code`, `subadmin2_code`, `population`, `time_zone`, `active`, `created_at`, `updated_at`) VALUES ('DO','{\"en\":\"Salvaleón de Higüey\"}',-68.71,18.62,'P','PPLA','DO.10','DO.10.1101',123787,'America/Santo_Domingo',1,'2021-10-13 23:00:00','2021-10-13 23:00:00');
INSERT INTO `__PREFIX__cities` (`country_code`, `name`, `longitude`, `latitude`, `feature_class`, `feature_code`, `subadmin1_code`, `subadmin2_code`, `population`, `time_zone`, `active`, `created_at`, `updated_at`) VALUES ('DO','{\"en\":\"Salsipuedes\"}',-70.38,19.41,'P','PPL','DO.19','DO.19.1901',11675,'America/Santo_Domingo',1,'2016-06-04 23:00:00','2016-06-04 23:00:00');
INSERT INTO `__PREFIX__cities` (`country_code`, `name`, `longitude`, `latitude`, `feature_class`, `feature_code`, `subadmin1_code`, `subadmin2_code`, `population`, `time_zone`, `active`, `created_at`, `updated_at`) VALUES ('DO','{\"en\":\"Salcedo\"}',-70.42,19.38,'P','PPLA','DO.19','DO.19.1901',45299,'America/Santo_Domingo',1,'2016-06-04 23:00:00','2016-06-04 23:00:00');
INSERT INTO `__PREFIX__cities` (`country_code`, `name`, `longitude`, `latitude`, `feature_class`, `feature_code`, `subadmin1_code`, `subadmin2_code`, `population`, `time_zone`, `active`, `created_at`, `updated_at`) VALUES ('DO','{\"en\":\"Sabaneta\"}',-71.34,19.48,'P','PPLA','DO.26','DO.26.2601',16380,'America/Santo_Domingo',1,'2016-06-04 23:00:00','2016-06-04 23:00:00');
INSERT INTO `__PREFIX__cities` (`country_code`, `name`, `longitude`, `latitude`, `feature_class`, `feature_code`, `subadmin1_code`, `subadmin2_code`, `population`, `time_zone`, `active`, `created_at`, `updated_at`) VALUES ('DO','{\"en\":\"Sabana Yegua\"}',-71.02,18.72,'P','PPL','DO.01','DO.01.0204',10624,'America/Santo_Domingo',1,'2016-06-04 23:00:00','2016-06-04 23:00:00');
INSERT INTO `__PREFIX__cities` (`country_code`, `name`, `longitude`, `latitude`, `feature_class`, `feature_code`, `subadmin1_code`, `subadmin2_code`, `population`, `time_zone`, `active`, `created_at`, `updated_at`) VALUES ('DO','{\"en\":\"Sabana Iglesia\"}',-70.76,19.32,'P','PPL','DO.25','DO.25.2509',5135,'America/Santo_Domingo',1,'2016-06-04 23:00:00','2016-06-04 23:00:00');
INSERT INTO `__PREFIX__cities` (`country_code`, `name`, `longitude`, `latitude`, `feature_class`, `feature_code`, `subadmin1_code`, `subadmin2_code`, `population`, `time_zone`, `active`, `created_at`, `updated_at`) VALUES ('DO','{\"en\":\"Sabana Grande de Boyá\"}',-69.79,18.94,'P','PPL','DO.32','DO.32.2903',16834,'America/Santo_Domingo',1,'2016-06-04 23:00:00','2016-06-04 23:00:00');
INSERT INTO `__PREFIX__cities` (`country_code`, `name`, `longitude`, `latitude`, `feature_class`, `feature_code`, `subadmin1_code`, `subadmin2_code`, `population`, `time_zone`, `active`, `created_at`, `updated_at`) VALUES ('DO','{\"en\":\"Sabana de la Mar\"}',-69.39,19.06,'P','PPL','DO.29','DO.29.3002',13977,'America/Santo_Domingo',1,'2018-11-02 23:00:00','2018-11-02 23:00:00');
INSERT INTO `__PREFIX__cities` (`country_code`, `name`, `longitude`, `latitude`, `feature_class`, `feature_code`, `subadmin1_code`, `subadmin2_code`, `population`, `time_zone`, `active`, `created_at`, `updated_at`) VALUES ('DO','{\"en\":\"Río San Juan\"}',-70.08,19.64,'P','PPL','DO.14','DO.14.1404',8983,'America/Santo_Domingo',1,'2016-06-04 23:00:00','2016-06-04 23:00:00');
INSERT INTO `__PREFIX__cities` (`country_code`, `name`, `longitude`, `latitude`, `feature_class`, `feature_code`, `subadmin1_code`, `subadmin2_code`, `population`, `time_zone`, `active`, `created_at`, `updated_at`) VALUES ('DO','{\"en\":\"Río Grande\"}',-70.77,19.67,'P','PPL','DO.18','DO.18.1802',20154,'America/Santo_Domingo',1,'2016-06-04 23:00:00','2016-06-04 23:00:00');
INSERT INTO `__PREFIX__cities` (`country_code`, `name`, `longitude`, `latitude`, `feature_class`, `feature_code`, `subadmin1_code`, `subadmin2_code`, `population`, `time_zone`, `active`, `created_at`, `updated_at`) VALUES ('DO','{\"en\":\"Rincón\"}',-70.41,19.12,'P','PPL','DO.30','DO.30.1304',5909,'America/Santo_Domingo',1,'2016-06-04 23:00:00','2016-06-04 23:00:00');
INSERT INTO `__PREFIX__cities` (`country_code`, `name`, `longitude`, `latitude`, `feature_class`, `feature_code`, `subadmin1_code`, `subadmin2_code`, `population`, `time_zone`, `active`, `created_at`, `updated_at`) VALUES ('DO','{\"en\":\"Quisqueya\"}',-69.41,18.56,'P','PPL','DO.24','DO.24.2305',17694,'America/Santo_Domingo',1,'2016-06-04 23:00:00','2016-06-04 23:00:00');
INSERT INTO `__PREFIX__cities` (`country_code`, `name`, `longitude`, `latitude`, `feature_class`, `feature_code`, `subadmin1_code`, `subadmin2_code`, `population`, `time_zone`, `active`, `created_at`, `updated_at`) VALUES ('DO','{\"en\":\"Punta Cana\"}',-68.40,18.58,'P','PPL','DO.10','DO.10.1101',100023,'America/Santo_Domingo',1,'2016-06-04 23:00:00','2016-06-04 23:00:00');
INSERT INTO `__PREFIX__cities` (`country_code`, `name`, `longitude`, `latitude`, `feature_class`, `feature_code`, `subadmin1_code`, `subadmin2_code`, `population`, `time_zone`, `active`, `created_at`, `updated_at`) VALUES ('DO','{\"en\":\"Pimentel\"}',-70.11,19.18,'P','PPL','DO.06','DO.06.0604',9550,'America/Santo_Domingo',1,'2016-06-04 23:00:00','2016-06-04 23:00:00');
INSERT INTO `__PREFIX__cities` (`country_code`, `name`, `longitude`, `latitude`, `feature_class`, `feature_code`, `subadmin1_code`, `subadmin2_code`, `population`, `time_zone`, `active`, `created_at`, `updated_at`) VALUES ('DO','{\"en\":\"Piedra Blanca\"}',-70.32,18.84,'P','PPL','DO.31','DO.31.2803',8531,'America/Santo_Domingo',1,'2016-06-04 23:00:00','2016-06-04 23:00:00');
INSERT INTO `__PREFIX__cities` (`country_code`, `name`, `longitude`, `latitude`, `feature_class`, `feature_code`, `subadmin1_code`, `subadmin2_code`, `population`, `time_zone`, `active`, `created_at`, `updated_at`) VALUES ('DO','{\"en\":\"Peralta\"}',-70.77,18.58,'P','PPL','DO.01','DO.01.0205',7236,'America/Santo_Domingo',1,'2016-06-04 23:00:00','2016-06-04 23:00:00');
INSERT INTO `__PREFIX__cities` (`country_code`, `name`, `longitude`, `latitude`, `feature_class`, `feature_code`, `subadmin1_code`, `subadmin2_code`, `population`, `time_zone`, `active`, `created_at`, `updated_at`) VALUES ('DO','{\"en\":\"Pedernales\"}',-71.74,18.04,'P','PPLA','DO.16','DO.16.1601',11072,'America/Santo_Domingo',1,'2016-06-04 23:00:00','2016-06-04 23:00:00');
INSERT INTO `__PREFIX__cities` (`country_code`, `name`, `longitude`, `latitude`, `feature_class`, `feature_code`, `subadmin1_code`, `subadmin2_code`, `population`, `time_zone`, `active`, `created_at`, `updated_at`) VALUES ('DO','{\"en\":\"Paya\"}',-70.30,18.26,'P','PPL','DO.35','DO.35.1701',6916,'America/Santo_Domingo',1,'2016-06-04 23:00:00','2016-06-04 23:00:00');
INSERT INTO `__PREFIX__cities` (`country_code`, `name`, `longitude`, `latitude`, `feature_class`, `feature_code`, `subadmin1_code`, `subadmin2_code`, `population`, `time_zone`, `active`, `created_at`, `updated_at`) VALUES ('DO','{\"en\":\"Paraíso\"}',-71.17,17.99,'P','PPL','DO.03','DO.03.0404',6490,'America/Santo_Domingo',1,'2016-06-04 23:00:00','2016-06-04 23:00:00');
INSERT INTO `__PREFIX__cities` (`country_code`, `name`, `longitude`, `latitude`, `feature_class`, `feature_code`, `subadmin1_code`, `subadmin2_code`, `population`, `time_zone`, `active`, `created_at`, `updated_at`) VALUES ('DO','{\"en\":\"Padre Las Casas\"}',-70.94,18.73,'P','PPL','DO.01','DO.01.0204',8485,'America/Santo_Domingo',1,'2016-06-04 23:00:00','2016-06-04 23:00:00');
INSERT INTO `__PREFIX__cities` (`country_code`, `name`, `longitude`, `latitude`, `feature_class`, `feature_code`, `subadmin1_code`, `subadmin2_code`, `population`, `time_zone`, `active`, `created_at`, `updated_at`) VALUES ('DO','{\"en\":\"Otra Banda\"}',-68.66,18.65,'P','PPL','DO.10','DO.10.1101',6071,'America/Santo_Domingo',1,'2016-06-04 23:00:00','2016-06-04 23:00:00');
INSERT INTO `__PREFIX__cities` (`country_code`, `name`, `longitude`, `latitude`, `feature_class`, `feature_code`, `subadmin1_code`, `subadmin2_code`, `population`, `time_zone`, `active`, `created_at`, `updated_at`) VALUES ('DO','{\"en\":\"Nizao\"}',-70.21,18.25,'P','PPL','DO.35','DO.35.1702',6530,'America/Santo_Domingo',1,'2016-06-04 23:00:00','2016-06-04 23:00:00');
INSERT INTO `__PREFIX__cities` (`country_code`, `name`, `longitude`, `latitude`, `feature_class`, `feature_code`, `subadmin1_code`, `subadmin2_code`, `population`, `time_zone`, `active`, `created_at`, `updated_at`) VALUES ('DO','{\"en\":\"Neiba\"}',-71.42,18.48,'P','PPLA','DO.02','DO.02.0301',18670,'America/Santo_Domingo',1,'2016-06-04 23:00:00','2016-06-04 23:00:00');
INSERT INTO `__PREFIX__cities` (`country_code`, `name`, `longitude`, `latitude`, `feature_class`, `feature_code`, `subadmin1_code`, `subadmin2_code`, `population`, `time_zone`, `active`, `created_at`, `updated_at`) VALUES ('DO','{\"en\":\"Nagua\"}',-69.85,19.38,'P','PPLA','DO.14','DO.14.1401',33862,'America/Santo_Domingo',1,'2016-06-04 23:00:00','2016-06-04 23:00:00');
INSERT INTO `__PREFIX__cities` (`country_code`, `name`, `longitude`, `latitude`, `feature_class`, `feature_code`, `subadmin1_code`, `subadmin2_code`, `population`, `time_zone`, `active`, `created_at`, `updated_at`) VALUES ('DO','{\"en\":\"Monte Plata\"}',-69.78,18.81,'P','PPLA','DO.32','DO.32.2901',15532,'America/Santo_Domingo',1,'2016-06-04 23:00:00','2016-06-04 23:00:00');
INSERT INTO `__PREFIX__cities` (`country_code`, `name`, `longitude`, `latitude`, `feature_class`, `feature_code`, `subadmin1_code`, `subadmin2_code`, `population`, `time_zone`, `active`, `created_at`, `updated_at`) VALUES ('DO','{\"en\":\"Monte Llano\"}',-70.60,19.73,'P','PPL','DO.18','DO.18.1809',19029,'America/Santo_Domingo',1,'2018-03-14 23:00:00','2018-03-14 23:00:00');
INSERT INTO `__PREFIX__cities` (`country_code`, `name`, `longitude`, `latitude`, `feature_class`, `feature_code`, `subadmin1_code`, `subadmin2_code`, `population`, `time_zone`, `active`, `created_at`, `updated_at`) VALUES ('DO','{\"en\":\"Monción\"}',-71.15,19.41,'P','PPL','DO.26','DO.26.2603',6625,'America/Santo_Domingo',1,'2016-06-04 23:00:00','2016-06-04 23:00:00');
INSERT INTO `__PREFIX__cities` (`country_code`, `name`, `longitude`, `latitude`, `feature_class`, `feature_code`, `subadmin1_code`, `subadmin2_code`, `population`, `time_zone`, `active`, `created_at`, `updated_at`) VALUES ('DO','{\"en\":\"Moca\"}',-70.53,19.39,'P','PPLA','DO.08','DO.08.0901',61834,'America/Santo_Domingo',1,'2016-06-04 23:00:00','2016-06-04 23:00:00');
INSERT INTO `__PREFIX__cities` (`country_code`, `name`, `longitude`, `latitude`, `feature_class`, `feature_code`, `subadmin1_code`, `subadmin2_code`, `population`, `time_zone`, `active`, `created_at`, `updated_at`) VALUES ('DO','{\"en\":\"Miches\"}',-69.05,18.98,'P','PPL','DO.28','DO.28.0802',9273,'America/Santo_Domingo',1,'2016-06-04 23:00:00','2016-06-04 23:00:00');
INSERT INTO `__PREFIX__cities` (`country_code`, `name`, `longitude`, `latitude`, `feature_class`, `feature_code`, `subadmin1_code`, `subadmin2_code`, `population`, `time_zone`, `active`, `created_at`, `updated_at`) VALUES ('DO','{\"en\":\"Mao\"}',-71.08,19.55,'P','PPLA','DO.27','DO.27.2701',48297,'America/Santo_Domingo',1,'2016-06-04 23:00:00','2016-06-04 23:00:00');
INSERT INTO `__PREFIX__cities` (`country_code`, `name`, `longitude`, `latitude`, `feature_class`, `feature_code`, `subadmin1_code`, `subadmin2_code`, `population`, `time_zone`, `active`, `created_at`, `updated_at`) VALUES ('DO','{\"en\":\"Los Llanos\"}',-69.50,18.62,'P','PPL','DO.24','DO.24.2302',5529,'America/Santo_Domingo',1,'2016-06-04 23:00:00','2016-06-04 23:00:00');
INSERT INTO `__PREFIX__cities` (`country_code`, `name`, `longitude`, `latitude`, `feature_class`, `feature_code`, `subadmin1_code`, `subadmin2_code`, `population`, `time_zone`, `active`, `created_at`, `updated_at`) VALUES ('DO','{\"en\":\"Loma de Cabrera\"}',-71.60,19.43,'P','PPL','DO.04','DO.04.0502',6679,'America/Santo_Domingo',1,'2016-06-04 23:00:00','2016-06-04 23:00:00');
INSERT INTO `__PREFIX__cities` (`country_code`, `name`, `longitude`, `latitude`, `feature_class`, `feature_code`, `subadmin1_code`, `subadmin2_code`, `population`, `time_zone`, `active`, `created_at`, `updated_at`) VALUES ('DO','{\"en\":\"Licey al Medio\"}',-70.60,19.43,'P','PPL','DO.25','DO.25.2504',6435,'America/Santo_Domingo',1,'2016-06-04 23:00:00','2016-06-04 23:00:00');
INSERT INTO `__PREFIX__cities` (`country_code`, `name`, `longitude`, `latitude`, `feature_class`, `feature_code`, `subadmin1_code`, `subadmin2_code`, `population`, `time_zone`, `active`, `created_at`, `updated_at`) VALUES ('DO','{\"en\":\"Las Terrenas\"}',-69.54,19.31,'P','PPL','DO.20','DO.20.2003',7713,'America/Santo_Domingo',1,'2016-06-04 23:00:00','2016-06-04 23:00:00');
INSERT INTO `__PREFIX__cities` (`country_code`, `name`, `longitude`, `latitude`, `feature_class`, `feature_code`, `subadmin1_code`, `subadmin2_code`, `population`, `time_zone`, `active`, `created_at`, `updated_at`) VALUES ('DO','{\"en\":\"Las Matas de Santa Cruz\"}',-71.50,19.67,'P','PPL','DO.15','DO.15.1504',10218,'America/Santo_Domingo',1,'2016-06-04 23:00:00','2016-06-04 23:00:00');
INSERT INTO `__PREFIX__cities` (`country_code`, `name`, `longitude`, `latitude`, `feature_class`, `feature_code`, `subadmin1_code`, `subadmin2_code`, `population`, `time_zone`, `active`, `created_at`, `updated_at`) VALUES ('DO','{\"en\":\"Las Matas de Farfán\"}',-71.52,18.87,'P','PPL','DO.23','DO.23.2205',21802,'America/Santo_Domingo',1,'2016-06-04 23:00:00','2016-06-04 23:00:00');
INSERT INTO `__PREFIX__cities` (`country_code`, `name`, `longitude`, `latitude`, `feature_class`, `feature_code`, `subadmin1_code`, `subadmin2_code`, `population`, `time_zone`, `active`, `created_at`, `updated_at`) VALUES ('DO','{\"en\":\"Las Guáranas\"}',-70.21,19.19,'P','PPL','DO.06','DO.06.0606',9586,'America/Santo_Domingo',1,'2016-06-04 23:00:00','2016-06-04 23:00:00');
INSERT INTO `__PREFIX__cities` (`country_code`, `name`, `longitude`, `latitude`, `feature_class`, `feature_code`, `subadmin1_code`, `subadmin2_code`, `population`, `time_zone`, `active`, `created_at`, `updated_at`) VALUES ('DO','{\"en\":\"La Romana\"}',-68.97,18.43,'P','PPLA','DO.12','DO.12.1201',208437,'America/Santo_Domingo',1,'2016-06-04 23:00:00','2016-06-04 23:00:00');
INSERT INTO `__PREFIX__cities` (`country_code`, `name`, `longitude`, `latitude`, `feature_class`, `feature_code`, `subadmin1_code`, `subadmin2_code`, `population`, `time_zone`, `active`, `created_at`, `updated_at`) VALUES ('DO','{\"en\":\"La Julia\"}',-69.93,18.47,'P','PPL','DO.34','DO.34.0101',12575,'America/Santo_Domingo',1,'2016-06-04 23:00:00','2016-06-04 23:00:00');
INSERT INTO `__PREFIX__cities` (`country_code`, `name`, `longitude`, `latitude`, `feature_class`, `feature_code`, `subadmin1_code`, `subadmin2_code`, `population`, `time_zone`, `active`, `created_at`, `updated_at`) VALUES ('DO','{\"en\":\"Laguna Salada\"}',-71.08,19.65,'P','PPLA2','DO.27','DO.27.2703',7601,'America/Santo_Domingo',1,'2016-06-04 23:00:00','2016-06-04 23:00:00');
INSERT INTO `__PREFIX__cities` (`country_code`, `name`, `longitude`, `latitude`, `feature_class`, `feature_code`, `subadmin1_code`, `subadmin2_code`, `population`, `time_zone`, `active`, `created_at`, `updated_at`) VALUES ('DO','{\"en\":\"La Descubierta\"}',-71.73,18.57,'P','PPL','DO.09','DO.09.1003',5521,'America/Santo_Domingo',1,'2016-06-04 23:00:00','2016-06-04 23:00:00');
INSERT INTO `__PREFIX__cities` (`country_code`, `name`, `longitude`, `latitude`, `feature_class`, `feature_code`, `subadmin1_code`, `subadmin2_code`, `population`, `time_zone`, `active`, `created_at`, `updated_at`) VALUES ('DO','{\"en\":\"La Agustina\"}',-69.93,18.50,'P','PPLX','DO.34','DO.34.0101',10457,'America/Santo_Domingo',1,'2016-06-04 23:00:00','2016-06-04 23:00:00');
INSERT INTO `__PREFIX__cities` (`country_code`, `name`, `longitude`, `latitude`, `feature_class`, `feature_code`, `subadmin1_code`, `subadmin2_code`, `population`, `time_zone`, `active`, `created_at`, `updated_at`) VALUES ('DO','{\"en\":\"Juan de Herrera\"}',-71.24,18.87,'P','PPL','DO.23','DO.23.2204',5543,'America/Santo_Domingo',1,'2016-06-04 23:00:00','2016-06-04 23:00:00');
INSERT INTO `__PREFIX__cities` (`country_code`, `name`, `longitude`, `latitude`, `feature_class`, `feature_code`, `subadmin1_code`, `subadmin2_code`, `population`, `time_zone`, `active`, `created_at`, `updated_at`) VALUES ('DO','{\"en\":\"Jimaní\"}',-71.85,18.49,'P','PPLA','DO.09','DO.09.1001',6567,'America/Santo_Domingo',1,'2016-06-04 23:00:00','2016-06-04 23:00:00');
INSERT INTO `__PREFIX__cities` (`country_code`, `name`, `longitude`, `latitude`, `feature_class`, `feature_code`, `subadmin1_code`, `subadmin2_code`, `population`, `time_zone`, `active`, `created_at`, `updated_at`) VALUES ('DO','{\"en\":\"Jima Abajo\"}',-70.38,19.13,'P','PPL','DO.30','DO.30.1304',6299,'America/Santo_Domingo',1,'2016-06-04 23:00:00','2016-06-04 23:00:00');
INSERT INTO `__PREFIX__cities` (`country_code`, `name`, `longitude`, `latitude`, `feature_class`, `feature_code`, `subadmin1_code`, `subadmin2_code`, `population`, `time_zone`, `active`, `created_at`, `updated_at`) VALUES ('DO','{\"en\":\"Jarabacoa\"}',-70.64,19.12,'P','PPL','DO.30','DO.30.1303',29983,'America/Santo_Domingo',1,'2016-06-04 23:00:00','2016-06-04 23:00:00');
INSERT INTO `__PREFIX__cities` (`country_code`, `name`, `longitude`, `latitude`, `feature_class`, `feature_code`, `subadmin1_code`, `subadmin2_code`, `population`, `time_zone`, `active`, `created_at`, `updated_at`) VALUES ('DO','{\"en\":\"Imbert\"}',-70.83,19.75,'P','PPL','DO.18','DO.18.1804',8024,'America/Santo_Domingo',1,'2016-06-04 23:00:00','2016-06-04 23:00:00');
INSERT INTO `__PREFIX__cities` (`country_code`, `name`, `longitude`, `latitude`, `feature_class`, `feature_code`, `subadmin1_code`, `subadmin2_code`, `population`, `time_zone`, `active`, `created_at`, `updated_at`) VALUES ('DO','{\"en\":\"Hato Mayor del Rey\"}',-69.26,18.76,'P','PPLA','DO.29','DO.29.3001',35999,'America/Santo_Domingo',1,'2016-06-04 23:00:00','2016-06-04 23:00:00');
INSERT INTO `__PREFIX__cities` (`country_code`, `name`, `longitude`, `latitude`, `feature_class`, `feature_code`, `subadmin1_code`, `subadmin2_code`, `population`, `time_zone`, `active`, `created_at`, `updated_at`) VALUES ('DO','{\"en\":\"Guaymate\"}',-68.98,18.59,'P','PPL','DO.12','DO.12.1202',6224,'America/Santo_Domingo',1,'2016-06-04 23:00:00','2016-06-04 23:00:00');
INSERT INTO `__PREFIX__cities` (`country_code`, `name`, `longitude`, `latitude`, `feature_class`, `feature_code`, `subadmin1_code`, `subadmin2_code`, `population`, `time_zone`, `active`, `created_at`, `updated_at`) VALUES ('DO','{\"en\":\"Gaspar Hernández\"}',-70.28,19.63,'P','PPL','DO.08','DO.08.0903',6506,'America/Santo_Domingo',1,'2016-06-04 23:00:00','2016-06-04 23:00:00');
INSERT INTO `__PREFIX__cities` (`country_code`, `name`, `longitude`, `latitude`, `feature_class`, `feature_code`, `subadmin1_code`, `subadmin2_code`, `population`, `time_zone`, `active`, `created_at`, `updated_at`) VALUES ('DO','{\"en\":\"Galván\"}',-71.34,18.50,'P','PPL','DO.02','DO.02.0302',6027,'America/Santo_Domingo',1,'2016-06-04 23:00:00','2016-06-04 23:00:00');
INSERT INTO `__PREFIX__cities` (`country_code`, `name`, `longitude`, `latitude`, `feature_class`, `feature_code`, `subadmin1_code`, `subadmin2_code`, `population`, `time_zone`, `active`, `created_at`, `updated_at`) VALUES ('DO','{\"en\":\"Fantino\"}',-70.30,19.12,'P','PPL','DO.21','DO.21.2403',10024,'America/Santo_Domingo',1,'2016-06-04 23:00:00','2016-06-04 23:00:00');
INSERT INTO `__PREFIX__cities` (`country_code`, `name`, `longitude`, `latitude`, `feature_class`, `feature_code`, `subadmin1_code`, `subadmin2_code`, `population`, `time_zone`, `active`, `created_at`, `updated_at`) VALUES ('DO','{\"en\":\"Estebanía\"}',-70.64,18.46,'P','PPL','DO.01','DO.01.0210',5591,'America/Santo_Domingo',1,'2016-06-04 23:00:00','2016-06-04 23:00:00');
INSERT INTO `__PREFIX__cities` (`country_code`, `name`, `longitude`, `latitude`, `feature_class`, `feature_code`, `subadmin1_code`, `subadmin2_code`, `population`, `time_zone`, `active`, `created_at`, `updated_at`) VALUES ('DO','{\"en\":\"Esperanza\"}',-70.98,19.58,'P','PPL','DO.27','DO.27.2702',42169,'America/Santo_Domingo',1,'2016-06-04 23:00:00','2016-06-04 23:00:00');
INSERT INTO `__PREFIX__cities` (`country_code`, `name`, `longitude`, `latitude`, `feature_class`, `feature_code`, `subadmin1_code`, `subadmin2_code`, `population`, `time_zone`, `active`, `created_at`, `updated_at`) VALUES ('DO','{\"en\":\"Esperalvillo\"}',-70.04,18.82,'P','PPL','DO.32','DO.32.2905',5445,'America/Santo_Domingo',1,'2016-06-04 23:00:00','2016-06-04 23:00:00');
INSERT INTO `__PREFIX__cities` (`country_code`, `name`, `longitude`, `latitude`, `feature_class`, `feature_code`, `subadmin1_code`, `subadmin2_code`, `population`, `time_zone`, `active`, `created_at`, `updated_at`) VALUES ('DO','{\"en\":\"Ensanche Luperón\"}',-69.90,18.50,'P','PPLX','DO.34','DO.34.0101',8576,'America/Santo_Domingo',1,'2016-06-04 23:00:00','2016-06-04 23:00:00');
INSERT INTO `__PREFIX__cities` (`country_code`, `name`, `longitude`, `latitude`, `feature_class`, `feature_code`, `subadmin1_code`, `subadmin2_code`, `population`, `time_zone`, `active`, `created_at`, `updated_at`) VALUES ('DO','{\"en\":\"Enriquillo\"}',-71.23,17.90,'P','PPL','DO.03','DO.03.0403',5423,'America/Santo_Domingo',1,'2016-06-04 23:00:00','2016-06-04 23:00:00');
INSERT INTO `__PREFIX__cities` (`country_code`, `name`, `longitude`, `latitude`, `feature_class`, `feature_code`, `subadmin1_code`, `subadmin2_code`, `population`, `time_zone`, `active`, `created_at`, `updated_at`) VALUES ('DO','{\"en\":\"El Valle\"}',-69.38,18.98,'P','PPL','DO.29','DO.29.3003',5666,'America/Santo_Domingo',1,'2016-06-04 23:00:00','2016-06-04 23:00:00');
INSERT INTO `__PREFIX__cities` (`country_code`, `name`, `longitude`, `latitude`, `feature_class`, `feature_code`, `subadmin1_code`, `subadmin2_code`, `population`, `time_zone`, `active`, `created_at`, `updated_at`) VALUES ('DO','{\"en\":\"El Factor\"}',-69.89,19.32,'P','PPL','DO.14','DO.14.1403',7014,'America/Santo_Domingo',1,'2016-06-04 23:00:00','2016-06-04 23:00:00');
INSERT INTO `__PREFIX__cities` (`country_code`, `name`, `longitude`, `latitude`, `feature_class`, `feature_code`, `subadmin1_code`, `subadmin2_code`, `population`, `time_zone`, `active`, `created_at`, `updated_at`) VALUES ('DO','{\"en\":\"Duvergé\"}',-71.52,18.38,'P','PPL','DO.09','DO.09.1002',13405,'America/Santo_Domingo',1,'2016-06-04 23:00:00','2016-06-04 23:00:00');
INSERT INTO `__PREFIX__cities` (`country_code`, `name`, `longitude`, `latitude`, `feature_class`, `feature_code`, `subadmin1_code`, `subadmin2_code`, `population`, `time_zone`, `active`, `created_at`, `updated_at`) VALUES ('DO','{\"en\":\"Dajabón\"}',-71.71,19.55,'P','PPLA','DO.04','DO.04.0501',16398,'America/Santo_Domingo',1,'2016-06-04 23:00:00','2016-06-04 23:00:00');
INSERT INTO `__PREFIX__cities` (`country_code`, `name`, `longitude`, `latitude`, `feature_class`, `feature_code`, `subadmin1_code`, `subadmin2_code`, `population`, `time_zone`, `active`, `created_at`, `updated_at`) VALUES ('DO','{\"en\":\"Cristo Rey\"}',-69.93,18.50,'P','PPLX','DO.34','DO.34.0101',14325,'America/Santo_Domingo',1,'2016-06-04 23:00:00','2016-06-04 23:00:00');
INSERT INTO `__PREFIX__cities` (`country_code`, `name`, `longitude`, `latitude`, `feature_class`, `feature_code`, `subadmin1_code`, `subadmin2_code`, `population`, `time_zone`, `active`, `created_at`, `updated_at`) VALUES ('DO','{\"en\":\"Cotuí\"}',-70.15,19.05,'P','PPLA','DO.21','DO.21.2401',41641,'America/Santo_Domingo',1,'2016-06-04 23:00:00','2016-06-04 23:00:00');
INSERT INTO `__PREFIX__cities` (`country_code`, `name`, `longitude`, `latitude`, `feature_class`, `feature_code`, `subadmin1_code`, `subadmin2_code`, `population`, `time_zone`, `active`, `created_at`, `updated_at`) VALUES ('DO','{\"en\":\"Constanza\"}',-70.74,18.91,'P','PPL','DO.30','DO.30.1302',29481,'America/Santo_Domingo',1,'2017-08-24 23:00:00','2017-08-24 23:00:00');
INSERT INTO `__PREFIX__cities` (`country_code`, `name`, `longitude`, `latitude`, `feature_class`, `feature_code`, `subadmin1_code`, `subadmin2_code`, `population`, `time_zone`, `active`, `created_at`, `updated_at`) VALUES ('DO','{\"en\":\"Concepción de La Vega\"}',-70.53,19.22,'P','PPLA','DO.30','DO.30.1301',102426,'America/Santo_Domingo',1,'2016-06-04 23:00:00','2016-06-04 23:00:00');
INSERT INTO `__PREFIX__cities` (`country_code`, `name`, `longitude`, `latitude`, `feature_class`, `feature_code`, `subadmin1_code`, `subadmin2_code`, `population`, `time_zone`, `active`, `created_at`, `updated_at`) VALUES ('DO','{\"en\":\"Comendador\"}',-71.70,18.88,'P','PPLA','DO.11','DO.11.0701',12070,'America/Santo_Domingo',1,'2016-06-04 23:00:00','2016-06-04 23:00:00');
INSERT INTO `__PREFIX__cities` (`country_code`, `name`, `longitude`, `latitude`, `feature_class`, `feature_code`, `subadmin1_code`, `subadmin2_code`, `population`, `time_zone`, `active`, `created_at`, `updated_at`) VALUES ('DO','{\"en\":\"Ciudad Nueva\"}',-69.89,18.47,'P','PPLX','DO.34','DO.34.0101',18756,'America/Santo_Domingo',1,'2017-01-30 23:00:00','2017-01-30 23:00:00');
INSERT INTO `__PREFIX__cities` (`country_code`, `name`, `longitude`, `latitude`, `feature_class`, `feature_code`, `subadmin1_code`, `subadmin2_code`, `population`, `time_zone`, `active`, `created_at`, `updated_at`) VALUES ('DO','{\"en\":\"Cercado Abajo\"}',-71.52,18.73,'P','PPL','DO.23','DO.23.2203',5316,'America/Santo_Domingo',1,'2016-06-04 23:00:00','2016-06-04 23:00:00');
INSERT INTO `__PREFIX__cities` (`country_code`, `name`, `longitude`, `latitude`, `feature_class`, `feature_code`, `subadmin1_code`, `subadmin2_code`, `population`, `time_zone`, `active`, `created_at`, `updated_at`) VALUES ('DO','{\"en\":\"Castillo\"}',-70.03,19.21,'P','PPL','DO.06','DO.06.0603',6328,'America/Santo_Domingo',1,'2016-06-04 23:00:00','2016-06-04 23:00:00');
INSERT INTO `__PREFIX__cities` (`country_code`, `name`, `longitude`, `latitude`, `feature_class`, `feature_code`, `subadmin1_code`, `subadmin2_code`, `population`, `time_zone`, `active`, `created_at`, `updated_at`) VALUES ('DO','{\"en\":\"Cambita Garabitos\"}',-70.20,18.45,'P','PPLA2','DO.33','DO.33.2104',13382,'America/Santo_Domingo',1,'2016-06-04 23:00:00','2016-06-04 23:00:00');
INSERT INTO `__PREFIX__cities` (`country_code`, `name`, `longitude`, `latitude`, `feature_class`, `feature_code`, `subadmin1_code`, `subadmin2_code`, `population`, `time_zone`, `active`, `created_at`, `updated_at`) VALUES ('DO','{\"en\":\"Cabral\"}',-71.22,18.25,'P','PPL','DO.03','DO.03.0402',12303,'America/Santo_Domingo',1,'2016-06-04 23:00:00','2016-06-04 23:00:00');
INSERT INTO `__PREFIX__cities` (`country_code`, `name`, `longitude`, `latitude`, `feature_class`, `feature_code`, `subadmin1_code`, `subadmin2_code`, `population`, `time_zone`, `active`, `created_at`, `updated_at`) VALUES ('DO','{\"en\":\"Bonao\"}',-70.41,18.94,'P','PPLA','DO.31','DO.31.2801',73269,'America/Santo_Domingo',1,'2016-06-04 23:00:00','2016-06-04 23:00:00');
INSERT INTO `__PREFIX__cities` (`country_code`, `name`, `longitude`, `latitude`, `feature_class`, `feature_code`, `subadmin1_code`, `subadmin2_code`, `population`, `time_zone`, `active`, `created_at`, `updated_at`) VALUES ('DO','{\"en\":\"Boca Chica\"}',-69.60,18.45,'P','PPLA3','DO.37','DO.37.3204',46300,'America/Santo_Domingo',1,'2016-06-04 23:00:00','2016-06-04 23:00:00');
INSERT INTO `__PREFIX__cities` (`country_code`, `name`, `longitude`, `latitude`, `feature_class`, `feature_code`, `subadmin1_code`, `subadmin2_code`, `population`, `time_zone`, `active`, `created_at`, `updated_at`) VALUES ('DO','{\"en\":\"San Cristóbal\"}',-70.10,18.42,'P','PPLA','DO.33','DO.33.2101',154040,'America/Santo_Domingo',1,'2019-02-26 23:00:00','2019-02-26 23:00:00');
INSERT INTO `__PREFIX__cities` (`country_code`, `name`, `longitude`, `latitude`, `feature_class`, `feature_code`, `subadmin1_code`, `subadmin2_code`, `population`, `time_zone`, `active`, `created_at`, `updated_at`) VALUES ('DO','{\"en\":\"Bella Vista\"}',-69.95,18.46,'P','PPLX','DO.34','DO.34.0101',175683,'America/Santo_Domingo',1,'2016-06-04 23:00:00','2016-06-04 23:00:00');
INSERT INTO `__PREFIX__cities` (`country_code`, `name`, `longitude`, `latitude`, `feature_class`, `feature_code`, `subadmin1_code`, `subadmin2_code`, `population`, `time_zone`, `active`, `created_at`, `updated_at`) VALUES ('DO','{\"en\":\"Bayaguana\"}',-69.64,18.75,'P','PPL','DO.32','DO.32.2902',21055,'America/Santo_Domingo',1,'2016-06-04 23:00:00','2016-06-04 23:00:00');
INSERT INTO `__PREFIX__cities` (`country_code`, `name`, `longitude`, `latitude`, `feature_class`, `feature_code`, `subadmin1_code`, `subadmin2_code`, `population`, `time_zone`, `active`, `created_at`, `updated_at`) VALUES ('DO','{\"en\":\"Baní\"}',-70.33,18.28,'P','PPLA','DO.35','DO.35.1701',66709,'America/Santo_Domingo',1,'2016-06-07 23:00:00','2016-06-07 23:00:00');
INSERT INTO `__PREFIX__cities` (`country_code`, `name`, `longitude`, `latitude`, `feature_class`, `feature_code`, `subadmin1_code`, `subadmin2_code`, `population`, `time_zone`, `active`, `created_at`, `updated_at`) VALUES ('DO','{\"en\":\"Bajos de Haina\"}',-70.03,18.42,'P','PPL','DO.33','DO.33.2103',66784,'America/Santo_Domingo',1,'2016-06-04 23:00:00','2016-06-04 23:00:00');
INSERT INTO `__PREFIX__cities` (`country_code`, `name`, `longitude`, `latitude`, `feature_class`, `feature_code`, `subadmin1_code`, `subadmin2_code`, `population`, `time_zone`, `active`, `created_at`, `updated_at`) VALUES ('DO','{\"en\":\"Azua\"}',-70.73,18.45,'P','PPLA','DO.01','DO.01.0201',59139,'America/Santo_Domingo',1,'2016-06-04 23:00:00','2016-06-04 23:00:00');
INSERT INTO `__PREFIX__cities` (`country_code`, `name`, `longitude`, `latitude`, `feature_class`, `feature_code`, `subadmin1_code`, `subadmin2_code`, `population`, `time_zone`, `active`, `created_at`, `updated_at`) VALUES ('DO','{\"en\":\"Santo Domingo Oeste\"}',-70.00,18.50,'P','PPL','DO.37','DO.37.3202',701269,'America/Santo_Domingo',1,'2016-06-04 23:00:00','2016-06-04 23:00:00');
INSERT INTO `__PREFIX__cities` (`country_code`, `name`, `longitude`, `latitude`, `feature_class`, `feature_code`, `subadmin1_code`, `subadmin2_code`, `population`, `time_zone`, `active`, `created_at`, `updated_at`) VALUES ('DO','{\"en\":\"Santo Domingo Este\"}',-69.86,18.49,'P','PPLA','DO.37','DO.37.3201',700000,'America/Santo_Domingo',1,'2019-02-25 23:00:00','2019-02-25 23:00:00');
/*!40000 ALTER TABLE `__PREFIX__cities` ENABLE KEYS */;
/*!40103 SET TIME_ZONE=@OLD_TIME_ZONE */;

/*!40101 SET SQL_MODE=@OLD_SQL_MODE */;
/*!40014 SET FOREIGN_KEY_CHECKS=@OLD_FOREIGN_KEY_CHECKS */;
/*!40014 SET UNIQUE_CHECKS=@OLD_UNIQUE_CHECKS */;
/*!40101 SET CHARACTER_SET_CLIENT=@OLD_CHARACTER_SET_CLIENT */;
/*!40101 SET CHARACTER_SET_RESULTS=@OLD_CHARACTER_SET_RESULTS */;
/*!40101 SET COLLATION_CONNECTION=@OLD_COLLATION_CONNECTION */;
/*!40111 SET SQL_NOTES=@OLD_SQL_NOTES */;

-- Dump completed
