-- MySQL dump 10.13  Distrib 5.7.34, for osx10.12 (x86_64)
--
-- Host: 127.0.0.1    Database: laraclassifier
-- ------------------------------------------------------
-- Server version	5.7.34

/*!40101 SET @OLD_CHARACTER_SET_CLIENT=@@CHARACTER_SET_CLIENT */;
/*!40101 SET @OLD_CHARACTER_SET_RESULTS=@@CHARACTER_SET_RESULTS */;
/*!40101 SET @OLD_COLLATION_CONNECTION=@@COLLATION_CONNECTION */;
/*!40101 SET NAMES utf8 */;
/*!40103 SET @OLD_TIME_ZONE=@@TIME_ZONE */;
/*!40103 SET TIME_ZONE='+00:00' */;
/*!40014 SET @OLD_UNIQUE_CHECKS=@@UNIQUE_CHECKS, UNIQUE_CHECKS=0 */;
/*!40014 SET @OLD_FOREIGN_KEY_CHECKS=@@FOREIGN_KEY_CHECKS, FOREIGN_KEY_CHECKS=0 */;
/*!40101 SET @OLD_SQL_MODE=@@SQL_MODE, SQL_MODE='NO_AUTO_VALUE_ON_ZERO' */;
/*!40111 SET @OLD_SQL_NOTES=@@SQL_NOTES, SQL_NOTES=0 */;

--
-- Dumping data for table `__PREFIX__subadmin1`
--

/*!40000 ALTER TABLE `__PREFIX__subadmin1` DISABLE KEYS */;
INSERT INTO `__PREFIX__subadmin1` (`code`, `country_code`, `name`, `active`) VALUES ('DZ.15','DZ','{\"en\":\"Tlemcen\"}',1);
INSERT INTO `__PREFIX__subadmin1` (`code`, `country_code`, `name`, `active`) VALUES ('DZ.14','DZ','{\"en\":\"Tizi Ouzou\"}',1);
INSERT INTO `__PREFIX__subadmin1` (`code`, `country_code`, `name`, `active`) VALUES ('DZ.56','DZ','{\"en\":\"Tissemsilt\"}',1);
INSERT INTO `__PREFIX__subadmin1` (`code`, `country_code`, `name`, `active`) VALUES ('DZ.55','DZ','{\"en\":\"Tipaza\"}',1);
INSERT INTO `__PREFIX__subadmin1` (`code`, `country_code`, `name`, `active`) VALUES ('DZ.54','DZ','{\"en\":\"Tindouf\"}',1);
INSERT INTO `__PREFIX__subadmin1` (`code`, `country_code`, `name`, `active`) VALUES ('DZ.13','DZ','{\"en\":\"Tiaret\"}',1);
INSERT INTO `__PREFIX__subadmin1` (`code`, `country_code`, `name`, `active`) VALUES ('DZ.33','DZ','{\"en\":\"Tébessa\"}',1);
INSERT INTO `__PREFIX__subadmin1` (`code`, `country_code`, `name`, `active`) VALUES ('DZ.53','DZ','{\"en\":\"Tamanrasset\"}',1);
INSERT INTO `__PREFIX__subadmin1` (`code`, `country_code`, `name`, `active`) VALUES ('DZ.52','DZ','{\"en\":\"Souk Ahras\"}',1);
INSERT INTO `__PREFIX__subadmin1` (`code`, `country_code`, `name`, `active`) VALUES ('DZ.31','DZ','{\"en\":\"Skikda\"}',1);
INSERT INTO `__PREFIX__subadmin1` (`code`, `country_code`, `name`, `active`) VALUES ('DZ.30','DZ','{\"en\":\"Sidi Bel Abbès\"}',1);
INSERT INTO `__PREFIX__subadmin1` (`code`, `country_code`, `name`, `active`) VALUES ('DZ.12','DZ','{\"en\":\"Sétif\"}',1);
INSERT INTO `__PREFIX__subadmin1` (`code`, `country_code`, `name`, `active`) VALUES ('DZ.10','DZ','{\"en\":\"Saida\"}',1);
INSERT INTO `__PREFIX__subadmin1` (`code`, `country_code`, `name`, `active`) VALUES ('DZ.51','DZ','{\"en\":\"Relizane\"}',1);
INSERT INTO `__PREFIX__subadmin1` (`code`, `country_code`, `name`, `active`) VALUES ('DZ.29','DZ','{\"en\":\"Oum el Bouaghi\"}',1);
INSERT INTO `__PREFIX__subadmin1` (`code`, `country_code`, `name`, `active`) VALUES ('DZ.50','DZ','{\"en\":\"Ouargla\"}',1);
INSERT INTO `__PREFIX__subadmin1` (`code`, `country_code`, `name`, `active`) VALUES ('DZ.09','DZ','{\"en\":\"Oran\"}',1);
INSERT INTO `__PREFIX__subadmin1` (`code`, `country_code`, `name`, `active`) VALUES ('DZ.49','DZ','{\"en\":\"Naama\"}',1);
INSERT INTO `__PREFIX__subadmin1` (`code`, `country_code`, `name`, `active`) VALUES ('DZ.27','DZ','{\"en\":\"M\'Sila\"}',1);
INSERT INTO `__PREFIX__subadmin1` (`code`, `country_code`, `name`, `active`) VALUES ('DZ.07','DZ','{\"en\":\"Mostaganem\"}',1);
INSERT INTO `__PREFIX__subadmin1` (`code`, `country_code`, `name`, `active`) VALUES ('DZ.48','DZ','{\"en\":\"Mila\"}',1);
INSERT INTO `__PREFIX__subadmin1` (`code`, `country_code`, `name`, `active`) VALUES ('DZ.06','DZ','{\"en\":\"Medea\"}',1);
INSERT INTO `__PREFIX__subadmin1` (`code`, `country_code`, `name`, `active`) VALUES ('DZ.26','DZ','{\"en\":\"Mascara\"}',1);
INSERT INTO `__PREFIX__subadmin1` (`code`, `country_code`, `name`, `active`) VALUES ('DZ.25','DZ','{\"en\":\"Laghouat\"}',1);
INSERT INTO `__PREFIX__subadmin1` (`code`, `country_code`, `name`, `active`) VALUES ('DZ.47','DZ','{\"en\":\"Khenchela\"}',1);
INSERT INTO `__PREFIX__subadmin1` (`code`, `country_code`, `name`, `active`) VALUES ('DZ.24','DZ','{\"en\":\"Jijel\"}',1);
INSERT INTO `__PREFIX__subadmin1` (`code`, `country_code`, `name`, `active`) VALUES ('DZ.46','DZ','{\"en\":\"Illizi\"}',1);
INSERT INTO `__PREFIX__subadmin1` (`code`, `country_code`, `name`, `active`) VALUES ('DZ.23','DZ','{\"en\":\"Guelma\"}',1);
INSERT INTO `__PREFIX__subadmin1` (`code`, `country_code`, `name`, `active`) VALUES ('DZ.45','DZ','{\"en\":\"Ghardaia\"}',1);
INSERT INTO `__PREFIX__subadmin1` (`code`, `country_code`, `name`, `active`) VALUES ('DZ.44','DZ','{\"en\":\"El Tarf\"}',1);
INSERT INTO `__PREFIX__subadmin1` (`code`, `country_code`, `name`, `active`) VALUES ('DZ.43','DZ','{\"en\":\"El Oued\"}',1);
INSERT INTO `__PREFIX__subadmin1` (`code`, `country_code`, `name`, `active`) VALUES ('DZ.42','DZ','{\"en\":\"El Bayadh\"}',1);
INSERT INTO `__PREFIX__subadmin1` (`code`, `country_code`, `name`, `active`) VALUES ('DZ.22','DZ','{\"en\":\"Djelfa\"}',1);
INSERT INTO `__PREFIX__subadmin1` (`code`, `country_code`, `name`, `active`) VALUES ('DZ.04','DZ','{\"en\":\"Constantine\"}',1);
INSERT INTO `__PREFIX__subadmin1` (`code`, `country_code`, `name`, `active`) VALUES ('DZ.41','DZ','{\"en\":\"Chlef\"}',1);
INSERT INTO `__PREFIX__subadmin1` (`code`, `country_code`, `name`, `active`) VALUES ('DZ.40','DZ','{\"en\":\"Boumerdes\"}',1);
INSERT INTO `__PREFIX__subadmin1` (`code`, `country_code`, `name`, `active`) VALUES ('DZ.21','DZ','{\"en\":\"Bouira\"}',1);
INSERT INTO `__PREFIX__subadmin1` (`code`, `country_code`, `name`, `active`) VALUES ('DZ.39','DZ','{\"en\":\"Bordj Bou Arréridj\"}',1);
INSERT INTO `__PREFIX__subadmin1` (`code`, `country_code`, `name`, `active`) VALUES ('DZ.20','DZ','{\"en\":\"Blida\"}',1);
INSERT INTO `__PREFIX__subadmin1` (`code`, `country_code`, `name`, `active`) VALUES ('DZ.19','DZ','{\"en\":\"Biskra\"}',1);
INSERT INTO `__PREFIX__subadmin1` (`code`, `country_code`, `name`, `active`) VALUES ('DZ.18','DZ','{\"en\":\"Béjaïa\"}',1);
INSERT INTO `__PREFIX__subadmin1` (`code`, `country_code`, `name`, `active`) VALUES ('DZ.38','DZ','{\"en\":\"Béchar\"}',1);
INSERT INTO `__PREFIX__subadmin1` (`code`, `country_code`, `name`, `active`) VALUES ('DZ.03','DZ','{\"en\":\"Batna\"}',1);
INSERT INTO `__PREFIX__subadmin1` (`code`, `country_code`, `name`, `active`) VALUES ('DZ.37','DZ','{\"en\":\"Annaba\"}',1);
INSERT INTO `__PREFIX__subadmin1` (`code`, `country_code`, `name`, `active`) VALUES ('DZ.01','DZ','{\"en\":\"Algiers\"}',1);
INSERT INTO `__PREFIX__subadmin1` (`code`, `country_code`, `name`, `active`) VALUES ('DZ.36','DZ','{\"en\":\"Aïn Témouchent\"}',1);
INSERT INTO `__PREFIX__subadmin1` (`code`, `country_code`, `name`, `active`) VALUES ('DZ.35','DZ','{\"en\":\"Aïn Defla\"}',1);
INSERT INTO `__PREFIX__subadmin1` (`code`, `country_code`, `name`, `active`) VALUES ('DZ.34','DZ','{\"en\":\"Adrar\"}',1);
INSERT INTO `__PREFIX__subadmin1` (`code`, `country_code`, `name`, `active`) VALUES ('DZ.BB','DZ','{\"en\":\"Bordj Badji Mokhtar\"}',1);
INSERT INTO `__PREFIX__subadmin1` (`code`, `country_code`, `name`, `active`) VALUES ('DZ.TM','DZ','{\"en\":\"Timimoun\"}',1);
INSERT INTO `__PREFIX__subadmin1` (`code`, `country_code`, `name`, `active`) VALUES ('DZ.BA','DZ','{\"en\":\"Beni Abbes\"}',1);
INSERT INTO `__PREFIX__subadmin1` (`code`, `country_code`, `name`, `active`) VALUES ('DZ.IG','DZ','{\"en\":\"In Guezzam\"}',1);
INSERT INTO `__PREFIX__subadmin1` (`code`, `country_code`, `name`, `active`) VALUES ('DZ.IS','DZ','{\"en\":\"In Salah\"}',1);
INSERT INTO `__PREFIX__subadmin1` (`code`, `country_code`, `name`, `active`) VALUES ('DZ.DJ','DZ','{\"en\":\"Djanet\"}',1);
INSERT INTO `__PREFIX__subadmin1` (`code`, `country_code`, `name`, `active`) VALUES ('DZ.EM','DZ','{\"en\":\"El Menia\"}',1);
INSERT INTO `__PREFIX__subadmin1` (`code`, `country_code`, `name`, `active`) VALUES ('DZ.TG','DZ','{\"en\":\"Touggourt\"}',1);
INSERT INTO `__PREFIX__subadmin1` (`code`, `country_code`, `name`, `active`) VALUES ('DZ.MG','DZ','{\"en\":\"El Mghair\"}',1);
INSERT INTO `__PREFIX__subadmin1` (`code`, `country_code`, `name`, `active`) VALUES ('DZ.OD','DZ','{\"en\":\"Ouled Djellal\"}',1);
/*!40000 ALTER TABLE `__PREFIX__subadmin1` ENABLE KEYS */;

--
-- Dumping data for table `__PREFIX__subadmin2`
--

/*!40000 ALTER TABLE `__PREFIX__subadmin2` DISABLE KEYS */;
INSERT INTO `__PREFIX__subadmin2` (`code`, `country_code`, `subadmin1_code`, `name`, `active`) VALUES ('DZ.50.2475473','DZ','DZ.50','{\"en\":\"Daïra de Touggourt\"}',1);
INSERT INTO `__PREFIX__subadmin2` (`code`, `country_code`, `subadmin1_code`, `name`, `active`) VALUES ('DZ.15.2475685','DZ','DZ.15','{\"en\":\"Daïra de Tlemcen\"}',1);
INSERT INTO `__PREFIX__subadmin2` (`code`, `country_code`, `subadmin1_code`, `name`, `active`) VALUES ('DZ.14.2475742','DZ','DZ.14','{\"en\":\"Daïra de Tizi Ouzou\"}',1);
INSERT INTO `__PREFIX__subadmin2` (`code`, `country_code`, `subadmin1_code`, `name`, `active`) VALUES ('DZ.34.2476401','DZ','DZ.34','{\"en\":\"Daïra de Timimoun\"}',1);
INSERT INTO `__PREFIX__subadmin2` (`code`, `country_code`, `subadmin1_code`, `name`, `active`) VALUES ('DZ.26.2476698','DZ','DZ.26','{\"en\":\"Daïra de Tighennif\"}',1);
INSERT INTO `__PREFIX__subadmin2` (`code`, `country_code`, `subadmin1_code`, `name`, `active`) VALUES ('DZ.13.2476895','DZ','DZ.13','{\"en\":\"Daïra de Tiaret daira de meghila\"}',1);
INSERT INTO `__PREFIX__subadmin2` (`code`, `country_code`, `subadmin1_code`, `name`, `active`) VALUES ('DZ.56.2476913','DZ','DZ.56','{\"en\":\"Daïra de Theniet el Had\"}',1);
INSERT INTO `__PREFIX__subadmin2` (`code`, `country_code`, `subadmin1_code`, `name`, `active`) VALUES ('DZ.41.2477145','DZ','DZ.41','{\"en\":\"Daïra de Ténès\"}',1);
INSERT INTO `__PREFIX__subadmin2` (`code`, `country_code`, `subadmin1_code`, `name`, `active`) VALUES ('DZ.30.2477275','DZ','DZ.30','{\"en\":\"Daïra de Télagh\"}',1);
INSERT INTO `__PREFIX__subadmin2` (`code`, `country_code`, `subadmin1_code`, `name`, `active`) VALUES ('DZ.23.2477459','DZ','DZ.23','{\"en\":\"Daïra de Tébessa\"}',1);
INSERT INTO `__PREFIX__subadmin2` (`code`, `country_code`, `subadmin1_code`, `name`, `active`) VALUES ('DZ.53.2478218','DZ','DZ.53','{\"en\":\"Daïra de Tamanrasset\"}',1);
INSERT INTO `__PREFIX__subadmin2` (`code`, `country_code`, `subadmin1_code`, `name`, `active`) VALUES ('DZ.06.2478972','DZ','DZ.06','{\"en\":\"Daïra de Tablat\"}',1);
INSERT INTO `__PREFIX__subadmin2` (`code`, `country_code`, `subadmin1_code`, `name`, `active`) VALUES ('DZ.27.2479159','DZ','DZ.27','{\"en\":\"Daïra de Sour el Ghozlane\"}',1);
INSERT INTO `__PREFIX__subadmin2` (`code`, `country_code`, `subadmin1_code`, `name`, `active`) VALUES ('DZ.31.2479533','DZ','DZ.31','{\"en\":\"Daïra de Skikda\"}',1);
INSERT INTO `__PREFIX__subadmin2` (`code`, `country_code`, `subadmin1_code`, `name`, `active`) VALUES ('DZ.30.2481003','DZ','DZ.30','{\"en\":\"Daïra de Sidi Bel Abbès\"}',1);
INSERT INTO `__PREFIX__subadmin2` (`code`, `country_code`, `subadmin1_code`, `name`, `active`) VALUES ('DZ.07.2481182','DZ','DZ.07','{\"en\":\"Daïra de Sidi Ali\"}',1);
INSERT INTO `__PREFIX__subadmin2` (`code`, `country_code`, `subadmin1_code`, `name`, `active`) VALUES ('DZ.18.2481254','DZ','DZ.18','{\"en\":\"Daïra de Sidi Aïch\"}',1);
INSERT INTO `__PREFIX__subadmin2` (`code`, `country_code`, `subadmin1_code`, `name`, `active`) VALUES ('DZ.39.2481698','DZ','DZ.39','{\"en\":\"Daïra de Sétif\"}',1);
INSERT INTO `__PREFIX__subadmin2` (`code`, `country_code`, `subadmin1_code`, `name`, `active`) VALUES ('DZ.15.2482209','DZ','DZ.15','{\"en\":\"Daïra de Sebdou\"}',1);
INSERT INTO `__PREFIX__subadmin2` (`code`, `country_code`, `subadmin1_code`, `name`, `active`) VALUES ('DZ.10.2482569','DZ','DZ.10','{\"en\":\"Daïra de Saïda\"}',1);
INSERT INTO `__PREFIX__subadmin2` (`code`, `country_code`, `subadmin1_code`, `name`, `active`) VALUES ('DZ.51.2485580','DZ','DZ.51','{\"en\":\"Daïra d’Oued Ghiou\"}',1);
INSERT INTO `__PREFIX__subadmin2` (`code`, `country_code`, `subadmin1_code`, `name`, `active`) VALUES ('DZ.50.2485797','DZ','DZ.50','{\"en\":\"Daïra d’Ouargla\"}',1);
INSERT INTO `__PREFIX__subadmin2` (`code`, `country_code`, `subadmin1_code`, `name`, `active`) VALUES ('DZ.09.2485924','DZ','DZ.09','{\"en\":\"Daïra d’Oran\"}',1);
INSERT INTO `__PREFIX__subadmin2` (`code`, `country_code`, `subadmin1_code`, `name`, `active`) VALUES ('DZ.27.2486687','DZ','DZ.27','{\"en\":\"Daïra de M’Sila\"}',1);
INSERT INTO `__PREFIX__subadmin2` (`code`, `country_code`, `subadmin1_code`, `name`, `active`) VALUES ('DZ.51.2487132','DZ','DZ.51','{\"en\":\"Daïra de Mostaganem\"}',1);
INSERT INTO `__PREFIX__subadmin2` (`code`, `country_code`, `subadmin1_code`, `name`, `active`) VALUES ('DZ.26.2487291','DZ','DZ.26','{\"en\":\"Daïra de Mohammadia\"}',1);
INSERT INTO `__PREFIX__subadmin2` (`code`, `country_code`, `subadmin1_code`, `name`, `active`) VALUES ('DZ.35.2487442','DZ','DZ.35','{\"en\":\"Daïra de Miliana\"}',1);
INSERT INTO `__PREFIX__subadmin2` (`code`, `country_code`, `subadmin1_code`, `name`, `active`) VALUES ('DZ.03.2487880','DZ','DZ.03','{\"en\":\"Daïra de Merouana\"}',1);
INSERT INTO `__PREFIX__subadmin2` (`code`, `country_code`, `subadmin1_code`, `name`, `active`) VALUES ('DZ.49.2489863','DZ','DZ.49','{\"en\":\"Daïra de Mecheria\"}',1);
INSERT INTO `__PREFIX__subadmin2` (`code`, `country_code`, `subadmin1_code`, `name`, `active`) VALUES ('DZ.10.2490096','DZ','DZ.10','{\"en\":\"Daïra de Mascara\"}',1);
INSERT INTO `__PREFIX__subadmin2` (`code`, `country_code`, `subadmin1_code`, `name`, `active`) VALUES ('DZ.15.2490582','DZ','DZ.15','{\"en\":\"Daïra de Maghnia\"}',1);
INSERT INTO `__PREFIX__subadmin2` (`code`, `country_code`, `subadmin1_code`, `name`, `active`) VALUES ('DZ.14.2491040','DZ','DZ.14','{\"en\":\"Daïra de L’Arbaa Naït Irathen\"}',1);
INSERT INTO `__PREFIX__subadmin2` (`code`, `country_code`, `subadmin1_code`, `name`, `active`) VALUES ('DZ.40.2491132','DZ','DZ.40','{\"en\":\"Daïra de Lakhdaria\"}',1);
INSERT INTO `__PREFIX__subadmin2` (`code`, `country_code`, `subadmin1_code`, `name`, `active`) VALUES ('DZ.25.2491189','DZ','DZ.25','{\"en\":\"Daïra de Laghouat\"}',1);
INSERT INTO `__PREFIX__subadmin2` (`code`, `country_code`, `subadmin1_code`, `name`, `active`) VALUES ('DZ.06.2491321','DZ','DZ.06','{\"en\":\"Daïra de Ksar el Boukhari\"}',1);
INSERT INTO `__PREFIX__subadmin2` (`code`, `country_code`, `subadmin1_code`, `name`, `active`) VALUES ('DZ.24.2492911','DZ','DZ.24','{\"en\":\"Daïra de Jijel\"}',1);
INSERT INTO `__PREFIX__subadmin2` (`code`, `country_code`, `subadmin1_code`, `name`, `active`) VALUES ('DZ.53.2493220','DZ','DZ.53','{\"en\":\"In Salah District\"}',1);
INSERT INTO `__PREFIX__subadmin2` (`code`, `country_code`, `subadmin1_code`, `name`, `active`) VALUES ('DZ.23.2495660','DZ','DZ.23','{\"en\":\"Daïra de Guelma\"}',1);
INSERT INTO `__PREFIX__subadmin2` (`code`, `country_code`, `subadmin1_code`, `name`, `active`) VALUES ('DZ.15.2496040','DZ','DZ.15','{\"en\":\"Daïra de Ghazaouet\"}',1);
INSERT INTO `__PREFIX__subadmin2` (`code`, `country_code`, `subadmin1_code`, `name`, `active`) VALUES ('DZ.13.2496230','DZ','DZ.13','{\"en\":\"Daïra de Frenda\"}',1);
INSERT INTO `__PREFIX__subadmin2` (`code`, `country_code`, `subadmin1_code`, `name`, `active`) VALUES ('DZ.24.2497507','DZ','DZ.24','{\"en\":\"Daïra d’El Milia\"}',1);
INSERT INTO `__PREFIX__subadmin2` (`code`, `country_code`, `subadmin1_code`, `name`, `active`) VALUES ('DZ.44.2497985','DZ','DZ.44','{\"en\":\"Daïra d’El Kala\"}',1);
INSERT INTO `__PREFIX__subadmin2` (`code`, `country_code`, `subadmin1_code`, `name`, `active`) VALUES ('DZ.45.2498303','DZ','DZ.45','{\"en\":\"Daïra d’El Golea\"}',1);
INSERT INTO `__PREFIX__subadmin2` (`code`, `country_code`, `subadmin1_code`, `name`, `active`) VALUES ('DZ.12.2498390','DZ','DZ.12','{\"en\":\"Daïra d’El Eulma\"}',1);
INSERT INTO `__PREFIX__subadmin2` (`code`, `country_code`, `subadmin1_code`, `name`, `active`) VALUES ('DZ.41.2498609','DZ','DZ.41','{\"en\":\"Daïra d’El Asnam\"}',1);
INSERT INTO `__PREFIX__subadmin2` (`code`, `country_code`, `subadmin1_code`, `name`, `active`) VALUES ('DZ.33.2498664','DZ','DZ.33','{\"en\":\"Daïra d’El Aouinet\"}',1);
INSERT INTO `__PREFIX__subadmin2` (`code`, `country_code`, `subadmin1_code`, `name`, `active`) VALUES ('DZ.14.2499101','DZ','DZ.14','{\"en\":\"Daïra de Draa el Mizan\"}',1);
INSERT INTO `__PREFIX__subadmin2` (`code`, `country_code`, `subadmin1_code`, `name`, `active`) VALUES ('DZ.22.2500015','DZ','DZ.22','{\"en\":\"Daïra de Djelfa\"}',1);
INSERT INTO `__PREFIX__subadmin2` (`code`, `country_code`, `subadmin1_code`, `name`, `active`) VALUES ('DZ.46.2500273','DZ','DZ.46','{\"en\":\"Daïra de Djanet\"}',1);
INSERT INTO `__PREFIX__subadmin2` (`code`, `country_code`, `subadmin1_code`, `name`, `active`) VALUES ('DZ.01.2500886','DZ','DZ.01','{\"en\":\"Daïra de Dar el Beïda\"}',1);
INSERT INTO `__PREFIX__subadmin2` (`code`, `country_code`, `subadmin1_code`, `name`, `active`) VALUES ('DZ.04.2501150','DZ','DZ.04','{\"en\":\"Daïra de Constantine\"}',1);
INSERT INTO `__PREFIX__subadmin2` (`code`, `country_code`, `subadmin1_code`, `name`, `active`) VALUES ('DZ.31.2501159','DZ','DZ.31','{\"en\":\"Daïra de Collo\"}',1);
INSERT INTO `__PREFIX__subadmin2` (`code`, `country_code`, `subadmin1_code`, `name`, `active`) VALUES ('DZ.55.2501438','DZ','DZ.55','{\"en\":\"Daïra de Cherchell\"}',1);
INSERT INTO `__PREFIX__subadmin2` (`code`, `country_code`, `subadmin1_code`, `name`, `active`) VALUES ('DZ.27.2502382','DZ','DZ.27','{\"en\":\"Daïra de Bou Saâda\"}',1);
INSERT INTO `__PREFIX__subadmin2` (`code`, `country_code`, `subadmin1_code`, `name`, `active`) VALUES ('DZ.21.2502955','DZ','DZ.21','{\"en\":\"Daïra de Bouira\"}',1);
INSERT INTO `__PREFIX__subadmin2` (`code`, `country_code`, `subadmin1_code`, `name`, `active`) VALUES ('DZ.12.2503153','DZ','DZ.12','{\"en\":\"Daïra de Bougaa\"}',1);
INSERT INTO `__PREFIX__subadmin2` (`code`, `country_code`, `subadmin1_code`, `name`, `active`) VALUES ('DZ.40.2503639','DZ','DZ.40','{\"en\":\"Daïra de Bordj Menaïel\"}',1);
INSERT INTO `__PREFIX__subadmin2` (`code`, `country_code`, `subadmin1_code`, `name`, `active`) VALUES ('DZ.55.2503767','DZ','DZ.55','{\"en\":\"Daïra de Blida\"}',1);
INSERT INTO `__PREFIX__subadmin2` (`code`, `country_code`, `subadmin1_code`, `name`, `active`) VALUES ('DZ.19.2503824','DZ','DZ.19','{\"en\":\"Daïra de Biskra\"}',1);
INSERT INTO `__PREFIX__subadmin2` (`code`, `country_code`, `subadmin1_code`, `name`, `active`) VALUES ('DZ.36.2504579','DZ','DZ.36','{\"en\":\"Daïra de Beni Saf\"}',1);
INSERT INTO `__PREFIX__subadmin2` (`code`, `country_code`, `subadmin1_code`, `name`, `active`) VALUES ('DZ.38.2504753','DZ','DZ.38','{\"en\":\"Daïra de Beni Abbes\"}',1);
INSERT INTO `__PREFIX__subadmin2` (`code`, `country_code`, `subadmin1_code`, `name`, `active`) VALUES ('DZ.18.2505327','DZ','DZ.18','{\"en\":\"Daïra de Bejaïa\"}',1);
INSERT INTO `__PREFIX__subadmin2` (`code`, `country_code`, `subadmin1_code`, `name`, `active`) VALUES ('DZ.38.2505528','DZ','DZ.38','{\"en\":\"Daïra de Béchar\"}',1);
INSERT INTO `__PREFIX__subadmin2` (`code`, `country_code`, `subadmin1_code`, `name`, `active`) VALUES ('DZ.03.2505570','DZ','DZ.03','{\"en\":\"Daïra de Batna\"}',1);
INSERT INTO `__PREFIX__subadmin2` (`code`, `country_code`, `subadmin1_code`, `name`, `active`) VALUES ('DZ.03.2505627','DZ','DZ.03','{\"en\":\"Daïra de Barika\"}',1);
INSERT INTO `__PREFIX__subadmin2` (`code`, `country_code`, `subadmin1_code`, `name`, `active`) VALUES ('DZ.14.2506041','DZ','DZ.14','{\"en\":\"Daïra d’Azazga\"}',1);
INSERT INTO `__PREFIX__subadmin2` (`code`, `country_code`, `subadmin1_code`, `name`, `active`) VALUES ('DZ.03.2506402','DZ','DZ.03','{\"en\":\"Daïra d’Arris\"}',1);
INSERT INTO `__PREFIX__subadmin2` (`code`, `country_code`, `subadmin1_code`, `name`, `active`) VALUES ('DZ.44.2506996','DZ','DZ.44','{\"en\":\"Daïra d’Annaba\"}',1);
INSERT INTO `__PREFIX__subadmin2` (`code`, `country_code`, `subadmin1_code`, `name`, `active`) VALUES ('DZ.55.2507473','DZ','DZ.55','{\"en\":\"Daïra d’Alger-Sahel\"}',1);
INSERT INTO `__PREFIX__subadmin2` (`code`, `country_code`, `subadmin1_code`, `name`, `active`) VALUES ('DZ.18.2507644','DZ','DZ.18','{\"en\":\"Daïra d’Akbou\"}',1);
INSERT INTO `__PREFIX__subadmin2` (`code`, `country_code`, `subadmin1_code`, `name`, `active`) VALUES ('DZ.49.2507940','DZ','DZ.49','{\"en\":\"Daïra d’‘Aïn Sefra\"}',1);
INSERT INTO `__PREFIX__subadmin2` (`code`, `country_code`, `subadmin1_code`, `name`, `active`) VALUES ('DZ.22.2507970','DZ','DZ.22','{\"en\":\"Daïra d’‘Aïn Oussera\"}',1);
INSERT INTO `__PREFIX__subadmin2` (`code`, `country_code`, `subadmin1_code`, `name`, `active`) VALUES ('DZ.12.2507978','DZ','DZ.12','{\"en\":\"Aïn Oulmene\"}',1);
INSERT INTO `__PREFIX__subadmin2` (`code`, `country_code`, `subadmin1_code`, `name`, `active`) VALUES ('DZ.29.2508001','DZ','DZ.29','{\"en\":\"Daïra d’Aïn M’lila\"}',1);
INSERT INTO `__PREFIX__subadmin2` (`code`, `country_code`, `subadmin1_code`, `name`, `active`) VALUES ('DZ.12.2508142','DZ','DZ.12','{\"en\":\"Daïra d’‘Aïn el Kebira\"}',1);
INSERT INTO `__PREFIX__subadmin2` (`code`, `country_code`, `subadmin1_code`, `name`, `active`) VALUES ('DZ.29.2508284','DZ','DZ.29','{\"en\":\"Daïra d’‘Aïn Beïda\"}',1);
INSERT INTO `__PREFIX__subadmin2` (`code`, `country_code`, `subadmin1_code`, `name`, `active`) VALUES ('DZ.25.2508735','DZ','DZ.25','{\"en\":\"Daïra d’Aflou\"}',1);
INSERT INTO `__PREFIX__subadmin2` (`code`, `country_code`, `subadmin1_code`, `name`, `active`) VALUES ('DZ.34.2508809','DZ','DZ.34','{\"en\":\"Daïra d’Adrar\"}',1);
INSERT INTO `__PREFIX__subadmin2` (`code`, `country_code`, `subadmin1_code`, `name`, `active`) VALUES ('DZ.45.8293555','DZ','DZ.45','{\"en\":\"Bukombe District\"}',1);
INSERT INTO `__PREFIX__subadmin2` (`code`, `country_code`, `subadmin1_code`, `name`, `active`) VALUES ('DZ.53.8693062','DZ','DZ.53','{\"en\":\"In Guezzam\"}',1);
INSERT INTO `__PREFIX__subadmin2` (`code`, `country_code`, `subadmin1_code`, `name`, `active`) VALUES ('DZ.34.10303657','DZ','DZ.34','{\"en\":\"Charouine\"}',1);
INSERT INTO `__PREFIX__subadmin2` (`code`, `country_code`, `subadmin1_code`, `name`, `active`) VALUES ('DZ.45.11203916','DZ','DZ.45','{\"en\":\"El Ménia District\"}',1);
INSERT INTO `__PREFIX__subadmin2` (`code`, `country_code`, `subadmin1_code`, `name`, `active`) VALUES ('DZ.44.11204517','DZ','DZ.44','{\"en\":\"Dréan District\"}',1);
INSERT INTO `__PREFIX__subadmin2` (`code`, `country_code`, `subadmin1_code`, `name`, `active`) VALUES ('DZ.43.11204522','DZ','DZ.43','{\"en\":\"El M\'Ghair District\"}',1);
INSERT INTO `__PREFIX__subadmin2` (`code`, `country_code`, `subadmin1_code`, `name`, `active`) VALUES ('DZ.48.11204560','DZ','DZ.48','{\"en\":\"Chelghoum Laïd District\"}',1);
INSERT INTO `__PREFIX__subadmin2` (`code`, `country_code`, `subadmin1_code`, `name`, `active`) VALUES ('DZ.30.11204640','DZ','DZ.30','{\"en\":\"Ben Badis District\"}',1);
INSERT INTO `__PREFIX__subadmin2` (`code`, `country_code`, `subadmin1_code`, `name`, `active`) VALUES ('DZ.37.11205653','DZ','DZ.37','{\"en\":\"Annaba District\"}',1);
/*!40000 ALTER TABLE `__PREFIX__subadmin2` ENABLE KEYS */;

--
-- Dumping data for table `__PREFIX__cities`
--

/*!40000 ALTER TABLE `__PREFIX__cities` DISABLE KEYS */;
INSERT INTO `__PREFIX__cities` (`country_code`, `name`, `longitude`, `latitude`, `feature_class`, `feature_code`, `subadmin1_code`, `subadmin2_code`, `population`, `time_zone`, `active`, `created_at`, `updated_at`) VALUES ('DZ','{\"en\":\"Boumerdas\"}',3.48,36.77,'P','PPLA','DZ.40',NULL,786499,'Africa/Algiers',1,'2020-06-01 23:00:00','2020-06-01 23:00:00');
INSERT INTO `__PREFIX__cities` (`country_code`, `name`, `longitude`, `latitude`, `feature_class`, `feature_code`, `subadmin1_code`, `subadmin2_code`, `population`, `time_zone`, `active`, `created_at`, `updated_at`) VALUES ('DZ','{\"en\":\"Zeribet el Oued\"}',6.51,34.68,'P','PPL','DZ.19',NULL,23187,'Africa/Algiers',1,'2012-01-18 23:00:00','2012-01-18 23:00:00');
INSERT INTO `__PREFIX__cities` (`country_code`, `name`, `longitude`, `latitude`, `feature_class`, `feature_code`, `subadmin1_code`, `subadmin2_code`, `population`, `time_zone`, `active`, `created_at`, `updated_at`) VALUES ('DZ','{\"en\":\"Zeralda\"}',2.84,36.71,'P','PPL','DZ.01',NULL,17563,'Africa/Algiers',1,'2021-04-19 23:00:00','2021-04-19 23:00:00');
INSERT INTO `__PREFIX__cities` (`country_code`, `name`, `longitude`, `latitude`, `feature_class`, `feature_code`, `subadmin1_code`, `subadmin2_code`, `population`, `time_zone`, `active`, `created_at`, `updated_at`) VALUES ('DZ','{\"en\":\"Zemoura\"}',0.76,35.72,'P','PPL','DZ.51',NULL,21770,'Africa/Algiers',1,'2012-01-18 23:00:00','2012-01-18 23:00:00');
INSERT INTO `__PREFIX__cities` (`country_code`, `name`, `longitude`, `latitude`, `feature_class`, `feature_code`, `subadmin1_code`, `subadmin2_code`, `population`, `time_zone`, `active`, `created_at`, `updated_at`) VALUES ('DZ','{\"en\":\"Touggourt\"}',6.06,33.11,'P','PPL','DZ.TG',NULL,49044,'Africa/Algiers',1,'2021-04-19 23:00:00','2021-04-19 23:00:00');
INSERT INTO `__PREFIX__cities` (`country_code`, `name`, `longitude`, `latitude`, `feature_class`, `feature_code`, `subadmin1_code`, `subadmin2_code`, `population`, `time_zone`, `active`, `created_at`, `updated_at`) VALUES ('DZ','{\"en\":\"Tolga\"}',5.38,34.72,'P','PPL','DZ.19',NULL,68246,'Africa/Algiers',1,'2012-01-18 23:00:00','2012-01-18 23:00:00');
INSERT INTO `__PREFIX__cities` (`country_code`, `name`, `longitude`, `latitude`, `feature_class`, `feature_code`, `subadmin1_code`, `subadmin2_code`, `population`, `time_zone`, `active`, `created_at`, `updated_at`) VALUES ('DZ','{\"en\":\"Tlemcen\"}',-1.32,34.88,'P','PPLA','DZ.15',NULL,132341,'Africa/Algiers',1,'2019-09-04 23:00:00','2019-09-04 23:00:00');
INSERT INTO `__PREFIX__cities` (`country_code`, `name`, `longitude`, `latitude`, `feature_class`, `feature_code`, `subadmin1_code`, `subadmin2_code`, `population`, `time_zone`, `active`, `created_at`, `updated_at`) VALUES ('DZ','{\"en\":\"Tizi Rached\"}',4.19,36.67,'P','PPL','DZ.14',NULL,17872,'Africa/Algiers',1,'2012-01-18 23:00:00','2012-01-18 23:00:00');
INSERT INTO `__PREFIX__cities` (`country_code`, `name`, `longitude`, `latitude`, `feature_class`, `feature_code`, `subadmin1_code`, `subadmin2_code`, `population`, `time_zone`, `active`, `created_at`, `updated_at`) VALUES ('DZ','{\"en\":\"Tizi Ouzou\"}',4.05,36.71,'P','PPLA','DZ.14',NULL,144000,'Africa/Algiers',1,'2019-09-26 23:00:00','2019-09-26 23:00:00');
INSERT INTO `__PREFIX__cities` (`country_code`, `name`, `longitude`, `latitude`, `feature_class`, `feature_code`, `subadmin1_code`, `subadmin2_code`, `population`, `time_zone`, `active`, `created_at`, `updated_at`) VALUES ('DZ','{\"en\":\"Tizi-n-Tleta\"}',4.06,36.55,'P','PPL','DZ.14',NULL,22404,'Africa/Algiers',1,'2018-11-05 23:00:00','2018-11-05 23:00:00');
INSERT INTO `__PREFIX__cities` (`country_code`, `name`, `longitude`, `latitude`, `feature_class`, `feature_code`, `subadmin1_code`, `subadmin2_code`, `population`, `time_zone`, `active`, `created_at`, `updated_at`) VALUES ('DZ','{\"en\":\"Tizi Gheniff\"}',3.77,36.59,'P','PPL','DZ.14',NULL,27974,'Africa/Algiers',1,'2021-04-19 23:00:00','2021-04-19 23:00:00');
INSERT INTO `__PREFIX__cities` (`country_code`, `name`, `longitude`, `latitude`, `feature_class`, `feature_code`, `subadmin1_code`, `subadmin2_code`, `population`, `time_zone`, `active`, `created_at`, `updated_at`) VALUES ('DZ','{\"en\":\"Tissemsilt\"}',1.81,35.61,'P','PPLA','DZ.56',NULL,61155,'Africa/Algiers',1,'2020-05-21 23:00:00','2020-05-21 23:00:00');
INSERT INTO `__PREFIX__cities` (`country_code`, `name`, `longitude`, `latitude`, `feature_class`, `feature_code`, `subadmin1_code`, `subadmin2_code`, `population`, `time_zone`, `active`, `created_at`, `updated_at`) VALUES ('DZ','{\"en\":\"Tirmitine\"}',3.98,36.65,'P','PPL','DZ.14',NULL,26261,'Africa/Algiers',1,'2019-03-13 23:00:00','2019-03-13 23:00:00');
INSERT INTO `__PREFIX__cities` (`country_code`, `name`, `longitude`, `latitude`, `feature_class`, `feature_code`, `subadmin1_code`, `subadmin2_code`, `population`, `time_zone`, `active`, `created_at`, `updated_at`) VALUES ('DZ','{\"en\":\"Tipaza\"}',2.45,36.59,'P','PPLA','DZ.55',NULL,25225,'Africa/Algiers',1,'2021-10-05 23:00:00','2021-10-05 23:00:00');
INSERT INTO `__PREFIX__cities` (`country_code`, `name`, `longitude`, `latitude`, `feature_class`, `feature_code`, `subadmin1_code`, `subadmin2_code`, `population`, `time_zone`, `active`, `created_at`, `updated_at`) VALUES ('DZ','{\"en\":\"Tindouf\"}',-8.15,27.67,'P','PPLA','DZ.54',NULL,45966,'Africa/Algiers',1,'2019-11-24 23:00:00','2019-11-24 23:00:00');
INSERT INTO `__PREFIX__cities` (`country_code`, `name`, `longitude`, `latitude`, `feature_class`, `feature_code`, `subadmin1_code`, `subadmin2_code`, `population`, `time_zone`, `active`, `created_at`, `updated_at`) VALUES ('DZ','{\"en\":\"Timizart\"}',4.27,36.80,'P','PPL','DZ.14',NULL,41158,'Africa/Algiers',1,'2012-01-18 23:00:00','2012-01-18 23:00:00');
INSERT INTO `__PREFIX__cities` (`country_code`, `name`, `longitude`, `latitude`, `feature_class`, `feature_code`, `subadmin1_code`, `subadmin2_code`, `population`, `time_zone`, `active`, `created_at`, `updated_at`) VALUES ('DZ','{\"en\":\"Timimoun\"}',0.23,29.26,'P','PPL','DZ.TM',NULL,49237,'Africa/Algiers',1,'2021-04-19 23:00:00','2021-04-19 23:00:00');
INSERT INTO `__PREFIX__cities` (`country_code`, `name`, `longitude`, `latitude`, `feature_class`, `feature_code`, `subadmin1_code`, `subadmin2_code`, `population`, `time_zone`, `active`, `created_at`, `updated_at`) VALUES ('DZ','{\"en\":\"el hed\"}',4.77,36.65,'P','PPL','DZ.18',NULL,31890,'Africa/Algiers',1,'2020-05-30 23:00:00','2020-05-30 23:00:00');
INSERT INTO `__PREFIX__cities` (`country_code`, `name`, `longitude`, `latitude`, `feature_class`, `feature_code`, `subadmin1_code`, `subadmin2_code`, `population`, `time_zone`, `active`, `created_at`, `updated_at`) VALUES ('DZ','{\"en\":\"Tiaret\"}',1.32,35.37,'P','PPLA','DZ.13',NULL,178915,'Africa/Algiers',1,'2018-08-07 23:00:00','2018-08-07 23:00:00');
INSERT INTO `__PREFIX__cities` (`country_code`, `name`, `longitude`, `latitude`, `feature_class`, `feature_code`, `subadmin1_code`, `subadmin2_code`, `population`, `time_zone`, `active`, `created_at`, `updated_at`) VALUES ('DZ','{\"en\":\"Theniet el Had\"}',2.03,35.87,'P','PPL','DZ.56',NULL,27687,'Africa/Algiers',1,'2021-04-19 23:00:00','2021-04-19 23:00:00');
INSERT INTO `__PREFIX__cities` (`country_code`, `name`, `longitude`, `latitude`, `feature_class`, `feature_code`, `subadmin1_code`, `subadmin2_code`, `population`, `time_zone`, `active`, `created_at`, `updated_at`) VALUES ('DZ','{\"en\":\"Thenia\"}',3.56,36.73,'P','PPL','DZ.40',NULL,16180,'Africa/Algiers',1,'2012-01-18 23:00:00','2012-01-18 23:00:00');
INSERT INTO `__PREFIX__cities` (`country_code`, `name`, `longitude`, `latitude`, `feature_class`, `feature_code`, `subadmin1_code`, `subadmin2_code`, `population`, `time_zone`, `active`, `created_at`, `updated_at`) VALUES ('DZ','{\"en\":\"Telerghma\"}',6.35,36.12,'P','PPL','DZ.48',NULL,51708,'Africa/Algiers',1,'2012-01-18 23:00:00','2012-01-18 23:00:00');
INSERT INTO `__PREFIX__cities` (`country_code`, `name`, `longitude`, `latitude`, `feature_class`, `feature_code`, `subadmin1_code`, `subadmin2_code`, `population`, `time_zone`, `active`, `created_at`, `updated_at`) VALUES ('DZ','{\"en\":\"Tébessa\"}',8.12,35.40,'P','PPLA','DZ.33',NULL,634332,'Africa/Algiers',1,'2020-06-10 23:00:00','2020-06-10 23:00:00');
INSERT INTO `__PREFIX__cities` (`country_code`, `name`, `longitude`, `latitude`, `feature_class`, `feature_code`, `subadmin1_code`, `subadmin2_code`, `population`, `time_zone`, `active`, `created_at`, `updated_at`) VALUES ('DZ','{\"en\":\"Tebesbest\"}',6.08,33.12,'P','PPL','DZ.TG',NULL,41091,'Africa/Algiers',1,'2021-04-19 23:00:00','2021-04-19 23:00:00');
INSERT INTO `__PREFIX__cities` (`country_code`, `name`, `longitude`, `latitude`, `feature_class`, `feature_code`, `subadmin1_code`, `subadmin2_code`, `population`, `time_zone`, `active`, `created_at`, `updated_at`) VALUES ('DZ','{\"en\":\"Tazoult-Lambese\"}',6.26,35.48,'P','PPL','DZ.03',NULL,41636,'Africa/Algiers',1,'2012-01-18 23:00:00','2012-01-18 23:00:00');
INSERT INTO `__PREFIX__cities` (`country_code`, `name`, `longitude`, `latitude`, `feature_class`, `feature_code`, `subadmin1_code`, `subadmin2_code`, `population`, `time_zone`, `active`, `created_at`, `updated_at`) VALUES ('DZ','{\"en\":\"Tamanrasset\"}',5.52,22.79,'P','PPLA','DZ.53',NULL,73128,'Africa/Algiers',1,'2018-08-07 23:00:00','2018-08-07 23:00:00');
INSERT INTO `__PREFIX__cities` (`country_code`, `name`, `longitude`, `latitude`, `feature_class`, `feature_code`, `subadmin1_code`, `subadmin2_code`, `population`, `time_zone`, `active`, `created_at`, `updated_at`) VALUES ('DZ','{\"en\":\"Tamalous\"}',6.64,36.84,'P','PPL','DZ.31',NULL,32579,'Africa/Algiers',1,'2019-08-03 23:00:00','2019-08-03 23:00:00');
INSERT INTO `__PREFIX__cities` (`country_code`, `name`, `longitude`, `latitude`, `feature_class`, `feature_code`, `subadmin1_code`, `subadmin2_code`, `population`, `time_zone`, `active`, `created_at`, `updated_at`) VALUES ('DZ','{\"en\":\"Taïbet\"}',6.39,33.09,'P','PPL','DZ.TG',NULL,21000,'Africa/Algiers',1,'2021-04-19 23:00:00','2021-04-19 23:00:00');
INSERT INTO `__PREFIX__cities` (`country_code`, `name`, `longitude`, `latitude`, `feature_class`, `feature_code`, `subadmin1_code`, `subadmin2_code`, `population`, `time_zone`, `active`, `created_at`, `updated_at`) VALUES ('DZ','{\"en\":\"Tadmaït\"}',3.90,36.74,'P','PPL','DZ.14',NULL,20952,'Africa/Algiers',1,'2021-04-19 23:00:00','2021-04-19 23:00:00');
INSERT INTO `__PREFIX__cities` (`country_code`, `name`, `longitude`, `latitude`, `feature_class`, `feature_code`, `subadmin1_code`, `subadmin2_code`, `population`, `time_zone`, `active`, `created_at`, `updated_at`) VALUES ('DZ','{\"en\":\"Sour el Ghozlane\"}',3.69,36.15,'P','PPL','DZ.21',NULL,50204,'Africa/Algiers',1,'2012-01-18 23:00:00','2012-01-18 23:00:00');
INSERT INTO `__PREFIX__cities` (`country_code`, `name`, `longitude`, `latitude`, `feature_class`, `feature_code`, `subadmin1_code`, `subadmin2_code`, `population`, `time_zone`, `active`, `created_at`, `updated_at`) VALUES ('DZ','{\"en\":\"Souma\"}',2.91,36.52,'P','PPL','DZ.20',NULL,40745,'Africa/Algiers',1,'2018-10-04 23:00:00','2018-10-04 23:00:00');
INSERT INTO `__PREFIX__cities` (`country_code`, `name`, `longitude`, `latitude`, `feature_class`, `feature_code`, `subadmin1_code`, `subadmin2_code`, `population`, `time_zone`, `active`, `created_at`, `updated_at`) VALUES ('DZ','{\"en\":\"Lardjem\"}',1.55,35.75,'P','PPL','DZ.56',NULL,30000,'Africa/Algiers',1,'2015-02-28 23:00:00','2015-02-28 23:00:00');
INSERT INTO `__PREFIX__cities` (`country_code`, `name`, `longitude`, `latitude`, `feature_class`, `feature_code`, `subadmin1_code`, `subadmin2_code`, `population`, `time_zone`, `active`, `created_at`, `updated_at`) VALUES ('DZ','{\"en\":\"Souk Ahras\"}',7.95,36.29,'P','PPLA','DZ.52',NULL,156745,'Africa/Algiers',1,'2018-08-07 23:00:00','2018-08-07 23:00:00');
INSERT INTO `__PREFIX__cities` (`country_code`, `name`, `longitude`, `latitude`, `feature_class`, `feature_code`, `subadmin1_code`, `subadmin2_code`, `population`, `time_zone`, `active`, `created_at`, `updated_at`) VALUES ('DZ','{\"en\":\"Sougueur\"}',1.50,35.19,'P','PPL','DZ.13',NULL,68654,'Africa/Algiers',1,'2012-01-18 23:00:00','2012-01-18 23:00:00');
INSERT INTO `__PREFIX__cities` (`country_code`, `name`, `longitude`, `latitude`, `feature_class`, `feature_code`, `subadmin1_code`, `subadmin2_code`, `population`, `time_zone`, `active`, `created_at`, `updated_at`) VALUES ('DZ','{\"en\":\"Skikda\"}',6.91,36.88,'P','PPLA','DZ.31',NULL,162702,'Africa/Algiers',1,'2020-10-23 23:00:00','2020-10-23 23:00:00');
INSERT INTO `__PREFIX__cities` (`country_code`, `name`, `longitude`, `latitude`, `feature_class`, `feature_code`, `subadmin1_code`, `subadmin2_code`, `population`, `time_zone`, `active`, `created_at`, `updated_at`) VALUES ('DZ','{\"en\":\"Sig\"}',-0.19,35.53,'P','PPL','DZ.26',NULL,58877,'Africa/Algiers',1,'2012-01-18 23:00:00','2012-01-18 23:00:00');
INSERT INTO `__PREFIX__cities` (`country_code`, `name`, `longitude`, `latitude`, `feature_class`, `feature_code`, `subadmin1_code`, `subadmin2_code`, `population`, `time_zone`, `active`, `created_at`, `updated_at`) VALUES ('DZ','{\"en\":\"Sidi Okba\"}',5.90,34.75,'P','PPL','DZ.19',NULL,34985,'Africa/Algiers',1,'2012-01-18 23:00:00','2012-01-18 23:00:00');
INSERT INTO `__PREFIX__cities` (`country_code`, `name`, `longitude`, `latitude`, `feature_class`, `feature_code`, `subadmin1_code`, `subadmin2_code`, `population`, `time_zone`, `active`, `created_at`, `updated_at`) VALUES ('DZ','{\"en\":\"Sidi Moussa\"}',3.09,36.61,'P','PPL','DZ.01',NULL,57928,'Africa/Algiers',1,'2021-04-19 23:00:00','2021-04-19 23:00:00');
INSERT INTO `__PREFIX__cities` (`country_code`, `name`, `longitude`, `latitude`, `feature_class`, `feature_code`, `subadmin1_code`, `subadmin2_code`, `population`, `time_zone`, `active`, `created_at`, `updated_at`) VALUES ('DZ','{\"en\":\"Sidi Mérouane\"}',6.26,36.52,'P','PPL','DZ.48',NULL,25129,'Africa/Algiers',1,'2020-06-10 23:00:00','2020-06-10 23:00:00');
INSERT INTO `__PREFIX__cities` (`country_code`, `name`, `longitude`, `latitude`, `feature_class`, `feature_code`, `subadmin1_code`, `subadmin2_code`, `population`, `time_zone`, `active`, `created_at`, `updated_at`) VALUES ('DZ','{\"en\":\"Sidi Khaled\"}',4.99,34.39,'P','PPL','DZ.OD',NULL,64476,'Africa/Algiers',1,'2021-04-19 23:00:00','2021-04-19 23:00:00');
INSERT INTO `__PREFIX__cities` (`country_code`, `name`, `longitude`, `latitude`, `feature_class`, `feature_code`, `subadmin1_code`, `subadmin2_code`, `population`, `time_zone`, `active`, `created_at`, `updated_at`) VALUES ('DZ','{\"en\":\"Sidi ech Chahmi\"}',-0.52,35.66,'P','PPL','DZ.09',NULL,35512,'Africa/Algiers',1,'2012-01-18 23:00:00','2012-01-18 23:00:00');
INSERT INTO `__PREFIX__cities` (`country_code`, `name`, `longitude`, `latitude`, `feature_class`, `feature_code`, `subadmin1_code`, `subadmin2_code`, `population`, `time_zone`, `active`, `created_at`, `updated_at`) VALUES ('DZ','{\"en\":\"Sidi Bel Abbès\"}',-0.63,35.19,'P','PPLA','DZ.30',NULL,191769,'Africa/Algiers',1,'2019-09-04 23:00:00','2019-09-04 23:00:00');
INSERT INTO `__PREFIX__cities` (`country_code`, `name`, `longitude`, `latitude`, `feature_class`, `feature_code`, `subadmin1_code`, `subadmin2_code`, `population`, `time_zone`, `active`, `created_at`, `updated_at`) VALUES ('DZ','{\"en\":\"Sidi Amrane\"}',6.01,33.50,'P','PPL','DZ.MG',NULL,29734,'Africa/Algiers',1,'2021-04-19 23:00:00','2021-04-19 23:00:00');
INSERT INTO `__PREFIX__cities` (`country_code`, `name`, `longitude`, `latitude`, `feature_class`, `feature_code`, `subadmin1_code`, `subadmin2_code`, `population`, `time_zone`, `active`, `created_at`, `updated_at`) VALUES ('DZ','{\"en\":\"Sidi Akkacha\"}',1.30,36.46,'P','PPL','DZ.41',NULL,26558,'Africa/Algiers',1,'2012-01-18 23:00:00','2012-01-18 23:00:00');
INSERT INTO `__PREFIX__cities` (`country_code`, `name`, `longitude`, `latitude`, `feature_class`, `feature_code`, `subadmin1_code`, `subadmin2_code`, `population`, `time_zone`, `active`, `created_at`, `updated_at`) VALUES ('DZ','{\"en\":\"Sidi Aïssa\"}',3.77,35.89,'P','PPL','DZ.27',NULL,69740,'Africa/Algiers',1,'2018-03-16 23:00:00','2018-03-16 23:00:00');
INSERT INTO `__PREFIX__cities` (`country_code`, `name`, `longitude`, `latitude`, `feature_class`, `feature_code`, `subadmin1_code`, `subadmin2_code`, `population`, `time_zone`, `active`, `created_at`, `updated_at`) VALUES ('DZ','{\"en\":\"Sidi Abdelli\"}',-1.14,35.07,'P','PPL','DZ.15',NULL,23543,'Africa/Algiers',1,'2012-01-18 23:00:00','2012-01-18 23:00:00');
INSERT INTO `__PREFIX__cities` (`country_code`, `name`, `longitude`, `latitude`, `feature_class`, `feature_code`, `subadmin1_code`, `subadmin2_code`, `population`, `time_zone`, `active`, `created_at`, `updated_at`) VALUES ('DZ','{\"en\":\"Sfizef\"}',-0.24,35.23,'P','PPL','DZ.30',NULL,31081,'Africa/Algiers',1,'2020-03-16 23:00:00','2020-03-16 23:00:00');
INSERT INTO `__PREFIX__cities` (`country_code`, `name`, `longitude`, `latitude`, `feature_class`, `feature_code`, `subadmin1_code`, `subadmin2_code`, `population`, `time_zone`, `active`, `created_at`, `updated_at`) VALUES ('DZ','{\"en\":\"Sétif\"}',5.41,36.19,'P','PPLA','DZ.12',NULL,288461,'Africa/Algiers',1,'2019-09-04 23:00:00','2019-09-04 23:00:00');
INSERT INTO `__PREFIX__cities` (`country_code`, `name`, `longitude`, `latitude`, `feature_class`, `feature_code`, `subadmin1_code`, `subadmin2_code`, `population`, `time_zone`, `active`, `created_at`, `updated_at`) VALUES ('DZ','{\"en\":\"Sedrata\"}',7.53,36.13,'P','PPL','DZ.52',NULL,53318,'Africa/Algiers',1,'2012-01-18 23:00:00','2012-01-18 23:00:00');
INSERT INTO `__PREFIX__cities` (`country_code`, `name`, `longitude`, `latitude`, `feature_class`, `feature_code`, `subadmin1_code`, `subadmin2_code`, `population`, `time_zone`, `active`, `created_at`, `updated_at`) VALUES ('DZ','{\"en\":\"Seddouk\"}',4.69,36.55,'P','PPL','DZ.18',NULL,19884,'Africa/Algiers',1,'2019-08-02 23:00:00','2019-08-02 23:00:00');
INSERT INTO `__PREFIX__cities` (`country_code`, `name`, `longitude`, `latitude`, `feature_class`, `feature_code`, `subadmin1_code`, `subadmin2_code`, `population`, `time_zone`, `active`, `created_at`, `updated_at`) VALUES ('DZ','{\"en\":\"Sebdou\"}',-1.33,34.64,'P','PPL','DZ.15',NULL,41146,'Africa/Algiers',1,'2012-01-18 23:00:00','2012-01-18 23:00:00');
INSERT INTO `__PREFIX__cities` (`country_code`, `name`, `longitude`, `latitude`, `feature_class`, `feature_code`, `subadmin1_code`, `subadmin2_code`, `population`, `time_zone`, `active`, `created_at`, `updated_at`) VALUES ('DZ','{\"en\":\"Saoula\"}',3.02,36.70,'P','PPL','DZ.01',NULL,16812,'Africa/Algiers',1,'2021-04-19 23:00:00','2021-04-19 23:00:00');
INSERT INTO `__PREFIX__cities` (`country_code`, `name`, `longitude`, `latitude`, `feature_class`, `feature_code`, `subadmin1_code`, `subadmin2_code`, `population`, `time_zone`, `active`, `created_at`, `updated_at`) VALUES ('DZ','{\"en\":\"Salah Bey\"}',5.29,35.85,'P','PPL','DZ.12',NULL,23339,'Africa/Algiers',1,'2020-05-18 23:00:00','2020-05-18 23:00:00');
INSERT INTO `__PREFIX__cities` (`country_code`, `name`, `longitude`, `latitude`, `feature_class`, `feature_code`, `subadmin1_code`, `subadmin2_code`, `population`, `time_zone`, `active`, `created_at`, `updated_at`) VALUES ('DZ','{\"en\":\"Saïda\"}',0.15,34.83,'P','PPLA','DZ.10',NULL,127497,'Africa/Algiers',1,'2018-08-07 23:00:00','2018-08-07 23:00:00');
INSERT INTO `__PREFIX__cities` (`country_code`, `name`, `longitude`, `latitude`, `feature_class`, `feature_code`, `subadmin1_code`, `subadmin2_code`, `population`, `time_zone`, `active`, `created_at`, `updated_at`) VALUES ('DZ','{\"en\":\"Rouissat\"}',5.35,31.92,'P','PPL','DZ.50',NULL,80784,'Africa/Algiers',1,'2012-01-18 23:00:00','2012-01-18 23:00:00');
INSERT INTO `__PREFIX__cities` (`country_code`, `name`, `longitude`, `latitude`, `feature_class`, `feature_code`, `subadmin1_code`, `subadmin2_code`, `population`, `time_zone`, `active`, `created_at`, `updated_at`) VALUES ('DZ','{\"en\":\"Rouiba\"}',3.28,36.74,'P','PPL','DZ.01',NULL,20742,'Africa/Algiers',1,'2019-05-09 23:00:00','2019-05-09 23:00:00');
INSERT INTO `__PREFIX__cities` (`country_code`, `name`, `longitude`, `latitude`, `feature_class`, `feature_code`, `subadmin1_code`, `subadmin2_code`, `population`, `time_zone`, `active`, `created_at`, `updated_at`) VALUES ('DZ','{\"en\":\"Rouached\"}',6.04,36.46,'P','PPL','DZ.48',NULL,40263,'Africa/Algiers',1,'2018-10-04 23:00:00','2018-10-04 23:00:00');
INSERT INTO `__PREFIX__cities` (`country_code`, `name`, `longitude`, `latitude`, `feature_class`, `feature_code`, `subadmin1_code`, `subadmin2_code`, `population`, `time_zone`, `active`, `created_at`, `updated_at`) VALUES ('DZ','{\"en\":\"Robbah\"}',6.91,33.28,'P','PPL','DZ.43',NULL,30446,'Africa/Algiers',1,'2012-01-18 23:00:00','2012-01-18 23:00:00');
INSERT INTO `__PREFIX__cities` (`country_code`, `name`, `longitude`, `latitude`, `feature_class`, `feature_code`, `subadmin1_code`, `subadmin2_code`, `population`, `time_zone`, `active`, `created_at`, `updated_at`) VALUES ('DZ','{\"en\":\"Remchi\"}',-1.43,35.06,'P','PPL','DZ.15',NULL,51224,'Africa/Algiers',1,'2020-10-29 23:00:00','2020-10-29 23:00:00');
INSERT INTO `__PREFIX__cities` (`country_code`, `name`, `longitude`, `latitude`, `feature_class`, `feature_code`, `subadmin1_code`, `subadmin2_code`, `population`, `time_zone`, `active`, `created_at`, `updated_at`) VALUES ('DZ','{\"en\":\"Relizane\"}',0.56,35.74,'P','PPLA','DZ.51',NULL,130094,'Africa/Algiers',1,'2018-08-07 23:00:00','2018-08-07 23:00:00');
INSERT INTO `__PREFIX__cities` (`country_code`, `name`, `longitude`, `latitude`, `feature_class`, `feature_code`, `subadmin1_code`, `subadmin2_code`, `population`, `time_zone`, `active`, `created_at`, `updated_at`) VALUES ('DZ','{\"en\":\"Reguiba\"}',6.70,33.56,'P','PPL','DZ.43',NULL,62185,'Africa/Algiers',1,'2012-01-18 23:00:00','2012-01-18 23:00:00');
INSERT INTO `__PREFIX__cities` (`country_code`, `name`, `longitude`, `latitude`, `feature_class`, `feature_code`, `subadmin1_code`, `subadmin2_code`, `population`, `time_zone`, `active`, `created_at`, `updated_at`) VALUES ('DZ','{\"en\":\"Reghaïa\"}',3.34,36.74,'P','PPL','DZ.01',NULL,54962,'Africa/Algiers',1,'2021-04-19 23:00:00','2021-04-19 23:00:00');
INSERT INTO `__PREFIX__cities` (`country_code`, `name`, `longitude`, `latitude`, `feature_class`, `feature_code`, `subadmin1_code`, `subadmin2_code`, `population`, `time_zone`, `active`, `created_at`, `updated_at`) VALUES ('DZ','{\"en\":\"Reggane\"}',0.17,26.72,'P','PPL','DZ.34',NULL,32974,'Africa/Algiers',1,'2019-08-11 23:00:00','2019-08-11 23:00:00');
INSERT INTO `__PREFIX__cities` (`country_code`, `name`, `longitude`, `latitude`, `feature_class`, `feature_code`, `subadmin1_code`, `subadmin2_code`, `population`, `time_zone`, `active`, `created_at`, `updated_at`) VALUES ('DZ','{\"en\":\"Râs el Oued\"}',5.03,35.94,'P','PPL','DZ.39',NULL,56726,'Africa/Algiers',1,'2020-06-10 23:00:00','2020-06-10 23:00:00');
INSERT INTO `__PREFIX__cities` (`country_code`, `name`, `longitude`, `latitude`, `feature_class`, `feature_code`, `subadmin1_code`, `subadmin2_code`, `population`, `time_zone`, `active`, `created_at`, `updated_at`) VALUES ('DZ','{\"en\":\"Râs el Aïoun\"}',5.65,35.67,'P','PPL','DZ.03',NULL,34167,'Africa/Algiers',1,'2020-06-10 23:00:00','2020-06-10 23:00:00');
INSERT INTO `__PREFIX__cities` (`country_code`, `name`, `longitude`, `latitude`, `feature_class`, `feature_code`, `subadmin1_code`, `subadmin2_code`, `population`, `time_zone`, `active`, `created_at`, `updated_at`) VALUES ('DZ','{\"en\":\"Oum el Bouaghi\"}',7.11,35.88,'P','PPLA','DZ.29',NULL,100821,'Africa/Algiers',1,'2018-08-07 23:00:00','2018-08-07 23:00:00');
INSERT INTO `__PREFIX__cities` (`country_code`, `name`, `longitude`, `latitude`, `feature_class`, `feature_code`, `subadmin1_code`, `subadmin2_code`, `population`, `time_zone`, `active`, `created_at`, `updated_at`) VALUES ('DZ','{\"en\":\"Oumache\"}',5.68,34.69,'P','PPL','DZ.19',NULL,10424,'Africa/Algiers',1,'2012-01-18 23:00:00','2012-01-18 23:00:00');
INSERT INTO `__PREFIX__cities` (`country_code`, `name`, `longitude`, `latitude`, `feature_class`, `feature_code`, `subadmin1_code`, `subadmin2_code`, `population`, `time_zone`, `active`, `created_at`, `updated_at`) VALUES ('DZ','{\"en\":\"Ouled Moussa\"}',3.37,36.68,'P','PPL','DZ.40',NULL,13474,'Africa/Algiers',1,'2012-01-18 23:00:00','2012-01-18 23:00:00');
INSERT INTO `__PREFIX__cities` (`country_code`, `name`, `longitude`, `latitude`, `feature_class`, `feature_code`, `subadmin1_code`, `subadmin2_code`, `population`, `time_zone`, `active`, `created_at`, `updated_at`) VALUES ('DZ','{\"en\":\"Ouled Mimoun\"}',-1.03,34.90,'P','PPL','DZ.15',NULL,33888,'Africa/Algiers',1,'2012-07-23 23:00:00','2012-07-23 23:00:00');
INSERT INTO `__PREFIX__cities` (`country_code`, `name`, `longitude`, `latitude`, `feature_class`, `feature_code`, `subadmin1_code`, `subadmin2_code`, `population`, `time_zone`, `active`, `created_at`, `updated_at`) VALUES ('DZ','{\"en\":\"Oued Sly\"}',1.20,36.10,'P','PPL','DZ.41',NULL,30504,'Africa/Algiers',1,'2019-10-03 23:00:00','2019-10-03 23:00:00');
INSERT INTO `__PREFIX__cities` (`country_code`, `name`, `longitude`, `latitude`, `feature_class`, `feature_code`, `subadmin1_code`, `subadmin2_code`, `population`, `time_zone`, `active`, `created_at`, `updated_at`) VALUES ('DZ','{\"en\":\"Oued Rhiou\"}',0.92,35.96,'P','PPL','DZ.51',NULL,59864,'Africa/Algiers',1,'2019-03-12 23:00:00','2019-03-12 23:00:00');
INSERT INTO `__PREFIX__cities` (`country_code`, `name`, `longitude`, `latitude`, `feature_class`, `feature_code`, `subadmin1_code`, `subadmin2_code`, `population`, `time_zone`, `active`, `created_at`, `updated_at`) VALUES ('DZ','{\"en\":\"Oued Fodda\"}',1.53,36.19,'P','PPL','DZ.41',NULL,44523,'Africa/Algiers',1,'2019-09-30 23:00:00','2019-09-30 23:00:00');
INSERT INTO `__PREFIX__cities` (`country_code`, `name`, `longitude`, `latitude`, `feature_class`, `feature_code`, `subadmin1_code`, `subadmin2_code`, `population`, `time_zone`, `active`, `created_at`, `updated_at`) VALUES ('DZ','{\"en\":\"Oued el Alleug\"}',2.79,36.56,'P','PPL','DZ.20',NULL,21146,'Africa/Algiers',1,'2021-04-19 23:00:00','2021-04-19 23:00:00');
INSERT INTO `__PREFIX__cities` (`country_code`, `name`, `longitude`, `latitude`, `feature_class`, `feature_code`, `subadmin1_code`, `subadmin2_code`, `population`, `time_zone`, `active`, `created_at`, `updated_at`) VALUES ('DZ','{\"en\":\"Oued el Abtal\"}',0.69,35.46,'P','PPL','DZ.26',NULL,22819,'Africa/Algiers',1,'2012-01-18 23:00:00','2012-01-18 23:00:00');
INSERT INTO `__PREFIX__cities` (`country_code`, `name`, `longitude`, `latitude`, `feature_class`, `feature_code`, `subadmin1_code`, `subadmin2_code`, `population`, `time_zone`, `active`, `created_at`, `updated_at`) VALUES ('DZ','{\"en\":\"Ouargla\"}',5.33,31.95,'P','PPLA','DZ.50',NULL,129402,'Africa/Algiers',1,'2010-08-02 23:00:00','2010-08-02 23:00:00');
INSERT INTO `__PREFIX__cities` (`country_code`, `name`, `longitude`, `latitude`, `feature_class`, `feature_code`, `subadmin1_code`, `subadmin2_code`, `population`, `time_zone`, `active`, `created_at`, `updated_at`) VALUES ('DZ','{\"en\":\"Oran\"}',-0.64,35.70,'P','PPLA','DZ.09',NULL,645984,'Africa/Algiers',1,'2020-12-29 23:00:00','2020-12-29 23:00:00');
INSERT INTO `__PREFIX__cities` (`country_code`, `name`, `longitude`, `latitude`, `feature_class`, `feature_code`, `subadmin1_code`, `subadmin2_code`, `population`, `time_zone`, `active`, `created_at`, `updated_at`) VALUES ('DZ','{\"en\":\"Nedroma\"}',-1.75,35.01,'P','PPL','DZ.15',NULL,36995,'Africa/Algiers',1,'2012-01-18 23:00:00','2012-01-18 23:00:00');
INSERT INTO `__PREFIX__cities` (`country_code`, `name`, `longitude`, `latitude`, `feature_class`, `feature_code`, `subadmin1_code`, `subadmin2_code`, `population`, `time_zone`, `active`, `created_at`, `updated_at`) VALUES ('DZ','{\"en\":\"Naciria\"}',3.83,36.75,'P','PPL','DZ.40',NULL,15387,'Africa/Algiers',1,'2012-01-18 23:00:00','2012-01-18 23:00:00');
INSERT INTO `__PREFIX__cities` (`country_code`, `name`, `longitude`, `latitude`, `feature_class`, `feature_code`, `subadmin1_code`, `subadmin2_code`, `population`, `time_zone`, `active`, `created_at`, `updated_at`) VALUES ('DZ','{\"en\":\"Naama\"}',-0.32,33.27,'P','PPLA','DZ.49',NULL,8390,'Africa/Algiers',1,'2018-08-07 23:00:00','2018-08-07 23:00:00');
INSERT INTO `__PREFIX__cities` (`country_code`, `name`, `longitude`, `latitude`, `feature_class`, `feature_code`, `subadmin1_code`, `subadmin2_code`, `population`, `time_zone`, `active`, `created_at`, `updated_at`) VALUES ('DZ','{\"en\":\"M’sila\"}',4.54,35.71,'P','PPLA','DZ.27',NULL,100000,'Africa/Algiers',1,'2021-10-05 23:00:00','2021-10-05 23:00:00');
INSERT INTO `__PREFIX__cities` (`country_code`, `name`, `longitude`, `latitude`, `feature_class`, `feature_code`, `subadmin1_code`, `subadmin2_code`, `population`, `time_zone`, `active`, `created_at`, `updated_at`) VALUES ('DZ','{\"en\":\"Mouzaïa\"}',2.69,36.47,'P','PPL','DZ.20',NULL,32981,'Africa/Algiers',1,'2021-04-19 23:00:00','2021-04-19 23:00:00');
INSERT INTO `__PREFIX__cities` (`country_code`, `name`, `longitude`, `latitude`, `feature_class`, `feature_code`, `subadmin1_code`, `subadmin2_code`, `population`, `time_zone`, `active`, `created_at`, `updated_at`) VALUES ('DZ','{\"en\":\"Mostaganem\"}',0.09,35.93,'P','PPLA','DZ.07',NULL,130000,'Africa/Algiers',1,'2018-08-07 23:00:00','2018-08-07 23:00:00');
INSERT INTO `__PREFIX__cities` (`country_code`, `name`, `longitude`, `latitude`, `feature_class`, `feature_code`, `subadmin1_code`, `subadmin2_code`, `population`, `time_zone`, `active`, `created_at`, `updated_at`) VALUES ('DZ','{\"en\":\"Mila\"}',6.26,36.45,'P','PPLA','DZ.48',NULL,68831,'Africa/Algiers',1,'2018-08-07 23:00:00','2018-08-07 23:00:00');
INSERT INTO `__PREFIX__cities` (`country_code`, `name`, `longitude`, `latitude`, `feature_class`, `feature_code`, `subadmin1_code`, `subadmin2_code`, `population`, `time_zone`, `active`, `created_at`, `updated_at`) VALUES ('DZ','{\"en\":\"Metlili Chaamba\"}',3.63,32.27,'P','PPL','DZ.45',NULL,50117,'Africa/Algiers',1,'2012-01-18 23:00:00','2012-01-18 23:00:00');
INSERT INTO `__PREFIX__cities` (`country_code`, `name`, `longitude`, `latitude`, `feature_class`, `feature_code`, `subadmin1_code`, `subadmin2_code`, `population`, `time_zone`, `active`, `created_at`, `updated_at`) VALUES ('DZ','{\"en\":\"Messaad\"}',3.50,34.15,'P','PPL','DZ.22',NULL,99485,'Africa/Algiers',1,'2012-01-18 23:00:00','2012-01-18 23:00:00');
INSERT INTO `__PREFIX__cities` (`country_code`, `name`, `longitude`, `latitude`, `feature_class`, `feature_code`, `subadmin1_code`, `subadmin2_code`, `population`, `time_zone`, `active`, `created_at`, `updated_at`) VALUES ('DZ','{\"en\":\"Meskiana\"}',7.67,35.63,'P','PPL','DZ.29',NULL,30071,'Africa/Algiers',1,'2012-01-18 23:00:00','2012-01-18 23:00:00');
INSERT INTO `__PREFIX__cities` (`country_code`, `name`, `longitude`, `latitude`, `feature_class`, `feature_code`, `subadmin1_code`, `subadmin2_code`, `population`, `time_zone`, `active`, `created_at`, `updated_at`) VALUES ('DZ','{\"en\":\"Mers el Kebir\"}',-0.71,35.73,'P','PPL','DZ.09',NULL,20178,'Africa/Algiers',1,'2020-10-31 23:00:00','2020-10-31 23:00:00');
INSERT INTO `__PREFIX__cities` (`country_code`, `name`, `longitude`, `latitude`, `feature_class`, `feature_code`, `subadmin1_code`, `subadmin2_code`, `population`, `time_zone`, `active`, `created_at`, `updated_at`) VALUES ('DZ','{\"en\":\"Merouana\"}',5.91,35.63,'P','PPL','DZ.03',NULL,47646,'Africa/Algiers',1,'2012-01-18 23:00:00','2012-01-18 23:00:00');
INSERT INTO `__PREFIX__cities` (`country_code`, `name`, `longitude`, `latitude`, `feature_class`, `feature_code`, `subadmin1_code`, `subadmin2_code`, `population`, `time_zone`, `active`, `created_at`, `updated_at`) VALUES ('DZ','{\"en\":\"Melouza\"}',4.19,35.98,'P','PPL','DZ.27',NULL,25701,'Africa/Algiers',1,'2021-04-19 23:00:00','2021-04-19 23:00:00');
INSERT INTO `__PREFIX__cities` (`country_code`, `name`, `longitude`, `latitude`, `feature_class`, `feature_code`, `subadmin1_code`, `subadmin2_code`, `population`, `time_zone`, `active`, `created_at`, `updated_at`) VALUES ('DZ','{\"en\":\"Mekla\"}',4.26,36.68,'P','PPL','DZ.14',NULL,29560,'Africa/Algiers',1,'2019-03-13 23:00:00','2019-03-13 23:00:00');
INSERT INTO `__PREFIX__cities` (`country_code`, `name`, `longitude`, `latitude`, `feature_class`, `feature_code`, `subadmin1_code`, `subadmin2_code`, `population`, `time_zone`, `active`, `created_at`, `updated_at`) VALUES ('DZ','{\"en\":\"Mehdia daira de meghila\"}',1.76,35.43,'P','PPL','DZ.13',NULL,39271,'Africa/Algiers',1,'2018-08-27 23:00:00','2018-08-27 23:00:00');
INSERT INTO `__PREFIX__cities` (`country_code`, `name`, `longitude`, `latitude`, `feature_class`, `feature_code`, `subadmin1_code`, `subadmin2_code`, `population`, `time_zone`, `active`, `created_at`, `updated_at`) VALUES ('DZ','{\"en\":\"Megarine\"}',6.09,33.19,'P','PPL','DZ.TG',NULL,31711,'Africa/Algiers',1,'2021-04-19 23:00:00','2021-04-19 23:00:00');
INSERT INTO `__PREFIX__cities` (`country_code`, `name`, `longitude`, `latitude`, `feature_class`, `feature_code`, `subadmin1_code`, `subadmin2_code`, `population`, `time_zone`, `active`, `created_at`, `updated_at`) VALUES ('DZ','{\"en\":\"Meftah\"}',3.22,36.62,'P','PPL','DZ.20',NULL,59990,'Africa/Algiers',1,'2012-01-18 23:00:00','2012-01-18 23:00:00');
INSERT INTO `__PREFIX__cities` (`country_code`, `name`, `longitude`, `latitude`, `feature_class`, `feature_code`, `subadmin1_code`, `subadmin2_code`, `population`, `time_zone`, `active`, `created_at`, `updated_at`) VALUES ('DZ','{\"en\":\"Médéa\"}',2.75,36.26,'P','PPLA','DZ.06',NULL,147707,'Africa/Algiers',1,'2020-06-10 23:00:00','2020-06-10 23:00:00');
INSERT INTO `__PREFIX__cities` (`country_code`, `name`, `longitude`, `latitude`, `feature_class`, `feature_code`, `subadmin1_code`, `subadmin2_code`, `population`, `time_zone`, `active`, `created_at`, `updated_at`) VALUES ('DZ','{\"en\":\"Mazouna\"}',0.90,36.12,'P','PPL','DZ.51',NULL,22366,'Africa/Algiers',1,'2012-01-18 23:00:00','2012-01-18 23:00:00');
INSERT INTO `__PREFIX__cities` (`country_code`, `name`, `longitude`, `latitude`, `feature_class`, `feature_code`, `subadmin1_code`, `subadmin2_code`, `population`, `time_zone`, `active`, `created_at`, `updated_at`) VALUES ('DZ','{\"en\":\"Mascara\"}',0.14,35.40,'P','PPLA','DZ.26',NULL,150000,'Africa/Algiers',1,'2018-08-07 23:00:00','2018-08-07 23:00:00');
INSERT INTO `__PREFIX__cities` (`country_code`, `name`, `longitude`, `latitude`, `feature_class`, `feature_code`, `subadmin1_code`, `subadmin2_code`, `population`, `time_zone`, `active`, `created_at`, `updated_at`) VALUES ('DZ','{\"en\":\"Mansourah\"}',4.45,36.09,'P','PPL','DZ.39',NULL,22117,'Africa/Algiers',1,'2012-01-18 23:00:00','2012-01-18 23:00:00');
INSERT INTO `__PREFIX__cities` (`country_code`, `name`, `longitude`, `latitude`, `feature_class`, `feature_code`, `subadmin1_code`, `subadmin2_code`, `population`, `time_zone`, `active`, `created_at`, `updated_at`) VALUES ('DZ','{\"en\":\"Mansoûra\"}',-1.34,34.86,'P','PPL','DZ.15',NULL,52285,'Africa/Algiers',1,'2020-06-10 23:00:00','2020-06-10 23:00:00');
INSERT INTO `__PREFIX__cities` (`country_code`, `name`, `longitude`, `latitude`, `feature_class`, `feature_code`, `subadmin1_code`, `subadmin2_code`, `population`, `time_zone`, `active`, `created_at`, `updated_at`) VALUES ('DZ','{\"en\":\"Makouda\"}',4.06,36.79,'P','PPL','DZ.14',NULL,34515,'Africa/Algiers',1,'2021-04-19 23:00:00','2021-04-19 23:00:00');
INSERT INTO `__PREFIX__cities` (`country_code`, `name`, `longitude`, `latitude`, `feature_class`, `feature_code`, `subadmin1_code`, `subadmin2_code`, `population`, `time_zone`, `active`, `created_at`, `updated_at`) VALUES ('DZ','{\"en\":\"L’Arbaa Naït Irathen\"}',4.20,36.63,'P','PPL','DZ.14',NULL,30609,'Africa/Algiers',1,'2020-06-10 23:00:00','2020-06-10 23:00:00');
INSERT INTO `__PREFIX__cities` (`country_code`, `name`, `longitude`, `latitude`, `feature_class`, `feature_code`, `subadmin1_code`, `subadmin2_code`, `population`, `time_zone`, `active`, `created_at`, `updated_at`) VALUES ('DZ','{\"en\":\"Larbaâ\"}',3.15,36.56,'P','PPL','DZ.20',NULL,69298,'Africa/Algiers',1,'2019-03-23 23:00:00','2019-03-23 23:00:00');
INSERT INTO `__PREFIX__cities` (`country_code`, `name`, `longitude`, `latitude`, `feature_class`, `feature_code`, `subadmin1_code`, `subadmin2_code`, `population`, `time_zone`, `active`, `created_at`, `updated_at`) VALUES ('DZ','{\"en\":\"Lakhdaria\"}',3.59,36.56,'P','PPL','DZ.21',NULL,56719,'Africa/Algiers',1,'2020-06-03 23:00:00','2020-06-03 23:00:00');
INSERT INTO `__PREFIX__cities` (`country_code`, `name`, `longitude`, `latitude`, `feature_class`, `feature_code`, `subadmin1_code`, `subadmin2_code`, `population`, `time_zone`, `active`, `created_at`, `updated_at`) VALUES ('DZ','{\"en\":\"Laghouat\"}',2.87,33.80,'P','PPLA','DZ.25',NULL,113872,'Africa/Algiers',1,'2018-08-07 23:00:00','2018-08-07 23:00:00');
INSERT INTO `__PREFIX__cities` (`country_code`, `name`, `longitude`, `latitude`, `feature_class`, `feature_code`, `subadmin1_code`, `subadmin2_code`, `population`, `time_zone`, `active`, `created_at`, `updated_at`) VALUES ('DZ','{\"en\":\"Ksar el Boukhari\"}',2.75,35.89,'P','PPL','DZ.06',NULL,77166,'Africa/Algiers',1,'2012-01-18 23:00:00','2012-01-18 23:00:00');
INSERT INTO `__PREFIX__cities` (`country_code`, `name`, `longitude`, `latitude`, `feature_class`, `feature_code`, `subadmin1_code`, `subadmin2_code`, `population`, `time_zone`, `active`, `created_at`, `updated_at`) VALUES ('DZ','{\"en\":\"Ksar Chellala\"}',2.32,35.21,'P','PPL','DZ.13',NULL,58478,'Africa/Algiers',1,'2012-01-18 23:00:00','2012-01-18 23:00:00');
INSERT INTO `__PREFIX__cities` (`country_code`, `name`, `longitude`, `latitude`, `feature_class`, `feature_code`, `subadmin1_code`, `subadmin2_code`, `population`, `time_zone`, `active`, `created_at`, `updated_at`) VALUES ('DZ','{\"en\":\"Kolea\"}',2.77,36.64,'P','PPL','DZ.55',NULL,31816,'Africa/Algiers',1,'2012-01-18 23:00:00','2012-01-18 23:00:00');
INSERT INTO `__PREFIX__cities` (`country_code`, `name`, `longitude`, `latitude`, `feature_class`, `feature_code`, `subadmin1_code`, `subadmin2_code`, `population`, `time_zone`, `active`, `created_at`, `updated_at`) VALUES ('DZ','{\"en\":\"Khenchela\"}',7.14,35.44,'P','PPLA','DZ.47',NULL,117000,'Africa/Algiers',1,'2018-08-07 23:00:00','2018-08-07 23:00:00');
INSERT INTO `__PREFIX__cities` (`country_code`, `name`, `longitude`, `latitude`, `feature_class`, `feature_code`, `subadmin1_code`, `subadmin2_code`, `population`, `time_zone`, `active`, `created_at`, `updated_at`) VALUES ('DZ','{\"en\":\"Khemis Miliana\"}',2.22,36.26,'P','PPL','DZ.35',NULL,75865,'Africa/Algiers',1,'2019-08-31 23:00:00','2019-08-31 23:00:00');
INSERT INTO `__PREFIX__cities` (`country_code`, `name`, `longitude`, `latitude`, `feature_class`, `feature_code`, `subadmin1_code`, `subadmin2_code`, `population`, `time_zone`, `active`, `created_at`, `updated_at`) VALUES ('DZ','{\"en\":\"Khemis el Khechna\"}',3.33,36.65,'P','PPL','DZ.40',NULL,49757,'Africa/Algiers',1,'2012-01-18 23:00:00','2012-01-18 23:00:00');
INSERT INTO `__PREFIX__cities` (`country_code`, `name`, `longitude`, `latitude`, `feature_class`, `feature_code`, `subadmin1_code`, `subadmin2_code`, `population`, `time_zone`, `active`, `created_at`, `updated_at`) VALUES ('DZ','{\"en\":\"Kerkera\"}',6.59,36.93,'P','PPL','DZ.31',NULL,27177,'Africa/Algiers',1,'2021-07-29 23:00:00','2021-07-29 23:00:00');
INSERT INTO `__PREFIX__cities` (`country_code`, `name`, `longitude`, `latitude`, `feature_class`, `feature_code`, `subadmin1_code`, `subadmin2_code`, `population`, `time_zone`, `active`, `created_at`, `updated_at`) VALUES ('DZ','{\"en\":\"Jijel\"}',5.76,36.82,'P','PPLA','DZ.24',NULL,148000,'Africa/Algiers',1,'2019-10-13 23:00:00','2019-10-13 23:00:00');
INSERT INTO `__PREFIX__cities` (`country_code`, `name`, `longitude`, `latitude`, `feature_class`, `feature_code`, `subadmin1_code`, `subadmin2_code`, `population`, `time_zone`, `active`, `created_at`, `updated_at`) VALUES ('DZ','{\"en\":\"Djidiouia\"}',0.83,35.93,'P','PPL','DZ.51',NULL,31996,'Africa/Algiers',1,'2012-01-18 23:00:00','2012-01-18 23:00:00');
INSERT INTO `__PREFIX__cities` (`country_code`, `name`, `longitude`, `latitude`, `feature_class`, `feature_code`, `subadmin1_code`, `subadmin2_code`, `population`, `time_zone`, `active`, `created_at`, `updated_at`) VALUES ('DZ','{\"en\":\"Illizi\"}',8.47,26.48,'P','PPLA','DZ.46',NULL,6629,'Africa/Algiers',1,'2018-09-30 23:00:00','2018-09-30 23:00:00');
INSERT INTO `__PREFIX__cities` (`country_code`, `name`, `longitude`, `latitude`, `feature_class`, `feature_code`, `subadmin1_code`, `subadmin2_code`, `population`, `time_zone`, `active`, `created_at`, `updated_at`) VALUES ('DZ','{\"en\":\"Ighram\"}',4.51,36.46,'P','PPL','DZ.18',NULL,15030,'Africa/Algiers',1,'2021-04-19 23:00:00','2021-04-19 23:00:00');
INSERT INTO `__PREFIX__cities` (`country_code`, `name`, `longitude`, `latitude`, `feature_class`, `feature_code`, `subadmin1_code`, `subadmin2_code`, `population`, `time_zone`, `active`, `created_at`, `updated_at`) VALUES ('DZ','{\"en\":\"Hennaya\"}',-1.37,34.95,'P','PPL','DZ.15',NULL,41959,'Africa/Algiers',1,'2012-01-18 23:00:00','2012-01-18 23:00:00');
INSERT INTO `__PREFIX__cities` (`country_code`, `name`, `longitude`, `latitude`, `feature_class`, `feature_code`, `subadmin1_code`, `subadmin2_code`, `population`, `time_zone`, `active`, `created_at`, `updated_at`) VALUES ('DZ','{\"en\":\"Héliopolis\"}',7.44,36.50,'P','PPL','DZ.23',NULL,40139,'Africa/Algiers',1,'2012-01-18 23:00:00','2012-01-18 23:00:00');
INSERT INTO `__PREFIX__cities` (`country_code`, `name`, `longitude`, `latitude`, `feature_class`, `feature_code`, `subadmin1_code`, `subadmin2_code`, `population`, `time_zone`, `active`, `created_at`, `updated_at`) VALUES ('DZ','{\"en\":\"Hassi Messaoud\"}',6.07,31.68,'P','PPL','DZ.50',NULL,53000,'Africa/Algiers',1,'2010-10-06 23:00:00','2010-10-06 23:00:00');
INSERT INTO `__PREFIX__cities` (`country_code`, `name`, `longitude`, `latitude`, `feature_class`, `feature_code`, `subadmin1_code`, `subadmin2_code`, `population`, `time_zone`, `active`, `created_at`, `updated_at`) VALUES ('DZ','{\"en\":\"Hammamet\"}',7.95,35.45,'P','PPL','DZ.33',NULL,28536,'Africa/Algiers',1,'2012-01-18 23:00:00','2012-01-18 23:00:00');
INSERT INTO `__PREFIX__cities` (`country_code`, `name`, `longitude`, `latitude`, `feature_class`, `feature_code`, `subadmin1_code`, `subadmin2_code`, `population`, `time_zone`, `active`, `created_at`, `updated_at`) VALUES ('DZ','{\"en\":\"Hammam Bou Hadjar\"}',-0.97,35.38,'P','PPL','DZ.36',NULL,35896,'Africa/Algiers',1,'2019-08-17 23:00:00','2019-08-17 23:00:00');
INSERT INTO `__PREFIX__cities` (`country_code`, `name`, `longitude`, `latitude`, `feature_class`, `feature_code`, `subadmin1_code`, `subadmin2_code`, `population`, `time_zone`, `active`, `created_at`, `updated_at`) VALUES ('DZ','{\"en\":\"Hamma Bouziane\"}',6.60,36.41,'P','PPL','DZ.04',NULL,63012,'Africa/Algiers',1,'2018-03-16 23:00:00','2018-03-16 23:00:00');
INSERT INTO `__PREFIX__cities` (`country_code`, `name`, `longitude`, `latitude`, `feature_class`, `feature_code`, `subadmin1_code`, `subadmin2_code`, `population`, `time_zone`, `active`, `created_at`, `updated_at`) VALUES ('DZ','{\"en\":\"Hadjout\"}',2.41,36.51,'P','PPL','DZ.55',NULL,27549,'Africa/Algiers',1,'2012-01-18 23:00:00','2012-01-18 23:00:00');
INSERT INTO `__PREFIX__cities` (`country_code`, `name`, `longitude`, `latitude`, `feature_class`, `feature_code`, `subadmin1_code`, `subadmin2_code`, `population`, `time_zone`, `active`, `created_at`, `updated_at`) VALUES ('DZ','{\"en\":\"Guelma\"}',7.43,36.46,'P','PPLA','DZ.23',NULL,123590,'Africa/Algiers',1,'2018-08-07 23:00:00','2018-08-07 23:00:00');
INSERT INTO `__PREFIX__cities` (`country_code`, `name`, `longitude`, `latitude`, `feature_class`, `feature_code`, `subadmin1_code`, `subadmin2_code`, `population`, `time_zone`, `active`, `created_at`, `updated_at`) VALUES ('DZ','{\"en\":\"Ghardaïa\"}',3.67,32.49,'P','PPLA','DZ.45',NULL,93423,'Africa/Algiers',1,'2017-06-03 23:00:00','2017-06-03 23:00:00');
INSERT INTO `__PREFIX__cities` (`country_code`, `name`, `longitude`, `latitude`, `feature_class`, `feature_code`, `subadmin1_code`, `subadmin2_code`, `population`, `time_zone`, `active`, `created_at`, `updated_at`) VALUES ('DZ','{\"en\":\"Frenda\"}',1.05,35.07,'P','PPL','DZ.13',NULL,63319,'Africa/Algiers',1,'2012-01-18 23:00:00','2012-01-18 23:00:00');
INSERT INTO `__PREFIX__cities` (`country_code`, `name`, `longitude`, `latitude`, `feature_class`, `feature_code`, `subadmin1_code`, `subadmin2_code`, `population`, `time_zone`, `active`, `created_at`, `updated_at`) VALUES ('DZ','{\"en\":\"Freha\"}',4.32,36.75,'P','PPL','DZ.14',NULL,31068,'Africa/Algiers',1,'2012-01-18 23:00:00','2012-01-18 23:00:00');
INSERT INTO `__PREFIX__cities` (`country_code`, `name`, `longitude`, `latitude`, `feature_class`, `feature_code`, `subadmin1_code`, `subadmin2_code`, `population`, `time_zone`, `active`, `created_at`, `updated_at`) VALUES ('DZ','{\"en\":\"Feraoun\"}',4.85,36.56,'P','PPL','DZ.18',NULL,21700,'Africa/Algiers',1,'2020-03-18 23:00:00','2020-03-18 23:00:00');
INSERT INTO `__PREFIX__cities` (`country_code`, `name`, `longitude`, `latitude`, `feature_class`, `feature_code`, `subadmin1_code`, `subadmin2_code`, `population`, `time_zone`, `active`, `created_at`, `updated_at`) VALUES ('DZ','{\"en\":\"Es Senia\"}',-0.62,35.65,'P','PPL','DZ.09',NULL,68084,'Africa/Algiers',1,'2019-03-07 23:00:00','2019-03-07 23:00:00');
INSERT INTO `__PREFIX__cities` (`country_code`, `name`, `longitude`, `latitude`, `feature_class`, `feature_code`, `subadmin1_code`, `subadmin2_code`, `population`, `time_zone`, `active`, `created_at`, `updated_at`) VALUES ('DZ','{\"en\":\"El Tarf\"}',8.31,36.77,'P','PPLA','DZ.44',NULL,20300,'Africa/Algiers',1,'2018-08-07 23:00:00','2018-08-07 23:00:00');
INSERT INTO `__PREFIX__cities` (`country_code`, `name`, `longitude`, `latitude`, `feature_class`, `feature_code`, `subadmin1_code`, `subadmin2_code`, `population`, `time_zone`, `active`, `created_at`, `updated_at`) VALUES ('DZ','{\"en\":\"El Oued\"}',6.86,33.36,'P','PPLA','DZ.43',NULL,134699,'Africa/Algiers',1,'2018-08-07 23:00:00','2018-08-07 23:00:00');
INSERT INTO `__PREFIX__cities` (`country_code`, `name`, `longitude`, `latitude`, `feature_class`, `feature_code`, `subadmin1_code`, `subadmin2_code`, `population`, `time_zone`, `active`, `created_at`, `updated_at`) VALUES ('DZ','{\"en\":\"El Meghaïer\"}',5.93,33.95,'P','PPL','DZ.MG',NULL,49793,'Africa/Algiers',1,'2021-07-29 23:00:00','2021-07-29 23:00:00');
INSERT INTO `__PREFIX__cities` (`country_code`, `name`, `longitude`, `latitude`, `feature_class`, `feature_code`, `subadmin1_code`, `subadmin2_code`, `population`, `time_zone`, `active`, `created_at`, `updated_at`) VALUES ('DZ','{\"en\":\"El Malah\"}',-1.09,35.39,'P','PPL','DZ.36',NULL,19415,'Africa/Algiers',1,'2019-11-13 23:00:00','2019-11-13 23:00:00');
INSERT INTO `__PREFIX__cities` (`country_code`, `name`, `longitude`, `latitude`, `feature_class`, `feature_code`, `subadmin1_code`, `subadmin2_code`, `population`, `time_zone`, `active`, `created_at`, `updated_at`) VALUES ('DZ','{\"en\":\"El Kseur\"}',4.86,36.68,'P','PPL','DZ.18',NULL,26050,'Africa/Algiers',1,'2012-01-18 23:00:00','2012-01-18 23:00:00');
INSERT INTO `__PREFIX__cities` (`country_code`, `name`, `longitude`, `latitude`, `feature_class`, `feature_code`, `subadmin1_code`, `subadmin2_code`, `population`, `time_zone`, `active`, `created_at`, `updated_at`) VALUES ('DZ','{\"en\":\"El Khroub\"}',6.69,36.26,'P','PPL','DZ.04',NULL,83746,'Africa/Algiers',1,'2012-01-18 23:00:00','2012-01-18 23:00:00');
INSERT INTO `__PREFIX__cities` (`country_code`, `name`, `longitude`, `latitude`, `feature_class`, `feature_code`, `subadmin1_code`, `subadmin2_code`, `population`, `time_zone`, `active`, `created_at`, `updated_at`) VALUES ('DZ','{\"en\":\"El Kala\"}',8.44,36.90,'P','PPL','DZ.44',NULL,35449,'Africa/Algiers',1,'2016-09-17 23:00:00','2016-09-17 23:00:00');
INSERT INTO `__PREFIX__cities` (`country_code`, `name`, `longitude`, `latitude`, `feature_class`, `feature_code`, `subadmin1_code`, `subadmin2_code`, `population`, `time_zone`, `active`, `created_at`, `updated_at`) VALUES ('DZ','{\"en\":\"El Idrissia\"}',2.53,34.45,'P','PPL','DZ.22',NULL,38714,'Africa/Algiers',1,'2012-01-18 23:00:00','2012-01-18 23:00:00');
INSERT INTO `__PREFIX__cities` (`country_code`, `name`, `longitude`, `latitude`, `feature_class`, `feature_code`, `subadmin1_code`, `subadmin2_code`, `population`, `time_zone`, `active`, `created_at`, `updated_at`) VALUES ('DZ','{\"en\":\"El Hadjira\"}',5.51,32.61,'P','PPL','DZ.50',NULL,39744,'Africa/Algiers',1,'2012-01-18 23:00:00','2012-01-18 23:00:00');
INSERT INTO `__PREFIX__cities` (`country_code`, `name`, `longitude`, `latitude`, `feature_class`, `feature_code`, `subadmin1_code`, `subadmin2_code`, `population`, `time_zone`, `active`, `created_at`, `updated_at`) VALUES ('DZ','{\"en\":\"El Hadjar\"}',7.74,36.80,'P','PPL','DZ.37',NULL,46656,'Africa/Algiers',1,'2012-01-18 23:00:00','2012-01-18 23:00:00');
INSERT INTO `__PREFIX__cities` (`country_code`, `name`, `longitude`, `latitude`, `feature_class`, `feature_code`, `subadmin1_code`, `subadmin2_code`, `population`, `time_zone`, `active`, `created_at`, `updated_at`) VALUES ('DZ','{\"en\":\"El Eulma\"}',5.69,36.15,'P','PPL','DZ.12',NULL,128351,'Africa/Algiers',1,'2012-01-18 23:00:00','2012-01-18 23:00:00');
INSERT INTO `__PREFIX__cities` (`country_code`, `name`, `longitude`, `latitude`, `feature_class`, `feature_code`, `subadmin1_code`, `subadmin2_code`, `population`, `time_zone`, `active`, `created_at`, `updated_at`) VALUES ('DZ','{\"en\":\"El Bayadh\"}',1.02,33.68,'P','PPLA','DZ.42',NULL,64632,'Africa/Algiers',1,'2018-08-07 23:00:00','2018-08-07 23:00:00');
INSERT INTO `__PREFIX__cities` (`country_code`, `name`, `longitude`, `latitude`, `feature_class`, `feature_code`, `subadmin1_code`, `subadmin2_code`, `population`, `time_zone`, `active`, `created_at`, `updated_at`) VALUES ('DZ','{\"en\":\"El Attaf\"}',1.67,36.22,'P','PPL','DZ.35',NULL,43837,'Africa/Algiers',1,'2012-01-18 23:00:00','2012-01-18 23:00:00');
INSERT INTO `__PREFIX__cities` (`country_code`, `name`, `longitude`, `latitude`, `feature_class`, `feature_code`, `subadmin1_code`, `subadmin2_code`, `population`, `time_zone`, `active`, `created_at`, `updated_at`) VALUES ('DZ','{\"en\":\"Chlef\"}',1.33,36.17,'P','PPLA','DZ.41',NULL,178616,'Africa/Algiers',1,'2019-03-08 23:00:00','2019-03-08 23:00:00');
INSERT INTO `__PREFIX__cities` (`country_code`, `name`, `longitude`, `latitude`, `feature_class`, `feature_code`, `subadmin1_code`, `subadmin2_code`, `population`, `time_zone`, `active`, `created_at`, `updated_at`) VALUES ('DZ','{\"en\":\"El Aouinet\"}',7.89,35.87,'P','PPL','DZ.33',NULL,32971,'Africa/Algiers',1,'2021-04-19 23:00:00','2021-04-19 23:00:00');
INSERT INTO `__PREFIX__cities` (`country_code`, `name`, `longitude`, `latitude`, `feature_class`, `feature_code`, `subadmin1_code`, `subadmin2_code`, `population`, `time_zone`, `active`, `created_at`, `updated_at`) VALUES ('DZ','{\"en\":\"El Amria\"}',-1.02,35.52,'P','PPL','DZ.36',NULL,26407,'Africa/Algiers',1,'2019-08-17 23:00:00','2019-08-17 23:00:00');
INSERT INTO `__PREFIX__cities` (`country_code`, `name`, `longitude`, `latitude`, `feature_class`, `feature_code`, `subadmin1_code`, `subadmin2_code`, `population`, `time_zone`, `active`, `created_at`, `updated_at`) VALUES ('DZ','{\"en\":\"El Affroun\"}',2.63,36.47,'P','PPL','DZ.20',NULL,42627,'Africa/Algiers',1,'2021-04-19 23:00:00','2021-04-19 23:00:00');
INSERT INTO `__PREFIX__cities` (`country_code`, `name`, `longitude`, `latitude`, `feature_class`, `feature_code`, `subadmin1_code`, `subadmin2_code`, `population`, `time_zone`, `active`, `created_at`, `updated_at`) VALUES ('DZ','{\"en\":\"El Achir\"}',4.63,36.06,'P','PPL','DZ.39',NULL,158333,'Africa/Algiers',1,'2020-05-30 23:00:00','2020-05-30 23:00:00');
INSERT INTO `__PREFIX__cities` (`country_code`, `name`, `longitude`, `latitude`, `feature_class`, `feature_code`, `subadmin1_code`, `subadmin2_code`, `population`, `time_zone`, `active`, `created_at`, `updated_at`) VALUES ('DZ','{\"en\":\"El Abiodh Sidi Cheikh\"}',0.55,32.89,'P','PPL','DZ.42',NULL,39283,'Africa/Algiers',1,'2012-01-18 23:00:00','2012-01-18 23:00:00');
INSERT INTO `__PREFIX__cities` (`country_code`, `name`, `longitude`, `latitude`, `feature_class`, `feature_code`, `subadmin1_code`, `subadmin2_code`, `population`, `time_zone`, `active`, `created_at`, `updated_at`) VALUES ('DZ','{\"en\":\"El Abadia\"}',1.69,36.27,'P','PPL','DZ.35',NULL,28724,'Africa/Algiers',1,'2012-01-18 23:00:00','2012-01-18 23:00:00');
INSERT INTO `__PREFIX__cities` (`country_code`, `name`, `longitude`, `latitude`, `feature_class`, `feature_code`, `subadmin1_code`, `subadmin2_code`, `population`, `time_zone`, `active`, `created_at`, `updated_at`) VALUES ('DZ','{\"en\":\"Ech Chettia\"}',1.26,36.20,'P','PPL','DZ.41',NULL,167955,'Africa/Algiers',1,'2012-01-18 23:00:00','2012-01-18 23:00:00');
INSERT INTO `__PREFIX__cities` (`country_code`, `name`, `longitude`, `latitude`, `feature_class`, `feature_code`, `subadmin1_code`, `subadmin2_code`, `population`, `time_zone`, `active`, `created_at`, `updated_at`) VALUES ('DZ','{\"en\":\"Drean\"}',7.75,36.68,'P','PPL','DZ.44',NULL,55147,'Africa/Algiers',1,'2021-04-19 23:00:00','2021-04-19 23:00:00');
INSERT INTO `__PREFIX__cities` (`country_code`, `name`, `longitude`, `latitude`, `feature_class`, `feature_code`, `subadmin1_code`, `subadmin2_code`, `population`, `time_zone`, `active`, `created_at`, `updated_at`) VALUES ('DZ','{\"en\":\"Draa el Mizan\"}',3.83,36.54,'P','PPL','DZ.14',NULL,41263,'Africa/Algiers',1,'2021-04-19 23:00:00','2021-04-19 23:00:00');
INSERT INTO `__PREFIX__cities` (`country_code`, `name`, `longitude`, `latitude`, `feature_class`, `feature_code`, `subadmin1_code`, `subadmin2_code`, `population`, `time_zone`, `active`, `created_at`, `updated_at`) VALUES ('DZ','{\"en\":\"Draa Ben Khedda\"}',3.96,36.73,'P','PPL','DZ.14',NULL,37443,'Africa/Algiers',1,'2019-06-27 23:00:00','2019-06-27 23:00:00');
INSERT INTO `__PREFIX__cities` (`country_code`, `name`, `longitude`, `latitude`, `feature_class`, `feature_code`, `subadmin1_code`, `subadmin2_code`, `population`, `time_zone`, `active`, `created_at`, `updated_at`) VALUES ('DZ','{\"en\":\"Douera\"}',2.94,36.67,'P','PPL','DZ.01',NULL,26926,'Africa/Algiers',1,'2021-04-19 23:00:00','2021-04-19 23:00:00');
INSERT INTO `__PREFIX__cities` (`country_code`, `name`, `longitude`, `latitude`, `feature_class`, `feature_code`, `subadmin1_code`, `subadmin2_code`, `population`, `time_zone`, `active`, `created_at`, `updated_at`) VALUES ('DZ','{\"en\":\"Djelfa\"}',3.26,34.67,'P','PPLA','DZ.22',NULL,154265,'Africa/Algiers',1,'2018-08-07 23:00:00','2018-08-07 23:00:00');
INSERT INTO `__PREFIX__cities` (`country_code`, `name`, `longitude`, `latitude`, `feature_class`, `feature_code`, `subadmin1_code`, `subadmin2_code`, `population`, `time_zone`, `active`, `created_at`, `updated_at`) VALUES ('DZ','{\"en\":\"Djamaa\"}',5.99,33.53,'P','PPL','DZ.MG',NULL,52882,'Africa/Algiers',1,'2021-04-19 23:00:00','2021-04-19 23:00:00');
INSERT INTO `__PREFIX__cities` (`country_code`, `name`, `longitude`, `latitude`, `feature_class`, `feature_code`, `subadmin1_code`, `subadmin2_code`, `population`, `time_zone`, `active`, `created_at`, `updated_at`) VALUES ('DZ','{\"en\":\"Didouche Mourad\"}',6.64,36.45,'P','PPL','DZ.04',NULL,25764,'Africa/Algiers',1,'2012-01-18 23:00:00','2012-01-18 23:00:00');
INSERT INTO `__PREFIX__cities` (`country_code`, `name`, `longitude`, `latitude`, `feature_class`, `feature_code`, `subadmin1_code`, `subadmin2_code`, `population`, `time_zone`, `active`, `created_at`, `updated_at`) VALUES ('DZ','{\"en\":\"Dellys\"}',3.91,36.92,'P','PPL','DZ.40',NULL,26384,'Africa/Algiers',1,'2016-09-16 23:00:00','2016-09-16 23:00:00');
INSERT INTO `__PREFIX__cities` (`country_code`, `name`, `longitude`, `latitude`, `feature_class`, `feature_code`, `subadmin1_code`, `subadmin2_code`, `population`, `time_zone`, `active`, `created_at`, `updated_at`) VALUES ('DZ','{\"en\":\"Debila\"}',6.95,33.52,'P','PPL','DZ.43',NULL,36834,'Africa/Algiers',1,'2012-01-18 23:00:00','2012-01-18 23:00:00');
INSERT INTO `__PREFIX__cities` (`country_code`, `name`, `longitude`, `latitude`, `feature_class`, `feature_code`, `subadmin1_code`, `subadmin2_code`, `population`, `time_zone`, `active`, `created_at`, `updated_at`) VALUES ('DZ','{\"en\":\"Dar el Beïda\"}',3.21,36.71,'P','PPL','DZ.01',NULL,37311,'Africa/Algiers',1,'2020-06-10 23:00:00','2020-06-10 23:00:00');
INSERT INTO `__PREFIX__cities` (`country_code`, `name`, `longitude`, `latitude`, `feature_class`, `feature_code`, `subadmin1_code`, `subadmin2_code`, `population`, `time_zone`, `active`, `created_at`, `updated_at`) VALUES ('DZ','{\"en\":\"Dar Chioukh\"}',3.49,34.90,'P','PPL','DZ.22',NULL,54022,'Africa/Algiers',1,'2012-01-18 23:00:00','2012-01-18 23:00:00');
INSERT INTO `__PREFIX__cities` (`country_code`, `name`, `longitude`, `latitude`, `feature_class`, `feature_code`, `subadmin1_code`, `subadmin2_code`, `population`, `time_zone`, `active`, `created_at`, `updated_at`) VALUES ('DZ','{\"en\":\"Constantine\"}',6.61,36.37,'P','PPLA','DZ.04',NULL,450097,'Africa/Algiers',1,'2018-08-08 23:00:00','2018-08-08 23:00:00');
INSERT INTO `__PREFIX__cities` (`country_code`, `name`, `longitude`, `latitude`, `feature_class`, `feature_code`, `subadmin1_code`, `subadmin2_code`, `population`, `time_zone`, `active`, `created_at`, `updated_at`) VALUES ('DZ','{\"en\":\"Collo\"}',6.56,37.01,'P','PPL','DZ.31',NULL,35682,'Africa/Algiers',1,'2021-07-29 23:00:00','2021-07-29 23:00:00');
INSERT INTO `__PREFIX__cities` (`country_code`, `name`, `longitude`, `latitude`, `feature_class`, `feature_code`, `subadmin1_code`, `subadmin2_code`, `population`, `time_zone`, `active`, `created_at`, `updated_at`) VALUES ('DZ','{\"en\":\"Chorfa\"}',4.33,36.37,'P','PPL','DZ.21',NULL,20556,'Africa/Algiers',1,'2018-09-30 23:00:00','2018-09-30 23:00:00');
INSERT INTO `__PREFIX__cities` (`country_code`, `name`, `longitude`, `latitude`, `feature_class`, `feature_code`, `subadmin1_code`, `subadmin2_code`, `population`, `time_zone`, `active`, `created_at`, `updated_at`) VALUES ('DZ','{\"en\":\"Chiffa\"}',2.74,36.46,'P','PPL','DZ.20',NULL,23218,'Africa/Algiers',1,'2012-01-18 23:00:00','2012-01-18 23:00:00');
INSERT INTO `__PREFIX__cities` (`country_code`, `name`, `longitude`, `latitude`, `feature_class`, `feature_code`, `subadmin1_code`, `subadmin2_code`, `population`, `time_zone`, `active`, `created_at`, `updated_at`) VALUES ('DZ','{\"en\":\"Chetouane\"}',-1.30,34.92,'P','PPL','DZ.15',NULL,39913,'Africa/Algiers',1,'2012-01-18 23:00:00','2012-01-18 23:00:00');
INSERT INTO `__PREFIX__cities` (`country_code`, `name`, `longitude`, `latitude`, `feature_class`, `feature_code`, `subadmin1_code`, `subadmin2_code`, `population`, `time_zone`, `active`, `created_at`, `updated_at`) VALUES ('DZ','{\"en\":\"Cheria\"}',7.75,35.27,'P','PPL','DZ.33',NULL,72095,'Africa/Algiers',1,'2012-01-18 23:00:00','2012-01-18 23:00:00');
INSERT INTO `__PREFIX__cities` (`country_code`, `name`, `longitude`, `latitude`, `feature_class`, `feature_code`, `subadmin1_code`, `subadmin2_code`, `population`, `time_zone`, `active`, `created_at`, `updated_at`) VALUES ('DZ','{\"en\":\"Cheraga\"}',2.96,36.77,'P','PPL','DZ.01',NULL,27835,'Africa/Algiers',1,'2021-04-19 23:00:00','2021-04-19 23:00:00');
INSERT INTO `__PREFIX__cities` (`country_code`, `name`, `longitude`, `latitude`, `feature_class`, `feature_code`, `subadmin1_code`, `subadmin2_code`, `population`, `time_zone`, `active`, `created_at`, `updated_at`) VALUES ('DZ','{\"en\":\"Chemini\"}',4.62,36.60,'P','PPL','DZ.18',NULL,21585,'Africa/Algiers',1,'2021-04-19 23:00:00','2021-04-19 23:00:00');
INSERT INTO `__PREFIX__cities` (`country_code`, `name`, `longitude`, `latitude`, `feature_class`, `feature_code`, `subadmin1_code`, `subadmin2_code`, `population`, `time_zone`, `active`, `created_at`, `updated_at`) VALUES ('DZ','{\"en\":\"Chelghoum el Aïd\"}',6.17,36.16,'P','PPL','DZ.48',NULL,71660,'Africa/Algiers',1,'2018-03-16 23:00:00','2018-03-16 23:00:00');
INSERT INTO `__PREFIX__cities` (`country_code`, `name`, `longitude`, `latitude`, `feature_class`, `feature_code`, `subadmin1_code`, `subadmin2_code`, `population`, `time_zone`, `active`, `created_at`, `updated_at`) VALUES ('DZ','{\"en\":\"Chebli\"}',3.01,36.58,'P','PPL','DZ.20',NULL,19901,'Africa/Algiers',1,'2019-09-30 23:00:00','2019-09-30 23:00:00');
INSERT INTO `__PREFIX__cities` (`country_code`, `name`, `longitude`, `latitude`, `feature_class`, `feature_code`, `subadmin1_code`, `subadmin2_code`, `population`, `time_zone`, `active`, `created_at`, `updated_at`) VALUES ('DZ','{\"en\":\"Charef\"}',2.80,34.62,'P','PPL','DZ.22',NULL,27700,'Africa/Algiers',1,'2012-01-18 23:00:00','2012-01-18 23:00:00');
INSERT INTO `__PREFIX__cities` (`country_code`, `name`, `longitude`, `latitude`, `feature_class`, `feature_code`, `subadmin1_code`, `subadmin2_code`, `population`, `time_zone`, `active`, `created_at`, `updated_at`) VALUES ('DZ','{\"en\":\"Chabet el Ameur\"}',3.69,36.64,'P','PPL','DZ.40',NULL,19522,'Africa/Algiers',1,'2012-01-18 23:00:00','2012-01-18 23:00:00');
INSERT INTO `__PREFIX__cities` (`country_code`, `name`, `longitude`, `latitude`, `feature_class`, `feature_code`, `subadmin1_code`, `subadmin2_code`, `population`, `time_zone`, `active`, `created_at`, `updated_at`) VALUES ('DZ','{\"en\":\"Brezina\"}',1.26,33.10,'P','PPL','DZ.42',NULL,19084,'Africa/Algiers',1,'2012-01-18 23:00:00','2012-01-18 23:00:00');
INSERT INTO `__PREFIX__cities` (`country_code`, `name`, `longitude`, `latitude`, `feature_class`, `feature_code`, `subadmin1_code`, `subadmin2_code`, `population`, `time_zone`, `active`, `created_at`, `updated_at`) VALUES ('DZ','{\"en\":\"Bou Tlelis\"}',-0.90,35.57,'P','PPL','DZ.09',NULL,26144,'Africa/Algiers',1,'2018-10-04 23:00:00','2018-10-04 23:00:00');
INSERT INTO `__PREFIX__cities` (`country_code`, `name`, `longitude`, `latitude`, `feature_class`, `feature_code`, `subadmin1_code`, `subadmin2_code`, `population`, `time_zone`, `active`, `created_at`, `updated_at`) VALUES ('DZ','{\"en\":\"Boumagueur\"}',5.55,35.51,'P','PPL','DZ.03',NULL,8474,'Africa/Algiers',1,'2017-04-21 23:00:00','2017-04-21 23:00:00');
INSERT INTO `__PREFIX__cities` (`country_code`, `name`, `longitude`, `latitude`, `feature_class`, `feature_code`, `subadmin1_code`, `subadmin2_code`, `population`, `time_zone`, `active`, `created_at`, `updated_at`) VALUES ('DZ','{\"en\":\"Boumahra Ahmed\"}',7.51,36.46,'P','PPL','DZ.23',NULL,23022,'Africa/Algiers',1,'2012-01-18 23:00:00','2012-01-18 23:00:00');
INSERT INTO `__PREFIX__cities` (`country_code`, `name`, `longitude`, `latitude`, `feature_class`, `feature_code`, `subadmin1_code`, `subadmin2_code`, `population`, `time_zone`, `active`, `created_at`, `updated_at`) VALUES ('DZ','{\"en\":\"Boukadir\"}',1.13,36.07,'P','PPL','DZ.41',NULL,26662,'Africa/Algiers',1,'2013-10-26 23:00:00','2013-10-26 23:00:00');
INSERT INTO `__PREFIX__cities` (`country_code`, `name`, `longitude`, `latitude`, `feature_class`, `feature_code`, `subadmin1_code`, `subadmin2_code`, `population`, `time_zone`, `active`, `created_at`, `updated_at`) VALUES ('DZ','{\"en\":\"Bou Ismaïl\"}',2.69,36.64,'P','PPL','DZ.55',NULL,22411,'Africa/Algiers',1,'2020-06-10 23:00:00','2020-06-10 23:00:00');
INSERT INTO `__PREFIX__cities` (`country_code`, `name`, `longitude`, `latitude`, `feature_class`, `feature_code`, `subadmin1_code`, `subadmin2_code`, `population`, `time_zone`, `active`, `created_at`, `updated_at`) VALUES ('DZ','{\"en\":\"Bouïra\"}',3.90,36.37,'P','PPLA','DZ.21',NULL,52500,'Africa/Algiers',1,'2020-05-30 23:00:00','2020-05-30 23:00:00');
INSERT INTO `__PREFIX__cities` (`country_code`, `name`, `longitude`, `latitude`, `feature_class`, `feature_code`, `subadmin1_code`, `subadmin2_code`, `population`, `time_zone`, `active`, `created_at`, `updated_at`) VALUES ('DZ','{\"en\":\"Bouinan\"}',2.99,36.53,'P','PPL','DZ.20',NULL,30271,'Africa/Algiers',1,'2018-09-30 23:00:00','2018-09-30 23:00:00');
INSERT INTO `__PREFIX__cities` (`country_code`, `name`, `longitude`, `latitude`, `feature_class`, `feature_code`, `subadmin1_code`, `subadmin2_code`, `population`, `time_zone`, `active`, `created_at`, `updated_at`) VALUES ('DZ','{\"en\":\"Bou Hanifia el Hamamat\"}',-0.05,35.31,'P','PPL','DZ.26',NULL,27576,'Africa/Algiers',1,'2012-01-18 23:00:00','2012-01-18 23:00:00');
INSERT INTO `__PREFIX__cities` (`country_code`, `name`, `longitude`, `latitude`, `feature_class`, `feature_code`, `subadmin1_code`, `subadmin2_code`, `population`, `time_zone`, `active`, `created_at`, `updated_at`) VALUES ('DZ','{\"en\":\"Bougara\"}',3.08,36.54,'P','PPL','DZ.20',NULL,63155,'Africa/Algiers',1,'2012-01-18 23:00:00','2012-01-18 23:00:00');
INSERT INTO `__PREFIX__cities` (`country_code`, `name`, `longitude`, `latitude`, `feature_class`, `feature_code`, `subadmin1_code`, `subadmin2_code`, `population`, `time_zone`, `active`, `created_at`, `updated_at`) VALUES ('DZ','{\"en\":\"Bougaa\"}',5.09,36.33,'P','PPL','DZ.12',NULL,38597,'Africa/Algiers',1,'2012-01-18 23:00:00','2012-01-18 23:00:00');
INSERT INTO `__PREFIX__cities` (`country_code`, `name`, `longitude`, `latitude`, `feature_class`, `feature_code`, `subadmin1_code`, `subadmin2_code`, `population`, `time_zone`, `active`, `created_at`, `updated_at`) VALUES ('DZ','{\"en\":\"Boufarik\"}',2.91,36.57,'P','PPL','DZ.20',NULL,59742,'Africa/Algiers',1,'2012-01-18 23:00:00','2012-01-18 23:00:00');
INSERT INTO `__PREFIX__cities` (`country_code`, `name`, `longitude`, `latitude`, `feature_class`, `feature_code`, `subadmin1_code`, `subadmin2_code`, `population`, `time_zone`, `active`, `created_at`, `updated_at`) VALUES ('DZ','{\"en\":\"Boudouaou\"}',3.41,36.73,'P','PPL','DZ.40',NULL,45153,'Africa/Algiers',1,'2019-03-12 23:00:00','2019-03-12 23:00:00');
INSERT INTO `__PREFIX__cities` (`country_code`, `name`, `longitude`, `latitude`, `feature_class`, `feature_code`, `subadmin1_code`, `subadmin2_code`, `population`, `time_zone`, `active`, `created_at`, `updated_at`) VALUES ('DZ','{\"en\":\"Boudjima\"}',4.15,36.80,'P','PPL','DZ.14',NULL,20557,'Africa/Algiers',1,'2012-01-18 23:00:00','2012-01-18 23:00:00');
INSERT INTO `__PREFIX__cities` (`country_code`, `name`, `longitude`, `latitude`, `feature_class`, `feature_code`, `subadmin1_code`, `subadmin2_code`, `population`, `time_zone`, `active`, `created_at`, `updated_at`) VALUES ('DZ','{\"en\":\"Boû Arfa\"}',2.81,36.46,'P','PPL','DZ.20',NULL,44143,'Africa/Algiers',1,'2018-12-04 23:00:00','2018-12-04 23:00:00');
INSERT INTO `__PREFIX__cities` (`country_code`, `name`, `longitude`, `latitude`, `feature_class`, `feature_code`, `subadmin1_code`, `subadmin2_code`, `population`, `time_zone`, `active`, `created_at`, `updated_at`) VALUES ('DZ','{\"en\":\"Bordj Zemoura\"}',4.86,36.27,'P','PPL','DZ.39',NULL,19782,'Africa/Algiers',1,'2012-01-18 23:00:00','2012-01-18 23:00:00');
INSERT INTO `__PREFIX__cities` (`country_code`, `name`, `longitude`, `latitude`, `feature_class`, `feature_code`, `subadmin1_code`, `subadmin2_code`, `population`, `time_zone`, `active`, `created_at`, `updated_at`) VALUES ('DZ','{\"en\":\"Bordj Ghdir\"}',4.90,35.90,'P','PPL','DZ.39',NULL,34136,'Africa/Algiers',1,'2018-09-30 23:00:00','2018-09-30 23:00:00');
INSERT INTO `__PREFIX__cities` (`country_code`, `name`, `longitude`, `latitude`, `feature_class`, `feature_code`, `subadmin1_code`, `subadmin2_code`, `population`, `time_zone`, `active`, `created_at`, `updated_at`) VALUES ('DZ','{\"en\":\"Bordj el Kiffan\"}',3.19,36.75,'P','PPL','DZ.01',NULL,123246,'Africa/Algiers',1,'2019-05-09 23:00:00','2019-05-09 23:00:00');
INSERT INTO `__PREFIX__cities` (`country_code`, `name`, `longitude`, `latitude`, `feature_class`, `feature_code`, `subadmin1_code`, `subadmin2_code`, `population`, `time_zone`, `active`, `created_at`, `updated_at`) VALUES ('DZ','{\"en\":\"Bordj Bou Arréridj\"}',4.76,36.07,'P','PPLA','DZ.39',NULL,168346,'Africa/Algiers',1,'2021-10-05 23:00:00','2021-10-05 23:00:00');
INSERT INTO `__PREFIX__cities` (`country_code`, `name`, `longitude`, `latitude`, `feature_class`, `feature_code`, `subadmin1_code`, `subadmin2_code`, `population`, `time_zone`, `active`, `created_at`, `updated_at`) VALUES ('DZ','{\"en\":\"Boghni\"}',3.95,36.54,'P','PPL','DZ.14',NULL,54666,'Africa/Algiers',1,'2019-03-13 23:00:00','2019-03-13 23:00:00');
INSERT INTO `__PREFIX__cities` (`country_code`, `name`, `longitude`, `latitude`, `feature_class`, `feature_code`, `subadmin1_code`, `subadmin2_code`, `population`, `time_zone`, `active`, `created_at`, `updated_at`) VALUES ('DZ','{\"en\":\"Blida\"}',2.83,36.47,'P','PPLA','DZ.20',NULL,182447,'Africa/Algiers',1,'2019-09-04 23:00:00','2019-09-04 23:00:00');
INSERT INTO `__PREFIX__cities` (`country_code`, `name`, `longitude`, `latitude`, `feature_class`, `feature_code`, `subadmin1_code`, `subadmin2_code`, `population`, `time_zone`, `active`, `created_at`, `updated_at`) VALUES ('DZ','{\"en\":\"Biskra\"}',5.73,34.85,'P','PPLA','DZ.19',NULL,307987,'Africa/Algiers',1,'2018-08-07 23:00:00','2018-08-07 23:00:00');
INSERT INTO `__PREFIX__cities` (`country_code`, `name`, `longitude`, `latitude`, `feature_class`, `feature_code`, `subadmin1_code`, `subadmin2_code`, `population`, `time_zone`, `active`, `created_at`, `updated_at`) VALUES ('DZ','{\"en\":\"Birkhadem\"}',3.05,36.71,'P','PPL','DZ.01',NULL,71722,'Africa/Algiers',1,'2019-05-09 23:00:00','2019-05-09 23:00:00');
INSERT INTO `__PREFIX__cities` (`country_code`, `name`, `longitude`, `latitude`, `feature_class`, `feature_code`, `subadmin1_code`, `subadmin2_code`, `population`, `time_zone`, `active`, `created_at`, `updated_at`) VALUES ('DZ','{\"en\":\"Birine\"}',3.23,35.63,'P','PPL','DZ.22',NULL,51209,'Africa/Algiers',1,'2012-01-18 23:00:00','2012-01-18 23:00:00');
INSERT INTO `__PREFIX__cities` (`country_code`, `name`, `longitude`, `latitude`, `feature_class`, `feature_code`, `subadmin1_code`, `subadmin2_code`, `population`, `time_zone`, `active`, `created_at`, `updated_at`) VALUES ('DZ','{\"en\":\"Bir el Djir\"}',-0.55,35.72,'P','PPL','DZ.09',NULL,68032,'Africa/Algiers',1,'2012-01-18 23:00:00','2012-01-18 23:00:00');
INSERT INTO `__PREFIX__cities` (`country_code`, `name`, `longitude`, `latitude`, `feature_class`, `feature_code`, `subadmin1_code`, `subadmin2_code`, `population`, `time_zone`, `active`, `created_at`, `updated_at`) VALUES ('DZ','{\"en\":\"Bir el Ater\"}',8.06,34.74,'P','PPL','DZ.33',NULL,68703,'Africa/Algiers',1,'2019-08-03 23:00:00','2019-08-03 23:00:00');
INSERT INTO `__PREFIX__cities` (`country_code`, `name`, `longitude`, `latitude`, `feature_class`, `feature_code`, `subadmin1_code`, `subadmin2_code`, `population`, `time_zone`, `active`, `created_at`, `updated_at`) VALUES ('DZ','{\"en\":\"Besbes\"}',7.85,36.70,'P','PPL','DZ.44',NULL,66287,'Africa/Algiers',1,'2012-01-18 23:00:00','2012-01-18 23:00:00');
INSERT INTO `__PREFIX__cities` (`country_code`, `name`, `longitude`, `latitude`, `feature_class`, `feature_code`, `subadmin1_code`, `subadmin2_code`, `population`, `time_zone`, `active`, `created_at`, `updated_at`) VALUES ('DZ','{\"en\":\"Berrouaghia\"}',2.91,36.14,'P','PPL','DZ.06',NULL,80573,'Africa/Algiers',1,'2012-01-18 23:00:00','2012-01-18 23:00:00');
INSERT INTO `__PREFIX__cities` (`country_code`, `name`, `longitude`, `latitude`, `feature_class`, `feature_code`, `subadmin1_code`, `subadmin2_code`, `population`, `time_zone`, `active`, `created_at`, `updated_at`) VALUES ('DZ','{\"en\":\"Berriane\"}',3.77,32.83,'P','PPL','DZ.45',NULL,44580,'Africa/Algiers',1,'2012-05-05 23:00:00','2012-05-05 23:00:00');
INSERT INTO `__PREFIX__cities` (`country_code`, `name`, `longitude`, `latitude`, `feature_class`, `feature_code`, `subadmin1_code`, `subadmin2_code`, `population`, `time_zone`, `active`, `created_at`, `updated_at`) VALUES ('DZ','{\"en\":\"Berrahal\"}',7.45,36.84,'P','PPL','DZ.37',NULL,19294,'Africa/Algiers',1,'2012-01-18 23:00:00','2012-01-18 23:00:00');
INSERT INTO `__PREFIX__cities` (`country_code`, `name`, `longitude`, `latitude`, `feature_class`, `feature_code`, `subadmin1_code`, `subadmin2_code`, `population`, `time_zone`, `active`, `created_at`, `updated_at`) VALUES ('DZ','{\"en\":\"Bensekrane\"}',-1.22,35.07,'P','PPL','DZ.15',NULL,21283,'Africa/Algiers',1,'2012-01-18 23:00:00','2012-01-18 23:00:00');
INSERT INTO `__PREFIX__cities` (`country_code`, `name`, `longitude`, `latitude`, `feature_class`, `feature_code`, `subadmin1_code`, `subadmin2_code`, `population`, `time_zone`, `active`, `created_at`, `updated_at`) VALUES ('DZ','{\"en\":\"Ben Mehidi\"}',7.91,36.77,'P','PPL','DZ.44',NULL,28398,'Africa/Algiers',1,'2012-01-18 23:00:00','2012-01-18 23:00:00');
INSERT INTO `__PREFIX__cities` (`country_code`, `name`, `longitude`, `latitude`, `feature_class`, `feature_code`, `subadmin1_code`, `subadmin2_code`, `population`, `time_zone`, `active`, `created_at`, `updated_at`) VALUES ('DZ','{\"en\":\"Beni Saf\"}',-1.38,35.30,'P','PPL','DZ.36',NULL,46382,'Africa/Algiers',1,'2019-08-17 23:00:00','2019-08-17 23:00:00');
INSERT INTO `__PREFIX__cities` (`country_code`, `name`, `longitude`, `latitude`, `feature_class`, `feature_code`, `subadmin1_code`, `subadmin2_code`, `population`, `time_zone`, `active`, `created_at`, `updated_at`) VALUES ('DZ','{\"en\":\"Beni Mester\"}',-1.42,34.87,'P','PPL','DZ.15',NULL,19808,'Africa/Algiers',1,'2012-01-18 23:00:00','2012-01-18 23:00:00');
INSERT INTO `__PREFIX__cities` (`country_code`, `name`, `longitude`, `latitude`, `feature_class`, `feature_code`, `subadmin1_code`, `subadmin2_code`, `population`, `time_zone`, `active`, `created_at`, `updated_at`) VALUES ('DZ','{\"en\":\"Beni Mered\"}',2.86,36.52,'P','PPL','DZ.20',NULL,92749,'Africa/Algiers',1,'2012-01-18 23:00:00','2012-01-18 23:00:00');
INSERT INTO `__PREFIX__cities` (`country_code`, `name`, `longitude`, `latitude`, `feature_class`, `feature_code`, `subadmin1_code`, `subadmin2_code`, `population`, `time_zone`, `active`, `created_at`, `updated_at`) VALUES ('DZ','{\"en\":\"Beni Douala\"}',4.08,36.62,'P','PPL','DZ.14',NULL,33611,'Africa/Algiers',1,'2012-01-18 23:00:00','2012-01-18 23:00:00');
INSERT INTO `__PREFIX__cities` (`country_code`, `name`, `longitude`, `latitude`, `feature_class`, `feature_code`, `subadmin1_code`, `subadmin2_code`, `population`, `time_zone`, `active`, `created_at`, `updated_at`) VALUES ('DZ','{\"en\":\"Beni Amrane\"}',3.59,36.67,'P','PPL','DZ.40',NULL,18414,'Africa/Algiers',1,'2012-01-18 23:00:00','2012-01-18 23:00:00');
INSERT INTO `__PREFIX__cities` (`country_code`, `name`, `longitude`, `latitude`, `feature_class`, `feature_code`, `subadmin1_code`, `subadmin2_code`, `population`, `time_zone`, `active`, `created_at`, `updated_at`) VALUES ('DZ','{\"en\":\"Bejaïa\"}',5.08,36.76,'P','PPLA','DZ.18',NULL,164103,'Africa/Algiers',1,'2020-06-10 23:00:00','2020-06-10 23:00:00');
INSERT INTO `__PREFIX__cities` (`country_code`, `name`, `longitude`, `latitude`, `feature_class`, `feature_code`, `subadmin1_code`, `subadmin2_code`, `population`, `time_zone`, `active`, `created_at`, `updated_at`) VALUES ('DZ','{\"en\":\"Béchar\"}',-2.22,31.62,'P','PPLA','DZ.38',NULL,143382,'Africa/Algiers',1,'2018-08-07 23:00:00','2018-08-07 23:00:00');
INSERT INTO `__PREFIX__cities` (`country_code`, `name`, `longitude`, `latitude`, `feature_class`, `feature_code`, `subadmin1_code`, `subadmin2_code`, `population`, `time_zone`, `active`, `created_at`, `updated_at`) VALUES ('DZ','{\"en\":\"Batna\"}',6.17,35.56,'P','PPLA','DZ.03',NULL,280798,'Africa/Algiers',1,'2019-09-04 23:00:00','2019-09-04 23:00:00');
INSERT INTO `__PREFIX__cities` (`country_code`, `name`, `longitude`, `latitude`, `feature_class`, `feature_code`, `subadmin1_code`, `subadmin2_code`, `population`, `time_zone`, `active`, `created_at`, `updated_at`) VALUES ('DZ','{\"en\":\"Barika\"}',5.37,35.39,'P','PPL','DZ.03',NULL,98846,'Africa/Algiers',1,'2019-09-06 23:00:00','2019-09-06 23:00:00');
INSERT INTO `__PREFIX__cities` (`country_code`, `name`, `longitude`, `latitude`, `feature_class`, `feature_code`, `subadmin1_code`, `subadmin2_code`, `population`, `time_zone`, `active`, `created_at`, `updated_at`) VALUES ('DZ','{\"en\":\"Barbacha\"}',4.97,36.57,'P','PPL','DZ.18',NULL,31983,'Africa/Algiers',1,'2020-05-31 23:00:00','2020-05-31 23:00:00');
INSERT INTO `__PREFIX__cities` (`country_code`, `name`, `longitude`, `latitude`, `feature_class`, `feature_code`, `subadmin1_code`, `subadmin2_code`, `population`, `time_zone`, `active`, `created_at`, `updated_at`) VALUES ('DZ','{\"en\":\"Baraki\"}',3.10,36.67,'P','PPL','DZ.01',NULL,105402,'Africa/Algiers',1,'2021-04-19 23:00:00','2021-04-19 23:00:00');
INSERT INTO `__PREFIX__cities` (`country_code`, `name`, `longitude`, `latitude`, `feature_class`, `feature_code`, `subadmin1_code`, `subadmin2_code`, `population`, `time_zone`, `active`, `created_at`, `updated_at`) VALUES ('DZ','{\"en\":\"Bab Ezzouar\"}',3.18,36.73,'P','PPL','DZ.01',NULL,275630,'Africa/Algiers',1,'2019-05-09 23:00:00','2019-05-09 23:00:00');
INSERT INTO `__PREFIX__cities` (`country_code`, `name`, `longitude`, `latitude`, `feature_class`, `feature_code`, `subadmin1_code`, `subadmin2_code`, `population`, `time_zone`, `active`, `created_at`, `updated_at`) VALUES ('DZ','{\"en\":\"Azzaba\"}',7.11,36.74,'P','PPL','DZ.31',NULL,75317,'Africa/Algiers',1,'2020-10-07 23:00:00','2020-10-07 23:00:00');
INSERT INTO `__PREFIX__cities` (`country_code`, `name`, `longitude`, `latitude`, `feature_class`, `feature_code`, `subadmin1_code`, `subadmin2_code`, `population`, `time_zone`, `active`, `created_at`, `updated_at`) VALUES ('DZ','{\"en\":\"Azazga\"}',4.37,36.74,'P','PPL','DZ.14',NULL,40623,'Africa/Algiers',1,'2020-10-06 23:00:00','2020-10-06 23:00:00');
INSERT INTO `__PREFIX__cities` (`country_code`, `name`, `longitude`, `latitude`, `feature_class`, `feature_code`, `subadmin1_code`, `subadmin2_code`, `population`, `time_zone`, `active`, `created_at`, `updated_at`) VALUES ('DZ','{\"en\":\"Arris\"}',6.35,35.26,'P','PPL','DZ.03',NULL,36641,'Africa/Algiers',1,'2018-10-04 23:00:00','2018-10-04 23:00:00');
INSERT INTO `__PREFIX__cities` (`country_code`, `name`, `longitude`, `latitude`, `feature_class`, `feature_code`, `subadmin1_code`, `subadmin2_code`, `population`, `time_zone`, `active`, `created_at`, `updated_at`) VALUES ('DZ','{\"en\":\"Arhribs\"}',4.31,36.79,'P','PPL','DZ.14',NULL,23958,'Africa/Algiers',1,'2012-01-18 23:00:00','2012-01-18 23:00:00');
INSERT INTO `__PREFIX__cities` (`country_code`, `name`, `longitude`, `latitude`, `feature_class`, `feature_code`, `subadmin1_code`, `subadmin2_code`, `population`, `time_zone`, `active`, `created_at`, `updated_at`) VALUES ('DZ','{\"en\":\"Arbatache\"}',3.37,36.64,'P','PPL','DZ.40',NULL,17481,'Africa/Algiers',1,'2018-09-30 23:00:00','2018-09-30 23:00:00');
INSERT INTO `__PREFIX__cities` (`country_code`, `name`, `longitude`, `latitude`, `feature_class`, `feature_code`, `subadmin1_code`, `subadmin2_code`, `population`, `time_zone`, `active`, `created_at`, `updated_at`) VALUES ('DZ','{\"en\":\"Aoulef\"}',1.08,26.97,'P','PPL','DZ.34',NULL,24812,'Africa/Algiers',1,'2019-11-22 23:00:00','2019-11-22 23:00:00');
INSERT INTO `__PREFIX__cities` (`country_code`, `name`, `longitude`, `latitude`, `feature_class`, `feature_code`, `subadmin1_code`, `subadmin2_code`, `population`, `time_zone`, `active`, `created_at`, `updated_at`) VALUES ('DZ','{\"en\":\"Annaba\"}',7.77,36.90,'P','PPLA','DZ.37',NULL,206570,'Africa/Algiers',1,'2019-02-06 23:00:00','2019-02-06 23:00:00');
INSERT INTO `__PREFIX__cities` (`country_code`, `name`, `longitude`, `latitude`, `feature_class`, `feature_code`, `subadmin1_code`, `subadmin2_code`, `population`, `time_zone`, `active`, `created_at`, `updated_at`) VALUES ('DZ','{\"en\":\"Ammi Moussa\"}',1.11,35.87,'P','PPL','DZ.51',NULL,23001,'Africa/Algiers',1,'2012-01-18 23:00:00','2012-01-18 23:00:00');
INSERT INTO `__PREFIX__cities` (`country_code`, `name`, `longitude`, `latitude`, `feature_class`, `feature_code`, `subadmin1_code`, `subadmin2_code`, `population`, `time_zone`, `active`, `created_at`, `updated_at`) VALUES ('DZ','{\"en\":\"Amizour\"}',4.90,36.64,'P','PPL','DZ.18',NULL,25825,'Africa/Algiers',1,'2020-05-30 23:00:00','2020-05-30 23:00:00');
INSERT INTO `__PREFIX__cities` (`country_code`, `name`, `longitude`, `latitude`, `feature_class`, `feature_code`, `subadmin1_code`, `subadmin2_code`, `population`, `time_zone`, `active`, `created_at`, `updated_at`) VALUES ('DZ','{\"en\":\"Algiers\"}',3.09,36.73,'P','PPLC','DZ.01',NULL,1977663,'Africa/Algiers',1,'2019-09-04 23:00:00','2019-09-04 23:00:00');
INSERT INTO `__PREFIX__cities` (`country_code`, `name`, `longitude`, `latitude`, `feature_class`, `feature_code`, `subadmin1_code`, `subadmin2_code`, `population`, `time_zone`, `active`, `created_at`, `updated_at`) VALUES ('DZ','{\"en\":\"Akbou\"}',4.53,36.46,'P','PPL','DZ.18',NULL,66654,'Africa/Algiers',1,'2012-01-18 23:00:00','2012-01-18 23:00:00');
INSERT INTO `__PREFIX__cities` (`country_code`, `name`, `longitude`, `latitude`, `feature_class`, `feature_code`, `subadmin1_code`, `subadmin2_code`, `population`, `time_zone`, `active`, `created_at`, `updated_at`) VALUES ('DZ','{\"en\":\"Aïn Touta\"}',5.90,35.38,'P','PPL','DZ.03',NULL,72280,'Africa/Algiers',1,'2020-06-10 23:00:00','2020-06-10 23:00:00');
INSERT INTO `__PREFIX__cities` (`country_code`, `name`, `longitude`, `latitude`, `feature_class`, `feature_code`, `subadmin1_code`, `subadmin2_code`, `population`, `time_zone`, `active`, `created_at`, `updated_at`) VALUES ('DZ','{\"en\":\"Aïn Temouchent\"}',-1.14,35.30,'P','PPLA','DZ.36',NULL,57354,'Africa/Algiers',1,'2020-06-10 23:00:00','2020-06-10 23:00:00');
INSERT INTO `__PREFIX__cities` (`country_code`, `name`, `longitude`, `latitude`, `feature_class`, `feature_code`, `subadmin1_code`, `subadmin2_code`, `population`, `time_zone`, `active`, `created_at`, `updated_at`) VALUES ('DZ','{\"en\":\"Aïn Taya\"}',3.29,36.79,'P','PPL','DZ.01',NULL,21815,'Africa/Algiers',1,'2019-05-09 23:00:00','2019-05-09 23:00:00');
INSERT INTO `__PREFIX__cities` (`country_code`, `name`, `longitude`, `latitude`, `feature_class`, `feature_code`, `subadmin1_code`, `subadmin2_code`, `population`, `time_zone`, `active`, `created_at`, `updated_at`) VALUES ('DZ','{\"en\":\"Aïn Smara\"}',6.50,36.27,'P','PPL','DZ.04',NULL,28968,'Africa/Algiers',1,'2019-11-10 23:00:00','2019-11-10 23:00:00');
INSERT INTO `__PREFIX__cities` (`country_code`, `name`, `longitude`, `latitude`, `feature_class`, `feature_code`, `subadmin1_code`, `subadmin2_code`, `population`, `time_zone`, `active`, `created_at`, `updated_at`) VALUES ('DZ','{\"en\":\"Aïn Sefra\"}',-0.58,32.75,'P','PPL','DZ.49',NULL,63420,'Africa/Algiers',1,'2012-01-18 23:00:00','2012-01-18 23:00:00');
INSERT INTO `__PREFIX__cities` (`country_code`, `name`, `longitude`, `latitude`, `feature_class`, `feature_code`, `subadmin1_code`, `subadmin2_code`, `population`, `time_zone`, `active`, `created_at`, `updated_at`) VALUES ('DZ','{\"en\":\"Aïn Oussera\"}',2.91,35.45,'P','PPL','DZ.22',NULL,118687,'Africa/Algiers',1,'2020-06-10 23:00:00','2020-06-10 23:00:00');
INSERT INTO `__PREFIX__cities` (`country_code`, `name`, `longitude`, `latitude`, `feature_class`, `feature_code`, `subadmin1_code`, `subadmin2_code`, `population`, `time_zone`, `active`, `created_at`, `updated_at`) VALUES ('DZ','{\"en\":\"’Aïn Merane\"}',0.97,36.16,'P','PPL','DZ.41',NULL,34413,'Africa/Algiers',1,'2021-04-19 23:00:00','2021-04-19 23:00:00');
INSERT INTO `__PREFIX__cities` (`country_code`, `name`, `longitude`, `latitude`, `feature_class`, `feature_code`, `subadmin1_code`, `subadmin2_code`, `population`, `time_zone`, `active`, `created_at`, `updated_at`) VALUES ('DZ','{\"en\":\"Aïn Kercha\"}',6.70,35.92,'P','PPL','DZ.29',NULL,32497,'Africa/Algiers',1,'2012-01-18 23:00:00','2012-01-18 23:00:00');
INSERT INTO `__PREFIX__cities` (`country_code`, `name`, `longitude`, `latitude`, `feature_class`, `feature_code`, `subadmin1_code`, `subadmin2_code`, `population`, `time_zone`, `active`, `created_at`, `updated_at`) VALUES ('DZ','{\"en\":\"Aïn Fakroun\"}',6.87,35.97,'P','PPL','DZ.29',NULL,68433,'Africa/Algiers',1,'2012-01-18 23:00:00','2012-01-18 23:00:00');
INSERT INTO `__PREFIX__cities` (`country_code`, `name`, `longitude`, `latitude`, `feature_class`, `feature_code`, `subadmin1_code`, `subadmin2_code`, `population`, `time_zone`, `active`, `created_at`, `updated_at`) VALUES ('DZ','{\"en\":\"’Aïn el Turk\"}',-0.77,35.74,'P','PPL','DZ.09',NULL,45323,'Africa/Algiers',1,'2019-03-07 23:00:00','2019-03-07 23:00:00');
INSERT INTO `__PREFIX__cities` (`country_code`, `name`, `longitude`, `latitude`, `feature_class`, `feature_code`, `subadmin1_code`, `subadmin2_code`, `population`, `time_zone`, `active`, `created_at`, `updated_at`) VALUES ('DZ','{\"en\":\"’Aïn el Melh\"}',4.16,34.84,'P','PPL','DZ.27',NULL,39798,'Africa/Algiers',1,'2020-06-10 23:00:00','2020-06-10 23:00:00');
INSERT INTO `__PREFIX__cities` (`country_code`, `name`, `longitude`, `latitude`, `feature_class`, `feature_code`, `subadmin1_code`, `subadmin2_code`, `population`, `time_zone`, `active`, `created_at`, `updated_at`) VALUES ('DZ','{\"en\":\"’Aïn el Hammam\"}',4.31,36.56,'P','PPL','DZ.14',NULL,28029,'Africa/Algiers',1,'2020-06-10 23:00:00','2020-06-10 23:00:00');
INSERT INTO `__PREFIX__cities` (`country_code`, `name`, `longitude`, `latitude`, `feature_class`, `feature_code`, `subadmin1_code`, `subadmin2_code`, `population`, `time_zone`, `active`, `created_at`, `updated_at`) VALUES ('DZ','{\"en\":\"‘Aïn el Hadjel\"}',3.88,35.67,'P','PPL','DZ.27',NULL,42527,'Africa/Algiers',1,'2020-06-10 23:00:00','2020-06-10 23:00:00');
INSERT INTO `__PREFIX__cities` (`country_code`, `name`, `longitude`, `latitude`, `feature_class`, `feature_code`, `subadmin1_code`, `subadmin2_code`, `population`, `time_zone`, `active`, `created_at`, `updated_at`) VALUES ('DZ','{\"en\":\"’Aïn el Hadjar\"}',0.15,34.76,'P','PPL','DZ.10',NULL,12996,'Africa/Algiers',1,'2018-10-02 23:00:00','2018-10-02 23:00:00');
INSERT INTO `__PREFIX__cities` (`country_code`, `name`, `longitude`, `latitude`, `feature_class`, `feature_code`, `subadmin1_code`, `subadmin2_code`, `population`, `time_zone`, `active`, `created_at`, `updated_at`) VALUES ('DZ','{\"en\":\"Aïn el Bya\"}',-0.30,35.80,'P','PPL','DZ.09',NULL,37241,'Africa/Algiers',1,'2020-06-10 23:00:00','2020-06-10 23:00:00');
INSERT INTO `__PREFIX__cities` (`country_code`, `name`, `longitude`, `latitude`, `feature_class`, `feature_code`, `subadmin1_code`, `subadmin2_code`, `population`, `time_zone`, `active`, `created_at`, `updated_at`) VALUES ('DZ','{\"en\":\"’Aïn el Berd\"}',-0.51,35.36,'P','PPL','DZ.30',NULL,16548,'Africa/Algiers',1,'2020-06-10 23:00:00','2020-06-10 23:00:00');
INSERT INTO `__PREFIX__cities` (`country_code`, `name`, `longitude`, `latitude`, `feature_class`, `feature_code`, `subadmin1_code`, `subadmin2_code`, `population`, `time_zone`, `active`, `created_at`, `updated_at`) VALUES ('DZ','{\"en\":\"’Aïn el Bell\"}',3.22,34.34,'P','PPL','DZ.22',NULL,31916,'Africa/Algiers',1,'2020-06-10 23:00:00','2020-06-10 23:00:00');
INSERT INTO `__PREFIX__cities` (`country_code`, `name`, `longitude`, `latitude`, `feature_class`, `feature_code`, `subadmin1_code`, `subadmin2_code`, `population`, `time_zone`, `active`, `created_at`, `updated_at`) VALUES ('DZ','{\"en\":\"’Aïn Deheb\"}',1.55,34.84,'P','PPL','DZ.13',NULL,36146,'Africa/Algiers',1,'2020-06-10 23:00:00','2020-06-10 23:00:00');
INSERT INTO `__PREFIX__cities` (`country_code`, `name`, `longitude`, `latitude`, `feature_class`, `feature_code`, `subadmin1_code`, `subadmin2_code`, `population`, `time_zone`, `active`, `created_at`, `updated_at`) VALUES ('DZ','{\"en\":\"Aïn Defla\"}',1.97,36.26,'P','PPLA','DZ.35',NULL,52276,'Africa/Algiers',1,'2018-08-07 23:00:00','2018-08-07 23:00:00');
INSERT INTO `__PREFIX__cities` (`country_code`, `name`, `longitude`, `latitude`, `feature_class`, `feature_code`, `subadmin1_code`, `subadmin2_code`, `population`, `time_zone`, `active`, `created_at`, `updated_at`) VALUES ('DZ','{\"en\":\"’Aïn Boucif\"}',3.16,35.89,'P','PPL','DZ.06',NULL,11989,'Africa/Algiers',1,'2018-12-04 23:00:00','2018-12-04 23:00:00');
INSERT INTO `__PREFIX__cities` (`country_code`, `name`, `longitude`, `latitude`, `feature_class`, `feature_code`, `subadmin1_code`, `subadmin2_code`, `population`, `time_zone`, `active`, `created_at`, `updated_at`) VALUES ('DZ','{\"en\":\"Aïn Bessem\"}',3.67,36.29,'P','PPL','DZ.21',NULL,29461,'Africa/Algiers',1,'2020-06-03 23:00:00','2020-06-03 23:00:00');
INSERT INTO `__PREFIX__cities` (`country_code`, `name`, `longitude`, `latitude`, `feature_class`, `feature_code`, `subadmin1_code`, `subadmin2_code`, `population`, `time_zone`, `active`, `created_at`, `updated_at`) VALUES ('DZ','{\"en\":\"’Aïn Benian\"}',2.92,36.80,'P','PPL','DZ.01',NULL,31102,'Africa/Algiers',1,'2021-04-19 23:00:00','2021-04-19 23:00:00');
INSERT INTO `__PREFIX__cities` (`country_code`, `name`, `longitude`, `latitude`, `feature_class`, `feature_code`, `subadmin1_code`, `subadmin2_code`, `population`, `time_zone`, `active`, `created_at`, `updated_at`) VALUES ('DZ','{\"en\":\"Aïn Beïda\"}',7.39,35.80,'P','PPL','DZ.29',NULL,105765,'Africa/Algiers',1,'2013-04-20 23:00:00','2013-04-20 23:00:00');
INSERT INTO `__PREFIX__cities` (`country_code`, `name`, `longitude`, `latitude`, `feature_class`, `feature_code`, `subadmin1_code`, `subadmin2_code`, `population`, `time_zone`, `active`, `created_at`, `updated_at`) VALUES ('DZ','{\"en\":\"Aïn Arnat\"}',5.31,36.19,'P','PPL','DZ.12',NULL,35088,'Africa/Algiers',1,'2013-05-10 23:00:00','2013-05-10 23:00:00');
INSERT INTO `__PREFIX__cities` (`country_code`, `name`, `longitude`, `latitude`, `feature_class`, `feature_code`, `subadmin1_code`, `subadmin2_code`, `population`, `time_zone`, `active`, `created_at`, `updated_at`) VALUES ('DZ','{\"en\":\"’Aïn Abid\"}',6.94,36.23,'P','PPL','DZ.04',NULL,29486,'Africa/Algiers',1,'2018-09-30 23:00:00','2018-09-30 23:00:00');
INSERT INTO `__PREFIX__cities` (`country_code`, `name`, `longitude`, `latitude`, `feature_class`, `feature_code`, `subadmin1_code`, `subadmin2_code`, `population`, `time_zone`, `active`, `created_at`, `updated_at`) VALUES ('DZ','{\"en\":\"Aflou\"}',2.10,34.11,'P','PPL','DZ.25',NULL,84683,'Africa/Algiers',1,'2012-01-18 23:00:00','2012-01-18 23:00:00');
INSERT INTO `__PREFIX__cities` (`country_code`, `name`, `longitude`, `latitude`, `feature_class`, `feature_code`, `subadmin1_code`, `subadmin2_code`, `population`, `time_zone`, `active`, `created_at`, `updated_at`) VALUES ('DZ','{\"en\":\"Adrar\"}',-0.29,27.87,'P','PPLA','DZ.34',NULL,43903,'Africa/Algiers',1,'2020-10-04 23:00:00','2020-10-04 23:00:00');
INSERT INTO `__PREFIX__cities` (`country_code`, `name`, `longitude`, `latitude`, `feature_class`, `feature_code`, `subadmin1_code`, `subadmin2_code`, `population`, `time_zone`, `active`, `created_at`, `updated_at`) VALUES ('DZ','{\"en\":\"Abou el Hassan\"}',1.20,36.42,'P','PPL','DZ.41',NULL,24022,'Africa/Algiers',1,'2012-10-16 23:00:00','2012-10-16 23:00:00');
INSERT INTO `__PREFIX__cities` (`country_code`, `name`, `longitude`, `latitude`, `feature_class`, `feature_code`, `subadmin1_code`, `subadmin2_code`, `population`, `time_zone`, `active`, `created_at`, `updated_at`) VALUES ('DZ','{\"en\":\"Abadla\"}',-2.72,31.02,'P','PPL','DZ.38',NULL,13544,'Africa/Algiers',1,'2020-06-29 23:00:00','2020-06-29 23:00:00');
INSERT INTO `__PREFIX__cities` (`country_code`, `name`, `longitude`, `latitude`, `feature_class`, `feature_code`, `subadmin1_code`, `subadmin2_code`, `population`, `time_zone`, `active`, `created_at`, `updated_at`) VALUES ('DZ','{\"en\":\"BABOR - VILLE\"}',5.54,36.49,'P','PPL','DZ.12',NULL,33000,'Africa/Algiers',1,'2019-03-12 23:00:00','2019-03-12 23:00:00');
INSERT INTO `__PREFIX__cities` (`country_code`, `name`, `longitude`, `latitude`, `feature_class`, `feature_code`, `subadmin1_code`, `subadmin2_code`, `population`, `time_zone`, `active`, `created_at`, `updated_at`) VALUES ('DZ','{\"en\":\"In Salah\"}',2.48,27.20,'P','PPL','DZ.IS',NULL,32518,'Africa/Algiers',1,'2021-04-19 23:00:00','2021-04-19 23:00:00');
INSERT INTO `__PREFIX__cities` (`country_code`, `name`, `longitude`, `latitude`, `feature_class`, `feature_code`, `subadmin1_code`, `subadmin2_code`, `population`, `time_zone`, `active`, `created_at`, `updated_at`) VALUES ('DZ','{\"en\":\"Sidi Senoussi سيدي سنوسي\"}',-1.09,35.00,'P','PPLL','DZ.15',NULL,7500,'Africa/Algiers',1,'2017-09-23 23:00:00','2017-09-23 23:00:00');
INSERT INTO `__PREFIX__cities` (`country_code`, `name`, `longitude`, `latitude`, `feature_class`, `feature_code`, `subadmin1_code`, `subadmin2_code`, `population`, `time_zone`, `active`, `created_at`, `updated_at`) VALUES ('DZ','{\"en\":\"District of Taher\"}',5.90,36.77,'P','PPLA2','DZ.24',NULL,147612,'Africa/Algiers',1,'2021-10-06 23:00:00','2021-10-06 23:00:00');
/*!40000 ALTER TABLE `__PREFIX__cities` ENABLE KEYS */;
/*!40103 SET TIME_ZONE=@OLD_TIME_ZONE */;

/*!40101 SET SQL_MODE=@OLD_SQL_MODE */;
/*!40014 SET FOREIGN_KEY_CHECKS=@OLD_FOREIGN_KEY_CHECKS */;
/*!40014 SET UNIQUE_CHECKS=@OLD_UNIQUE_CHECKS */;
/*!40101 SET CHARACTER_SET_CLIENT=@OLD_CHARACTER_SET_CLIENT */;
/*!40101 SET CHARACTER_SET_RESULTS=@OLD_CHARACTER_SET_RESULTS */;
/*!40101 SET COLLATION_CONNECTION=@OLD_COLLATION_CONNECTION */;
/*!40111 SET SQL_NOTES=@OLD_SQL_NOTES */;

-- Dump completed
