-- MySQL dump 10.13  Distrib 5.7.34, for osx10.12 (x86_64)
--
-- Host: 127.0.0.1    Database: laraclassifier
-- ------------------------------------------------------
-- Server version	5.7.34

/*!40101 SET @OLD_CHARACTER_SET_CLIENT=@@CHARACTER_SET_CLIENT */;
/*!40101 SET @OLD_CHARACTER_SET_RESULTS=@@CHARACTER_SET_RESULTS */;
/*!40101 SET @OLD_COLLATION_CONNECTION=@@COLLATION_CONNECTION */;
/*!40101 SET NAMES utf8 */;
/*!40103 SET @OLD_TIME_ZONE=@@TIME_ZONE */;
/*!40103 SET TIME_ZONE='+00:00' */;
/*!40014 SET @OLD_UNIQUE_CHECKS=@@UNIQUE_CHECKS, UNIQUE_CHECKS=0 */;
/*!40014 SET @OLD_FOREIGN_KEY_CHECKS=@@FOREIGN_KEY_CHECKS, FOREIGN_KEY_CHECKS=0 */;
/*!40101 SET @OLD_SQL_MODE=@@SQL_MODE, SQL_MODE='NO_AUTO_VALUE_ON_ZERO' */;
/*!40111 SET @OLD_SQL_NOTES=@@SQL_NOTES, SQL_NOTES=0 */;

--
-- Dumping data for table `__PREFIX__subadmin1`
--

/*!40000 ALTER TABLE `__PREFIX__subadmin1` DISABLE KEYS */;
INSERT INTO `__PREFIX__subadmin1` (`code`, `country_code`, `name`, `active`) VALUES ('EG.24','EG','{\"en\":\"Sohag\"}',1);
INSERT INTO `__PREFIX__subadmin1` (`code`, `country_code`, `name`, `active`) VALUES ('EG.27','EG','{\"en\":\"North Sinai\"}',1);
INSERT INTO `__PREFIX__subadmin1` (`code`, `country_code`, `name`, `active`) VALUES ('EG.23','EG','{\"en\":\"Qena\"}',1);
INSERT INTO `__PREFIX__subadmin1` (`code`, `country_code`, `name`, `active`) VALUES ('EG.22','EG','{\"en\":\"Matruh\"}',1);
INSERT INTO `__PREFIX__subadmin1` (`code`, `country_code`, `name`, `active`) VALUES ('EG.21','EG','{\"en\":\"Kafr el-Sheikh\"}',1);
INSERT INTO `__PREFIX__subadmin1` (`code`, `country_code`, `name`, `active`) VALUES ('EG.26','EG','{\"en\":\"South Sinai\"}',1);
INSERT INTO `__PREFIX__subadmin1` (`code`, `country_code`, `name`, `active`) VALUES ('EG.20','EG','{\"en\":\"Damietta\"}',1);
INSERT INTO `__PREFIX__subadmin1` (`code`, `country_code`, `name`, `active`) VALUES ('EG.19','EG','{\"en\":\"Port Said\"}',1);
INSERT INTO `__PREFIX__subadmin1` (`code`, `country_code`, `name`, `active`) VALUES ('EG.18','EG','{\"en\":\"Beni Suweif\"}',1);
INSERT INTO `__PREFIX__subadmin1` (`code`, `country_code`, `name`, `active`) VALUES ('EG.17','EG','{\"en\":\"Asyut\"}',1);
INSERT INTO `__PREFIX__subadmin1` (`code`, `country_code`, `name`, `active`) VALUES ('EG.16','EG','{\"en\":\"Aswan\"}',1);
INSERT INTO `__PREFIX__subadmin1` (`code`, `country_code`, `name`, `active`) VALUES ('EG.15','EG','{\"en\":\"Suez\"}',1);
INSERT INTO `__PREFIX__subadmin1` (`code`, `country_code`, `name`, `active`) VALUES ('EG.14','EG','{\"en\":\"Sharqia\"}',1);
INSERT INTO `__PREFIX__subadmin1` (`code`, `country_code`, `name`, `active`) VALUES ('EG.13','EG','{\"en\":\"New Valley\"}',1);
INSERT INTO `__PREFIX__subadmin1` (`code`, `country_code`, `name`, `active`) VALUES ('EG.12','EG','{\"en\":\"Qalyubia\"}',1);
INSERT INTO `__PREFIX__subadmin1` (`code`, `country_code`, `name`, `active`) VALUES ('EG.11','EG','{\"en\":\"Cairo\"}',1);
INSERT INTO `__PREFIX__subadmin1` (`code`, `country_code`, `name`, `active`) VALUES ('EG.10','EG','{\"en\":\"Minya\"}',1);
INSERT INTO `__PREFIX__subadmin1` (`code`, `country_code`, `name`, `active`) VALUES ('EG.09','EG','{\"en\":\"Monufia\"}',1);
INSERT INTO `__PREFIX__subadmin1` (`code`, `country_code`, `name`, `active`) VALUES ('EG.08','EG','{\"en\":\"Giza\"}',1);
INSERT INTO `__PREFIX__subadmin1` (`code`, `country_code`, `name`, `active`) VALUES ('EG.07','EG','{\"en\":\"Ismailia\"}',1);
INSERT INTO `__PREFIX__subadmin1` (`code`, `country_code`, `name`, `active`) VALUES ('EG.06','EG','{\"en\":\"Alexandria\"}',1);
INSERT INTO `__PREFIX__subadmin1` (`code`, `country_code`, `name`, `active`) VALUES ('EG.05','EG','{\"en\":\"Gharbia\"}',1);
INSERT INTO `__PREFIX__subadmin1` (`code`, `country_code`, `name`, `active`) VALUES ('EG.04','EG','{\"en\":\"Faiyum\"}',1);
INSERT INTO `__PREFIX__subadmin1` (`code`, `country_code`, `name`, `active`) VALUES ('EG.03','EG','{\"en\":\"Beheira\"}',1);
INSERT INTO `__PREFIX__subadmin1` (`code`, `country_code`, `name`, `active`) VALUES ('EG.02','EG','{\"en\":\"Red Sea\"}',1);
INSERT INTO `__PREFIX__subadmin1` (`code`, `country_code`, `name`, `active`) VALUES ('EG.01','EG','{\"en\":\"Dakahlia\"}',1);
INSERT INTO `__PREFIX__subadmin1` (`code`, `country_code`, `name`, `active`) VALUES ('EG.28','EG','{\"en\":\"Luxor\"}',1);
/*!40000 ALTER TABLE `__PREFIX__subadmin1` ENABLE KEYS */;

--
-- Dumping data for table `__PREFIX__subadmin2`
--

/*!40000 ALTER TABLE `__PREFIX__subadmin2` DISABLE KEYS */;
INSERT INTO `__PREFIX__subadmin2` (`code`, `country_code`, `subadmin1_code`, `name`, `active`) VALUES ('EG.09.345955','EG','EG.09','{\"en\":\"Markaz al Bājūr\"}',1);
INSERT INTO `__PREFIX__subadmin2` (`code`, `country_code`, `subadmin1_code`, `name`, `active`) VALUES ('EG.05.346029','EG','EG.05','{\"en\":\"Markaz Ziftá\"}',1);
INSERT INTO `__PREFIX__subadmin2` (`code`, `country_code`, `subadmin1_code`, `name`, `active`) VALUES ('EG.16.346518','EG','EG.16','{\"en\":\"Markaz ‘Unaybah\"}',1);
INSERT INTO `__PREFIX__subadmin2` (`code`, `country_code`, `subadmin1_code`, `name`, `active`) VALUES ('EG.05.347496','EG','EG.05','{\"en\":\"Markaz Ţanţā\"}',1);
INSERT INTO `__PREFIX__subadmin2` (`code`, `country_code`, `subadmin1_code`, `name`, `active`) VALUES ('EG.04.347541','EG','EG.04','{\"en\":\"Markaz Ţāmiyah\"}',1);
INSERT INTO `__PREFIX__subadmin2` (`code`, `country_code`, `subadmin1_code`, `name`, `active`) VALUES ('EG.18.347750','EG','EG.18','{\"en\":\"Markaz Sumusţā al Waqf\"}',1);
INSERT INTO `__PREFIX__subadmin2` (`code`, `country_code`, `subadmin1_code`, `name`, `active`) VALUES ('EG.24.347795','EG','EG.24','{\"en\":\"Markaz Sūhāj\"}',1);
INSERT INTO `__PREFIX__subadmin2` (`code`, `country_code`, `subadmin1_code`, `name`, `active`) VALUES ('EG.21.348095','EG','EG.21','{\"en\":\"Markaz Sīdī Sālim\"}',1);
INSERT INTO `__PREFIX__subadmin2` (`code`, `country_code`, `subadmin1_code`, `name`, `active`) VALUES ('EG.10.349716','EG','EG.10','{\"en\":\"Markaz Samālūţ\"}',1);
INSERT INTO `__PREFIX__subadmin2` (`code`, `country_code`, `subadmin1_code`, `name`, `active`) VALUES ('EG.03.350200','EG','EG.03','{\"en\":\"Markaz Rashīd\"}',1);
INSERT INTO `__PREFIX__subadmin2` (`code`, `country_code`, `subadmin1_code`, `name`, `active`) VALUES ('EG.09.350368','EG','EG.09','{\"en\":\"Markaz Quwaysinā\"}',1);
INSERT INTO `__PREFIX__subadmin2` (`code`, `country_code`, `subadmin1_code`, `name`, `active`) VALUES ('EG.05.350373','EG','EG.05','{\"en\":\"Markaz Quţūr\"}',1);
INSERT INTO `__PREFIX__subadmin2` (`code`, `country_code`, `subadmin1_code`, `name`, `active`) VALUES ('EG.23.350547','EG','EG.23','{\"en\":\"Markaz Qinā\"}',1);
INSERT INTO `__PREFIX__subadmin2` (`code`, `country_code`, `subadmin1_code`, `name`, `active`) VALUES ('EG.07.350768','EG','EG.07','{\"en\":\"Markaz al Qanţarah Gharb\"}',1);
INSERT INTO `__PREFIX__subadmin2` (`code`, `country_code`, `subadmin1_code`, `name`, `active`) VALUES ('EG.12.350787','EG','EG.12','{\"en\":\"Markaz Qalyūb\"}',1);
INSERT INTO `__PREFIX__subadmin2` (`code`, `country_code`, `subadmin1_code`, `name`, `active`) VALUES ('EG.21.350795','EG','EG.21','{\"en\":\"Markaz Qallīn\"}',1);
INSERT INTO `__PREFIX__subadmin2` (`code`, `country_code`, `subadmin1_code`, `name`, `active`) VALUES ('EG.23.351433','EG','EG.23','{\"en\":\"Markaz Naj‘ Ḩammādī\"}',1);
INSERT INTO `__PREFIX__subadmin2` (`code`, `country_code`, `subadmin1_code`, `name`, `active`) VALUES ('EG.01.352180','EG','EG.01','{\"en\":\"Markaz Mīt Ghamr\"}',1);
INSERT INTO `__PREFIX__subadmin2` (`code`, `country_code`, `subadmin1_code`, `name`, `active`) VALUES ('EG.14.352351','EG','EG.14','{\"en\":\"Markaz Minyā al Qamḩ\"}',1);
INSERT INTO `__PREFIX__subadmin2` (`code`, `country_code`, `subadmin1_code`, `name`, `active`) VALUES ('EG.22.352605','EG','EG.22','{\"en\":\"Markaz Maţrūḩ\"}',1);
INSERT INTO `__PREFIX__subadmin2` (`code`, `country_code`, `subadmin1_code`, `name`, `active`) VALUES ('EG.10.352626','EG','EG.10','{\"en\":\"Markaz Maţāy\"}',1);
INSERT INTO `__PREFIX__subadmin2` (`code`, `country_code`, `subadmin1_code`, `name`, `active`) VALUES ('EG.06.352720','EG','EG.06','{\"en\":\"Markaz Maryūţ\"}',1);
INSERT INTO `__PREFIX__subadmin2` (`code`, `country_code`, `subadmin1_code`, `name`, `active`) VALUES ('EG.10.352950','EG','EG.10','{\"en\":\"Markaz Mallawī\"}',1);
INSERT INTO `__PREFIX__subadmin2` (`code`, `country_code`, `subadmin1_code`, `name`, `active`) VALUES ('EG.21.354501','EG','EG.21','{\"en\":\"Markaz Kafr ash Shaykh\"}',1);
INSERT INTO `__PREFIX__subadmin2` (`code`, `country_code`, `subadmin1_code`, `name`, `active`) VALUES ('EG.03.354773','EG','EG.03','{\"en\":\"Markaz Kafr ad Dawwār\"}',1);
INSERT INTO `__PREFIX__subadmin2` (`code`, `country_code`, `subadmin1_code`, `name`, `active`) VALUES ('EG.24.355025','EG','EG.24','{\"en\":\"Markaz Jirjā\"}',1);
INSERT INTO `__PREFIX__subadmin2` (`code`, `country_code`, `subadmin1_code`, `name`, `active`) VALUES ('EG.03.355416','EG','EG.03','{\"en\":\"Markaz Ītāy al Bārūd\"}',1);
INSERT INTO `__PREFIX__subadmin2` (`code`, `country_code`, `subadmin1_code`, `name`, `active`) VALUES ('EG.04.355419','EG','EG.04','{\"en\":\"Markaz Iţsā\"}',1);
INSERT INTO `__PREFIX__subadmin2` (`code`, `country_code`, `subadmin1_code`, `name`, `active`) VALUES ('EG.23.355447','EG','EG.23','{\"en\":\"Markaz Isnā\"}',1);
INSERT INTO `__PREFIX__subadmin2` (`code`, `country_code`, `subadmin1_code`, `name`, `active`) VALUES ('EG.08.355547','EG','EG.08','{\"en\":\"Markaz Imbābah\"}',1);
INSERT INTO `__PREFIX__subadmin2` (`code`, `country_code`, `subadmin1_code`, `name`, `active`) VALUES ('EG.18.355594','EG','EG.18','{\"en\":\"Markaz Ihnāsiyā al Madīnah\"}',1);
INSERT INTO `__PREFIX__subadmin2` (`code`, `country_code`, `subadmin1_code`, `name`, `active`) VALUES ('EG.16.355633','EG','EG.16','{\"en\":\"Markaz Idfū\"}',1);
INSERT INTO `__PREFIX__subadmin2` (`code`, `country_code`, `subadmin1_code`, `name`, `active`) VALUES ('EG.04.355647','EG','EG.04','{\"en\":\"Markaz Ibshawāy\"}',1);
INSERT INTO `__PREFIX__subadmin2` (`code`, `country_code`, `subadmin1_code`, `name`, `active`) VALUES ('EG.14.355938','EG','EG.14','{\"en\":\"Markaz Hihyā\"}',1);
INSERT INTO `__PREFIX__subadmin2` (`code`, `country_code`, `subadmin1_code`, `name`, `active`) VALUES ('EG.03.355999','EG','EG.03','{\"en\":\"Markaz Ḩawsh ‘Īsá\"}',1);
INSERT INTO `__PREFIX__subadmin2` (`code`, `country_code`, `subadmin1_code`, `name`, `active`) VALUES ('EG.21.356805','EG','EG.21','{\"en\":\"Markaz Fuwwah\"}',1);
INSERT INTO `__PREFIX__subadmin2` (`code`, `country_code`, `subadmin1_code`, `name`, `active`) VALUES ('EG.20.356943','EG','EG.20','{\"en\":\"Markaz Fāriskūr\"}',1);
INSERT INTO `__PREFIX__subadmin2` (`code`, `country_code`, `subadmin1_code`, `name`, `active`) VALUES ('EG.14.358094','EG','EG.14','{\"en\":\"Markaz Diyarb Najm\"}',1);
INSERT INTO `__PREFIX__subadmin2` (`code`, `country_code`, `subadmin1_code`, `name`, `active`) VALUES ('EG.21.358107','EG','EG.21','{\"en\":\"Markaz Disūq\"}',1);
INSERT INTO `__PREFIX__subadmin2` (`code`, `country_code`, `subadmin1_code`, `name`, `active`) VALUES ('EG.23.358114','EG','EG.23','{\"en\":\"Markaz Dishnā\"}',1);
INSERT INTO `__PREFIX__subadmin2` (`code`, `country_code`, `subadmin1_code`, `name`, `active`) VALUES ('EG.01.358171','EG','EG.01','{\"en\":\"Markaz Dikirnis\"}',1);
INSERT INTO `__PREFIX__subadmin2` (`code`, `country_code`, `subadmin1_code`, `name`, `active`) VALUES ('EG.17.358267','EG','EG.17','{\"en\":\"Markaz Dayrūţ\"}',1);
INSERT INTO `__PREFIX__subadmin2` (`code`, `country_code`, `subadmin1_code`, `name`, `active`) VALUES ('EG.10.358273','EG','EG.10','{\"en\":\"Markaz Dayr Mawās\"}',1);
INSERT INTO `__PREFIX__subadmin2` (`code`, `country_code`, `subadmin1_code`, `name`, `active`) VALUES ('EG.03.358446','EG','EG.03','{\"en\":\"Markaz Damanhūr\"}',1);
INSERT INTO `__PREFIX__subadmin2` (`code`, `country_code`, `subadmin1_code`, `name`, `active`) VALUES ('EG.18.358599','EG','EG.18','{\"en\":\"Markaz Būsh\"}',1);
INSERT INTO `__PREFIX__subadmin2` (`code`, `country_code`, `subadmin1_code`, `name`, `active`) VALUES ('EG.21.358725','EG','EG.21','{\"en\":\"Markaz Biyalā\"}',1);
INSERT INTO `__PREFIX__subadmin2` (`code`, `country_code`, `subadmin1_code`, `name`, `active`) VALUES ('EG.01.358824','EG','EG.01','{\"en\":\"Markaz Bilqās\"}',1);
INSERT INTO `__PREFIX__subadmin2` (`code`, `country_code`, `subadmin1_code`, `name`, `active`) VALUES ('EG.14.358838','EG','EG.14','{\"en\":\"Markaz Bilbays\"}',1);
INSERT INTO `__PREFIX__subadmin2` (`code`, `country_code`, `subadmin1_code`, `name`, `active`) VALUES ('EG.18.358869','EG','EG.18','{\"en\":\"Markaz Bibā\"}',1);
INSERT INTO `__PREFIX__subadmin2` (`code`, `country_code`, `subadmin1_code`, `name`, `active`) VALUES ('EG.05.358969','EG','EG.05','{\"en\":\"Markaz Basyūn\"}',1);
INSERT INTO `__PREFIX__subadmin2` (`code`, `country_code`, `subadmin1_code`, `name`, `active`) VALUES ('EG.18.359172','EG','EG.18','{\"en\":\"Markaz Banī Suwayf\"}',1);
INSERT INTO `__PREFIX__subadmin2` (`code`, `country_code`, `subadmin1_code`, `name`, `active`) VALUES ('EG.10.359211','EG','EG.10','{\"en\":\"Markaz Banī Mazār\"}',1);
INSERT INTO `__PREFIX__subadmin2` (`code`, `country_code`, `subadmin1_code`, `name`, `active`) VALUES ('EG.12.359279','EG','EG.12','{\"en\":\"Markaz Banhā\"}',1);
INSERT INTO `__PREFIX__subadmin2` (`code`, `country_code`, `subadmin1_code`, `name`, `active`) VALUES ('EG.14.359494','EG','EG.14','{\"en\":\"Markaz az Zaqāzīq\"}',1);
INSERT INTO `__PREFIX__subadmin2` (`code`, `country_code`, `subadmin1_code`, `name`, `active`) VALUES ('EG.24.359588','EG','EG.24','{\"en\":\"Markaz Awlād Ţawq Sharq\"}',1);
INSERT INTO `__PREFIX__subadmin2` (`code`, `country_code`, `subadmin1_code`, `name`, `active`) VALUES ('EG.17.359782','EG','EG.17','{\"en\":\"Markaz Asyūţ\"}',1);
INSERT INTO `__PREFIX__subadmin2` (`code`, `country_code`, `subadmin1_code`, `name`, `active`) VALUES ('EG.16.359788','EG','EG.16','{\"en\":\"Markaz Aswān\"}',1);
INSERT INTO `__PREFIX__subadmin2` (`code`, `country_code`, `subadmin1_code`, `name`, `active`) VALUES ('EG.05.359850','EG','EG.05','{\"en\":\"Markaz as Sanţah\"}',1);
INSERT INTO `__PREFIX__subadmin2` (`code`, `country_code`, `subadmin1_code`, `name`, `active`) VALUES ('EG.11.359901','EG','EG.11','{\"en\":\"Markaz aş Şaff\"}',1);
INSERT INTO `__PREFIX__subadmin2` (`code`, `country_code`, `subadmin1_code`, `name`, `active`) VALUES ('EG.09.359954','EG','EG.09','{\"en\":\"Markaz ash Shuhadā’\"}',1);
INSERT INTO `__PREFIX__subadmin2` (`code`, `country_code`, `subadmin1_code`, `name`, `active`) VALUES ('EG.09.360047','EG','EG.09','{\"en\":\"Markaz Ashmūn\"}',1);
INSERT INTO `__PREFIX__subadmin2` (`code`, `country_code`, `subadmin1_code`, `name`, `active`) VALUES ('EG.23.360166','EG','EG.23','{\"en\":\"Markaz Armant\"}',1);
INSERT INTO `__PREFIX__subadmin2` (`code`, `country_code`, `subadmin1_code`, `name`, `active`) VALUES ('EG.18.360466','EG','EG.18','{\"en\":\"Markaz al Wāsiţá\"}',1);
INSERT INTO `__PREFIX__subadmin2` (`code`, `country_code`, `subadmin1_code`, `name`, `active`) VALUES ('EG.13.360478','EG','EG.13','{\"en\":\"Markaz al Wāḩāt al Khārijah\"}',1);
INSERT INTO `__PREFIX__subadmin2` (`code`, `country_code`, `subadmin1_code`, `name`, `active`) VALUES ('EG.08.360479','EG','EG.08','{\"en\":\"Markaz al Wāḩāt al Baḩrīyah\"}',1);
INSERT INTO `__PREFIX__subadmin2` (`code`, `country_code`, `subadmin1_code`, `name`, `active`) VALUES ('EG.13.360480','EG','EG.13','{\"en\":\"Markaz al Wāḩāt ad Dākhilah\"}',1);
INSERT INTO `__PREFIX__subadmin2` (`code`, `country_code`, `subadmin1_code`, `name`, `active`) VALUES ('EG.28.360503','EG','EG.28','{\"en\":\"Markaz al Uqşur\"}',1);
INSERT INTO `__PREFIX__subadmin2` (`code`, `country_code`, `subadmin1_code`, `name`, `active`) VALUES ('EG.17.360527','EG','EG.17','{\"en\":\"Markaz al Qūşīyah\"}',1);
INSERT INTO `__PREFIX__subadmin2` (`code`, `country_code`, `subadmin1_code`, `name`, `active`) VALUES ('EG.10.360687','EG','EG.10','{\"en\":\"Markaz al Minyā\"}',1);
INSERT INTO `__PREFIX__subadmin2` (`code`, `country_code`, `subadmin1_code`, `name`, `active`) VALUES ('EG.24.360699','EG','EG.24','{\"en\":\"Markaz al Munsha’ah\"}',1);
INSERT INTO `__PREFIX__subadmin2` (`code`, `country_code`, `subadmin1_code`, `name`, `active`) VALUES ('EG.24.360749','EG','EG.24','{\"en\":\"Markaz al Marāghah\"}',1);
INSERT INTO `__PREFIX__subadmin2` (`code`, `country_code`, `subadmin1_code`, `name`, `active`) VALUES ('EG.01.360756','EG','EG.01','{\"en\":\"Markaz al Manzilah\"}',1);
INSERT INTO `__PREFIX__subadmin2` (`code`, `country_code`, `subadmin1_code`, `name`, `active`) VALUES ('EG.01.360763','EG','EG.01','{\"en\":\"Markaz al Manşūrah\"}',1);
INSERT INTO `__PREFIX__subadmin2` (`code`, `country_code`, `subadmin1_code`, `name`, `active`) VALUES ('EG.03.360821','EG','EG.03','{\"en\":\"Markaz al Maḩmūdīyah\"}',1);
INSERT INTO `__PREFIX__subadmin2` (`code`, `country_code`, `subadmin1_code`, `name`, `active`) VALUES ('EG.05.360830','EG','EG.05','{\"en\":\"Markaz al Maḩallah al Kubrá\"}',1);
INSERT INTO `__PREFIX__subadmin2` (`code`, `country_code`, `subadmin1_code`, `name`, `active`) VALUES ('EG.11.360929','EG','EG.11','{\"en\":\"Markaz al Khānkah\"}',1);
INSERT INTO `__PREFIX__subadmin2` (`code`, `country_code`, `subadmin1_code`, `name`, `active`) VALUES ('EG.08.360996','EG','EG.08','{\"en\":\"Markaz al Jīzah\"}',1);
INSERT INTO `__PREFIX__subadmin2` (`code`, `country_code`, `subadmin1_code`, `name`, `active`) VALUES ('EG.10.361099','EG','EG.10','{\"en\":\"Markaz al ‘Idwah\"}',1);
INSERT INTO `__PREFIX__subadmin2` (`code`, `country_code`, `subadmin1_code`, `name`, `active`) VALUES ('EG.14.361127','EG','EG.14','{\"en\":\"Markaz al Ḩusaynīyah\"}',1);
INSERT INTO `__PREFIX__subadmin2` (`code`, `country_code`, `subadmin1_code`, `name`, `active`) VALUES ('EG.04.361322','EG','EG.04','{\"en\":\"Markaz al Fayyūm\"}',1);
INSERT INTO `__PREFIX__subadmin2` (`code`, `country_code`, `subadmin1_code`, `name`, `active`) VALUES ('EG.18.361330','EG','EG.18','{\"en\":\"Markaz al Fashn\"}',1);
INSERT INTO `__PREFIX__subadmin2` (`code`, `country_code`, `subadmin1_code`, `name`, `active`) VALUES ('EG.21.361358','EG','EG.21','{\"en\":\"Markaz al Burullus\"}',1);
INSERT INTO `__PREFIX__subadmin2` (`code`, `country_code`, `subadmin1_code`, `name`, `active`) VALUES ('EG.24.361436','EG','EG.24','{\"en\":\"Markaz al Balyanā\"}',1);
INSERT INTO `__PREFIX__subadmin2` (`code`, `country_code`, `subadmin1_code`, `name`, `active`) VALUES ('EG.08.361474','EG','EG.08','{\"en\":\"Markaz al Badrashayn\"}',1);
INSERT INTO `__PREFIX__subadmin2` (`code`, `country_code`, `subadmin1_code`, `name`, `active`) VALUES ('EG.17.361479','EG','EG.17','{\"en\":\"Markaz al Badārī\"}',1);
INSERT INTO `__PREFIX__subadmin2` (`code`, `country_code`, `subadmin1_code`, `name`, `active`) VALUES ('EG.08.361497','EG','EG.08','{\"en\":\"Markaz al ‘Ayyāţ\"}',1);
INSERT INTO `__PREFIX__subadmin2` (`code`, `country_code`, `subadmin1_code`, `name`, `active`) VALUES ('EG.24.361660','EG','EG.24','{\"en\":\"Markaz Akhmīm\"}',1);
INSERT INTO `__PREFIX__subadmin2` (`code`, `country_code`, `subadmin1_code`, `name`, `active`) VALUES ('EG.01.361701','EG','EG.01','{\"en\":\"Markaz Ajā\"}',1);
INSERT INTO `__PREFIX__subadmin2` (`code`, `country_code`, `subadmin1_code`, `name`, `active`) VALUES ('EG.03.361828','EG','EG.03','{\"en\":\"Markaz ad Dilinjāt\"}',1);
INSERT INTO `__PREFIX__subadmin2` (`code`, `country_code`, `subadmin1_code`, `name`, `active`) VALUES ('EG.23.361994','EG','EG.23','{\"en\":\"Markaz Abū Tisht\"}',1);
INSERT INTO `__PREFIX__subadmin2` (`code`, `country_code`, `subadmin1_code`, `name`, `active`) VALUES ('EG.17.362003','EG','EG.17','{\"en\":\"Markaz Abū Tīj\"}',1);
INSERT INTO `__PREFIX__subadmin2` (`code`, `country_code`, `subadmin1_code`, `name`, `active`) VALUES ('EG.10.362276','EG','EG.10','{\"en\":\"Markaz Qurqāş\"}',1);
INSERT INTO `__PREFIX__subadmin2` (`code`, `country_code`, `subadmin1_code`, `name`, `active`) VALUES ('EG.14.362484','EG','EG.14','{\"en\":\"Markaz Abū Kabīr\"}',1);
INSERT INTO `__PREFIX__subadmin2` (`code`, `country_code`, `subadmin1_code`, `name`, `active`) VALUES ('EG.03.362550','EG','EG.03','{\"en\":\"Markaz Abū Ḩummuş\"}',1);
INSERT INTO `__PREFIX__subadmin2` (`code`, `country_code`, `subadmin1_code`, `name`, `active`) VALUES ('EG.14.362612','EG','EG.14','{\"en\":\"Markaz Abū Ḩammād\"}',1);
INSERT INTO `__PREFIX__subadmin2` (`code`, `country_code`, `subadmin1_code`, `name`, `active`) VALUES ('EG.03.362880','EG','EG.03','{\"en\":\"Markaz Abū al Maţāmīr\"}',1);
INSERT INTO `__PREFIX__subadmin2` (`code`, `country_code`, `subadmin1_code`, `name`, `active`) VALUES ('EG.12.7732632','EG','EG.12','{\"en\":\"Mostorod\"}',1);
INSERT INTO `__PREFIX__subadmin2` (`code`, `country_code`, `subadmin1_code`, `name`, `active`) VALUES ('EG.21.7772238','EG','EG.21','{\"en\":\"Markaz al Ḩāmūl\"}',1);
INSERT INTO `__PREFIX__subadmin2` (`code`, `country_code`, `subadmin1_code`, `name`, `active`) VALUES ('EG.14.7910679','EG','EG.14','{\"en\":\"Bahr El Bakar\"}',1);
INSERT INTO `__PREFIX__subadmin2` (`code`, `country_code`, `subadmin1_code`, `name`, `active`) VALUES ('EG.01.7910872','EG','EG.01','{\"en\":\"Bahr El Bakr\"}',1);
INSERT INTO `__PREFIX__subadmin2` (`code`, `country_code`, `subadmin1_code`, `name`, `active`) VALUES ('EG.11.7910874','EG','EG.11','{\"en\":\"Mostafa El Serwy\"}',1);
INSERT INTO `__PREFIX__subadmin2` (`code`, `country_code`, `subadmin1_code`, `name`, `active`) VALUES ('EG.01.7910974','EG','EG.01','{\"en\":\"Mit Yazid\"}',1);
INSERT INTO `__PREFIX__subadmin2` (`code`, `country_code`, `subadmin1_code`, `name`, `active`) VALUES ('EG.21.7911002','EG','EG.21','{\"en\":\"Kafr El Sheikh\"}',1);
INSERT INTO `__PREFIX__subadmin2` (`code`, `country_code`, `subadmin1_code`, `name`, `active`) VALUES ('EG.12.8061368','EG','EG.12','{\"en\":\"Markaz Kafr Shukr\"}',1);
INSERT INTO `__PREFIX__subadmin2` (`code`, `country_code`, `subadmin1_code`, `name`, `active`) VALUES ('EG.08.8146219','EG','EG.08','{\"en\":\"Markaz Awsīm\"}',1);
INSERT INTO `__PREFIX__subadmin2` (`code`, `country_code`, `subadmin1_code`, `name`, `active`) VALUES ('EG.01.8559274','EG','EG.01','{\"en\":\"Markaz Minyat An Naşr\"}',1);
INSERT INTO `__PREFIX__subadmin2` (`code`, `country_code`, `subadmin1_code`, `name`, `active`) VALUES ('EG.20.8559275','EG','EG.20','{\"en\":\"Markaz az Zarqā\"}',1);
INSERT INTO `__PREFIX__subadmin2` (`code`, `country_code`, `subadmin1_code`, `name`, `active`) VALUES ('EG.05.8561528','EG','EG.05','{\"en\":\"Markaz Sammanūd\"}',1);
INSERT INTO `__PREFIX__subadmin2` (`code`, `country_code`, `subadmin1_code`, `name`, `active`) VALUES ('EG.20.8594167','EG','EG.20','{\"en\":\"Markaz Kafr Sa‘d\"}',1);
INSERT INTO `__PREFIX__subadmin2` (`code`, `country_code`, `subadmin1_code`, `name`, `active`) VALUES ('EG.27.8601177','EG','EG.27','{\"en\":\"Markaz al ‘Arīsh\"}',1);
INSERT INTO `__PREFIX__subadmin2` (`code`, `country_code`, `subadmin1_code`, `name`, `active`) VALUES ('EG.27.8601178','EG','EG.27','{\"en\":\"Markaz ash Shaykh Zuwayd\"}',1);
INSERT INTO `__PREFIX__subadmin2` (`code`, `country_code`, `subadmin1_code`, `name`, `active`) VALUES ('EG.27.8601179','EG','EG.27','{\"en\":\"Markaz Rafaḩ\"}',1);
INSERT INTO `__PREFIX__subadmin2` (`code`, `country_code`, `subadmin1_code`, `name`, `active`) VALUES ('EG.27.8601180','EG','EG.27','{\"en\":\"Markaz Bi’r al ‘Abd\"}',1);
INSERT INTO `__PREFIX__subadmin2` (`code`, `country_code`, `subadmin1_code`, `name`, `active`) VALUES ('EG.08.9179486','EG','EG.08','{\"en\":\"Walikale\"}',1);
INSERT INTO `__PREFIX__subadmin2` (`code`, `country_code`, `subadmin1_code`, `name`, `active`) VALUES ('EG.26.10371116','EG','EG.26','{\"en\":\"Markaz Aţfīḩ\"}',1);
INSERT INTO `__PREFIX__subadmin2` (`code`, `country_code`, `subadmin1_code`, `name`, `active`) VALUES ('EG.09.10371118','EG','EG.09','{\"en\":\"Markaz Birkat as Sab‘\"}',1);
INSERT INTO `__PREFIX__subadmin2` (`code`, `country_code`, `subadmin1_code`, `name`, `active`) VALUES ('EG.24.10371119','EG','EG.24','{\"en\":\"Markaz Juhaynah al Gharbīyah\"}',1);
INSERT INTO `__PREFIX__subadmin2` (`code`, `country_code`, `subadmin1_code`, `name`, `active`) VALUES ('EG.24.10371120','EG','EG.24','{\"en\":\"Markaz Dār as Salām\"}',1);
INSERT INTO `__PREFIX__subadmin2` (`code`, `country_code`, `subadmin1_code`, `name`, `active`) VALUES ('EG.21.10371122','EG','EG.21','{\"en\":\"Markaz ar Riyāḑ\"}',1);
INSERT INTO `__PREFIX__subadmin2` (`code`, `country_code`, `subadmin1_code`, `name`, `active`) VALUES ('EG.21.10371123','EG','EG.21','{\"en\":\"Markaz Muţūbas\"}',1);
INSERT INTO `__PREFIX__subadmin2` (`code`, `country_code`, `subadmin1_code`, `name`, `active`) VALUES ('EG.17.10371124','EG','EG.17','{\"en\":\"Markaz al Fatḩ\"}',1);
INSERT INTO `__PREFIX__subadmin2` (`code`, `country_code`, `subadmin1_code`, `name`, `active`) VALUES ('EG.17.10371125','EG','EG.17','{\"en\":\"Markaz al Ghanāyim\"}',1);
INSERT INTO `__PREFIX__subadmin2` (`code`, `country_code`, `subadmin1_code`, `name`, `active`) VALUES ('EG.17.10371126','EG','EG.17','{\"en\":\"Markaz as Sāḩil\"}',1);
INSERT INTO `__PREFIX__subadmin2` (`code`, `country_code`, `subadmin1_code`, `name`, `active`) VALUES ('EG.18.10371146','EG','EG.18','{\"en\":\"Markaz Nāşir\"}',1);
INSERT INTO `__PREFIX__subadmin2` (`code`, `country_code`, `subadmin1_code`, `name`, `active`) VALUES ('EG.14.10371147','EG','EG.14','{\"en\":\"Markaz at Tall al Kabīr\"}',1);
INSERT INTO `__PREFIX__subadmin2` (`code`, `country_code`, `subadmin1_code`, `name`, `active`) VALUES ('EG.07.10371148','EG','EG.07','{\"en\":\"Markaz al Ismā‘īlīyah\"}',1);
INSERT INTO `__PREFIX__subadmin2` (`code`, `country_code`, `subadmin1_code`, `name`, `active`) VALUES ('EG.07.10371149','EG','EG.07','{\"en\":\"Markaz al Qanţarah Sharq\"}',1);
INSERT INTO `__PREFIX__subadmin2` (`code`, `country_code`, `subadmin1_code`, `name`, `active`) VALUES ('EG.07.10371150','EG','EG.07','{\"en\":\"Markaz Fāyid\"}',1);
INSERT INTO `__PREFIX__subadmin2` (`code`, `country_code`, `subadmin1_code`, `name`, `active`) VALUES ('EG.03.10430542','EG','EG.03','{\"en\":\"Markaz Idkū\"}',1);
INSERT INTO `__PREFIX__subadmin2` (`code`, `country_code`, `subadmin1_code`, `name`, `active`) VALUES ('EG.03.10645705','EG','EG.03','{\"en\":\"Markaz ar Raḩmānīyah\"}',1);
INSERT INTO `__PREFIX__subadmin2` (`code`, `country_code`, `subadmin1_code`, `name`, `active`) VALUES ('EG.11.11204016','EG','EG.11','{\"en\":\"Al Marj\"}',1);
INSERT INTO `__PREFIX__subadmin2` (`code`, `country_code`, `subadmin1_code`, `name`, `active`) VALUES ('EG.06.11205726','EG','EG.06','{\"en\":\"Al Muntazah\"}',1);
INSERT INTO `__PREFIX__subadmin2` (`code`, `country_code`, `subadmin1_code`, `name`, `active`) VALUES ('EG.13.12060332','EG','EG.13','{\"en\":\"Shurtah al-Farafirah\"}',1);
INSERT INTO `__PREFIX__subadmin2` (`code`, `country_code`, `subadmin1_code`, `name`, `active`) VALUES ('EG.13.12060333','EG','EG.13','{\"en\":\"Baris Shurtah\"}',1);
/*!40000 ALTER TABLE `__PREFIX__subadmin2` ENABLE KEYS */;

--
-- Dumping data for table `__PREFIX__cities`
--

/*!40000 ALTER TABLE `__PREFIX__cities` DISABLE KEYS */;
INSERT INTO `__PREFIX__cities` (`country_code`, `name`, `longitude`, `latitude`, `feature_class`, `feature_code`, `subadmin1_code`, `subadmin2_code`, `population`, `time_zone`, `active`, `created_at`, `updated_at`) VALUES ('EG','{\"en\":\"Zefta\"}',31.24,30.71,'P','PPL','EG.05',NULL,92667,'Africa/Cairo',1,'2018-03-25 23:00:00','2018-03-25 23:00:00');
INSERT INTO `__PREFIX__cities` (`country_code`, `name`, `longitude`, `latitude`, `feature_class`, `feature_code`, `subadmin1_code`, `subadmin2_code`, `population`, `time_zone`, `active`, `created_at`, `updated_at`) VALUES ('EG','{\"en\":\"Ţūkh\"}',31.20,30.35,'P','PPL','EG.12',NULL,67599,'Africa/Cairo',1,'2020-07-08 23:00:00','2020-07-08 23:00:00');
INSERT INTO `__PREFIX__cities` (`country_code`, `name`, `longitude`, `latitude`, `feature_class`, `feature_code`, `subadmin1_code`, `subadmin2_code`, `population`, `time_zone`, `active`, `created_at`, `updated_at`) VALUES ('EG','{\"en\":\"Ţanţā\"}',31.00,30.79,'P','PPLA','EG.05',NULL,404901,'Africa/Cairo',1,'2020-07-08 23:00:00','2020-07-08 23:00:00');
INSERT INTO `__PREFIX__cities` (`country_code`, `name`, `longitude`, `latitude`, `feature_class`, `feature_code`, `subadmin1_code`, `subadmin2_code`, `population`, `time_zone`, `active`, `created_at`, `updated_at`) VALUES ('EG','{\"en\":\"Ţāmiyah\"}',30.96,29.48,'P','PPL','EG.04',NULL,46866,'Africa/Cairo',1,'2020-06-10 23:00:00','2020-06-10 23:00:00');
INSERT INTO `__PREFIX__cities` (`country_code`, `name`, `longitude`, `latitude`, `feature_class`, `feature_code`, `subadmin1_code`, `subadmin2_code`, `population`, `time_zone`, `active`, `created_at`, `updated_at`) VALUES ('EG','{\"en\":\"Ţalkhā\"}',31.38,31.05,'P','PPL','EG.01',NULL,157737,'Africa/Cairo',1,'2020-06-10 23:00:00','2020-06-10 23:00:00');
INSERT INTO `__PREFIX__cities` (`country_code`, `name`, `longitude`, `latitude`, `feature_class`, `feature_code`, `subadmin1_code`, `subadmin2_code`, `population`, `time_zone`, `active`, `created_at`, `updated_at`) VALUES ('EG','{\"en\":\"Talā\"}',30.94,30.68,'P','PPL','EG.09',NULL,51498,'Africa/Cairo',1,'2020-06-10 23:00:00','2020-06-10 23:00:00');
INSERT INTO `__PREFIX__cities` (`country_code`, `name`, `longitude`, `latitude`, `feature_class`, `feature_code`, `subadmin1_code`, `subadmin2_code`, `population`, `time_zone`, `active`, `created_at`, `updated_at`) VALUES ('EG','{\"en\":\"Ţahţā\"}',31.50,26.77,'P','PPL','EG.24',NULL,90591,'Africa/Cairo',1,'2019-10-09 23:00:00','2019-10-09 23:00:00');
INSERT INTO `__PREFIX__cities` (`country_code`, `name`, `longitude`, `latitude`, `feature_class`, `feature_code`, `subadmin1_code`, `subadmin2_code`, `population`, `time_zone`, `active`, `created_at`, `updated_at`) VALUES ('EG','{\"en\":\"Sumusţā as Sulţānī\"}',30.85,28.92,'P','PPL','EG.18',NULL,37260,'Africa/Cairo',1,'2012-01-18 23:00:00','2012-01-18 23:00:00');
INSERT INTO `__PREFIX__cities` (`country_code`, `name`, `longitude`, `latitude`, `feature_class`, `feature_code`, `subadmin1_code`, `subadmin2_code`, `population`, `time_zone`, `active`, `created_at`, `updated_at`) VALUES ('EG','{\"en\":\"Sohag\"}',31.69,26.56,'P','PPLA','EG.24',NULL,209419,'Africa/Cairo',1,'2016-01-27 23:00:00','2016-01-27 23:00:00');
INSERT INTO `__PREFIX__cities` (`country_code`, `name`, `longitude`, `latitude`, `feature_class`, `feature_code`, `subadmin1_code`, `subadmin2_code`, `population`, `time_zone`, `active`, `created_at`, `updated_at`) VALUES ('EG','{\"en\":\"Siwa Oasis\"}',25.52,29.20,'P','PPL','EG.22',NULL,7000,'Africa/Cairo',1,'2014-08-18 23:00:00','2014-08-18 23:00:00');
INSERT INTO `__PREFIX__cities` (`country_code`, `name`, `longitude`, `latitude`, `feature_class`, `feature_code`, `subadmin1_code`, `subadmin2_code`, `population`, `time_zone`, `active`, `created_at`, `updated_at`) VALUES ('EG','{\"en\":\"Sīdī Sālim\"}',30.79,31.27,'P','PPL','EG.21',NULL,47998,'Africa/Cairo',1,'2018-03-14 23:00:00','2018-03-14 23:00:00');
INSERT INTO `__PREFIX__cities` (`country_code`, `name`, `longitude`, `latitude`, `feature_class`, `feature_code`, `subadmin1_code`, `subadmin2_code`, `population`, `time_zone`, `active`, `created_at`, `updated_at`) VALUES ('EG','{\"en\":\"Sīdī Barānī\"}',25.93,31.61,'P','PPL','EG.22',NULL,24271,'Africa/Cairo',1,'2021-12-02 23:00:00','2021-12-02 23:00:00');
INSERT INTO `__PREFIX__cities` (`country_code`, `name`, `longitude`, `latitude`, `feature_class`, `feature_code`, `subadmin1_code`, `subadmin2_code`, `population`, `time_zone`, `active`, `created_at`, `updated_at`) VALUES ('EG','{\"en\":\"Shirbīn\"}',31.52,31.20,'P','PPL','EG.01',NULL,54676,'Africa/Cairo',1,'2020-06-10 23:00:00','2020-06-10 23:00:00');
INSERT INTO `__PREFIX__cities` (`country_code`, `name`, `longitude`, `latitude`, `feature_class`, `feature_code`, `subadmin1_code`, `subadmin2_code`, `population`, `time_zone`, `active`, `created_at`, `updated_at`) VALUES ('EG','{\"en\":\"Shibīn al Qanāṭir\"}',31.32,30.31,'P','PPL','EG.12',NULL,56872,'Africa/Cairo',1,'2018-03-14 23:00:00','2018-03-14 23:00:00');
INSERT INTO `__PREFIX__cities` (`country_code`, `name`, `longitude`, `latitude`, `feature_class`, `feature_code`, `subadmin1_code`, `subadmin2_code`, `population`, `time_zone`, `active`, `created_at`, `updated_at`) VALUES ('EG','{\"en\":\"Shibīn al Kawm\"}',31.01,30.55,'P','PPLA','EG.09',NULL,186345,'Africa/Cairo',1,'2020-06-10 23:00:00','2020-06-10 23:00:00');
INSERT INTO `__PREFIX__cities` (`country_code`, `name`, `longitude`, `latitude`, `feature_class`, `feature_code`, `subadmin1_code`, `subadmin2_code`, `population`, `time_zone`, `active`, `created_at`, `updated_at`) VALUES ('EG','{\"en\":\"Sharm el-Sheikh\"}',34.33,27.92,'P','PPL','EG.26',NULL,12000,'Africa/Cairo',1,'2014-01-10 23:00:00','2014-01-10 23:00:00');
INSERT INTO `__PREFIX__cities` (`country_code`, `name`, `longitude`, `latitude`, `feature_class`, `feature_code`, `subadmin1_code`, `subadmin2_code`, `population`, `time_zone`, `active`, `created_at`, `updated_at`) VALUES ('EG','{\"en\":\"Samannūd\"}',31.24,30.96,'P','PPL','EG.05',NULL,54980,'Africa/Cairo',1,'2021-11-06 23:00:00','2021-11-06 23:00:00');
INSERT INTO `__PREFIX__cities` (`country_code`, `name`, `longitude`, `latitude`, `feature_class`, `feature_code`, `subadmin1_code`, `subadmin2_code`, `population`, `time_zone`, `active`, `created_at`, `updated_at`) VALUES ('EG','{\"en\":\"Samālūţ\"}',30.71,28.31,'P','PPL','EG.10',NULL,90465,'Africa/Cairo',1,'2020-03-08 23:00:00','2020-03-08 23:00:00');
INSERT INTO `__PREFIX__cities` (`country_code`, `name`, `longitude`, `latitude`, `feature_class`, `feature_code`, `subadmin1_code`, `subadmin2_code`, `population`, `time_zone`, `active`, `created_at`, `updated_at`) VALUES ('EG','{\"en\":\"Rosetta\"}',30.42,31.40,'P','PPL','EG.03',NULL,64481,'Africa/Cairo',1,'2019-03-31 23:00:00','2019-03-31 23:00:00');
INSERT INTO `__PREFIX__cities` (`country_code`, `name`, `longitude`, `latitude`, `feature_class`, `feature_code`, `subadmin1_code`, `subadmin2_code`, `population`, `time_zone`, `active`, `created_at`, `updated_at`) VALUES ('EG','{\"en\":\"Ras Gharib\"}',33.08,28.36,'P','PPL','EG.02',NULL,32000,'Africa/Cairo',1,'2015-08-05 23:00:00','2015-08-05 23:00:00');
INSERT INTO `__PREFIX__cities` (`country_code`, `name`, `longitude`, `latitude`, `feature_class`, `feature_code`, `subadmin1_code`, `subadmin2_code`, `population`, `time_zone`, `active`, `created_at`, `updated_at`) VALUES ('EG','{\"en\":\"Quwaysinā\"}',31.16,30.56,'P','PPL','EG.09',NULL,42708,'Africa/Cairo',1,'2020-06-10 23:00:00','2020-06-10 23:00:00');
INSERT INTO `__PREFIX__cities` (`country_code`, `name`, `longitude`, `latitude`, `feature_class`, `feature_code`, `subadmin1_code`, `subadmin2_code`, `population`, `time_zone`, `active`, `created_at`, `updated_at`) VALUES ('EG','{\"en\":\"Quţūr\"}',30.96,30.97,'P','PPL','EG.05',NULL,23842,'Africa/Cairo',1,'2020-06-10 23:00:00','2020-06-10 23:00:00');
INSERT INTO `__PREFIX__cities` (`country_code`, `name`, `longitude`, `latitude`, `feature_class`, `feature_code`, `subadmin1_code`, `subadmin2_code`, `population`, `time_zone`, `active`, `created_at`, `updated_at`) VALUES ('EG','{\"en\":\"Qūş\"}',32.76,25.92,'P','PPL','EG.23',NULL,60181,'Africa/Cairo',1,'2020-07-08 23:00:00','2020-07-08 23:00:00');
INSERT INTO `__PREFIX__cities` (`country_code`, `name`, `longitude`, `latitude`, `feature_class`, `feature_code`, `subadmin1_code`, `subadmin2_code`, `population`, `time_zone`, `active`, `created_at`, `updated_at`) VALUES ('EG','{\"en\":\"Qinā\"}',32.73,26.16,'P','PPLA','EG.23',NULL,235362,'Africa/Cairo',1,'2020-06-10 23:00:00','2020-06-10 23:00:00');
INSERT INTO `__PREFIX__cities` (`country_code`, `name`, `longitude`, `latitude`, `feature_class`, `feature_code`, `subadmin1_code`, `subadmin2_code`, `population`, `time_zone`, `active`, `created_at`, `updated_at`) VALUES ('EG','{\"en\":\"Qalyūb\"}',31.21,30.18,'P','PPL','EG.12',NULL,100495,'Africa/Cairo',1,'2020-06-10 23:00:00','2020-06-10 23:00:00');
INSERT INTO `__PREFIX__cities` (`country_code`, `name`, `longitude`, `latitude`, `feature_class`, `feature_code`, `subadmin1_code`, `subadmin2_code`, `population`, `time_zone`, `active`, `created_at`, `updated_at`) VALUES ('EG','{\"en\":\"Naja\' Ḥammādī\"}',32.24,26.05,'P','PPL','EG.23',NULL,41184,'Africa/Cairo',1,'2017-07-09 23:00:00','2017-07-09 23:00:00');
INSERT INTO `__PREFIX__cities` (`country_code`, `name`, `longitude`, `latitude`, `feature_class`, `feature_code`, `subadmin1_code`, `subadmin2_code`, `population`, `time_zone`, `active`, `created_at`, `updated_at`) VALUES ('EG','{\"en\":\"Minyat an Naşr\"}',31.64,31.13,'P','PPL','EG.01',NULL,56951,'Africa/Cairo',1,'2013-07-05 23:00:00','2013-07-05 23:00:00');
INSERT INTO `__PREFIX__cities` (`country_code`, `name`, `longitude`, `latitude`, `feature_class`, `feature_code`, `subadmin1_code`, `subadmin2_code`, `population`, `time_zone`, `active`, `created_at`, `updated_at`) VALUES ('EG','{\"en\":\"Munūf\"}',30.93,30.47,'P','PPL','EG.09',NULL,83651,'Africa/Cairo',1,'2020-06-10 23:00:00','2020-06-10 23:00:00');
INSERT INTO `__PREFIX__cities` (`country_code`, `name`, `longitude`, `latitude`, `feature_class`, `feature_code`, `subadmin1_code`, `subadmin2_code`, `population`, `time_zone`, `active`, `created_at`, `updated_at`) VALUES ('EG','{\"en\":\"Maţāy\"}',30.78,28.42,'P','PPL','EG.10',NULL,45215,'Africa/Cairo',1,'2020-06-10 23:00:00','2020-06-10 23:00:00');
INSERT INTO `__PREFIX__cities` (`country_code`, `name`, `longitude`, `latitude`, `feature_class`, `feature_code`, `subadmin1_code`, `subadmin2_code`, `population`, `time_zone`, `active`, `created_at`, `updated_at`) VALUES ('EG','{\"en\":\"Mashtūl as Sūq\"}',31.38,30.36,'P','PPL','EG.14',NULL,45798,'Africa/Cairo',1,'2012-01-18 23:00:00','2012-01-18 23:00:00');
INSERT INTO `__PREFIX__cities` (`country_code`, `name`, `longitude`, `latitude`, `feature_class`, `feature_code`, `subadmin1_code`, `subadmin2_code`, `population`, `time_zone`, `active`, `created_at`, `updated_at`) VALUES ('EG','{\"en\":\"Mersa Matruh\"}',27.24,31.35,'P','PPLA','EG.22',NULL,62042,'Africa/Cairo',1,'2014-05-27 23:00:00','2014-05-27 23:00:00');
INSERT INTO `__PREFIX__cities` (`country_code`, `name`, `longitude`, `latitude`, `feature_class`, `feature_code`, `subadmin1_code`, `subadmin2_code`, `population`, `time_zone`, `active`, `created_at`, `updated_at`) VALUES ('EG','{\"en\":\"Marsa Alam\"}',34.89,25.06,'P','PPL','EG.02',NULL,10000,'Africa/Cairo',1,'2014-07-15 23:00:00','2014-07-15 23:00:00');
INSERT INTO `__PREFIX__cities` (`country_code`, `name`, `longitude`, `latitude`, `feature_class`, `feature_code`, `subadmin1_code`, `subadmin2_code`, `population`, `time_zone`, `active`, `created_at`, `updated_at`) VALUES ('EG','{\"en\":\"Manfalūţ\"}',30.97,27.31,'P','PPL','EG.17',NULL,78744,'Africa/Cairo',1,'2020-06-10 23:00:00','2020-06-10 23:00:00');
INSERT INTO `__PREFIX__cities` (`country_code`, `name`, `longitude`, `latitude`, `feature_class`, `feature_code`, `subadmin1_code`, `subadmin2_code`, `population`, `time_zone`, `active`, `created_at`, `updated_at`) VALUES ('EG','{\"en\":\"Mallawī\"}',30.84,27.73,'P','PPL','EG.10',NULL,142504,'Africa/Cairo',1,'2020-06-10 23:00:00','2020-06-10 23:00:00');
INSERT INTO `__PREFIX__cities` (`country_code`, `name`, `longitude`, `latitude`, `feature_class`, `feature_code`, `subadmin1_code`, `subadmin2_code`, `population`, `time_zone`, `active`, `created_at`, `updated_at`) VALUES ('EG','{\"en\":\"Madīnat Sittah Uktūbar\"}',31.05,29.82,'P','PPL','EG.08',NULL,41930,'Africa/Cairo',1,'2019-12-18 23:00:00','2019-12-18 23:00:00');
INSERT INTO `__PREFIX__cities` (`country_code`, `name`, `longitude`, `latitude`, `feature_class`, `feature_code`, `subadmin1_code`, `subadmin2_code`, `population`, `time_zone`, `active`, `created_at`, `updated_at`) VALUES ('EG','{\"en\":\"Kawm Umbū\"}',32.95,24.48,'P','PPL','EG.16',NULL,59787,'Africa/Cairo',1,'2020-06-10 23:00:00','2020-06-10 23:00:00');
INSERT INTO `__PREFIX__cities` (`country_code`, `name`, `longitude`, `latitude`, `feature_class`, `feature_code`, `subadmin1_code`, `subadmin2_code`, `population`, `time_zone`, `active`, `created_at`, `updated_at`) VALUES ('EG','{\"en\":\"Kawm Ḩamādah\"}',30.70,30.76,'P','PPL','EG.03',NULL,36751,'Africa/Cairo',1,'2019-01-09 23:00:00','2019-01-09 23:00:00');
INSERT INTO `__PREFIX__cities` (`country_code`, `name`, `longitude`, `latitude`, `feature_class`, `feature_code`, `subadmin1_code`, `subadmin2_code`, `population`, `time_zone`, `active`, `created_at`, `updated_at`) VALUES ('EG','{\"en\":\"Kafr Şaqr\"}',31.63,30.79,'P','PPL','EG.14',NULL,34967,'Africa/Cairo',1,'2012-01-18 23:00:00','2012-01-18 23:00:00');
INSERT INTO `__PREFIX__cities` (`country_code`, `name`, `longitude`, `latitude`, `feature_class`, `feature_code`, `subadmin1_code`, `subadmin2_code`, `population`, `time_zone`, `active`, `created_at`, `updated_at`) VALUES ('EG','{\"en\":\"Kafr az Zayyāt\"}',30.82,30.82,'P','PPL','EG.05',NULL,73725,'Africa/Cairo',1,'2020-06-10 23:00:00','2020-06-10 23:00:00');
INSERT INTO `__PREFIX__cities` (`country_code`, `name`, `longitude`, `latitude`, `feature_class`, `feature_code`, `subadmin1_code`, `subadmin2_code`, `population`, `time_zone`, `active`, `created_at`, `updated_at`) VALUES ('EG','{\"en\":\"Kafr ash Shaykh\"}',30.94,31.11,'P','PPLA','EG.21',NULL,143970,'Africa/Cairo',1,'2017-05-07 23:00:00','2017-05-07 23:00:00');
INSERT INTO `__PREFIX__cities` (`country_code`, `name`, `longitude`, `latitude`, `feature_class`, `feature_code`, `subadmin1_code`, `subadmin2_code`, `population`, `time_zone`, `active`, `created_at`, `updated_at`) VALUES ('EG','{\"en\":\"Kafr ad Dawwār\"}',30.13,31.13,'P','PPL','EG.03',NULL,267370,'Africa/Cairo',1,'2020-06-10 23:00:00','2020-06-10 23:00:00');
INSERT INTO `__PREFIX__cities` (`country_code`, `name`, `longitude`, `latitude`, `feature_class`, `feature_code`, `subadmin1_code`, `subadmin2_code`, `population`, `time_zone`, `active`, `created_at`, `updated_at`) VALUES ('EG','{\"en\":\"Juhaynah\"}',31.50,26.67,'P','PPL','EG.24',NULL,47821,'Africa/Cairo',1,'2020-10-13 23:00:00','2020-10-13 23:00:00');
INSERT INTO `__PREFIX__cities` (`country_code`, `name`, `longitude`, `latitude`, `feature_class`, `feature_code`, `subadmin1_code`, `subadmin2_code`, `population`, `time_zone`, `active`, `created_at`, `updated_at`) VALUES ('EG','{\"en\":\"Girga\"}',31.89,26.34,'P','PPL','EG.24',NULL,128250,'Africa/Cairo',1,'2021-07-29 23:00:00','2021-07-29 23:00:00');
INSERT INTO `__PREFIX__cities` (`country_code`, `name`, `longitude`, `latitude`, `feature_class`, `feature_code`, `subadmin1_code`, `subadmin2_code`, `population`, `time_zone`, `active`, `created_at`, `updated_at`) VALUES ('EG','{\"en\":\"‘Izbat al Burj\"}',31.84,31.51,'P','PPL','EG.01',NULL,37953,'Africa/Cairo',1,'2018-03-14 23:00:00','2018-03-14 23:00:00');
INSERT INTO `__PREFIX__cities` (`country_code`, `name`, `longitude`, `latitude`, `feature_class`, `feature_code`, `subadmin1_code`, `subadmin2_code`, `population`, `time_zone`, `active`, `created_at`, `updated_at`) VALUES ('EG','{\"en\":\"Iţsā\"}',30.79,29.24,'P','PPL','EG.04',NULL,45269,'Africa/Cairo',1,'2018-12-04 23:00:00','2018-12-04 23:00:00');
INSERT INTO `__PREFIX__cities` (`country_code`, `name`, `longitude`, `latitude`, `feature_class`, `feature_code`, `subadmin1_code`, `subadmin2_code`, `population`, `time_zone`, `active`, `created_at`, `updated_at`) VALUES ('EG','{\"en\":\"Isnā\"}',32.55,25.29,'P','PPL','EG.23',NULL,69335,'Africa/Cairo',1,'2017-10-16 23:00:00','2017-10-16 23:00:00');
INSERT INTO `__PREFIX__cities` (`country_code`, `name`, `longitude`, `latitude`, `feature_class`, `feature_code`, `subadmin1_code`, `subadmin2_code`, `population`, `time_zone`, `active`, `created_at`, `updated_at`) VALUES ('EG','{\"en\":\"Idkū\"}',30.30,31.31,'P','PPLA2','EG.03','EG.03.10430542',210678,'Africa/Cairo',1,'2018-04-20 23:00:00','2018-04-20 23:00:00');
INSERT INTO `__PREFIX__cities` (`country_code`, `name`, `longitude`, `latitude`, `feature_class`, `feature_code`, `subadmin1_code`, `subadmin2_code`, `population`, `time_zone`, `active`, `created_at`, `updated_at`) VALUES ('EG','{\"en\":\"Idfū\"}',32.88,24.98,'P','PPL','EG.16',NULL,133000,'Africa/Cairo',1,'2020-06-10 23:00:00','2020-06-10 23:00:00');
INSERT INTO `__PREFIX__cities` (`country_code`, `name`, `longitude`, `latitude`, `feature_class`, `feature_code`, `subadmin1_code`, `subadmin2_code`, `population`, `time_zone`, `active`, `created_at`, `updated_at`) VALUES ('EG','{\"en\":\"Ibshawāy\"}',30.68,29.36,'P','PPL','EG.04',NULL,51173,'Africa/Cairo',1,'2020-06-10 23:00:00','2020-06-10 23:00:00');
INSERT INTO `__PREFIX__cities` (`country_code`, `name`, `longitude`, `latitude`, `feature_class`, `feature_code`, `subadmin1_code`, `subadmin2_code`, `population`, `time_zone`, `active`, `created_at`, `updated_at`) VALUES ('EG','{\"en\":\"Ḩalwān\"}',31.30,29.84,'P','PPL','EG.11',NULL,230000,'Africa/Cairo',1,'2020-06-10 23:00:00','2020-06-10 23:00:00');
INSERT INTO `__PREFIX__cities` (`country_code`, `name`, `longitude`, `latitude`, `feature_class`, `feature_code`, `subadmin1_code`, `subadmin2_code`, `population`, `time_zone`, `active`, `created_at`, `updated_at`) VALUES ('EG','{\"en\":\"Hihyā\"}',31.59,30.67,'P','PPL','EG.14',NULL,43432,'Africa/Cairo',1,'2020-06-10 23:00:00','2020-06-10 23:00:00');
INSERT INTO `__PREFIX__cities` (`country_code`, `name`, `longitude`, `latitude`, `feature_class`, `feature_code`, `subadmin1_code`, `subadmin2_code`, `population`, `time_zone`, `active`, `created_at`, `updated_at`) VALUES ('EG','{\"en\":\"Ḩawsh ‘Īsá\"}',30.29,30.91,'P','PPL','EG.03',NULL,85352,'Africa/Cairo',1,'2018-03-14 23:00:00','2018-03-14 23:00:00');
INSERT INTO `__PREFIX__cities` (`country_code`, `name`, `longitude`, `latitude`, `feature_class`, `feature_code`, `subadmin1_code`, `subadmin2_code`, `population`, `time_zone`, `active`, `created_at`, `updated_at`) VALUES ('EG','{\"en\":\"Fuwwah\"}',30.55,31.20,'P','PPL','EG.21',NULL,63310,'Africa/Cairo',1,'2015-09-05 23:00:00','2015-09-05 23:00:00');
INSERT INTO `__PREFIX__cities` (`country_code`, `name`, `longitude`, `latitude`, `feature_class`, `feature_code`, `subadmin1_code`, `subadmin2_code`, `population`, `time_zone`, `active`, `created_at`, `updated_at`) VALUES ('EG','{\"en\":\"Farshūţ\"}',32.16,26.06,'P','PPL','EG.23',NULL,53851,'Africa/Cairo',1,'2020-10-13 23:00:00','2020-10-13 23:00:00');
INSERT INTO `__PREFIX__cities` (`country_code`, `name`, `longitude`, `latitude`, `feature_class`, `feature_code`, `subadmin1_code`, `subadmin2_code`, `population`, `time_zone`, `active`, `created_at`, `updated_at`) VALUES ('EG','{\"en\":\"Fāraskūr\"}',31.72,31.33,'P','PPL','EG.20',NULL,58284,'Africa/Cairo',1,'2012-01-18 23:00:00','2012-01-18 23:00:00');
INSERT INTO `__PREFIX__cities` (`country_code`, `name`, `longitude`, `latitude`, `feature_class`, `feature_code`, `subadmin1_code`, `subadmin2_code`, `population`, `time_zone`, `active`, `created_at`, `updated_at`) VALUES ('EG','{\"en\":\"Fāqūs\"}',31.80,30.73,'P','PPL','EG.14',NULL,62821,'Africa/Cairo',1,'2020-06-10 23:00:00','2020-06-10 23:00:00');
INSERT INTO `__PREFIX__cities` (`country_code`, `name`, `longitude`, `latitude`, `feature_class`, `feature_code`, `subadmin1_code`, `subadmin2_code`, `population`, `time_zone`, `active`, `created_at`, `updated_at`) VALUES ('EG','{\"en\":\"Damietta\"}',31.81,31.42,'P','PPLA','EG.20',NULL,76839,'Africa/Cairo',1,'2012-01-18 23:00:00','2012-01-18 23:00:00');
INSERT INTO `__PREFIX__cities` (`country_code`, `name`, `longitude`, `latitude`, `feature_class`, `feature_code`, `subadmin1_code`, `subadmin2_code`, `population`, `time_zone`, `active`, `created_at`, `updated_at`) VALUES ('EG','{\"en\":\"Diyarb Najm\"}',31.44,30.75,'P','PPL','EG.14',NULL,51841,'Africa/Cairo',1,'2013-07-05 23:00:00','2013-07-05 23:00:00');
INSERT INTO `__PREFIX__cities` (`country_code`, `name`, `longitude`, `latitude`, `feature_class`, `feature_code`, `subadmin1_code`, `subadmin2_code`, `population`, `time_zone`, `active`, `created_at`, `updated_at`) VALUES ('EG','{\"en\":\"Disūq\"}',30.65,31.13,'P','PPL','EG.21',NULL,102037,'Africa/Cairo',1,'2020-06-10 23:00:00','2020-06-10 23:00:00');
INSERT INTO `__PREFIX__cities` (`country_code`, `name`, `longitude`, `latitude`, `feature_class`, `feature_code`, `subadmin1_code`, `subadmin2_code`, `population`, `time_zone`, `active`, `created_at`, `updated_at`) VALUES ('EG','{\"en\":\"Dishnā\"}',32.47,26.12,'P','PPL','EG.23',NULL,54197,'Africa/Cairo',1,'2020-10-13 23:00:00','2020-10-13 23:00:00');
INSERT INTO `__PREFIX__cities` (`country_code`, `name`, `longitude`, `latitude`, `feature_class`, `feature_code`, `subadmin1_code`, `subadmin2_code`, `population`, `time_zone`, `active`, `created_at`, `updated_at`) VALUES ('EG','{\"en\":\"Dikirnis\"}',31.59,31.09,'P','PPL','EG.01',NULL,137542,'Africa/Cairo',1,'2013-07-05 23:00:00','2013-07-05 23:00:00');
INSERT INTO `__PREFIX__cities` (`country_code`, `name`, `longitude`, `latitude`, `feature_class`, `feature_code`, `subadmin1_code`, `subadmin2_code`, `population`, `time_zone`, `active`, `created_at`, `updated_at`) VALUES ('EG','{\"en\":\"Dahab\"}',34.50,28.48,'P','PPL','EG.26',NULL,8000,'Africa/Cairo',1,'2017-11-23 23:00:00','2017-11-23 23:00:00');
INSERT INTO `__PREFIX__cities` (`country_code`, `name`, `longitude`, `latitude`, `feature_class`, `feature_code`, `subadmin1_code`, `subadmin2_code`, `population`, `time_zone`, `active`, `created_at`, `updated_at`) VALUES ('EG','{\"en\":\"Dayrūţ\"}',30.81,27.56,'P','PPL','EG.17',NULL,67788,'Africa/Cairo',1,'2020-06-10 23:00:00','2020-06-10 23:00:00');
INSERT INTO `__PREFIX__cities` (`country_code`, `name`, `longitude`, `latitude`, `feature_class`, `feature_code`, `subadmin1_code`, `subadmin2_code`, `population`, `time_zone`, `active`, `created_at`, `updated_at`) VALUES ('EG','{\"en\":\"Dayr Mawās\"}',30.85,27.64,'P','PPL','EG.10',NULL,40609,'Africa/Cairo',1,'2020-01-08 23:00:00','2020-01-08 23:00:00');
INSERT INTO `__PREFIX__cities` (`country_code`, `name`, `longitude`, `latitude`, `feature_class`, `feature_code`, `subadmin1_code`, `subadmin2_code`, `population`, `time_zone`, `active`, `created_at`, `updated_at`) VALUES ('EG','{\"en\":\"Damanhūr\"}',30.47,31.03,'P','PPLA','EG.03',NULL,227943,'Africa/Cairo',1,'2020-06-10 23:00:00','2020-06-10 23:00:00');
INSERT INTO `__PREFIX__cities` (`country_code`, `name`, `longitude`, `latitude`, `feature_class`, `feature_code`, `subadmin1_code`, `subadmin2_code`, `population`, `time_zone`, `active`, `created_at`, `updated_at`) VALUES ('EG','{\"en\":\"Būsh\"}',31.13,29.15,'P','PPL','EG.18',NULL,86608,'Africa/Cairo',1,'2011-04-18 23:00:00','2011-04-18 23:00:00');
INSERT INTO `__PREFIX__cities` (`country_code`, `name`, `longitude`, `latitude`, `feature_class`, `feature_code`, `subadmin1_code`, `subadmin2_code`, `population`, `time_zone`, `active`, `created_at`, `updated_at`) VALUES ('EG','{\"en\":\"Port Said\"}',32.30,31.27,'P','PPLA','EG.19',NULL,538378,'Africa/Cairo',1,'2019-10-27 23:00:00','2019-10-27 23:00:00');
INSERT INTO `__PREFIX__cities` (`country_code`, `name`, `longitude`, `latitude`, `feature_class`, `feature_code`, `subadmin1_code`, `subadmin2_code`, `population`, `time_zone`, `active`, `created_at`, `updated_at`) VALUES ('EG','{\"en\":\"Safaga\"}',33.94,26.75,'P','PPL','EG.02',NULL,32944,'Africa/Cairo',1,'2017-04-20 23:00:00','2017-04-20 23:00:00');
INSERT INTO `__PREFIX__cities` (`country_code`, `name`, `longitude`, `latitude`, `feature_class`, `feature_code`, `subadmin1_code`, `subadmin2_code`, `population`, `time_zone`, `active`, `created_at`, `updated_at`) VALUES ('EG','{\"en\":\"Bilqās\"}',31.36,31.21,'P','PPL','EG.01',NULL,103596,'Africa/Cairo',1,'2013-06-04 23:00:00','2013-06-04 23:00:00');
INSERT INTO `__PREFIX__cities` (`country_code`, `name`, `longitude`, `latitude`, `feature_class`, `feature_code`, `subadmin1_code`, `subadmin2_code`, `population`, `time_zone`, `active`, `created_at`, `updated_at`) VALUES ('EG','{\"en\":\"Bilbays\"}',31.56,30.42,'P','PPL','EG.14',NULL,129211,'Africa/Cairo',1,'2012-01-18 23:00:00','2012-01-18 23:00:00');
INSERT INTO `__PREFIX__cities` (`country_code`, `name`, `longitude`, `latitude`, `feature_class`, `feature_code`, `subadmin1_code`, `subadmin2_code`, `population`, `time_zone`, `active`, `created_at`, `updated_at`) VALUES ('EG','{\"en\":\"Basyūn\"}',30.81,30.94,'P','PPL','EG.05',NULL,55523,'Africa/Cairo',1,'2018-03-14 23:00:00','2018-03-14 23:00:00');
INSERT INTO `__PREFIX__cities` (`country_code`, `name`, `longitude`, `latitude`, `feature_class`, `feature_code`, `subadmin1_code`, `subadmin2_code`, `population`, `time_zone`, `active`, `created_at`, `updated_at`) VALUES ('EG','{\"en\":\"Banī Suwayf\"}',31.10,29.07,'P','PPLA','EG.18',NULL,189624,'Africa/Cairo',1,'2020-06-10 23:00:00','2020-06-10 23:00:00');
INSERT INTO `__PREFIX__cities` (`country_code`, `name`, `longitude`, `latitude`, `feature_class`, `feature_code`, `subadmin1_code`, `subadmin2_code`, `population`, `time_zone`, `active`, `created_at`, `updated_at`) VALUES ('EG','{\"en\":\"Banī Mazār\"}',30.81,28.49,'P','PPL','EG.10',NULL,58153,'Africa/Cairo',1,'2020-04-07 23:00:00','2020-04-07 23:00:00');
INSERT INTO `__PREFIX__cities` (`country_code`, `name`, `longitude`, `latitude`, `feature_class`, `feature_code`, `subadmin1_code`, `subadmin2_code`, `population`, `time_zone`, `active`, `created_at`, `updated_at`) VALUES ('EG','{\"en\":\"Banhā\"}',31.18,30.46,'P','PPLA','EG.12',NULL,167029,'Africa/Cairo',1,'2020-06-10 23:00:00','2020-06-10 23:00:00');
INSERT INTO `__PREFIX__cities` (`country_code`, `name`, `longitude`, `latitude`, `feature_class`, `feature_code`, `subadmin1_code`, `subadmin2_code`, `population`, `time_zone`, `active`, `created_at`, `updated_at`) VALUES ('EG','{\"en\":\"Zagazig\"}',31.50,30.59,'P','PPLA','EG.14',NULL,285097,'Africa/Cairo',1,'2020-06-10 23:00:00','2020-06-10 23:00:00');
INSERT INTO `__PREFIX__cities` (`country_code`, `name`, `longitude`, `latitude`, `feature_class`, `feature_code`, `subadmin1_code`, `subadmin2_code`, `population`, `time_zone`, `active`, `created_at`, `updated_at`) VALUES ('EG','{\"en\":\"Awsīm\"}',31.14,30.12,'P','PPL','EG.08',NULL,63862,'Africa/Cairo',1,'2020-06-10 23:00:00','2020-06-10 23:00:00');
INSERT INTO `__PREFIX__cities` (`country_code`, `name`, `longitude`, `latitude`, `feature_class`, `feature_code`, `subadmin1_code`, `subadmin2_code`, `population`, `time_zone`, `active`, `created_at`, `updated_at`) VALUES ('EG','{\"en\":\"El-Tor\"}',33.62,28.24,'P','PPLA','EG.26',NULL,14972,'Africa/Cairo',1,'2017-04-10 23:00:00','2017-04-10 23:00:00');
INSERT INTO `__PREFIX__cities` (`country_code`, `name`, `longitude`, `latitude`, `feature_class`, `feature_code`, `subadmin1_code`, `subadmin2_code`, `population`, `time_zone`, `active`, `created_at`, `updated_at`) VALUES ('EG','{\"en\":\"At Tall al Kabīr\"}',31.79,30.54,'P','PPL','EG.14',NULL,51569,'Africa/Cairo',1,'2020-06-10 23:00:00','2020-06-10 23:00:00');
INSERT INTO `__PREFIX__cities` (`country_code`, `name`, `longitude`, `latitude`, `feature_class`, `feature_code`, `subadmin1_code`, `subadmin2_code`, `population`, `time_zone`, `active`, `created_at`, `updated_at`) VALUES ('EG','{\"en\":\"Asyūţ\"}',31.18,27.18,'P','PPLA','EG.17',NULL,420585,'Africa/Cairo',1,'2020-06-10 23:00:00','2020-06-10 23:00:00');
INSERT INTO `__PREFIX__cities` (`country_code`, `name`, `longitude`, `latitude`, `feature_class`, `feature_code`, `subadmin1_code`, `subadmin2_code`, `population`, `time_zone`, `active`, `created_at`, `updated_at`) VALUES ('EG','{\"en\":\"Aswan\"}',32.90,24.09,'P','PPLA','EG.16',NULL,241261,'Africa/Cairo',1,'2019-09-04 23:00:00','2019-09-04 23:00:00');
INSERT INTO `__PREFIX__cities` (`country_code`, `name`, `longitude`, `latitude`, `feature_class`, `feature_code`, `subadmin1_code`, `subadmin2_code`, `population`, `time_zone`, `active`, `created_at`, `updated_at`) VALUES ('EG','{\"en\":\"Suez\"}',32.53,29.97,'P','PPLA','EG.15',NULL,488125,'Africa/Cairo',1,'2013-11-30 23:00:00','2013-11-30 23:00:00');
INSERT INTO `__PREFIX__cities` (`country_code`, `name`, `longitude`, `latitude`, `feature_class`, `feature_code`, `subadmin1_code`, `subadmin2_code`, `population`, `time_zone`, `active`, `created_at`, `updated_at`) VALUES ('EG','{\"en\":\"As Sallūm\"}',25.16,31.55,'P','PPL','EG.22',NULL,14393,'Africa/Cairo',1,'2021-12-02 23:00:00','2021-12-02 23:00:00');
INSERT INTO `__PREFIX__cities` (`country_code`, `name`, `longitude`, `latitude`, `feature_class`, `feature_code`, `subadmin1_code`, `subadmin2_code`, `population`, `time_zone`, `active`, `created_at`, `updated_at`) VALUES ('EG','{\"en\":\"Aş Şaff\"}',31.28,29.56,'P','PPL','EG.08',NULL,38213,'Africa/Cairo',1,'2020-06-10 23:00:00','2020-06-10 23:00:00');
INSERT INTO `__PREFIX__cities` (`country_code`, `name`, `longitude`, `latitude`, `feature_class`, `feature_code`, `subadmin1_code`, `subadmin2_code`, `population`, `time_zone`, `active`, `created_at`, `updated_at`) VALUES ('EG','{\"en\":\"Ash Shuhadā’\"}',30.90,30.60,'P','PPL','EG.09',NULL,48060,'Africa/Cairo',1,'2020-06-10 23:00:00','2020-06-10 23:00:00');
INSERT INTO `__PREFIX__cities` (`country_code`, `name`, `longitude`, `latitude`, `feature_class`, `feature_code`, `subadmin1_code`, `subadmin2_code`, `population`, `time_zone`, `active`, `created_at`, `updated_at`) VALUES ('EG','{\"en\":\"Ashmūn\"}',30.98,30.30,'P','PPL','EG.09',NULL,82507,'Africa/Cairo',1,'2017-05-07 23:00:00','2017-05-07 23:00:00');
INSERT INTO `__PREFIX__cities` (`country_code`, `name`, `longitude`, `latitude`, `feature_class`, `feature_code`, `subadmin1_code`, `subadmin2_code`, `population`, `time_zone`, `active`, `created_at`, `updated_at`) VALUES ('EG','{\"en\":\"Al Wāsiţah\"}',31.21,29.34,'P','PPL','EG.04',NULL,37453,'Africa/Cairo',1,'2020-06-10 23:00:00','2020-06-10 23:00:00');
INSERT INTO `__PREFIX__cities` (`country_code`, `name`, `longitude`, `latitude`, `feature_class`, `feature_code`, `subadmin1_code`, `subadmin2_code`, `population`, `time_zone`, `active`, `created_at`, `updated_at`) VALUES ('EG','{\"en\":\"Luxor\"}',32.64,25.70,'P','PPLA','EG.28',NULL,422407,'Africa/Cairo',1,'2019-09-04 23:00:00','2019-09-04 23:00:00');
INSERT INTO `__PREFIX__cities` (`country_code`, `name`, `longitude`, `latitude`, `feature_class`, `feature_code`, `subadmin1_code`, `subadmin2_code`, `population`, `time_zone`, `active`, `created_at`, `updated_at`) VALUES ('EG','{\"en\":\"Al Qūşīyah\"}',30.82,27.44,'P','PPL','EG.17',NULL,68394,'Africa/Cairo',1,'2020-06-10 23:00:00','2020-06-10 23:00:00');
INSERT INTO `__PREFIX__cities` (`country_code`, `name`, `longitude`, `latitude`, `feature_class`, `feature_code`, `subadmin1_code`, `subadmin2_code`, `population`, `time_zone`, `active`, `created_at`, `updated_at`) VALUES ('EG','{\"en\":\"Al Quşayr\"}',34.28,26.11,'P','PPL','EG.02',NULL,24653,'Africa/Cairo',1,'2020-06-10 23:00:00','2020-06-10 23:00:00');
INSERT INTO `__PREFIX__cities` (`country_code`, `name`, `longitude`, `latitude`, `feature_class`, `feature_code`, `subadmin1_code`, `subadmin2_code`, `population`, `time_zone`, `active`, `created_at`, `updated_at`) VALUES ('EG','{\"en\":\"Al Qurayn\"}',31.74,30.62,'P','PPL','EG.14',NULL,61730,'Africa/Cairo',1,'2018-04-05 23:00:00','2018-04-05 23:00:00');
INSERT INTO `__PREFIX__cities` (`country_code`, `name`, `longitude`, `latitude`, `feature_class`, `feature_code`, `subadmin1_code`, `subadmin2_code`, `population`, `time_zone`, `active`, `created_at`, `updated_at`) VALUES ('EG','{\"en\":\"Al Qanāyāt\"}',31.46,30.62,'P','PPL','EG.14',NULL,42912,'Africa/Cairo',1,'2019-01-09 23:00:00','2019-01-09 23:00:00');
INSERT INTO `__PREFIX__cities` (`country_code`, `name`, `longitude`, `latitude`, `feature_class`, `feature_code`, `subadmin1_code`, `subadmin2_code`, `population`, `time_zone`, `active`, `created_at`, `updated_at`) VALUES ('EG','{\"en\":\"Al Qanāţir al Khayrīyah\"}',31.14,30.19,'P','PPL','EG.12',NULL,56302,'Africa/Cairo',1,'2020-10-03 23:00:00','2020-10-03 23:00:00');
INSERT INTO `__PREFIX__cities` (`country_code`, `name`, `longitude`, `latitude`, `feature_class`, `feature_code`, `subadmin1_code`, `subadmin2_code`, `population`, `time_zone`, `active`, `created_at`, `updated_at`) VALUES ('EG','{\"en\":\"Cairo\"}',31.25,30.06,'P','PPLC','EG.11',NULL,7734614,'Africa/Cairo',1,'2020-05-27 23:00:00','2020-05-27 23:00:00');
INSERT INTO `__PREFIX__cities` (`country_code`, `name`, `longitude`, `latitude`, `feature_class`, `feature_code`, `subadmin1_code`, `subadmin2_code`, `population`, `time_zone`, `active`, `created_at`, `updated_at`) VALUES ('EG','{\"en\":\"Al Minyā\"}',30.76,28.09,'P','PPLA','EG.10',NULL,227150,'Africa/Cairo',1,'2020-06-10 23:00:00','2020-06-10 23:00:00');
INSERT INTO `__PREFIX__cities` (`country_code`, `name`, `longitude`, `latitude`, `feature_class`, `feature_code`, `subadmin1_code`, `subadmin2_code`, `population`, `time_zone`, `active`, `created_at`, `updated_at`) VALUES ('EG','{\"en\":\"Al Maţarīyah\"}',32.03,31.18,'P','PPL','EG.01',NULL,99357,'Africa/Cairo',1,'2020-06-10 23:00:00','2020-06-10 23:00:00');
INSERT INTO `__PREFIX__cities` (`country_code`, `name`, `longitude`, `latitude`, `feature_class`, `feature_code`, `subadmin1_code`, `subadmin2_code`, `population`, `time_zone`, `active`, `created_at`, `updated_at`) VALUES ('EG','{\"en\":\"Al Manzalah\"}',31.94,31.16,'P','PPL','EG.01',NULL,67486,'Africa/Cairo',1,'2018-03-14 23:00:00','2018-03-14 23:00:00');
INSERT INTO `__PREFIX__cities` (`country_code`, `name`, `longitude`, `latitude`, `feature_class`, `feature_code`, `subadmin1_code`, `subadmin2_code`, `population`, `time_zone`, `active`, `created_at`, `updated_at`) VALUES ('EG','{\"en\":\"Al Manşūrah\"}',31.38,31.04,'P','PPLA','EG.01',NULL,420195,'Africa/Cairo',1,'2020-06-10 23:00:00','2020-06-10 23:00:00');
INSERT INTO `__PREFIX__cities` (`country_code`, `name`, `longitude`, `latitude`, `feature_class`, `feature_code`, `subadmin1_code`, `subadmin2_code`, `population`, `time_zone`, `active`, `created_at`, `updated_at`) VALUES ('EG','{\"en\":\"Al Minshāh\"}',31.80,26.48,'P','PPL','EG.24',NULL,61134,'Africa/Cairo',1,'2020-10-13 23:00:00','2020-10-13 23:00:00');
INSERT INTO `__PREFIX__cities` (`country_code`, `name`, `longitude`, `latitude`, `feature_class`, `feature_code`, `subadmin1_code`, `subadmin2_code`, `population`, `time_zone`, `active`, `created_at`, `updated_at`) VALUES ('EG','{\"en\":\"Al Maḩallah al Kubrá\"}',31.17,30.97,'P','PPL','EG.05',NULL,431052,'Africa/Cairo',1,'2020-06-10 23:00:00','2020-06-10 23:00:00');
INSERT INTO `__PREFIX__cities` (`country_code`, `name`, `longitude`, `latitude`, `feature_class`, `feature_code`, `subadmin1_code`, `subadmin2_code`, `population`, `time_zone`, `active`, `created_at`, `updated_at`) VALUES ('EG','{\"en\":\"Al Khārjah\"}',30.55,25.45,'P','PPLA','EG.13',NULL,67700,'Africa/Cairo',1,'2020-11-12 23:00:00','2020-11-12 23:00:00');
INSERT INTO `__PREFIX__cities` (`country_code`, `name`, `longitude`, `latitude`, `feature_class`, `feature_code`, `subadmin1_code`, `subadmin2_code`, `population`, `time_zone`, `active`, `created_at`, `updated_at`) VALUES ('EG','{\"en\":\"Al Khānkah\"}',31.37,30.21,'P','PPL','EG.12',NULL,62434,'Africa/Cairo',1,'2020-06-10 23:00:00','2020-06-10 23:00:00');
INSERT INTO `__PREFIX__cities` (`country_code`, `name`, `longitude`, `latitude`, `feature_class`, `feature_code`, `subadmin1_code`, `subadmin2_code`, `population`, `time_zone`, `active`, `created_at`, `updated_at`) VALUES ('EG','{\"en\":\"Giza\"}',31.21,30.01,'P','PPLA','EG.08',NULL,2443203,'Africa/Cairo',1,'2019-10-09 23:00:00','2019-10-09 23:00:00');
INSERT INTO `__PREFIX__cities` (`country_code`, `name`, `longitude`, `latitude`, `feature_class`, `feature_code`, `subadmin1_code`, `subadmin2_code`, `population`, `time_zone`, `active`, `created_at`, `updated_at`) VALUES ('EG','{\"en\":\"Al Jammālīyah\"}',31.86,31.18,'P','PPL','EG.01',NULL,68381,'Africa/Cairo',1,'2017-05-07 23:00:00','2017-05-07 23:00:00');
INSERT INTO `__PREFIX__cities` (`country_code`, `name`, `longitude`, `latitude`, `feature_class`, `feature_code`, `subadmin1_code`, `subadmin2_code`, `population`, `time_zone`, `active`, `created_at`, `updated_at`) VALUES ('EG','{\"en\":\"Ismailia\"}',32.27,30.60,'P','PPLA','EG.07',NULL,284813,'Africa/Cairo',1,'2022-01-19 23:00:00','2022-01-19 23:00:00');
INSERT INTO `__PREFIX__cities` (`country_code`, `name`, `longitude`, `latitude`, `feature_class`, `feature_code`, `subadmin1_code`, `subadmin2_code`, `population`, `time_zone`, `active`, `created_at`, `updated_at`) VALUES ('EG','{\"en\":\"Alexandria\"}',29.92,31.20,'P','PPLA','EG.06',NULL,3811516,'Africa/Cairo',1,'2019-09-04 23:00:00','2019-09-04 23:00:00');
INSERT INTO `__PREFIX__cities` (`country_code`, `name`, `longitude`, `latitude`, `feature_class`, `feature_code`, `subadmin1_code`, `subadmin2_code`, `population`, `time_zone`, `active`, `created_at`, `updated_at`) VALUES ('EG','{\"en\":\"Al Ibrāhīmīyah\"}',31.56,30.72,'P','PPL','EG.14',NULL,34638,'Africa/Cairo',1,'2020-06-10 23:00:00','2020-06-10 23:00:00');
INSERT INTO `__PREFIX__cities` (`country_code`, `name`, `longitude`, `latitude`, `feature_class`, `feature_code`, `subadmin1_code`, `subadmin2_code`, `population`, `time_zone`, `active`, `created_at`, `updated_at`) VALUES ('EG','{\"en\":\"Al Ḩawāmidīyah\"}',31.25,29.90,'P','PPL','EG.08',NULL,106841,'Africa/Cairo',1,'2020-06-10 23:00:00','2020-06-10 23:00:00');
INSERT INTO `__PREFIX__cities` (`country_code`, `name`, `longitude`, `latitude`, `feature_class`, `feature_code`, `subadmin1_code`, `subadmin2_code`, `population`, `time_zone`, `active`, `created_at`, `updated_at`) VALUES ('EG','{\"en\":\"Al Ḩāmūl\"}',31.15,31.31,'P','PPL','EG.21',NULL,45798,'Africa/Cairo',1,'2018-03-14 23:00:00','2018-03-14 23:00:00');
INSERT INTO `__PREFIX__cities` (`country_code`, `name`, `longitude`, `latitude`, `feature_class`, `feature_code`, `subadmin1_code`, `subadmin2_code`, `population`, `time_zone`, `active`, `created_at`, `updated_at`) VALUES ('EG','{\"en\":\"Hurghada\"}',33.81,27.26,'P','PPLA','EG.02',NULL,95622,'Africa/Cairo',1,'2019-09-04 23:00:00','2019-09-04 23:00:00');
INSERT INTO `__PREFIX__cities` (`country_code`, `name`, `longitude`, `latitude`, `feature_class`, `feature_code`, `subadmin1_code`, `subadmin2_code`, `population`, `time_zone`, `active`, `created_at`, `updated_at`) VALUES ('EG','{\"en\":\"Al Fayyūm\"}',30.84,29.31,'P','PPLA','EG.04',NULL,306393,'Africa/Cairo',1,'2020-06-10 23:00:00','2020-06-10 23:00:00');
INSERT INTO `__PREFIX__cities` (`country_code`, `name`, `longitude`, `latitude`, `feature_class`, `feature_code`, `subadmin1_code`, `subadmin2_code`, `population`, `time_zone`, `active`, `created_at`, `updated_at`) VALUES ('EG','{\"en\":\"Al Fashn\"}',30.90,28.82,'P','PPL','EG.18',NULL,63793,'Africa/Cairo',1,'2020-04-07 23:00:00','2020-04-07 23:00:00');
INSERT INTO `__PREFIX__cities` (`country_code`, `name`, `longitude`, `latitude`, `feature_class`, `feature_code`, `subadmin1_code`, `subadmin2_code`, `population`, `time_zone`, `active`, `created_at`, `updated_at`) VALUES ('EG','{\"en\":\"Al Bawīţī\"}',28.87,28.35,'P','PPL','EG.08',NULL,20000,'Africa/Cairo',1,'2020-11-12 23:00:00','2020-11-12 23:00:00');
INSERT INTO `__PREFIX__cities` (`country_code`, `name`, `longitude`, `latitude`, `feature_class`, `feature_code`, `subadmin1_code`, `subadmin2_code`, `population`, `time_zone`, `active`, `created_at`, `updated_at`) VALUES ('EG','{\"en\":\"Al Balyanā\"}',32.00,26.24,'P','PPL','EG.24',NULL,48801,'Africa/Cairo',1,'2020-10-13 23:00:00','2020-10-13 23:00:00');
INSERT INTO `__PREFIX__cities` (`country_code`, `name`, `longitude`, `latitude`, `feature_class`, `feature_code`, `subadmin1_code`, `subadmin2_code`, `population`, `time_zone`, `active`, `created_at`, `updated_at`) VALUES ('EG','{\"en\":\"Al Bājūr\"}',31.04,30.43,'P','PPL','EG.09',NULL,36633,'Africa/Cairo',1,'2020-06-10 23:00:00','2020-06-10 23:00:00');
INSERT INTO `__PREFIX__cities` (`country_code`, `name`, `longitude`, `latitude`, `feature_class`, `feature_code`, `subadmin1_code`, `subadmin2_code`, `population`, `time_zone`, `active`, `created_at`, `updated_at`) VALUES ('EG','{\"en\":\"Al Badārī\"}',31.42,26.99,'P','PPL','EG.17',NULL,44132,'Africa/Cairo',1,'2020-10-13 23:00:00','2020-10-13 23:00:00');
INSERT INTO `__PREFIX__cities` (`country_code`, `name`, `longitude`, `latitude`, `feature_class`, `feature_code`, `subadmin1_code`, `subadmin2_code`, `population`, `time_zone`, `active`, `created_at`, `updated_at`) VALUES ('EG','{\"en\":\"Al ‘Ayyāţ\"}',31.26,29.62,'P','PPL','EG.08',NULL,34796,'Africa/Cairo',1,'2020-06-10 23:00:00','2020-06-10 23:00:00');
INSERT INTO `__PREFIX__cities` (`country_code`, `name`, `longitude`, `latitude`, `feature_class`, `feature_code`, `subadmin1_code`, `subadmin2_code`, `population`, `time_zone`, `active`, `created_at`, `updated_at`) VALUES ('EG','{\"en\":\"Arish\"}',33.80,31.13,'P','PPLA','EG.27',NULL,128855,'Africa/Cairo',1,'2017-11-09 23:00:00','2017-11-09 23:00:00');
INSERT INTO `__PREFIX__cities` (`country_code`, `name`, `longitude`, `latitude`, `feature_class`, `feature_code`, `subadmin1_code`, `subadmin2_code`, `population`, `time_zone`, `active`, `created_at`, `updated_at`) VALUES ('EG','{\"en\":\"Al ‘Alamayn\"}',28.96,30.83,'P','PPL','EG.22',NULL,7400,'Africa/Cairo',1,'2020-06-10 23:00:00','2020-06-10 23:00:00');
INSERT INTO `__PREFIX__cities` (`country_code`, `name`, `longitude`, `latitude`, `feature_class`, `feature_code`, `subadmin1_code`, `subadmin2_code`, `population`, `time_zone`, `active`, `created_at`, `updated_at`) VALUES ('EG','{\"en\":\"Akhmīm\"}',31.75,26.56,'P','PPL','EG.24',NULL,99446,'Africa/Cairo',1,'2020-06-10 23:00:00','2020-06-10 23:00:00');
INSERT INTO `__PREFIX__cities` (`country_code`, `name`, `longitude`, `latitude`, `feature_class`, `feature_code`, `subadmin1_code`, `subadmin2_code`, `population`, `time_zone`, `active`, `created_at`, `updated_at`) VALUES ('EG','{\"en\":\"Ajā\"}',31.29,30.94,'P','PPL','EG.01',NULL,34692,'Africa/Cairo',1,'2020-06-10 23:00:00','2020-06-10 23:00:00');
INSERT INTO `__PREFIX__cities` (`country_code`, `name`, `longitude`, `latitude`, `feature_class`, `feature_code`, `subadmin1_code`, `subadmin2_code`, `population`, `time_zone`, `active`, `created_at`, `updated_at`) VALUES ('EG','{\"en\":\"Ad Dilinjāt\"}',30.54,30.83,'P','PPL','EG.03',NULL,40386,'Africa/Cairo',1,'2020-06-10 23:00:00','2020-06-10 23:00:00');
INSERT INTO `__PREFIX__cities` (`country_code`, `name`, `longitude`, `latitude`, `feature_class`, `feature_code`, `subadmin1_code`, `subadmin2_code`, `population`, `time_zone`, `active`, `created_at`, `updated_at`) VALUES ('EG','{\"en\":\"Abū Tīj\"}',31.32,27.05,'P','PPL','EG.17',NULL,71257,'Africa/Cairo',1,'2019-12-03 23:00:00','2019-12-03 23:00:00');
INSERT INTO `__PREFIX__cities` (`country_code`, `name`, `longitude`, `latitude`, `feature_class`, `feature_code`, `subadmin1_code`, `subadmin2_code`, `population`, `time_zone`, `active`, `created_at`, `updated_at`) VALUES ('EG','{\"en\":\"Abū Qurqāş\"}',30.84,27.93,'P','PPL','EG.10',NULL,61182,'Africa/Cairo',1,'2020-06-10 23:00:00','2020-06-10 23:00:00');
INSERT INTO `__PREFIX__cities` (`country_code`, `name`, `longitude`, `latitude`, `feature_class`, `feature_code`, `subadmin1_code`, `subadmin2_code`, `population`, `time_zone`, `active`, `created_at`, `updated_at`) VALUES ('EG','{\"en\":\"Abū Kabīr\"}',31.67,30.73,'P','PPL','EG.14',NULL,100684,'Africa/Cairo',1,'2012-01-18 23:00:00','2012-01-18 23:00:00');
INSERT INTO `__PREFIX__cities` (`country_code`, `name`, `longitude`, `latitude`, `feature_class`, `feature_code`, `subadmin1_code`, `subadmin2_code`, `population`, `time_zone`, `active`, `created_at`, `updated_at`) VALUES ('EG','{\"en\":\"Abū al Maţāmīr\"}',30.17,30.91,'P','PPL','EG.03',NULL,41302,'Africa/Cairo',1,'2018-03-14 23:00:00','2018-03-14 23:00:00');
INSERT INTO `__PREFIX__cities` (`country_code`, `name`, `longitude`, `latitude`, `feature_class`, `feature_code`, `subadmin1_code`, `subadmin2_code`, `population`, `time_zone`, `active`, `created_at`, `updated_at`) VALUES ('EG','{\"en\":\"Abnūb\"}',31.15,27.27,'P','PPL','EG.17',NULL,68749,'Africa/Cairo',1,'2021-12-04 23:00:00','2021-12-04 23:00:00');
INSERT INTO `__PREFIX__cities` (`country_code`, `name`, `longitude`, `latitude`, `feature_class`, `feature_code`, `subadmin1_code`, `subadmin2_code`, `population`, `time_zone`, `active`, `created_at`, `updated_at`) VALUES ('EG','{\"en\":\"Az Zarqā\"}',31.64,31.21,'P','PPL','EG.20',NULL,40010,'Africa/Cairo',1,'2013-07-06 23:00:00','2013-07-06 23:00:00');
INSERT INTO `__PREFIX__cities` (`country_code`, `name`, `longitude`, `latitude`, `feature_class`, `feature_code`, `subadmin1_code`, `subadmin2_code`, `population`, `time_zone`, `active`, `created_at`, `updated_at`) VALUES ('EG','{\"en\":\"El Gouna\"}',33.68,27.39,'P','PPL','EG.02',NULL,15000,'Africa/Cairo',1,'2016-09-22 23:00:00','2016-09-22 23:00:00');
INSERT INTO `__PREFIX__cities` (`country_code`, `name`, `longitude`, `latitude`, `feature_class`, `feature_code`, `subadmin1_code`, `subadmin2_code`, `population`, `time_zone`, `active`, `created_at`, `updated_at`) VALUES ('EG','{\"en\":\"Ain Sukhna\"}',32.32,29.60,'P','PPL','EG.15',NULL,45552,'Africa/Cairo',1,'2016-09-19 23:00:00','2016-09-19 23:00:00');
INSERT INTO `__PREFIX__cities` (`country_code`, `name`, `longitude`, `latitude`, `feature_class`, `feature_code`, `subadmin1_code`, `subadmin2_code`, `population`, `time_zone`, `active`, `created_at`, `updated_at`) VALUES ('EG','{\"en\":\"New Cairo\"}',31.47,30.03,'P','PPL','EG.11',NULL,200000,'Africa/Cairo',1,'2017-12-05 23:00:00','2017-12-05 23:00:00');
/*!40000 ALTER TABLE `__PREFIX__cities` ENABLE KEYS */;
/*!40103 SET TIME_ZONE=@OLD_TIME_ZONE */;

/*!40101 SET SQL_MODE=@OLD_SQL_MODE */;
/*!40014 SET FOREIGN_KEY_CHECKS=@OLD_FOREIGN_KEY_CHECKS */;
/*!40014 SET UNIQUE_CHECKS=@OLD_UNIQUE_CHECKS */;
/*!40101 SET CHARACTER_SET_CLIENT=@OLD_CHARACTER_SET_CLIENT */;
/*!40101 SET CHARACTER_SET_RESULTS=@OLD_CHARACTER_SET_RESULTS */;
/*!40101 SET COLLATION_CONNECTION=@OLD_COLLATION_CONNECTION */;
/*!40111 SET SQL_NOTES=@OLD_SQL_NOTES */;

-- Dump completed
