-- MySQL dump 10.13  Distrib 5.7.34, for osx10.12 (x86_64)
--
-- Host: 127.0.0.1    Database: laraclassifier
-- ------------------------------------------------------
-- Server version	5.7.34

/*!40101 SET @OLD_CHARACTER_SET_CLIENT=@@CHARACTER_SET_CLIENT */;
/*!40101 SET @OLD_CHARACTER_SET_RESULTS=@@CHARACTER_SET_RESULTS */;
/*!40101 SET @OLD_COLLATION_CONNECTION=@@COLLATION_CONNECTION */;
/*!40101 SET NAMES utf8 */;
/*!40103 SET @OLD_TIME_ZONE=@@TIME_ZONE */;
/*!40103 SET TIME_ZONE='+00:00' */;
/*!40014 SET @OLD_UNIQUE_CHECKS=@@UNIQUE_CHECKS, UNIQUE_CHECKS=0 */;
/*!40014 SET @OLD_FOREIGN_KEY_CHECKS=@@FOREIGN_KEY_CHECKS, FOREIGN_KEY_CHECKS=0 */;
/*!40101 SET @OLD_SQL_MODE=@@SQL_MODE, SQL_MODE='NO_AUTO_VALUE_ON_ZERO' */;
/*!40111 SET @OLD_SQL_NOTES=@@SQL_NOTES, SQL_NOTES=0 */;

--
-- Dumping data for table `__PREFIX__subadmin1`
--

/*!40000 ALTER TABLE `__PREFIX__subadmin1` DISABLE KEYS */;
INSERT INTO `__PREFIX__subadmin1` (`code`, `country_code`, `name`, `active`) VALUES ('ET.44','ET','{\"en\":\"Addis Ababa\"}',1);
INSERT INTO `__PREFIX__subadmin1` (`code`, `country_code`, `name`, `active`) VALUES ('ET.45','ET','{\"en\":\"Āfar\"}',1);
INSERT INTO `__PREFIX__subadmin1` (`code`, `country_code`, `name`, `active`) VALUES ('ET.46','ET','{\"en\":\"Amhara\"}',1);
INSERT INTO `__PREFIX__subadmin1` (`code`, `country_code`, `name`, `active`) VALUES ('ET.47','ET','{\"en\":\"Bīnshangul Gumuz\"}',1);
INSERT INTO `__PREFIX__subadmin1` (`code`, `country_code`, `name`, `active`) VALUES ('ET.48','ET','{\"en\":\"Dire Dawa\"}',1);
INSERT INTO `__PREFIX__subadmin1` (`code`, `country_code`, `name`, `active`) VALUES ('ET.49','ET','{\"en\":\"Gambela\"}',1);
INSERT INTO `__PREFIX__subadmin1` (`code`, `country_code`, `name`, `active`) VALUES ('ET.50','ET','{\"en\":\"Harari\"}',1);
INSERT INTO `__PREFIX__subadmin1` (`code`, `country_code`, `name`, `active`) VALUES ('ET.51','ET','{\"en\":\"Oromiya\"}',1);
INSERT INTO `__PREFIX__subadmin1` (`code`, `country_code`, `name`, `active`) VALUES ('ET.52','ET','{\"en\":\"Somali\"}',1);
INSERT INTO `__PREFIX__subadmin1` (`code`, `country_code`, `name`, `active`) VALUES ('ET.53','ET','{\"en\":\"Tigray\"}',1);
INSERT INTO `__PREFIX__subadmin1` (`code`, `country_code`, `name`, `active`) VALUES ('ET.54','ET','{\"en\":\"SNNPR\"}',1);
/*!40000 ALTER TABLE `__PREFIX__subadmin1` ENABLE KEYS */;

--
-- Dumping data for table `__PREFIX__subadmin2`
--

/*!40000 ALTER TABLE `__PREFIX__subadmin2` DISABLE KEYS */;
INSERT INTO `__PREFIX__subadmin2` (`code`, `country_code`, `subadmin1_code`, `name`, `active`) VALUES ('ET.54.326423','ET','ET.54','{\"en\":\"Wolayita Zone\"}',1);
INSERT INTO `__PREFIX__subadmin2` (`code`, `country_code`, `subadmin1_code`, `name`, `active`) VALUES ('ET.47.330790','ET','ET.47','{\"en\":\"Metekel Āwraja\"}',1);
INSERT INTO `__PREFIX__subadmin2` (`code`, `country_code`, `subadmin1_code`, `name`, `active`) VALUES ('ET.54.331677','ET','ET.54','{\"en\":\"Bench Maji Zone\"}',1);
INSERT INTO `__PREFIX__subadmin2` (`code`, `country_code`, `subadmin1_code`, `name`, `active`) VALUES ('ET.54.333384','ET','ET.54','{\"en\":\"Hadiya Zone\"}',1);
INSERT INTO `__PREFIX__subadmin2` (`code`, `country_code`, `subadmin1_code`, `name`, `active`) VALUES ('ET.54.333465','ET','ET.54','{\"en\":\"Kaffa Zone\"}',1);
INSERT INTO `__PREFIX__subadmin2` (`code`, `country_code`, `subadmin1_code`, `name`, `active`) VALUES ('ET.51.333766','ET','ET.51','{\"en\":\"Jimma Zone\"}',1);
INSERT INTO `__PREFIX__subadmin2` (`code`, `country_code`, `subadmin1_code`, `name`, `active`) VALUES ('ET.52.338829','ET','ET.52','{\"en\":\"Dire Dawa Zone\"}',1);
INSERT INTO `__PREFIX__subadmin2` (`code`, `country_code`, `subadmin1_code`, `name`, `active`) VALUES ('ET.54.341021','ET','ET.54','{\"en\":\"Guraghe Zone\"}',1);
INSERT INTO `__PREFIX__subadmin2` (`code`, `country_code`, `subadmin1_code`, `name`, `active`) VALUES ('ET.47.343291','ET','ET.47','{\"en\":\"Asosa\"}',1);
INSERT INTO `__PREFIX__subadmin2` (`code`, `country_code`, `subadmin1_code`, `name`, `active`) VALUES ('ET.51.343450','ET','ET.51','{\"en\":\"Arsi Zone\"}',1);
INSERT INTO `__PREFIX__subadmin2` (`code`, `country_code`, `subadmin1_code`, `name`, `active`) VALUES ('ET.45.7646394','ET','ET.45','{\"en\":\"Pemba District\"}',1);
INSERT INTO `__PREFIX__subadmin2` (`code`, `country_code`, `subadmin1_code`, `name`, `active`) VALUES ('ET.51.7648477','ET','ET.51','{\"en\":\"Misraq Shewa\"}',1);
INSERT INTO `__PREFIX__subadmin2` (`code`, `country_code`, `subadmin1_code`, `name`, `active`) VALUES ('ET.53.7667868','ET','ET.53','{\"en\":\"Southern Tigray Zone\"}',1);
INSERT INTO `__PREFIX__subadmin2` (`code`, `country_code`, `subadmin1_code`, `name`, `active`) VALUES ('ET.54.7667869','ET','ET.54','{\"en\":\"Alaba Special Wereda\"}',1);
INSERT INTO `__PREFIX__subadmin2` (`code`, `country_code`, `subadmin1_code`, `name`, `active`) VALUES ('ET.54.7667870','ET','ET.54','{\"en\":\"Kembata Alaba Tembaro Zone\"}',1);
INSERT INTO `__PREFIX__subadmin2` (`code`, `country_code`, `subadmin1_code`, `name`, `active`) VALUES ('ET.54.7670680','ET','ET.54','{\"en\":\"Yem\"}',1);
INSERT INTO `__PREFIX__subadmin2` (`code`, `country_code`, `subadmin1_code`, `name`, `active`) VALUES ('ET.51.7670714','ET','ET.51','{\"en\":\"North Shewa Zone\"}',1);
INSERT INTO `__PREFIX__subadmin2` (`code`, `country_code`, `subadmin1_code`, `name`, `active`) VALUES ('ET.51.7670715','ET','ET.51','{\"en\":\"West Shewa Zone\"}',1);
INSERT INTO `__PREFIX__subadmin2` (`code`, `country_code`, `subadmin1_code`, `name`, `active`) VALUES ('ET.51.7670717','ET','ET.51','{\"en\":\"South West Shewa\"}',1);
INSERT INTO `__PREFIX__subadmin2` (`code`, `country_code`, `subadmin1_code`, `name`, `active`) VALUES ('ET.51.7670720','ET','ET.51','{\"en\":\"East Shewa Zone\"}',1);
INSERT INTO `__PREFIX__subadmin2` (`code`, `country_code`, `subadmin1_code`, `name`, `active`) VALUES ('ET.51.7670721','ET','ET.51','{\"en\":\"East Wellega Zone\"}',1);
INSERT INTO `__PREFIX__subadmin2` (`code`, `country_code`, `subadmin1_code`, `name`, `active`) VALUES ('ET.46.7670722','ET','ET.46','{\"en\":\"West Gojjam Zone\"}',1);
INSERT INTO `__PREFIX__subadmin2` (`code`, `country_code`, `subadmin1_code`, `name`, `active`) VALUES ('ET.46.7670724','ET','ET.46','{\"en\":\"East Gojjam Zone\"}',1);
INSERT INTO `__PREFIX__subadmin2` (`code`, `country_code`, `subadmin1_code`, `name`, `active`) VALUES ('ET.46.7670725','ET','ET.46','{\"en\":\"Awi\"}',1);
INSERT INTO `__PREFIX__subadmin2` (`code`, `country_code`, `subadmin1_code`, `name`, `active`) VALUES ('ET.46.7670726','ET','ET.46','{\"en\":\"North Gondar Zone\"}',1);
INSERT INTO `__PREFIX__subadmin2` (`code`, `country_code`, `subadmin1_code`, `name`, `active`) VALUES ('ET.54.7670728','ET','ET.54','{\"en\":\"Siltie Zone\"}',1);
INSERT INTO `__PREFIX__subadmin2` (`code`, `country_code`, `subadmin1_code`, `name`, `active`) VALUES ('ET.54.7670729','ET','ET.54','{\"en\":\"Dawuro\"}',1);
INSERT INTO `__PREFIX__subadmin2` (`code`, `country_code`, `subadmin1_code`, `name`, `active`) VALUES ('ET.54.7670732','ET','ET.54','{\"en\":\"Gedeo Zone\"}',1);
INSERT INTO `__PREFIX__subadmin2` (`code`, `country_code`, `subadmin1_code`, `name`, `active`) VALUES ('ET.54.7729829','ET','ET.54','{\"en\":\"South Omo\"}',1);
INSERT INTO `__PREFIX__subadmin2` (`code`, `country_code`, `subadmin1_code`, `name`, `active`) VALUES ('ET.51.7732039','ET','ET.51','{\"en\":\"Borena Zone\"}',1);
INSERT INTO `__PREFIX__subadmin2` (`code`, `country_code`, `subadmin1_code`, `name`, `active`) VALUES ('ET.46.7732961','ET','ET.46','{\"en\":\"South Wollo Zone\"}',1);
INSERT INTO `__PREFIX__subadmin2` (`code`, `country_code`, `subadmin1_code`, `name`, `active`) VALUES ('ET.51.7732965','ET','ET.51','{\"en\":\"Illubabor Zone\"}',1);
INSERT INTO `__PREFIX__subadmin2` (`code`, `country_code`, `subadmin1_code`, `name`, `active`) VALUES ('ET.51.7732966','ET','ET.51','{\"en\":\"West Wellega Zone\"}',1);
INSERT INTO `__PREFIX__subadmin2` (`code`, `country_code`, `subadmin1_code`, `name`, `active`) VALUES ('ET.49.7732967','ET','ET.49','{\"en\":\"Administrative Zone 1\"}',1);
INSERT INTO `__PREFIX__subadmin2` (`code`, `country_code`, `subadmin1_code`, `name`, `active`) VALUES ('ET.45.7732968','ET','ET.45','{\"en\":\"Administrative Zone 3\"}',1);
INSERT INTO `__PREFIX__subadmin2` (`code`, `country_code`, `subadmin1_code`, `name`, `active`) VALUES ('ET.51.7732969','ET','ET.51','{\"en\":\"West Harerghe Zone\"}',1);
INSERT INTO `__PREFIX__subadmin2` (`code`, `country_code`, `subadmin1_code`, `name`, `active`) VALUES ('ET.51.7732970','ET','ET.51','{\"en\":\"East Harerghe Zone\"}',1);
INSERT INTO `__PREFIX__subadmin2` (`code`, `country_code`, `subadmin1_code`, `name`, `active`) VALUES ('ET.52.7732971','ET','ET.52','{\"en\":\"Shinile Zone\"}',1);
INSERT INTO `__PREFIX__subadmin2` (`code`, `country_code`, `subadmin1_code`, `name`, `active`) VALUES ('ET.44.7733020','ET','ET.44','{\"en\":\"Addis Ababa Zone 1\"}',1);
INSERT INTO `__PREFIX__subadmin2` (`code`, `country_code`, `subadmin1_code`, `name`, `active`) VALUES ('ET.44.7733021','ET','ET.44','{\"en\":\"Addis Ababa Zone 2\"}',1);
INSERT INTO `__PREFIX__subadmin2` (`code`, `country_code`, `subadmin1_code`, `name`, `active`) VALUES ('ET.44.7733022','ET','ET.44','{\"en\":\"Addis Ababa Zone 3\"}',1);
INSERT INTO `__PREFIX__subadmin2` (`code`, `country_code`, `subadmin1_code`, `name`, `active`) VALUES ('ET.44.7733023','ET','ET.44','{\"en\":\"Addis Ababa Zone 6\"}',1);
INSERT INTO `__PREFIX__subadmin2` (`code`, `country_code`, `subadmin1_code`, `name`, `active`) VALUES ('ET.51.7839144','ET','ET.51','{\"en\":\"Bale\"}',1);
INSERT INTO `__PREFIX__subadmin2` (`code`, `country_code`, `subadmin1_code`, `name`, `active`) VALUES ('ET.46.7869861','ET','ET.46','{\"en\":\"South Gondar Zone\"}',1);
INSERT INTO `__PREFIX__subadmin2` (`code`, `country_code`, `subadmin1_code`, `name`, `active`) VALUES ('ET.46.7869862','ET','ET.46','{\"en\":\"North Wollo Zone\"}',1);
INSERT INTO `__PREFIX__subadmin2` (`code`, `country_code`, `subadmin1_code`, `name`, `active`) VALUES ('ET.53.7869875','ET','ET.53','{\"en\":\"Central Tigray Zone\"}',1);
INSERT INTO `__PREFIX__subadmin2` (`code`, `country_code`, `subadmin1_code`, `name`, `active`) VALUES ('ET.53.7869879','ET','ET.53','{\"en\":\"Eastern Tigray Zone\"}',1);
INSERT INTO `__PREFIX__subadmin2` (`code`, `country_code`, `subadmin1_code`, `name`, `active`) VALUES ('ET.53.7869945','ET','ET.53','{\"en\":\"North Western Tigray\"}',1);
INSERT INTO `__PREFIX__subadmin2` (`code`, `country_code`, `subadmin1_code`, `name`, `active`) VALUES ('ET.47.7874607','ET','ET.47','{\"en\":\"Metekel\"}',1);
INSERT INTO `__PREFIX__subadmin2` (`code`, `country_code`, `subadmin1_code`, `name`, `active`) VALUES ('ET.46.8051207','ET','ET.46','{\"en\":\"North Shewa Zone\"}',1);
INSERT INTO `__PREFIX__subadmin2` (`code`, `country_code`, `subadmin1_code`, `name`, `active`) VALUES ('ET.46.8051209','ET','ET.46','{\"en\":\"Wag Hemra Zone\"}',1);
INSERT INTO `__PREFIX__subadmin2` (`code`, `country_code`, `subadmin1_code`, `name`, `active`) VALUES ('ET.44.8051210','ET','ET.44','{\"en\":\"Addis Ababa Zone 5\"}',1);
INSERT INTO `__PREFIX__subadmin2` (`code`, `country_code`, `subadmin1_code`, `name`, `active`) VALUES ('ET.54.8260659','ET','ET.54','{\"en\":\"Keficho Shekicho Zone\"}',1);
INSERT INTO `__PREFIX__subadmin2` (`code`, `country_code`, `subadmin1_code`, `name`, `active`) VALUES ('ET.54.8299784','ET','ET.54','{\"en\":\"Sidama Zone\"}',1);
INSERT INTO `__PREFIX__subadmin2` (`code`, `country_code`, `subadmin1_code`, `name`, `active`) VALUES ('ET.51.8299785','ET','ET.51','{\"en\":\"Guji Zone\"}',1);
INSERT INTO `__PREFIX__subadmin2` (`code`, `country_code`, `subadmin1_code`, `name`, `active`) VALUES ('ET.51.8606578','ET','ET.51','{\"en\":\"Gimbichu\"}',1);
INSERT INTO `__PREFIX__subadmin2` (`code`, `country_code`, `subadmin1_code`, `name`, `active`) VALUES ('ET.45.8643576','ET','ET.45','{\"en\":\"Administrative Zone 1\"}',1);
INSERT INTO `__PREFIX__subadmin2` (`code`, `country_code`, `subadmin1_code`, `name`, `active`) VALUES ('ET.53.8643579','ET','ET.53','{\"en\":\"Mekelle\"}',1);
INSERT INTO `__PREFIX__subadmin2` (`code`, `country_code`, `subadmin1_code`, `name`, `active`) VALUES ('ET.45.8643583','ET','ET.45','{\"en\":\"Administrative Zone 2\"}',1);
INSERT INTO `__PREFIX__subadmin2` (`code`, `country_code`, `subadmin1_code`, `name`, `active`) VALUES ('ET.45.8643588','ET','ET.45','{\"en\":\"Administrative Zone 4\"}',1);
INSERT INTO `__PREFIX__subadmin2` (`code`, `country_code`, `subadmin1_code`, `name`, `active`) VALUES ('ET.45.8643592','ET','ET.45','{\"en\":\"Administrative Zone 5\"}',1);
INSERT INTO `__PREFIX__subadmin2` (`code`, `country_code`, `subadmin1_code`, `name`, `active`) VALUES ('ET.52.8643822','ET','ET.52','{\"en\":\"Liben zone\"}',1);
INSERT INTO `__PREFIX__subadmin2` (`code`, `country_code`, `subadmin1_code`, `name`, `active`) VALUES ('ET.53.8643826','ET','ET.53','{\"en\":\"Mi\'irabawi Zone\"}',1);
INSERT INTO `__PREFIX__subadmin2` (`code`, `country_code`, `subadmin1_code`, `name`, `active`) VALUES ('ET.54.9159975','ET','ET.54','{\"en\":\"Gamo Gofa Zone\"}',1);
INSERT INTO `__PREFIX__subadmin2` (`code`, `country_code`, `subadmin1_code`, `name`, `active`) VALUES ('ET.46.9165721','ET','ET.46','{\"en\":\"Oromia Zone\"}',1);
INSERT INTO `__PREFIX__subadmin2` (`code`, `country_code`, `subadmin1_code`, `name`, `active`) VALUES ('ET.52.9410038','ET','ET.52','{\"en\":\"Afder Zone\"}',1);
INSERT INTO `__PREFIX__subadmin2` (`code`, `country_code`, `subadmin1_code`, `name`, `active`) VALUES ('ET.54.9410112','ET','ET.54','{\"en\":\"Basketo Special Woreda\"}',1);
INSERT INTO `__PREFIX__subadmin2` (`code`, `country_code`, `subadmin1_code`, `name`, `active`) VALUES ('ET.54.9410266','ET','ET.54','{\"en\":\"Amaro Special Woreda\"}',1);
INSERT INTO `__PREFIX__subadmin2` (`code`, `country_code`, `subadmin1_code`, `name`, `active`) VALUES ('ET.54.9410393','ET','ET.54','{\"en\":\"Dirashe Special Woreda\"}',1);
INSERT INTO `__PREFIX__subadmin2` (`code`, `country_code`, `subadmin1_code`, `name`, `active`) VALUES ('ET.54.9410442','ET','ET.54','{\"en\":\"Konso Special Woreda\"}',1);
INSERT INTO `__PREFIX__subadmin2` (`code`, `country_code`, `subadmin1_code`, `name`, `active`) VALUES ('ET.54.9410501','ET','ET.54','{\"en\":\"Burji Special Woreda\"}',1);
INSERT INTO `__PREFIX__subadmin2` (`code`, `country_code`, `subadmin1_code`, `name`, `active`) VALUES ('ET.47.10303651','ET','ET.47','{\"en\":\"Kamashi Zone\"}',1);
INSERT INTO `__PREFIX__subadmin2` (`code`, `country_code`, `subadmin1_code`, `name`, `active`) VALUES ('ET.52.10376670','ET','ET.52','{\"en\":\"Dollo\"}',1);
INSERT INTO `__PREFIX__subadmin2` (`code`, `country_code`, `subadmin1_code`, `name`, `active`) VALUES ('ET.54.10377041','ET','ET.54','{\"en\":\"South Omo Zone\"}',1);
INSERT INTO `__PREFIX__subadmin2` (`code`, `country_code`, `subadmin1_code`, `name`, `active`) VALUES ('ET.52.10395468','ET','ET.52','{\"en\":\"Gode Zone\"}',1);
INSERT INTO `__PREFIX__subadmin2` (`code`, `country_code`, `subadmin1_code`, `name`, `active`) VALUES ('ET.52.10399848','ET','ET.52','{\"en\":\"Degehabur Zone\"}',1);
INSERT INTO `__PREFIX__subadmin2` (`code`, `country_code`, `subadmin1_code`, `name`, `active`) VALUES ('ET.52.10400171','ET','ET.52','{\"en\":\"Fafan\"}',1);
INSERT INTO `__PREFIX__subadmin2` (`code`, `country_code`, `subadmin1_code`, `name`, `active`) VALUES ('ET.53.11153778','ET','ET.53','{\"en\":\"Southeastern Tigray Zone\"}',1);
INSERT INTO `__PREFIX__subadmin2` (`code`, `country_code`, `subadmin1_code`, `name`, `active`) VALUES ('ET.53.11750806','ET','ET.53','{\"en\":\"Western\"}',1);
INSERT INTO `__PREFIX__subadmin2` (`code`, `country_code`, `subadmin1_code`, `name`, `active`) VALUES ('ET.46.11750807','ET','ET.46','{\"en\":\"North Gonder\"}',1);
INSERT INTO `__PREFIX__subadmin2` (`code`, `country_code`, `subadmin1_code`, `name`, `active`) VALUES ('ET.46.11750808','ET','ET.46','{\"en\":\"Wag Himra\"}',1);
INSERT INTO `__PREFIX__subadmin2` (`code`, `country_code`, `subadmin1_code`, `name`, `active`) VALUES ('ET.46.11750809','ET','ET.46','{\"en\":\"West Gojam\"}',1);
INSERT INTO `__PREFIX__subadmin2` (`code`, `country_code`, `subadmin1_code`, `name`, `active`) VALUES ('ET.46.11750810','ET','ET.46','{\"en\":\"East Gojam\"}',1);
INSERT INTO `__PREFIX__subadmin2` (`code`, `country_code`, `subadmin1_code`, `name`, `active`) VALUES ('ET.46.11750811','ET','ET.46','{\"en\":\"South Gonder\"}',1);
INSERT INTO `__PREFIX__subadmin2` (`code`, `country_code`, `subadmin1_code`, `name`, `active`) VALUES ('ET.46.11750812','ET','ET.46','{\"en\":\"Oromiya\"}',1);
INSERT INTO `__PREFIX__subadmin2` (`code`, `country_code`, `subadmin1_code`, `name`, `active`) VALUES ('ET.47.11750813','ET','ET.47','{\"en\":\"Kemashi\"}',1);
INSERT INTO `__PREFIX__subadmin2` (`code`, `country_code`, `subadmin1_code`, `name`, `active`) VALUES ('ET.49.11750817','ET','ET.49','{\"en\":\"Nuer Zone\"}',1);
INSERT INTO `__PREFIX__subadmin2` (`code`, `country_code`, `subadmin1_code`, `name`, `active`) VALUES ('ET.49.11750818','ET','ET.49','{\"en\":\"Anywaa Zone\"}',1);
INSERT INTO `__PREFIX__subadmin2` (`code`, `country_code`, `subadmin1_code`, `name`, `active`) VALUES ('ET.49.11750819','ET','ET.49','{\"en\":\"Majang Zone\"}',1);
INSERT INTO `__PREFIX__subadmin2` (`code`, `country_code`, `subadmin1_code`, `name`, `active`) VALUES ('ET.54.11750820','ET','ET.54','{\"en\":\"Sheka Zone\"}',1);
INSERT INTO `__PREFIX__subadmin2` (`code`, `country_code`, `subadmin1_code`, `name`, `active`) VALUES ('ET.54.11750821','ET','ET.54','{\"en\":\"Konta\"}',1);
INSERT INTO `__PREFIX__subadmin2` (`code`, `country_code`, `subadmin1_code`, `name`, `active`) VALUES ('ET.54.11750822','ET','ET.54','{\"en\":\"Dawro\"}',1);
INSERT INTO `__PREFIX__subadmin2` (`code`, `country_code`, `subadmin1_code`, `name`, `active`) VALUES ('ET.54.11750824','ET','ET.54','{\"en\":\"Segen Peoples\"}',1);
INSERT INTO `__PREFIX__subadmin2` (`code`, `country_code`, `subadmin1_code`, `name`, `active`) VALUES ('ET.54.11750825','ET','ET.54','{\"en\":\"Gedio\"}',1);
INSERT INTO `__PREFIX__subadmin2` (`code`, `country_code`, `subadmin1_code`, `name`, `active`) VALUES ('ET.54.11750826','ET','ET.54','{\"en\":\"Selti\"}',1);
INSERT INTO `__PREFIX__subadmin2` (`code`, `country_code`, `subadmin1_code`, `name`, `active`) VALUES ('ET.51.11750827','ET','ET.51','{\"en\":\"Kellem Wellega\"}',1);
INSERT INTO `__PREFIX__subadmin2` (`code`, `country_code`, `subadmin1_code`, `name`, `active`) VALUES ('ET.51.11750828','ET','ET.51','{\"en\":\"Ilubabor\"}',1);
INSERT INTO `__PREFIX__subadmin2` (`code`, `country_code`, `subadmin1_code`, `name`, `active`) VALUES ('ET.51.11750829','ET','ET.51','{\"en\":\"Horo Guduru\"}',1);
INSERT INTO `__PREFIX__subadmin2` (`code`, `country_code`, `subadmin1_code`, `name`, `active`) VALUES ('ET.51.11750830','ET','ET.51','{\"en\":\"West Harerge\"}',1);
INSERT INTO `__PREFIX__subadmin2` (`code`, `country_code`, `subadmin1_code`, `name`, `active`) VALUES ('ET.51.11750831','ET','ET.51','{\"en\":\"East Harerge\"}',1);
INSERT INTO `__PREFIX__subadmin2` (`code`, `country_code`, `subadmin1_code`, `name`, `active`) VALUES ('ET.52.11750832','ET','ET.52','{\"en\":\"Siti\"}',1);
INSERT INTO `__PREFIX__subadmin2` (`code`, `country_code`, `subadmin1_code`, `name`, `active`) VALUES ('ET.52.11750833','ET','ET.52','{\"en\":\"Nogob\"}',1);
INSERT INTO `__PREFIX__subadmin2` (`code`, `country_code`, `subadmin1_code`, `name`, `active`) VALUES ('ET.52.11750834','ET','ET.52','{\"en\":\"Doolo\"}',1);
INSERT INTO `__PREFIX__subadmin2` (`code`, `country_code`, `subadmin1_code`, `name`, `active`) VALUES ('ET.52.11750835','ET','ET.52','{\"en\":\"Korahe\"}',1);
INSERT INTO `__PREFIX__subadmin2` (`code`, `country_code`, `subadmin1_code`, `name`, `active`) VALUES ('ET.52.11750836','ET','ET.52','{\"en\":\"Shabelle\"}',1);
INSERT INTO `__PREFIX__subadmin2` (`code`, `country_code`, `subadmin1_code`, `name`, `active`) VALUES ('ET.51.11750837','ET','ET.51','{\"en\":\"Southwest Shuwa\"}',1);
INSERT INTO `__PREFIX__subadmin2` (`code`, `country_code`, `subadmin1_code`, `name`, `active`) VALUES ('ET.50.11750838','ET','ET.50','{\"en\":\"Harari\"}',1);
INSERT INTO `__PREFIX__subadmin2` (`code`, `country_code`, `subadmin1_code`, `name`, `active`) VALUES ('ET.44.11750840','ET','ET.44','{\"en\":\"Kolfe Keranyo\"}',1);
INSERT INTO `__PREFIX__subadmin2` (`code`, `country_code`, `subadmin1_code`, `name`, `active`) VALUES ('ET.44.11750841','ET','ET.44','{\"en\":\"Akaki Kaliti\"}',1);
INSERT INTO `__PREFIX__subadmin2` (`code`, `country_code`, `subadmin1_code`, `name`, `active`) VALUES ('ET.44.11750842','ET','ET.44','{\"en\":\"Nefas Silk Lafto\"}',1);
INSERT INTO `__PREFIX__subadmin2` (`code`, `country_code`, `subadmin1_code`, `name`, `active`) VALUES ('ET.44.11750843','ET','ET.44','{\"en\":\"Bole\"}',1);
INSERT INTO `__PREFIX__subadmin2` (`code`, `country_code`, `subadmin1_code`, `name`, `active`) VALUES ('ET.44.11750844','ET','ET.44','{\"en\":\"Yeka\"}',1);
INSERT INTO `__PREFIX__subadmin2` (`code`, `country_code`, `subadmin1_code`, `name`, `active`) VALUES ('ET.44.11750845','ET','ET.44','{\"en\":\"Kirkos\"}',1);
INSERT INTO `__PREFIX__subadmin2` (`code`, `country_code`, `subadmin1_code`, `name`, `active`) VALUES ('ET.44.11750846','ET','ET.44','{\"en\":\"Gulele\"}',1);
INSERT INTO `__PREFIX__subadmin2` (`code`, `country_code`, `subadmin1_code`, `name`, `active`) VALUES ('ET.44.11750847','ET','ET.44','{\"en\":\"Arada\"}',1);
INSERT INTO `__PREFIX__subadmin2` (`code`, `country_code`, `subadmin1_code`, `name`, `active`) VALUES ('ET.44.11750848','ET','ET.44','{\"en\":\"Addis Ketema\"}',1);
INSERT INTO `__PREFIX__subadmin2` (`code`, `country_code`, `subadmin1_code`, `name`, `active`) VALUES ('ET.44.11750849','ET','ET.44','{\"en\":\"Lideta\"}',1);
INSERT INTO `__PREFIX__subadmin2` (`code`, `country_code`, `subadmin1_code`, `name`, `active`) VALUES ('ET.51.11750850','ET','ET.51','{\"en\":\"West Arsi\"}',1);
/*!40000 ALTER TABLE `__PREFIX__subadmin2` ENABLE KEYS */;

--
-- Dumping data for table `__PREFIX__cities`
--

/*!40000 ALTER TABLE `__PREFIX__cities` DISABLE KEYS */;
INSERT INTO `__PREFIX__cities` (`country_code`, `name`, `longitude`, `latitude`, `feature_class`, `feature_code`, `subadmin1_code`, `subadmin2_code`, `population`, `time_zone`, `active`, `created_at`, `updated_at`) VALUES ('ET','{\"en\":\"Ziway\"}',38.72,7.93,'P','PPL','ET.51',NULL,49416,'Africa/Addis_Ababa',1,'2012-01-18 23:00:00','2012-01-18 23:00:00');
INSERT INTO `__PREFIX__cities` (`country_code`, `name`, `longitude`, `latitude`, `feature_class`, `feature_code`, `subadmin1_code`, `subadmin2_code`, `population`, `time_zone`, `active`, `created_at`, `updated_at`) VALUES ('ET','{\"en\":\"Yirga ‘Alem\"}',38.42,6.75,'P','PPL','ET.54',NULL,36292,'Africa/Addis_Ababa',1,'2020-06-10 23:00:00','2020-06-10 23:00:00');
INSERT INTO `__PREFIX__cities` (`country_code`, `name`, `longitude`, `latitude`, `feature_class`, `feature_code`, `subadmin1_code`, `subadmin2_code`, `population`, `time_zone`, `active`, `created_at`, `updated_at`) VALUES ('ET','{\"en\":\"Yabēlo\"}',38.08,4.88,'P','PPL','ET.51',NULL,17819,'Africa/Addis_Ababa',1,'2020-06-10 23:00:00','2020-06-10 23:00:00');
INSERT INTO `__PREFIX__cities` (`country_code`, `name`, `longitude`, `latitude`, `feature_class`, `feature_code`, `subadmin1_code`, `subadmin2_code`, `population`, `time_zone`, `active`, `created_at`, `updated_at`) VALUES ('ET','{\"en\":\"Werota\"}',37.70,11.92,'P','PPL','ET.46',NULL,26813,'Africa/Addis_Ababa',1,'2012-01-18 23:00:00','2012-01-18 23:00:00');
INSERT INTO `__PREFIX__cities` (`country_code`, `name`, `longitude`, `latitude`, `feature_class`, `feature_code`, `subadmin1_code`, `subadmin2_code`, `population`, `time_zone`, `active`, `created_at`, `updated_at`) VALUES ('ET','{\"en\":\"Were Īlu\"}',39.44,10.59,'P','PPL','ET.46',NULL,7636,'Africa/Addis_Ababa',1,'2020-06-10 23:00:00','2020-06-10 23:00:00');
INSERT INTO `__PREFIX__cities` (`country_code`, `name`, `longitude`, `latitude`, `feature_class`, `feature_code`, `subadmin1_code`, `subadmin2_code`, `population`, `time_zone`, `active`, `created_at`, `updated_at`) VALUES ('ET','{\"en\":\"Wenjī\"}',39.28,8.45,'P','PPL','ET.51',NULL,17120,'Africa/Addis_Ababa',1,'2020-06-10 23:00:00','2020-06-10 23:00:00');
INSERT INTO `__PREFIX__cities` (`country_code`, `name`, `longitude`, `latitude`, `feature_class`, `feature_code`, `subadmin1_code`, `subadmin2_code`, `population`, `time_zone`, `active`, `created_at`, `updated_at`) VALUES ('ET','{\"en\":\"Wendo\"}',38.42,6.60,'P','PPL','ET.54',NULL,12945,'Africa/Addis_Ababa',1,'2012-01-18 23:00:00','2012-01-18 23:00:00');
INSERT INTO `__PREFIX__cities` (`country_code`, `name`, `longitude`, `latitude`, `feature_class`, `feature_code`, `subadmin1_code`, `subadmin2_code`, `population`, `time_zone`, `active`, `created_at`, `updated_at`) VALUES ('ET','{\"en\":\"Tulu Bolo\"}',38.22,8.67,'P','PPL','ET.51',NULL,10531,'Africa/Addis_Ababa',1,'2012-01-18 23:00:00','2012-01-18 23:00:00');
INSERT INTO `__PREFIX__cities` (`country_code`, `name`, `longitude`, `latitude`, `feature_class`, `feature_code`, `subadmin1_code`, `subadmin2_code`, `population`, `time_zone`, `active`, `created_at`, `updated_at`) VALUES ('ET','{\"en\":\"Tēpī\"}',35.45,7.20,'P','PPL','ET.54',NULL,24169,'Africa/Addis_Ababa',1,'2020-07-08 23:00:00','2020-07-08 23:00:00');
INSERT INTO `__PREFIX__cities` (`country_code`, `name`, `longitude`, `latitude`, `feature_class`, `feature_code`, `subadmin1_code`, `subadmin2_code`, `population`, `time_zone`, `active`, `created_at`, `updated_at`) VALUES ('ET','{\"en\":\"Sīrē\"}',39.48,8.32,'P','PPL','ET.51',NULL,10089,'Africa/Addis_Ababa',1,'2020-07-08 23:00:00','2020-07-08 23:00:00');
INSERT INTO `__PREFIX__cities` (`country_code`, `name`, `longitude`, `latitude`, `feature_class`, `feature_code`, `subadmin1_code`, `subadmin2_code`, `population`, `time_zone`, `active`, `created_at`, `updated_at`) VALUES ('ET','{\"en\":\"Shashemenē\"}',38.60,7.20,'P','PPL','ET.51',NULL,85871,'Africa/Addis_Ababa',1,'2020-06-10 23:00:00','2020-06-10 23:00:00');
INSERT INTO `__PREFIX__cities` (`country_code`, `name`, `longitude`, `latitude`, `feature_class`, `feature_code`, `subadmin1_code`, `subadmin2_code`, `population`, `time_zone`, `active`, `created_at`, `updated_at`) VALUES ('ET','{\"en\":\"Shambu\"}',37.10,9.57,'P','PPL','ET.51',NULL,15354,'Africa/Addis_Ababa',1,'2012-01-18 23:00:00','2012-01-18 23:00:00');
INSERT INTO `__PREFIX__cities` (`country_code`, `name`, `longitude`, `latitude`, `feature_class`, `feature_code`, `subadmin1_code`, `subadmin2_code`, `population`, `time_zone`, `active`, `created_at`, `updated_at`) VALUES ('ET','{\"en\":\"Shakiso\"}',38.91,5.76,'P','PPL','ET.51',NULL,34078,'Africa/Addis_Ababa',1,'2017-09-12 23:00:00','2017-09-12 23:00:00');
INSERT INTO `__PREFIX__cities` (`country_code`, `name`, `longitude`, `latitude`, `feature_class`, `feature_code`, `subadmin1_code`, `subadmin2_code`, `population`, `time_zone`, `active`, `created_at`, `updated_at`) VALUES ('ET','{\"en\":\"Sendafa\"}',39.02,9.15,'P','PPL','ET.51',NULL,7326,'Africa/Addis_Ababa',1,'2013-09-07 23:00:00','2013-09-07 23:00:00');
INSERT INTO `__PREFIX__cities` (`country_code`, `name`, `longitude`, `latitude`, `feature_class`, `feature_code`, `subadmin1_code`, `subadmin2_code`, `population`, `time_zone`, `active`, `created_at`, `updated_at`) VALUES ('ET','{\"en\":\"Sebeta\"}',38.62,8.92,'P','PPL','ET.51',NULL,19533,'Africa/Addis_Ababa',1,'2012-01-18 23:00:00','2012-01-18 23:00:00');
INSERT INTO `__PREFIX__cities` (`country_code`, `name`, `longitude`, `latitude`, `feature_class`, `feature_code`, `subadmin1_code`, `subadmin2_code`, `population`, `time_zone`, `active`, `created_at`, `updated_at`) VALUES ('ET','{\"en\":\"Robīt\"}',39.63,12.02,'P','PPL','ET.46',NULL,20679,'Africa/Addis_Ababa',1,'2006-01-26 23:00:00','2006-01-26 23:00:00');
INSERT INTO `__PREFIX__cities` (`country_code`, `name`, `longitude`, `latitude`, `feature_class`, `feature_code`, `subadmin1_code`, `subadmin2_code`, `population`, `time_zone`, `active`, `created_at`, `updated_at`) VALUES ('ET','{\"en\":\"Nejo\"}',35.50,9.50,'P','PPL','ET.51',NULL,20166,'Africa/Addis_Ababa',1,'2012-01-18 23:00:00','2012-01-18 23:00:00');
INSERT INTO `__PREFIX__cities` (`country_code`, `name`, `longitude`, `latitude`, `feature_class`, `feature_code`, `subadmin1_code`, `subadmin2_code`, `population`, `time_zone`, `active`, `created_at`, `updated_at`) VALUES ('ET','{\"en\":\"Nazrēt\"}',39.27,8.55,'P','PPL','ET.51',NULL,213995,'Africa/Addis_Ababa',1,'2020-06-10 23:00:00','2020-06-10 23:00:00');
INSERT INTO `__PREFIX__cities` (`country_code`, `name`, `longitude`, `latitude`, `feature_class`, `feature_code`, `subadmin1_code`, `subadmin2_code`, `population`, `time_zone`, `active`, `created_at`, `updated_at`) VALUES ('ET','{\"en\":\"Mojo\"}',39.12,8.59,'P','PPL','ET.51',NULL,34547,'Africa/Addis_Ababa',1,'2014-11-15 23:00:00','2014-11-15 23:00:00');
INSERT INTO `__PREFIX__cities` (`country_code`, `name`, `longitude`, `latitude`, `feature_class`, `feature_code`, `subadmin1_code`, `subadmin2_code`, `population`, `time_zone`, `active`, `created_at`, `updated_at`) VALUES ('ET','{\"en\":\"Mīzan Teferī\"}',35.59,7.00,'P','PPL','ET.54',NULL,14002,'Africa/Addis_Ababa',1,'2020-06-10 23:00:00','2020-06-10 23:00:00');
INSERT INTO `__PREFIX__cities` (`country_code`, `name`, `longitude`, `latitude`, `feature_class`, `feature_code`, `subadmin1_code`, `subadmin2_code`, `population`, `time_zone`, `active`, `created_at`, `updated_at`) VALUES ('ET','{\"en\":\"Metu\"}',35.58,8.30,'P','PPL','ET.51',NULL,29648,'Africa/Addis_Ababa',1,'2012-01-18 23:00:00','2012-01-18 23:00:00');
INSERT INTO `__PREFIX__cities` (`country_code`, `name`, `longitude`, `latitude`, `feature_class`, `feature_code`, `subadmin1_code`, `subadmin2_code`, `population`, `time_zone`, `active`, `created_at`, `updated_at`) VALUES ('ET','{\"en\":\"Metahāra\"}',39.92,8.90,'P','PPL','ET.51',NULL,23403,'Africa/Addis_Ababa',1,'2020-06-10 23:00:00','2020-06-10 23:00:00');
INSERT INTO `__PREFIX__cities` (`country_code`, `name`, `longitude`, `latitude`, `feature_class`, `feature_code`, `subadmin1_code`, `subadmin2_code`, `population`, `time_zone`, `active`, `created_at`, `updated_at`) VALUES ('ET','{\"en\":\"Mendī\"}',35.10,9.80,'P','PPL','ET.51',NULL,25239,'Africa/Addis_Ababa',1,'2020-06-10 23:00:00','2020-06-10 23:00:00');
INSERT INTO `__PREFIX__cities` (`country_code`, `name`, `longitude`, `latitude`, `feature_class`, `feature_code`, `subadmin1_code`, `subadmin2_code`, `population`, `time_zone`, `active`, `created_at`, `updated_at`) VALUES ('ET','{\"en\":\"Mek\'ele\"}',39.48,13.50,'P','PPLA','ET.53',NULL,215546,'Africa/Addis_Ababa',1,'2016-10-11 23:00:00','2016-10-11 23:00:00');
INSERT INTO `__PREFIX__cities` (`country_code`, `name`, `longitude`, `latitude`, `feature_class`, `feature_code`, `subadmin1_code`, `subadmin2_code`, `population`, `time_zone`, `active`, `created_at`, `updated_at`) VALUES ('ET','{\"en\":\"Mēga\"}',38.30,4.05,'P','PPL','ET.51',NULL,6884,'Africa/Addis_Ababa',1,'2020-06-10 23:00:00','2020-06-10 23:00:00');
INSERT INTO `__PREFIX__cities` (`country_code`, `name`, `longitude`, `latitude`, `feature_class`, `feature_code`, `subadmin1_code`, `subadmin2_code`, `population`, `time_zone`, `active`, `created_at`, `updated_at`) VALUES ('ET','{\"en\":\"Maych’ew\"}',39.54,12.79,'P','PPL','ET.53',NULL,27186,'Africa/Addis_Ababa',1,'2020-06-10 23:00:00','2020-06-10 23:00:00');
INSERT INTO `__PREFIX__cities` (`country_code`, `name`, `longitude`, `latitude`, `feature_class`, `feature_code`, `subadmin1_code`, `subadmin2_code`, `population`, `time_zone`, `active`, `created_at`, `updated_at`) VALUES ('ET','{\"en\":\"Leku\"}',38.44,6.87,'P','PPL','ET.54',NULL,11398,'Africa/Addis_Ababa',1,'2013-05-17 23:00:00','2013-05-17 23:00:00');
INSERT INTO `__PREFIX__cities` (`country_code`, `name`, `longitude`, `latitude`, `feature_class`, `feature_code`, `subadmin1_code`, `subadmin2_code`, `population`, `time_zone`, `active`, `created_at`, `updated_at`) VALUES ('ET','{\"en\":\"Lalībela\"}',39.05,12.03,'P','PPL','ET.46',NULL,11152,'Africa/Addis_Ababa',1,'2018-01-01 23:00:00','2018-01-01 23:00:00');
INSERT INTO `__PREFIX__cities` (`country_code`, `name`, `longitude`, `latitude`, `feature_class`, `feature_code`, `subadmin1_code`, `subadmin2_code`, `population`, `time_zone`, `active`, `created_at`, `updated_at`) VALUES ('ET','{\"en\":\"Korem\"}',39.52,12.51,'P','PPL','ET.53',NULL,30633,'Africa/Addis_Ababa',1,'2012-01-18 23:00:00','2012-01-18 23:00:00');
INSERT INTO `__PREFIX__cities` (`country_code`, `name`, `longitude`, `latitude`, `feature_class`, `feature_code`, `subadmin1_code`, `subadmin2_code`, `population`, `time_zone`, `active`, `created_at`, `updated_at`) VALUES ('ET','{\"en\":\"K’olīto\"}',38.08,7.32,'P','PPL','ET.54',NULL,25614,'Africa/Addis_Ababa',1,'2020-06-10 23:00:00','2020-06-10 23:00:00');
INSERT INTO `__PREFIX__cities` (`country_code`, `name`, `longitude`, `latitude`, `feature_class`, `feature_code`, `subadmin1_code`, `subadmin2_code`, `population`, `time_zone`, `active`, `created_at`, `updated_at`) VALUES ('ET','{\"en\":\"Kofelē\"}',38.78,7.07,'P','PPL','ET.51',NULL,9643,'Africa/Addis_Ababa',1,'2020-06-10 23:00:00','2020-06-10 23:00:00');
INSERT INTO `__PREFIX__cities` (`country_code`, `name`, `longitude`, `latitude`, `feature_class`, `feature_code`, `subadmin1_code`, `subadmin2_code`, `population`, `time_zone`, `active`, `created_at`, `updated_at`) VALUES ('ET','{\"en\":\"Kibre Mengist\"}',38.98,5.88,'P','PPL','ET.51',NULL,27854,'Africa/Addis_Ababa',1,'2012-01-18 23:00:00','2012-01-18 23:00:00');
INSERT INTO `__PREFIX__cities` (`country_code`, `name`, `longitude`, `latitude`, `feature_class`, `feature_code`, `subadmin1_code`, `subadmin2_code`, `population`, `time_zone`, `active`, `created_at`, `updated_at`) VALUES ('ET','{\"en\":\"Kemisē\"}',39.87,10.72,'P','PPL','ET.46',NULL,23861,'Africa/Addis_Ababa',1,'2020-06-10 23:00:00','2020-06-10 23:00:00');
INSERT INTO `__PREFIX__cities` (`country_code`, `name`, `longitude`, `latitude`, `feature_class`, `feature_code`, `subadmin1_code`, `subadmin2_code`, `population`, `time_zone`, `active`, `created_at`, `updated_at`) VALUES ('ET','{\"en\":\"Kombolcha\"}',39.74,11.08,'P','PPL','ET.46',NULL,93605,'Africa/Addis_Ababa',1,'2017-08-10 23:00:00','2017-08-10 23:00:00');
INSERT INTO `__PREFIX__cities` (`country_code`, `name`, `longitude`, `latitude`, `feature_class`, `feature_code`, `subadmin1_code`, `subadmin2_code`, `population`, `time_zone`, `active`, `created_at`, `updated_at`) VALUES ('ET','{\"en\":\"Jinka\"}',36.65,5.65,'P','PPL','ET.54',NULL,32115,'Africa/Addis_Ababa',1,'2012-01-18 23:00:00','2012-01-18 23:00:00');
INSERT INTO `__PREFIX__cities` (`country_code`, `name`, `longitude`, `latitude`, `feature_class`, `feature_code`, `subadmin1_code`, `subadmin2_code`, `population`, `time_zone`, `active`, `created_at`, `updated_at`) VALUES ('ET','{\"en\":\"Jimma\"}',36.83,7.67,'P','PPL','ET.51',NULL,128306,'Africa/Addis_Ababa',1,'2016-10-21 23:00:00','2016-10-21 23:00:00');
INSERT INTO `__PREFIX__cities` (`country_code`, `name`, `longitude`, `latitude`, `feature_class`, `feature_code`, `subadmin1_code`, `subadmin2_code`, `population`, `time_zone`, `active`, `created_at`, `updated_at`) VALUES ('ET','{\"en\":\"Jijiga\"}',42.80,9.35,'P','PPLA','ET.52',NULL,56821,'Africa/Addis_Ababa',1,'2014-08-19 23:00:00','2014-08-19 23:00:00');
INSERT INTO `__PREFIX__cities` (`country_code`, `name`, `longitude`, `latitude`, `feature_class`, `feature_code`, `subadmin1_code`, `subadmin2_code`, `population`, `time_zone`, `active`, `created_at`, `updated_at`) VALUES ('ET','{\"en\":\"Inda Silasē\"}',38.28,14.10,'P','PPL','ET.53',NULL,50078,'Africa/Addis_Ababa',1,'2020-06-10 23:00:00','2020-06-10 23:00:00');
INSERT INTO `__PREFIX__cities` (`country_code`, `name`, `longitude`, `latitude`, `feature_class`, `feature_code`, `subadmin1_code`, `subadmin2_code`, `population`, `time_zone`, `active`, `created_at`, `updated_at`) VALUES ('ET','{\"en\":\"Huruta\"}',39.35,8.15,'P','PPL','ET.51',NULL,12442,'Africa/Addis_Ababa',1,'2012-01-18 23:00:00','2012-01-18 23:00:00');
INSERT INTO `__PREFIX__cities` (`country_code`, `name`, `longitude`, `latitude`, `feature_class`, `feature_code`, `subadmin1_code`, `subadmin2_code`, `population`, `time_zone`, `active`, `created_at`, `updated_at`) VALUES ('ET','{\"en\":\"Hosa’ina\"}',37.85,7.55,'P','PPL','ET.54',NULL,75963,'Africa/Addis_Ababa',1,'2017-08-31 23:00:00','2017-08-31 23:00:00');
INSERT INTO `__PREFIX__cities` (`country_code`, `name`, `longitude`, `latitude`, `feature_class`, `feature_code`, `subadmin1_code`, `subadmin2_code`, `population`, `time_zone`, `active`, `created_at`, `updated_at`) VALUES ('ET','{\"en\":\"Hīrna\"}',41.10,9.22,'P','PPL','ET.51',NULL,12295,'Africa/Addis_Ababa',1,'2012-01-18 23:00:00','2012-01-18 23:00:00');
INSERT INTO `__PREFIX__cities` (`country_code`, `name`, `longitude`, `latitude`, `feature_class`, `feature_code`, `subadmin1_code`, `subadmin2_code`, `population`, `time_zone`, `active`, `created_at`, `updated_at`) VALUES ('ET','{\"en\":\"Harar\"}',42.12,9.31,'P','PPLA','ET.50',NULL,90218,'Africa/Addis_Ababa',1,'2019-09-04 23:00:00','2019-09-04 23:00:00');
INSERT INTO `__PREFIX__cities` (`country_code`, `name`, `longitude`, `latitude`, `feature_class`, `feature_code`, `subadmin1_code`, `subadmin2_code`, `population`, `time_zone`, `active`, `created_at`, `updated_at`) VALUES ('ET','{\"en\":\"Hāgere Selam\"}',38.52,6.48,'P','PPL','ET.54',NULL,5169,'Africa/Addis_Ababa',1,'2020-06-10 23:00:00','2020-06-10 23:00:00');
INSERT INTO `__PREFIX__cities` (`country_code`, `name`, `longitude`, `latitude`, `feature_class`, `feature_code`, `subadmin1_code`, `subadmin2_code`, `population`, `time_zone`, `active`, `created_at`, `updated_at`) VALUES ('ET','{\"en\":\"Hāgere Hiywet\"}',37.85,8.98,'P','PPL','ET.51',NULL,43920,'Africa/Addis_Ababa',1,'2020-06-10 23:00:00','2020-06-10 23:00:00');
INSERT INTO `__PREFIX__cities` (`country_code`, `name`, `longitude`, `latitude`, `feature_class`, `feature_code`, `subadmin1_code`, `subadmin2_code`, `population`, `time_zone`, `active`, `created_at`, `updated_at`) VALUES ('ET','{\"en\":\"Gorē\"}',35.53,8.15,'P','PPL','ET.51',NULL,9352,'Africa/Addis_Ababa',1,'2020-06-10 23:00:00','2020-06-10 23:00:00');
INSERT INTO `__PREFIX__cities` (`country_code`, `name`, `longitude`, `latitude`, `feature_class`, `feature_code`, `subadmin1_code`, `subadmin2_code`, `population`, `time_zone`, `active`, `created_at`, `updated_at`) VALUES ('ET','{\"en\":\"Gondar\"}',37.47,12.60,'P','PPL','ET.46',NULL,153914,'Africa/Addis_Ababa',1,'2018-10-15 23:00:00','2018-10-15 23:00:00');
INSERT INTO `__PREFIX__cities` (`country_code`, `name`, `longitude`, `latitude`, `feature_class`, `feature_code`, `subadmin1_code`, `subadmin2_code`, `population`, `time_zone`, `active`, `created_at`, `updated_at`) VALUES ('ET','{\"en\":\"Goba\"}',39.98,7.02,'P','PPL','ET.51',NULL,34369,'Africa/Addis_Ababa',1,'2020-02-21 23:00:00','2020-02-21 23:00:00');
INSERT INTO `__PREFIX__cities` (`country_code`, `name`, `longitude`, `latitude`, `feature_class`, `feature_code`, `subadmin1_code`, `subadmin2_code`, `population`, `time_zone`, `active`, `created_at`, `updated_at`) VALUES ('ET','{\"en\":\"Waliso\"}',37.97,8.53,'P','PPL','ET.51',NULL,38394,'Africa/Addis_Ababa',1,'2014-11-15 23:00:00','2014-11-15 23:00:00');
INSERT INTO `__PREFIX__cities` (`country_code`, `name`, `longitude`, `latitude`, `feature_class`, `feature_code`, `subadmin1_code`, `subadmin2_code`, `population`, `time_zone`, `active`, `created_at`, `updated_at`) VALUES ('ET','{\"en\":\"Ginir\"}',40.71,7.14,'P','PPL','ET.51',NULL,16757,'Africa/Addis_Ababa',1,'2013-05-07 23:00:00','2013-05-07 23:00:00');
INSERT INTO `__PREFIX__cities` (`country_code`, `name`, `longitude`, `latitude`, `feature_class`, `feature_code`, `subadmin1_code`, `subadmin2_code`, `population`, `time_zone`, `active`, `created_at`, `updated_at`) VALUES ('ET','{\"en\":\"Gimbi\"}',35.83,9.17,'P','PPL','ET.51',NULL,31809,'Africa/Addis_Ababa',1,'2013-06-22 23:00:00','2013-06-22 23:00:00');
INSERT INTO `__PREFIX__cities` (`country_code`, `name`, `longitude`, `latitude`, `feature_class`, `feature_code`, `subadmin1_code`, `subadmin2_code`, `population`, `time_zone`, `active`, `created_at`, `updated_at`) VALUES ('ET','{\"en\":\"Gīdolē\"}',37.37,5.65,'P','PPL','ET.54',NULL,10736,'Africa/Addis_Ababa',1,'2020-06-10 23:00:00','2020-06-10 23:00:00');
INSERT INTO `__PREFIX__cities` (`country_code`, `name`, `longitude`, `latitude`, `feature_class`, `feature_code`, `subadmin1_code`, `subadmin2_code`, `population`, `time_zone`, `active`, `created_at`, `updated_at`) VALUES ('ET','{\"en\":\"Gewanē\"}',40.65,10.17,'P','PPL','ET.45',NULL,11279,'Africa/Addis_Ababa',1,'2020-06-10 23:00:00','2020-06-10 23:00:00');
INSERT INTO `__PREFIX__cities` (`country_code`, `name`, `longitude`, `latitude`, `feature_class`, `feature_code`, `subadmin1_code`, `subadmin2_code`, `population`, `time_zone`, `active`, `created_at`, `updated_at`) VALUES ('ET','{\"en\":\"Genet\"}',38.50,9.07,'P','PPL','ET.51',NULL,23753,'Africa/Addis_Ababa',1,'2012-01-18 23:00:00','2012-01-18 23:00:00');
INSERT INTO `__PREFIX__cities` (`country_code`, `name`, `longitude`, `latitude`, `feature_class`, `feature_code`, `subadmin1_code`, `subadmin2_code`, `population`, `time_zone`, `active`, `created_at`, `updated_at`) VALUES ('ET','{\"en\":\"Gelemso\"}',40.52,8.82,'P','PPL','ET.51',NULL,16065,'Africa/Addis_Ababa',1,'2012-01-18 23:00:00','2012-01-18 23:00:00');
INSERT INTO `__PREFIX__cities` (`country_code`, `name`, `longitude`, `latitude`, `feature_class`, `feature_code`, `subadmin1_code`, `subadmin2_code`, `population`, `time_zone`, `active`, `created_at`, `updated_at`) VALUES ('ET','{\"en\":\"Gēdo\"}',37.45,9.02,'P','PPL','ET.51',NULL,7499,'Africa/Addis_Ababa',1,'2020-06-10 23:00:00','2020-06-10 23:00:00');
INSERT INTO `__PREFIX__cities` (`country_code`, `name`, `longitude`, `latitude`, `feature_class`, `feature_code`, `subadmin1_code`, `subadmin2_code`, `population`, `time_zone`, `active`, `created_at`, `updated_at`) VALUES ('ET','{\"en\":\"Gebre Guracha\"}',38.40,9.80,'P','PPL','ET.51',NULL,16583,'Africa/Addis_Ababa',1,'2012-01-18 23:00:00','2012-01-18 23:00:00');
INSERT INTO `__PREFIX__cities` (`country_code`, `name`, `longitude`, `latitude`, `feature_class`, `feature_code`, `subadmin1_code`, `subadmin2_code`, `population`, `time_zone`, `active`, `created_at`, `updated_at`) VALUES ('ET','{\"en\":\"Gambēla\"}',34.58,8.25,'P','PPLA','ET.49',NULL,42366,'Africa/Addis_Ababa',1,'2020-06-10 23:00:00','2020-06-10 23:00:00');
INSERT INTO `__PREFIX__cities` (`country_code`, `name`, `longitude`, `latitude`, `feature_class`, `feature_code`, `subadmin1_code`, `subadmin2_code`, `population`, `time_zone`, `active`, `created_at`, `updated_at`) VALUES ('ET','{\"en\":\"Finote Selam\"}',37.27,10.70,'P','PPL','ET.46',NULL,23463,'Africa/Addis_Ababa',1,'2012-01-18 23:00:00','2012-01-18 23:00:00');
INSERT INTO `__PREFIX__cities` (`country_code`, `name`, `longitude`, `latitude`, `feature_class`, `feature_code`, `subadmin1_code`, `subadmin2_code`, `population`, `time_zone`, `active`, `created_at`, `updated_at`) VALUES ('ET','{\"en\":\"Fichē\"}',38.73,9.80,'P','PPL','ET.51',NULL,25758,'Africa/Addis_Ababa',1,'2021-02-23 23:00:00','2021-02-23 23:00:00');
INSERT INTO `__PREFIX__cities` (`country_code`, `name`, `longitude`, `latitude`, `feature_class`, `feature_code`, `subadmin1_code`, `subadmin2_code`, `population`, `time_zone`, `active`, `created_at`, `updated_at`) VALUES ('ET','{\"en\":\"Felege Neway\"}',36.88,6.30,'P','PPL','ET.54',NULL,33429,'Africa/Addis_Ababa',1,'2018-03-20 23:00:00','2018-03-20 23:00:00');
INSERT INTO `__PREFIX__cities` (`country_code`, `name`, `longitude`, `latitude`, `feature_class`, `feature_code`, `subadmin1_code`, `subadmin2_code`, `population`, `time_zone`, `active`, `created_at`, `updated_at`) VALUES ('ET','{\"en\":\"Dubti\"}',41.08,11.73,'P','PPL','ET.45',NULL,26370,'Africa/Addis_Ababa',1,'2013-12-06 23:00:00','2013-12-06 23:00:00');
INSERT INTO `__PREFIX__cities` (`country_code`, `name`, `longitude`, `latitude`, `feature_class`, `feature_code`, `subadmin1_code`, `subadmin2_code`, `population`, `time_zone`, `active`, `created_at`, `updated_at`) VALUES ('ET','{\"en\":\"Dodola\"}',39.18,6.98,'P','PPL','ET.51',NULL,23116,'Africa/Addis_Ababa',1,'2012-01-18 23:00:00','2012-01-18 23:00:00');
INSERT INTO `__PREFIX__cities` (`country_code`, `name`, `longitude`, `latitude`, `feature_class`, `feature_code`, `subadmin1_code`, `subadmin2_code`, `population`, `time_zone`, `active`, `created_at`, `updated_at`) VALUES ('ET','{\"en\":\"Dire Dawa\"}',41.87,9.59,'P','PPLA','ET.48',NULL,252279,'Africa/Addis_Ababa',1,'2015-09-04 23:00:00','2015-09-04 23:00:00');
INSERT INTO `__PREFIX__cities` (`country_code`, `name`, `longitude`, `latitude`, `feature_class`, `feature_code`, `subadmin1_code`, `subadmin2_code`, `population`, `time_zone`, `active`, `created_at`, `updated_at`) VALUES ('ET','{\"en\":\"Dīla\"}',38.32,6.42,'P','PPL','ET.54',NULL,47021,'Africa/Addis_Ababa',1,'2020-06-10 23:00:00','2020-06-10 23:00:00');
INSERT INTO `__PREFIX__cities` (`country_code`, `name`, `longitude`, `latitude`, `feature_class`, `feature_code`, `subadmin1_code`, `subadmin2_code`, `population`, `time_zone`, `active`, `created_at`, `updated_at`) VALUES ('ET','{\"en\":\"Desē\"}',39.63,11.13,'P','PPL','ET.46',NULL,136056,'Africa/Addis_Ababa',1,'2020-06-10 23:00:00','2020-06-10 23:00:00');
INSERT INTO `__PREFIX__cities` (`country_code`, `name`, `longitude`, `latitude`, `feature_class`, `feature_code`, `subadmin1_code`, `subadmin2_code`, `population`, `time_zone`, `active`, `created_at`, `updated_at`) VALUES ('ET','{\"en\":\"Dembī Dolo\"}',34.80,8.53,'P','PPL','ET.51',NULL,26748,'Africa/Addis_Ababa',1,'2020-06-10 23:00:00','2020-06-10 23:00:00');
INSERT INTO `__PREFIX__cities` (`country_code`, `name`, `longitude`, `latitude`, `feature_class`, `feature_code`, `subadmin1_code`, `subadmin2_code`, `population`, `time_zone`, `active`, `created_at`, `updated_at`) VALUES ('ET','{\"en\":\"Dejen\"}',38.13,10.17,'P','PPL','ET.46',NULL,11739,'Africa/Addis_Ababa',1,'2012-01-18 23:00:00','2012-01-18 23:00:00');
INSERT INTO `__PREFIX__cities` (`country_code`, `name`, `longitude`, `latitude`, `feature_class`, `feature_code`, `subadmin1_code`, `subadmin2_code`, `population`, `time_zone`, `active`, `created_at`, `updated_at`) VALUES ('ET','{\"en\":\"Deder\"}',41.44,9.31,'P','PPL','ET.51',NULL,8884,'Africa/Addis_Ababa',1,'2013-08-06 23:00:00','2013-08-06 23:00:00');
INSERT INTO `__PREFIX__cities` (`country_code`, `name`, `longitude`, `latitude`, `feature_class`, `feature_code`, `subadmin1_code`, `subadmin2_code`, `population`, `time_zone`, `active`, `created_at`, `updated_at`) VALUES ('ET','{\"en\":\"Bishoftu\"}',38.98,8.75,'P','PPL','ET.51',NULL,104215,'Africa/Addis_Ababa',1,'2014-11-29 23:00:00','2014-11-29 23:00:00');
INSERT INTO `__PREFIX__cities` (`country_code`, `name`, `longitude`, `latitude`, `feature_class`, `feature_code`, `subadmin1_code`, `subadmin2_code`, `population`, `time_zone`, `active`, `created_at`, `updated_at`) VALUES ('ET','{\"en\":\"Debre Werk’\"}',38.17,10.67,'P','PPL','ET.46',NULL,10579,'Africa/Addis_Ababa',1,'2020-06-10 23:00:00','2020-06-10 23:00:00');
INSERT INTO `__PREFIX__cities` (`country_code`, `name`, `longitude`, `latitude`, `feature_class`, `feature_code`, `subadmin1_code`, `subadmin2_code`, `population`, `time_zone`, `active`, `created_at`, `updated_at`) VALUES ('ET','{\"en\":\"Debre Tabor\"}',38.02,11.85,'P','PPL','ET.46',NULL,32659,'Africa/Addis_Ababa',1,'2012-01-18 23:00:00','2012-01-18 23:00:00');
INSERT INTO `__PREFIX__cities` (`country_code`, `name`, `longitude`, `latitude`, `feature_class`, `feature_code`, `subadmin1_code`, `subadmin2_code`, `population`, `time_zone`, `active`, `created_at`, `updated_at`) VALUES ('ET','{\"en\":\"Debre Sīna\"}',39.76,9.85,'P','PPL','ET.46',NULL,9409,'Africa/Addis_Ababa',1,'2020-06-10 23:00:00','2020-06-10 23:00:00');
INSERT INTO `__PREFIX__cities` (`country_code`, `name`, `longitude`, `latitude`, `feature_class`, `feature_code`, `subadmin1_code`, `subadmin2_code`, `population`, `time_zone`, `active`, `created_at`, `updated_at`) VALUES ('ET','{\"en\":\"Debre Mark’os\"}',37.73,10.35,'P','PPL','ET.46',NULL,59920,'Africa/Addis_Ababa',1,'2020-06-10 23:00:00','2020-06-10 23:00:00');
INSERT INTO `__PREFIX__cities` (`country_code`, `name`, `longitude`, `latitude`, `feature_class`, `feature_code`, `subadmin1_code`, `subadmin2_code`, `population`, `time_zone`, `active`, `created_at`, `updated_at`) VALUES ('ET','{\"en\":\"Debre Birhan\"}',39.53,9.68,'P','PPL','ET.46',NULL,57787,'Africa/Addis_Ababa',1,'2013-07-05 23:00:00','2013-07-05 23:00:00');
INSERT INTO `__PREFIX__cities` (`country_code`, `name`, `longitude`, `latitude`, `feature_class`, `feature_code`, `subadmin1_code`, `subadmin2_code`, `population`, `time_zone`, `active`, `created_at`, `updated_at`) VALUES ('ET','{\"en\":\"Debark’\"}',37.90,13.16,'P','PPL','ET.46',NULL,24700,'Africa/Addis_Ababa',1,'2020-06-10 23:00:00','2020-06-10 23:00:00');
INSERT INTO `__PREFIX__cities` (`country_code`, `name`, `longitude`, `latitude`, `feature_class`, `feature_code`, `subadmin1_code`, `subadmin2_code`, `population`, `time_zone`, `active`, `created_at`, `updated_at`) VALUES ('ET','{\"en\":\"Dabat\"}',37.77,12.98,'P','PPL','ET.46',NULL,11544,'Africa/Addis_Ababa',1,'2012-01-18 23:00:00','2012-01-18 23:00:00');
INSERT INTO `__PREFIX__cities` (`country_code`, `name`, `longitude`, `latitude`, `feature_class`, `feature_code`, `subadmin1_code`, `subadmin2_code`, `population`, `time_zone`, `active`, `created_at`, `updated_at`) VALUES ('ET','{\"en\":\"Butajīra\"}',38.37,8.12,'P','PPL','ET.54',NULL,30502,'Africa/Addis_Ababa',1,'2020-06-10 23:00:00','2020-06-10 23:00:00');
INSERT INTO `__PREFIX__cities` (`country_code`, `name`, `longitude`, `latitude`, `feature_class`, `feature_code`, `subadmin1_code`, `subadmin2_code`, `population`, `time_zone`, `active`, `created_at`, `updated_at`) VALUES ('ET','{\"en\":\"Burē\"}',37.07,10.70,'P','PPL','ET.46',NULL,22038,'Africa/Addis_Ababa',1,'2020-06-10 23:00:00','2020-06-10 23:00:00');
INSERT INTO `__PREFIX__cities` (`country_code`, `name`, `longitude`, `latitude`, `feature_class`, `feature_code`, `subadmin1_code`, `subadmin2_code`, `population`, `time_zone`, `active`, `created_at`, `updated_at`) VALUES ('ET','{\"en\":\"Bonga\"}',36.23,7.28,'P','PPL','ET.54',NULL,18973,'Africa/Addis_Ababa',1,'2018-03-20 23:00:00','2018-03-20 23:00:00');
INSERT INTO `__PREFIX__cities` (`country_code`, `name`, `longitude`, `latitude`, `feature_class`, `feature_code`, `subadmin1_code`, `subadmin2_code`, `population`, `time_zone`, `active`, `created_at`, `updated_at`) VALUES ('ET','{\"en\":\"Bodītī\"}',37.87,6.97,'P','PPL','ET.54',NULL,32997,'Africa/Addis_Ababa',1,'2020-06-10 23:00:00','2020-06-10 23:00:00');
INSERT INTO `__PREFIX__cities` (`country_code`, `name`, `longitude`, `latitude`, `feature_class`, `feature_code`, `subadmin1_code`, `subadmin2_code`, `population`, `time_zone`, `active`, `created_at`, `updated_at`) VALUES ('ET','{\"en\":\"Bichena\"}',38.20,10.45,'P','PPL','ET.46',NULL,16411,'Africa/Addis_Ababa',1,'2012-01-18 23:00:00','2012-01-18 23:00:00');
INSERT INTO `__PREFIX__cities` (`country_code`, `name`, `longitude`, `latitude`, `feature_class`, `feature_code`, `subadmin1_code`, `subadmin2_code`, `population`, `time_zone`, `active`, `created_at`, `updated_at`) VALUES ('ET','{\"en\":\"Bedēsa\"}',40.78,8.90,'P','PPL','ET.51',NULL,17526,'Africa/Addis_Ababa',1,'2020-06-10 23:00:00','2020-06-10 23:00:00');
INSERT INTO `__PREFIX__cities` (`country_code`, `name`, `longitude`, `latitude`, `feature_class`, `feature_code`, `subadmin1_code`, `subadmin2_code`, `population`, `time_zone`, `active`, `created_at`, `updated_at`) VALUES ('ET','{\"en\":\"Bedelē\"}',36.35,8.46,'P','PPL','ET.51',NULL,20293,'Africa/Addis_Ababa',1,'2020-06-10 23:00:00','2020-06-10 23:00:00');
INSERT INTO `__PREFIX__cities` (`country_code`, `name`, `longitude`, `latitude`, `feature_class`, `feature_code`, `subadmin1_code`, `subadmin2_code`, `population`, `time_zone`, `active`, `created_at`, `updated_at`) VALUES ('ET','{\"en\":\"Batī\"}',40.02,11.19,'P','PPL','ET.46',NULL,19260,'Africa/Addis_Ababa',1,'2020-06-10 23:00:00','2020-06-10 23:00:00');
INSERT INTO `__PREFIX__cities` (`country_code`, `name`, `longitude`, `latitude`, `feature_class`, `feature_code`, `subadmin1_code`, `subadmin2_code`, `population`, `time_zone`, `active`, `created_at`, `updated_at`) VALUES ('ET','{\"en\":\"Bako\"}',36.57,5.78,'P','PPL','ET.54',NULL,17872,'Africa/Addis_Ababa',1,'2012-01-18 23:00:00','2012-01-18 23:00:00');
INSERT INTO `__PREFIX__cities` (`country_code`, `name`, `longitude`, `latitude`, `feature_class`, `feature_code`, `subadmin1_code`, `subadmin2_code`, `population`, `time_zone`, `active`, `created_at`, `updated_at`) VALUES ('ET','{\"en\":\"Bahir Dar\"}',37.39,11.59,'P','PPLA','ET.46',NULL,168899,'Africa/Addis_Ababa',1,'2013-04-20 23:00:00','2013-04-20 23:00:00');
INSERT INTO `__PREFIX__cities` (`country_code`, `name`, `longitude`, `latitude`, `feature_class`, `feature_code`, `subadmin1_code`, `subadmin2_code`, `population`, `time_zone`, `active`, `created_at`, `updated_at`) VALUES ('ET','{\"en\":\"Āwash\"}',40.17,8.98,'P','PPL','ET.45',NULL,11415,'Africa/Addis_Ababa',1,'2020-06-10 23:00:00','2020-06-10 23:00:00');
INSERT INTO `__PREFIX__cities` (`country_code`, `name`, `longitude`, `latitude`, `feature_class`, `feature_code`, `subadmin1_code`, `subadmin2_code`, `population`, `time_zone`, `active`, `created_at`, `updated_at`) VALUES ('ET','{\"en\":\"Hawassa\"}',38.48,7.06,'P','PPLA','ET.54',NULL,133097,'Africa/Addis_Ababa',1,'2013-05-17 23:00:00','2013-05-17 23:00:00');
INSERT INTO `__PREFIX__cities` (`country_code`, `name`, `longitude`, `latitude`, `feature_class`, `feature_code`, `subadmin1_code`, `subadmin2_code`, `population`, `time_zone`, `active`, `created_at`, `updated_at`) VALUES ('ET','{\"en\":\"Āsosa\"}',34.53,10.07,'P','PPLA','ET.47','ET.47.343291',30512,'Africa/Addis_Ababa',1,'2018-01-11 23:00:00','2018-01-11 23:00:00');
INSERT INTO `__PREFIX__cities` (`country_code`, `name`, `longitude`, `latitude`, `feature_class`, `feature_code`, `subadmin1_code`, `subadmin2_code`, `population`, `time_zone`, `active`, `created_at`, `updated_at`) VALUES ('ET','{\"en\":\"Āsbe Teferī\"}',40.87,9.09,'P','PPL','ET.51',NULL,30772,'Africa/Addis_Ababa',1,'2020-06-10 23:00:00','2020-06-10 23:00:00');
INSERT INTO `__PREFIX__cities` (`country_code`, `name`, `longitude`, `latitude`, `feature_class`, `feature_code`, `subadmin1_code`, `subadmin2_code`, `population`, `time_zone`, `active`, `created_at`, `updated_at`) VALUES ('ET','{\"en\":\"Asaita\"}',41.44,11.57,'P','PPL','ET.45',NULL,20342,'Africa/Addis_Ababa',1,'2012-10-06 23:00:00','2012-10-06 23:00:00');
INSERT INTO `__PREFIX__cities` (`country_code`, `name`, `longitude`, `latitude`, `feature_class`, `feature_code`, `subadmin1_code`, `subadmin2_code`, `population`, `time_zone`, `active`, `created_at`, `updated_at`) VALUES ('ET','{\"en\":\"Āsasa\"}',39.20,7.10,'P','PPL','ET.51',NULL,23790,'Africa/Addis_Ababa',1,'2012-01-18 23:00:00','2012-01-18 23:00:00');
INSERT INTO `__PREFIX__cities` (`country_code`, `name`, `longitude`, `latitude`, `feature_class`, `feature_code`, `subadmin1_code`, `subadmin2_code`, `population`, `time_zone`, `active`, `created_at`, `updated_at`) VALUES ('ET','{\"en\":\"Āreka\"}',37.70,7.07,'P','PPL','ET.54',NULL,33150,'Africa/Addis_Ababa',1,'2020-06-10 23:00:00','2020-06-10 23:00:00');
INSERT INTO `__PREFIX__cities` (`country_code`, `name`, `longitude`, `latitude`, `feature_class`, `feature_code`, `subadmin1_code`, `subadmin2_code`, `population`, `time_zone`, `active`, `created_at`, `updated_at`) VALUES ('ET','{\"en\":\"Arba Minch\"}',37.55,6.03,'P','PPL','ET.54',NULL,69622,'Africa/Addis_Ababa',1,'2016-11-20 23:00:00','2016-11-20 23:00:00');
INSERT INTO `__PREFIX__cities` (`country_code`, `name`, `longitude`, `latitude`, `feature_class`, `feature_code`, `subadmin1_code`, `subadmin2_code`, `population`, `time_zone`, `active`, `created_at`, `updated_at`) VALUES ('ET','{\"en\":\"Axum\"}',38.72,14.12,'P','PPL','ET.53',NULL,41249,'Africa/Addis_Ababa',1,'2015-11-21 23:00:00','2015-11-21 23:00:00');
INSERT INTO `__PREFIX__cities` (`country_code`, `name`, `longitude`, `latitude`, `feature_class`, `feature_code`, `subadmin1_code`, `subadmin2_code`, `population`, `time_zone`, `active`, `created_at`, `updated_at`) VALUES ('ET','{\"en\":\"Hagere Maryam\"}',38.24,5.63,'P','PPL','ET.51',NULL,22105,'Africa/Addis_Ababa',1,'2012-06-04 23:00:00','2012-06-04 23:00:00');
INSERT INTO `__PREFIX__cities` (`country_code`, `name`, `longitude`, `latitude`, `feature_class`, `feature_code`, `subadmin1_code`, `subadmin2_code`, `population`, `time_zone`, `active`, `created_at`, `updated_at`) VALUES ('ET','{\"en\":\"Āgaro\"}',36.65,7.85,'P','PPL','ET.51',NULL,28268,'Africa/Addis_Ababa',1,'2012-01-18 23:00:00','2012-01-18 23:00:00');
INSERT INTO `__PREFIX__cities` (`country_code`, `name`, `longitude`, `latitude`, `feature_class`, `feature_code`, `subadmin1_code`, `subadmin2_code`, `population`, `time_zone`, `active`, `created_at`, `updated_at`) VALUES ('ET','{\"en\":\"Ādīs Zemen\"}',37.78,12.12,'P','PPL','ET.46',NULL,22522,'Africa/Addis_Ababa',1,'2020-06-10 23:00:00','2020-06-10 23:00:00');
INSERT INTO `__PREFIX__cities` (`country_code`, `name`, `longitude`, `latitude`, `feature_class`, `feature_code`, `subadmin1_code`, `subadmin2_code`, `population`, `time_zone`, `active`, `created_at`, `updated_at`) VALUES ('ET','{\"en\":\"Ādīs ‘Alem\"}',38.40,9.03,'P','PPL','ET.51',NULL,9859,'Africa/Addis_Ababa',1,'2020-06-10 23:00:00','2020-06-10 23:00:00');
INSERT INTO `__PREFIX__cities` (`country_code`, `name`, `longitude`, `latitude`, `feature_class`, `feature_code`, `subadmin1_code`, `subadmin2_code`, `population`, `time_zone`, `active`, `created_at`, `updated_at`) VALUES ('ET','{\"en\":\"Addis Ababa\"}',38.75,9.02,'P','PPLC','ET.44',NULL,2757729,'Africa/Addis_Ababa',1,'2021-03-15 23:00:00','2021-03-15 23:00:00');
INSERT INTO `__PREFIX__cities` (`country_code`, `name`, `longitude`, `latitude`, `feature_class`, `feature_code`, `subadmin1_code`, `subadmin2_code`, `population`, `time_zone`, `active`, `created_at`, `updated_at`) VALUES ('ET','{\"en\":\"Ādīgrat\"}',39.46,14.28,'P','PPL','ET.53',NULL,65000,'Africa/Addis_Ababa',1,'2017-10-07 23:00:00','2017-10-07 23:00:00');
INSERT INTO `__PREFIX__cities` (`country_code`, `name`, `longitude`, `latitude`, `feature_class`, `feature_code`, `subadmin1_code`, `subadmin2_code`, `population`, `time_zone`, `active`, `created_at`, `updated_at`) VALUES ('ET','{\"en\":\"Ādēt\"}',37.48,11.27,'P','PPL','ET.46',NULL,22946,'Africa/Addis_Ababa',1,'2020-07-08 23:00:00','2020-07-08 23:00:00');
INSERT INTO `__PREFIX__cities` (`country_code`, `name`, `longitude`, `latitude`, `feature_class`, `feature_code`, `subadmin1_code`, `subadmin2_code`, `population`, `time_zone`, `active`, `created_at`, `updated_at`) VALUES ('ET','{\"en\":\"Abomsa\"}',39.98,9.98,'P','PPL','ET.46',NULL,15258,'Africa/Addis_Ababa',1,'2012-01-18 23:00:00','2012-01-18 23:00:00');
INSERT INTO `__PREFIX__cities` (`country_code`, `name`, `longitude`, `latitude`, `feature_class`, `feature_code`, `subadmin1_code`, `subadmin2_code`, `population`, `time_zone`, `active`, `created_at`, `updated_at`) VALUES ('ET','{\"en\":\"Semera\"}',41.01,11.79,'P','PPLA','ET.45',NULL,833,'Africa/Addis_Ababa',1,'2013-12-06 23:00:00','2013-12-06 23:00:00');
INSERT INTO `__PREFIX__cities` (`country_code`, `name`, `longitude`, `latitude`, `feature_class`, `feature_code`, `subadmin1_code`, `subadmin2_code`, `population`, `time_zone`, `active`, `created_at`, `updated_at`) VALUES ('ET','{\"en\":\"Sodo\"}',37.76,6.86,'P','PPL','ET.54',NULL,86050,'Africa/Addis_Ababa',1,'2018-11-13 23:00:00','2018-11-13 23:00:00');
/*!40000 ALTER TABLE `__PREFIX__cities` ENABLE KEYS */;
/*!40103 SET TIME_ZONE=@OLD_TIME_ZONE */;

/*!40101 SET SQL_MODE=@OLD_SQL_MODE */;
/*!40014 SET FOREIGN_KEY_CHECKS=@OLD_FOREIGN_KEY_CHECKS */;
/*!40014 SET UNIQUE_CHECKS=@OLD_UNIQUE_CHECKS */;
/*!40101 SET CHARACTER_SET_CLIENT=@OLD_CHARACTER_SET_CLIENT */;
/*!40101 SET CHARACTER_SET_RESULTS=@OLD_CHARACTER_SET_RESULTS */;
/*!40101 SET COLLATION_CONNECTION=@OLD_COLLATION_CONNECTION */;
/*!40111 SET SQL_NOTES=@OLD_SQL_NOTES */;

-- Dump completed
