-- MySQL dump 10.13  Distrib 5.7.34, for osx10.12 (x86_64)
--
-- Host: 127.0.0.1    Database: laraclassifier
-- ------------------------------------------------------
-- Server version	5.7.34

/*!40101 SET @OLD_CHARACTER_SET_CLIENT=@@CHARACTER_SET_CLIENT */;
/*!40101 SET @OLD_CHARACTER_SET_RESULTS=@@CHARACTER_SET_RESULTS */;
/*!40101 SET @OLD_COLLATION_CONNECTION=@@COLLATION_CONNECTION */;
/*!40101 SET NAMES utf8 */;
/*!40103 SET @OLD_TIME_ZONE=@@TIME_ZONE */;
/*!40103 SET TIME_ZONE='+00:00' */;
/*!40014 SET @OLD_UNIQUE_CHECKS=@@UNIQUE_CHECKS, UNIQUE_CHECKS=0 */;
/*!40014 SET @OLD_FOREIGN_KEY_CHECKS=@@FOREIGN_KEY_CHECKS, FOREIGN_KEY_CHECKS=0 */;
/*!40101 SET @OLD_SQL_MODE=@@SQL_MODE, SQL_MODE='NO_AUTO_VALUE_ON_ZERO' */;
/*!40111 SET @OLD_SQL_NOTES=@@SQL_NOTES, SQL_NOTES=0 */;

--
-- Dumping data for table `__PREFIX__subadmin1`
--

/*!40000 ALTER TABLE `__PREFIX__subadmin1` DISABLE KEYS */;
INSERT INTO `__PREFIX__subadmin1` (`code`, `country_code`, `name`, `active`) VALUES ('FI.19','FI','{\"en\":\"Lapland\"}',1);
INSERT INTO `__PREFIX__subadmin1` (`code`, `country_code`, `name`, `active`) VALUES ('FI.18','FI','{\"en\":\"Kainuu\"}',1);
INSERT INTO `__PREFIX__subadmin1` (`code`, `country_code`, `name`, `active`) VALUES ('FI.17','FI','{\"en\":\"North Ostrobothnia\"}',1);
INSERT INTO `__PREFIX__subadmin1` (`code`, `country_code`, `name`, `active`) VALUES ('FI.16','FI','{\"en\":\"Central Ostrobothnia\"}',1);
INSERT INTO `__PREFIX__subadmin1` (`code`, `country_code`, `name`, `active`) VALUES ('FI.15','FI','{\"en\":\"Ostrobothnia\"}',1);
INSERT INTO `__PREFIX__subadmin1` (`code`, `country_code`, `name`, `active`) VALUES ('FI.14','FI','{\"en\":\"South Ostrobothnia\"}',1);
INSERT INTO `__PREFIX__subadmin1` (`code`, `country_code`, `name`, `active`) VALUES ('FI.13','FI','{\"en\":\"Central Finland\"}',1);
INSERT INTO `__PREFIX__subadmin1` (`code`, `country_code`, `name`, `active`) VALUES ('FI.12','FI','{\"en\":\"North Karelia\"}',1);
INSERT INTO `__PREFIX__subadmin1` (`code`, `country_code`, `name`, `active`) VALUES ('FI.11','FI','{\"en\":\"North Savo\"}',1);
INSERT INTO `__PREFIX__subadmin1` (`code`, `country_code`, `name`, `active`) VALUES ('FI.10','FI','{\"en\":\"South Savo\"}',1);
INSERT INTO `__PREFIX__subadmin1` (`code`, `country_code`, `name`, `active`) VALUES ('FI.09','FI','{\"en\":\"South Karelia\"}',1);
INSERT INTO `__PREFIX__subadmin1` (`code`, `country_code`, `name`, `active`) VALUES ('FI.08','FI','{\"en\":\"Kymenlaakso\"}',1);
INSERT INTO `__PREFIX__subadmin1` (`code`, `country_code`, `name`, `active`) VALUES ('FI.06','FI','{\"en\":\"Pirkanmaa\"}',1);
INSERT INTO `__PREFIX__subadmin1` (`code`, `country_code`, `name`, `active`) VALUES ('FI.05','FI','{\"en\":\"Kanta-Häme\"}',1);
INSERT INTO `__PREFIX__subadmin1` (`code`, `country_code`, `name`, `active`) VALUES ('FI.02','FI','{\"en\":\"Southwest Finland\"}',1);
INSERT INTO `__PREFIX__subadmin1` (`code`, `country_code`, `name`, `active`) VALUES ('FI.01','FI','{\"en\":\"Uusimaa\"}',1);
INSERT INTO `__PREFIX__subadmin1` (`code`, `country_code`, `name`, `active`) VALUES ('FI.07','FI','{\"en\":\"Paijat-Hame\"}',1);
INSERT INTO `__PREFIX__subadmin1` (`code`, `country_code`, `name`, `active`) VALUES ('FI.04','FI','{\"en\":\"Satakunta\"}',1);
/*!40000 ALTER TABLE `__PREFIX__subadmin1` ENABLE KEYS */;

--
-- Dumping data for table `__PREFIX__subadmin2`
--

/*!40000 ALTER TABLE `__PREFIX__subadmin2` DISABLE KEYS */;
INSERT INTO `__PREFIX__subadmin2` (`code`, `country_code`, `subadmin1_code`, `name`, `active`) VALUES ('FI.15.153','FI','FI.15','{\"en\":\"Sydösterbotten\"}',1);
INSERT INTO `__PREFIX__subadmin2` (`code`, `country_code`, `subadmin1_code`, `name`, `active`) VALUES ('FI.02.021','FI','FI.02','{\"en\":\"Åboland-Turunmaa\"}',1);
INSERT INTO `__PREFIX__subadmin2` (`code`, `country_code`, `subadmin1_code`, `name`, `active`) VALUES ('FI.02.022','FI','FI.02','{\"en\":\"Salo\"}',1);
INSERT INTO `__PREFIX__subadmin2` (`code`, `country_code`, `subadmin1_code`, `name`, `active`) VALUES ('FI.10.103','FI','FI.10','{\"en\":\"Savonlinna\"}',1);
INSERT INTO `__PREFIX__subadmin2` (`code`, `country_code`, `subadmin1_code`, `name`, `active`) VALUES ('FI.10.105','FI','FI.10','{\"en\":\"Pieksämäki\"}',1);
INSERT INTO `__PREFIX__subadmin2` (`code`, `country_code`, `subadmin1_code`, `name`, `active`) VALUES ('FI.11.111','FI','FI.11','{\"en\":\"Ylä-Savo\"}',1);
INSERT INTO `__PREFIX__subadmin2` (`code`, `country_code`, `subadmin1_code`, `name`, `active`) VALUES ('FI.11.112','FI','FI.11','{\"en\":\"Kuopio\"}',1);
INSERT INTO `__PREFIX__subadmin2` (`code`, `country_code`, `subadmin1_code`, `name`, `active`) VALUES ('FI.11.113','FI','FI.11','{\"en\":\"Koillis-Savo\"}',1);
INSERT INTO `__PREFIX__subadmin2` (`code`, `country_code`, `subadmin1_code`, `name`, `active`) VALUES ('FI.11.114','FI','FI.11','{\"en\":\"Varkaus\"}',1);
INSERT INTO `__PREFIX__subadmin2` (`code`, `country_code`, `subadmin1_code`, `name`, `active`) VALUES ('FI.11.115','FI','FI.11','{\"en\":\"Sisä-Savo\"}',1);
INSERT INTO `__PREFIX__subadmin2` (`code`, `country_code`, `subadmin1_code`, `name`, `active`) VALUES ('FI.12.122','FI','FI.12','{\"en\":\"Joensuu\"}',1);
INSERT INTO `__PREFIX__subadmin2` (`code`, `country_code`, `subadmin1_code`, `name`, `active`) VALUES ('FI.12.124','FI','FI.12','{\"en\":\"Keski-Karjala\"}',1);
INSERT INTO `__PREFIX__subadmin2` (`code`, `country_code`, `subadmin1_code`, `name`, `active`) VALUES ('FI.12.125','FI','FI.12','{\"en\":\"Pielisen Karjala\"}',1);
INSERT INTO `__PREFIX__subadmin2` (`code`, `country_code`, `subadmin1_code`, `name`, `active`) VALUES ('FI.13.131','FI','FI.13','{\"en\":\"Jyväskylä\"}',1);
INSERT INTO `__PREFIX__subadmin2` (`code`, `country_code`, `subadmin1_code`, `name`, `active`) VALUES ('FI.13.132','FI','FI.13','{\"en\":\"Joutsa\"}',1);
INSERT INTO `__PREFIX__subadmin2` (`code`, `country_code`, `subadmin1_code`, `name`, `active`) VALUES ('FI.13.133','FI','FI.13','{\"en\":\"Keuruu\"}',1);
INSERT INTO `__PREFIX__subadmin2` (`code`, `country_code`, `subadmin1_code`, `name`, `active`) VALUES ('FI.13.134','FI','FI.13','{\"en\":\"Jämsä\"}',1);
INSERT INTO `__PREFIX__subadmin2` (`code`, `country_code`, `subadmin1_code`, `name`, `active`) VALUES ('FI.13.135','FI','FI.13','{\"en\":\"Äänekoski\"}',1);
INSERT INTO `__PREFIX__subadmin2` (`code`, `country_code`, `subadmin1_code`, `name`, `active`) VALUES ('FI.13.138','FI','FI.13','{\"en\":\"Saarijärvi-Viitasaari\"}',1);
INSERT INTO `__PREFIX__subadmin2` (`code`, `country_code`, `subadmin1_code`, `name`, `active`) VALUES ('FI.14.141','FI','FI.14','{\"en\":\"Suupohja\"}',1);
INSERT INTO `__PREFIX__subadmin2` (`code`, `country_code`, `subadmin1_code`, `name`, `active`) VALUES ('FI.14.142','FI','FI.14','{\"en\":\"Seinäjoki\"}',1);
INSERT INTO `__PREFIX__subadmin2` (`code`, `country_code`, `subadmin1_code`, `name`, `active`) VALUES ('FI.14.144','FI','FI.14','{\"en\":\"Kuusiokunnat\"}',1);
INSERT INTO `__PREFIX__subadmin2` (`code`, `country_code`, `subadmin1_code`, `name`, `active`) VALUES ('FI.14.146','FI','FI.14','{\"en\":\"Järviseutu\"}',1);
INSERT INTO `__PREFIX__subadmin2` (`code`, `country_code`, `subadmin1_code`, `name`, `active`) VALUES ('FI.15.152','FI','FI.15','{\"en\":\"Vaasa\"}',1);
INSERT INTO `__PREFIX__subadmin2` (`code`, `country_code`, `subadmin1_code`, `name`, `active`) VALUES ('FI.15.154','FI','FI.15','{\"en\":\"Jakobstadsregionen\"}',1);
INSERT INTO `__PREFIX__subadmin2` (`code`, `country_code`, `subadmin1_code`, `name`, `active`) VALUES ('FI.16.161','FI','FI.16','{\"en\":\"Kaustinen\"}',1);
INSERT INTO `__PREFIX__subadmin2` (`code`, `country_code`, `subadmin1_code`, `name`, `active`) VALUES ('FI.16.162','FI','FI.16','{\"en\":\"Kokkola\"}',1);
INSERT INTO `__PREFIX__subadmin2` (`code`, `country_code`, `subadmin1_code`, `name`, `active`) VALUES ('FI.17.171','FI','FI.17','{\"en\":\"Oulu\"}',1);
INSERT INTO `__PREFIX__subadmin2` (`code`, `country_code`, `subadmin1_code`, `name`, `active`) VALUES ('FI.17.173','FI','FI.17','{\"en\":\"Oulunkaari\"}',1);
INSERT INTO `__PREFIX__subadmin2` (`code`, `country_code`, `subadmin1_code`, `name`, `active`) VALUES ('FI.02.023','FI','FI.02','{\"en\":\"Turku\"}',1);
INSERT INTO `__PREFIX__subadmin2` (`code`, `country_code`, `subadmin1_code`, `name`, `active`) VALUES ('FI.02.024','FI','FI.02','{\"en\":\"Vakka-Suomi\"}',1);
INSERT INTO `__PREFIX__subadmin2` (`code`, `country_code`, `subadmin1_code`, `name`, `active`) VALUES ('FI.02.025','FI','FI.02','{\"en\":\"Loimaa\"}',1);
INSERT INTO `__PREFIX__subadmin2` (`code`, `country_code`, `subadmin1_code`, `name`, `active`) VALUES ('FI.01.011','FI','FI.01','{\"en\":\"Helsinki\"}',1);
INSERT INTO `__PREFIX__subadmin2` (`code`, `country_code`, `subadmin1_code`, `name`, `active`) VALUES ('FI.04.041','FI','FI.04','{\"en\":\"Rauma\"}',1);
INSERT INTO `__PREFIX__subadmin2` (`code`, `country_code`, `subadmin1_code`, `name`, `active`) VALUES ('FI.04.043','FI','FI.04','{\"en\":\"Pori\"}',1);
INSERT INTO `__PREFIX__subadmin2` (`code`, `country_code`, `subadmin1_code`, `name`, `active`) VALUES ('FI.04.044','FI','FI.04','{\"en\":\"Pohjois-Satakunta\"}',1);
INSERT INTO `__PREFIX__subadmin2` (`code`, `country_code`, `subadmin1_code`, `name`, `active`) VALUES ('FI.05.051','FI','FI.05','{\"en\":\"Hämeenlinna\"}',1);
INSERT INTO `__PREFIX__subadmin2` (`code`, `country_code`, `subadmin1_code`, `name`, `active`) VALUES ('FI.05.052','FI','FI.05','{\"en\":\"Riihimäki\"}',1);
INSERT INTO `__PREFIX__subadmin2` (`code`, `country_code`, `subadmin1_code`, `name`, `active`) VALUES ('FI.05.053','FI','FI.05','{\"en\":\"Forssa\"}',1);
INSERT INTO `__PREFIX__subadmin2` (`code`, `country_code`, `subadmin1_code`, `name`, `active`) VALUES ('FI.06.061','FI','FI.06','{\"en\":\"Luoteis-Pirkanmaa\"}',1);
INSERT INTO `__PREFIX__subadmin2` (`code`, `country_code`, `subadmin1_code`, `name`, `active`) VALUES ('FI.06.063','FI','FI.06','{\"en\":\"Etelä-Pirkanmaa\"}',1);
INSERT INTO `__PREFIX__subadmin2` (`code`, `country_code`, `subadmin1_code`, `name`, `active`) VALUES ('FI.06.064','FI','FI.06','{\"en\":\"Tampere\"}',1);
INSERT INTO `__PREFIX__subadmin2` (`code`, `country_code`, `subadmin1_code`, `name`, `active`) VALUES ('FI.06.068','FI','FI.06','{\"en\":\"Lounais-Pirkanmaa\"}',1);
INSERT INTO `__PREFIX__subadmin2` (`code`, `country_code`, `subadmin1_code`, `name`, `active`) VALUES ('FI.06.069','FI','FI.06','{\"en\":\"Ylä-Pirkanmaa\"}',1);
INSERT INTO `__PREFIX__subadmin2` (`code`, `country_code`, `subadmin1_code`, `name`, `active`) VALUES ('FI.07.071','FI','FI.07','{\"en\":\"Lahti\"}',1);
INSERT INTO `__PREFIX__subadmin2` (`code`, `country_code`, `subadmin1_code`, `name`, `active`) VALUES ('FI.08.081','FI','FI.08','{\"en\":\"Kouvola\"}',1);
INSERT INTO `__PREFIX__subadmin2` (`code`, `country_code`, `subadmin1_code`, `name`, `active`) VALUES ('FI.08.082','FI','FI.08','{\"en\":\"Kotka-Hamina\"}',1);
INSERT INTO `__PREFIX__subadmin2` (`code`, `country_code`, `subadmin1_code`, `name`, `active`) VALUES ('FI.09.091','FI','FI.09','{\"en\":\"Lappeenranta\"}',1);
INSERT INTO `__PREFIX__subadmin2` (`code`, `country_code`, `subadmin1_code`, `name`, `active`) VALUES ('FI.09.093','FI','FI.09','{\"en\":\"Imatra\"}',1);
INSERT INTO `__PREFIX__subadmin2` (`code`, `country_code`, `subadmin1_code`, `name`, `active`) VALUES ('FI.10.101','FI','FI.10','{\"en\":\"Mikkeli\"}',1);
INSERT INTO `__PREFIX__subadmin2` (`code`, `country_code`, `subadmin1_code`, `name`, `active`) VALUES ('FI.01.014','FI','FI.01','{\"en\":\"Raaseporin\"}',1);
INSERT INTO `__PREFIX__subadmin2` (`code`, `country_code`, `subadmin1_code`, `name`, `active`) VALUES ('FI.01.015','FI','FI.01','{\"en\":\"Porvoo\"}',1);
INSERT INTO `__PREFIX__subadmin2` (`code`, `country_code`, `subadmin1_code`, `name`, `active`) VALUES ('FI.01.016','FI','FI.01','{\"en\":\"Loviisa\"}',1);
INSERT INTO `__PREFIX__subadmin2` (`code`, `country_code`, `subadmin1_code`, `name`, `active`) VALUES ('FI.17.174','FI','FI.17','{\"en\":\"Raahe\"}',1);
INSERT INTO `__PREFIX__subadmin2` (`code`, `country_code`, `subadmin1_code`, `name`, `active`) VALUES ('FI.17.175','FI','FI.17','{\"en\":\"Haapavesi-Siikalatva\"}',1);
INSERT INTO `__PREFIX__subadmin2` (`code`, `country_code`, `subadmin1_code`, `name`, `active`) VALUES ('FI.17.176','FI','FI.17','{\"en\":\"Nivala-Haapajärvi\"}',1);
INSERT INTO `__PREFIX__subadmin2` (`code`, `country_code`, `subadmin1_code`, `name`, `active`) VALUES ('FI.17.177','FI','FI.17','{\"en\":\"Ylivieska\"}',1);
INSERT INTO `__PREFIX__subadmin2` (`code`, `country_code`, `subadmin1_code`, `name`, `active`) VALUES ('FI.17.178','FI','FI.17','{\"en\":\"Koillismaa\"}',1);
INSERT INTO `__PREFIX__subadmin2` (`code`, `country_code`, `subadmin1_code`, `name`, `active`) VALUES ('FI.18.181','FI','FI.18','{\"en\":\"Kehys-Kainuu\"}',1);
INSERT INTO `__PREFIX__subadmin2` (`code`, `country_code`, `subadmin1_code`, `name`, `active`) VALUES ('FI.18.182','FI','FI.18','{\"en\":\"Kajaani\"}',1);
INSERT INTO `__PREFIX__subadmin2` (`code`, `country_code`, `subadmin1_code`, `name`, `active`) VALUES ('FI.19.191','FI','FI.19','{\"en\":\"Rovaniemi\"}',1);
INSERT INTO `__PREFIX__subadmin2` (`code`, `country_code`, `subadmin1_code`, `name`, `active`) VALUES ('FI.19.192','FI','FI.19','{\"en\":\"Kemi-Tornio\"}',1);
INSERT INTO `__PREFIX__subadmin2` (`code`, `country_code`, `subadmin1_code`, `name`, `active`) VALUES ('FI.19.193','FI','FI.19','{\"en\":\"Torniolaakso\"}',1);
INSERT INTO `__PREFIX__subadmin2` (`code`, `country_code`, `subadmin1_code`, `name`, `active`) VALUES ('FI.19.194','FI','FI.19','{\"en\":\"Itä-Lappi\"}',1);
INSERT INTO `__PREFIX__subadmin2` (`code`, `country_code`, `subadmin1_code`, `name`, `active`) VALUES ('FI.19.196','FI','FI.19','{\"en\":\"Tunturi-Lappi\"}',1);
INSERT INTO `__PREFIX__subadmin2` (`code`, `country_code`, `subadmin1_code`, `name`, `active`) VALUES ('FI.19.197','FI','FI.19','{\"en\":\"Pohjois-Lappi\"}',1);
/*!40000 ALTER TABLE `__PREFIX__subadmin2` ENABLE KEYS */;

--
-- Dumping data for table `__PREFIX__cities`
--

/*!40000 ALTER TABLE `__PREFIX__cities` DISABLE KEYS */;
INSERT INTO `__PREFIX__cities` (`country_code`, `name`, `longitude`, `latitude`, `feature_class`, `feature_code`, `subadmin1_code`, `subadmin2_code`, `population`, `time_zone`, `active`, `created_at`, `updated_at`) VALUES ('FI','{\"en\":\"Ylöjärvi\"}',23.60,61.56,'P','PPLA3','FI.06','FI.06.064',22140,'Europe/Helsinki',1,'2018-04-02 23:00:00','2018-04-02 23:00:00');
INSERT INTO `__PREFIX__cities` (`country_code`, `name`, `longitude`, `latitude`, `feature_class`, `feature_code`, `subadmin1_code`, `subadmin2_code`, `population`, `time_zone`, `active`, `created_at`, `updated_at`) VALUES ('FI','{\"en\":\"Ylivieska\"}',24.55,64.08,'P','PPLA3','FI.17','FI.17.177',13159,'Europe/Helsinki',1,'2018-04-02 23:00:00','2018-04-02 23:00:00');
INSERT INTO `__PREFIX__cities` (`country_code`, `name`, `longitude`, `latitude`, `feature_class`, `feature_code`, `subadmin1_code`, `subadmin2_code`, `population`, `time_zone`, `active`, `created_at`, `updated_at`) VALUES ('FI','{\"en\":\"Ylitornio\"}',23.68,66.31,'P','PPLA3','FI.19','FI.19.193',5104,'Europe/Helsinki',1,'2014-09-24 23:00:00','2014-09-24 23:00:00');
INSERT INTO `__PREFIX__cities` (`country_code`, `name`, `longitude`, `latitude`, `feature_class`, `feature_code`, `subadmin1_code`, `subadmin2_code`, `population`, `time_zone`, `active`, `created_at`, `updated_at`) VALUES ('FI','{\"en\":\"Vuosaari\"}',25.14,60.21,'P','PPLX','FI.01','FI.01.011',35826,'Europe/Helsinki',1,'2018-10-27 23:00:00','2018-10-27 23:00:00');
INSERT INTO `__PREFIX__cities` (`country_code`, `name`, `longitude`, `latitude`, `feature_class`, `feature_code`, `subadmin1_code`, `subadmin2_code`, `population`, `time_zone`, `active`, `created_at`, `updated_at`) VALUES ('FI','{\"en\":\"Vuokatti\"}',28.28,64.14,'P','PPL','FI.18','FI.18.182',6183,'Europe/Helsinki',1,'2015-01-16 23:00:00','2015-01-16 23:00:00');
INSERT INTO `__PREFIX__cities` (`country_code`, `name`, `longitude`, `latitude`, `feature_class`, `feature_code`, `subadmin1_code`, `subadmin2_code`, `population`, `time_zone`, `active`, `created_at`, `updated_at`) VALUES ('FI','{\"en\":\"Virrat\"}',23.78,62.25,'P','PPLA3','FI.06','FI.06.069',7707,'Europe/Helsinki',1,'2014-09-24 23:00:00','2014-09-24 23:00:00');
INSERT INTO `__PREFIX__cities` (`country_code`, `name`, `longitude`, `latitude`, `feature_class`, `feature_code`, `subadmin1_code`, `subadmin2_code`, `population`, `time_zone`, `active`, `created_at`, `updated_at`) VALUES ('FI','{\"en\":\"Vilppula\"}',24.50,62.02,'P','PPLA3','FI.06','FI.06.069',5422,'Europe/Helsinki',1,'2014-09-24 23:00:00','2014-09-24 23:00:00');
INSERT INTO `__PREFIX__cities` (`country_code`, `name`, `longitude`, `latitude`, `feature_class`, `feature_code`, `subadmin1_code`, `subadmin2_code`, `population`, `time_zone`, `active`, `created_at`, `updated_at`) VALUES ('FI','{\"en\":\"Viitasaari\"}',25.87,63.07,'P','PPLA3','FI.13','FI.13.138',7511,'Europe/Helsinki',1,'2014-09-24 23:00:00','2014-09-24 23:00:00');
INSERT INTO `__PREFIX__cities` (`country_code`, `name`, `longitude`, `latitude`, `feature_class`, `feature_code`, `subadmin1_code`, `subadmin2_code`, `population`, `time_zone`, `active`, `created_at`, `updated_at`) VALUES ('FI','{\"en\":\"Viiala\"}',23.77,61.21,'P','PPL','FI.06','FI.06.063',5472,'Europe/Helsinki',1,'2014-09-24 23:00:00','2014-09-24 23:00:00');
INSERT INTO `__PREFIX__cities` (`country_code`, `name`, `longitude`, `latitude`, `feature_class`, `feature_code`, `subadmin1_code`, `subadmin2_code`, `population`, `time_zone`, `active`, `created_at`, `updated_at`) VALUES ('FI','{\"en\":\"Vihti\"}',24.32,60.42,'P','PPLA3','FI.01','FI.01.011',26280,'Europe/Helsinki',1,'2014-09-24 23:00:00','2014-09-24 23:00:00');
INSERT INTO `__PREFIX__cities` (`country_code`, `name`, `longitude`, `latitude`, `feature_class`, `feature_code`, `subadmin1_code`, `subadmin2_code`, `population`, `time_zone`, `active`, `created_at`, `updated_at`) VALUES ('FI','{\"en\":\"Varkaus\"}',27.87,62.32,'P','PPLA3','FI.11','FI.11.114',22365,'Europe/Helsinki',1,'2014-09-24 23:00:00','2014-09-24 23:00:00');
INSERT INTO `__PREFIX__cities` (`country_code`, `name`, `longitude`, `latitude`, `feature_class`, `feature_code`, `subadmin1_code`, `subadmin2_code`, `population`, `time_zone`, `active`, `created_at`, `updated_at`) VALUES ('FI','{\"en\":\"Vantaa\"}',25.04,60.29,'P','PPLA3','FI.01','FI.01.011',190058,'Europe/Helsinki',1,'2021-02-21 23:00:00','2021-02-21 23:00:00');
INSERT INTO `__PREFIX__cities` (`country_code`, `name`, `longitude`, `latitude`, `feature_class`, `feature_code`, `subadmin1_code`, `subadmin2_code`, `population`, `time_zone`, `active`, `created_at`, `updated_at`) VALUES ('FI','{\"en\":\"Vammala\"}',22.90,61.33,'P','PPLA3','FI.06','FI.06.068',14982,'Europe/Helsinki',1,'2014-09-24 23:00:00','2014-09-24 23:00:00');
INSERT INTO `__PREFIX__cities` (`country_code`, `name`, `longitude`, `latitude`, `feature_class`, `feature_code`, `subadmin1_code`, `subadmin2_code`, `population`, `time_zone`, `active`, `created_at`, `updated_at`) VALUES ('FI','{\"en\":\"Valkeakoski\"}',24.03,61.26,'P','PPLA3','FI.06','FI.06.063',20376,'Europe/Helsinki',1,'2014-09-24 23:00:00','2014-09-24 23:00:00');
INSERT INTO `__PREFIX__cities` (`country_code`, `name`, `longitude`, `latitude`, `feature_class`, `feature_code`, `subadmin1_code`, `subadmin2_code`, `population`, `time_zone`, `active`, `created_at`, `updated_at`) VALUES ('FI','{\"en\":\"Vaasa\"}',21.62,63.10,'P','PPLA','FI.15','FI.15.152',57014,'Europe/Helsinki',1,'2019-09-04 23:00:00','2019-09-04 23:00:00');
INSERT INTO `__PREFIX__cities` (`country_code`, `name`, `longitude`, `latitude`, `feature_class`, `feature_code`, `subadmin1_code`, `subadmin2_code`, `population`, `time_zone`, `active`, `created_at`, `updated_at`) VALUES ('FI','{\"en\":\"Uusikaupunki\"}',21.41,60.80,'P','PPLA3','FI.02','FI.02.024',16226,'Europe/Helsinki',1,'2019-09-04 23:00:00','2019-09-04 23:00:00');
INSERT INTO `__PREFIX__cities` (`country_code`, `name`, `longitude`, `latitude`, `feature_class`, `feature_code`, `subadmin1_code`, `subadmin2_code`, `population`, `time_zone`, `active`, `created_at`, `updated_at`) VALUES ('FI','{\"en\":\"Urjala\"}',23.53,61.08,'P','PPLA3','FI.06','FI.06.063',5542,'Europe/Helsinki',1,'2014-09-24 23:00:00','2014-09-24 23:00:00');
INSERT INTO `__PREFIX__cities` (`country_code`, `name`, `longitude`, `latitude`, `feature_class`, `feature_code`, `subadmin1_code`, `subadmin2_code`, `population`, `time_zone`, `active`, `created_at`, `updated_at`) VALUES ('FI','{\"en\":\"Ulvila\"}',21.87,61.43,'P','PPLA3','FI.04','FI.04.043',12314,'Europe/Helsinki',1,'2014-09-24 23:00:00','2014-09-24 23:00:00');
INSERT INTO `__PREFIX__cities` (`country_code`, `name`, `longitude`, `latitude`, `feature_class`, `feature_code`, `subadmin1_code`, `subadmin2_code`, `population`, `time_zone`, `active`, `created_at`, `updated_at`) VALUES ('FI','{\"en\":\"Tyrnävä\"}',25.65,64.76,'P','PPLA3','FI.17','FI.17.171',5636,'Europe/Helsinki',1,'2014-09-24 23:00:00','2014-09-24 23:00:00');
INSERT INTO `__PREFIX__cities` (`country_code`, `name`, `longitude`, `latitude`, `feature_class`, `feature_code`, `subadmin1_code`, `subadmin2_code`, `population`, `time_zone`, `active`, `created_at`, `updated_at`) VALUES ('FI','{\"en\":\"Tuusula\"}',25.03,60.40,'P','PPLA3','FI.01','FI.01.011',34725,'Europe/Helsinki',1,'2014-09-24 23:00:00','2014-09-24 23:00:00');
INSERT INTO `__PREFIX__cities` (`country_code`, `name`, `longitude`, `latitude`, `feature_class`, `feature_code`, `subadmin1_code`, `subadmin2_code`, `population`, `time_zone`, `active`, `created_at`, `updated_at`) VALUES ('FI','{\"en\":\"Turku\"}',22.27,60.45,'P','PPLA','FI.02','FI.02.023',175945,'Europe/Helsinki',1,'2019-09-04 23:00:00','2019-09-04 23:00:00');
INSERT INTO `__PREFIX__cities` (`country_code`, `name`, `longitude`, `latitude`, `feature_class`, `feature_code`, `subadmin1_code`, `subadmin2_code`, `population`, `time_zone`, `active`, `created_at`, `updated_at`) VALUES ('FI','{\"en\":\"Tornio\"}',24.15,65.85,'P','PPLA3','FI.19','FI.19.192',21236,'Europe/Helsinki',1,'2014-09-24 23:00:00','2014-09-24 23:00:00');
INSERT INTO `__PREFIX__cities` (`country_code`, `name`, `longitude`, `latitude`, `feature_class`, `feature_code`, `subadmin1_code`, `subadmin2_code`, `population`, `time_zone`, `active`, `created_at`, `updated_at`) VALUES ('FI','{\"en\":\"Akaa\"}',23.87,61.17,'P','PPL','FI.06','FI.06.063',8258,'Europe/Helsinki',1,'2017-05-14 23:00:00','2017-05-14 23:00:00');
INSERT INTO `__PREFIX__cities` (`country_code`, `name`, `longitude`, `latitude`, `feature_class`, `feature_code`, `subadmin1_code`, `subadmin2_code`, `population`, `time_zone`, `active`, `created_at`, `updated_at`) VALUES ('FI','{\"en\":\"Teuva\"}',21.74,62.48,'P','PPLA3','FI.14','FI.14.141',6092,'Europe/Helsinki',1,'2015-02-28 23:00:00','2015-02-28 23:00:00');
INSERT INTO `__PREFIX__cities` (`country_code`, `name`, `longitude`, `latitude`, `feature_class`, `feature_code`, `subadmin1_code`, `subadmin2_code`, `population`, `time_zone`, `active`, `created_at`, `updated_at`) VALUES ('FI','{\"en\":\"Tampere\"}',23.79,61.50,'P','PPLA','FI.06','FI.06.064',202687,'Europe/Helsinki',1,'2019-09-04 23:00:00','2019-09-04 23:00:00');
INSERT INTO `__PREFIX__cities` (`country_code`, `name`, `longitude`, `latitude`, `feature_class`, `feature_code`, `subadmin1_code`, `subadmin2_code`, `population`, `time_zone`, `active`, `created_at`, `updated_at`) VALUES ('FI','{\"en\":\"Tammela\"}',23.77,60.81,'P','PPLA3','FI.05','FI.05.053',6519,'Europe/Helsinki',1,'2014-09-24 23:00:00','2014-09-24 23:00:00');
INSERT INTO `__PREFIX__cities` (`country_code`, `name`, `longitude`, `latitude`, `feature_class`, `feature_code`, `subadmin1_code`, `subadmin2_code`, `population`, `time_zone`, `active`, `created_at`, `updated_at`) VALUES ('FI','{\"en\":\"Suonenjoki\"}',27.13,62.62,'P','PPLA3','FI.11','FI.11.115',7568,'Europe/Helsinki',1,'2014-09-24 23:00:00','2014-09-24 23:00:00');
INSERT INTO `__PREFIX__cities` (`country_code`, `name`, `longitude`, `latitude`, `feature_class`, `feature_code`, `subadmin1_code`, `subadmin2_code`, `population`, `time_zone`, `active`, `created_at`, `updated_at`) VALUES ('FI','{\"en\":\"Suomussalmi\"}',28.91,64.89,'P','PPLA3','FI.18','FI.18.181',9974,'Europe/Helsinki',1,'2014-09-24 23:00:00','2014-09-24 23:00:00');
INSERT INTO `__PREFIX__cities` (`country_code`, `name`, `longitude`, `latitude`, `feature_class`, `feature_code`, `subadmin1_code`, `subadmin2_code`, `population`, `time_zone`, `active`, `created_at`, `updated_at`) VALUES ('FI','{\"en\":\"Suolahti\"}',25.85,62.56,'P','PPL','FI.13','FI.13.135',5399,'Europe/Helsinki',1,'2015-01-16 23:00:00','2015-01-16 23:00:00');
INSERT INTO `__PREFIX__cities` (`country_code`, `name`, `longitude`, `latitude`, `feature_class`, `feature_code`, `subadmin1_code`, `subadmin2_code`, `population`, `time_zone`, `active`, `created_at`, `updated_at`) VALUES ('FI','{\"en\":\"Sotkamo\"}',28.42,64.13,'P','PPLA3','FI.18','FI.18.182',10368,'Europe/Helsinki',1,'2014-09-24 23:00:00','2014-09-24 23:00:00');
INSERT INTO `__PREFIX__cities` (`country_code`, `name`, `longitude`, `latitude`, `feature_class`, `feature_code`, `subadmin1_code`, `subadmin2_code`, `population`, `time_zone`, `active`, `created_at`, `updated_at`) VALUES ('FI','{\"en\":\"Somero\"}',23.53,60.62,'P','PPLA3','FI.02','FI.02.022',9840,'Europe/Helsinki',1,'2014-09-24 23:00:00','2014-09-24 23:00:00');
INSERT INTO `__PREFIX__cities` (`country_code`, `name`, `longitude`, `latitude`, `feature_class`, `feature_code`, `subadmin1_code`, `subadmin2_code`, `population`, `time_zone`, `active`, `created_at`, `updated_at`) VALUES ('FI','{\"en\":\"Sodankylä\"}',26.60,67.42,'P','PPLA3','FI.19','FI.19.197',8942,'Europe/Helsinki',1,'2014-09-24 23:00:00','2014-09-24 23:00:00');
INSERT INTO `__PREFIX__cities` (`country_code`, `name`, `longitude`, `latitude`, `feature_class`, `feature_code`, `subadmin1_code`, `subadmin2_code`, `population`, `time_zone`, `active`, `created_at`, `updated_at`) VALUES ('FI','{\"en\":\"Siuntio\"}',24.23,60.14,'P','PPLA3','FI.01','FI.01.011',5229,'Europe/Helsinki',1,'2014-09-24 23:00:00','2014-09-24 23:00:00');
INSERT INTO `__PREFIX__cities` (`country_code`, `name`, `longitude`, `latitude`, `feature_class`, `feature_code`, `subadmin1_code`, `subadmin2_code`, `population`, `time_zone`, `active`, `created_at`, `updated_at`) VALUES ('FI','{\"en\":\"Siilinjärvi\"}',27.67,63.08,'P','PPLA3','FI.11','FI.11.112',20209,'Europe/Helsinki',1,'2014-09-24 23:00:00','2014-09-24 23:00:00');
INSERT INTO `__PREFIX__cities` (`country_code`, `name`, `longitude`, `latitude`, `feature_class`, `feature_code`, `subadmin1_code`, `subadmin2_code`, `population`, `time_zone`, `active`, `created_at`, `updated_at`) VALUES ('FI','{\"en\":\"Sievi\"}',24.50,63.90,'P','PPLA3','FI.17','FI.17.177',5281,'Europe/Helsinki',1,'2014-09-24 23:00:00','2014-09-24 23:00:00');
INSERT INTO `__PREFIX__cities` (`country_code`, `name`, `longitude`, `latitude`, `feature_class`, `feature_code`, `subadmin1_code`, `subadmin2_code`, `population`, `time_zone`, `active`, `created_at`, `updated_at`) VALUES ('FI','{\"en\":\"Sibbo\"}',25.27,60.38,'P','PPLA3','FI.01','FI.01.011',19430,'Europe/Helsinki',1,'2014-09-24 23:00:00','2014-09-24 23:00:00');
INSERT INTO `__PREFIX__cities` (`country_code`, `name`, `longitude`, `latitude`, `feature_class`, `feature_code`, `subadmin1_code`, `subadmin2_code`, `population`, `time_zone`, `active`, `created_at`, `updated_at`) VALUES ('FI','{\"en\":\"Seinäjoki\"}',22.83,62.79,'P','PPLA','FI.14','FI.14.142',32149,'Europe/Helsinki',1,'2015-08-23 23:00:00','2015-08-23 23:00:00');
INSERT INTO `__PREFIX__cities` (`country_code`, `name`, `longitude`, `latitude`, `feature_class`, `feature_code`, `subadmin1_code`, `subadmin2_code`, `population`, `time_zone`, `active`, `created_at`, `updated_at`) VALUES ('FI','{\"en\":\"Savonlinna\"}',28.88,61.87,'P','PPLA3','FI.10','FI.10.103',27353,'Europe/Helsinki',1,'2015-03-11 23:00:00','2015-03-11 23:00:00');
INSERT INTO `__PREFIX__cities` (`country_code`, `name`, `longitude`, `latitude`, `feature_class`, `feature_code`, `subadmin1_code`, `subadmin2_code`, `population`, `time_zone`, `active`, `created_at`, `updated_at`) VALUES ('FI','{\"en\":\"Salo\"}',23.13,60.38,'P','PPLA3','FI.02','FI.02.022',24900,'Europe/Helsinki',1,'2014-09-24 23:00:00','2014-09-24 23:00:00');
INSERT INTO `__PREFIX__cities` (`country_code`, `name`, `longitude`, `latitude`, `feature_class`, `feature_code`, `subadmin1_code`, `subadmin2_code`, `population`, `time_zone`, `active`, `created_at`, `updated_at`) VALUES ('FI','{\"en\":\"Saarijärvi\"}',25.25,62.70,'P','PPLA3','FI.13','FI.13.138',10011,'Europe/Helsinki',1,'2014-09-24 23:00:00','2014-09-24 23:00:00');
INSERT INTO `__PREFIX__cities` (`country_code`, `name`, `longitude`, `latitude`, `feature_class`, `feature_code`, `subadmin1_code`, `subadmin2_code`, `population`, `time_zone`, `active`, `created_at`, `updated_at`) VALUES ('FI','{\"en\":\"Ruovesi\"}',24.06,61.99,'P','PPLA3','FI.06','FI.06.069',5314,'Europe/Helsinki',1,'2014-09-24 23:00:00','2014-09-24 23:00:00');
INSERT INTO `__PREFIX__cities` (`country_code`, `name`, `longitude`, `latitude`, `feature_class`, `feature_code`, `subadmin1_code`, `subadmin2_code`, `population`, `time_zone`, `active`, `created_at`, `updated_at`) VALUES ('FI','{\"en\":\"Ruokolahti\"}',28.83,61.28,'P','PPLA3','FI.09','FI.09.093',5780,'Europe/Helsinki',1,'2014-09-24 23:00:00','2014-09-24 23:00:00');
INSERT INTO `__PREFIX__cities` (`country_code`, `name`, `longitude`, `latitude`, `feature_class`, `feature_code`, `subadmin1_code`, `subadmin2_code`, `population`, `time_zone`, `active`, `created_at`, `updated_at`) VALUES ('FI','{\"en\":\"Rovaniemi\"}',25.72,66.50,'P','PPLA','FI.19','FI.19.191',34781,'Europe/Helsinki',1,'2014-09-24 23:00:00','2014-09-24 23:00:00');
INSERT INTO `__PREFIX__cities` (`country_code`, `name`, `longitude`, `latitude`, `feature_class`, `feature_code`, `subadmin1_code`, `subadmin2_code`, `population`, `time_zone`, `active`, `created_at`, `updated_at`) VALUES ('FI','{\"en\":\"Ristiina\"}',27.25,61.51,'P','PPL','FI.10','FI.10.101',5171,'Europe/Helsinki',1,'2015-07-05 23:00:00','2015-07-05 23:00:00');
INSERT INTO `__PREFIX__cities` (`country_code`, `name`, `longitude`, `latitude`, `feature_class`, `feature_code`, `subadmin1_code`, `subadmin2_code`, `population`, `time_zone`, `active`, `created_at`, `updated_at`) VALUES ('FI','{\"en\":\"Riihimäki\"}',24.78,60.74,'P','PPLA3','FI.05','FI.05.052',26451,'Europe/Helsinki',1,'2014-09-24 23:00:00','2014-09-24 23:00:00');
INSERT INTO `__PREFIX__cities` (`country_code`, `name`, `longitude`, `latitude`, `feature_class`, `feature_code`, `subadmin1_code`, `subadmin2_code`, `population`, `time_zone`, `active`, `created_at`, `updated_at`) VALUES ('FI','{\"en\":\"Rauma\"}',21.51,61.13,'P','PPLA3','FI.04','FI.04.041',36550,'Europe/Helsinki',1,'2019-09-04 23:00:00','2019-09-04 23:00:00');
INSERT INTO `__PREFIX__cities` (`country_code`, `name`, `longitude`, `latitude`, `feature_class`, `feature_code`, `subadmin1_code`, `subadmin2_code`, `population`, `time_zone`, `active`, `created_at`, `updated_at`) VALUES ('FI','{\"en\":\"Raisio\"}',22.17,60.49,'P','PPLA3','FI.02','FI.02.023',23597,'Europe/Helsinki',1,'2015-06-17 23:00:00','2015-06-17 23:00:00');
INSERT INTO `__PREFIX__cities` (`country_code`, `name`, `longitude`, `latitude`, `feature_class`, `feature_code`, `subadmin1_code`, `subadmin2_code`, `population`, `time_zone`, `active`, `created_at`, `updated_at`) VALUES ('FI','{\"en\":\"Raahe\"}',24.48,64.68,'P','PPLA3','FI.17','FI.17.174',22217,'Europe/Helsinki',1,'2014-09-24 23:00:00','2014-09-24 23:00:00');
INSERT INTO `__PREFIX__cities` (`country_code`, `name`, `longitude`, `latitude`, `feature_class`, `feature_code`, `subadmin1_code`, `subadmin2_code`, `population`, `time_zone`, `active`, `created_at`, `updated_at`) VALUES ('FI','{\"en\":\"Pyhäselkä\"}',29.97,62.43,'P','PPLA3','FI.12','FI.12.122',7210,'Europe/Helsinki',1,'2014-09-24 23:00:00','2014-09-24 23:00:00');
INSERT INTO `__PREFIX__cities` (`country_code`, `name`, `longitude`, `latitude`, `feature_class`, `feature_code`, `subadmin1_code`, `subadmin2_code`, `population`, `time_zone`, `active`, `created_at`, `updated_at`) VALUES ('FI','{\"en\":\"Pyhäjärvi\"}',27.22,67.07,'P','PPL','FI.19','FI.19.194',6094,'Europe/Helsinki',1,'2015-01-16 23:00:00','2015-01-16 23:00:00');
INSERT INTO `__PREFIX__cities` (`country_code`, `name`, `longitude`, `latitude`, `feature_class`, `feature_code`, `subadmin1_code`, `subadmin2_code`, `population`, `time_zone`, `active`, `created_at`, `updated_at`) VALUES ('FI','{\"en\":\"Pyhäjärvi\"}',25.90,63.67,'P','PPL','FI.17','FI.17.176',6138,'Europe/Helsinki',1,'2014-09-24 23:00:00','2014-09-24 23:00:00');
INSERT INTO `__PREFIX__cities` (`country_code`, `name`, `longitude`, `latitude`, `feature_class`, `feature_code`, `subadmin1_code`, `subadmin2_code`, `population`, `time_zone`, `active`, `created_at`, `updated_at`) VALUES ('FI','{\"en\":\"Pudasjärvi\"}',26.92,65.38,'P','PPLA3','FI.17','FI.17.173',9459,'Europe/Helsinki',1,'2014-09-24 23:00:00','2014-09-24 23:00:00');
INSERT INTO `__PREFIX__cities` (`country_code`, `name`, `longitude`, `latitude`, `feature_class`, `feature_code`, `subadmin1_code`, `subadmin2_code`, `population`, `time_zone`, `active`, `created_at`, `updated_at`) VALUES ('FI','{\"en\":\"Pori\"}',21.78,61.48,'P','PPLA','FI.04','FI.04.043',76772,'Europe/Helsinki',1,'2019-09-04 23:00:00','2019-09-04 23:00:00');
INSERT INTO `__PREFIX__cities` (`country_code`, `name`, `longitude`, `latitude`, `feature_class`, `feature_code`, `subadmin1_code`, `subadmin2_code`, `population`, `time_zone`, `active`, `created_at`, `updated_at`) VALUES ('FI','{\"en\":\"Pohja\"}',23.53,60.10,'P','PPL','FI.01','FI.01.014',5257,'Europe/Helsinki',1,'2014-09-24 23:00:00','2014-09-24 23:00:00');
INSERT INTO `__PREFIX__cities` (`country_code`, `name`, `longitude`, `latitude`, `feature_class`, `feature_code`, `subadmin1_code`, `subadmin2_code`, `population`, `time_zone`, `active`, `created_at`, `updated_at`) VALUES ('FI','{\"en\":\"Pirkkala\"}',23.63,61.46,'P','PPLA3','FI.06','FI.06.064',15615,'Europe/Helsinki',1,'2014-09-24 23:00:00','2014-09-24 23:00:00');
INSERT INTO `__PREFIX__cities` (`country_code`, `name`, `longitude`, `latitude`, `feature_class`, `feature_code`, `subadmin1_code`, `subadmin2_code`, `population`, `time_zone`, `active`, `created_at`, `updated_at`) VALUES ('FI','{\"en\":\"Piikkiö\"}',22.52,60.42,'P','PPLA3','FI.02','FI.02.023',6553,'Europe/Helsinki',1,'2014-09-24 23:00:00','2014-09-24 23:00:00');
INSERT INTO `__PREFIX__cities` (`country_code`, `name`, `longitude`, `latitude`, `feature_class`, `feature_code`, `subadmin1_code`, `subadmin2_code`, `population`, `time_zone`, `active`, `created_at`, `updated_at`) VALUES ('FI','{\"en\":\"Pielavesi\"}',26.75,63.23,'P','PPLA3','FI.11','FI.11.111',5521,'Europe/Helsinki',1,'2014-09-24 23:00:00','2014-09-24 23:00:00');
INSERT INTO `__PREFIX__cities` (`country_code`, `name`, `longitude`, `latitude`, `feature_class`, `feature_code`, `subadmin1_code`, `subadmin2_code`, `population`, `time_zone`, `active`, `created_at`, `updated_at`) VALUES ('FI','{\"en\":\"Pieksämäki\"}',27.13,62.30,'P','PPLA3','FI.10','FI.10.105',12167,'Europe/Helsinki',1,'2014-09-24 23:00:00','2014-09-24 23:00:00');
INSERT INTO `__PREFIX__cities` (`country_code`, `name`, `longitude`, `latitude`, `feature_class`, `feature_code`, `subadmin1_code`, `subadmin2_code`, `population`, `time_zone`, `active`, `created_at`, `updated_at`) VALUES ('FI','{\"en\":\"Perniö\"}',23.13,60.20,'P','PPLA3','FI.02','FI.02.022',5809,'Europe/Helsinki',1,'2016-08-06 23:00:00','2016-08-06 23:00:00');
INSERT INTO `__PREFIX__cities` (`country_code`, `name`, `longitude`, `latitude`, `feature_class`, `feature_code`, `subadmin1_code`, `subadmin2_code`, `population`, `time_zone`, `active`, `created_at`, `updated_at`) VALUES ('FI','{\"en\":\"Pedersöre\"}',22.68,63.65,'P','PPLA3','FI.15','FI.15.154',10436,'Europe/Helsinki',1,'2014-09-24 23:00:00','2014-09-24 23:00:00');
INSERT INTO `__PREFIX__cities` (`country_code`, `name`, `longitude`, `latitude`, `feature_class`, `feature_code`, `subadmin1_code`, `subadmin2_code`, `population`, `time_zone`, `active`, `created_at`, `updated_at`) VALUES ('FI','{\"en\":\"Parkano\"}',23.02,62.02,'P','PPLA3','FI.06','FI.06.061',7213,'Europe/Helsinki',1,'2014-09-24 23:00:00','2014-09-24 23:00:00');
INSERT INTO `__PREFIX__cities` (`country_code`, `name`, `longitude`, `latitude`, `feature_class`, `feature_code`, `subadmin1_code`, `subadmin2_code`, `population`, `time_zone`, `active`, `created_at`, `updated_at`) VALUES ('FI','{\"en\":\"Pargas\"}',22.30,60.31,'P','PPLA3','FI.02','FI.02.021',11962,'Europe/Helsinki',1,'2014-09-24 23:00:00','2014-09-24 23:00:00');
INSERT INTO `__PREFIX__cities` (`country_code`, `name`, `longitude`, `latitude`, `feature_class`, `feature_code`, `subadmin1_code`, `subadmin2_code`, `population`, `time_zone`, `active`, `created_at`, `updated_at`) VALUES ('FI','{\"en\":\"Paimio\"}',22.69,60.46,'P','PPLA3','FI.02','FI.02.023',10126,'Europe/Helsinki',1,'2014-09-24 23:00:00','2014-09-24 23:00:00');
INSERT INTO `__PREFIX__cities` (`country_code`, `name`, `longitude`, `latitude`, `feature_class`, `feature_code`, `subadmin1_code`, `subadmin2_code`, `population`, `time_zone`, `active`, `created_at`, `updated_at`) VALUES ('FI','{\"en\":\"Outokumpu\"}',29.02,62.73,'P','PPLA3','FI.12','FI.12.122',7738,'Europe/Helsinki',1,'2014-09-24 23:00:00','2014-09-24 23:00:00');
INSERT INTO `__PREFIX__cities` (`country_code`, `name`, `longitude`, `latitude`, `feature_class`, `feature_code`, `subadmin1_code`, `subadmin2_code`, `population`, `time_zone`, `active`, `created_at`, `updated_at`) VALUES ('FI','{\"en\":\"Oulunsalo\"}',25.41,64.93,'P','PPL','FI.17','FI.17.171',9556,'Europe/Helsinki',1,'2014-09-24 23:00:00','2014-09-24 23:00:00');
INSERT INTO `__PREFIX__cities` (`country_code`, `name`, `longitude`, `latitude`, `feature_class`, `feature_code`, `subadmin1_code`, `subadmin2_code`, `population`, `time_zone`, `active`, `created_at`, `updated_at`) VALUES ('FI','{\"en\":\"Oulu\"}',25.47,65.01,'P','PPLA','FI.17','FI.17.171',128618,'Europe/Helsinki',1,'2019-09-04 23:00:00','2019-09-04 23:00:00');
INSERT INTO `__PREFIX__cities` (`country_code`, `name`, `longitude`, `latitude`, `feature_class`, `feature_code`, `subadmin1_code`, `subadmin2_code`, `population`, `time_zone`, `active`, `created_at`, `updated_at`) VALUES ('FI','{\"en\":\"Oulainen\"}',24.80,64.27,'P','PPLA3','FI.17','FI.17.177',8300,'Europe/Helsinki',1,'2014-09-24 23:00:00','2014-09-24 23:00:00');
INSERT INTO `__PREFIX__cities` (`country_code`, `name`, `longitude`, `latitude`, `feature_class`, `feature_code`, `subadmin1_code`, `subadmin2_code`, `population`, `time_zone`, `active`, `created_at`, `updated_at`) VALUES ('FI','{\"en\":\"Orivesi\"}',24.36,61.68,'P','PPLA3','FI.06','FI.06.064',8846,'Europe/Helsinki',1,'2014-09-24 23:00:00','2014-09-24 23:00:00');
INSERT INTO `__PREFIX__cities` (`country_code`, `name`, `longitude`, `latitude`, `feature_class`, `feature_code`, `subadmin1_code`, `subadmin2_code`, `population`, `time_zone`, `active`, `created_at`, `updated_at`) VALUES ('FI','{\"en\":\"Orimattila\"}',25.73,60.80,'P','PPLA3','FI.07','FI.07.071',14603,'Europe/Helsinki',1,'2014-09-24 23:00:00','2014-09-24 23:00:00');
INSERT INTO `__PREFIX__cities` (`country_code`, `name`, `longitude`, `latitude`, `feature_class`, `feature_code`, `subadmin1_code`, `subadmin2_code`, `population`, `time_zone`, `active`, `created_at`, `updated_at`) VALUES ('FI','{\"en\":\"Nykarleby\"}',22.53,63.52,'P','PPLA3','FI.15','FI.15.154',7338,'Europe/Helsinki',1,'2014-09-24 23:00:00','2014-09-24 23:00:00');
INSERT INTO `__PREFIX__cities` (`country_code`, `name`, `longitude`, `latitude`, `feature_class`, `feature_code`, `subadmin1_code`, `subadmin2_code`, `population`, `time_zone`, `active`, `created_at`, `updated_at`) VALUES ('FI','{\"en\":\"Nurmijärvi\"}',24.81,60.46,'P','PPLA3','FI.01','FI.01.011',37073,'Europe/Helsinki',1,'2021-08-28 23:00:00','2021-08-28 23:00:00');
INSERT INTO `__PREFIX__cities` (`country_code`, `name`, `longitude`, `latitude`, `feature_class`, `feature_code`, `subadmin1_code`, `subadmin2_code`, `population`, `time_zone`, `active`, `created_at`, `updated_at`) VALUES ('FI','{\"en\":\"Nurmes\"}',29.14,63.54,'P','PPLA3','FI.12','FI.12.125',8804,'Europe/Helsinki',1,'2014-09-24 23:00:00','2014-09-24 23:00:00');
INSERT INTO `__PREFIX__cities` (`country_code`, `name`, `longitude`, `latitude`, `feature_class`, `feature_code`, `subadmin1_code`, `subadmin2_code`, `population`, `time_zone`, `active`, `created_at`, `updated_at`) VALUES ('FI','{\"en\":\"Noormarkku\"}',21.87,61.59,'P','PPL','FI.04','FI.04.043',6076,'Europe/Helsinki',1,'2014-09-24 23:00:00','2014-09-24 23:00:00');
INSERT INTO `__PREFIX__cities` (`country_code`, `name`, `longitude`, `latitude`, `feature_class`, `feature_code`, `subadmin1_code`, `subadmin2_code`, `population`, `time_zone`, `active`, `created_at`, `updated_at`) VALUES ('FI','{\"en\":\"Nokia\"}',23.50,61.47,'P','PPLA3','FI.06','FI.06.064',28676,'Europe/Helsinki',1,'2014-09-24 23:00:00','2014-09-24 23:00:00');
INSERT INTO `__PREFIX__cities` (`country_code`, `name`, `longitude`, `latitude`, `feature_class`, `feature_code`, `subadmin1_code`, `subadmin2_code`, `population`, `time_zone`, `active`, `created_at`, `updated_at`) VALUES ('FI','{\"en\":\"Nivala\"}',24.97,63.92,'P','PPLA3','FI.17','FI.17.176',10610,'Europe/Helsinki',1,'2014-09-24 23:00:00','2014-09-24 23:00:00');
INSERT INTO `__PREFIX__cities` (`country_code`, `name`, `longitude`, `latitude`, `feature_class`, `feature_code`, `subadmin1_code`, `subadmin2_code`, `population`, `time_zone`, `active`, `created_at`, `updated_at`) VALUES ('FI','{\"en\":\"Nilsiä\"}',28.08,63.21,'P','PPL','FI.11','FI.11.112',6474,'Europe/Helsinki',1,'2015-01-16 23:00:00','2015-01-16 23:00:00');
INSERT INTO `__PREFIX__cities` (`country_code`, `name`, `longitude`, `latitude`, `feature_class`, `feature_code`, `subadmin1_code`, `subadmin2_code`, `population`, `time_zone`, `active`, `created_at`, `updated_at`) VALUES ('FI','{\"en\":\"Nastola\"}',25.93,60.95,'P','PPL','FI.07','FI.07.071',14911,'Europe/Helsinki',1,'2016-02-02 23:00:00','2016-02-02 23:00:00');
INSERT INTO `__PREFIX__cities` (`country_code`, `name`, `longitude`, `latitude`, `feature_class`, `feature_code`, `subadmin1_code`, `subadmin2_code`, `population`, `time_zone`, `active`, `created_at`, `updated_at`) VALUES ('FI','{\"en\":\"Nakkila\"}',22.00,61.37,'P','PPLA3','FI.04','FI.04.043',5792,'Europe/Helsinki',1,'2015-04-11 23:00:00','2015-04-11 23:00:00');
INSERT INTO `__PREFIX__cities` (`country_code`, `name`, `longitude`, `latitude`, `feature_class`, `feature_code`, `subadmin1_code`, `subadmin2_code`, `population`, `time_zone`, `active`, `created_at`, `updated_at`) VALUES ('FI','{\"en\":\"Naantali\"}',22.02,60.47,'P','PPLA3','FI.02','FI.02.023',13607,'Europe/Helsinki',1,'2015-05-13 23:00:00','2015-05-13 23:00:00');
INSERT INTO `__PREFIX__cities` (`country_code`, `name`, `longitude`, `latitude`, `feature_class`, `feature_code`, `subadmin1_code`, `subadmin2_code`, `population`, `time_zone`, `active`, `created_at`, `updated_at`) VALUES ('FI','{\"en\":\"Mynämäki\"}',21.99,60.68,'P','PPLA3','FI.02','FI.02.023',6271,'Europe/Helsinki',1,'2014-09-24 23:00:00','2014-09-24 23:00:00');
INSERT INTO `__PREFIX__cities` (`country_code`, `name`, `longitude`, `latitude`, `feature_class`, `feature_code`, `subadmin1_code`, `subadmin2_code`, `population`, `time_zone`, `active`, `created_at`, `updated_at`) VALUES ('FI','{\"en\":\"Muurame\"}',25.67,62.13,'P','PPLA3','FI.13','FI.13.131',8826,'Europe/Helsinki',1,'2014-09-24 23:00:00','2014-09-24 23:00:00');
INSERT INTO `__PREFIX__cities` (`country_code`, `name`, `longitude`, `latitude`, `feature_class`, `feature_code`, `subadmin1_code`, `subadmin2_code`, `population`, `time_zone`, `active`, `created_at`, `updated_at`) VALUES ('FI','{\"en\":\"Munkkiniemi\"}',24.88,60.20,'P','PPLX','FI.01','FI.01.011',17334,'Europe/Helsinki',1,'2018-10-27 23:00:00','2018-10-27 23:00:00');
INSERT INTO `__PREFIX__cities` (`country_code`, `name`, `longitude`, `latitude`, `feature_class`, `feature_code`, `subadmin1_code`, `subadmin2_code`, `population`, `time_zone`, `active`, `created_at`, `updated_at`) VALUES ('FI','{\"en\":\"Muhos\"}',25.99,64.81,'P','PPL','FI.17','FI.17.171',8232,'Europe/Helsinki',1,'2014-09-24 23:00:00','2014-09-24 23:00:00');
INSERT INTO `__PREFIX__cities` (`country_code`, `name`, `longitude`, `latitude`, `feature_class`, `feature_code`, `subadmin1_code`, `subadmin2_code`, `population`, `time_zone`, `active`, `created_at`, `updated_at`) VALUES ('FI','{\"en\":\"Mikkeli\"}',27.27,61.69,'P','PPLA','FI.10','FI.10.101',46550,'Europe/Helsinki',1,'2015-05-13 23:00:00','2015-05-13 23:00:00');
INSERT INTO `__PREFIX__cities` (`country_code`, `name`, `longitude`, `latitude`, `feature_class`, `feature_code`, `subadmin1_code`, `subadmin2_code`, `population`, `time_zone`, `active`, `created_at`, `updated_at`) VALUES ('FI','{\"en\":\"Mellunkylä\"}',25.10,60.23,'P','PPLX','FI.01','FI.01.011',36360,'Europe/Helsinki',1,'2018-10-27 23:00:00','2018-10-27 23:00:00');
INSERT INTO `__PREFIX__cities` (`country_code`, `name`, `longitude`, `latitude`, `feature_class`, `feature_code`, `subadmin1_code`, `subadmin2_code`, `population`, `time_zone`, `active`, `created_at`, `updated_at`) VALUES ('FI','{\"en\":\"Masku\"}',22.10,60.57,'P','PPLA3','FI.02','FI.02.023',5974,'Europe/Helsinki',1,'2014-09-24 23:00:00','2014-09-24 23:00:00');
INSERT INTO `__PREFIX__cities` (`country_code`, `name`, `longitude`, `latitude`, `feature_class`, `feature_code`, `subadmin1_code`, `subadmin2_code`, `population`, `time_zone`, `active`, `created_at`, `updated_at`) VALUES ('FI','{\"en\":\"Mäntyharju\"}',26.88,61.42,'P','PPLA3','FI.10','FI.10.101',6871,'Europe/Helsinki',1,'2020-11-13 23:00:00','2020-11-13 23:00:00');
INSERT INTO `__PREFIX__cities` (`country_code`, `name`, `longitude`, `latitude`, `feature_class`, `feature_code`, `subadmin1_code`, `subadmin2_code`, `population`, `time_zone`, `active`, `created_at`, `updated_at`) VALUES ('FI','{\"en\":\"Mänttä\"}',24.63,62.03,'P','PPLA3','FI.06','FI.06.069',6459,'Europe/Helsinki',1,'2014-09-24 23:00:00','2014-09-24 23:00:00');
INSERT INTO `__PREFIX__cities` (`country_code`, `name`, `longitude`, `latitude`, `feature_class`, `feature_code`, `subadmin1_code`, `subadmin2_code`, `population`, `time_zone`, `active`, `created_at`, `updated_at`) VALUES ('FI','{\"en\":\"Mäntsälä\"}',25.32,60.63,'P','PPLA3','FI.01','FI.01.011',18074,'Europe/Helsinki',1,'2014-09-24 23:00:00','2014-09-24 23:00:00');
INSERT INTO `__PREFIX__cities` (`country_code`, `name`, `longitude`, `latitude`, `feature_class`, `feature_code`, `subadmin1_code`, `subadmin2_code`, `population`, `time_zone`, `active`, `created_at`, `updated_at`) VALUES ('FI','{\"en\":\"Malax\"}',21.57,62.94,'P','PPLA3','FI.15','FI.15.152',5517,'Europe/Helsinki',1,'2014-09-24 23:00:00','2014-09-24 23:00:00');
INSERT INTO `__PREFIX__cities` (`country_code`, `name`, `longitude`, `latitude`, `feature_class`, `feature_code`, `subadmin1_code`, `subadmin2_code`, `population`, `time_zone`, `active`, `created_at`, `updated_at`) VALUES ('FI','{\"en\":\"Luumäki\"}',27.58,60.93,'P','PPLA3','FI.09','FI.09.091',5305,'Europe/Helsinki',1,'2014-09-24 23:00:00','2014-09-24 23:00:00');
INSERT INTO `__PREFIX__cities` (`country_code`, `name`, `longitude`, `latitude`, `feature_class`, `feature_code`, `subadmin1_code`, `subadmin2_code`, `population`, `time_zone`, `active`, `created_at`, `updated_at`) VALUES ('FI','{\"en\":\"Lovisa\"}',26.23,60.46,'P','PPLA3','FI.01','FI.01.016',15466,'Europe/Helsinki',1,'2015-04-13 23:00:00','2015-04-13 23:00:00');
INSERT INTO `__PREFIX__cities` (`country_code`, `name`, `longitude`, `latitude`, `feature_class`, `feature_code`, `subadmin1_code`, `subadmin2_code`, `population`, `time_zone`, `active`, `created_at`, `updated_at`) VALUES ('FI','{\"en\":\"Loppi\"}',24.45,60.72,'P','PPLA3','FI.05','FI.05.052',7768,'Europe/Helsinki',1,'2014-09-24 23:00:00','2014-09-24 23:00:00');
INSERT INTO `__PREFIX__cities` (`country_code`, `name`, `longitude`, `latitude`, `feature_class`, `feature_code`, `subadmin1_code`, `subadmin2_code`, `population`, `time_zone`, `active`, `created_at`, `updated_at`) VALUES ('FI','{\"en\":\"Loimaa\"}',23.06,60.85,'P','PPLA3','FI.02','FI.02.025',15834,'Europe/Helsinki',1,'2020-12-25 23:00:00','2020-12-25 23:00:00');
INSERT INTO `__PREFIX__cities` (`country_code`, `name`, `longitude`, `latitude`, `feature_class`, `feature_code`, `subadmin1_code`, `subadmin2_code`, `population`, `time_zone`, `active`, `created_at`, `updated_at`) VALUES ('FI','{\"en\":\"Lohja\"}',24.07,60.25,'P','PPLA3','FI.01','FI.01.011',35960,'Europe/Helsinki',1,'2014-09-24 23:00:00','2014-09-24 23:00:00');
INSERT INTO `__PREFIX__cities` (`country_code`, `name`, `longitude`, `latitude`, `feature_class`, `feature_code`, `subadmin1_code`, `subadmin2_code`, `population`, `time_zone`, `active`, `created_at`, `updated_at`) VALUES ('FI','{\"en\":\"Liperi\"}',29.37,62.53,'P','PPLA3','FI.12','FI.12.122',11386,'Europe/Helsinki',1,'2014-09-24 23:00:00','2014-09-24 23:00:00');
INSERT INTO `__PREFIX__cities` (`country_code`, `name`, `longitude`, `latitude`, `feature_class`, `feature_code`, `subadmin1_code`, `subadmin2_code`, `population`, `time_zone`, `active`, `created_at`, `updated_at`) VALUES ('FI','{\"en\":\"Liminka\"}',25.42,64.81,'P','PPLA3','FI.17','FI.17.171',7058,'Europe/Helsinki',1,'2014-09-24 23:00:00','2014-09-24 23:00:00');
INSERT INTO `__PREFIX__cities` (`country_code`, `name`, `longitude`, `latitude`, `feature_class`, `feature_code`, `subadmin1_code`, `subadmin2_code`, `population`, `time_zone`, `active`, `created_at`, `updated_at`) VALUES ('FI','{\"en\":\"Lieto\"}',22.46,60.51,'P','PPLA3','FI.02','FI.02.023',15258,'Europe/Helsinki',1,'2014-09-24 23:00:00','2014-09-24 23:00:00');
INSERT INTO `__PREFIX__cities` (`country_code`, `name`, `longitude`, `latitude`, `feature_class`, `feature_code`, `subadmin1_code`, `subadmin2_code`, `population`, `time_zone`, `active`, `created_at`, `updated_at`) VALUES ('FI','{\"en\":\"Lieksa\"}',30.02,63.32,'P','PPLA3','FI.12','FI.12.125',13703,'Europe/Helsinki',1,'2014-09-24 23:00:00','2014-09-24 23:00:00');
INSERT INTO `__PREFIX__cities` (`country_code`, `name`, `longitude`, `latitude`, `feature_class`, `feature_code`, `subadmin1_code`, `subadmin2_code`, `population`, `time_zone`, `active`, `created_at`, `updated_at`) VALUES ('FI','{\"en\":\"Leppävirta\"}',27.78,62.49,'P','PPLA3','FI.11','FI.11.114',10936,'Europe/Helsinki',1,'2014-09-24 23:00:00','2014-09-24 23:00:00');
INSERT INTO `__PREFIX__cities` (`country_code`, `name`, `longitude`, `latitude`, `feature_class`, `feature_code`, `subadmin1_code`, `subadmin2_code`, `population`, `time_zone`, `active`, `created_at`, `updated_at`) VALUES ('FI','{\"en\":\"Lempäälä\"}',23.75,61.32,'P','PPLA3','FI.06','FI.06.064',18096,'Europe/Helsinki',1,'2015-11-08 23:00:00','2015-11-08 23:00:00');
INSERT INTO `__PREFIX__cities` (`country_code`, `name`, `longitude`, `latitude`, `feature_class`, `feature_code`, `subadmin1_code`, `subadmin2_code`, `population`, `time_zone`, `active`, `created_at`, `updated_at`) VALUES ('FI','{\"en\":\"Lauttasaari\"}',24.87,60.16,'P','PPLX','FI.01','FI.01.011',20000,'Europe/Helsinki',1,'2018-10-27 23:00:00','2018-10-27 23:00:00');
INSERT INTO `__PREFIX__cities` (`country_code`, `name`, `longitude`, `latitude`, `feature_class`, `feature_code`, `subadmin1_code`, `subadmin2_code`, `population`, `time_zone`, `active`, `created_at`, `updated_at`) VALUES ('FI','{\"en\":\"Laukaa\"}',25.95,62.41,'P','PPLA3','FI.13','FI.13.131',17093,'Europe/Helsinki',1,'2015-02-28 23:00:00','2015-02-28 23:00:00');
INSERT INTO `__PREFIX__cities` (`country_code`, `name`, `longitude`, `latitude`, `feature_class`, `feature_code`, `subadmin1_code`, `subadmin2_code`, `population`, `time_zone`, `active`, `created_at`, `updated_at`) VALUES ('FI','{\"en\":\"Lapua\"}',23.01,62.97,'P','PPLA3','FI.14','FI.14.142',14091,'Europe/Helsinki',1,'2014-09-24 23:00:00','2014-09-24 23:00:00');
INSERT INTO `__PREFIX__cities` (`country_code`, `name`, `longitude`, `latitude`, `feature_class`, `feature_code`, `subadmin1_code`, `subadmin2_code`, `population`, `time_zone`, `active`, `created_at`, `updated_at`) VALUES ('FI','{\"en\":\"Lappeenranta\"}',28.19,61.06,'P','PPLA','FI.09','FI.09.091',59276,'Europe/Helsinki',1,'2019-09-04 23:00:00','2019-09-04 23:00:00');
INSERT INTO `__PREFIX__cities` (`country_code`, `name`, `longitude`, `latitude`, `feature_class`, `feature_code`, `subadmin1_code`, `subadmin2_code`, `population`, `time_zone`, `active`, `created_at`, `updated_at`) VALUES ('FI','{\"en\":\"Lapinlahti\"}',27.40,63.37,'P','PPLA3','FI.11','FI.11.111',7350,'Europe/Helsinki',1,'2014-09-24 23:00:00','2014-09-24 23:00:00');
INSERT INTO `__PREFIX__cities` (`country_code`, `name`, `longitude`, `latitude`, `feature_class`, `feature_code`, `subadmin1_code`, `subadmin2_code`, `population`, `time_zone`, `active`, `created_at`, `updated_at`) VALUES ('FI','{\"en\":\"Lammi\"}',25.02,61.08,'P','PPLA3','FI.05','FI.05.051',5634,'Europe/Helsinki',1,'2014-09-24 23:00:00','2014-09-24 23:00:00');
INSERT INTO `__PREFIX__cities` (`country_code`, `name`, `longitude`, `latitude`, `feature_class`, `feature_code`, `subadmin1_code`, `subadmin2_code`, `population`, `time_zone`, `active`, `created_at`, `updated_at`) VALUES ('FI','{\"en\":\"Laitila\"}',21.70,60.88,'P','PPLA3','FI.02','FI.02.024',8403,'Europe/Helsinki',1,'2016-08-20 23:00:00','2016-08-20 23:00:00');
INSERT INTO `__PREFIX__cities` (`country_code`, `name`, `longitude`, `latitude`, `feature_class`, `feature_code`, `subadmin1_code`, `subadmin2_code`, `population`, `time_zone`, `active`, `created_at`, `updated_at`) VALUES ('FI','{\"en\":\"Laihia\"}',22.01,62.98,'P','PPLA3','FI.15','FI.15.152',7782,'Europe/Helsinki',1,'2022-01-01 23:00:00','2022-01-01 23:00:00');
INSERT INTO `__PREFIX__cities` (`country_code`, `name`, `longitude`, `latitude`, `feature_class`, `feature_code`, `subadmin1_code`, `subadmin2_code`, `population`, `time_zone`, `active`, `created_at`, `updated_at`) VALUES ('FI','{\"en\":\"Lahti\"}',25.66,60.98,'P','PPLA','FI.07','FI.07.071',98826,'Europe/Helsinki',1,'2019-09-04 23:00:00','2019-09-04 23:00:00');
INSERT INTO `__PREFIX__cities` (`country_code`, `name`, `longitude`, `latitude`, `feature_class`, `feature_code`, `subadmin1_code`, `subadmin2_code`, `population`, `time_zone`, `active`, `created_at`, `updated_at`) VALUES ('FI','{\"en\":\"Kirkkonummi\"}',24.44,60.12,'P','PPLA3','FI.01','FI.01.011',32920,'Europe/Helsinki',1,'2014-09-24 23:00:00','2014-09-24 23:00:00');
INSERT INTO `__PREFIX__cities` (`country_code`, `name`, `longitude`, `latitude`, `feature_class`, `feature_code`, `subadmin1_code`, `subadmin2_code`, `population`, `time_zone`, `active`, `created_at`, `updated_at`) VALUES ('FI','{\"en\":\"Kuusamo\"}',29.19,65.96,'P','PPLA3','FI.17','FI.17.178',17400,'Europe/Helsinki',1,'2020-05-17 23:00:00','2020-05-17 23:00:00');
INSERT INTO `__PREFIX__cities` (`country_code`, `name`, `longitude`, `latitude`, `feature_class`, `feature_code`, `subadmin1_code`, `subadmin2_code`, `population`, `time_zone`, `active`, `created_at`, `updated_at`) VALUES ('FI','{\"en\":\"Kurikka\"}',22.42,62.62,'P','PPLA3','FI.14','FI.14.142',10628,'Europe/Helsinki',1,'2014-09-24 23:00:00','2014-09-24 23:00:00');
INSERT INTO `__PREFIX__cities` (`country_code`, `name`, `longitude`, `latitude`, `feature_class`, `feature_code`, `subadmin1_code`, `subadmin2_code`, `population`, `time_zone`, `active`, `created_at`, `updated_at`) VALUES ('FI','{\"en\":\"Kuopio\"}',27.68,62.89,'P','PPLA','FI.11','FI.11.112',89104,'Europe/Helsinki',1,'2014-09-24 23:00:00','2014-09-24 23:00:00');
INSERT INTO `__PREFIX__cities` (`country_code`, `name`, `longitude`, `latitude`, `feature_class`, `feature_code`, `subadmin1_code`, `subadmin2_code`, `population`, `time_zone`, `active`, `created_at`, `updated_at`) VALUES ('FI','{\"en\":\"Kuhmo\"}',29.52,64.13,'P','PPLA3','FI.18','FI.18.181',10214,'Europe/Helsinki',1,'2014-09-24 23:00:00','2014-09-24 23:00:00');
INSERT INTO `__PREFIX__cities` (`country_code`, `name`, `longitude`, `latitude`, `feature_class`, `feature_code`, `subadmin1_code`, `subadmin2_code`, `population`, `time_zone`, `active`, `created_at`, `updated_at`) VALUES ('FI','{\"en\":\"Kronoby\"}',23.03,63.73,'P','PPLA3','FI.15','FI.15.154',6813,'Europe/Helsinki',1,'2014-09-24 23:00:00','2014-09-24 23:00:00');
INSERT INTO `__PREFIX__cities` (`country_code`, `name`, `longitude`, `latitude`, `feature_class`, `feature_code`, `subadmin1_code`, `subadmin2_code`, `population`, `time_zone`, `active`, `created_at`, `updated_at`) VALUES ('FI','{\"en\":\"Kristinestad\"}',21.38,62.27,'P','PPLA3','FI.15','FI.15.153',7712,'Europe/Helsinki',1,'2019-06-30 23:00:00','2019-06-30 23:00:00');
INSERT INTO `__PREFIX__cities` (`country_code`, `name`, `longitude`, `latitude`, `feature_class`, `feature_code`, `subadmin1_code`, `subadmin2_code`, `population`, `time_zone`, `active`, `created_at`, `updated_at`) VALUES ('FI','{\"en\":\"Kouvola\"}',26.70,60.87,'P','PPLA','FI.08','FI.08.081',31133,'Europe/Helsinki',1,'2014-09-24 23:00:00','2014-09-24 23:00:00');
INSERT INTO `__PREFIX__cities` (`country_code`, `name`, `longitude`, `latitude`, `feature_class`, `feature_code`, `subadmin1_code`, `subadmin2_code`, `population`, `time_zone`, `active`, `created_at`, `updated_at`) VALUES ('FI','{\"en\":\"Kotka\"}',26.95,60.47,'P','PPLA3','FI.08','FI.08.082',54616,'Europe/Helsinki',1,'2019-09-04 23:00:00','2019-09-04 23:00:00');
INSERT INTO `__PREFIX__cities` (`country_code`, `name`, `longitude`, `latitude`, `feature_class`, `feature_code`, `subadmin1_code`, `subadmin2_code`, `population`, `time_zone`, `active`, `created_at`, `updated_at`) VALUES ('FI','{\"en\":\"Korsholm\"}',21.68,63.11,'P','PPL','FI.15','FI.15.152',17176,'Europe/Helsinki',1,'2014-09-24 23:00:00','2014-09-24 23:00:00');
INSERT INTO `__PREFIX__cities` (`country_code`, `name`, `longitude`, `latitude`, `feature_class`, `feature_code`, `subadmin1_code`, `subadmin2_code`, `population`, `time_zone`, `active`, `created_at`, `updated_at`) VALUES ('FI','{\"en\":\"Korpilahti\"}',25.55,62.02,'P','PPLA3','FI.13','FI.13.131',5050,'Europe/Helsinki',1,'2014-09-24 23:00:00','2014-09-24 23:00:00');
INSERT INTO `__PREFIX__cities` (`country_code`, `name`, `longitude`, `latitude`, `feature_class`, `feature_code`, `subadmin1_code`, `subadmin2_code`, `population`, `time_zone`, `active`, `created_at`, `updated_at`) VALUES ('FI','{\"en\":\"Kontiolahti\"}',29.85,62.76,'P','PPLA3','FI.12','FI.12.122',12411,'Europe/Helsinki',1,'2015-03-11 23:00:00','2015-03-11 23:00:00');
INSERT INTO `__PREFIX__cities` (`country_code`, `name`, `longitude`, `latitude`, `feature_class`, `feature_code`, `subadmin1_code`, `subadmin2_code`, `population`, `time_zone`, `active`, `created_at`, `updated_at`) VALUES ('FI','{\"en\":\"Kokkola\"}',23.13,63.84,'P','PPLA','FI.16','FI.16.162',35586,'Europe/Helsinki',1,'2014-12-28 23:00:00','2014-12-28 23:00:00');
INSERT INTO `__PREFIX__cities` (`country_code`, `name`, `longitude`, `latitude`, `feature_class`, `feature_code`, `subadmin1_code`, `subadmin2_code`, `population`, `time_zone`, `active`, `created_at`, `updated_at`) VALUES ('FI','{\"en\":\"Kokemäki\"}',22.36,61.26,'P','PPLA3','FI.04','FI.04.043',8390,'Europe/Helsinki',1,'2019-09-04 23:00:00','2019-09-04 23:00:00');
INSERT INTO `__PREFIX__cities` (`country_code`, `name`, `longitude`, `latitude`, `feature_class`, `feature_code`, `subadmin1_code`, `subadmin2_code`, `population`, `time_zone`, `active`, `created_at`, `updated_at`) VALUES ('FI','{\"en\":\"Kiuruvesi\"}',26.62,63.65,'P','PPLA3','FI.11','FI.11.111',9730,'Europe/Helsinki',1,'2014-09-24 23:00:00','2014-09-24 23:00:00');
INSERT INTO `__PREFIX__cities` (`country_code`, `name`, `longitude`, `latitude`, `feature_class`, `feature_code`, `subadmin1_code`, `subadmin2_code`, `population`, `time_zone`, `active`, `created_at`, `updated_at`) VALUES ('FI','{\"en\":\"Kittilä\"}',24.89,67.66,'P','PPLA3','FI.19','FI.19.196',5713,'Europe/Helsinki',1,'2016-10-22 23:00:00','2016-10-22 23:00:00');
INSERT INTO `__PREFIX__cities` (`country_code`, `name`, `longitude`, `latitude`, `feature_class`, `feature_code`, `subadmin1_code`, `subadmin2_code`, `population`, `time_zone`, `active`, `created_at`, `updated_at`) VALUES ('FI','{\"en\":\"Kitee\"}',30.15,62.10,'P','PPLA3','FI.12','FI.12.124',9777,'Europe/Helsinki',1,'2015-02-28 23:00:00','2015-02-28 23:00:00');
INSERT INTO `__PREFIX__cities` (`country_code`, `name`, `longitude`, `latitude`, `feature_class`, `feature_code`, `subadmin1_code`, `subadmin2_code`, `population`, `time_zone`, `active`, `created_at`, `updated_at`) VALUES ('FI','{\"en\":\"Kiiminki\"}',25.80,65.13,'P','PPL','FI.17','FI.17.171',12069,'Europe/Helsinki',1,'2014-09-24 23:00:00','2014-09-24 23:00:00');
INSERT INTO `__PREFIX__cities` (`country_code`, `name`, `longitude`, `latitude`, `feature_class`, `feature_code`, `subadmin1_code`, `subadmin2_code`, `population`, `time_zone`, `active`, `created_at`, `updated_at`) VALUES ('FI','{\"en\":\"Keuruu\"}',24.70,62.27,'P','PPLA3','FI.13','FI.13.133',10942,'Europe/Helsinki',1,'2014-09-24 23:00:00','2014-09-24 23:00:00');
INSERT INTO `__PREFIX__cities` (`country_code`, `name`, `longitude`, `latitude`, `feature_class`, `feature_code`, `subadmin1_code`, `subadmin2_code`, `population`, `time_zone`, `active`, `created_at`, `updated_at`) VALUES ('FI','{\"en\":\"Kerimäki\"}',29.28,61.91,'P','PPL','FI.10','FI.10.103',5841,'Europe/Helsinki',1,'2015-01-16 23:00:00','2015-01-16 23:00:00');
INSERT INTO `__PREFIX__cities` (`country_code`, `name`, `longitude`, `latitude`, `feature_class`, `feature_code`, `subadmin1_code`, `subadmin2_code`, `population`, `time_zone`, `active`, `created_at`, `updated_at`) VALUES ('FI','{\"en\":\"Kerava\"}',25.11,60.40,'P','PPLA3','FI.01','FI.01.011',31347,'Europe/Helsinki',1,'2016-04-09 23:00:00','2016-04-09 23:00:00');
INSERT INTO `__PREFIX__cities` (`country_code`, `name`, `longitude`, `latitude`, `feature_class`, `feature_code`, `subadmin1_code`, `subadmin2_code`, `population`, `time_zone`, `active`, `created_at`, `updated_at`) VALUES ('FI','{\"en\":\"Kempele\"}',25.50,64.91,'P','PPLA3','FI.17','FI.17.171',14293,'Europe/Helsinki',1,'2014-09-24 23:00:00','2014-09-24 23:00:00');
INSERT INTO `__PREFIX__cities` (`country_code`, `name`, `longitude`, `latitude`, `feature_class`, `feature_code`, `subadmin1_code`, `subadmin2_code`, `population`, `time_zone`, `active`, `created_at`, `updated_at`) VALUES ('FI','{\"en\":\"Kemijärvi\"}',27.43,66.71,'P','PPLA3','FI.19','FI.19.194',8883,'Europe/Helsinki',1,'2018-03-11 23:00:00','2018-03-11 23:00:00');
INSERT INTO `__PREFIX__cities` (`country_code`, `name`, `longitude`, `latitude`, `feature_class`, `feature_code`, `subadmin1_code`, `subadmin2_code`, `population`, `time_zone`, `active`, `created_at`, `updated_at`) VALUES ('FI','{\"en\":\"Keminmaa\"}',24.54,65.80,'P','PPLA3','FI.19','FI.19.192',8980,'Europe/Helsinki',1,'2014-09-24 23:00:00','2014-09-24 23:00:00');
INSERT INTO `__PREFIX__cities` (`country_code`, `name`, `longitude`, `latitude`, `feature_class`, `feature_code`, `subadmin1_code`, `subadmin2_code`, `population`, `time_zone`, `active`, `created_at`, `updated_at`) VALUES ('FI','{\"en\":\"Kemi\"}',24.56,65.74,'P','PPLA3','FI.19','FI.19.192',22641,'Europe/Helsinki',1,'2020-10-31 23:00:00','2020-10-31 23:00:00');
INSERT INTO `__PREFIX__cities` (`country_code`, `name`, `longitude`, `latitude`, `feature_class`, `feature_code`, `subadmin1_code`, `subadmin2_code`, `population`, `time_zone`, `active`, `created_at`, `updated_at`) VALUES ('FI','{\"en\":\"Kauniainen\"}',24.73,60.21,'P','PPLA3','FI.01','FI.01.011',8688,'Europe/Helsinki',1,'2014-09-24 23:00:00','2014-09-24 23:00:00');
INSERT INTO `__PREFIX__cities` (`country_code`, `name`, `longitude`, `latitude`, `feature_class`, `feature_code`, `subadmin1_code`, `subadmin2_code`, `population`, `time_zone`, `active`, `created_at`, `updated_at`) VALUES ('FI','{\"en\":\"Kauhava\"}',23.07,63.10,'P','PPLA3','FI.14','FI.14.142',7896,'Europe/Helsinki',1,'2014-09-24 23:00:00','2014-09-24 23:00:00');
INSERT INTO `__PREFIX__cities` (`country_code`, `name`, `longitude`, `latitude`, `feature_class`, `feature_code`, `subadmin1_code`, `subadmin2_code`, `population`, `time_zone`, `active`, `created_at`, `updated_at`) VALUES ('FI','{\"en\":\"Kauhajoki\"}',22.18,62.43,'P','PPLA3','FI.14','FI.14.141',14526,'Europe/Helsinki',1,'2014-09-24 23:00:00','2014-09-24 23:00:00');
INSERT INTO `__PREFIX__cities` (`country_code`, `name`, `longitude`, `latitude`, `feature_class`, `feature_code`, `subadmin1_code`, `subadmin2_code`, `population`, `time_zone`, `active`, `created_at`, `updated_at`) VALUES ('FI','{\"en\":\"Karkkila\"}',24.21,60.53,'P','PPLA3','FI.01','FI.01.011',8811,'Europe/Helsinki',1,'2015-05-13 23:00:00','2015-05-13 23:00:00');
INSERT INTO `__PREFIX__cities` (`country_code`, `name`, `longitude`, `latitude`, `feature_class`, `feature_code`, `subadmin1_code`, `subadmin2_code`, `population`, `time_zone`, `active`, `created_at`, `updated_at`) VALUES ('FI','{\"en\":\"Karis\"}',23.66,60.07,'P','PPL','FI.01','FI.01.014',8853,'Europe/Helsinki',1,'2019-06-30 23:00:00','2019-06-30 23:00:00');
INSERT INTO `__PREFIX__cities` (`country_code`, `name`, `longitude`, `latitude`, `feature_class`, `feature_code`, `subadmin1_code`, `subadmin2_code`, `population`, `time_zone`, `active`, `created_at`, `updated_at`) VALUES ('FI','{\"en\":\"Karhula\"}',26.93,60.52,'P','PPL','FI.08','FI.08.082',22867,'Europe/Helsinki',1,'2015-01-16 23:00:00','2015-01-16 23:00:00');
INSERT INTO `__PREFIX__cities` (`country_code`, `name`, `longitude`, `latitude`, `feature_class`, `feature_code`, `subadmin1_code`, `subadmin2_code`, `population`, `time_zone`, `active`, `created_at`, `updated_at`) VALUES ('FI','{\"en\":\"Kannus\"}',23.90,63.90,'P','PPLA3','FI.16','FI.16.162',5968,'Europe/Helsinki',1,'2014-09-24 23:00:00','2014-09-24 23:00:00');
INSERT INTO `__PREFIX__cities` (`country_code`, `name`, `longitude`, `latitude`, `feature_class`, `feature_code`, `subadmin1_code`, `subadmin2_code`, `population`, `time_zone`, `active`, `created_at`, `updated_at`) VALUES ('FI','{\"en\":\"Kankaanpää\"}',22.42,61.80,'P','PPLA3','FI.04','FI.04.044',12381,'Europe/Helsinki',1,'2014-09-24 23:00:00','2014-09-24 23:00:00');
INSERT INTO `__PREFIX__cities` (`country_code`, `name`, `longitude`, `latitude`, `feature_class`, `feature_code`, `subadmin1_code`, `subadmin2_code`, `population`, `time_zone`, `active`, `created_at`, `updated_at`) VALUES ('FI','{\"en\":\"Kangasniemi\"}',26.65,61.99,'P','PPLA3','FI.10','FI.10.101',6211,'Europe/Helsinki',1,'2014-09-24 23:00:00','2014-09-24 23:00:00');
INSERT INTO `__PREFIX__cities` (`country_code`, `name`, `longitude`, `latitude`, `feature_class`, `feature_code`, `subadmin1_code`, `subadmin2_code`, `population`, `time_zone`, `active`, `created_at`, `updated_at`) VALUES ('FI','{\"en\":\"Kangasala\"}',24.08,61.46,'P','PPLA3','FI.06','FI.06.064',24291,'Europe/Helsinki',1,'2014-09-24 23:00:00','2014-09-24 23:00:00');
INSERT INTO `__PREFIX__cities` (`country_code`, `name`, `longitude`, `latitude`, `feature_class`, `feature_code`, `subadmin1_code`, `subadmin2_code`, `population`, `time_zone`, `active`, `created_at`, `updated_at`) VALUES ('FI','{\"en\":\"Kallio\"}',24.95,60.18,'P','PPLX','FI.01','FI.01.011',27051,'Europe/Helsinki',1,'2018-10-27 23:00:00','2018-10-27 23:00:00');
INSERT INTO `__PREFIX__cities` (`country_code`, `name`, `longitude`, `latitude`, `feature_class`, `feature_code`, `subadmin1_code`, `subadmin2_code`, `population`, `time_zone`, `active`, `created_at`, `updated_at`) VALUES ('FI','{\"en\":\"Kalajoki\"}',23.95,64.25,'P','PPLA3','FI.17','FI.17.177',8869,'Europe/Helsinki',1,'2014-09-24 23:00:00','2014-09-24 23:00:00');
INSERT INTO `__PREFIX__cities` (`country_code`, `name`, `longitude`, `latitude`, `feature_class`, `feature_code`, `subadmin1_code`, `subadmin2_code`, `population`, `time_zone`, `active`, `created_at`, `updated_at`) VALUES ('FI','{\"en\":\"Kajaani\"}',27.73,64.23,'P','PPLA','FI.18','FI.18.182',35375,'Europe/Helsinki',1,'2014-09-24 23:00:00','2014-09-24 23:00:00');
INSERT INTO `__PREFIX__cities` (`country_code`, `name`, `longitude`, `latitude`, `feature_class`, `feature_code`, `subadmin1_code`, `subadmin2_code`, `population`, `time_zone`, `active`, `created_at`, `updated_at`) VALUES ('FI','{\"en\":\"Kaarina\"}',22.37,60.41,'P','PPLA3','FI.02','FI.02.023',21684,'Europe/Helsinki',1,'2019-09-08 23:00:00','2019-09-08 23:00:00');
INSERT INTO `__PREFIX__cities` (`country_code`, `name`, `longitude`, `latitude`, `feature_class`, `feature_code`, `subadmin1_code`, `subadmin2_code`, `population`, `time_zone`, `active`, `created_at`, `updated_at`) VALUES ('FI','{\"en\":\"Kaarela\"}',24.88,60.25,'P','PPLX','FI.01','FI.01.011',26414,'Europe/Helsinki',1,'2018-10-27 23:00:00','2018-10-27 23:00:00');
INSERT INTO `__PREFIX__cities` (`country_code`, `name`, `longitude`, `latitude`, `feature_class`, `feature_code`, `subadmin1_code`, `subadmin2_code`, `population`, `time_zone`, `active`, `created_at`, `updated_at`) VALUES ('FI','{\"en\":\"Jyväskylä\"}',25.72,62.24,'P','PPLA','FI.13','FI.13.131',85026,'Europe/Helsinki',1,'2020-07-22 23:00:00','2020-07-22 23:00:00');
INSERT INTO `__PREFIX__cities` (`country_code`, `name`, `longitude`, `latitude`, `feature_class`, `feature_code`, `subadmin1_code`, `subadmin2_code`, `population`, `time_zone`, `active`, `created_at`, `updated_at`) VALUES ('FI','{\"en\":\"Juva\"}',27.85,61.90,'P','PPLA3','FI.10','FI.10.105',7165,'Europe/Helsinki',1,'2014-09-24 23:00:00','2014-09-24 23:00:00');
INSERT INTO `__PREFIX__cities` (`country_code`, `name`, `longitude`, `latitude`, `feature_class`, `feature_code`, `subadmin1_code`, `subadmin2_code`, `population`, `time_zone`, `active`, `created_at`, `updated_at`) VALUES ('FI','{\"en\":\"Juuka\"}',29.25,63.23,'P','PPLA3','FI.12','FI.12.122',6035,'Europe/Helsinki',1,'2015-02-28 23:00:00','2015-02-28 23:00:00');
INSERT INTO `__PREFIX__cities` (`country_code`, `name`, `longitude`, `latitude`, `feature_class`, `feature_code`, `subadmin1_code`, `subadmin2_code`, `population`, `time_zone`, `active`, `created_at`, `updated_at`) VALUES ('FI','{\"en\":\"Juankoski\"}',28.35,63.07,'P','PPL','FI.11','FI.11.112',5514,'Europe/Helsinki',1,'2017-01-03 23:00:00','2017-01-03 23:00:00');
INSERT INTO `__PREFIX__cities` (`country_code`, `name`, `longitude`, `latitude`, `feature_class`, `feature_code`, `subadmin1_code`, `subadmin2_code`, `population`, `time_zone`, `active`, `created_at`, `updated_at`) VALUES ('FI','{\"en\":\"Joutseno\"}',28.51,61.12,'P','PPL','FI.09','FI.09.091',10603,'Europe/Helsinki',1,'2014-09-24 23:00:00','2014-09-24 23:00:00');
INSERT INTO `__PREFIX__cities` (`country_code`, `name`, `longitude`, `latitude`, `feature_class`, `feature_code`, `subadmin1_code`, `subadmin2_code`, `population`, `time_zone`, `active`, `created_at`, `updated_at`) VALUES ('FI','{\"en\":\"Joroinen\"}',27.83,62.18,'P','PPLA3','FI.10','FI.10.105',5536,'Europe/Helsinki',1,'2014-09-24 23:00:00','2014-09-24 23:00:00');
INSERT INTO `__PREFIX__cities` (`country_code`, `name`, `longitude`, `latitude`, `feature_class`, `feature_code`, `subadmin1_code`, `subadmin2_code`, `population`, `time_zone`, `active`, `created_at`, `updated_at`) VALUES ('FI','{\"en\":\"Jokioinen\"}',23.48,60.80,'P','PPLA3','FI.05','FI.05.053',5568,'Europe/Helsinki',1,'2014-09-24 23:00:00','2014-09-24 23:00:00');
INSERT INTO `__PREFIX__cities` (`country_code`, `name`, `longitude`, `latitude`, `feature_class`, `feature_code`, `subadmin1_code`, `subadmin2_code`, `population`, `time_zone`, `active`, `created_at`, `updated_at`) VALUES ('FI','{\"en\":\"Joensuu\"}',29.76,62.60,'P','PPLA','FI.12','FI.12.122',53388,'Europe/Helsinki',1,'2016-11-22 23:00:00','2016-11-22 23:00:00');
INSERT INTO `__PREFIX__cities` (`country_code`, `name`, `longitude`, `latitude`, `feature_class`, `feature_code`, `subadmin1_code`, `subadmin2_code`, `population`, `time_zone`, `active`, `created_at`, `updated_at`) VALUES ('FI','{\"en\":\"Järvenpää\"}',25.09,60.47,'P','PPLA3','FI.01','FI.01.011',38148,'Europe/Helsinki',1,'2019-09-04 23:00:00','2019-09-04 23:00:00');
INSERT INTO `__PREFIX__cities` (`country_code`, `name`, `longitude`, `latitude`, `feature_class`, `feature_code`, `subadmin1_code`, `subadmin2_code`, `population`, `time_zone`, `active`, `created_at`, `updated_at`) VALUES ('FI','{\"en\":\"Janakkala\"}',24.60,60.90,'P','PPLA3','FI.05','FI.05.051',15698,'Europe/Helsinki',1,'2014-09-24 23:00:00','2014-09-24 23:00:00');
INSERT INTO `__PREFIX__cities` (`country_code`, `name`, `longitude`, `latitude`, `feature_class`, `feature_code`, `subadmin1_code`, `subadmin2_code`, `population`, `time_zone`, `active`, `created_at`, `updated_at`) VALUES ('FI','{\"en\":\"Jämsänkoski\"}',25.17,61.92,'P','PPLA3','FI.13','FI.13.134',7442,'Europe/Helsinki',1,'2014-09-24 23:00:00','2014-09-24 23:00:00');
INSERT INTO `__PREFIX__cities` (`country_code`, `name`, `longitude`, `latitude`, `feature_class`, `feature_code`, `subadmin1_code`, `subadmin2_code`, `population`, `time_zone`, `active`, `created_at`, `updated_at`) VALUES ('FI','{\"en\":\"Jämsä\"}',25.19,61.86,'P','PPLA3','FI.13','FI.13.134',15261,'Europe/Helsinki',1,'2019-09-04 23:00:00','2019-09-04 23:00:00');
INSERT INTO `__PREFIX__cities` (`country_code`, `name`, `longitude`, `latitude`, `feature_class`, `feature_code`, `subadmin1_code`, `subadmin2_code`, `population`, `time_zone`, `active`, `created_at`, `updated_at`) VALUES ('FI','{\"en\":\"Jalasjärvi\"}',22.75,62.50,'P','PPL','FI.14','FI.14.142',8662,'Europe/Helsinki',1,'2016-02-02 23:00:00','2016-02-02 23:00:00');
INSERT INTO `__PREFIX__cities` (`country_code`, `name`, `longitude`, `latitude`, `feature_class`, `feature_code`, `subadmin1_code`, `subadmin2_code`, `population`, `time_zone`, `active`, `created_at`, `updated_at`) VALUES ('FI','{\"en\":\"Jakobstad\"}',22.70,63.67,'P','PPLA3','FI.15','FI.15.154',19238,'Europe/Helsinki',1,'2018-01-10 23:00:00','2018-01-10 23:00:00');
INSERT INTO `__PREFIX__cities` (`country_code`, `name`, `longitude`, `latitude`, `feature_class`, `feature_code`, `subadmin1_code`, `subadmin2_code`, `population`, `time_zone`, `active`, `created_at`, `updated_at`) VALUES ('FI','{\"en\":\"Isokyrö\"}',22.33,63.01,'P','PPLA3','FI.14','FI.14.142',5040,'Europe/Helsinki',1,'2022-01-01 23:00:00','2022-01-01 23:00:00');
INSERT INTO `__PREFIX__cities` (`country_code`, `name`, `longitude`, `latitude`, `feature_class`, `feature_code`, `subadmin1_code`, `subadmin2_code`, `population`, `time_zone`, `active`, `created_at`, `updated_at`) VALUES ('FI','{\"en\":\"Ingå\"}',24.00,60.05,'P','PPLA3','FI.01','FI.01.014',5205,'Europe/Helsinki',1,'2016-06-04 23:00:00','2016-06-04 23:00:00');
INSERT INTO `__PREFIX__cities` (`country_code`, `name`, `longitude`, `latitude`, `feature_class`, `feature_code`, `subadmin1_code`, `subadmin2_code`, `population`, `time_zone`, `active`, `created_at`, `updated_at`) VALUES ('FI','{\"en\":\"Inari\"}',27.03,68.91,'P','PPLA3','FI.19','FI.19.197',7049,'Europe/Helsinki',1,'2016-12-12 23:00:00','2016-12-12 23:00:00');
INSERT INTO `__PREFIX__cities` (`country_code`, `name`, `longitude`, `latitude`, `feature_class`, `feature_code`, `subadmin1_code`, `subadmin2_code`, `population`, `time_zone`, `active`, `created_at`, `updated_at`) VALUES ('FI','{\"en\":\"Imatra\"}',28.75,61.17,'P','PPLA3','FI.09','FI.09.093',29615,'Europe/Helsinki',1,'2019-09-04 23:00:00','2019-09-04 23:00:00');
INSERT INTO `__PREFIX__cities` (`country_code`, `name`, `longitude`, `latitude`, `feature_class`, `feature_code`, `subadmin1_code`, `subadmin2_code`, `population`, `time_zone`, `active`, `created_at`, `updated_at`) VALUES ('FI','{\"en\":\"Ilomantsi\"}',30.93,62.67,'P','PPLA3','FI.12','FI.12.122',6408,'Europe/Helsinki',1,'2014-09-24 23:00:00','2014-09-24 23:00:00');
INSERT INTO `__PREFIX__cities` (`country_code`, `name`, `longitude`, `latitude`, `feature_class`, `feature_code`, `subadmin1_code`, `subadmin2_code`, `population`, `time_zone`, `active`, `created_at`, `updated_at`) VALUES ('FI','{\"en\":\"Ilmajoki\"}',22.57,62.73,'P','PPLA3','FI.14','FI.14.142',11693,'Europe/Helsinki',1,'2014-09-24 23:00:00','2014-09-24 23:00:00');
INSERT INTO `__PREFIX__cities` (`country_code`, `name`, `longitude`, `latitude`, `feature_class`, `feature_code`, `subadmin1_code`, `subadmin2_code`, `population`, `time_zone`, `active`, `created_at`, `updated_at`) VALUES ('FI','{\"en\":\"Ikaalinen\"}',23.07,61.77,'P','PPLA3','FI.06','FI.06.061',7309,'Europe/Helsinki',1,'2014-09-24 23:00:00','2014-09-24 23:00:00');
INSERT INTO `__PREFIX__cities` (`country_code`, `name`, `longitude`, `latitude`, `feature_class`, `feature_code`, `subadmin1_code`, `subadmin2_code`, `population`, `time_zone`, `active`, `created_at`, `updated_at`) VALUES ('FI','{\"en\":\"Iitti\"}',26.34,60.89,'P','PPLA3','FI.08','FI.08.081',7246,'Europe/Helsinki',1,'2018-04-22 23:00:00','2018-04-22 23:00:00');
INSERT INTO `__PREFIX__cities` (`country_code`, `name`, `longitude`, `latitude`, `feature_class`, `feature_code`, `subadmin1_code`, `subadmin2_code`, `population`, `time_zone`, `active`, `created_at`, `updated_at`) VALUES ('FI','{\"en\":\"Iisalmi\"}',27.19,63.56,'P','PPLA3','FI.11','FI.11.111',22588,'Europe/Helsinki',1,'2014-09-24 23:00:00','2014-09-24 23:00:00');
INSERT INTO `__PREFIX__cities` (`country_code`, `name`, `longitude`, `latitude`, `feature_class`, `feature_code`, `subadmin1_code`, `subadmin2_code`, `population`, `time_zone`, `active`, `created_at`, `updated_at`) VALUES ('FI','{\"en\":\"Ii\"}',25.37,65.32,'P','PPLA3','FI.17','FI.17.173',6546,'Europe/Helsinki',1,'2014-09-24 23:00:00','2014-09-24 23:00:00');
INSERT INTO `__PREFIX__cities` (`country_code`, `name`, `longitude`, `latitude`, `feature_class`, `feature_code`, `subadmin1_code`, `subadmin2_code`, `population`, `time_zone`, `active`, `created_at`, `updated_at`) VALUES ('FI','{\"en\":\"Hyvinge\"}',24.87,60.63,'P','PPLA3','FI.01','FI.01.011',43515,'Europe/Helsinki',1,'2014-09-24 23:00:00','2014-09-24 23:00:00');
INSERT INTO `__PREFIX__cities` (`country_code`, `name`, `longitude`, `latitude`, `feature_class`, `feature_code`, `subadmin1_code`, `subadmin2_code`, `population`, `time_zone`, `active`, `created_at`, `updated_at`) VALUES ('FI','{\"en\":\"Huittinen\"}',22.70,61.18,'P','PPLA3','FI.04','FI.04.043',8952,'Europe/Helsinki',1,'2014-09-24 23:00:00','2014-09-24 23:00:00');
INSERT INTO `__PREFIX__cities` (`country_code`, `name`, `longitude`, `latitude`, `feature_class`, `feature_code`, `subadmin1_code`, `subadmin2_code`, `population`, `time_zone`, `active`, `created_at`, `updated_at`) VALUES ('FI','{\"en\":\"Hollola\"}',25.43,61.05,'P','PPLA3','FI.07','FI.07.071',20405,'Europe/Helsinki',1,'2014-09-24 23:00:00','2014-09-24 23:00:00');
INSERT INTO `__PREFIX__cities` (`country_code`, `name`, `longitude`, `latitude`, `feature_class`, `feature_code`, `subadmin1_code`, `subadmin2_code`, `population`, `time_zone`, `active`, `created_at`, `updated_at`) VALUES ('FI','{\"en\":\"Helsinki\"}',24.94,60.17,'P','PPLC','FI.01','FI.01.011',558457,'Europe/Helsinki',1,'2019-11-17 23:00:00','2019-11-17 23:00:00');
INSERT INTO `__PREFIX__cities` (`country_code`, `name`, `longitude`, `latitude`, `feature_class`, `feature_code`, `subadmin1_code`, `subadmin2_code`, `population`, `time_zone`, `active`, `created_at`, `updated_at`) VALUES ('FI','{\"en\":\"Heinola\"}',26.04,61.21,'P','PPLA3','FI.07','FI.07.071',20849,'Europe/Helsinki',1,'2014-09-24 23:00:00','2014-09-24 23:00:00');
INSERT INTO `__PREFIX__cities` (`country_code`, `name`, `longitude`, `latitude`, `feature_class`, `feature_code`, `subadmin1_code`, `subadmin2_code`, `population`, `time_zone`, `active`, `created_at`, `updated_at`) VALUES ('FI','{\"en\":\"Hausjärvi\"}',24.93,60.78,'P','PPLA3','FI.05','FI.05.052',8151,'Europe/Helsinki',1,'2014-09-24 23:00:00','2014-09-24 23:00:00');
INSERT INTO `__PREFIX__cities` (`country_code`, `name`, `longitude`, `latitude`, `feature_class`, `feature_code`, `subadmin1_code`, `subadmin2_code`, `population`, `time_zone`, `active`, `created_at`, `updated_at`) VALUES ('FI','{\"en\":\"Haukipudas\"}',25.35,65.18,'P','PPL','FI.17','FI.17.171',17298,'Europe/Helsinki',1,'2014-09-24 23:00:00','2014-09-24 23:00:00');
INSERT INTO `__PREFIX__cities` (`country_code`, `name`, `longitude`, `latitude`, `feature_class`, `feature_code`, `subadmin1_code`, `subadmin2_code`, `population`, `time_zone`, `active`, `created_at`, `updated_at`) VALUES ('FI','{\"en\":\"Harjavalta\"}',22.13,61.32,'P','PPLA3','FI.04','FI.04.043',7572,'Europe/Helsinki',1,'2014-09-24 23:00:00','2014-09-24 23:00:00');
INSERT INTO `__PREFIX__cities` (`country_code`, `name`, `longitude`, `latitude`, `feature_class`, `feature_code`, `subadmin1_code`, `subadmin2_code`, `population`, `time_zone`, `active`, `created_at`, `updated_at`) VALUES ('FI','{\"en\":\"Hankasalmi\"}',26.43,62.38,'P','PPLA3','FI.13','FI.13.131',5372,'Europe/Helsinki',1,'2014-09-24 23:00:00','2014-09-24 23:00:00');
INSERT INTO `__PREFIX__cities` (`country_code`, `name`, `longitude`, `latitude`, `feature_class`, `feature_code`, `subadmin1_code`, `subadmin2_code`, `population`, `time_zone`, `active`, `created_at`, `updated_at`) VALUES ('FI','{\"en\":\"Hanko\"}',22.95,59.83,'P','PPLA3','FI.01','FI.01.014',9962,'Europe/Helsinki',1,'2014-09-24 23:00:00','2014-09-24 23:00:00');
INSERT INTO `__PREFIX__cities` (`country_code`, `name`, `longitude`, `latitude`, `feature_class`, `feature_code`, `subadmin1_code`, `subadmin2_code`, `population`, `time_zone`, `active`, `created_at`, `updated_at`) VALUES ('FI','{\"en\":\"Hamina\"}',27.20,60.57,'P','PPLA3','FI.08','FI.08.082',21712,'Europe/Helsinki',1,'2015-11-22 23:00:00','2015-11-22 23:00:00');
INSERT INTO `__PREFIX__cities` (`country_code`, `name`, `longitude`, `latitude`, `feature_class`, `feature_code`, `subadmin1_code`, `subadmin2_code`, `population`, `time_zone`, `active`, `created_at`, `updated_at`) VALUES ('FI','{\"en\":\"Hämeenlinna\"}',24.46,61.00,'P','PPLA','FI.05','FI.05.051',47261,'Europe/Helsinki',1,'2017-01-25 23:00:00','2017-01-25 23:00:00');
INSERT INTO `__PREFIX__cities` (`country_code`, `name`, `longitude`, `latitude`, `feature_class`, `feature_code`, `subadmin1_code`, `subadmin2_code`, `population`, `time_zone`, `active`, `created_at`, `updated_at`) VALUES ('FI','{\"en\":\"Hämeenkyrö\"}',23.20,61.64,'P','PPLA3','FI.06','FI.06.064',9996,'Europe/Helsinki',1,'2014-09-24 23:00:00','2014-09-24 23:00:00');
INSERT INTO `__PREFIX__cities` (`country_code`, `name`, `longitude`, `latitude`, `feature_class`, `feature_code`, `subadmin1_code`, `subadmin2_code`, `population`, `time_zone`, `active`, `created_at`, `updated_at`) VALUES ('FI','{\"en\":\"Halikko\"}',23.08,60.40,'P','PPLA3','FI.02','FI.02.022',9344,'Europe/Helsinki',1,'2014-09-24 23:00:00','2014-09-24 23:00:00');
INSERT INTO `__PREFIX__cities` (`country_code`, `name`, `longitude`, `latitude`, `feature_class`, `feature_code`, `subadmin1_code`, `subadmin2_code`, `population`, `time_zone`, `active`, `created_at`, `updated_at`) VALUES ('FI','{\"en\":\"Haapavesi\"}',25.37,64.13,'P','PPLA3','FI.17','FI.17.175',7717,'Europe/Helsinki',1,'2014-09-24 23:00:00','2014-09-24 23:00:00');
INSERT INTO `__PREFIX__cities` (`country_code`, `name`, `longitude`, `latitude`, `feature_class`, `feature_code`, `subadmin1_code`, `subadmin2_code`, `population`, `time_zone`, `active`, `created_at`, `updated_at`) VALUES ('FI','{\"en\":\"Haapajärvi\"}',25.33,63.75,'P','PPLA3','FI.17','FI.17.176',7627,'Europe/Helsinki',1,'2019-09-08 23:00:00','2019-09-08 23:00:00');
INSERT INTO `__PREFIX__cities` (`country_code`, `name`, `longitude`, `latitude`, `feature_class`, `feature_code`, `subadmin1_code`, `subadmin2_code`, `population`, `time_zone`, `active`, `created_at`, `updated_at`) VALUES ('FI','{\"en\":\"Forssa\"}',23.62,60.81,'P','PPLA3','FI.05','FI.05.053',17852,'Europe/Helsinki',1,'2014-09-24 23:00:00','2014-09-24 23:00:00');
INSERT INTO `__PREFIX__cities` (`country_code`, `name`, `longitude`, `latitude`, `feature_class`, `feature_code`, `subadmin1_code`, `subadmin2_code`, `population`, `time_zone`, `active`, `created_at`, `updated_at`) VALUES ('FI','{\"en\":\"Eurajoki\"}',21.73,61.20,'P','PPLA3','FI.04','FI.04.041',5656,'Europe/Helsinki',1,'2014-09-24 23:00:00','2014-09-24 23:00:00');
INSERT INTO `__PREFIX__cities` (`country_code`, `name`, `longitude`, `latitude`, `feature_class`, `feature_code`, `subadmin1_code`, `subadmin2_code`, `population`, `time_zone`, `active`, `created_at`, `updated_at`) VALUES ('FI','{\"en\":\"Eura\"}',22.13,61.13,'P','PPLA3','FI.04','FI.04.041',9338,'Europe/Helsinki',1,'2014-09-24 23:00:00','2014-09-24 23:00:00');
INSERT INTO `__PREFIX__cities` (`country_code`, `name`, `longitude`, `latitude`, `feature_class`, `feature_code`, `subadmin1_code`, `subadmin2_code`, `population`, `time_zone`, `active`, `created_at`, `updated_at`) VALUES ('FI','{\"en\":\"Espoo\"}',24.65,60.21,'P','PPLA3','FI.01','FI.01.011',256760,'Europe/Helsinki',1,'2016-06-10 23:00:00','2016-06-10 23:00:00');
INSERT INTO `__PREFIX__cities` (`country_code`, `name`, `longitude`, `latitude`, `feature_class`, `feature_code`, `subadmin1_code`, `subadmin2_code`, `population`, `time_zone`, `active`, `created_at`, `updated_at`) VALUES ('FI','{\"en\":\"Eno\"}',30.15,62.81,'P','PPL','FI.12','FI.12.122',6891,'Europe/Helsinki',1,'2021-03-05 23:00:00','2021-03-05 23:00:00');
INSERT INTO `__PREFIX__cities` (`country_code`, `name`, `longitude`, `latitude`, `feature_class`, `feature_code`, `subadmin1_code`, `subadmin2_code`, `population`, `time_zone`, `active`, `created_at`, `updated_at`) VALUES ('FI','{\"en\":\"Elimäki\"}',26.47,60.72,'P','PPLA3','FI.08','FI.08.081',8751,'Europe/Helsinki',1,'2014-09-24 23:00:00','2014-09-24 23:00:00');
INSERT INTO `__PREFIX__cities` (`country_code`, `name`, `longitude`, `latitude`, `feature_class`, `feature_code`, `subadmin1_code`, `subadmin2_code`, `population`, `time_zone`, `active`, `created_at`, `updated_at`) VALUES ('FI','{\"en\":\"Ekenäs\"}',23.43,59.97,'P','PPLA3','FI.01','FI.01.014',14377,'Europe/Helsinki',1,'2016-06-04 23:00:00','2016-06-04 23:00:00');
INSERT INTO `__PREFIX__cities` (`country_code`, `name`, `longitude`, `latitude`, `feature_class`, `feature_code`, `subadmin1_code`, `subadmin2_code`, `population`, `time_zone`, `active`, `created_at`, `updated_at`) VALUES ('FI','{\"en\":\"Porvoo\"}',25.67,60.39,'P','PPLA3','FI.01','FI.01.015',47192,'Europe/Helsinki',1,'2019-09-04 23:00:00','2019-09-04 23:00:00');
INSERT INTO `__PREFIX__cities` (`country_code`, `name`, `longitude`, `latitude`, `feature_class`, `feature_code`, `subadmin1_code`, `subadmin2_code`, `population`, `time_zone`, `active`, `created_at`, `updated_at`) VALUES ('FI','{\"en\":\"Asikkala\"}',25.50,61.22,'P','PPLA3','FI.07','FI.07.071',8540,'Europe/Helsinki',1,'2021-02-21 23:00:00','2021-02-21 23:00:00');
INSERT INTO `__PREFIX__cities` (`country_code`, `name`, `longitude`, `latitude`, `feature_class`, `feature_code`, `subadmin1_code`, `subadmin2_code`, `population`, `time_zone`, `active`, `created_at`, `updated_at`) VALUES ('FI','{\"en\":\"Anjala\"}',26.83,60.68,'P','PPLX','FI.08','FI.08.081',16779,'Europe/Helsinki',1,'2019-08-12 23:00:00','2019-08-12 23:00:00');
INSERT INTO `__PREFIX__cities` (`country_code`, `name`, `longitude`, `latitude`, `feature_class`, `feature_code`, `subadmin1_code`, `subadmin2_code`, `population`, `time_zone`, `active`, `created_at`, `updated_at`) VALUES ('FI','{\"en\":\"Alavus\"}',23.62,62.58,'P','PPLA3','FI.14','FI.14.144',9422,'Europe/Helsinki',1,'2021-02-21 23:00:00','2021-02-21 23:00:00');
INSERT INTO `__PREFIX__cities` (`country_code`, `name`, `longitude`, `latitude`, `feature_class`, `feature_code`, `subadmin1_code`, `subadmin2_code`, `population`, `time_zone`, `active`, `created_at`, `updated_at`) VALUES ('FI','{\"en\":\"Alajärvi\"}',23.82,63.00,'P','PPLA3','FI.14','FI.14.146',8793,'Europe/Helsinki',1,'2014-09-24 23:00:00','2014-09-24 23:00:00');
INSERT INTO `__PREFIX__cities` (`country_code`, `name`, `longitude`, `latitude`, `feature_class`, `feature_code`, `subadmin1_code`, `subadmin2_code`, `population`, `time_zone`, `active`, `created_at`, `updated_at`) VALUES ('FI','{\"en\":\"Ähtäri\"}',24.06,62.55,'P','PPLA3','FI.14','FI.14.144',6835,'Europe/Helsinki',1,'2021-02-21 23:00:00','2021-02-21 23:00:00');
INSERT INTO `__PREFIX__cities` (`country_code`, `name`, `longitude`, `latitude`, `feature_class`, `feature_code`, `subadmin1_code`, `subadmin2_code`, `population`, `time_zone`, `active`, `created_at`, `updated_at`) VALUES ('FI','{\"en\":\"Äänekoski\"}',25.73,62.60,'P','PPLA3','FI.13','FI.13.135',13406,'Europe/Helsinki',1,'2014-09-24 23:00:00','2014-09-24 23:00:00');
INSERT INTO `__PREFIX__cities` (`country_code`, `name`, `longitude`, `latitude`, `feature_class`, `feature_code`, `subadmin1_code`, `subadmin2_code`, `population`, `time_zone`, `active`, `created_at`, `updated_at`) VALUES ('FI','{\"en\":\"Toijala\"}',23.84,61.17,'P','PPLX','FI.06','FI.06.063',8300,'Europe/Helsinki',1,'2015-02-13 23:00:00','2015-02-13 23:00:00');
INSERT INTO `__PREFIX__cities` (`country_code`, `name`, `longitude`, `latitude`, `feature_class`, `feature_code`, `subadmin1_code`, `subadmin2_code`, `population`, `time_zone`, `active`, `created_at`, `updated_at`) VALUES ('FI','{\"en\":\"Väståboland\"}',22.30,60.30,'P','PPL','FI.02','FI.02.021',15498,'Europe/Helsinki',1,'2019-06-30 23:00:00','2019-06-30 23:00:00');
INSERT INTO `__PREFIX__cities` (`country_code`, `name`, `longitude`, `latitude`, `feature_class`, `feature_code`, `subadmin1_code`, `subadmin2_code`, `population`, `time_zone`, `active`, `created_at`, `updated_at`) VALUES ('FI','{\"en\":\"Älajärvi\"}',23.82,63.00,'P','PPLL','FI.14','FI.14.146',10308,'Europe/Helsinki',1,'2017-06-21 23:00:00','2017-06-21 23:00:00');
INSERT INTO `__PREFIX__cities` (`country_code`, `name`, `longitude`, `latitude`, `feature_class`, `feature_code`, `subadmin1_code`, `subadmin2_code`, `population`, `time_zone`, `active`, `created_at`, `updated_at`) VALUES ('FI','{\"en\":\"Vuores\"}',23.81,61.43,'P','PPL','FI.06','FI.06.064',5316,'Europe/Helsinki',1,'2021-06-13 23:00:00','2021-06-13 23:00:00');
/*!40000 ALTER TABLE `__PREFIX__cities` ENABLE KEYS */;
/*!40103 SET TIME_ZONE=@OLD_TIME_ZONE */;

/*!40101 SET SQL_MODE=@OLD_SQL_MODE */;
/*!40014 SET FOREIGN_KEY_CHECKS=@OLD_FOREIGN_KEY_CHECKS */;
/*!40014 SET UNIQUE_CHECKS=@OLD_UNIQUE_CHECKS */;
/*!40101 SET CHARACTER_SET_CLIENT=@OLD_CHARACTER_SET_CLIENT */;
/*!40101 SET CHARACTER_SET_RESULTS=@OLD_CHARACTER_SET_RESULTS */;
/*!40101 SET COLLATION_CONNECTION=@OLD_COLLATION_CONNECTION */;
/*!40111 SET SQL_NOTES=@OLD_SQL_NOTES */;

-- Dump completed
