-- MySQL dump 10.13  Distrib 5.7.34, for osx10.12 (x86_64)
--
-- Host: 127.0.0.1    Database: laraclassifier
-- ------------------------------------------------------
-- Server version	5.7.34

/*!40101 SET @OLD_CHARACTER_SET_CLIENT=@@CHARACTER_SET_CLIENT */;
/*!40101 SET @OLD_CHARACTER_SET_RESULTS=@@CHARACTER_SET_RESULTS */;
/*!40101 SET @OLD_COLLATION_CONNECTION=@@COLLATION_CONNECTION */;
/*!40101 SET NAMES utf8 */;
/*!40103 SET @OLD_TIME_ZONE=@@TIME_ZONE */;
/*!40103 SET TIME_ZONE='+00:00' */;
/*!40014 SET @OLD_UNIQUE_CHECKS=@@UNIQUE_CHECKS, UNIQUE_CHECKS=0 */;
/*!40014 SET @OLD_FOREIGN_KEY_CHECKS=@@FOREIGN_KEY_CHECKS, FOREIGN_KEY_CHECKS=0 */;
/*!40101 SET @OLD_SQL_MODE=@@SQL_MODE, SQL_MODE='NO_AUTO_VALUE_ON_ZERO' */;
/*!40111 SET @OLD_SQL_NOTES=@@SQL_NOTES, SQL_NOTES=0 */;

--
-- Dumping data for table `__PREFIX__subadmin1`
--

/*!40000 ALTER TABLE `__PREFIX__subadmin1` DISABLE KEYS */;
INSERT INTO `__PREFIX__subadmin1` (`code`, `country_code`, `name`, `active`) VALUES ('GH.09','GH','{\"en\":\"Western\"}',1);
INSERT INTO `__PREFIX__subadmin1` (`code`, `country_code`, `name`, `active`) VALUES ('GH.08','GH','{\"en\":\"Volta\"}',1);
INSERT INTO `__PREFIX__subadmin1` (`code`, `country_code`, `name`, `active`) VALUES ('GH.11','GH','{\"en\":\"Upper West\"}',1);
INSERT INTO `__PREFIX__subadmin1` (`code`, `country_code`, `name`, `active`) VALUES ('GH.10','GH','{\"en\":\"Upper East\"}',1);
INSERT INTO `__PREFIX__subadmin1` (`code`, `country_code`, `name`, `active`) VALUES ('GH.06','GH','{\"en\":\"Northern\"}',1);
INSERT INTO `__PREFIX__subadmin1` (`code`, `country_code`, `name`, `active`) VALUES ('GH.01','GH','{\"en\":\"Greater Accra\"}',1);
INSERT INTO `__PREFIX__subadmin1` (`code`, `country_code`, `name`, `active`) VALUES ('GH.05','GH','{\"en\":\"Eastern\"}',1);
INSERT INTO `__PREFIX__subadmin1` (`code`, `country_code`, `name`, `active`) VALUES ('GH.04','GH','{\"en\":\"Central\"}',1);
INSERT INTO `__PREFIX__subadmin1` (`code`, `country_code`, `name`, `active`) VALUES ('GH.02','GH','{\"en\":\"Ashanti\"}',1);
INSERT INTO `__PREFIX__subadmin1` (`code`, `country_code`, `name`, `active`) VALUES ('GH.13','GH','{\"en\":\"Bono\"}',1);
INSERT INTO `__PREFIX__subadmin1` (`code`, `country_code`, `name`, `active`) VALUES ('GH.16','GH','{\"en\":\"Oti\"}',1);
INSERT INTO `__PREFIX__subadmin1` (`code`, `country_code`, `name`, `active`) VALUES ('GH.15','GH','{\"en\":\"North East\"}',1);
INSERT INTO `__PREFIX__subadmin1` (`code`, `country_code`, `name`, `active`) VALUES ('GH.12','GH','{\"en\":\"Ahafo\"}',1);
INSERT INTO `__PREFIX__subadmin1` (`code`, `country_code`, `name`, `active`) VALUES ('GH.14','GH','{\"en\":\"Bono East\"}',1);
INSERT INTO `__PREFIX__subadmin1` (`code`, `country_code`, `name`, `active`) VALUES ('GH.17','GH','{\"en\":\"Savannah\"}',1);
INSERT INTO `__PREFIX__subadmin1` (`code`, `country_code`, `name`, `active`) VALUES ('GH.18','GH','{\"en\":\"Western North\"}',1);
/*!40000 ALTER TABLE `__PREFIX__subadmin1` ENABLE KEYS */;

--
-- Dumping data for table `__PREFIX__subadmin2`
--

/*!40000 ALTER TABLE `__PREFIX__subadmin2` DISABLE KEYS */;
INSERT INTO `__PREFIX__subadmin2` (`code`, `country_code`, `subadmin1_code`, `name`, `active`) VALUES ('GH.08.402','GH','GH.08','{\"en\":\"Keta\"}',1);
INSERT INTO `__PREFIX__subadmin2` (`code`, `country_code`, `subadmin1_code`, `name`, `active`) VALUES ('GH.11.1005','GH','GH.11','{\"en\":\"Nadowli\"}',1);
INSERT INTO `__PREFIX__subadmin2` (`code`, `country_code`, `subadmin1_code`, `name`, `active`) VALUES ('GH.11.1007','GH','GH.11','{\"en\":\"Sissala West\"}',1);
INSERT INTO `__PREFIX__subadmin2` (`code`, `country_code`, `subadmin1_code`, `name`, `active`) VALUES ('GH.11.1003','GH','GH.11','{\"en\":\"Wa East\"}',1);
INSERT INTO `__PREFIX__subadmin2` (`code`, `country_code`, `subadmin1_code`, `name`, `active`) VALUES ('GH.11.1001','GH','GH.11','{\"en\":\"Wa West\"}',1);
INSERT INTO `__PREFIX__subadmin2` (`code`, `country_code`, `subadmin1_code`, `name`, `active`) VALUES ('GH.11.1004','GH','GH.11','{\"en\":\"Sissala East\"}',1);
INSERT INTO `__PREFIX__subadmin2` (`code`, `country_code`, `subadmin1_code`, `name`, `active`) VALUES ('GH.10.905','GH','GH.10','{\"en\":\"Talensi-Nabdam\"}',1);
INSERT INTO `__PREFIX__subadmin2` (`code`, `country_code`, `subadmin1_code`, `name`, `active`) VALUES ('GH.10.908','GH','GH.10','{\"en\":\"Garu-Tempane\"}',1);
INSERT INTO `__PREFIX__subadmin2` (`code`, `country_code`, `subadmin1_code`, `name`, `active`) VALUES ('GH.10.901','GH','GH.10','{\"en\":\"North Builsa District\"}',1);
INSERT INTO `__PREFIX__subadmin2` (`code`, `country_code`, `subadmin1_code`, `name`, `active`) VALUES ('GH.10.906','GH','GH.10','{\"en\":\"Bongo District\"}',1);
INSERT INTO `__PREFIX__subadmin2` (`code`, `country_code`, `subadmin1_code`, `name`, `active`) VALUES ('GH.06.807','GH','GH.06','{\"en\":\"Nanumba South\"}',1);
INSERT INTO `__PREFIX__subadmin2` (`code`, `country_code`, `subadmin1_code`, `name`, `active`) VALUES ('GH.06.808','GH','GH.06','{\"en\":\"Nanumba North\"}',1);
INSERT INTO `__PREFIX__subadmin2` (`code`, `country_code`, `subadmin1_code`, `name`, `active`) VALUES ('GH.17.802','GH','GH.17','{\"en\":\"Sawla-Tuna-Kalba\"}',1);
INSERT INTO `__PREFIX__subadmin2` (`code`, `country_code`, `subadmin1_code`, `name`, `active`) VALUES ('GH.10.907','GH','GH.10','{\"en\":\"Bawku West\"}',1);
INSERT INTO `__PREFIX__subadmin2` (`code`, `country_code`, `subadmin1_code`, `name`, `active`) VALUES ('GH.15.818','GH','GH.15','{\"en\":\"Bunkpurugu-Yunyoo\"}',1);
INSERT INTO `__PREFIX__subadmin2` (`code`, `country_code`, `subadmin1_code`, `name`, `active`) VALUES ('GH.11.1009','GH','GH.11','{\"en\":\"Lawra\"}',1);
INSERT INTO `__PREFIX__subadmin2` (`code`, `country_code`, `subadmin1_code`, `name`, `active`) VALUES ('GH.11.1006','GH','GH.11','{\"en\":\"Jirapa\"}',1);
INSERT INTO `__PREFIX__subadmin2` (`code`, `country_code`, `subadmin1_code`, `name`, `active`) VALUES ('GH.06.814','GH','GH.06','{\"en\":\"Karaga\"}',1);
INSERT INTO `__PREFIX__subadmin2` (`code`, `country_code`, `subadmin1_code`, `name`, `active`) VALUES ('GH.06.815','GH','GH.06','{\"en\":\"Gushiegu\"}',1);
INSERT INTO `__PREFIX__subadmin2` (`code`, `country_code`, `subadmin1_code`, `name`, `active`) VALUES ('GH.17.801','GH','GH.17','{\"en\":\"Bole\"}',1);
INSERT INTO `__PREFIX__subadmin2` (`code`, `country_code`, `subadmin1_code`, `name`, `active`) VALUES ('GH.06.806','GH','GH.06','{\"en\":\"Kpandai\"}',1);
INSERT INTO `__PREFIX__subadmin2` (`code`, `country_code`, `subadmin1_code`, `name`, `active`) VALUES ('GH.17.805','GH','GH.17','{\"en\":\"East Gonja\"}',1);
INSERT INTO `__PREFIX__subadmin2` (`code`, `country_code`, `subadmin1_code`, `name`, `active`) VALUES ('GH.16.418','GH','GH.16','{\"en\":\"Nkwanta North\"}',1);
INSERT INTO `__PREFIX__subadmin2` (`code`, `country_code`, `subadmin1_code`, `name`, `active`) VALUES ('GH.16.417','GH','GH.16','{\"en\":\"Nkwanta South\"}',1);
INSERT INTO `__PREFIX__subadmin2` (`code`, `country_code`, `subadmin1_code`, `name`, `active`) VALUES ('GH.14.720','GH','GH.14','{\"en\":\"Pru\"}',1);
INSERT INTO `__PREFIX__subadmin2` (`code`, `country_code`, `subadmin1_code`, `name`, `active`) VALUES ('GH.14.719','GH','GH.14','{\"en\":\"Sene\"}',1);
INSERT INTO `__PREFIX__subadmin2` (`code`, `country_code`, `subadmin1_code`, `name`, `active`) VALUES ('GH.16.415','GH','GH.16','{\"en\":\"Krachi East\"}',1);
INSERT INTO `__PREFIX__subadmin2` (`code`, `country_code`, `subadmin1_code`, `name`, `active`) VALUES ('GH.16.416','GH','GH.16','{\"en\":\"Krachi West\"}',1);
INSERT INTO `__PREFIX__subadmin2` (`code`, `country_code`, `subadmin1_code`, `name`, `active`) VALUES ('GH.14.717','GH','GH.14','{\"en\":\"Nkoranza North District\"}',1);
INSERT INTO `__PREFIX__subadmin2` (`code`, `country_code`, `subadmin1_code`, `name`, `active`) VALUES ('GH.04.213','GH','GH.04','{\"en\":\"Assin South\"}',1);
INSERT INTO `__PREFIX__subadmin2` (`code`, `country_code`, `subadmin1_code`, `name`, `active`) VALUES ('GH.04.218','GH','GH.04','{\"en\":\"Twifo Hemang Lower Denkyira\"}',1);
INSERT INTO `__PREFIX__subadmin2` (`code`, `country_code`, `subadmin1_code`, `name`, `active`) VALUES ('GH.02.624','GH','GH.02','{\"en\":\"Sekyere Afram Plains\"}',1);
INSERT INTO `__PREFIX__subadmin2` (`code`, `country_code`, `subadmin1_code`, `name`, `active`) VALUES ('GH.09.102','GH','GH.09','{\"en\":\"Ellembelle\"}',1);
INSERT INTO `__PREFIX__subadmin2` (`code`, `country_code`, `subadmin1_code`, `name`, `active`) VALUES ('GH.05.517','GH','GH.05','{\"en\":\"Atiwa\"}',1);
INSERT INTO `__PREFIX__subadmin2` (`code`, `country_code`, `subadmin1_code`, `name`, `active`) VALUES ('GH.06.816','GH','GH.06','{\"en\":\"Saboba\"}',1);
INSERT INTO `__PREFIX__subadmin2` (`code`, `country_code`, `subadmin1_code`, `name`, `active`) VALUES ('GH.15.817','GH','GH.15','{\"en\":\"Chereponi\"}',1);
INSERT INTO `__PREFIX__subadmin2` (`code`, `country_code`, `subadmin1_code`, `name`, `active`) VALUES ('GH.11.1008','GH','GH.11','{\"en\":\"Lambussie Karni\"}',1);
INSERT INTO `__PREFIX__subadmin2` (`code`, `country_code`, `subadmin1_code`, `name`, `active`) VALUES ('GH.04.203','GH','GH.04','{\"en\":\"Abura/Asebu/Kwamankese\"}',1);
INSERT INTO `__PREFIX__subadmin2` (`code`, `country_code`, `subadmin1_code`, `name`, `active`) VALUES ('GH.01.304','GH','GH.01','{\"en\":\"Accra\"}',1);
INSERT INTO `__PREFIX__subadmin2` (`code`, `country_code`, `subadmin1_code`, `name`, `active`) VALUES ('GH.02.606','GH','GH.02','{\"en\":\"Adansi North\"}',1);
INSERT INTO `__PREFIX__subadmin2` (`code`, `country_code`, `subadmin1_code`, `name`, `active`) VALUES ('GH.02.604','GH','GH.02','{\"en\":\"Adansi South\"}',1);
INSERT INTO `__PREFIX__subadmin2` (`code`, `country_code`, `subadmin1_code`, `name`, `active`) VALUES ('GH.01.305','GH','GH.01','{\"en\":\"Adenta\"}',1);
INSERT INTO `__PREFIX__subadmin2` (`code`, `country_code`, `subadmin1_code`, `name`, `active`) VALUES ('GH.02.619','GH','GH.02','{\"en\":\"Afigya-Kwabre District\"}',1);
INSERT INTO `__PREFIX__subadmin2` (`code`, `country_code`, `subadmin1_code`, `name`, `active`) VALUES ('GH.04.210','GH','GH.04','{\"en\":\"Agona East\"}',1);
INSERT INTO `__PREFIX__subadmin2` (`code`, `country_code`, `subadmin1_code`, `name`, `active`) VALUES ('GH.04.211','GH','GH.04','{\"en\":\"Agona West\"}',1);
INSERT INTO `__PREFIX__subadmin2` (`code`, `country_code`, `subadmin1_code`, `name`, `active`) VALUES ('GH.02.617','GH','GH.02','{\"en\":\"Ahafo Ano North\"}',1);
INSERT INTO `__PREFIX__subadmin2` (`code`, `country_code`, `subadmin1_code`, `name`, `active`) VALUES ('GH.02.616','GH','GH.02','{\"en\":\"Ahafo Ano South\"}',1);
INSERT INTO `__PREFIX__subadmin2` (`code`, `country_code`, `subadmin1_code`, `name`, `active`) VALUES ('GH.09.104','GH','GH.09','{\"en\":\"Ahanta West\"}',1);
INSERT INTO `__PREFIX__subadmin2` (`code`, `country_code`, `subadmin1_code`, `name`, `active`) VALUES ('GH.04.205','GH','GH.04','{\"en\":\"Ajumako/Enyan/Essiam\"}',1);
INSERT INTO `__PREFIX__subadmin2` (`code`, `country_code`, `subadmin1_code`, `name`, `active`) VALUES ('GH.08.420','GH','GH.08','{\"en\":\"Akatsi District\"}',1);
INSERT INTO `__PREFIX__subadmin2` (`code`, `country_code`, `subadmin1_code`, `name`, `active`) VALUES ('GH.05.506','GH','GH.05','{\"en\":\"Akuapim North\"}',1);
INSERT INTO `__PREFIX__subadmin2` (`code`, `country_code`, `subadmin1_code`, `name`, `active`) VALUES ('GH.05.523','GH','GH.05','{\"en\":\"Akuapim South\"}',1);
INSERT INTO `__PREFIX__subadmin2` (`code`, `country_code`, `subadmin1_code`, `name`, `active`) VALUES ('GH.05.515','GH','GH.05','{\"en\":\"Akyemansa\"}',1);
INSERT INTO `__PREFIX__subadmin2` (`code`, `country_code`, `subadmin1_code`, `name`, `active`) VALUES ('GH.02.603','GH','GH.02','{\"en\":\"Amansie Central\"}',1);
INSERT INTO `__PREFIX__subadmin2` (`code`, `country_code`, `subadmin1_code`, `name`, `active`) VALUES ('GH.02.602','GH','GH.02','{\"en\":\"Amansie West\"}',1);
INSERT INTO `__PREFIX__subadmin2` (`code`, `country_code`, `subadmin1_code`, `name`, `active`) VALUES ('GH.18.112','GH','GH.18','{\"en\":\"Aowin/Suaman\"}',1);
INSERT INTO `__PREFIX__subadmin2` (`code`, `country_code`, `subadmin1_code`, `name`, `active`) VALUES ('GH.02.629','GH','GH.02','{\"en\":\"Asante Akim North\"}',1);
INSERT INTO `__PREFIX__subadmin2` (`code`, `country_code`, `subadmin1_code`, `name`, `active`) VALUES ('GH.02.609','GH','GH.02','{\"en\":\"Asante Akim South District\"}',1);
INSERT INTO `__PREFIX__subadmin2` (`code`, `country_code`, `subadmin1_code`, `name`, `active`) VALUES ('GH.01.307','GH','GH.01','{\"en\":\"Ashaiman\"}',1);
INSERT INTO `__PREFIX__subadmin2` (`code`, `country_code`, `subadmin1_code`, `name`, `active`) VALUES ('GH.04.212','GH','GH.04','{\"en\":\"Asikuma/Odoben/Brakwa\"}',1);
INSERT INTO `__PREFIX__subadmin2` (`code`, `country_code`, `subadmin1_code`, `name`, `active`) VALUES ('GH.04.214','GH','GH.04','{\"en\":\"Assin North\"}',1);
INSERT INTO `__PREFIX__subadmin2` (`code`, `country_code`, `subadmin1_code`, `name`, `active`) VALUES ('GH.12.702','GH','GH.12','{\"en\":\"Asunafo North\"}',1);
INSERT INTO `__PREFIX__subadmin2` (`code`, `country_code`, `subadmin1_code`, `name`, `active`) VALUES ('GH.12.701','GH','GH.12','{\"en\":\"Asunafo South\"}',1);
INSERT INTO `__PREFIX__subadmin2` (`code`, `country_code`, `subadmin1_code`, `name`, `active`) VALUES ('GH.05.510','GH','GH.05','{\"en\":\"Asuogyaman\"}',1);
INSERT INTO `__PREFIX__subadmin2` (`code`, `country_code`, `subadmin1_code`, `name`, `active`) VALUES ('GH.12.703','GH','GH.12','{\"en\":\"Asutifi\"}',1);
INSERT INTO `__PREFIX__subadmin2` (`code`, `country_code`, `subadmin1_code`, `name`, `active`) VALUES ('GH.02.613','GH','GH.02','{\"en\":\"Atwima Kwanwoma\"}',1);
INSERT INTO `__PREFIX__subadmin2` (`code`, `country_code`, `subadmin1_code`, `name`, `active`) VALUES ('GH.02.601','GH','GH.02','{\"en\":\"Atwima Mponua\"}',1);
INSERT INTO `__PREFIX__subadmin2` (`code`, `country_code`, `subadmin1_code`, `name`, `active`) VALUES ('GH.02.615','GH','GH.02','{\"en\":\"Atwima Nwabiagya\"}',1);
INSERT INTO `__PREFIX__subadmin2` (`code`, `country_code`, `subadmin1_code`, `name`, `active`) VALUES ('GH.04.209','GH','GH.04','{\"en\":\"Awutu Senya\"}',1);
INSERT INTO `__PREFIX__subadmin2` (`code`, `country_code`, `subadmin1_code`, `name`, `active`) VALUES ('GH.02.607','GH','GH.02','{\"en\":\"Bekwai\"}',1);
INSERT INTO `__PREFIX__subadmin2` (`code`, `country_code`, `subadmin1_code`, `name`, `active`) VALUES ('GH.13.710','GH','GH.13','{\"en\":\"Berekum\"}',1);
INSERT INTO `__PREFIX__subadmin2` (`code`, `country_code`, `subadmin1_code`, `name`, `active`) VALUES ('GH.18.117','GH','GH.18','{\"en\":\"Bia\"}',1);
INSERT INTO `__PREFIX__subadmin2` (`code`, `country_code`, `subadmin1_code`, `name`, `active`) VALUES ('GH.16.412','GH','GH.16','{\"en\":\"Biakoye\"}',1);
INSERT INTO `__PREFIX__subadmin2` (`code`, `country_code`, `subadmin1_code`, `name`, `active`) VALUES ('GH.18.115','GH','GH.18','{\"en\":\"Bibiani/Ahwiaso/Bekwai\"}',1);
INSERT INTO `__PREFIX__subadmin2` (`code`, `country_code`, `subadmin1_code`, `name`, `active`) VALUES ('GH.05.502','GH','GH.05','{\"en\":\"Birim Central\"}',1);
INSERT INTO `__PREFIX__subadmin2` (`code`, `country_code`, `subadmin1_code`, `name`, `active`) VALUES ('GH.05.516','GH','GH.05','{\"en\":\"Birim North\"}',1);
INSERT INTO `__PREFIX__subadmin2` (`code`, `country_code`, `subadmin1_code`, `name`, `active`) VALUES ('GH.05.501','GH','GH.05','{\"en\":\"Birim South\"}',1);
INSERT INTO `__PREFIX__subadmin2` (`code`, `country_code`, `subadmin1_code`, `name`, `active`) VALUES ('GH.10.904','GH','GH.10','{\"en\":\"Bolgatanga Municipal District\"}',1);
INSERT INTO `__PREFIX__subadmin2` (`code`, `country_code`, `subadmin1_code`, `name`, `active`) VALUES ('GH.02.608','GH','GH.02','{\"en\":\"Bosome Freho\"}',1);
INSERT INTO `__PREFIX__subadmin2` (`code`, `country_code`, `subadmin1_code`, `name`, `active`) VALUES ('GH.02.612','GH','GH.02','{\"en\":\"Bosomtwe\"}',1);
INSERT INTO `__PREFIX__subadmin2` (`code`, `country_code`, `subadmin1_code`, `name`, `active`) VALUES ('GH.04.202','GH','GH.04','{\"en\":\"Cape Coast\"}',1);
INSERT INTO `__PREFIX__subadmin2` (`code`, `country_code`, `subadmin1_code`, `name`, `active`) VALUES ('GH.17.804','GH','GH.17','{\"en\":\"Central Gonja\"}',1);
INSERT INTO `__PREFIX__subadmin2` (`code`, `country_code`, `subadmin1_code`, `name`, `active`) VALUES ('GH.01.309','GH','GH.01','{\"en\":\"Shai Osudoku District\"}',1);
INSERT INTO `__PREFIX__subadmin2` (`code`, `country_code`, `subadmin1_code`, `name`, `active`) VALUES ('GH.13.704','GH','GH.13','{\"en\":\"Dormaa\"}',1);
INSERT INTO `__PREFIX__subadmin2` (`code`, `country_code`, `subadmin1_code`, `name`, `active`) VALUES ('GH.13.705','GH','GH.13','{\"en\":\"Dormaa East\"}',1);
INSERT INTO `__PREFIX__subadmin2` (`code`, `country_code`, `subadmin1_code`, `name`, `active`) VALUES ('GH.05.513','GH','GH.05','{\"en\":\"East Akim\"}',1);
INSERT INTO `__PREFIX__subadmin2` (`code`, `country_code`, `subadmin1_code`, `name`, `active`) VALUES ('GH.15.819','GH','GH.15','{\"en\":\"East Mamprusi\"}',1);
INSERT INTO `__PREFIX__subadmin2` (`code`, `country_code`, `subadmin1_code`, `name`, `active`) VALUES ('GH.04.207','GH','GH.04','{\"en\":\"Effutu\"}',1);
INSERT INTO `__PREFIX__subadmin2` (`code`, `country_code`, `subadmin1_code`, `name`, `active`) VALUES ('GH.02.611','GH','GH.02','{\"en\":\"Ejisu Juaben\"}',1);
INSERT INTO `__PREFIX__subadmin2` (`code`, `country_code`, `subadmin1_code`, `name`, `active`) VALUES ('GH.02.626','GH','GH.02','{\"en\":\"Ejura Sekyedumase\"}',1);
INSERT INTO `__PREFIX__subadmin2` (`code`, `country_code`, `subadmin1_code`, `name`, `active`) VALUES ('GH.05.512','GH','GH.05','{\"en\":\"Fanteakwa\"}',1);
INSERT INTO `__PREFIX__subadmin2` (`code`, `country_code`, `subadmin1_code`, `name`, `active`) VALUES ('GH.01.303','GH','GH.01','{\"en\":\"Ga East\"}',1);
INSERT INTO `__PREFIX__subadmin2` (`code`, `country_code`, `subadmin1_code`, `name`, `active`) VALUES ('GH.01.302','GH','GH.01','{\"en\":\"Ga West\"}',1);
INSERT INTO `__PREFIX__subadmin2` (`code`, `country_code`, `subadmin1_code`, `name`, `active`) VALUES ('GH.04.208','GH','GH.04','{\"en\":\"Gomoa East\"}',1);
INSERT INTO `__PREFIX__subadmin2` (`code`, `country_code`, `subadmin1_code`, `name`, `active`) VALUES ('GH.04.206','GH','GH.04','{\"en\":\"Gomoa West\"}',1);
INSERT INTO `__PREFIX__subadmin2` (`code`, `country_code`, `subadmin1_code`, `name`, `active`) VALUES ('GH.08.408','GH','GH.08','{\"en\":\"Ho\"}',1);
INSERT INTO `__PREFIX__subadmin2` (`code`, `country_code`, `subadmin1_code`, `name`, `active`) VALUES ('GH.08.411','GH','GH.08','{\"en\":\"Hohoe\"}',1);
INSERT INTO `__PREFIX__subadmin2` (`code`, `country_code`, `subadmin1_code`, `name`, `active`) VALUES ('GH.13.712','GH','GH.13','{\"en\":\"Jaman North\"}',1);
INSERT INTO `__PREFIX__subadmin2` (`code`, `country_code`, `subadmin1_code`, `name`, `active`) VALUES ('GH.13.711','GH','GH.13','{\"en\":\"Jaman South\"}',1);
INSERT INTO `__PREFIX__subadmin2` (`code`, `country_code`, `subadmin1_code`, `name`, `active`) VALUES ('GH.16.413','GH','GH.16','{\"en\":\"Jasikan\"}',1);
INSERT INTO `__PREFIX__subadmin2` (`code`, `country_code`, `subadmin1_code`, `name`, `active`) VALUES ('GH.09.101','GH','GH.09','{\"en\":\"Jomoro\"}',1);
INSERT INTO `__PREFIX__subadmin2` (`code`, `country_code`, `subadmin1_code`, `name`, `active`) VALUES ('GH.18.116','GH','GH.18','{\"en\":\"Juaboso\"}',1);
INSERT INTO `__PREFIX__subadmin2` (`code`, `country_code`, `subadmin1_code`, `name`, `active`) VALUES ('GH.16.414','GH','GH.16','{\"en\":\"Kadjebi\"}',1);
INSERT INTO `__PREFIX__subadmin2` (`code`, `country_code`, `subadmin1_code`, `name`, `active`) VALUES ('GH.10.903','GH','GH.10','{\"en\":\"Kassena Nankana\"}',1);
INSERT INTO `__PREFIX__subadmin2` (`code`, `country_code`, `subadmin1_code`, `name`, `active`) VALUES ('GH.08.404','GH','GH.08','{\"en\":\"Ketu North District\"}',1);
INSERT INTO `__PREFIX__subadmin2` (`code`, `country_code`, `subadmin1_code`, `name`, `active`) VALUES ('GH.08.403','GH','GH.08','{\"en\":\"Ketu South District\"}',1);
INSERT INTO `__PREFIX__subadmin2` (`code`, `country_code`, `subadmin1_code`, `name`, `active`) VALUES ('GH.14.722','GH','GH.14','{\"en\":\"Kintampo North Municipal District\"}',1);
INSERT INTO `__PREFIX__subadmin2` (`code`, `country_code`, `subadmin1_code`, `name`, `active`) VALUES ('GH.14.721','GH','GH.14','{\"en\":\"Kintampo South District\"}',1);
INSERT INTO `__PREFIX__subadmin2` (`code`, `country_code`, `subadmin1_code`, `name`, `active`) VALUES ('GH.04.201','GH','GH.04','{\"en\":\"Komenda/Edina/Eguafo/Abirem\"}',1);
INSERT INTO `__PREFIX__subadmin2` (`code`, `country_code`, `subadmin1_code`, `name`, `active`) VALUES ('GH.08.410','GH','GH.08','{\"en\":\"Kpando\"}',1);
INSERT INTO `__PREFIX__subadmin2` (`code`, `country_code`, `subadmin1_code`, `name`, `active`) VALUES ('GH.02.614','GH','GH.02','{\"en\":\"Kumasi\"}',1);
INSERT INTO `__PREFIX__subadmin2` (`code`, `country_code`, `subadmin1_code`, `name`, `active`) VALUES ('GH.02.620','GH','GH.02','{\"en\":\"Kwabre District\"}',1);
INSERT INTO `__PREFIX__subadmin2` (`code`, `country_code`, `subadmin1_code`, `name`, `active`) VALUES ('GH.05.514','GH','GH.05','{\"en\":\"Kwaebibirem\"}',1);
INSERT INTO `__PREFIX__subadmin2` (`code`, `country_code`, `subadmin1_code`, `name`, `active`) VALUES ('GH.05.520','GH','GH.05','{\"en\":\"Kwahu East\"}',1);
INSERT INTO `__PREFIX__subadmin2` (`code`, `country_code`, `subadmin1_code`, `name`, `active`) VALUES ('GH.05.521','GH','GH.05','{\"en\":\"Kwahu North\"}',1);
INSERT INTO `__PREFIX__subadmin2` (`code`, `country_code`, `subadmin1_code`, `name`, `active`) VALUES ('GH.05.518','GH','GH.05','{\"en\":\"Kwahu West\"}',1);
INSERT INTO `__PREFIX__subadmin2` (`code`, `country_code`, `subadmin1_code`, `name`, `active`) VALUES ('GH.05.519','GH','GH.05','{\"en\":\"Kwahu South\"}',1);
INSERT INTO `__PREFIX__subadmin2` (`code`, `country_code`, `subadmin1_code`, `name`, `active`) VALUES ('GH.01.306','GH','GH.01','{\"en\":\"Ledzekuku-Krowor\"}',1);
INSERT INTO `__PREFIX__subadmin2` (`code`, `country_code`, `subadmin1_code`, `name`, `active`) VALUES ('GH.05.509','GH','GH.05','{\"en\":\"Lower Manya Krobo\"}',1);
INSERT INTO `__PREFIX__subadmin2` (`code`, `country_code`, `subadmin1_code`, `name`, `active`) VALUES ('GH.02.622','GH','GH.02','{\"en\":\"Mampong\"}',1);
INSERT INTO `__PREFIX__subadmin2` (`code`, `country_code`, `subadmin1_code`, `name`, `active`) VALUES ('GH.04.204','GH','GH.04','{\"en\":\"Mfatseman\"}',1);
INSERT INTO `__PREFIX__subadmin2` (`code`, `country_code`, `subadmin1_code`, `name`, `active`) VALUES ('GH.09.107','GH','GH.09','{\"en\":\"Mpohor/Wassa East\"}',1);
INSERT INTO `__PREFIX__subadmin2` (`code`, `country_code`, `subadmin1_code`, `name`, `active`) VALUES ('GH.05.507','GH','GH.05','{\"en\":\"New Juaben\"}',1);
INSERT INTO `__PREFIX__subadmin2` (`code`, `country_code`, `subadmin1_code`, `name`, `active`) VALUES ('GH.14.716','GH','GH.14','{\"en\":\"Nkoranza South\"}',1);
INSERT INTO `__PREFIX__subadmin2` (`code`, `country_code`, `subadmin1_code`, `name`, `active`) VALUES ('GH.08.419','GH','GH.08','{\"en\":\"North Tongu\"}',1);
INSERT INTO `__PREFIX__subadmin2` (`code`, `country_code`, `subadmin1_code`, `name`, `active`) VALUES ('GH.09.103','GH','GH.09','{\"en\":\"Nzema East\"}',1);
INSERT INTO `__PREFIX__subadmin2` (`code`, `country_code`, `subadmin1_code`, `name`, `active`) VALUES ('GH.02.605','GH','GH.02','{\"en\":\"Obuasi\"}',1);
INSERT INTO `__PREFIX__subadmin2` (`code`, `country_code`, `subadmin1_code`, `name`, `active`) VALUES ('GH.02.627','GH','GH.02','{\"en\":\"Offinso North\"}',1);
INSERT INTO `__PREFIX__subadmin2` (`code`, `country_code`, `subadmin1_code`, `name`, `active`) VALUES ('GH.09.109','GH','GH.09','{\"en\":\"Prestea-Huni Valley\"}',1);
INSERT INTO `__PREFIX__subadmin2` (`code`, `country_code`, `subadmin1_code`, `name`, `active`) VALUES ('GH.06.813','GH','GH.06','{\"en\":\"Savelugu/Nanton\"}',1);
INSERT INTO `__PREFIX__subadmin2` (`code`, `country_code`, `subadmin1_code`, `name`, `active`) VALUES ('GH.09.105','GH','GH.09','{\"en\":\"Secondi Takoradi\"}',1);
INSERT INTO `__PREFIX__subadmin2` (`code`, `country_code`, `subadmin1_code`, `name`, `active`) VALUES ('GH.18.113','GH','GH.18','{\"en\":\"Sefwi Akontobra\"}',1);
INSERT INTO `__PREFIX__subadmin2` (`code`, `country_code`, `subadmin1_code`, `name`, `active`) VALUES ('GH.18.114','GH','GH.18','{\"en\":\"Sefwi-Wiawso\"}',1);
INSERT INTO `__PREFIX__subadmin2` (`code`, `country_code`, `subadmin1_code`, `name`, `active`) VALUES ('GH.02.625','GH','GH.02','{\"en\":\"Sekyere Central\"}',1);
INSERT INTO `__PREFIX__subadmin2` (`code`, `country_code`, `subadmin1_code`, `name`, `active`) VALUES ('GH.02.623','GH','GH.02','{\"en\":\"Sekyere East\"}',1);
INSERT INTO `__PREFIX__subadmin2` (`code`, `country_code`, `subadmin1_code`, `name`, `active`) VALUES ('GH.02.621','GH','GH.02','{\"en\":\"Sekyere South\"}',1);
INSERT INTO `__PREFIX__subadmin2` (`code`, `country_code`, `subadmin1_code`, `name`, `active`) VALUES ('GH.09.106','GH','GH.09','{\"en\":\"Shama\"}',1);
INSERT INTO `__PREFIX__subadmin2` (`code`, `country_code`, `subadmin1_code`, `name`, `active`) VALUES ('GH.08.409','GH','GH.08','{\"en\":\"South Dayi\"}',1);
INSERT INTO `__PREFIX__subadmin2` (`code`, `country_code`, `subadmin1_code`, `name`, `active`) VALUES ('GH.08.401','GH','GH.08','{\"en\":\"South Tongu District\"}',1);
INSERT INTO `__PREFIX__subadmin2` (`code`, `country_code`, `subadmin1_code`, `name`, `active`) VALUES ('GH.05.504','GH','GH.05','{\"en\":\"Suhum/Kraboa/Coaltar\"}',1);
INSERT INTO `__PREFIX__subadmin2` (`code`, `country_code`, `subadmin1_code`, `name`, `active`) VALUES ('GH.13.708','GH','GH.13','{\"en\":\"Sunyani\"}',1);
INSERT INTO `__PREFIX__subadmin2` (`code`, `country_code`, `subadmin1_code`, `name`, `active`) VALUES ('GH.13.709','GH','GH.13','{\"en\":\"Sunyani West\"}',1);
INSERT INTO `__PREFIX__subadmin2` (`code`, `country_code`, `subadmin1_code`, `name`, `active`) VALUES ('GH.13.713','GH','GH.13','{\"en\":\"Tain\"}',1);
INSERT INTO `__PREFIX__subadmin2` (`code`, `country_code`, `subadmin1_code`, `name`, `active`) VALUES ('GH.06.811','GH','GH.06','{\"en\":\"Tamale\"}',1);
INSERT INTO `__PREFIX__subadmin2` (`code`, `country_code`, `subadmin1_code`, `name`, `active`) VALUES ('GH.12.707','GH','GH.12','{\"en\":\"Tano North\"}',1);
INSERT INTO `__PREFIX__subadmin2` (`code`, `country_code`, `subadmin1_code`, `name`, `active`) VALUES ('GH.12.706','GH','GH.12','{\"en\":\"Tano South\"}',1);
INSERT INTO `__PREFIX__subadmin2` (`code`, `country_code`, `subadmin1_code`, `name`, `active`) VALUES ('GH.09.108','GH','GH.09','{\"en\":\"Tarkwa Nsuaem\"}',1);
INSERT INTO `__PREFIX__subadmin2` (`code`, `country_code`, `subadmin1_code`, `name`, `active`) VALUES ('GH.14.725','GH','GH.14','{\"en\":\"Techiman Municipal District\"}',1);
INSERT INTO `__PREFIX__subadmin2` (`code`, `country_code`, `subadmin1_code`, `name`, `active`) VALUES ('GH.01.308','GH','GH.01','{\"en\":\"Tema Metropolitan District\"}',1);
INSERT INTO `__PREFIX__subadmin2` (`code`, `country_code`, `subadmin1_code`, `name`, `active`) VALUES ('GH.06.812','GH','GH.06','{\"en\":\"Tolon/Kumbungu\"}',1);
INSERT INTO `__PREFIX__subadmin2` (`code`, `country_code`, `subadmin1_code`, `name`, `active`) VALUES ('GH.04.216','GH','GH.04','{\"en\":\"Upper Denkyira East\"}',1);
INSERT INTO `__PREFIX__subadmin2` (`code`, `country_code`, `subadmin1_code`, `name`, `active`) VALUES ('GH.04.217','GH','GH.04','{\"en\":\"Upper Denkyira West\"}',1);
INSERT INTO `__PREFIX__subadmin2` (`code`, `country_code`, `subadmin1_code`, `name`, `active`) VALUES ('GH.05.511','GH','GH.05','{\"en\":\"Upper Manya Krobo\"}',1);
INSERT INTO `__PREFIX__subadmin2` (`code`, `country_code`, `subadmin1_code`, `name`, `active`) VALUES ('GH.11.1002','GH','GH.11','{\"en\":\"Wa\"}',1);
INSERT INTO `__PREFIX__subadmin2` (`code`, `country_code`, `subadmin1_code`, `name`, `active`) VALUES ('GH.09.110','GH','GH.09','{\"en\":\"Wassa Amenfi East\"}',1);
INSERT INTO `__PREFIX__subadmin2` (`code`, `country_code`, `subadmin1_code`, `name`, `active`) VALUES ('GH.09.111','GH','GH.09','{\"en\":\"Wassa Amenfi West\"}',1);
INSERT INTO `__PREFIX__subadmin2` (`code`, `country_code`, `subadmin1_code`, `name`, `active`) VALUES ('GH.13.714','GH','GH.13','{\"en\":\"Wenchi\"}',1);
INSERT INTO `__PREFIX__subadmin2` (`code`, `country_code`, `subadmin1_code`, `name`, `active`) VALUES ('GH.05.503','GH','GH.05','{\"en\":\"West Akim\"}',1);
INSERT INTO `__PREFIX__subadmin2` (`code`, `country_code`, `subadmin1_code`, `name`, `active`) VALUES ('GH.17.803','GH','GH.17','{\"en\":\"West Gonja\"}',1);
INSERT INTO `__PREFIX__subadmin2` (`code`, `country_code`, `subadmin1_code`, `name`, `active`) VALUES ('GH.15.820','GH','GH.15','{\"en\":\"West Mamprusi\"}',1);
INSERT INTO `__PREFIX__subadmin2` (`code`, `country_code`, `subadmin1_code`, `name`, `active`) VALUES ('GH.06.810','GH','GH.06','{\"en\":\"Yendi\"}',1);
INSERT INTO `__PREFIX__subadmin2` (`code`, `country_code`, `subadmin1_code`, `name`, `active`) VALUES ('GH.05.508','GH','GH.05','{\"en\":\"Yilo Krobo\"}',1);
INSERT INTO `__PREFIX__subadmin2` (`code`, `country_code`, `subadmin1_code`, `name`, `active`) VALUES ('GH.06.809','GH','GH.06','{\"en\":\"Zabzugu/Tatale\"}',1);
INSERT INTO `__PREFIX__subadmin2` (`code`, `country_code`, `subadmin1_code`, `name`, `active`) VALUES ('GH.14.718','GH','GH.14','{\"en\":\"Atebubu-Amantin District\"}',1);
INSERT INTO `__PREFIX__subadmin2` (`code`, `country_code`, `subadmin1_code`, `name`, `active`) VALUES ('GH.10.902','GH','GH.10','{\"en\":\"Kassena Nankana West\"}',1);
INSERT INTO `__PREFIX__subadmin2` (`code`, `country_code`, `subadmin1_code`, `name`, `active`) VALUES ('GH.10.909','GH','GH.10','{\"en\":\"Bawku Municipal District\"}',1);
INSERT INTO `__PREFIX__subadmin2` (`code`, `country_code`, `subadmin1_code`, `name`, `active`) VALUES ('GH.10.912','GH','GH.10','{\"en\":\"Binduri District\"}',1);
INSERT INTO `__PREFIX__subadmin2` (`code`, `country_code`, `subadmin1_code`, `name`, `active`) VALUES ('GH.11.1010','GH','GH.11','{\"en\":\"Daffiama Bussie Issa District\"}',1);
INSERT INTO `__PREFIX__subadmin2` (`code`, `country_code`, `subadmin1_code`, `name`, `active`) VALUES ('GH.15.826','GH','GH.15','{\"en\":\"Mamprugo Moaduri District\"}',1);
INSERT INTO `__PREFIX__subadmin2` (`code`, `country_code`, `subadmin1_code`, `name`, `active`) VALUES ('GH.01.301','GH','GH.01','{\"en\":\"Ga South\"}',1);
INSERT INTO `__PREFIX__subadmin2` (`code`, `country_code`, `subadmin1_code`, `name`, `active`) VALUES ('GH.01.311','GH','GH.01','{\"en\":\"Ga Central Municipal Assembly\"}',1);
INSERT INTO `__PREFIX__subadmin2` (`code`, `country_code`, `subadmin1_code`, `name`, `active`) VALUES ('GH.02.618','GH','GH.02','{\"en\":\"Offinso Municipal District\"}',1);
INSERT INTO `__PREFIX__subadmin2` (`code`, `country_code`, `subadmin1_code`, `name`, `active`) VALUES ('GH.08.424','GH','GH.08','{\"en\":\"North Dayi\"}',1);
INSERT INTO `__PREFIX__subadmin2` (`code`, `country_code`, `subadmin1_code`, `name`, `active`) VALUES ('GH.09.119','GH','GH.09','{\"en\":\"Wassa Amenfi Central\"}',1);
INSERT INTO `__PREFIX__subadmin2` (`code`, `country_code`, `subadmin1_code`, `name`, `active`) VALUES ('GH.14.715','GH','GH.14','{\"en\":\"Techiman Municipal\"}',1);
INSERT INTO `__PREFIX__subadmin2` (`code`, `country_code`, `subadmin1_code`, `name`, `active`) VALUES ('GH.17.821','GH','GH.17','{\"en\":\"North Gonja\"}',1);
INSERT INTO `__PREFIX__subadmin2` (`code`, `country_code`, `subadmin1_code`, `name`, `active`) VALUES ('GH.06.822','GH','GH.06','{\"en\":\"Kumbumgu\"}',1);
INSERT INTO `__PREFIX__subadmin2` (`code`, `country_code`, `subadmin1_code`, `name`, `active`) VALUES ('GH.02.610','GH','GH.02','{\"en\":\"Asante Akim Central Municipal\"}',1);
INSERT INTO `__PREFIX__subadmin2` (`code`, `country_code`, `subadmin1_code`, `name`, `active`) VALUES ('GH.02.630','GH','GH.02','{\"en\":\"Sekyere Afram Plains North\"}',1);
INSERT INTO `__PREFIX__subadmin2` (`code`, `country_code`, `subadmin1_code`, `name`, `active`) VALUES ('GH.01.310','GH','GH.01','{\"en\":\"Ada East\"}',1);
INSERT INTO `__PREFIX__subadmin2` (`code`, `country_code`, `subadmin1_code`, `name`, `active`) VALUES ('GH.05.522','GH','GH.05','{\"en\":\"Upper West Akim\"}',1);
INSERT INTO `__PREFIX__subadmin2` (`code`, `country_code`, `subadmin1_code`, `name`, `active`) VALUES ('GH.01.312','GH','GH.01','{\"en\":\"La Dade Kotopon\"}',1);
INSERT INTO `__PREFIX__subadmin2` (`code`, `country_code`, `subadmin1_code`, `name`, `active`) VALUES ('GH.02.628','GH','GH.02','{\"en\":\"Asokore Mampong Municipal\"}',1);
INSERT INTO `__PREFIX__subadmin2` (`code`, `country_code`, `subadmin1_code`, `name`, `active`) VALUES ('GH.01.313','GH','GH.01','{\"en\":\"La Nkwantanang Madina\"}',1);
INSERT INTO `__PREFIX__subadmin2` (`code`, `country_code`, `subadmin1_code`, `name`, `active`) VALUES ('GH.01.314','GH','GH.01','{\"en\":\"Kpone Katamanso\"}',1);
INSERT INTO `__PREFIX__subadmin2` (`code`, `country_code`, `subadmin1_code`, `name`, `active`) VALUES ('GH.04.215','GH','GH.04','{\"en\":\"Twifo Ati-Morkwa\"}',1);
INSERT INTO `__PREFIX__subadmin2` (`code`, `country_code`, `subadmin1_code`, `name`, `active`) VALUES ('GH.04.219','GH','GH.04','{\"en\":\"Ekumfi\"}',1);
INSERT INTO `__PREFIX__subadmin2` (`code`, `country_code`, `subadmin1_code`, `name`, `active`) VALUES ('GH.08.421','GH','GH.08','{\"en\":\"Adaklu\"}',1);
INSERT INTO `__PREFIX__subadmin2` (`code`, `country_code`, `subadmin1_code`, `name`, `active`) VALUES ('GH.08.422','GH','GH.08','{\"en\":\"Ho West\"}',1);
INSERT INTO `__PREFIX__subadmin2` (`code`, `country_code`, `subadmin1_code`, `name`, `active`) VALUES ('GH.08.423','GH','GH.08','{\"en\":\"Afadzato South\"}',1);
INSERT INTO `__PREFIX__subadmin2` (`code`, `country_code`, `subadmin1_code`, `name`, `active`) VALUES ('GH.16.425','GH','GH.16','{\"en\":\"Krachi Nchumuru\"}',1);
INSERT INTO `__PREFIX__subadmin2` (`code`, `country_code`, `subadmin1_code`, `name`, `active`) VALUES ('GH.01.315','GH','GH.01','{\"en\":\"Ningo Prampram\"}',1);
INSERT INTO `__PREFIX__subadmin2` (`code`, `country_code`, `subadmin1_code`, `name`, `active`) VALUES ('GH.05.505','GH','GH.05','{\"en\":\"Nsawam Adoagyiri\"}',1);
INSERT INTO `__PREFIX__subadmin2` (`code`, `country_code`, `subadmin1_code`, `name`, `active`) VALUES ('GH.09.118','GH','GH.09','{\"en\":\"Mpohor\"}',1);
INSERT INTO `__PREFIX__subadmin2` (`code`, `country_code`, `subadmin1_code`, `name`, `active`) VALUES ('GH.18.120','GH','GH.18','{\"en\":\"Suaman\"}',1);
INSERT INTO `__PREFIX__subadmin2` (`code`, `country_code`, `subadmin1_code`, `name`, `active`) VALUES ('GH.18.121','GH','GH.18','{\"en\":\"Bodi\"}',1);
INSERT INTO `__PREFIX__subadmin2` (`code`, `country_code`, `subadmin1_code`, `name`, `active`) VALUES ('GH.18.122','GH','GH.18','{\"en\":\"Bia East\"}',1);
INSERT INTO `__PREFIX__subadmin2` (`code`, `country_code`, `subadmin1_code`, `name`, `active`) VALUES ('GH.12.723','GH','GH.12','{\"en\":\"Asutifi South\"}',1);
INSERT INTO `__PREFIX__subadmin2` (`code`, `country_code`, `subadmin1_code`, `name`, `active`) VALUES ('GH.13.724','GH','GH.13','{\"en\":\"Dormaa West\"}',1);
INSERT INTO `__PREFIX__subadmin2` (`code`, `country_code`, `subadmin1_code`, `name`, `active`) VALUES ('GH.13.726','GH','GH.13','{\"en\":\"Banda\"}',1);
INSERT INTO `__PREFIX__subadmin2` (`code`, `country_code`, `subadmin1_code`, `name`, `active`) VALUES ('GH.14.727','GH','GH.14','{\"en\":\"Sene East\"}',1);
INSERT INTO `__PREFIX__subadmin2` (`code`, `country_code`, `subadmin1_code`, `name`, `active`) VALUES ('GH.05.524','GH','GH.05','{\"en\":\"Ayensuano\"}',1);
INSERT INTO `__PREFIX__subadmin2` (`code`, `country_code`, `subadmin1_code`, `name`, `active`) VALUES ('GH.05.525','GH','GH.05','{\"en\":\"Denkyembour\"}',1);
INSERT INTO `__PREFIX__subadmin2` (`code`, `country_code`, `subadmin1_code`, `name`, `active`) VALUES ('GH.05.526','GH','GH.05','{\"en\":\"Kwahu Afram Plains South\"}',1);
INSERT INTO `__PREFIX__subadmin2` (`code`, `country_code`, `subadmin1_code`, `name`, `active`) VALUES ('GH.06.824','GH','GH.06','{\"en\":\"Mion\"}',1);
INSERT INTO `__PREFIX__subadmin2` (`code`, `country_code`, `subadmin1_code`, `name`, `active`) VALUES ('GH.04.220','GH','GH.04','{\"en\":\"Awutu Senya East Municipal\"}',1);
INSERT INTO `__PREFIX__subadmin2` (`code`, `country_code`, `subadmin1_code`, `name`, `active`) VALUES ('GH.06.823','GH','GH.06','{\"en\":\"Sagnerigu\"}',1);
INSERT INTO `__PREFIX__subadmin2` (`code`, `country_code`, `subadmin1_code`, `name`, `active`) VALUES ('GH.06.825','GH','GH.06','{\"en\":\"Tatale\"}',1);
INSERT INTO `__PREFIX__subadmin2` (`code`, `country_code`, `subadmin1_code`, `name`, `active`) VALUES ('GH.10.910','GH','GH.10','{\"en\":\"Builsa South\"}',1);
INSERT INTO `__PREFIX__subadmin2` (`code`, `country_code`, `subadmin1_code`, `name`, `active`) VALUES ('GH.10.911','GH','GH.10','{\"en\":\"Nabdam\"}',1);
INSERT INTO `__PREFIX__subadmin2` (`code`, `country_code`, `subadmin1_code`, `name`, `active`) VALUES ('GH.10.913','GH','GH.10','{\"en\":\"Pusiga\"}',1);
INSERT INTO `__PREFIX__subadmin2` (`code`, `country_code`, `subadmin1_code`, `name`, `active`) VALUES ('GH.11.1011','GH','GH.11','{\"en\":\"Nandom\"}',1);
INSERT INTO `__PREFIX__subadmin2` (`code`, `country_code`, `subadmin1_code`, `name`, `active`) VALUES ('GH.01.316','GH','GH.01','{\"en\":\"Ada West\"}',1);
INSERT INTO `__PREFIX__subadmin2` (`code`, `country_code`, `subadmin1_code`, `name`, `active`) VALUES ('GH.08.405','GH','GH.08','{\"en\":\"Akatsi South\"}',1);
INSERT INTO `__PREFIX__subadmin2` (`code`, `country_code`, `subadmin1_code`, `name`, `active`) VALUES ('GH.08.406','GH','GH.08','{\"en\":\"Central Tongu\"}',1);
INSERT INTO `__PREFIX__subadmin2` (`code`, `country_code`, `subadmin1_code`, `name`, `active`) VALUES ('GH.08.407','GH','GH.08','{\"en\":\"Agotime Ziope\"}',1);
/*!40000 ALTER TABLE `__PREFIX__subadmin2` ENABLE KEYS */;

--
-- Dumping data for table `__PREFIX__cities`
--

/*!40000 ALTER TABLE `__PREFIX__cities` DISABLE KEYS */;
INSERT INTO `__PREFIX__cities` (`country_code`, `name`, `longitude`, `latitude`, `feature_class`, `feature_code`, `subadmin1_code`, `subadmin2_code`, `population`, `time_zone`, `active`, `created_at`, `updated_at`) VALUES ('GH','{\"en\":\"Yendi\"}',-0.01,9.44,'P','PPL','GH.06','GH.06.810',42972,'Africa/Accra',1,'2019-12-04 23:00:00','2019-12-04 23:00:00');
INSERT INTO `__PREFIX__cities` (`country_code`, `name`, `longitude`, `latitude`, `feature_class`, `feature_code`, `subadmin1_code`, `subadmin2_code`, `population`, `time_zone`, `active`, `created_at`, `updated_at`) VALUES ('GH','{\"en\":\"Winneba\"}',-0.62,5.35,'P','PPL','GH.04','GH.04.207',44254,'Africa/Accra',1,'2019-12-05 23:00:00','2019-12-05 23:00:00');
INSERT INTO `__PREFIX__cities` (`country_code`, `name`, `longitude`, `latitude`, `feature_class`, `feature_code`, `subadmin1_code`, `subadmin2_code`, `population`, `time_zone`, `active`, `created_at`, `updated_at`) VALUES ('GH','{\"en\":\"Sefwi Wiawso\"}',-2.49,6.21,'P','PPLA','GH.18','GH.18.114',0,'Africa/Accra',1,'2019-12-07 23:00:00','2019-12-07 23:00:00');
INSERT INTO `__PREFIX__cities` (`country_code`, `name`, `longitude`, `latitude`, `feature_class`, `feature_code`, `subadmin1_code`, `subadmin2_code`, `population`, `time_zone`, `active`, `created_at`, `updated_at`) VALUES ('GH','{\"en\":\"Wankyi\"}',-2.10,7.74,'P','PPL','GH.13','GH.13.714',31411,'Africa/Accra',1,'2020-01-07 23:00:00','2020-01-07 23:00:00');
INSERT INTO `__PREFIX__cities` (`country_code`, `name`, `longitude`, `latitude`, `feature_class`, `feature_code`, `subadmin1_code`, `subadmin2_code`, `population`, `time_zone`, `active`, `created_at`, `updated_at`) VALUES ('GH','{\"en\":\"Wa\"}',-2.50,10.06,'P','PPLA','GH.11','GH.11.1002',78107,'Africa/Accra',1,'2019-12-07 23:00:00','2019-12-07 23:00:00');
INSERT INTO `__PREFIX__cities` (`country_code`, `name`, `longitude`, `latitude`, `feature_class`, `feature_code`, `subadmin1_code`, `subadmin2_code`, `population`, `time_zone`, `active`, `created_at`, `updated_at`) VALUES ('GH','{\"en\":\"Teshi Old Town\"}',-0.11,5.58,'P','PPLX','GH.01','GH.01.306',144013,'Africa/Accra',1,'2019-12-04 23:00:00','2019-12-04 23:00:00');
INSERT INTO `__PREFIX__cities` (`country_code`, `name`, `longitude`, `latitude`, `feature_class`, `feature_code`, `subadmin1_code`, `subadmin2_code`, `population`, `time_zone`, `active`, `created_at`, `updated_at`) VALUES ('GH','{\"en\":\"Tema\"}',-0.02,5.67,'P','PPL','GH.01','GH.01.308',155782,'Africa/Accra',1,'2019-12-04 23:00:00','2019-12-04 23:00:00');
INSERT INTO `__PREFIX__cities` (`country_code`, `name`, `longitude`, `latitude`, `feature_class`, `feature_code`, `subadmin1_code`, `subadmin2_code`, `population`, `time_zone`, `active`, `created_at`, `updated_at`) VALUES ('GH','{\"en\":\"Techiman\"}',-1.94,7.59,'P','PPLA','GH.14','GH.14.715',69720,'Africa/Accra',1,'2020-01-07 23:00:00','2020-01-07 23:00:00');
INSERT INTO `__PREFIX__cities` (`country_code`, `name`, `longitude`, `latitude`, `feature_class`, `feature_code`, `subadmin1_code`, `subadmin2_code`, `population`, `time_zone`, `active`, `created_at`, `updated_at`) VALUES ('GH','{\"en\":\"Tarkwa\"}',-1.99,5.30,'P','PPL','GH.09','GH.09.108',34941,'Africa/Accra',1,'2019-12-05 23:00:00','2019-12-05 23:00:00');
INSERT INTO `__PREFIX__cities` (`country_code`, `name`, `longitude`, `latitude`, `feature_class`, `feature_code`, `subadmin1_code`, `subadmin2_code`, `population`, `time_zone`, `active`, `created_at`, `updated_at`) VALUES ('GH','{\"en\":\"Tamale\"}',-0.84,9.40,'P','PPLA','GH.06','GH.06.811',360579,'Africa/Accra',1,'2019-12-05 23:00:00','2019-12-05 23:00:00');
INSERT INTO `__PREFIX__cities` (`country_code`, `name`, `longitude`, `latitude`, `feature_class`, `feature_code`, `subadmin1_code`, `subadmin2_code`, `population`, `time_zone`, `active`, `created_at`, `updated_at`) VALUES ('GH','{\"en\":\"Takoradi\"}',-1.76,4.90,'P','PPL','GH.09','GH.09.105',232919,'Africa/Accra',1,'2019-12-05 23:00:00','2019-12-05 23:00:00');
INSERT INTO `__PREFIX__cities` (`country_code`, `name`, `longitude`, `latitude`, `feature_class`, `feature_code`, `subadmin1_code`, `subadmin2_code`, `population`, `time_zone`, `active`, `created_at`, `updated_at`) VALUES ('GH','{\"en\":\"Tafo\"}',-1.61,6.73,'P','PPL','GH.02','GH.02.614',50457,'Africa/Accra',1,'2019-12-05 23:00:00','2019-12-05 23:00:00');
INSERT INTO `__PREFIX__cities` (`country_code`, `name`, `longitude`, `latitude`, `feature_class`, `feature_code`, `subadmin1_code`, `subadmin2_code`, `population`, `time_zone`, `active`, `created_at`, `updated_at`) VALUES ('GH','{\"en\":\"Swedru\"}',-0.70,5.54,'P','PPL','GH.04','GH.04.211',50293,'Africa/Accra',1,'2019-12-05 23:00:00','2019-12-05 23:00:00');
INSERT INTO `__PREFIX__cities` (`country_code`, `name`, `longitude`, `latitude`, `feature_class`, `feature_code`, `subadmin1_code`, `subadmin2_code`, `population`, `time_zone`, `active`, `created_at`, `updated_at`) VALUES ('GH','{\"en\":\"Sunyani\"}',-2.33,7.34,'P','PPLA','GH.13','GH.13.708',70299,'Africa/Accra',1,'2019-12-07 23:00:00','2019-12-07 23:00:00');
INSERT INTO `__PREFIX__cities` (`country_code`, `name`, `longitude`, `latitude`, `feature_class`, `feature_code`, `subadmin1_code`, `subadmin2_code`, `population`, `time_zone`, `active`, `created_at`, `updated_at`) VALUES ('GH','{\"en\":\"Suhum\"}',-0.45,6.04,'P','PPL','GH.05','GH.05.504',49398,'Africa/Accra',1,'2019-12-05 23:00:00','2019-12-05 23:00:00');
INSERT INTO `__PREFIX__cities` (`country_code`, `name`, `longitude`, `latitude`, `feature_class`, `feature_code`, `subadmin1_code`, `subadmin2_code`, `population`, `time_zone`, `active`, `created_at`, `updated_at`) VALUES ('GH','{\"en\":\"Shama Junction\"}',-1.66,5.02,'P','PPL','GH.09','GH.09.106',20946,'Africa/Accra',1,'2019-12-05 23:00:00','2019-12-05 23:00:00');
INSERT INTO `__PREFIX__cities` (`country_code`, `name`, `longitude`, `latitude`, `feature_class`, `feature_code`, `subadmin1_code`, `subadmin2_code`, `population`, `time_zone`, `active`, `created_at`, `updated_at`) VALUES ('GH','{\"en\":\"Sekondi-Takoradi\"}',-1.76,4.93,'P','PPLA','GH.09','GH.09.105',138872,'Africa/Accra',1,'2019-12-05 23:00:00','2019-12-05 23:00:00');
INSERT INTO `__PREFIX__cities` (`country_code`, `name`, `longitude`, `latitude`, `feature_class`, `feature_code`, `subadmin1_code`, `subadmin2_code`, `population`, `time_zone`, `active`, `created_at`, `updated_at`) VALUES ('GH','{\"en\":\"Savelugu\"}',-0.83,9.62,'P','PPL','GH.06','GH.06.813',29310,'Africa/Accra',1,'2019-12-05 23:00:00','2019-12-05 23:00:00');
INSERT INTO `__PREFIX__cities` (`country_code`, `name`, `longitude`, `latitude`, `feature_class`, `feature_code`, `subadmin1_code`, `subadmin2_code`, `population`, `time_zone`, `active`, `created_at`, `updated_at`) VALUES ('GH','{\"en\":\"Saltpond\"}',-1.06,5.21,'P','PPL','GH.04','GH.04.204',24689,'Africa/Accra',1,'2019-12-05 23:00:00','2019-12-05 23:00:00');
INSERT INTO `__PREFIX__cities` (`country_code`, `name`, `longitude`, `latitude`, `feature_class`, `feature_code`, `subadmin1_code`, `subadmin2_code`, `population`, `time_zone`, `active`, `created_at`, `updated_at`) VALUES ('GH','{\"en\":\"Salaga\"}',-0.52,8.55,'P','PPL','GH.06','GH.06.805',25472,'Africa/Accra',1,'2019-12-05 23:00:00','2019-12-05 23:00:00');
INSERT INTO `__PREFIX__cities` (`country_code`, `name`, `longitude`, `latitude`, `feature_class`, `feature_code`, `subadmin1_code`, `subadmin2_code`, `population`, `time_zone`, `active`, `created_at`, `updated_at`) VALUES ('GH','{\"en\":\"Prestea\"}',-2.14,5.43,'P','PPL','GH.09','GH.09.109',35155,'Africa/Accra',1,'2019-12-05 23:00:00','2019-12-05 23:00:00');
INSERT INTO `__PREFIX__cities` (`country_code`, `name`, `longitude`, `latitude`, `feature_class`, `feature_code`, `subadmin1_code`, `subadmin2_code`, `population`, `time_zone`, `active`, `created_at`, `updated_at`) VALUES ('GH','{\"en\":\"Kasoa\"}',-0.42,5.53,'P','PPL','GH.04','GH.04.220',44227,'Africa/Accra',1,'2019-12-05 23:00:00','2019-12-05 23:00:00');
INSERT INTO `__PREFIX__cities` (`country_code`, `name`, `longitude`, `latitude`, `feature_class`, `feature_code`, `subadmin1_code`, `subadmin2_code`, `population`, `time_zone`, `active`, `created_at`, `updated_at`) VALUES ('GH','{\"en\":\"Akim Oda\"}',-0.99,5.93,'P','PPL','GH.05','GH.05.502',60604,'Africa/Accra',1,'2019-12-05 23:00:00','2019-12-05 23:00:00');
INSERT INTO `__PREFIX__cities` (`country_code`, `name`, `longitude`, `latitude`, `feature_class`, `feature_code`, `subadmin1_code`, `subadmin2_code`, `population`, `time_zone`, `active`, `created_at`, `updated_at`) VALUES ('GH','{\"en\":\"Obuase\"}',-1.67,6.20,'P','PPL','GH.02','GH.02.605',137856,'Africa/Accra',1,'2019-12-05 23:00:00','2019-12-05 23:00:00');
INSERT INTO `__PREFIX__cities` (`country_code`, `name`, `longitude`, `latitude`, `feature_class`, `feature_code`, `subadmin1_code`, `subadmin2_code`, `population`, `time_zone`, `active`, `created_at`, `updated_at`) VALUES ('GH','{\"en\":\"Nungua\"}',-0.08,5.60,'P','PPLX','GH.01','GH.01.306',70483,'Africa/Accra',1,'2019-12-04 23:00:00','2019-12-04 23:00:00');
INSERT INTO `__PREFIX__cities` (`country_code`, `name`, `longitude`, `latitude`, `feature_class`, `feature_code`, `subadmin1_code`, `subadmin2_code`, `population`, `time_zone`, `active`, `created_at`, `updated_at`) VALUES ('GH','{\"en\":\"Nsawam\"}',-0.35,5.81,'P','PPL','GH.05','GH.05.505',44522,'Africa/Accra',1,'2019-12-05 23:00:00','2019-12-05 23:00:00');
INSERT INTO `__PREFIX__cities` (`country_code`, `name`, `longitude`, `latitude`, `feature_class`, `feature_code`, `subadmin1_code`, `subadmin2_code`, `population`, `time_zone`, `active`, `created_at`, `updated_at`) VALUES ('GH','{\"en\":\"Navrongo\"}',-1.09,10.90,'P','PPL','GH.10','GH.10.903',25470,'Africa/Accra',1,'2019-12-05 23:00:00','2019-12-05 23:00:00');
INSERT INTO `__PREFIX__cities` (`country_code`, `name`, `longitude`, `latitude`, `feature_class`, `feature_code`, `subadmin1_code`, `subadmin2_code`, `population`, `time_zone`, `active`, `created_at`, `updated_at`) VALUES ('GH','{\"en\":\"Nalerigu\"}',-0.37,10.53,'P','PPLA','GH.15','GH.15.819',0,'Africa/Accra',1,'2019-12-07 23:00:00','2019-12-07 23:00:00');
INSERT INTO `__PREFIX__cities` (`country_code`, `name`, `longitude`, `latitude`, `feature_class`, `feature_code`, `subadmin1_code`, `subadmin2_code`, `population`, `time_zone`, `active`, `created_at`, `updated_at`) VALUES ('GH','{\"en\":\"Mumford\"}',-0.76,5.26,'P','PPL','GH.04','GH.04.206',13983,'Africa/Accra',1,'2019-12-04 23:00:00','2019-12-04 23:00:00');
INSERT INTO `__PREFIX__cities` (`country_code`, `name`, `longitude`, `latitude`, `feature_class`, `feature_code`, `subadmin1_code`, `subadmin2_code`, `population`, `time_zone`, `active`, `created_at`, `updated_at`) VALUES ('GH','{\"en\":\"Mpraeso\"}',-0.73,6.59,'P','PPLA2','GH.05','GH.05.519',9007,'Africa/Accra',1,'2019-12-04 23:00:00','2019-12-04 23:00:00');
INSERT INTO `__PREFIX__cities` (`country_code`, `name`, `longitude`, `latitude`, `feature_class`, `feature_code`, `subadmin1_code`, `subadmin2_code`, `population`, `time_zone`, `active`, `created_at`, `updated_at`) VALUES ('GH','{\"en\":\"Mampong\"}',-1.40,7.06,'P','PPL','GH.02','GH.02.622',42037,'Africa/Accra',1,'2019-12-05 23:00:00','2019-12-05 23:00:00');
INSERT INTO `__PREFIX__cities` (`country_code`, `name`, `longitude`, `latitude`, `feature_class`, `feature_code`, `subadmin1_code`, `subadmin2_code`, `population`, `time_zone`, `active`, `created_at`, `updated_at`) VALUES ('GH','{\"en\":\"Medina Estates\"}',-0.16,5.67,'P','PPL','GH.01','GH.01.303',101207,'Africa/Accra',1,'2019-12-04 23:00:00','2019-12-04 23:00:00');
INSERT INTO `__PREFIX__cities` (`country_code`, `name`, `longitude`, `latitude`, `feature_class`, `feature_code`, `subadmin1_code`, `subadmin2_code`, `population`, `time_zone`, `active`, `created_at`, `updated_at`) VALUES ('GH','{\"en\":\"Kumasi\"}',-1.62,6.69,'P','PPLA','GH.02','GH.02.614',1468609,'Africa/Accra',1,'2021-08-07 23:00:00','2021-08-07 23:00:00');
INSERT INTO `__PREFIX__cities` (`country_code`, `name`, `longitude`, `latitude`, `feature_class`, `feature_code`, `subadmin1_code`, `subadmin2_code`, `population`, `time_zone`, `active`, `created_at`, `updated_at`) VALUES ('GH','{\"en\":\"Kpandu\"}',0.29,7.00,'P','PPL','GH.08','GH.08.410',28334,'Africa/Accra',1,'2019-12-05 23:00:00','2019-12-05 23:00:00');
INSERT INTO `__PREFIX__cities` (`country_code`, `name`, `longitude`, `latitude`, `feature_class`, `feature_code`, `subadmin1_code`, `subadmin2_code`, `population`, `time_zone`, `active`, `created_at`, `updated_at`) VALUES ('GH','{\"en\":\"Kpandae\"}',-0.01,8.47,'P','PPLA2','GH.06','GH.06.806',8652,'Africa/Accra',1,'2019-12-04 23:00:00','2019-12-04 23:00:00');
INSERT INTO `__PREFIX__cities` (`country_code`, `name`, `longitude`, `latitude`, `feature_class`, `feature_code`, `subadmin1_code`, `subadmin2_code`, `population`, `time_zone`, `active`, `created_at`, `updated_at`) VALUES ('GH','{\"en\":\"Konongo\"}',-1.22,6.62,'P','PPL','GH.02','GH.02.629',41238,'Africa/Accra',1,'2019-12-04 23:00:00','2019-12-04 23:00:00');
INSERT INTO `__PREFIX__cities` (`country_code`, `name`, `longitude`, `latitude`, `feature_class`, `feature_code`, `subadmin1_code`, `subadmin2_code`, `population`, `time_zone`, `active`, `created_at`, `updated_at`) VALUES ('GH','{\"en\":\"Koforidua\"}',-0.26,6.09,'P','PPLA','GH.05','GH.05.507',96266,'Africa/Accra',1,'2019-12-05 23:00:00','2019-12-05 23:00:00');
INSERT INTO `__PREFIX__cities` (`country_code`, `name`, `longitude`, `latitude`, `feature_class`, `feature_code`, `subadmin1_code`, `subadmin2_code`, `population`, `time_zone`, `active`, `created_at`, `updated_at`) VALUES ('GH','{\"en\":\"Kintampo\"}',-1.73,8.06,'P','PPL','GH.14','GH.14.722',47185,'Africa/Accra',1,'2019-12-07 23:00:00','2019-12-07 23:00:00');
INSERT INTO `__PREFIX__cities` (`country_code`, `name`, `longitude`, `latitude`, `feature_class`, `feature_code`, `subadmin1_code`, `subadmin2_code`, `population`, `time_zone`, `active`, `created_at`, `updated_at`) VALUES ('GH','{\"en\":\"Kibi\"}',-0.55,6.16,'P','PPLA2','GH.05','GH.05.513',9399,'Africa/Accra',1,'2019-12-04 23:00:00','2019-12-04 23:00:00');
INSERT INTO `__PREFIX__cities` (`country_code`, `name`, `longitude`, `latitude`, `feature_class`, `feature_code`, `subadmin1_code`, `subadmin2_code`, `population`, `time_zone`, `active`, `created_at`, `updated_at`) VALUES ('GH','{\"en\":\"Kete Krachi\"}',-0.05,7.79,'P','PPLA2','GH.08','GH.08.416',11000,'Africa/Accra',1,'2019-12-04 23:00:00','2019-12-04 23:00:00');
INSERT INTO `__PREFIX__cities` (`country_code`, `name`, `longitude`, `latitude`, `feature_class`, `feature_code`, `subadmin1_code`, `subadmin2_code`, `population`, `time_zone`, `active`, `created_at`, `updated_at`) VALUES ('GH','{\"en\":\"Keta\"}',0.99,5.92,'P','PPL','GH.08','GH.08.402',18077,'Africa/Accra',1,'2019-12-05 23:00:00','2019-12-05 23:00:00');
INSERT INTO `__PREFIX__cities` (`country_code`, `name`, `longitude`, `latitude`, `feature_class`, `feature_code`, `subadmin1_code`, `subadmin2_code`, `population`, `time_zone`, `active`, `created_at`, `updated_at`) VALUES ('GH','{\"en\":\"Japekrom\"}',-2.79,7.58,'P','PPLA2','GH.13','GH.13.711',96000,'Africa/Accra',1,'2019-12-07 23:00:00','2019-12-07 23:00:00');
INSERT INTO `__PREFIX__cities` (`country_code`, `name`, `longitude`, `latitude`, `feature_class`, `feature_code`, `subadmin1_code`, `subadmin2_code`, `population`, `time_zone`, `active`, `created_at`, `updated_at`) VALUES ('GH','{\"en\":\"Hohoe\"}',0.47,7.15,'P','PPL','GH.08','GH.08.411',56202,'Africa/Accra',1,'2019-12-05 23:00:00','2019-12-05 23:00:00');
INSERT INTO `__PREFIX__cities` (`country_code`, `name`, `longitude`, `latitude`, `feature_class`, `feature_code`, `subadmin1_code`, `subadmin2_code`, `population`, `time_zone`, `active`, `created_at`, `updated_at`) VALUES ('GH','{\"en\":\"Ho\"}',0.47,6.60,'P','PPLA','GH.08','GH.08.408',69998,'Africa/Accra',1,'2019-12-05 23:00:00','2019-12-05 23:00:00');
INSERT INTO `__PREFIX__cities` (`country_code`, `name`, `longitude`, `latitude`, `feature_class`, `feature_code`, `subadmin1_code`, `subadmin2_code`, `population`, `time_zone`, `active`, `created_at`, `updated_at`) VALUES ('GH','{\"en\":\"Gbawe\"}',-0.31,5.58,'P','PPL','GH.01','GH.01.301',44645,'Africa/Accra',1,'2019-12-04 23:00:00','2019-12-04 23:00:00');
INSERT INTO `__PREFIX__cities` (`country_code`, `name`, `longitude`, `latitude`, `feature_class`, `feature_code`, `subadmin1_code`, `subadmin2_code`, `population`, `time_zone`, `active`, `created_at`, `updated_at`) VALUES ('GH','{\"en\":\"Goaso\"}',-2.52,6.80,'P','PPLA','GH.12','GH.12.702',0,'Africa/Accra',1,'2019-12-07 23:00:00','2019-12-07 23:00:00');
INSERT INTO `__PREFIX__cities` (`country_code`, `name`, `longitude`, `latitude`, `feature_class`, `feature_code`, `subadmin1_code`, `subadmin2_code`, `population`, `time_zone`, `active`, `created_at`, `updated_at`) VALUES ('GH','{\"en\":\"Foso\"}',-1.29,5.70,'P','PPL','GH.04','GH.04.214',20078,'Africa/Accra',1,'2019-12-05 23:00:00','2019-12-05 23:00:00');
INSERT INTO `__PREFIX__cities` (`country_code`, `name`, `longitude`, `latitude`, `feature_class`, `feature_code`, `subadmin1_code`, `subadmin2_code`, `population`, `time_zone`, `active`, `created_at`, `updated_at`) VALUES ('GH','{\"en\":\"Elmina\"}',-1.35,5.08,'P','PPL','GH.04','GH.04.201',25560,'Africa/Accra',1,'2019-12-05 23:00:00','2019-12-05 23:00:00');
INSERT INTO `__PREFIX__cities` (`country_code`, `name`, `longitude`, `latitude`, `feature_class`, `feature_code`, `subadmin1_code`, `subadmin2_code`, `population`, `time_zone`, `active`, `created_at`, `updated_at`) VALUES ('GH','{\"en\":\"Ejura\"}',-1.36,7.39,'P','PPL','GH.02','GH.02.626',70807,'Africa/Accra',1,'2019-12-05 23:00:00','2019-12-05 23:00:00');
INSERT INTO `__PREFIX__cities` (`country_code`, `name`, `longitude`, `latitude`, `feature_class`, `feature_code`, `subadmin1_code`, `subadmin2_code`, `population`, `time_zone`, `active`, `created_at`, `updated_at`) VALUES ('GH','{\"en\":\"Dunkwa\"}',-1.78,5.96,'P','PPL','GH.04','GH.04.216',33379,'Africa/Accra',1,'2019-12-05 23:00:00','2019-12-05 23:00:00');
INSERT INTO `__PREFIX__cities` (`country_code`, `name`, `longitude`, `latitude`, `feature_class`, `feature_code`, `subadmin1_code`, `subadmin2_code`, `population`, `time_zone`, `active`, `created_at`, `updated_at`) VALUES ('GH','{\"en\":\"Dambai\"}',0.18,8.07,'P','PPLA','GH.16','GH.16.415',0,'Africa/Accra',1,'2019-12-07 23:00:00','2019-12-07 23:00:00');
INSERT INTO `__PREFIX__cities` (`country_code`, `name`, `longitude`, `latitude`, `feature_class`, `feature_code`, `subadmin1_code`, `subadmin2_code`, `population`, `time_zone`, `active`, `created_at`, `updated_at`) VALUES ('GH','{\"en\":\"Duayaw-Nkwanta\"}',-2.10,7.17,'P','PPL','GH.12','GH.12.707',17000,'Africa/Accra',1,'2019-12-07 23:00:00','2019-12-07 23:00:00');
INSERT INTO `__PREFIX__cities` (`country_code`, `name`, `longitude`, `latitude`, `feature_class`, `feature_code`, `subadmin1_code`, `subadmin2_code`, `population`, `time_zone`, `active`, `created_at`, `updated_at`) VALUES ('GH','{\"en\":\"Dome\"}',-0.24,5.65,'P','PPL','GH.01','GH.01.303',47260,'Africa/Accra',1,'2019-12-04 23:00:00','2019-12-04 23:00:00');
INSERT INTO `__PREFIX__cities` (`country_code`, `name`, `longitude`, `latitude`, `feature_class`, `feature_code`, `subadmin1_code`, `subadmin2_code`, `population`, `time_zone`, `active`, `created_at`, `updated_at`) VALUES ('GH','{\"en\":\"Damongo\"}',-1.82,9.08,'P','PPLA','GH.17','GH.17.803',0,'Africa/Accra',1,'2019-12-07 23:00:00','2019-12-07 23:00:00');
INSERT INTO `__PREFIX__cities` (`country_code`, `name`, `longitude`, `latitude`, `feature_class`, `feature_code`, `subadmin1_code`, `subadmin2_code`, `population`, `time_zone`, `active`, `created_at`, `updated_at`) VALUES ('GH','{\"en\":\"Cape Coast\"}',-1.25,5.11,'P','PPLA','GH.04','GH.04.202',143015,'Africa/Accra',1,'2019-12-05 23:00:00','2019-12-05 23:00:00');
INSERT INTO `__PREFIX__cities` (`country_code`, `name`, `longitude`, `latitude`, `feature_class`, `feature_code`, `subadmin1_code`, `subadmin2_code`, `population`, `time_zone`, `active`, `created_at`, `updated_at`) VALUES ('GH','{\"en\":\"Bolgatanga\"}',-0.85,10.79,'P','PPLA','GH.10','GH.10.904',54430,'Africa/Accra',1,'2020-03-01 23:00:00','2020-03-01 23:00:00');
INSERT INTO `__PREFIX__cities` (`country_code`, `name`, `longitude`, `latitude`, `feature_class`, `feature_code`, `subadmin1_code`, `subadmin2_code`, `population`, `time_zone`, `active`, `created_at`, `updated_at`) VALUES ('GH','{\"en\":\"Bibiani\"}',-2.32,6.46,'P','PPL','GH.09','GH.09.115',19076,'Africa/Accra',1,'2019-12-05 23:00:00','2019-12-05 23:00:00');
INSERT INTO `__PREFIX__cities` (`country_code`, `name`, `longitude`, `latitude`, `feature_class`, `feature_code`, `subadmin1_code`, `subadmin2_code`, `population`, `time_zone`, `active`, `created_at`, `updated_at`) VALUES ('GH','{\"en\":\"Berekum\"}',-2.58,7.45,'P','PPL','GH.13','GH.13.710',62364,'Africa/Accra',1,'2019-12-07 23:00:00','2019-12-07 23:00:00');
INSERT INTO `__PREFIX__cities` (`country_code`, `name`, `longitude`, `latitude`, `feature_class`, `feature_code`, `subadmin1_code`, `subadmin2_code`, `population`, `time_zone`, `active`, `created_at`, `updated_at`) VALUES ('GH','{\"en\":\"Begoro\"}',-0.38,6.39,'P','PPL','GH.05','GH.05.512',29516,'Africa/Accra',1,'2019-12-05 23:00:00','2019-12-05 23:00:00');
INSERT INTO `__PREFIX__cities` (`country_code`, `name`, `longitude`, `latitude`, `feature_class`, `feature_code`, `subadmin1_code`, `subadmin2_code`, `population`, `time_zone`, `active`, `created_at`, `updated_at`) VALUES ('GH','{\"en\":\"Bechem\"}',-2.02,7.09,'P','PPLA2','GH.12','GH.12.706',17000,'Africa/Accra',1,'2019-12-07 23:00:00','2019-12-07 23:00:00');
INSERT INTO `__PREFIX__cities` (`country_code`, `name`, `longitude`, `latitude`, `feature_class`, `feature_code`, `subadmin1_code`, `subadmin2_code`, `population`, `time_zone`, `active`, `created_at`, `updated_at`) VALUES ('GH','{\"en\":\"Bawku\"}',-0.24,11.06,'P','PPL','GH.10','GH.10.909',56830,'Africa/Accra',1,'2019-12-04 23:00:00','2019-12-04 23:00:00');
INSERT INTO `__PREFIX__cities` (`country_code`, `name`, `longitude`, `latitude`, `feature_class`, `feature_code`, `subadmin1_code`, `subadmin2_code`, `population`, `time_zone`, `active`, `created_at`, `updated_at`) VALUES ('GH','{\"en\":\"Axim\"}',-2.24,4.87,'P','PPL','GH.09','GH.09.103',24500,'Africa/Accra',1,'2019-12-05 23:00:00','2019-12-05 23:00:00');
INSERT INTO `__PREFIX__cities` (`country_code`, `name`, `longitude`, `latitude`, `feature_class`, `feature_code`, `subadmin1_code`, `subadmin2_code`, `population`, `time_zone`, `active`, `created_at`, `updated_at`) VALUES ('GH','{\"en\":\"Asamankese\"}',-0.66,5.86,'P','PPL','GH.05','GH.05.503',39435,'Africa/Accra',1,'2019-12-05 23:00:00','2019-12-05 23:00:00');
INSERT INTO `__PREFIX__cities` (`country_code`, `name`, `longitude`, `latitude`, `feature_class`, `feature_code`, `subadmin1_code`, `subadmin2_code`, `population`, `time_zone`, `active`, `created_at`, `updated_at`) VALUES ('GH','{\"en\":\"Apam\"}',-0.74,5.28,'P','PPL','GH.04','GH.04.206',20147,'Africa/Accra',1,'2019-12-05 23:00:00','2019-12-05 23:00:00');
INSERT INTO `__PREFIX__cities` (`country_code`, `name`, `longitude`, `latitude`, `feature_class`, `feature_code`, `subadmin1_code`, `subadmin2_code`, `population`, `time_zone`, `active`, `created_at`, `updated_at`) VALUES ('GH','{\"en\":\"Anloga\"}',0.90,5.79,'P','PPL','GH.08','GH.08.402',29748,'Africa/Accra',1,'2019-12-05 23:00:00','2019-12-05 23:00:00');
INSERT INTO `__PREFIX__cities` (`country_code`, `name`, `longitude`, `latitude`, `feature_class`, `feature_code`, `subadmin1_code`, `subadmin2_code`, `population`, `time_zone`, `active`, `created_at`, `updated_at`) VALUES ('GH','{\"en\":\"Akwatia\"}',-0.81,6.04,'P','PPL','GH.05','GH.05.525',23766,'Africa/Accra',1,'2019-12-05 23:00:00','2019-12-05 23:00:00');
INSERT INTO `__PREFIX__cities` (`country_code`, `name`, `longitude`, `latitude`, `feature_class`, `feature_code`, `subadmin1_code`, `subadmin2_code`, `population`, `time_zone`, `active`, `created_at`, `updated_at`) VALUES ('GH','{\"en\":\"Akropong\"}',-0.09,5.97,'P','PPLA2','GH.05','GH.05.506',11096,'Africa/Accra',1,'2019-12-04 23:00:00','2019-12-04 23:00:00');
INSERT INTO `__PREFIX__cities` (`country_code`, `name`, `longitude`, `latitude`, `feature_class`, `feature_code`, `subadmin1_code`, `subadmin2_code`, `population`, `time_zone`, `active`, `created_at`, `updated_at`) VALUES ('GH','{\"en\":\"Akim Swedru\"}',-1.02,5.89,'P','PPLA2','GH.05','GH.05.501',10000,'Africa/Accra',1,'2019-12-04 23:00:00','2019-12-04 23:00:00');
INSERT INTO `__PREFIX__cities` (`country_code`, `name`, `longitude`, `latitude`, `feature_class`, `feature_code`, `subadmin1_code`, `subadmin2_code`, `population`, `time_zone`, `active`, `created_at`, `updated_at`) VALUES ('GH','{\"en\":\"Agogo\"}',-1.08,6.80,'P','PPL','GH.02','GH.02.629',31554,'Africa/Accra',1,'2019-12-04 23:00:00','2019-12-04 23:00:00');
INSERT INTO `__PREFIX__cities` (`country_code`, `name`, `longitude`, `latitude`, `feature_class`, `feature_code`, `subadmin1_code`, `subadmin2_code`, `population`, `time_zone`, `active`, `created_at`, `updated_at`) VALUES ('GH','{\"en\":\"Aflao\"}',1.19,6.12,'P','PPL','GH.08','GH.08.403',66546,'Africa/Accra',1,'2019-12-05 23:00:00','2019-12-05 23:00:00');
INSERT INTO `__PREFIX__cities` (`country_code`, `name`, `longitude`, `latitude`, `feature_class`, `feature_code`, `subadmin1_code`, `subadmin2_code`, `population`, `time_zone`, `active`, `created_at`, `updated_at`) VALUES ('GH','{\"en\":\"Atsiaman\"}',-0.33,5.70,'P','PPL','GH.01','GH.01.302',202932,'Africa/Accra',1,'2019-12-04 23:00:00','2019-12-04 23:00:00');
INSERT INTO `__PREFIX__cities` (`country_code`, `name`, `longitude`, `latitude`, `feature_class`, `feature_code`, `subadmin1_code`, `subadmin2_code`, `population`, `time_zone`, `active`, `created_at`, `updated_at`) VALUES ('GH','{\"en\":\"Accra\"}',-0.20,5.56,'P','PPLC','GH.01','GH.01.304',1963264,'Africa/Accra',1,'2019-12-04 23:00:00','2019-12-04 23:00:00');
INSERT INTO `__PREFIX__cities` (`country_code`, `name`, `longitude`, `latitude`, `feature_class`, `feature_code`, `subadmin1_code`, `subadmin2_code`, `population`, `time_zone`, `active`, `created_at`, `updated_at`) VALUES ('GH','{\"en\":\"Aburi\"}',-0.17,5.85,'P','PPL','GH.05','GH.05.523',18399,'Africa/Accra',1,'2019-12-05 23:00:00','2019-12-05 23:00:00');
INSERT INTO `__PREFIX__cities` (`country_code`, `name`, `longitude`, `latitude`, `feature_class`, `feature_code`, `subadmin1_code`, `subadmin2_code`, `population`, `time_zone`, `active`, `created_at`, `updated_at`) VALUES ('GH','{\"en\":\"Aboso\"}',-1.95,5.36,'P','PPL','GH.09','GH.09.109',8790,'Africa/Accra',1,'2019-12-05 23:00:00','2019-12-05 23:00:00');
/*!40000 ALTER TABLE `__PREFIX__cities` ENABLE KEYS */;
/*!40103 SET TIME_ZONE=@OLD_TIME_ZONE */;

/*!40101 SET SQL_MODE=@OLD_SQL_MODE */;
/*!40014 SET FOREIGN_KEY_CHECKS=@OLD_FOREIGN_KEY_CHECKS */;
/*!40014 SET UNIQUE_CHECKS=@OLD_UNIQUE_CHECKS */;
/*!40101 SET CHARACTER_SET_CLIENT=@OLD_CHARACTER_SET_CLIENT */;
/*!40101 SET CHARACTER_SET_RESULTS=@OLD_CHARACTER_SET_RESULTS */;
/*!40101 SET COLLATION_CONNECTION=@OLD_COLLATION_CONNECTION */;
/*!40111 SET SQL_NOTES=@OLD_SQL_NOTES */;

-- Dump completed
