-- MySQL dump 10.13  Distrib 5.7.34, for osx10.12 (x86_64)
--
-- Host: 127.0.0.1    Database: laraclassifier
-- ------------------------------------------------------
-- Server version	5.7.34

/*!40101 SET @OLD_CHARACTER_SET_CLIENT=@@CHARACTER_SET_CLIENT */;
/*!40101 SET @OLD_CHARACTER_SET_RESULTS=@@CHARACTER_SET_RESULTS */;
/*!40101 SET @OLD_COLLATION_CONNECTION=@@COLLATION_CONNECTION */;
/*!40101 SET NAMES utf8 */;
/*!40103 SET @OLD_TIME_ZONE=@@TIME_ZONE */;
/*!40103 SET TIME_ZONE='+00:00' */;
/*!40014 SET @OLD_UNIQUE_CHECKS=@@UNIQUE_CHECKS, UNIQUE_CHECKS=0 */;
/*!40014 SET @OLD_FOREIGN_KEY_CHECKS=@@FOREIGN_KEY_CHECKS, FOREIGN_KEY_CHECKS=0 */;
/*!40101 SET @OLD_SQL_MODE=@@SQL_MODE, SQL_MODE='NO_AUTO_VALUE_ON_ZERO' */;
/*!40111 SET @OLD_SQL_NOTES=@@SQL_NOTES, SQL_NOTES=0 */;

--
-- Dumping data for table `__PREFIX__subadmin1`
--

/*!40000 ALTER TABLE `__PREFIX__subadmin1` DISABLE KEYS */;
INSERT INTO `__PREFIX__subadmin1` (`code`, `country_code`, `name`, `active`) VALUES ('GR.736572','GR','{\"en\":\"Mount Athos\"}',1);
INSERT INTO `__PREFIX__subadmin1` (`code`, `country_code`, `name`, `active`) VALUES ('GR.ESYE31','GR','{\"en\":\"Attica\"}',1);
INSERT INTO `__PREFIX__subadmin1` (`code`, `country_code`, `name`, `active`) VALUES ('GR.ESYE24','GR','{\"en\":\"Central Greece\"}',1);
INSERT INTO `__PREFIX__subadmin1` (`code`, `country_code`, `name`, `active`) VALUES ('GR.ESYE12','GR','{\"en\":\"Central Macedonia\"}',1);
INSERT INTO `__PREFIX__subadmin1` (`code`, `country_code`, `name`, `active`) VALUES ('GR.ESYE43','GR','{\"en\":\"Crete\"}',1);
INSERT INTO `__PREFIX__subadmin1` (`code`, `country_code`, `name`, `active`) VALUES ('GR.ESYE11','GR','{\"en\":\"East Macedonia and Thrace\"}',1);
INSERT INTO `__PREFIX__subadmin1` (`code`, `country_code`, `name`, `active`) VALUES ('GR.ESYE21','GR','{\"en\":\"Epirus\"}',1);
INSERT INTO `__PREFIX__subadmin1` (`code`, `country_code`, `name`, `active`) VALUES ('GR.ESYE22','GR','{\"en\":\"Ionian Islands\"}',1);
INSERT INTO `__PREFIX__subadmin1` (`code`, `country_code`, `name`, `active`) VALUES ('GR.ESYE41','GR','{\"en\":\"North Aegean\"}',1);
INSERT INTO `__PREFIX__subadmin1` (`code`, `country_code`, `name`, `active`) VALUES ('GR.ESYE25','GR','{\"en\":\"Peloponnese\"}',1);
INSERT INTO `__PREFIX__subadmin1` (`code`, `country_code`, `name`, `active`) VALUES ('GR.ESYE42','GR','{\"en\":\"South Aegean\"}',1);
INSERT INTO `__PREFIX__subadmin1` (`code`, `country_code`, `name`, `active`) VALUES ('GR.ESYE14','GR','{\"en\":\"Thessaly\"}',1);
INSERT INTO `__PREFIX__subadmin1` (`code`, `country_code`, `name`, `active`) VALUES ('GR.ESYE23','GR','{\"en\":\"West Greece\"}',1);
INSERT INTO `__PREFIX__subadmin1` (`code`, `country_code`, `name`, `active`) VALUES ('GR.ESYE13','GR','{\"en\":\"West Macedonia\"}',1);
/*!40000 ALTER TABLE `__PREFIX__subadmin1` ENABLE KEYS */;

--
-- Dumping data for table `__PREFIX__subadmin2`
--

/*!40000 ALTER TABLE `__PREFIX__subadmin2` DISABLE KEYS */;
INSERT INTO `__PREFIX__subadmin2` (`code`, `country_code`, `subadmin1_code`, `name`, `active`) VALUES ('GR.ESYE22.28','GR','GR.ESYE22','{\"en\":\"Nomós Zakýnthou\"}',1);
INSERT INTO `__PREFIX__subadmin2` (`code`, `country_code`, `subadmin1_code`, `name`, `active`) VALUES ('GR.ESYE24.33','GR','GR.ESYE24','{\"en\":\"Nomós Voiotías\"}',1);
INSERT INTO `__PREFIX__subadmin2` (`code`, `country_code`, `subadmin1_code`, `name`, `active`) VALUES ('GR.ESYE14.22','GR','GR.ESYE14','{\"en\":\"Trikala\"}',1);
INSERT INTO `__PREFIX__subadmin2` (`code`, `country_code`, `subadmin1_code`, `name`, `active`) VALUES ('GR.ESYE21.18','GR','GR.ESYE21','{\"en\":\"Nomós Thesprotías\"}',1);
INSERT INTO `__PREFIX__subadmin2` (`code`, `country_code`, `subadmin1_code`, `name`, `active`) VALUES ('GR.ESYE41.48','GR','GR.ESYE41','{\"en\":\"Nomós Sámou\"}',1);
INSERT INTO `__PREFIX__subadmin2` (`code`, `country_code`, `subadmin1_code`, `name`, `active`) VALUES ('GR.ESYE43.44','GR','GR.ESYE43','{\"en\":\"Nomós Rethýmnis\"}',1);
INSERT INTO `__PREFIX__subadmin2` (`code`, `country_code`, `subadmin1_code`, `name`, `active`) VALUES ('GR.ESYE21.19','GR','GR.ESYE21','{\"en\":\"Nomós Prevézis\"}',1);
INSERT INTO `__PREFIX__subadmin2` (`code`, `country_code`, `subadmin1_code`, `name`, `active`) VALUES ('GR.ESYE25.40','GR','GR.ESYE25','{\"en\":\"Nomós Messinías\"}',1);
INSERT INTO `__PREFIX__subadmin2` (`code`, `country_code`, `subadmin1_code`, `name`, `active`) VALUES ('GR.ESYE14.24','GR','GR.ESYE14','{\"en\":\"Nomós Magnisías\"}',1);
INSERT INTO `__PREFIX__subadmin2` (`code`, `country_code`, `subadmin1_code`, `name`, `active`) VALUES ('GR.ESYE22.26','GR','GR.ESYE22','{\"en\":\"Lefkada\"}',1);
INSERT INTO `__PREFIX__subadmin2` (`code`, `country_code`, `subadmin1_code`, `name`, `active`) VALUES ('GR.ESYE41.51','GR','GR.ESYE41','{\"en\":\"Lesbos\"}',1);
INSERT INTO `__PREFIX__subadmin2` (`code`, `country_code`, `subadmin1_code`, `name`, `active`) VALUES ('GR.ESYE43.46','GR','GR.ESYE43','{\"en\":\"Nomós Lasithíou\"}',1);
INSERT INTO `__PREFIX__subadmin2` (`code`, `country_code`, `subadmin1_code`, `name`, `active`) VALUES ('GR.ESYE14.21','GR','GR.ESYE14','{\"en\":\"Nomós Larísis\"}',1);
INSERT INTO `__PREFIX__subadmin2` (`code`, `country_code`, `subadmin1_code`, `name`, `active`) VALUES ('GR.ESYE25.42','GR','GR.ESYE25','{\"en\":\"Nomós Lakonías\"}',1);
INSERT INTO `__PREFIX__subadmin2` (`code`, `country_code`, `subadmin1_code`, `name`, `active`) VALUES ('GR.ESYE25.37','GR','GR.ESYE25','{\"en\":\"Nomós Korinthías\"}',1);
INSERT INTO `__PREFIX__subadmin2` (`code`, `country_code`, `subadmin1_code`, `name`, `active`) VALUES ('GR.ESYE42.49','GR','GR.ESYE42','{\"en\":\"Nomós Kykládon\"}',1);
INSERT INTO `__PREFIX__subadmin2` (`code`, `country_code`, `subadmin1_code`, `name`, `active`) VALUES ('GR.ESYE41.50','GR','GR.ESYE41','{\"en\":\"Chios\"}',1);
INSERT INTO `__PREFIX__subadmin2` (`code`, `country_code`, `subadmin1_code`, `name`, `active`) VALUES ('GR.ESYE43.43','GR','GR.ESYE43','{\"en\":\"Nomós Chaniás\"}',1);
INSERT INTO `__PREFIX__subadmin2` (`code`, `country_code`, `subadmin1_code`, `name`, `active`) VALUES ('GR.ESYE22.27','GR','GR.ESYE22','{\"en\":\"Kefallonia Regional Unit\"}',1);
INSERT INTO `__PREFIX__subadmin2` (`code`, `country_code`, `subadmin1_code`, `name`, `active`) VALUES ('GR.ESYE14.23','GR','GR.ESYE14','{\"en\":\"Nomós Kardhítsas\"}',1);
INSERT INTO `__PREFIX__subadmin2` (`code`, `country_code`, `subadmin1_code`, `name`, `active`) VALUES ('GR.ESYE43.45','GR','GR.ESYE43','{\"en\":\"Heraklion Regional Unit\"}',1);
INSERT INTO `__PREFIX__subadmin2` (`code`, `country_code`, `subadmin1_code`, `name`, `active`) VALUES ('GR.ESYE21.17','GR','GR.ESYE21','{\"en\":\"Nomós Ioannínon\"}',1);
INSERT INTO `__PREFIX__subadmin2` (`code`, `country_code`, `subadmin1_code`, `name`, `active`) VALUES ('GR.ESYE23.39','GR','GR.ESYE23','{\"en\":\"Nomós Ileías\"}',1);
INSERT INTO `__PREFIX__subadmin2` (`code`, `country_code`, `subadmin1_code`, `name`, `active`) VALUES ('GR.ESYE24.29','GR','GR.ESYE24','{\"en\":\"Nomós Fthiótidos\"}',1);
INSERT INTO `__PREFIX__subadmin2` (`code`, `country_code`, `subadmin1_code`, `name`, `active`) VALUES ('GR.ESYE24.32','GR','GR.ESYE24','{\"en\":\"Nomós Fokídos\"}',1);
INSERT INTO `__PREFIX__subadmin2` (`code`, `country_code`, `subadmin1_code`, `name`, `active`) VALUES ('GR.ESYE24.34','GR','GR.ESYE24','{\"en\":\"Nomós Evvoías\"}',1);
INSERT INTO `__PREFIX__subadmin2` (`code`, `country_code`, `subadmin1_code`, `name`, `active`) VALUES ('GR.ESYE24.30','GR','GR.ESYE24','{\"en\":\"Nomós Evrytanías\"}',1);
INSERT INTO `__PREFIX__subadmin2` (`code`, `country_code`, `subadmin1_code`, `name`, `active`) VALUES ('GR.ESYE42.47','GR','GR.ESYE42','{\"en\":\"Dodecanese\"}',1);
INSERT INTO `__PREFIX__subadmin2` (`code`, `country_code`, `subadmin1_code`, `name`, `active`) VALUES ('GR.ESYE31.35','GR','GR.ESYE31','{\"en\":\"Nomós Attikís\"}',1);
INSERT INTO `__PREFIX__subadmin2` (`code`, `country_code`, `subadmin1_code`, `name`, `active`) VALUES ('GR.ESYE21.20','GR','GR.ESYE21','{\"en\":\"Nomós Ártas\"}',1);
INSERT INTO `__PREFIX__subadmin2` (`code`, `country_code`, `subadmin1_code`, `name`, `active`) VALUES ('GR.ESYE25.41','GR','GR.ESYE25','{\"en\":\"Nomós Arkadías\"}',1);
INSERT INTO `__PREFIX__subadmin2` (`code`, `country_code`, `subadmin1_code`, `name`, `active`) VALUES ('GR.ESYE25.36','GR','GR.ESYE25','{\"en\":\"Nomós Argolídos\"}',1);
INSERT INTO `__PREFIX__subadmin2` (`code`, `country_code`, `subadmin1_code`, `name`, `active`) VALUES ('GR.ESYE23.38','GR','GR.ESYE23','{\"en\":\"Nomós Achaḯas\"}',1);
INSERT INTO `__PREFIX__subadmin2` (`code`, `country_code`, `subadmin1_code`, `name`, `active`) VALUES ('GR.ESYE23.31','GR','GR.ESYE23','{\"en\":\"Nomós Aitolías kai Akarnanías\"}',1);
INSERT INTO `__PREFIX__subadmin2` (`code`, `country_code`, `subadmin1_code`, `name`, `active`) VALUES ('GR.ESYE31.96','GR','GR.ESYE31','{\"en\":\"Nomós Piraiós\"}',1);
INSERT INTO `__PREFIX__subadmin2` (`code`, `country_code`, `subadmin1_code`, `name`, `active`) VALUES ('GR.ESYE31.98','GR','GR.ESYE31','{\"en\":\"Nomarchía Anatolikís Attikís\"}',1);
INSERT INTO `__PREFIX__subadmin2` (`code`, `country_code`, `subadmin1_code`, `name`, `active`) VALUES ('GR.ESYE31.99','GR','GR.ESYE31','{\"en\":\"Nomarchía Athínas\"}',1);
INSERT INTO `__PREFIX__subadmin2` (`code`, `country_code`, `subadmin1_code`, `name`, `active`) VALUES ('GR.ESYE11.03','GR','GR.ESYE11','{\"en\":\"Nomós Xánthis\"}',1);
INSERT INTO `__PREFIX__subadmin2` (`code`, `country_code`, `subadmin1_code`, `name`, `active`) VALUES ('GR.ESYE12.13','GR','GR.ESYE12','{\"en\":\"Nomós Thessaloníkis\"}',1);
INSERT INTO `__PREFIX__subadmin2` (`code`, `country_code`, `subadmin1_code`, `name`, `active`) VALUES ('GR.ESYE12.05','GR','GR.ESYE12','{\"en\":\"Nomós Serrón\"}',1);
INSERT INTO `__PREFIX__subadmin2` (`code`, `country_code`, `subadmin1_code`, `name`, `active`) VALUES ('GR.ESYE11.02','GR','GR.ESYE11','{\"en\":\"Nomós Rodópis\"}',1);
INSERT INTO `__PREFIX__subadmin2` (`code`, `country_code`, `subadmin1_code`, `name`, `active`) VALUES ('GR.ESYE12.16','GR','GR.ESYE12','{\"en\":\"Nomós Pierías\"}',1);
INSERT INTO `__PREFIX__subadmin2` (`code`, `country_code`, `subadmin1_code`, `name`, `active`) VALUES ('GR.ESYE12.07','GR','GR.ESYE12','{\"en\":\"Nomós Péllis\"}',1);
INSERT INTO `__PREFIX__subadmin2` (`code`, `country_code`, `subadmin1_code`, `name`, `active`) VALUES ('GR.ESYE13.11','GR','GR.ESYE13','{\"en\":\"Nomós Kozánis\"}',1);
INSERT INTO `__PREFIX__subadmin2` (`code`, `country_code`, `subadmin1_code`, `name`, `active`) VALUES ('GR.ESYE12.06','GR','GR.ESYE12','{\"en\":\"Nomós Kilkís\"}',1);
INSERT INTO `__PREFIX__subadmin2` (`code`, `country_code`, `subadmin1_code`, `name`, `active`) VALUES ('GR.ESYE12.15','GR','GR.ESYE12','{\"en\":\"Nomós Chalkidikís\"}',1);
INSERT INTO `__PREFIX__subadmin2` (`code`, `country_code`, `subadmin1_code`, `name`, `active`) VALUES ('GR.ESYE11.14','GR','GR.ESYE11','{\"en\":\"Nomós Kaválas\"}',1);
INSERT INTO `__PREFIX__subadmin2` (`code`, `country_code`, `subadmin1_code`, `name`, `active`) VALUES ('GR.ESYE13.09','GR','GR.ESYE13','{\"en\":\"Nomós Kastoriás\"}',1);
INSERT INTO `__PREFIX__subadmin2` (`code`, `country_code`, `subadmin1_code`, `name`, `active`) VALUES ('GR.ESYE12.12','GR','GR.ESYE12','{\"en\":\"Nomós Imathías\"}',1);
INSERT INTO `__PREFIX__subadmin2` (`code`, `country_code`, `subadmin1_code`, `name`, `active`) VALUES ('GR.ESYE13.10','GR','GR.ESYE13','{\"en\":\"Nomós Grevenón\"}',1);
INSERT INTO `__PREFIX__subadmin2` (`code`, `country_code`, `subadmin1_code`, `name`, `active`) VALUES ('GR.ESYE13.08','GR','GR.ESYE13','{\"en\":\"Nomós Florínis\"}',1);
INSERT INTO `__PREFIX__subadmin2` (`code`, `country_code`, `subadmin1_code`, `name`, `active`) VALUES ('GR.ESYE11.01','GR','GR.ESYE11','{\"en\":\"Nomós Évrou\"}',1);
INSERT INTO `__PREFIX__subadmin2` (`code`, `country_code`, `subadmin1_code`, `name`, `active`) VALUES ('GR.ESYE11.04','GR','GR.ESYE11','{\"en\":\"Nomós Drámas\"}',1);
INSERT INTO `__PREFIX__subadmin2` (`code`, `country_code`, `subadmin1_code`, `name`, `active`) VALUES ('GR.ESYE22.25','GR','GR.ESYE22','{\"en\":\"Nomós Kerkýras\"}',1);
/*!40000 ALTER TABLE `__PREFIX__subadmin2` ENABLE KEYS */;

--
-- Dumping data for table `__PREFIX__cities`
--

/*!40000 ALTER TABLE `__PREFIX__cities` DISABLE KEYS */;
INSERT INTO `__PREFIX__cities` (`country_code`, `name`, `longitude`, `latitude`, `feature_class`, `feature_code`, `subadmin1_code`, `subadmin2_code`, `population`, `time_zone`, `active`, `created_at`, `updated_at`) VALUES ('GR','{\"en\":\"Zakynthos\"}',20.90,37.78,'P','PPLA2','GR.ESYE22','GR.ESYE22.28',11541,'Europe/Athens',1,'2016-04-09 23:00:00','2016-04-09 23:00:00');
INSERT INTO `__PREFIX__cities` (`country_code`, `name`, `longitude`, `latitude`, `feature_class`, `feature_code`, `subadmin1_code`, `subadmin2_code`, `population`, `time_zone`, `active`, `created_at`, `updated_at`) VALUES ('GR','{\"en\":\"Zacháro\"}',21.65,37.48,'P','PPLA3','GR.ESYE23','GR.ESYE23.39',5894,'Europe/Athens',1,'2019-03-10 23:00:00','2019-03-10 23:00:00');
INSERT INTO `__PREFIX__cities` (`country_code`, `name`, `longitude`, `latitude`, `feature_class`, `feature_code`, `subadmin1_code`, `subadmin2_code`, `population`, `time_zone`, `active`, `created_at`, `updated_at`) VALUES ('GR','{\"en\":\"Giánnouli\"}',22.40,39.67,'P','PPL','GR.ESYE14','GR.ESYE14.21',7885,'Europe/Athens',1,'2015-10-21 23:00:00','2015-10-21 23:00:00');
INSERT INTO `__PREFIX__cities` (`country_code`, `name`, `longitude`, `latitude`, `feature_class`, `feature_code`, `subadmin1_code`, `subadmin2_code`, `population`, `time_zone`, `active`, `created_at`, `updated_at`) VALUES ('GR','{\"en\":\"Xylókastro\"}',22.63,38.08,'P','PPLA3','GR.ESYE25','GR.ESYE25.37',5500,'Europe/Athens',1,'2014-08-24 23:00:00','2014-08-24 23:00:00');
INSERT INTO `__PREFIX__cities` (`country_code`, `name`, `longitude`, `latitude`, `feature_class`, `feature_code`, `subadmin1_code`, `subadmin2_code`, `population`, `time_zone`, `active`, `created_at`, `updated_at`) VALUES ('GR','{\"en\":\"Vrontádos\"}',26.13,38.41,'P','PPL','GR.ESYE41','GR.ESYE41.50',5323,'Europe/Athens',1,'2016-09-08 23:00:00','2016-09-08 23:00:00');
INSERT INTO `__PREFIX__cities` (`country_code`, `name`, `longitude`, `latitude`, `feature_class`, `feature_code`, `subadmin1_code`, `subadmin2_code`, `population`, `time_zone`, `active`, `created_at`, `updated_at`) VALUES ('GR','{\"en\":\"Voúla\"}',23.78,37.84,'P','PPLA3','GR.ESYE31','GR.ESYE31.98',28364,'Europe/Athens',1,'2019-10-22 23:00:00','2019-10-22 23:00:00');
INSERT INTO `__PREFIX__cities` (`country_code`, `name`, `longitude`, `latitude`, `feature_class`, `feature_code`, `subadmin1_code`, `subadmin2_code`, `population`, `time_zone`, `active`, `created_at`, `updated_at`) VALUES ('GR','{\"en\":\"Volos\"}',22.94,39.36,'P','PPLA2','GR.ESYE14','GR.ESYE14.24',86048,'Europe/Athens',1,'2016-12-10 23:00:00','2016-12-10 23:00:00');
INSERT INTO `__PREFIX__cities` (`country_code`, `name`, `longitude`, `latitude`, `feature_class`, `feature_code`, `subadmin1_code`, `subadmin2_code`, `population`, `time_zone`, `active`, `created_at`, `updated_at`) VALUES ('GR','{\"en\":\"Výronas\"}',23.75,37.96,'P','PPLA3','GR.ESYE31','GR.ESYE31.99',61308,'Europe/Athens',1,'2019-10-22 23:00:00','2019-10-22 23:00:00');
INSERT INTO `__PREFIX__cities` (`country_code`, `name`, `longitude`, `latitude`, `feature_class`, `feature_code`, `subadmin1_code`, `subadmin2_code`, `population`, `time_zone`, `active`, `created_at`, `updated_at`) VALUES ('GR','{\"en\":\"Vasilikón\"}',23.67,38.43,'P','PPL','GR.ESYE24','GR.ESYE24.34',6571,'Europe/Athens',1,'2015-04-28 23:00:00','2015-04-28 23:00:00');
INSERT INTO `__PREFIX__cities` (`country_code`, `name`, `longitude`, `latitude`, `feature_class`, `feature_code`, `subadmin1_code`, `subadmin2_code`, `population`, `time_zone`, `active`, `created_at`, `updated_at`) VALUES ('GR','{\"en\":\"Vári\"}',23.80,37.83,'P','PPL','GR.ESYE31','GR.ESYE31.98',15855,'Europe/Athens',1,'2019-10-22 23:00:00','2019-10-22 23:00:00');
INSERT INTO `__PREFIX__cities` (`country_code`, `name`, `longitude`, `latitude`, `feature_class`, `feature_code`, `subadmin1_code`, `subadmin2_code`, `population`, `time_zone`, `active`, `created_at`, `updated_at`) VALUES ('GR','{\"en\":\"Trípoli\"}',22.38,37.51,'P','PPLA','GR.ESYE25','GR.ESYE25.41',26561,'Europe/Athens',1,'2020-06-09 23:00:00','2020-06-09 23:00:00');
INSERT INTO `__PREFIX__cities` (`country_code`, `name`, `longitude`, `latitude`, `feature_class`, `feature_code`, `subadmin1_code`, `subadmin2_code`, `population`, `time_zone`, `active`, `created_at`, `updated_at`) VALUES ('GR','{\"en\":\"Tríkala\"}',21.77,39.55,'P','PPLA2','GR.ESYE14','GR.ESYE14.22',61653,'Europe/Athens',1,'2015-04-28 23:00:00','2015-04-28 23:00:00');
INSERT INTO `__PREFIX__cities` (`country_code`, `name`, `longitude`, `latitude`, `feature_class`, `feature_code`, `subadmin1_code`, `subadmin2_code`, `population`, `time_zone`, `active`, `created_at`, `updated_at`) VALUES ('GR','{\"en\":\"Ialysós\"}',28.16,36.41,'P','PPL','GR.ESYE42','GR.ESYE42.47',11331,'Europe/Athens',1,'2021-11-17 23:00:00','2021-11-17 23:00:00');
INSERT INTO `__PREFIX__cities` (`country_code`, `name`, `longitude`, `latitude`, `feature_class`, `feature_code`, `subadmin1_code`, `subadmin2_code`, `population`, `time_zone`, `active`, `created_at`, `updated_at`) VALUES ('GR','{\"en\":\"Týrnavos\"}',22.29,39.74,'P','PPLA3','GR.ESYE14','GR.ESYE14.21',10796,'Europe/Athens',1,'2019-04-10 23:00:00','2019-04-10 23:00:00');
INSERT INTO `__PREFIX__cities` (`country_code`, `name`, `longitude`, `latitude`, `feature_class`, `feature_code`, `subadmin1_code`, `subadmin2_code`, `population`, `time_zone`, `active`, `created_at`, `updated_at`) VALUES ('GR','{\"en\":\"Tympáki\"}',24.77,35.07,'P','PPL','GR.ESYE43','GR.ESYE43.45',5285,'Europe/Athens',1,'2015-11-24 23:00:00','2015-11-24 23:00:00');
INSERT INTO `__PREFIX__cities` (`country_code`, `name`, `longitude`, `latitude`, `feature_class`, `feature_code`, `subadmin1_code`, `subadmin2_code`, `population`, `time_zone`, `active`, `created_at`, `updated_at`) VALUES ('GR','{\"en\":\"Thívai\"}',23.32,38.33,'P','PPL','GR.ESYE24','GR.ESYE24.33',36477,'Europe/Athens',1,'2021-11-17 23:00:00','2021-11-17 23:00:00');
INSERT INTO `__PREFIX__cities` (`country_code`, `name`, `longitude`, `latitude`, `feature_class`, `feature_code`, `subadmin1_code`, `subadmin2_code`, `population`, `time_zone`, `active`, `created_at`, `updated_at`) VALUES ('GR','{\"en\":\"Távros\"}',23.69,37.97,'P','PPL','GR.ESYE31','GR.ESYE31.99',14972,'Europe/Athens',1,'2019-10-22 23:00:00','2019-10-22 23:00:00');
INSERT INTO `__PREFIX__cities` (`country_code`, `name`, `longitude`, `latitude`, `feature_class`, `feature_code`, `subadmin1_code`, `subadmin2_code`, `population`, `time_zone`, `active`, `created_at`, `updated_at`) VALUES ('GR','{\"en\":\"Spáta\"}',23.92,37.96,'P','PPLA3','GR.ESYE31','GR.ESYE31.98',9198,'Europe/Athens',1,'2019-10-22 23:00:00','2019-10-22 23:00:00');
INSERT INTO `__PREFIX__cities` (`country_code`, `name`, `longitude`, `latitude`, `feature_class`, `feature_code`, `subadmin1_code`, `subadmin2_code`, `population`, `time_zone`, `active`, `created_at`, `updated_at`) VALUES ('GR','{\"en\":\"Sparta\"}',22.43,37.07,'P','PPLA2','GR.ESYE25','GR.ESYE25.42',16239,'Europe/Athens',1,'2020-07-08 23:00:00','2020-07-08 23:00:00');
INSERT INTO `__PREFIX__cities` (`country_code`, `name`, `longitude`, `latitude`, `feature_class`, `feature_code`, `subadmin1_code`, `subadmin2_code`, `population`, `time_zone`, `active`, `created_at`, `updated_at`) VALUES ('GR','{\"en\":\"Soúda\"}',24.07,35.49,'P','PPL','GR.ESYE43','GR.ESYE43.43',6729,'Europe/Athens',1,'2012-12-04 23:00:00','2012-12-04 23:00:00');
INSERT INTO `__PREFIX__cities` (`country_code`, `name`, `longitude`, `latitude`, `feature_class`, `feature_code`, `subadmin1_code`, `subadmin2_code`, `population`, `time_zone`, `active`, `created_at`, `updated_at`) VALUES ('GR','{\"en\":\"Skiáthos\"}',23.49,39.16,'P','PPL','GR.ESYE14','GR.ESYE14.24',5187,'Europe/Athens',1,'2018-01-04 23:00:00','2018-01-04 23:00:00');
INSERT INTO `__PREFIX__cities` (`country_code`, `name`, `longitude`, `latitude`, `feature_class`, `feature_code`, `subadmin1_code`, `subadmin2_code`, `population`, `time_zone`, `active`, `created_at`, `updated_at`) VALUES ('GR','{\"en\":\"Sitia\"}',26.10,35.21,'P','PPLA3','GR.ESYE43','GR.ESYE43.46',8707,'Europe/Athens',1,'2015-09-04 23:00:00','2015-09-04 23:00:00');
INSERT INTO `__PREFIX__cities` (`country_code`, `name`, `longitude`, `latitude`, `feature_class`, `feature_code`, `subadmin1_code`, `subadmin2_code`, `population`, `time_zone`, `active`, `created_at`, `updated_at`) VALUES ('GR','{\"en\":\"Salamína\"}',23.50,37.96,'P','PPLA3','GR.ESYE31','GR.ESYE31.96',25370,'Europe/Athens',1,'2019-10-22 23:00:00','2019-10-22 23:00:00');
INSERT INTO `__PREFIX__cities` (`country_code`, `name`, `longitude`, `latitude`, `feature_class`, `feature_code`, `subadmin1_code`, `subadmin2_code`, `population`, `time_zone`, `active`, `created_at`, `updated_at`) VALUES ('GR','{\"en\":\"Rethymno\"}',24.48,35.37,'P','PPLA2','GR.ESYE43','GR.ESYE43.44',32468,'Europe/Athens',1,'2015-11-26 23:00:00','2015-11-26 23:00:00');
INSERT INTO `__PREFIX__cities` (`country_code`, `name`, `longitude`, `latitude`, `feature_class`, `feature_code`, `subadmin1_code`, `subadmin2_code`, `population`, `time_zone`, `active`, `created_at`, `updated_at`) VALUES ('GR','{\"en\":\"Rafína\"}',24.01,38.02,'P','PPLA3','GR.ESYE31','GR.ESYE31.98',12168,'Europe/Athens',1,'2019-10-22 23:00:00','2019-10-22 23:00:00');
INSERT INTO `__PREFIX__cities` (`country_code`, `name`, `longitude`, `latitude`, `feature_class`, `feature_code`, `subadmin1_code`, `subadmin2_code`, `population`, `time_zone`, `active`, `created_at`, `updated_at`) VALUES ('GR','{\"en\":\"Psychikó\"}',23.77,38.01,'P','PPLA3','GR.ESYE31','GR.ESYE31.99',9529,'Europe/Athens',1,'2019-10-22 23:00:00','2019-10-22 23:00:00');
INSERT INTO `__PREFIX__cities` (`country_code`, `name`, `longitude`, `latitude`, `feature_class`, `feature_code`, `subadmin1_code`, `subadmin2_code`, `population`, `time_zone`, `active`, `created_at`, `updated_at`) VALUES ('GR','{\"en\":\"Psachná\"}',23.64,38.58,'P','PPLA3','GR.ESYE24','GR.ESYE24.34',5828,'Europe/Athens',1,'2017-03-15 23:00:00','2017-03-15 23:00:00');
INSERT INTO `__PREFIX__cities` (`country_code`, `name`, `longitude`, `latitude`, `feature_class`, `feature_code`, `subadmin1_code`, `subadmin2_code`, `population`, `time_zone`, `active`, `created_at`, `updated_at`) VALUES ('GR','{\"en\":\"Préveza\"}',20.75,38.96,'P','PPLA2','GR.ESYE21','GR.ESYE21.19',17283,'Europe/Athens',1,'2020-10-31 23:00:00','2020-10-31 23:00:00');
INSERT INTO `__PREFIX__cities` (`country_code`, `name`, `longitude`, `latitude`, `feature_class`, `feature_code`, `subadmin1_code`, `subadmin2_code`, `population`, `time_zone`, `active`, `created_at`, `updated_at`) VALUES ('GR','{\"en\":\"Pýrgos\"}',21.44,37.68,'P','PPLA2','GR.ESYE23','GR.ESYE23.39',22399,'Europe/Athens',1,'2017-01-23 23:00:00','2017-01-23 23:00:00');
INSERT INTO `__PREFIX__cities` (`country_code`, `name`, `longitude`, `latitude`, `feature_class`, `feature_code`, `subadmin1_code`, `subadmin2_code`, `population`, `time_zone`, `active`, `created_at`, `updated_at`) VALUES ('GR','{\"en\":\"Piraeus\"}',23.65,37.94,'P','PPLA3','GR.ESYE31','GR.ESYE31.35',163688,'Europe/Athens',1,'2019-09-04 23:00:00','2019-09-04 23:00:00');
INSERT INTO `__PREFIX__cities` (`country_code`, `name`, `longitude`, `latitude`, `feature_class`, `feature_code`, `subadmin1_code`, `subadmin2_code`, `population`, `time_zone`, `active`, `created_at`, `updated_at`) VALUES ('GR','{\"en\":\"Petroúpolis\"}',23.68,38.04,'P','PPLA3','GR.ESYE31','GR.ESYE31.99',58979,'Europe/Athens',1,'2019-10-22 23:00:00','2019-10-22 23:00:00');
INSERT INTO `__PREFIX__cities` (`country_code`, `name`, `longitude`, `latitude`, `feature_class`, `feature_code`, `subadmin1_code`, `subadmin2_code`, `population`, `time_zone`, `active`, `created_at`, `updated_at`) VALUES ('GR','{\"en\":\"Peristéri\"}',23.69,38.02,'P','PPLA3','GR.ESYE31','GR.ESYE31.99',139981,'Europe/Athens',1,'2019-10-22 23:00:00','2019-10-22 23:00:00');
INSERT INTO `__PREFIX__cities` (`country_code`, `name`, `longitude`, `latitude`, `feature_class`, `feature_code`, `subadmin1_code`, `subadmin2_code`, `population`, `time_zone`, `active`, `created_at`, `updated_at`) VALUES ('GR','{\"en\":\"Pérama\"}',23.57,37.97,'P','PPLA3','GR.ESYE31','GR.ESYE31.96',25389,'Europe/Athens',1,'2019-10-22 23:00:00','2019-10-22 23:00:00');
INSERT INTO `__PREFIX__cities` (`country_code`, `name`, `longitude`, `latitude`, `feature_class`, `feature_code`, `subadmin1_code`, `subadmin2_code`, `population`, `time_zone`, `active`, `created_at`, `updated_at`) VALUES ('GR','{\"en\":\"Pátra\"}',21.73,38.24,'P','PPLA','GR.ESYE23','GR.ESYE23.38',168034,'Europe/Athens',1,'2020-06-09 23:00:00','2020-06-09 23:00:00');
INSERT INTO `__PREFIX__cities` (`country_code`, `name`, `longitude`, `latitude`, `feature_class`, `feature_code`, `subadmin1_code`, `subadmin2_code`, `population`, `time_zone`, `active`, `created_at`, `updated_at`) VALUES ('GR','{\"en\":\"Páros\"}',25.15,37.08,'P','PPLA3','GR.ESYE42','GR.ESYE42.49',5289,'Europe/Athens',1,'2021-02-17 23:00:00','2021-02-17 23:00:00');
INSERT INTO `__PREFIX__cities` (`country_code`, `name`, `longitude`, `latitude`, `feature_class`, `feature_code`, `subadmin1_code`, `subadmin2_code`, `population`, `time_zone`, `active`, `created_at`, `updated_at`) VALUES ('GR','{\"en\":\"Paralía\"}',21.70,38.20,'P','PPL','GR.ESYE23','GR.ESYE23.38',6336,'Europe/Athens',1,'2015-04-11 23:00:00','2015-04-11 23:00:00');
INSERT INTO `__PREFIX__cities` (`country_code`, `name`, `longitude`, `latitude`, `feature_class`, `feature_code`, `subadmin1_code`, `subadmin2_code`, `population`, `time_zone`, `active`, `created_at`, `updated_at`) VALUES ('GR','{\"en\":\"Pallíni\"}',23.88,38.01,'P','PPL','GR.ESYE31','GR.ESYE31.98',14808,'Europe/Athens',1,'2019-10-22 23:00:00','2019-10-22 23:00:00');
INSERT INTO `__PREFIX__cities` (`country_code`, `name`, `longitude`, `latitude`, `feature_class`, `feature_code`, `subadmin1_code`, `subadmin2_code`, `population`, `time_zone`, `active`, `created_at`, `updated_at`) VALUES ('GR','{\"en\":\"Palamás\"}',22.08,39.47,'P','PPLA3','GR.ESYE14','GR.ESYE14.23',5719,'Europe/Athens',1,'2019-03-11 23:00:00','2019-03-11 23:00:00');
INSERT INTO `__PREFIX__cities` (`country_code`, `name`, `longitude`, `latitude`, `feature_class`, `feature_code`, `subadmin1_code`, `subadmin2_code`, `population`, `time_zone`, `active`, `created_at`, `updated_at`) VALUES ('GR','{\"en\":\"Palaió Fáliro\"}',23.70,37.93,'P','PPLA3','GR.ESYE31','GR.ESYE31.99',64021,'Europe/Athens',1,'2019-10-22 23:00:00','2019-10-22 23:00:00');
INSERT INTO `__PREFIX__cities` (`country_code`, `name`, `longitude`, `latitude`, `feature_class`, `feature_code`, `subadmin1_code`, `subadmin2_code`, `population`, `time_zone`, `active`, `created_at`, `updated_at`) VALUES ('GR','{\"en\":\"Paianía\"}',23.85,37.96,'P','PPLA3','GR.ESYE31','GR.ESYE31.98',14595,'Europe/Athens',1,'2019-10-22 23:00:00','2019-10-22 23:00:00');
INSERT INTO `__PREFIX__cities` (`country_code`, `name`, `longitude`, `latitude`, `feature_class`, `feature_code`, `subadmin1_code`, `subadmin2_code`, `population`, `time_zone`, `active`, `created_at`, `updated_at`) VALUES ('GR','{\"en\":\"Ovriá\"}',21.73,38.19,'P','PPL','GR.ESYE23','GR.ESYE23.38',5838,'Europe/Athens',1,'2015-04-11 23:00:00','2015-04-11 23:00:00');
INSERT INTO `__PREFIX__cities` (`country_code`, `name`, `longitude`, `latitude`, `feature_class`, `feature_code`, `subadmin1_code`, `subadmin2_code`, `population`, `time_zone`, `active`, `created_at`, `updated_at`) VALUES ('GR','{\"en\":\"Orchomenós\"}',22.98,38.49,'P','PPL','GR.ESYE24','GR.ESYE24.33',5919,'Europe/Athens',1,'2012-11-26 23:00:00','2012-11-26 23:00:00');
INSERT INTO `__PREFIX__cities` (`country_code`, `name`, `longitude`, `latitude`, `feature_class`, `feature_code`, `subadmin1_code`, `subadmin2_code`, `population`, `time_zone`, `active`, `created_at`, `updated_at`) VALUES ('GR','{\"en\":\"Papágou\"}',23.79,37.99,'P','PPL','GR.ESYE31','GR.ESYE31.99',13699,'Europe/Athens',1,'2019-10-22 23:00:00','2019-10-22 23:00:00');
INSERT INTO `__PREFIX__cities` (`country_code`, `name`, `longitude`, `latitude`, `feature_class`, `feature_code`, `subadmin1_code`, `subadmin2_code`, `population`, `time_zone`, `active`, `created_at`, `updated_at`) VALUES ('GR','{\"en\":\"Níkaia\"}',23.65,37.97,'P','PPLA3','GR.ESYE31','GR.ESYE31.96',89380,'Europe/Athens',1,'2019-10-22 23:00:00','2019-10-22 23:00:00');
INSERT INTO `__PREFIX__cities` (`country_code`, `name`, `longitude`, `latitude`, `feature_class`, `feature_code`, `subadmin1_code`, `subadmin2_code`, `population`, `time_zone`, `active`, `created_at`, `updated_at`) VALUES ('GR','{\"en\":\"Néon Karlovásion\"}',26.70,37.79,'P','PPL','GR.ESYE41','GR.ESYE41.48',6708,'Europe/Athens',1,'2016-12-20 23:00:00','2016-12-20 23:00:00');
INSERT INTO `__PREFIX__cities` (`country_code`, `name`, `longitude`, `latitude`, `feature_class`, `feature_code`, `subadmin1_code`, `subadmin2_code`, `population`, `time_zone`, `active`, `created_at`, `updated_at`) VALUES ('GR','{\"en\":\"Néa Smýrni\"}',23.71,37.95,'P','PPLA3','GR.ESYE31','GR.ESYE31.99',73076,'Europe/Athens',1,'2019-10-22 23:00:00','2019-10-22 23:00:00');
INSERT INTO `__PREFIX__cities` (`country_code`, `name`, `longitude`, `latitude`, `feature_class`, `feature_code`, `subadmin1_code`, `subadmin2_code`, `population`, `time_zone`, `active`, `created_at`, `updated_at`) VALUES ('GR','{\"en\":\"Néa Péramos\"}',23.42,38.01,'P','PPL','GR.ESYE31','GR.ESYE31.35',8333,'Europe/Athens',1,'2019-10-22 23:00:00','2019-10-22 23:00:00');
INSERT INTO `__PREFIX__cities` (`country_code`, `name`, `longitude`, `latitude`, `feature_class`, `feature_code`, `subadmin1_code`, `subadmin2_code`, `population`, `time_zone`, `active`, `created_at`, `updated_at`) VALUES ('GR','{\"en\":\"Néa Mákri\"}',23.98,38.09,'P','PPL','GR.ESYE31','GR.ESYE31.98',15554,'Europe/Athens',1,'2019-10-22 23:00:00','2019-10-22 23:00:00');
INSERT INTO `__PREFIX__cities` (`country_code`, `name`, `longitude`, `latitude`, `feature_class`, `feature_code`, `subadmin1_code`, `subadmin2_code`, `population`, `time_zone`, `active`, `created_at`, `updated_at`) VALUES ('GR','{\"en\":\"Ílion\"}',23.70,38.03,'P','PPLA3','GR.ESYE31','GR.ESYE31.99',84793,'Europe/Athens',1,'2019-10-22 23:00:00','2019-10-22 23:00:00');
INSERT INTO `__PREFIX__cities` (`country_code`, `name`, `longitude`, `latitude`, `feature_class`, `feature_code`, `subadmin1_code`, `subadmin2_code`, `population`, `time_zone`, `active`, `created_at`, `updated_at`) VALUES ('GR','{\"en\":\"Néa Ionía\"}',23.76,38.04,'P','PPLA3','GR.ESYE31','GR.ESYE31.99',67134,'Europe/Athens',1,'2019-10-22 23:00:00','2019-10-22 23:00:00');
INSERT INTO `__PREFIX__cities` (`country_code`, `name`, `longitude`, `latitude`, `feature_class`, `feature_code`, `subadmin1_code`, `subadmin2_code`, `population`, `time_zone`, `active`, `created_at`, `updated_at`) VALUES ('GR','{\"en\":\"Néa Filadélfeia\"}',23.74,38.03,'P','PPLA3','GR.ESYE31','GR.ESYE31.99',25734,'Europe/Athens',1,'2019-10-22 23:00:00','2019-10-22 23:00:00');
INSERT INTO `__PREFIX__cities` (`country_code`, `name`, `longitude`, `latitude`, `feature_class`, `feature_code`, `subadmin1_code`, `subadmin2_code`, `population`, `time_zone`, `active`, `created_at`, `updated_at`) VALUES ('GR','{\"en\":\"Néa Erythraía\"}',23.82,38.09,'P','PPL','GR.ESYE31','GR.ESYE31.99',17379,'Europe/Athens',1,'2020-06-19 23:00:00','2020-06-19 23:00:00');
INSERT INTO `__PREFIX__cities` (`country_code`, `name`, `longitude`, `latitude`, `feature_class`, `feature_code`, `subadmin1_code`, `subadmin2_code`, `population`, `time_zone`, `active`, `created_at`, `updated_at`) VALUES ('GR','{\"en\":\"Néa Artáki\"}',23.63,38.52,'P','PPL','GR.ESYE24','GR.ESYE24.34',9489,'Europe/Athens',1,'2015-12-05 23:00:00','2015-12-05 23:00:00');
INSERT INTO `__PREFIX__cities` (`country_code`, `name`, `longitude`, `latitude`, `feature_class`, `feature_code`, `subadmin1_code`, `subadmin2_code`, `population`, `time_zone`, `active`, `created_at`, `updated_at`) VALUES ('GR','{\"en\":\"Néa Anchiálos\"}',22.82,39.28,'P','PPL','GR.ESYE14','GR.ESYE14.24',5908,'Europe/Athens',1,'2015-03-07 23:00:00','2015-03-07 23:00:00');
INSERT INTO `__PREFIX__cities` (`country_code`, `name`, `longitude`, `latitude`, `feature_class`, `feature_code`, `subadmin1_code`, `subadmin2_code`, `population`, `time_zone`, `active`, `created_at`, `updated_at`) VALUES ('GR','{\"en\":\"Néa Alikarnassós\"}',25.16,35.34,'P','PPL','GR.ESYE43','GR.ESYE43.45',12925,'Europe/Athens',1,'2020-04-15 23:00:00','2020-04-15 23:00:00');
INSERT INTO `__PREFIX__cities` (`country_code`, `name`, `longitude`, `latitude`, `feature_class`, `feature_code`, `subadmin1_code`, `subadmin2_code`, `population`, `time_zone`, `active`, `created_at`, `updated_at`) VALUES ('GR','{\"en\":\"Náxos\"}',25.38,37.11,'P','PPLA3','GR.ESYE42','GR.ESYE42.49',7070,'Europe/Athens',1,'2016-01-04 23:00:00','2016-01-04 23:00:00');
INSERT INTO `__PREFIX__cities` (`country_code`, `name`, `longitude`, `latitude`, `feature_class`, `feature_code`, `subadmin1_code`, `subadmin2_code`, `population`, `time_zone`, `active`, `created_at`, `updated_at`) VALUES ('GR','{\"en\":\"Náfplio\"}',22.81,37.57,'P','PPLA2','GR.ESYE25','GR.ESYE25.36',14582,'Europe/Athens',1,'2020-06-09 23:00:00','2020-06-09 23:00:00');
INSERT INTO `__PREFIX__cities` (`country_code`, `name`, `longitude`, `latitude`, `feature_class`, `feature_code`, `subadmin1_code`, `subadmin2_code`, `population`, `time_zone`, `active`, `created_at`, `updated_at`) VALUES ('GR','{\"en\":\"Náfpaktos\"}',21.83,38.39,'P','PPLA3','GR.ESYE23','GR.ESYE23.31',13415,'Europe/Athens',1,'2019-09-04 23:00:00','2019-09-04 23:00:00');
INSERT INTO `__PREFIX__cities` (`country_code`, `name`, `longitude`, `latitude`, `feature_class`, `feature_code`, `subadmin1_code`, `subadmin2_code`, `population`, `time_zone`, `active`, `created_at`, `updated_at`) VALUES ('GR','{\"en\":\"Mourniés\"}',24.01,35.48,'P','PPL','GR.ESYE43','GR.ESYE43.43',5318,'Europe/Athens',1,'2012-12-04 23:00:00','2012-12-04 23:00:00');
INSERT INTO `__PREFIX__cities` (`country_code`, `name`, `longitude`, `latitude`, `feature_class`, `feature_code`, `subadmin1_code`, `subadmin2_code`, `population`, `time_zone`, `active`, `created_at`, `updated_at`) VALUES ('GR','{\"en\":\"Moskháton\"}',23.68,37.95,'P','PPLA3','GR.ESYE31','GR.ESYE31.99',25441,'Europe/Athens',1,'2019-10-22 23:00:00','2019-10-22 23:00:00');
INSERT INTO `__PREFIX__cities` (`country_code`, `name`, `longitude`, `latitude`, `feature_class`, `feature_code`, `subadmin1_code`, `subadmin2_code`, `population`, `time_zone`, `active`, `created_at`, `updated_at`) VALUES ('GR','{\"en\":\"Moíres\"}',24.87,35.05,'P','PPLA3','GR.ESYE43','GR.ESYE43.45',6379,'Europe/Athens',1,'2015-11-24 23:00:00','2015-11-24 23:00:00');
INSERT INTO `__PREFIX__cities` (`country_code`, `name`, `longitude`, `latitude`, `feature_class`, `feature_code`, `subadmin1_code`, `subadmin2_code`, `population`, `time_zone`, `active`, `created_at`, `updated_at`) VALUES ('GR','{\"en\":\"Mytilene\"}',26.56,39.11,'P','PPLA','GR.ESYE41','GR.ESYE41.51',28322,'Europe/Athens',1,'2016-12-18 23:00:00','2016-12-18 23:00:00');
INSERT INTO `__PREFIX__cities` (`country_code`, `name`, `longitude`, `latitude`, `feature_class`, `feature_code`, `subadmin1_code`, `subadmin2_code`, `population`, `time_zone`, `active`, `created_at`, `updated_at`) VALUES ('GR','{\"en\":\"Mýrina\"}',25.06,39.87,'P','PPLA3','GR.ESYE41','GR.ESYE41.51',5406,'Europe/Athens',1,'2021-11-09 23:00:00','2021-11-09 23:00:00');
INSERT INTO `__PREFIX__cities` (`country_code`, `name`, `longitude`, `latitude`, `feature_class`, `feature_code`, `subadmin1_code`, `subadmin2_code`, `population`, `time_zone`, `active`, `created_at`, `updated_at`) VALUES ('GR','{\"en\":\"Messíni\"}',22.01,37.05,'P','PPLA3','GR.ESYE25','GR.ESYE25.40',6773,'Europe/Athens',1,'2012-05-08 23:00:00','2012-05-08 23:00:00');
INSERT INTO `__PREFIX__cities` (`country_code`, `name`, `longitude`, `latitude`, `feature_class`, `feature_code`, `subadmin1_code`, `subadmin2_code`, `population`, `time_zone`, `active`, `created_at`, `updated_at`) VALUES ('GR','{\"en\":\"Mesolóngi\"}',21.43,38.37,'P','PPLA2','GR.ESYE23','GR.ESYE23.31',12785,'Europe/Athens',1,'2020-06-09 23:00:00','2020-06-09 23:00:00');
INSERT INTO `__PREFIX__cities` (`country_code`, `name`, `longitude`, `latitude`, `feature_class`, `feature_code`, `subadmin1_code`, `subadmin2_code`, `population`, `time_zone`, `active`, `created_at`, `updated_at`) VALUES ('GR','{\"en\":\"Melíssia\"}',23.83,38.05,'P','PPLA3','GR.ESYE31','GR.ESYE31.99',22741,'Europe/Athens',1,'2019-10-22 23:00:00','2019-10-22 23:00:00');
INSERT INTO `__PREFIX__cities` (`country_code`, `name`, `longitude`, `latitude`, `feature_class`, `feature_code`, `subadmin1_code`, `subadmin2_code`, `population`, `time_zone`, `active`, `created_at`, `updated_at`) VALUES ('GR','{\"en\":\"Mégara\"}',23.34,37.99,'P','PPLA3','GR.ESYE31','GR.ESYE31.35',23456,'Europe/Athens',1,'2019-10-22 23:00:00','2019-10-22 23:00:00');
INSERT INTO `__PREFIX__cities` (`country_code`, `name`, `longitude`, `latitude`, `feature_class`, `feature_code`, `subadmin1_code`, `subadmin2_code`, `population`, `time_zone`, `active`, `created_at`, `updated_at`) VALUES ('GR','{\"en\":\"Megalópoli\"}',22.14,37.40,'P','PPLA3','GR.ESYE25','GR.ESYE25.41',5283,'Europe/Athens',1,'2019-03-06 23:00:00','2019-03-06 23:00:00');
INSERT INTO `__PREFIX__cities` (`country_code`, `name`, `longitude`, `latitude`, `feature_class`, `feature_code`, `subadmin1_code`, `subadmin2_code`, `population`, `time_zone`, `active`, `created_at`, `updated_at`) VALUES ('GR','{\"en\":\"Markópoulo\"}',23.93,37.88,'P','PPLA3','GR.ESYE31','GR.ESYE31.98',9513,'Europe/Athens',1,'2019-10-22 23:00:00','2019-10-22 23:00:00');
INSERT INTO `__PREFIX__cities` (`country_code`, `name`, `longitude`, `latitude`, `feature_class`, `feature_code`, `subadmin1_code`, `subadmin2_code`, `population`, `time_zone`, `active`, `created_at`, `updated_at`) VALUES ('GR','{\"en\":\"Marathónas\"}',23.96,38.15,'P','PPLA3','GR.ESYE31','GR.ESYE31.98',7170,'Europe/Athens',1,'2019-10-22 23:00:00','2019-10-22 23:00:00');
INSERT INTO `__PREFIX__cities` (`country_code`, `name`, `longitude`, `latitude`, `feature_class`, `feature_code`, `subadmin1_code`, `subadmin2_code`, `population`, `time_zone`, `active`, `created_at`, `updated_at`) VALUES ('GR','{\"en\":\"Mándra\"}',23.50,38.07,'P','PPLA3','GR.ESYE31','GR.ESYE31.35',11327,'Europe/Athens',1,'2019-10-22 23:00:00','2019-10-22 23:00:00');
INSERT INTO `__PREFIX__cities` (`country_code`, `name`, `longitude`, `latitude`, `feature_class`, `feature_code`, `subadmin1_code`, `subadmin2_code`, `population`, `time_zone`, `active`, `created_at`, `updated_at`) VALUES ('GR','{\"en\":\"Artémida\"}',24.00,37.97,'P','PPL','GR.ESYE31','GR.ESYE31.98',21488,'Europe/Athens',1,'2019-10-22 23:00:00','2019-10-22 23:00:00');
INSERT INTO `__PREFIX__cities` (`country_code`, `name`, `longitude`, `latitude`, `feature_class`, `feature_code`, `subadmin1_code`, `subadmin2_code`, `population`, `time_zone`, `active`, `created_at`, `updated_at`) VALUES ('GR','{\"en\":\"Loutráki\"}',22.98,37.98,'P','PPLA3','GR.ESYE25','GR.ESYE25.37',11564,'Europe/Athens',1,'2014-08-24 23:00:00','2014-08-24 23:00:00');
INSERT INTO `__PREFIX__cities` (`country_code`, `name`, `longitude`, `latitude`, `feature_class`, `feature_code`, `subadmin1_code`, `subadmin2_code`, `population`, `time_zone`, `active`, `created_at`, `updated_at`) VALUES ('GR','{\"en\":\"Limín Mesoyaías\"}',24.00,37.89,'P','PPL','GR.ESYE31','GR.ESYE31.98',9686,'Europe/Athens',1,'2019-10-22 23:00:00','2019-10-22 23:00:00');
INSERT INTO `__PREFIX__cities` (`country_code`, `name`, `longitude`, `latitude`, `feature_class`, `feature_code`, `subadmin1_code`, `subadmin2_code`, `population`, `time_zone`, `active`, `created_at`, `updated_at`) VALUES ('GR','{\"en\":\"Lykóvrysi\"}',23.78,38.07,'P','PPL','GR.ESYE31','GR.ESYE31.99',9650,'Europe/Athens',1,'2020-06-09 23:00:00','2020-06-09 23:00:00');
INSERT INTO `__PREFIX__cities` (`country_code`, `name`, `longitude`, `latitude`, `feature_class`, `feature_code`, `subadmin1_code`, `subadmin2_code`, `population`, `time_zone`, `active`, `created_at`, `updated_at`) VALUES ('GR','{\"en\":\"Lefkáda\"}',20.70,38.83,'P','PPLA2','GR.ESYE22','GR.ESYE22.26',8673,'Europe/Athens',1,'2019-09-04 23:00:00','2019-09-04 23:00:00');
INSERT INTO `__PREFIX__cities` (`country_code`, `name`, `longitude`, `latitude`, `feature_class`, `feature_code`, `subadmin1_code`, `subadmin2_code`, `population`, `time_zone`, `active`, `created_at`, `updated_at`) VALUES ('GR','{\"en\":\"Livadeiá\"}',22.88,38.44,'P','PPLA2','GR.ESYE24','GR.ESYE24.33',21492,'Europe/Athens',1,'2015-11-07 23:00:00','2015-11-07 23:00:00');
INSERT INTO `__PREFIX__cities` (`country_code`, `name`, `longitude`, `latitude`, `feature_class`, `feature_code`, `subadmin1_code`, `subadmin2_code`, `population`, `time_zone`, `active`, `created_at`, `updated_at`) VALUES ('GR','{\"en\":\"Leondárion\"}',23.86,37.99,'P','PPL','GR.ESYE31','GR.ESYE31.98',5929,'Europe/Athens',1,'2019-10-22 23:00:00','2019-10-22 23:00:00');
INSERT INTO `__PREFIX__cities` (`country_code`, `name`, `longitude`, `latitude`, `feature_class`, `feature_code`, `subadmin1_code`, `subadmin2_code`, `population`, `time_zone`, `active`, `created_at`, `updated_at`) VALUES ('GR','{\"en\":\"Lávrio\"}',24.06,37.71,'P','PPLA3','GR.ESYE31','GR.ESYE31.98',7078,'Europe/Athens',1,'2019-10-22 23:00:00','2019-10-22 23:00:00');
INSERT INTO `__PREFIX__cities` (`country_code`, `name`, `longitude`, `latitude`, `feature_class`, `feature_code`, `subadmin1_code`, `subadmin2_code`, `population`, `time_zone`, `active`, `created_at`, `updated_at`) VALUES ('GR','{\"en\":\"Lárisa\"}',22.42,39.64,'P','PPLA','GR.ESYE14','GR.ESYE14.21',144651,'Europe/Athens',1,'2015-10-21 23:00:00','2015-10-21 23:00:00');
INSERT INTO `__PREFIX__cities` (`country_code`, `name`, `longitude`, `latitude`, `feature_class`, `feature_code`, `subadmin1_code`, `subadmin2_code`, `population`, `time_zone`, `active`, `created_at`, `updated_at`) VALUES ('GR','{\"en\":\"Lamía\"}',22.43,38.90,'P','PPLA','GR.ESYE24','GR.ESYE24.29',52006,'Europe/Athens',1,'2014-09-10 23:00:00','2014-09-10 23:00:00');
INSERT INTO `__PREFIX__cities` (`country_code`, `name`, `longitude`, `latitude`, `feature_class`, `feature_code`, `subadmin1_code`, `subadmin2_code`, `population`, `time_zone`, `active`, `created_at`, `updated_at`) VALUES ('GR','{\"en\":\"Kryonéri\"}',23.83,38.14,'P','PPL','GR.ESYE31','GR.ESYE31.98',5040,'Europe/Athens',1,'2019-10-22 23:00:00','2019-10-22 23:00:00');
INSERT INTO `__PREFIX__cities` (`country_code`, `name`, `longitude`, `latitude`, `feature_class`, `feature_code`, `subadmin1_code`, `subadmin2_code`, `population`, `time_zone`, `active`, `created_at`, `updated_at`) VALUES ('GR','{\"en\":\"Metamórfosi\"}',23.76,38.07,'P','PPLA3','GR.ESYE31','GR.ESYE31.99',29891,'Europe/Athens',1,'2019-10-22 23:00:00','2019-10-22 23:00:00');
INSERT INTO `__PREFIX__cities` (`country_code`, `name`, `longitude`, `latitude`, `feature_class`, `feature_code`, `subadmin1_code`, `subadmin2_code`, `population`, `time_zone`, `active`, `created_at`, `updated_at`) VALUES ('GR','{\"en\":\"Kos\"}',27.29,36.89,'P','PPLA3','GR.ESYE42','GR.ESYE42.47',19244,'Europe/Athens',1,'2019-01-31 23:00:00','2019-01-31 23:00:00');
INSERT INTO `__PREFIX__cities` (`country_code`, `name`, `longitude`, `latitude`, `feature_class`, `feature_code`, `subadmin1_code`, `subadmin2_code`, `population`, `time_zone`, `active`, `created_at`, `updated_at`) VALUES ('GR','{\"en\":\"Koropí\"}',23.87,37.90,'P','PPLA3','GR.ESYE31','GR.ESYE31.98',19164,'Europe/Athens',1,'2019-10-22 23:00:00','2019-10-22 23:00:00');
INSERT INTO `__PREFIX__cities` (`country_code`, `name`, `longitude`, `latitude`, `feature_class`, `feature_code`, `subadmin1_code`, `subadmin2_code`, `population`, `time_zone`, `active`, `created_at`, `updated_at`) VALUES ('GR','{\"en\":\"Kórinthos\"}',22.95,37.94,'P','PPLA2','GR.ESYE25','GR.ESYE25.37',30176,'Europe/Athens',1,'2016-06-20 23:00:00','2016-06-20 23:00:00');
INSERT INTO `__PREFIX__cities` (`country_code`, `name`, `longitude`, `latitude`, `feature_class`, `feature_code`, `subadmin1_code`, `subadmin2_code`, `population`, `time_zone`, `active`, `created_at`, `updated_at`) VALUES ('GR','{\"en\":\"Kyparissía\"}',21.67,37.25,'P','PPLA3','GR.ESYE25','GR.ESYE25.40',5033,'Europe/Athens',1,'2012-05-08 23:00:00','2012-05-08 23:00:00');
INSERT INTO `__PREFIX__cities` (`country_code`, `name`, `longitude`, `latitude`, `feature_class`, `feature_code`, `subadmin1_code`, `subadmin2_code`, `population`, `time_zone`, `active`, `created_at`, `updated_at`) VALUES ('GR','{\"en\":\"Kifisiá\"}',23.81,38.07,'P','PPLA3','GR.ESYE31','GR.ESYE31.99',47332,'Europe/Athens',1,'2019-10-22 23:00:00','2019-10-22 23:00:00');
INSERT INTO `__PREFIX__cities` (`country_code`, `name`, `longitude`, `latitude`, `feature_class`, `feature_code`, `subadmin1_code`, `subadmin2_code`, `population`, `time_zone`, `active`, `created_at`, `updated_at`) VALUES ('GR','{\"en\":\"Kiáto\"}',22.75,38.01,'P','PPLA3','GR.ESYE25','GR.ESYE25.37',9812,'Europe/Athens',1,'2014-08-25 23:00:00','2014-08-25 23:00:00');
INSERT INTO `__PREFIX__cities` (`country_code`, `name`, `longitude`, `latitude`, `feature_class`, `feature_code`, `subadmin1_code`, `subadmin2_code`, `population`, `time_zone`, `active`, `created_at`, `updated_at`) VALUES ('GR','{\"en\":\"Cholargós\"}',23.80,38.00,'P','PPLA3','GR.ESYE31','GR.ESYE31.99',30840,'Europe/Athens',1,'2019-10-22 23:00:00','2019-10-22 23:00:00');
INSERT INTO `__PREFIX__cities` (`country_code`, `name`, `longitude`, `latitude`, `feature_class`, `feature_code`, `subadmin1_code`, `subadmin2_code`, `population`, `time_zone`, `active`, `created_at`, `updated_at`) VALUES ('GR','{\"en\":\"Chios\"}',26.14,38.37,'P','PPLA2','GR.ESYE41','GR.ESYE41.50',23953,'Europe/Athens',1,'2019-01-21 23:00:00','2019-01-21 23:00:00');
INSERT INTO `__PREFIX__cities` (`country_code`, `name`, `longitude`, `latitude`, `feature_class`, `feature_code`, `subadmin1_code`, `subadmin2_code`, `population`, `time_zone`, `active`, `created_at`, `updated_at`) VALUES ('GR','{\"en\":\"Chaniá\"}',24.03,35.51,'P','PPLA2','GR.ESYE43','GR.ESYE43.43',53910,'Europe/Athens',1,'2020-06-09 23:00:00','2020-06-09 23:00:00');
INSERT INTO `__PREFIX__cities` (`country_code`, `name`, `longitude`, `latitude`, `feature_class`, `feature_code`, `subadmin1_code`, `subadmin2_code`, `population`, `time_zone`, `active`, `created_at`, `updated_at`) VALUES ('GR','{\"en\":\"Chalkída\"}',23.60,38.46,'P','PPLA2','GR.ESYE24','GR.ESYE24.34',59125,'Europe/Athens',1,'2016-12-14 23:00:00','2016-12-14 23:00:00');
INSERT INTO `__PREFIX__cities` (`country_code`, `name`, `longitude`, `latitude`, `feature_class`, `feature_code`, `subadmin1_code`, `subadmin2_code`, `population`, `time_zone`, `active`, `created_at`, `updated_at`) VALUES ('GR','{\"en\":\"Khalándrion\"}',23.80,38.02,'P','PPLA3','GR.ESYE31','GR.ESYE31.99',74192,'Europe/Athens',1,'2019-10-22 23:00:00','2019-10-22 23:00:00');
INSERT INTO `__PREFIX__cities` (`country_code`, `name`, `longitude`, `latitude`, `feature_class`, `feature_code`, `subadmin1_code`, `subadmin2_code`, `population`, `time_zone`, `active`, `created_at`, `updated_at`) VALUES ('GR','{\"en\":\"Chaïdári\"}',23.67,38.01,'P','PPLA3','GR.ESYE31','GR.ESYE31.99',45642,'Europe/Athens',1,'2019-10-22 23:00:00','2019-10-22 23:00:00');
INSERT INTO `__PREFIX__cities` (`country_code`, `name`, `longitude`, `latitude`, `feature_class`, `feature_code`, `subadmin1_code`, `subadmin2_code`, `population`, `time_zone`, `active`, `created_at`, `updated_at`) VALUES ('GR','{\"en\":\"Keratsíni\"}',23.62,37.96,'P','PPLA3','GR.ESYE31','GR.ESYE31.96',77077,'Europe/Athens',1,'2019-10-22 23:00:00','2019-10-22 23:00:00');
INSERT INTO `__PREFIX__cities` (`country_code`, `name`, `longitude`, `latitude`, `feature_class`, `feature_code`, `subadmin1_code`, `subadmin2_code`, `population`, `time_zone`, `active`, `created_at`, `updated_at`) VALUES ('GR','{\"en\":\"Keratéa\"}',23.98,37.81,'P','PPL','GR.ESYE31','GR.ESYE31.98',7493,'Europe/Athens',1,'2019-10-22 23:00:00','2019-10-22 23:00:00');
INSERT INTO `__PREFIX__cities` (`country_code`, `name`, `longitude`, `latitude`, `feature_class`, `feature_code`, `subadmin1_code`, `subadmin2_code`, `population`, `time_zone`, `active`, `created_at`, `updated_at`) VALUES ('GR','{\"en\":\"Káto Achaḯa\"}',21.55,38.15,'P','PPLA3','GR.ESYE23','GR.ESYE23.38',5752,'Europe/Athens',1,'2019-09-08 23:00:00','2019-09-08 23:00:00');
INSERT INTO `__PREFIX__cities` (`country_code`, `name`, `longitude`, `latitude`, `feature_class`, `feature_code`, `subadmin1_code`, `subadmin2_code`, `population`, `time_zone`, `active`, `created_at`, `updated_at`) VALUES ('GR','{\"en\":\"Karpenísi\"}',21.80,38.91,'P','PPLA2','GR.ESYE24','GR.ESYE24.30',6888,'Europe/Athens',1,'2019-03-10 23:00:00','2019-03-10 23:00:00');
INSERT INTO `__PREFIX__cities` (`country_code`, `name`, `longitude`, `latitude`, `feature_class`, `feature_code`, `subadmin1_code`, `subadmin2_code`, `population`, `time_zone`, `active`, `created_at`, `updated_at`) VALUES ('GR','{\"en\":\"Kárystos\"}',24.42,38.01,'P','PPLA3','GR.ESYE24','GR.ESYE24.34',5091,'Europe/Athens',1,'2012-03-03 23:00:00','2012-03-03 23:00:00');
INSERT INTO `__PREFIX__cities` (`country_code`, `name`, `longitude`, `latitude`, `feature_class`, `feature_code`, `subadmin1_code`, `subadmin2_code`, `population`, `time_zone`, `active`, `created_at`, `updated_at`) VALUES ('GR','{\"en\":\"Kardítsa\"}',21.92,39.36,'P','PPLA2','GR.ESYE14','GR.ESYE14.23',32789,'Europe/Athens',1,'2015-02-06 23:00:00','2015-02-06 23:00:00');
INSERT INTO `__PREFIX__cities` (`country_code`, `name`, `longitude`, `latitude`, `feature_class`, `feature_code`, `subadmin1_code`, `subadmin2_code`, `population`, `time_zone`, `active`, `created_at`, `updated_at`) VALUES ('GR','{\"en\":\"Kamaterón\"}',23.71,38.06,'P','PPL','GR.ESYE31','GR.ESYE31.99',28361,'Europe/Athens',1,'2019-10-22 23:00:00','2019-10-22 23:00:00');
INSERT INTO `__PREFIX__cities` (`country_code`, `name`, `longitude`, `latitude`, `feature_class`, `feature_code`, `subadmin1_code`, `subadmin2_code`, `population`, `time_zone`, `active`, `created_at`, `updated_at`) VALUES ('GR','{\"en\":\"Kallithéa\"}',23.70,37.95,'P','PPLA3','GR.ESYE31','GR.ESYE31.99',100641,'Europe/Athens',1,'2021-08-28 23:00:00','2021-08-28 23:00:00');
INSERT INTO `__PREFIX__cities` (`country_code`, `name`, `longitude`, `latitude`, `feature_class`, `feature_code`, `subadmin1_code`, `subadmin2_code`, `population`, `time_zone`, `active`, `created_at`, `updated_at`) VALUES ('GR','{\"en\":\"Kalývia Thorikoú\"}',23.93,37.84,'P','PPLA3','GR.ESYE31','GR.ESYE31.98',14424,'Europe/Athens',1,'2019-10-22 23:00:00','2019-10-22 23:00:00');
INSERT INTO `__PREFIX__cities` (`country_code`, `name`, `longitude`, `latitude`, `feature_class`, `feature_code`, `subadmin1_code`, `subadmin2_code`, `population`, `time_zone`, `active`, `created_at`, `updated_at`) VALUES ('GR','{\"en\":\"Kálymnos\"}',26.98,36.95,'P','PPLA3','GR.ESYE42','GR.ESYE42.47',12324,'Europe/Athens',1,'2019-01-31 23:00:00','2019-01-31 23:00:00');
INSERT INTO `__PREFIX__cities` (`country_code`, `name`, `longitude`, `latitude`, `feature_class`, `feature_code`, `subadmin1_code`, `subadmin2_code`, `population`, `time_zone`, `active`, `created_at`, `updated_at`) VALUES ('GR','{\"en\":\"Kalampáka\"}',21.63,39.70,'P','PPLA3','GR.ESYE14','GR.ESYE14.22',8138,'Europe/Athens',1,'2019-01-02 23:00:00','2019-01-02 23:00:00');
INSERT INTO `__PREFIX__cities` (`country_code`, `name`, `longitude`, `latitude`, `feature_class`, `feature_code`, `subadmin1_code`, `subadmin2_code`, `population`, `time_zone`, `active`, `created_at`, `updated_at`) VALUES ('GR','{\"en\":\"Kalamata\"}',22.11,37.04,'P','PPLA2','GR.ESYE25','GR.ESYE25.40',54100,'Europe/Athens',1,'2016-12-04 23:00:00','2016-12-04 23:00:00');
INSERT INTO `__PREFIX__cities` (`country_code`, `name`, `longitude`, `latitude`, `feature_class`, `feature_code`, `subadmin1_code`, `subadmin2_code`, `population`, `time_zone`, `active`, `created_at`, `updated_at`) VALUES ('GR','{\"en\":\"Álimos\"}',23.72,37.91,'P','PPLA3','GR.ESYE31','GR.ESYE31.99',41720,'Europe/Athens',1,'2019-10-22 23:00:00','2019-10-22 23:00:00');
INSERT INTO `__PREFIX__cities` (`country_code`, `name`, `longitude`, `latitude`, `feature_class`, `feature_code`, `subadmin1_code`, `subadmin2_code`, `population`, `time_zone`, `active`, `created_at`, `updated_at`) VALUES ('GR','{\"en\":\"Kaisarianí\"}',23.77,37.96,'P','PPLA3','GR.ESYE31','GR.ESYE31.99',26370,'Europe/Athens',1,'2019-10-22 23:00:00','2019-10-22 23:00:00');
INSERT INTO `__PREFIX__cities` (`country_code`, `name`, `longitude`, `latitude`, `feature_class`, `feature_code`, `subadmin1_code`, `subadmin2_code`, `population`, `time_zone`, `active`, `created_at`, `updated_at`) VALUES ('GR','{\"en\":\"Irákleio\"}',23.77,38.05,'P','PPLA3','GR.ESYE31','GR.ESYE31.99',49642,'Europe/Athens',1,'2019-10-22 23:00:00','2019-10-22 23:00:00');
INSERT INTO `__PREFIX__cities` (`country_code`, `name`, `longitude`, `latitude`, `feature_class`, `feature_code`, `subadmin1_code`, `subadmin2_code`, `population`, `time_zone`, `active`, `created_at`, `updated_at`) VALUES ('GR','{\"en\":\"Irákleion\"}',25.14,35.33,'P','PPLA','GR.ESYE43','GR.ESYE43.45',137154,'Europe/Athens',1,'2019-09-08 23:00:00','2019-09-08 23:00:00');
INSERT INTO `__PREFIX__cities` (`country_code`, `name`, `longitude`, `latitude`, `feature_class`, `feature_code`, `subadmin1_code`, `subadmin2_code`, `population`, `time_zone`, `active`, `created_at`, `updated_at`) VALUES ('GR','{\"en\":\"Ioánnina\"}',20.85,39.66,'P','PPLA','GR.ESYE21','GR.ESYE21.17',65574,'Europe/Athens',1,'2020-06-09 23:00:00','2020-06-09 23:00:00');
INSERT INTO `__PREFIX__cities` (`country_code`, `name`, `longitude`, `latitude`, `feature_class`, `feature_code`, `subadmin1_code`, `subadmin2_code`, `population`, `time_zone`, `active`, `created_at`, `updated_at`) VALUES ('GR','{\"en\":\"Igoumenítsa\"}',20.27,39.50,'P','PPLA2','GR.ESYE21','GR.ESYE21.18',9496,'Europe/Athens',1,'2019-03-04 23:00:00','2019-03-04 23:00:00');
INSERT INTO `__PREFIX__cities` (`country_code`, `name`, `longitude`, `latitude`, `feature_class`, `feature_code`, `subadmin1_code`, `subadmin2_code`, `population`, `time_zone`, `active`, `created_at`, `updated_at`) VALUES ('GR','{\"en\":\"Ierápetra\"}',25.74,35.01,'P','PPLA3','GR.ESYE43','GR.ESYE43.46',12355,'Europe/Athens',1,'2019-03-10 23:00:00','2019-03-10 23:00:00');
INSERT INTO `__PREFIX__cities` (`country_code`, `name`, `longitude`, `latitude`, `feature_class`, `feature_code`, `subadmin1_code`, `subadmin2_code`, `population`, `time_zone`, `active`, `created_at`, `updated_at`) VALUES ('GR','{\"en\":\"Glyfáda\"}',23.76,37.86,'P','PPLA3','GR.ESYE31','GR.ESYE31.99',87305,'Europe/Athens',1,'2019-10-22 23:00:00','2019-10-22 23:00:00');
INSERT INTO `__PREFIX__cities` (`country_code`, `name`, `longitude`, `latitude`, `feature_class`, `feature_code`, `subadmin1_code`, `subadmin2_code`, `population`, `time_zone`, `active`, `created_at`, `updated_at`) VALUES ('GR','{\"en\":\"Gázi\"}',25.07,35.33,'P','PPLA3','GR.ESYE43','GR.ESYE43.45',12606,'Europe/Athens',1,'2015-12-30 23:00:00','2015-12-30 23:00:00');
INSERT INTO `__PREFIX__cities` (`country_code`, `name`, `longitude`, `latitude`, `feature_class`, `feature_code`, `subadmin1_code`, `subadmin2_code`, `population`, `time_zone`, `active`, `created_at`, `updated_at`) VALUES ('GR','{\"en\":\"Gastoúni\"}',21.25,37.85,'P','PPLA3','GR.ESYE23','GR.ESYE23.39',8114,'Europe/Athens',1,'2012-03-03 23:00:00','2012-03-03 23:00:00');
INSERT INTO `__PREFIX__cities` (`country_code`, `name`, `longitude`, `latitude`, `feature_class`, `feature_code`, `subadmin1_code`, `subadmin2_code`, `population`, `time_zone`, `active`, `created_at`, `updated_at`) VALUES ('GR','{\"en\":\"Gargaliánoi\"}',21.64,37.07,'P','PPL','GR.ESYE25','GR.ESYE25.40',6282,'Europe/Athens',1,'2020-06-09 23:00:00','2020-06-09 23:00:00');
INSERT INTO `__PREFIX__cities` (`country_code`, `name`, `longitude`, `latitude`, `feature_class`, `feature_code`, `subadmin1_code`, `subadmin2_code`, `population`, `time_zone`, `active`, `created_at`, `updated_at`) VALUES ('GR','{\"en\":\"Galátsi\"}',23.75,38.02,'P','PPLA3','GR.ESYE31','GR.ESYE31.99',59345,'Europe/Athens',1,'2019-10-22 23:00:00','2019-10-22 23:00:00');
INSERT INTO `__PREFIX__cities` (`country_code`, `name`, `longitude`, `latitude`, `feature_class`, `feature_code`, `subadmin1_code`, `subadmin2_code`, `population`, `time_zone`, `active`, `created_at`, `updated_at`) VALUES ('GR','{\"en\":\"Filothéi\"}',23.78,38.03,'P','PPL','GR.ESYE31','GR.ESYE31.99',7302,'Europe/Athens',1,'2019-10-22 23:00:00','2019-10-22 23:00:00');
INSERT INTO `__PREFIX__cities` (`country_code`, `name`, `longitude`, `latitude`, `feature_class`, `feature_code`, `subadmin1_code`, `subadmin2_code`, `population`, `time_zone`, `active`, `created_at`, `updated_at`) VALUES ('GR','{\"en\":\"Filiatrá\"}',21.59,37.16,'P','PPL','GR.ESYE25','GR.ESYE25.40',6970,'Europe/Athens',1,'2020-06-09 23:00:00','2020-06-09 23:00:00');
INSERT INTO `__PREFIX__cities` (`country_code`, `name`, `longitude`, `latitude`, `feature_class`, `feature_code`, `subadmin1_code`, `subadmin2_code`, `population`, `time_zone`, `active`, `created_at`, `updated_at`) VALUES ('GR','{\"en\":\"Fársala\"}',22.38,39.29,'P','PPLA3','GR.ESYE14','GR.ESYE14.21',10380,'Europe/Athens',1,'2012-05-08 23:00:00','2012-05-08 23:00:00');
INSERT INTO `__PREFIX__cities` (`country_code`, `name`, `longitude`, `latitude`, `feature_class`, `feature_code`, `subadmin1_code`, `subadmin2_code`, `population`, `time_zone`, `active`, `created_at`, `updated_at`) VALUES ('GR','{\"en\":\"Ermoúpolis\"}',24.94,37.44,'P','PPLA','GR.ESYE42','GR.ESYE42.49',11351,'Europe/Athens',1,'2019-01-26 23:00:00','2019-01-26 23:00:00');
INSERT INTO `__PREFIX__cities` (`country_code`, `name`, `longitude`, `latitude`, `feature_class`, `feature_code`, `subadmin1_code`, `subadmin2_code`, `population`, `time_zone`, `active`, `created_at`, `updated_at`) VALUES ('GR','{\"en\":\"Ellinikó\"}',23.74,37.89,'P','PPL','GR.ESYE31','GR.ESYE31.99',17259,'Europe/Athens',1,'2019-10-22 23:00:00','2019-10-22 23:00:00');
INSERT INTO `__PREFIX__cities` (`country_code`, `name`, `longitude`, `latitude`, `feature_class`, `feature_code`, `subadmin1_code`, `subadmin2_code`, `population`, `time_zone`, `active`, `created_at`, `updated_at`) VALUES ('GR','{\"en\":\"Elefsína\"}',23.54,38.04,'P','PPLA3','GR.ESYE31','GR.ESYE31.35',24910,'Europe/Athens',1,'2019-10-22 23:00:00','2019-10-22 23:00:00');
INSERT INTO `__PREFIX__cities` (`country_code`, `name`, `longitude`, `latitude`, `feature_class`, `feature_code`, `subadmin1_code`, `subadmin2_code`, `population`, `time_zone`, `active`, `created_at`, `updated_at`) VALUES ('GR','{\"en\":\"Elassóna\"}',22.19,39.89,'P','PPLA3','GR.ESYE14','GR.ESYE14.21',7060,'Europe/Athens',1,'2012-05-08 23:00:00','2012-05-08 23:00:00');
INSERT INTO `__PREFIX__cities` (`country_code`, `name`, `longitude`, `latitude`, `feature_class`, `feature_code`, `subadmin1_code`, `subadmin2_code`, `population`, `time_zone`, `active`, `created_at`, `updated_at`) VALUES ('GR','{\"en\":\"Ekáli\"}',23.84,38.11,'P','PPL','GR.ESYE31','GR.ESYE31.99',5889,'Europe/Athens',1,'2019-10-22 23:00:00','2019-10-22 23:00:00');
INSERT INTO `__PREFIX__cities` (`country_code`, `name`, `longitude`, `latitude`, `feature_class`, `feature_code`, `subadmin1_code`, `subadmin2_code`, `population`, `time_zone`, `active`, `created_at`, `updated_at`) VALUES ('GR','{\"en\":\"Dhrosiá\"}',23.55,38.48,'P','PPL','GR.ESYE24','GR.ESYE24.34',5020,'Europe/Athens',1,'2015-04-28 23:00:00','2015-04-28 23:00:00');
INSERT INTO `__PREFIX__cities` (`country_code`, `name`, `longitude`, `latitude`, `feature_class`, `feature_code`, `subadmin1_code`, `subadmin2_code`, `population`, `time_zone`, `active`, `created_at`, `updated_at`) VALUES ('GR','{\"en\":\"Drosiá\"}',23.86,38.12,'P','PPL','GR.ESYE31','GR.ESYE31.98',7186,'Europe/Athens',1,'2019-10-22 23:00:00','2019-10-22 23:00:00');
INSERT INTO `__PREFIX__cities` (`country_code`, `name`, `longitude`, `latitude`, `feature_class`, `feature_code`, `subadmin1_code`, `subadmin2_code`, `population`, `time_zone`, `active`, `created_at`, `updated_at`) VALUES ('GR','{\"en\":\"Diónysos\"}',23.88,38.10,'P','PPL','GR.ESYE31','GR.ESYE31.98',5651,'Europe/Athens',1,'2020-06-09 23:00:00','2020-06-09 23:00:00');
INSERT INTO `__PREFIX__cities` (`country_code`, `name`, `longitude`, `latitude`, `feature_class`, `feature_code`, `subadmin1_code`, `subadmin2_code`, `population`, `time_zone`, `active`, `created_at`, `updated_at`) VALUES ('GR','{\"en\":\"Dhafní\"}',23.73,37.95,'P','PPLA3','GR.ESYE31','GR.ESYE31.99',22913,'Europe/Athens',1,'2019-10-22 23:00:00','2019-10-22 23:00:00');
INSERT INTO `__PREFIX__cities` (`country_code`, `name`, `longitude`, `latitude`, `feature_class`, `feature_code`, `subadmin1_code`, `subadmin2_code`, `population`, `time_zone`, `active`, `created_at`, `updated_at`) VALUES ('GR','{\"en\":\"Ágios Stéfanos\"}',23.86,38.15,'P','PPLA3','GR.ESYE31','GR.ESYE31.98',9892,'Europe/Athens',1,'2019-10-22 23:00:00','2019-10-22 23:00:00');
INSERT INTO `__PREFIX__cities` (`country_code`, `name`, `longitude`, `latitude`, `feature_class`, `feature_code`, `subadmin1_code`, `subadmin2_code`, `population`, `time_zone`, `active`, `created_at`, `updated_at`) VALUES ('GR','{\"en\":\"Ágios Nikólaos\"}',25.72,35.19,'P','PPLA2','GR.ESYE43','GR.ESYE43.46',11421,'Europe/Athens',1,'2020-06-09 23:00:00','2020-06-09 23:00:00');
INSERT INTO `__PREFIX__cities` (`country_code`, `name`, `longitude`, `latitude`, `feature_class`, `feature_code`, `subadmin1_code`, `subadmin2_code`, `population`, `time_zone`, `active`, `created_at`, `updated_at`) VALUES ('GR','{\"en\":\"Áyios Konstandínos\"}',21.40,38.63,'P','PPL','GR.ESYE23','GR.ESYE23.31',6534,'Europe/Athens',1,'2014-10-18 23:00:00','2014-10-18 23:00:00');
INSERT INTO `__PREFIX__cities` (`country_code`, `name`, `longitude`, `latitude`, `feature_class`, `feature_code`, `subadmin1_code`, `subadmin2_code`, `population`, `time_zone`, `active`, `created_at`, `updated_at`) VALUES ('GR','{\"en\":\"Agios Dimitrios\"}',23.73,37.93,'P','PPLA3','GR.ESYE31','GR.ESYE31.99',71294,'Europe/Athens',1,'2019-10-22 23:00:00','2019-10-22 23:00:00');
INSERT INTO `__PREFIX__cities` (`country_code`, `name`, `longitude`, `latitude`, `feature_class`, `feature_code`, `subadmin1_code`, `subadmin2_code`, `population`, `time_zone`, `active`, `created_at`, `updated_at`) VALUES ('GR','{\"en\":\"Agía Varvára\"}',23.66,37.99,'P','PPLA3','GR.ESYE31','GR.ESYE31.99',26550,'Europe/Athens',1,'2019-10-22 23:00:00','2019-10-22 23:00:00');
INSERT INTO `__PREFIX__cities` (`country_code`, `name`, `longitude`, `latitude`, `feature_class`, `feature_code`, `subadmin1_code`, `subadmin2_code`, `population`, `time_zone`, `active`, `created_at`, `updated_at`) VALUES ('GR','{\"en\":\"Agía Paraskeví\"}',23.83,38.02,'P','PPLA3','GR.ESYE31','GR.ESYE31.99',59704,'Europe/Athens',1,'2019-10-22 23:00:00','2019-10-22 23:00:00');
INSERT INTO `__PREFIX__cities` (`country_code`, `name`, `longitude`, `latitude`, `feature_class`, `feature_code`, `subadmin1_code`, `subadmin2_code`, `population`, `time_zone`, `active`, `created_at`, `updated_at`) VALUES ('GR','{\"en\":\"Avlónas\"}',23.70,38.25,'P','PPL','GR.ESYE31','GR.ESYE31.98',5744,'Europe/Athens',1,'2019-10-22 23:00:00','2019-10-22 23:00:00');
INSERT INTO `__PREFIX__cities` (`country_code`, `name`, `longitude`, `latitude`, `feature_class`, `feature_code`, `subadmin1_code`, `subadmin2_code`, `population`, `time_zone`, `active`, `created_at`, `updated_at`) VALUES ('GR','{\"en\":\"Athens\"}',23.73,37.98,'P','PPLC','GR.ESYE31','GR.ESYE31.99',664046,'Europe/Athens',1,'2019-10-22 23:00:00','2019-10-22 23:00:00');
INSERT INTO `__PREFIX__cities` (`country_code`, `name`, `longitude`, `latitude`, `feature_class`, `feature_code`, `subadmin1_code`, `subadmin2_code`, `population`, `time_zone`, `active`, `created_at`, `updated_at`) VALUES ('GR','{\"en\":\"Asprópyrgos\"}',23.59,38.06,'P','PPLA3','GR.ESYE31','GR.ESYE31.35',30251,'Europe/Athens',1,'2019-10-22 23:00:00','2019-10-22 23:00:00');
INSERT INTO `__PREFIX__cities` (`country_code`, `name`, `longitude`, `latitude`, `feature_class`, `feature_code`, `subadmin1_code`, `subadmin2_code`, `population`, `time_zone`, `active`, `created_at`, `updated_at`) VALUES ('GR','{\"en\":\"Argyroúpoli\"}',23.75,37.91,'P','PPLA3','GR.ESYE31','GR.ESYE31.99',34097,'Europe/Athens',1,'2019-10-22 23:00:00','2019-10-22 23:00:00');
INSERT INTO `__PREFIX__cities` (`country_code`, `name`, `longitude`, `latitude`, `feature_class`, `feature_code`, `subadmin1_code`, `subadmin2_code`, `population`, `time_zone`, `active`, `created_at`, `updated_at`) VALUES ('GR','{\"en\":\"Árta\"}',20.99,39.16,'P','PPLA2','GR.ESYE21','GR.ESYE21.20',21895,'Europe/Athens',1,'2015-11-07 23:00:00','2015-11-07 23:00:00');
INSERT INTO `__PREFIX__cities` (`country_code`, `name`, `longitude`, `latitude`, `feature_class`, `feature_code`, `subadmin1_code`, `subadmin2_code`, `population`, `time_zone`, `active`, `created_at`, `updated_at`) VALUES ('GR','{\"en\":\"Argostólion\"}',20.49,38.18,'P','PPLA2','GR.ESYE22','GR.ESYE22.27',9820,'Europe/Athens',1,'2019-03-07 23:00:00','2019-03-07 23:00:00');
INSERT INTO `__PREFIX__cities` (`country_code`, `name`, `longitude`, `latitude`, `feature_class`, `feature_code`, `subadmin1_code`, `subadmin2_code`, `population`, `time_zone`, `active`, `created_at`, `updated_at`) VALUES ('GR','{\"en\":\"Árgos\"}',22.73,37.63,'P','PPLA3','GR.ESYE25','GR.ESYE25.36',22209,'Europe/Athens',1,'2014-07-29 23:00:00','2014-07-29 23:00:00');
INSERT INTO `__PREFIX__cities` (`country_code`, `name`, `longitude`, `latitude`, `feature_class`, `feature_code`, `subadmin1_code`, `subadmin2_code`, `population`, `time_zone`, `active`, `created_at`, `updated_at`) VALUES ('GR','{\"en\":\"Áno Liósia\"}',23.70,38.08,'P','PPLA3','GR.ESYE31','GR.ESYE31.35',33565,'Europe/Athens',1,'2019-10-22 23:00:00','2019-10-22 23:00:00');
INSERT INTO `__PREFIX__cities` (`country_code`, `name`, `longitude`, `latitude`, `feature_class`, `feature_code`, `subadmin1_code`, `subadmin2_code`, `population`, `time_zone`, `active`, `created_at`, `updated_at`) VALUES ('GR','{\"en\":\"Anoixi\"}',23.86,38.13,'P','PPL','GR.ESYE31','GR.ESYE31.98',6510,'Europe/Athens',1,'2019-10-22 23:00:00','2019-10-22 23:00:00');
INSERT INTO `__PREFIX__cities` (`country_code`, `name`, `longitude`, `latitude`, `feature_class`, `feature_code`, `subadmin1_code`, `subadmin2_code`, `population`, `time_zone`, `active`, `created_at`, `updated_at`) VALUES ('GR','{\"en\":\"Anávyssos\"}',23.94,37.73,'P','PPL','GR.ESYE31','GR.ESYE31.98',6202,'Europe/Athens',1,'2019-10-22 23:00:00','2019-10-22 23:00:00');
INSERT INTO `__PREFIX__cities` (`country_code`, `name`, `longitude`, `latitude`, `feature_class`, `feature_code`, `subadmin1_code`, `subadmin2_code`, `population`, `time_zone`, `active`, `created_at`, `updated_at`) VALUES ('GR','{\"en\":\"Anatolí\"}',20.87,39.64,'P','PPL','GR.ESYE21','GR.ESYE21.17',9798,'Europe/Athens',1,'2015-03-28 23:00:00','2015-03-28 23:00:00');
INSERT INTO `__PREFIX__cities` (`country_code`, `name`, `longitude`, `latitude`, `feature_class`, `feature_code`, `subadmin1_code`, `subadmin2_code`, `population`, `time_zone`, `active`, `created_at`, `updated_at`) VALUES ('GR','{\"en\":\"Ámfissa\"}',22.38,38.53,'P','PPLA2','GR.ESYE24','GR.ESYE24.32',6854,'Europe/Athens',1,'2015-11-07 23:00:00','2015-11-07 23:00:00');
INSERT INTO `__PREFIX__cities` (`country_code`, `name`, `longitude`, `latitude`, `feature_class`, `feature_code`, `subadmin1_code`, `subadmin2_code`, `population`, `time_zone`, `active`, `created_at`, `updated_at`) VALUES ('GR','{\"en\":\"Ampelóna\"}',22.37,39.74,'P','PPL','GR.ESYE14','GR.ESYE14.21',5961,'Europe/Athens',1,'2015-02-06 23:00:00','2015-02-06 23:00:00');
INSERT INTO `__PREFIX__cities` (`country_code`, `name`, `longitude`, `latitude`, `feature_class`, `feature_code`, `subadmin1_code`, `subadmin2_code`, `population`, `time_zone`, `active`, `created_at`, `updated_at`) VALUES ('GR','{\"en\":\"Maroúsi\"}',23.80,38.05,'P','PPLA3','GR.ESYE31','GR.ESYE31.99',72333,'Europe/Athens',1,'2019-10-22 23:00:00','2019-10-22 23:00:00');
INSERT INTO `__PREFIX__cities` (`country_code`, `name`, `longitude`, `latitude`, `feature_class`, `feature_code`, `subadmin1_code`, `subadmin2_code`, `population`, `time_zone`, `active`, `created_at`, `updated_at`) VALUES ('GR','{\"en\":\"Amaliáda\"}',21.35,37.80,'P','PPLA3','GR.ESYE23','GR.ESYE23.39',16763,'Europe/Athens',1,'2015-09-15 23:00:00','2015-09-15 23:00:00');
INSERT INTO `__PREFIX__cities` (`country_code`, `name`, `longitude`, `latitude`, `feature_class`, `feature_code`, `subadmin1_code`, `subadmin2_code`, `population`, `time_zone`, `active`, `created_at`, `updated_at`) VALUES ('GR','{\"en\":\"Almyrós\"}',22.76,39.18,'P','PPLA3','GR.ESYE14','GR.ESYE14.24',7955,'Europe/Athens',1,'2014-06-23 23:00:00','2014-06-23 23:00:00');
INSERT INTO `__PREFIX__cities` (`country_code`, `name`, `longitude`, `latitude`, `feature_class`, `feature_code`, `subadmin1_code`, `subadmin2_code`, `population`, `time_zone`, `active`, `created_at`, `updated_at`) VALUES ('GR','{\"en\":\"Alivéri\"}',24.03,38.42,'P','PPLA3','GR.ESYE24','GR.ESYE24.34',5184,'Europe/Athens',1,'2012-03-03 23:00:00','2012-03-03 23:00:00');
INSERT INTO `__PREFIX__cities` (`country_code`, `name`, `longitude`, `latitude`, `feature_class`, `feature_code`, `subadmin1_code`, `subadmin2_code`, `population`, `time_zone`, `active`, `created_at`, `updated_at`) VALUES ('GR','{\"en\":\"Acharnés\"}',23.73,38.08,'P','PPLA3','GR.ESYE31','GR.ESYE31.98',99346,'Europe/Athens',1,'2019-10-22 23:00:00','2019-10-22 23:00:00');
INSERT INTO `__PREFIX__cities` (`country_code`, `name`, `longitude`, `latitude`, `feature_class`, `feature_code`, `subadmin1_code`, `subadmin2_code`, `population`, `time_zone`, `active`, `created_at`, `updated_at`) VALUES ('GR','{\"en\":\"Aígio\"}',22.08,38.25,'P','PPLA3','GR.ESYE23','GR.ESYE23.38',20422,'Europe/Athens',1,'2015-04-30 23:00:00','2015-04-30 23:00:00');
INSERT INTO `__PREFIX__cities` (`country_code`, `name`, `longitude`, `latitude`, `feature_class`, `feature_code`, `subadmin1_code`, `subadmin2_code`, `population`, `time_zone`, `active`, `created_at`, `updated_at`) VALUES ('GR','{\"en\":\"Aegina\"}',23.43,37.75,'P','PPLA3','GR.ESYE31','GR.ESYE31.96',6867,'Europe/Athens',1,'2019-10-22 23:00:00','2019-10-22 23:00:00');
INSERT INTO `__PREFIX__cities` (`country_code`, `name`, `longitude`, `latitude`, `feature_class`, `feature_code`, `subadmin1_code`, `subadmin2_code`, `population`, `time_zone`, `active`, `created_at`, `updated_at`) VALUES ('GR','{\"en\":\"Aigáleo\"}',23.68,37.98,'P','PPLA3','GR.ESYE31','GR.ESYE31.99',69946,'Europe/Athens',1,'2019-10-22 23:00:00','2019-10-22 23:00:00');
INSERT INTO `__PREFIX__cities` (`country_code`, `name`, `longitude`, `latitude`, `feature_class`, `feature_code`, `subadmin1_code`, `subadmin2_code`, `population`, `time_zone`, `active`, `created_at`, `updated_at`) VALUES ('GR','{\"en\":\"Agrínio\"}',21.41,38.62,'P','PPLA3','GR.ESYE23','GR.ESYE23.31',46899,'Europe/Athens',1,'2017-01-23 23:00:00','2017-01-23 23:00:00');
INSERT INTO `__PREFIX__cities` (`country_code`, `name`, `longitude`, `latitude`, `feature_class`, `feature_code`, `subadmin1_code`, `subadmin2_code`, `population`, `time_zone`, `active`, `created_at`, `updated_at`) VALUES ('GR','{\"en\":\"Agriá\"}',23.01,39.34,'P','PPL','GR.ESYE14','GR.ESYE14.24',5519,'Europe/Athens',1,'2015-03-07 23:00:00','2015-03-07 23:00:00');
INSERT INTO `__PREFIX__cities` (`country_code`, `name`, `longitude`, `latitude`, `feature_class`, `feature_code`, `subadmin1_code`, `subadmin2_code`, `population`, `time_zone`, `active`, `created_at`, `updated_at`) VALUES ('GR','{\"en\":\"Ródos\"}',28.22,36.44,'P','PPLA2','GR.ESYE42','GR.ESYE42.47',56128,'Europe/Athens',1,'2017-07-13 23:00:00','2017-07-13 23:00:00');
INSERT INTO `__PREFIX__cities` (`country_code`, `name`, `longitude`, `latitude`, `feature_class`, `feature_code`, `subadmin1_code`, `subadmin2_code`, `population`, `time_zone`, `active`, `created_at`, `updated_at`) VALUES ('GR','{\"en\":\"Afántou\"}',28.16,36.29,'P','PPL','GR.ESYE42','GR.ESYE42.47',5562,'Europe/Athens',1,'2021-03-09 23:00:00','2021-03-09 23:00:00');
INSERT INTO `__PREFIX__cities` (`country_code`, `name`, `longitude`, `latitude`, `feature_class`, `feature_code`, `subadmin1_code`, `subadmin2_code`, `population`, `time_zone`, `active`, `created_at`, `updated_at`) VALUES ('GR','{\"en\":\"Archángelos\"}',28.11,36.21,'P','PPL','GR.ESYE42','GR.ESYE42.47',5398,'Europe/Athens',1,'2019-10-23 23:00:00','2019-10-23 23:00:00');
INSERT INTO `__PREFIX__cities` (`country_code`, `name`, `longitude`, `latitude`, `feature_class`, `feature_code`, `subadmin1_code`, `subadmin2_code`, `population`, `time_zone`, `active`, `created_at`, `updated_at`) VALUES ('GR','{\"en\":\"Giannitsá\"}',22.41,40.79,'P','PPLA3','GR.ESYE12','GR.ESYE12.07',27817,'Europe/Athens',1,'2017-12-15 23:00:00','2017-12-15 23:00:00');
INSERT INTO `__PREFIX__cities` (`country_code`, `name`, `longitude`, `latitude`, `feature_class`, `feature_code`, `subadmin1_code`, `subadmin2_code`, `population`, `time_zone`, `active`, `created_at`, `updated_at`) VALUES ('GR','{\"en\":\"Xánthi\"}',24.89,41.13,'P','PPLA2','GR.ESYE11','GR.ESYE11.03',48221,'Europe/Athens',1,'2020-06-09 23:00:00','2020-06-09 23:00:00');
INSERT INTO `__PREFIX__cities` (`country_code`, `name`, `longitude`, `latitude`, `feature_class`, `feature_code`, `subadmin1_code`, `subadmin2_code`, `population`, `time_zone`, `active`, `created_at`, `updated_at`) VALUES ('GR','{\"en\":\"Véroia\"}',22.20,40.52,'P','PPLA2','GR.ESYE12','GR.ESYE12.12',44464,'Europe/Athens',1,'2017-12-09 23:00:00','2017-12-09 23:00:00');
INSERT INTO `__PREFIX__cities` (`country_code`, `name`, `longitude`, `latitude`, `feature_class`, `feature_code`, `subadmin1_code`, `subadmin2_code`, `population`, `time_zone`, `active`, `created_at`, `updated_at`) VALUES ('GR','{\"en\":\"Trílofos\"}',22.97,40.47,'P','PPL','GR.ESYE12','GR.ESYE12.13',7227,'Europe/Athens',1,'2018-02-21 23:00:00','2018-02-21 23:00:00');
INSERT INTO `__PREFIX__cities` (`country_code`, `name`, `longitude`, `latitude`, `feature_class`, `feature_code`, `subadmin1_code`, `subadmin2_code`, `population`, `time_zone`, `active`, `created_at`, `updated_at`) VALUES ('GR','{\"en\":\"Thessaloníki\"}',22.93,40.64,'P','PPLA','GR.ESYE12','GR.ESYE12.13',354290,'Europe/Athens',1,'2021-09-07 23:00:00','2021-09-07 23:00:00');
INSERT INTO `__PREFIX__cities` (`country_code`, `name`, `longitude`, `latitude`, `feature_class`, `feature_code`, `subadmin1_code`, `subadmin2_code`, `population`, `time_zone`, `active`, `created_at`, `updated_at`) VALUES ('GR','{\"en\":\"Thérmi\"}',23.02,40.55,'P','PPLA3','GR.ESYE12','GR.ESYE12.13',14373,'Europe/Athens',1,'2021-11-14 23:00:00','2021-11-14 23:00:00');
INSERT INTO `__PREFIX__cities` (`country_code`, `name`, `longitude`, `latitude`, `feature_class`, `feature_code`, `subadmin1_code`, `subadmin2_code`, `population`, `time_zone`, `active`, `created_at`, `updated_at`) VALUES ('GR','{\"en\":\"Síndos\"}',22.81,40.67,'P','PPLA3','GR.ESYE12','GR.ESYE12.13',8228,'Europe/Athens',1,'2021-11-14 23:00:00','2021-11-14 23:00:00');
INSERT INTO `__PREFIX__cities` (`country_code`, `name`, `longitude`, `latitude`, `feature_class`, `feature_code`, `subadmin1_code`, `subadmin2_code`, `population`, `time_zone`, `active`, `created_at`, `updated_at`) VALUES ('GR','{\"en\":\"Sykiés\"}',22.95,40.65,'P','PPLA3','GR.ESYE12','GR.ESYE12.13',44955,'Europe/Athens',1,'2021-10-25 23:00:00','2021-10-25 23:00:00');
INSERT INTO `__PREFIX__cities` (`country_code`, `name`, `longitude`, `latitude`, `feature_class`, `feature_code`, `subadmin1_code`, `subadmin2_code`, `population`, `time_zone`, `active`, `created_at`, `updated_at`) VALUES ('GR','{\"en\":\"Sidirókastro\"}',23.39,41.23,'P','PPLA3','GR.ESYE12','GR.ESYE12.05',5177,'Europe/Athens',1,'2014-08-23 23:00:00','2014-08-23 23:00:00');
INSERT INTO `__PREFIX__cities` (`country_code`, `name`, `longitude`, `latitude`, `feature_class`, `feature_code`, `subadmin1_code`, `subadmin2_code`, `population`, `time_zone`, `active`, `created_at`, `updated_at`) VALUES ('GR','{\"en\":\"Siátista\"}',21.54,40.26,'P','PPLA3','GR.ESYE13','GR.ESYE13.11',5612,'Europe/Athens',1,'2019-12-06 23:00:00','2019-12-06 23:00:00');
INSERT INTO `__PREFIX__cities` (`country_code`, `name`, `longitude`, `latitude`, `feature_class`, `feature_code`, `subadmin1_code`, `subadmin2_code`, `population`, `time_zone`, `active`, `created_at`, `updated_at`) VALUES ('GR','{\"en\":\"Sérres\"}',23.55,41.08,'P','PPLA2','GR.ESYE12','GR.ESYE12.05',58287,'Europe/Athens',1,'2020-06-09 23:00:00','2020-06-09 23:00:00');
INSERT INTO `__PREFIX__cities` (`country_code`, `name`, `longitude`, `latitude`, `feature_class`, `feature_code`, `subadmin1_code`, `subadmin2_code`, `population`, `time_zone`, `active`, `created_at`, `updated_at`) VALUES ('GR','{\"en\":\"Ptolemaḯda\"}',21.68,40.51,'P','PPLA3','GR.ESYE13','GR.ESYE13.11',30045,'Europe/Athens',1,'2019-04-07 23:00:00','2019-04-07 23:00:00');
INSERT INTO `__PREFIX__cities` (`country_code`, `name`, `longitude`, `latitude`, `feature_class`, `feature_code`, `subadmin1_code`, `subadmin2_code`, `population`, `time_zone`, `active`, `created_at`, `updated_at`) VALUES ('GR','{\"en\":\"Polýgyros\"}',23.44,40.38,'P','PPLA2','GR.ESYE12','GR.ESYE12.15',10000,'Europe/Athens',1,'2014-08-13 23:00:00','2014-08-13 23:00:00');
INSERT INTO `__PREFIX__cities` (`country_code`, `name`, `longitude`, `latitude`, `feature_class`, `feature_code`, `subadmin1_code`, `subadmin2_code`, `population`, `time_zone`, `active`, `created_at`, `updated_at`) VALUES ('GR','{\"en\":\"Políchni\"}',22.95,40.67,'P','PPL','GR.ESYE12','GR.ESYE12.13',39765,'Europe/Athens',1,'2021-11-14 23:00:00','2021-11-14 23:00:00');
INSERT INTO `__PREFIX__cities` (`country_code`, `name`, `longitude`, `latitude`, `feature_class`, `feature_code`, `subadmin1_code`, `subadmin2_code`, `population`, `time_zone`, `active`, `created_at`, `updated_at`) VALUES ('GR','{\"en\":\"Polýkastro\"}',22.57,40.99,'P','PPLA3','GR.ESYE12','GR.ESYE12.06',7064,'Europe/Athens',1,'2019-01-19 23:00:00','2019-01-19 23:00:00');
INSERT INTO `__PREFIX__cities` (`country_code`, `name`, `longitude`, `latitude`, `feature_class`, `feature_code`, `subadmin1_code`, `subadmin2_code`, `population`, `time_zone`, `active`, `created_at`, `updated_at`) VALUES ('GR','{\"en\":\"Plagiári\"}',22.96,40.47,'P','PPL','GR.ESYE12','GR.ESYE12.13',5392,'Europe/Athens',1,'2021-11-17 23:00:00','2021-11-17 23:00:00');
INSERT INTO `__PREFIX__cities` (`country_code`, `name`, `longitude`, `latitude`, `feature_class`, `feature_code`, `subadmin1_code`, `subadmin2_code`, `population`, `time_zone`, `active`, `created_at`, `updated_at`) VALUES ('GR','{\"en\":\"Chalástra\"}',22.73,40.63,'P','PPL','GR.ESYE12','GR.ESYE12.13',7360,'Europe/Athens',1,'2019-12-15 23:00:00','2019-12-15 23:00:00');
INSERT INTO `__PREFIX__cities` (`country_code`, `name`, `longitude`, `latitude`, `feature_class`, `feature_code`, `subadmin1_code`, `subadmin2_code`, `population`, `time_zone`, `active`, `created_at`, `updated_at`) VALUES ('GR','{\"en\":\"Pylaía\"}',22.99,40.60,'P','PPL','GR.ESYE12','GR.ESYE12.13',23494,'Europe/Athens',1,'2021-10-25 23:00:00','2021-10-25 23:00:00');
INSERT INTO `__PREFIX__cities` (`country_code`, `name`, `longitude`, `latitude`, `feature_class`, `feature_code`, `subadmin1_code`, `subadmin2_code`, `population`, `time_zone`, `active`, `created_at`, `updated_at`) VALUES ('GR','{\"en\":\"Peraía\"}',22.93,40.50,'P','PPLA3','GR.ESYE12','GR.ESYE12.13',16067,'Europe/Athens',1,'2012-05-08 23:00:00','2012-05-08 23:00:00');
INSERT INTO `__PREFIX__cities` (`country_code`, `name`, `longitude`, `latitude`, `feature_class`, `feature_code`, `subadmin1_code`, `subadmin2_code`, `population`, `time_zone`, `active`, `created_at`, `updated_at`) VALUES ('GR','{\"en\":\"Panórama\"}',23.03,40.59,'P','PPLA3','GR.ESYE12','GR.ESYE12.13',16551,'Europe/Athens',1,'2012-03-03 23:00:00','2012-03-03 23:00:00');
INSERT INTO `__PREFIX__cities` (`country_code`, `name`, `longitude`, `latitude`, `feature_class`, `feature_code`, `subadmin1_code`, `subadmin2_code`, `population`, `time_zone`, `active`, `created_at`, `updated_at`) VALUES ('GR','{\"en\":\"Orestiáda\"}',26.53,41.50,'P','PPLA3','GR.ESYE11','GR.ESYE11.01',16221,'Europe/Athens',1,'2013-12-19 23:00:00','2013-12-19 23:00:00');
INSERT INTO `__PREFIX__cities` (`country_code`, `name`, `longitude`, `latitude`, `feature_class`, `feature_code`, `subadmin1_code`, `subadmin2_code`, `population`, `time_zone`, `active`, `created_at`, `updated_at`) VALUES ('GR','{\"en\":\"Oraiókastro\"}',22.92,40.73,'P','PPLA3','GR.ESYE12','GR.ESYE12.13',15006,'Europe/Athens',1,'2017-12-13 23:00:00','2017-12-13 23:00:00');
INSERT INTO `__PREFIX__cities` (`country_code`, `name`, `longitude`, `latitude`, `feature_class`, `feature_code`, `subadmin1_code`, `subadmin2_code`, `population`, `time_zone`, `active`, `created_at`, `updated_at`) VALUES ('GR','{\"en\":\"Néoi Epivátes\"}',22.91,40.50,'P','PPL','GR.ESYE12','GR.ESYE12.13',5077,'Europe/Athens',1,'2021-12-15 23:00:00','2021-12-15 23:00:00');
INSERT INTO `__PREFIX__cities` (`country_code`, `name`, `longitude`, `latitude`, `feature_class`, `feature_code`, `subadmin1_code`, `subadmin2_code`, `population`, `time_zone`, `active`, `created_at`, `updated_at`) VALUES ('GR','{\"en\":\"Néa Moudhaniá\"}',23.28,40.24,'P','PPL','GR.ESYE12','GR.ESYE12.15',9342,'Europe/Athens',1,'2019-12-04 23:00:00','2019-12-04 23:00:00');
INSERT INTO `__PREFIX__cities` (`country_code`, `name`, `longitude`, `latitude`, `feature_class`, `feature_code`, `subadmin1_code`, `subadmin2_code`, `population`, `time_zone`, `active`, `created_at`, `updated_at`) VALUES ('GR','{\"en\":\"Néa Michanióna\"}',22.86,40.46,'P','PPL','GR.ESYE12','GR.ESYE12.13',7908,'Europe/Athens',1,'2020-06-09 23:00:00','2020-06-09 23:00:00');
INSERT INTO `__PREFIX__cities` (`country_code`, `name`, `longitude`, `latitude`, `feature_class`, `feature_code`, `subadmin1_code`, `subadmin2_code`, `population`, `time_zone`, `active`, `created_at`, `updated_at`) VALUES ('GR','{\"en\":\"Néa Kallikráteia\"}',23.06,40.31,'P','PPL','GR.ESYE12','GR.ESYE12.15',7238,'Europe/Athens',1,'2019-12-04 23:00:00','2019-12-04 23:00:00');
INSERT INTO `__PREFIX__cities` (`country_code`, `name`, `longitude`, `latitude`, `feature_class`, `feature_code`, `subadmin1_code`, `subadmin2_code`, `population`, `time_zone`, `active`, `created_at`, `updated_at`) VALUES ('GR','{\"en\":\"Náousa\"}',22.07,40.63,'P','PPLA3','GR.ESYE12','GR.ESYE12.12',19887,'Europe/Athens',1,'2012-03-03 23:00:00','2012-03-03 23:00:00');
INSERT INTO `__PREFIX__cities` (`country_code`, `name`, `longitude`, `latitude`, `feature_class`, `feature_code`, `subadmin1_code`, `subadmin2_code`, `population`, `time_zone`, `active`, `created_at`, `updated_at`) VALUES ('GR','{\"en\":\"Meneméni\"}',22.90,40.66,'P','PPL','GR.ESYE12','GR.ESYE12.13',15706,'Europe/Athens',1,'2021-11-14 23:00:00','2021-11-14 23:00:00');
INSERT INTO `__PREFIX__cities` (`country_code`, `name`, `longitude`, `latitude`, `feature_class`, `feature_code`, `subadmin1_code`, `subadmin2_code`, `population`, `time_zone`, `active`, `created_at`, `updated_at`) VALUES ('GR','{\"en\":\"Litóchoro\"}',22.50,40.10,'P','PPLA3','GR.ESYE12','GR.ESYE12.16',6709,'Europe/Athens',1,'2014-01-09 23:00:00','2014-01-09 23:00:00');
INSERT INTO `__PREFIX__cities` (`country_code`, `name`, `longitude`, `latitude`, `feature_class`, `feature_code`, `subadmin1_code`, `subadmin2_code`, `population`, `time_zone`, `active`, `created_at`, `updated_at`) VALUES ('GR','{\"en\":\"Lagkadás\"}',23.07,40.75,'P','PPL','GR.ESYE12','GR.ESYE12.13',7215,'Europe/Athens',1,'2021-08-30 23:00:00','2021-08-30 23:00:00');
INSERT INTO `__PREFIX__cities` (`country_code`, `name`, `longitude`, `latitude`, `feature_class`, `feature_code`, `subadmin1_code`, `subadmin2_code`, `population`, `time_zone`, `active`, `created_at`, `updated_at`) VALUES ('GR','{\"en\":\"Krýa Vrýsi\"}',22.31,40.69,'P','PPL','GR.ESYE12','GR.ESYE12.07',6839,'Europe/Athens',1,'2019-11-17 23:00:00','2019-11-17 23:00:00');
INSERT INTO `__PREFIX__cities` (`country_code`, `name`, `longitude`, `latitude`, `feature_class`, `feature_code`, `subadmin1_code`, `subadmin2_code`, `population`, `time_zone`, `active`, `created_at`, `updated_at`) VALUES ('GR','{\"en\":\"Kozáni\"}',21.79,40.30,'P','PPLA','GR.ESYE13','GR.ESYE13.11',36481,'Europe/Athens',1,'2019-03-14 23:00:00','2019-03-14 23:00:00');
INSERT INTO `__PREFIX__cities` (`country_code`, `name`, `longitude`, `latitude`, `feature_class`, `feature_code`, `subadmin1_code`, `subadmin2_code`, `population`, `time_zone`, `active`, `created_at`, `updated_at`) VALUES ('GR','{\"en\":\"Koufália\"}',22.57,40.78,'P','PPLA3','GR.ESYE12','GR.ESYE12.13',8305,'Europe/Athens',1,'2012-05-08 23:00:00','2012-05-08 23:00:00');
INSERT INTO `__PREFIX__cities` (`country_code`, `name`, `longitude`, `latitude`, `feature_class`, `feature_code`, `subadmin1_code`, `subadmin2_code`, `population`, `time_zone`, `active`, `created_at`, `updated_at`) VALUES ('GR','{\"en\":\"Komotiní\"}',25.41,41.12,'P','PPLA','GR.ESYE11','GR.ESYE11.02',45631,'Europe/Athens',1,'2020-06-09 23:00:00','2020-06-09 23:00:00');
INSERT INTO `__PREFIX__cities` (`country_code`, `name`, `longitude`, `latitude`, `feature_class`, `feature_code`, `subadmin1_code`, `subadmin2_code`, `population`, `time_zone`, `active`, `created_at`, `updated_at`) VALUES ('GR','{\"en\":\"Kilkís\"}',22.87,40.99,'P','PPLA2','GR.ESYE12','GR.ESYE12.06',22914,'Europe/Athens',1,'2019-01-19 23:00:00','2019-01-19 23:00:00');
INSERT INTO `__PREFIX__cities` (`country_code`, `name`, `longitude`, `latitude`, `feature_class`, `feature_code`, `subadmin1_code`, `subadmin2_code`, `population`, `time_zone`, `active`, `created_at`, `updated_at`) VALUES ('GR','{\"en\":\"Chrysoúpolis\"}',24.69,40.99,'P','PPLA3','GR.ESYE11','GR.ESYE11.14',8885,'Europe/Athens',1,'2014-08-16 23:00:00','2014-08-16 23:00:00');
INSERT INTO `__PREFIX__cities` (`country_code`, `name`, `longitude`, `latitude`, `feature_class`, `feature_code`, `subadmin1_code`, `subadmin2_code`, `population`, `time_zone`, `active`, `created_at`, `updated_at`) VALUES ('GR','{\"en\":\"Kavála\"}',24.41,40.94,'P','PPLA2','GR.ESYE11','GR.ESYE11.14',54027,'Europe/Athens',1,'2020-06-09 23:00:00','2020-06-09 23:00:00');
INSERT INTO `__PREFIX__cities` (`country_code`, `name`, `longitude`, `latitude`, `feature_class`, `feature_code`, `subadmin1_code`, `subadmin2_code`, `population`, `time_zone`, `active`, `created_at`, `updated_at`) VALUES ('GR','{\"en\":\"Kateríni\"}',22.51,40.27,'P','PPLA2','GR.ESYE12','GR.ESYE12.16',53293,'Europe/Athens',1,'2020-06-09 23:00:00','2020-06-09 23:00:00');
INSERT INTO `__PREFIX__cities` (`country_code`, `name`, `longitude`, `latitude`, `feature_class`, `feature_code`, `subadmin1_code`, `subadmin2_code`, `population`, `time_zone`, `active`, `created_at`, `updated_at`) VALUES ('GR','{\"en\":\"Kastoria\"}',21.26,40.52,'P','PPLA2','GR.ESYE13','GR.ESYE13.09',13387,'Europe/Athens',1,'2016-10-31 23:00:00','2016-10-31 23:00:00');
INSERT INTO `__PREFIX__cities` (`country_code`, `name`, `longitude`, `latitude`, `feature_class`, `feature_code`, `subadmin1_code`, `subadmin2_code`, `population`, `time_zone`, `active`, `created_at`, `updated_at`) VALUES ('GR','{\"en\":\"Karyes\"}',24.24,40.26,'P','PPLA','GR.736572',NULL,237,'Europe/Athens',1,'2010-12-29 23:00:00','2010-12-29 23:00:00');
INSERT INTO `__PREFIX__cities` (`country_code`, `name`, `longitude`, `latitude`, `feature_class`, `feature_code`, `subadmin1_code`, `subadmin2_code`, `population`, `time_zone`, `active`, `created_at`, `updated_at`) VALUES ('GR','{\"en\":\"Kalamariá\"}',22.95,40.58,'P','PPLA3','GR.ESYE12','GR.ESYE12.13',91617,'Europe/Athens',1,'2021-09-09 23:00:00','2021-09-09 23:00:00');
INSERT INTO `__PREFIX__cities` (`country_code`, `name`, `longitude`, `latitude`, `feature_class`, `feature_code`, `subadmin1_code`, `subadmin2_code`, `population`, `time_zone`, `active`, `created_at`, `updated_at`) VALUES ('GR','{\"en\":\"Grevená\"}',21.43,40.08,'P','PPLA2','GR.ESYE13','GR.ESYE13.10',10563,'Europe/Athens',1,'2012-01-16 23:00:00','2012-01-16 23:00:00');
INSERT INTO `__PREFIX__cities` (`country_code`, `name`, `longitude`, `latitude`, `feature_class`, `feature_code`, `subadmin1_code`, `subadmin2_code`, `population`, `time_zone`, `active`, `created_at`, `updated_at`) VALUES ('GR','{\"en\":\"Flórina\"}',21.41,40.78,'P','PPLA2','GR.ESYE13','GR.ESYE13.08',17686,'Europe/Athens',1,'2015-04-10 23:00:00','2015-04-10 23:00:00');
INSERT INTO `__PREFIX__cities` (`country_code`, `name`, `longitude`, `latitude`, `feature_class`, `feature_code`, `subadmin1_code`, `subadmin2_code`, `population`, `time_zone`, `active`, `created_at`, `updated_at`) VALUES ('GR','{\"en\":\"Féres\"}',26.17,40.89,'P','PPL','GR.ESYE11','GR.ESYE11.01',5403,'Europe/Athens',1,'2020-06-09 23:00:00','2020-06-09 23:00:00');
INSERT INTO `__PREFIX__cities` (`country_code`, `name`, `longitude`, `latitude`, `feature_class`, `feature_code`, `subadmin1_code`, `subadmin2_code`, `population`, `time_zone`, `active`, `created_at`, `updated_at`) VALUES ('GR','{\"en\":\"Epanomí\"}',22.93,40.43,'P','PPL','GR.ESYE12','GR.ESYE12.13',8121,'Europe/Athens',1,'2014-03-07 23:00:00','2014-03-07 23:00:00');
INSERT INTO `__PREFIX__cities` (`country_code`, `name`, `longitude`, `latitude`, `feature_class`, `feature_code`, `subadmin1_code`, `subadmin2_code`, `population`, `time_zone`, `active`, `created_at`, `updated_at`) VALUES ('GR','{\"en\":\"Édessa\"}',22.05,40.80,'P','PPLA2','GR.ESYE12','GR.ESYE12.07',18669,'Europe/Athens',1,'2014-03-07 23:00:00','2014-03-07 23:00:00');
INSERT INTO `__PREFIX__cities` (`country_code`, `name`, `longitude`, `latitude`, `feature_class`, `feature_code`, `subadmin1_code`, `subadmin2_code`, `population`, `time_zone`, `active`, `created_at`, `updated_at`) VALUES ('GR','{\"en\":\"Dráma\"}',24.15,41.15,'P','PPLA2','GR.ESYE11','GR.ESYE11.04',44823,'Europe/Athens',1,'2015-06-24 23:00:00','2015-06-24 23:00:00');
INSERT INTO `__PREFIX__cities` (`country_code`, `name`, `longitude`, `latitude`, `feature_class`, `feature_code`, `subadmin1_code`, `subadmin2_code`, `population`, `time_zone`, `active`, `created_at`, `updated_at`) VALUES ('GR','{\"en\":\"Didymóteicho\"}',26.50,41.35,'P','PPLA3','GR.ESYE11','GR.ESYE11.01',8336,'Europe/Athens',1,'2012-03-03 23:00:00','2012-03-03 23:00:00');
INSERT INTO `__PREFIX__cities` (`country_code`, `name`, `longitude`, `latitude`, `feature_class`, `feature_code`, `subadmin1_code`, `subadmin2_code`, `population`, `time_zone`, `active`, `created_at`, `updated_at`) VALUES ('GR','{\"en\":\"Diavatá\"}',22.86,40.69,'P','PPL','GR.ESYE12','GR.ESYE12.13',10216,'Europe/Athens',1,'2021-12-15 23:00:00','2021-12-15 23:00:00');
INSERT INTO `__PREFIX__cities` (`country_code`, `name`, `longitude`, `latitude`, `feature_class`, `feature_code`, `subadmin1_code`, `subadmin2_code`, `population`, `time_zone`, `active`, `created_at`, `updated_at`) VALUES ('GR','{\"en\":\"Asvestochóri\"}',23.03,40.64,'P','PPL','GR.ESYE12','GR.ESYE12.13',6404,'Europe/Athens',1,'2018-02-21 23:00:00','2018-02-21 23:00:00');
INSERT INTO `__PREFIX__cities` (`country_code`, `name`, `longitude`, `latitude`, `feature_class`, `feature_code`, `subadmin1_code`, `subadmin2_code`, `population`, `time_zone`, `active`, `created_at`, `updated_at`) VALUES ('GR','{\"en\":\"Aridaía\"}',22.06,40.97,'P','PPLA3','GR.ESYE12','GR.ESYE12.07',6561,'Europe/Athens',1,'2017-12-15 23:00:00','2017-12-15 23:00:00');
INSERT INTO `__PREFIX__cities` (`country_code`, `name`, `longitude`, `latitude`, `feature_class`, `feature_code`, `subadmin1_code`, `subadmin2_code`, `population`, `time_zone`, `active`, `created_at`, `updated_at`) VALUES ('GR','{\"en\":\"Argos Orestiko\"}',21.26,40.45,'P','PPLA3','GR.ESYE13','GR.ESYE13.09',7473,'Europe/Athens',1,'2019-04-11 23:00:00','2019-04-11 23:00:00');
INSERT INTO `__PREFIX__cities` (`country_code`, `name`, `longitude`, `latitude`, `feature_class`, `feature_code`, `subadmin1_code`, `subadmin2_code`, `population`, `time_zone`, `active`, `created_at`, `updated_at`) VALUES ('GR','{\"en\":\"Alexandroupoli\"}',25.88,40.85,'P','PPLA2','GR.ESYE11','GR.ESYE11.01',52979,'Europe/Athens',1,'2016-11-16 23:00:00','2016-11-16 23:00:00');
INSERT INTO `__PREFIX__cities` (`country_code`, `name`, `longitude`, `latitude`, `feature_class`, `feature_code`, `subadmin1_code`, `subadmin2_code`, `population`, `time_zone`, `active`, `created_at`, `updated_at`) VALUES ('GR','{\"en\":\"Alexándreia\"}',22.44,40.63,'P','PPLA3','GR.ESYE12','GR.ESYE12.12',13665,'Europe/Athens',1,'2012-03-03 23:00:00','2012-03-03 23:00:00');
INSERT INTO `__PREFIX__cities` (`country_code`, `name`, `longitude`, `latitude`, `feature_class`, `feature_code`, `subadmin1_code`, `subadmin2_code`, `population`, `time_zone`, `active`, `created_at`, `updated_at`) VALUES ('GR','{\"en\":\"Ágios Pávlos\"}',22.96,40.64,'P','PPLX','GR.ESYE12','GR.ESYE12.13',7221,'Europe/Athens',1,'2021-10-25 23:00:00','2021-10-25 23:00:00');
INSERT INTO `__PREFIX__cities` (`country_code`, `name`, `longitude`, `latitude`, `feature_class`, `feature_code`, `subadmin1_code`, `subadmin2_code`, `population`, `time_zone`, `active`, `created_at`, `updated_at`) VALUES ('GR','{\"en\":\"Triandría\"}',22.98,40.62,'P','PPLX','GR.ESYE12','GR.ESYE12.13',11082,'Europe/Athens',1,'2021-09-09 23:00:00','2021-09-09 23:00:00');
INSERT INTO `__PREFIX__cities` (`country_code`, `name`, `longitude`, `latitude`, `feature_class`, `feature_code`, `subadmin1_code`, `subadmin2_code`, `population`, `time_zone`, `active`, `created_at`, `updated_at`) VALUES ('GR','{\"en\":\"Corfu\"}',19.92,39.62,'P','PPLA','GR.ESYE22','GR.ESYE22.25',27003,'Europe/Athens',1,'2019-10-10 23:00:00','2019-10-10 23:00:00');
INSERT INTO `__PREFIX__cities` (`country_code`, `name`, `longitude`, `latitude`, `feature_class`, `feature_code`, `subadmin1_code`, `subadmin2_code`, `population`, `time_zone`, `active`, `created_at`, `updated_at`) VALUES ('GR','{\"en\":\"Vrilissia\"}',23.83,38.03,'P','PPLA3','GR.ESYE31','GR.ESYE31.99',30741,'Europe/Athens',1,'2019-10-22 23:00:00','2019-10-22 23:00:00');
INSERT INTO `__PREFIX__cities` (`country_code`, `name`, `longitude`, `latitude`, `feature_class`, `feature_code`, `subadmin1_code`, `subadmin2_code`, `population`, `time_zone`, `active`, `created_at`, `updated_at`) VALUES ('GR','{\"en\":\"Faliraki\"}',28.20,36.34,'P','PPL','GR.ESYE42','GR.ESYE42.47',6000,'Europe/Athens',1,'2016-06-21 23:00:00','2016-06-21 23:00:00');
INSERT INTO `__PREFIX__cities` (`country_code`, `name`, `longitude`, `latitude`, `feature_class`, `feature_code`, `subadmin1_code`, `subadmin2_code`, `population`, `time_zone`, `active`, `created_at`, `updated_at`) VALUES ('GR','{\"en\":\"Ymittos\"}',23.75,37.95,'P','PPLX','GR.ESYE31','GR.ESYE31.99',11000,'Europe/Athens',1,'2019-10-22 23:00:00','2019-10-22 23:00:00');
INSERT INTO `__PREFIX__cities` (`country_code`, `name`, `longitude`, `latitude`, `feature_class`, `feature_code`, `subadmin1_code`, `subadmin2_code`, `population`, `time_zone`, `active`, `created_at`, `updated_at`) VALUES ('GR','{\"en\":\"Gérakas\"}',23.86,38.02,'P','PPLA3','GR.ESYE31','GR.ESYE31.98',29939,'Europe/Athens',1,'2019-10-22 23:00:00','2019-10-22 23:00:00');
INSERT INTO `__PREFIX__cities` (`country_code`, `name`, `longitude`, `latitude`, `feature_class`, `feature_code`, `subadmin1_code`, `subadmin2_code`, `population`, `time_zone`, `active`, `created_at`, `updated_at`) VALUES ('GR','{\"en\":\"Ilioúpoli\"}',23.77,37.93,'P','PPLA3','GR.ESYE31','GR.ESYE31.99',78153,'Europe/Athens',1,'2019-10-22 23:00:00','2019-10-22 23:00:00');
INSERT INTO `__PREFIX__cities` (`country_code`, `name`, `longitude`, `latitude`, `feature_class`, `feature_code`, `subadmin1_code`, `subadmin2_code`, `population`, `time_zone`, `active`, `created_at`, `updated_at`) VALUES ('GR','{\"en\":\"Korydallós\"}',23.65,37.98,'P','PPLA3','GR.ESYE31','GR.ESYE31.96',63445,'Europe/Athens',1,'2019-10-22 23:00:00','2019-10-22 23:00:00');
INSERT INTO `__PREFIX__cities` (`country_code`, `name`, `longitude`, `latitude`, `feature_class`, `feature_code`, `subadmin1_code`, `subadmin2_code`, `population`, `time_zone`, `active`, `created_at`, `updated_at`) VALUES ('GR','{\"en\":\"Zográfos\"}',23.77,37.98,'P','PPLA2','GR.ESYE31','GR.ESYE31.99',71026,'Europe/Athens',1,'2019-10-22 23:00:00','2019-10-22 23:00:00');
INSERT INTO `__PREFIX__cities` (`country_code`, `name`, `longitude`, `latitude`, `feature_class`, `feature_code`, `subadmin1_code`, `subadmin2_code`, `population`, `time_zone`, `active`, `created_at`, `updated_at`) VALUES ('GR','{\"en\":\"Péfki\"}',23.79,38.06,'P','PPLA3','GR.ESYE31','GR.ESYE31.99',21352,'Europe/Athens',1,'2019-10-22 23:00:00','2019-10-22 23:00:00');
INSERT INTO `__PREFIX__cities` (`country_code`, `name`, `longitude`, `latitude`, `feature_class`, `feature_code`, `subadmin1_code`, `subadmin2_code`, `population`, `time_zone`, `active`, `created_at`, `updated_at`) VALUES ('GR','{\"en\":\"Ágioi Anárgyroi\"}',23.72,38.03,'P','PPLA3','GR.ESYE31','GR.ESYE31.99',34168,'Europe/Athens',1,'2019-10-22 23:00:00','2019-10-22 23:00:00');
INSERT INTO `__PREFIX__cities` (`country_code`, `name`, `longitude`, `latitude`, `feature_class`, `feature_code`, `subadmin1_code`, `subadmin2_code`, `population`, `time_zone`, `active`, `created_at`, `updated_at`) VALUES ('GR','{\"en\":\"Agios Ioannis Rentis\"}',23.67,37.96,'P','PPL','GR.ESYE31','GR.ESYE31.96',16050,'Europe/Athens',1,'2019-10-22 23:00:00','2019-10-22 23:00:00');
INSERT INTO `__PREFIX__cities` (`country_code`, `name`, `longitude`, `latitude`, `feature_class`, `feature_code`, `subadmin1_code`, `subadmin2_code`, `population`, `time_zone`, `active`, `created_at`, `updated_at`) VALUES ('GR','{\"en\":\"Drapetsóna\"}',23.62,37.95,'P','PPL','GR.ESYE31','GR.ESYE31.96',13968,'Europe/Athens',1,'2019-10-22 23:00:00','2019-10-22 23:00:00');
INSERT INTO `__PREFIX__cities` (`country_code`, `name`, `longitude`, `latitude`, `feature_class`, `feature_code`, `subadmin1_code`, `subadmin2_code`, `population`, `time_zone`, `active`, `created_at`, `updated_at`) VALUES ('GR','{\"en\":\"Néo Psychikó\"}',23.78,38.01,'P','PPL','GR.ESYE31','GR.ESYE31.99',10137,'Europe/Athens',1,'2019-10-22 23:00:00','2019-10-22 23:00:00');
INSERT INTO `__PREFIX__cities` (`country_code`, `name`, `longitude`, `latitude`, `feature_class`, `feature_code`, `subadmin1_code`, `subadmin2_code`, `population`, `time_zone`, `active`, `created_at`, `updated_at`) VALUES ('GR','{\"en\":\"Néa Ionía\"}',22.93,39.38,'P','PPL','GR.ESYE14','GR.ESYE14.24',32661,'Europe/Athens',1,'2015-09-08 23:00:00','2015-09-08 23:00:00');
INSERT INTO `__PREFIX__cities` (`country_code`, `name`, `longitude`, `latitude`, `feature_class`, `feature_code`, `subadmin1_code`, `subadmin2_code`, `population`, `time_zone`, `active`, `created_at`, `updated_at`) VALUES ('GR','{\"en\":\"Zefyri\"}',23.72,38.07,'P','PPL','GR.ESYE31','GR.ESYE31.35',9454,'Europe/Athens',1,'2019-10-22 23:00:00','2019-10-22 23:00:00');
INSERT INTO `__PREFIX__cities` (`country_code`, `name`, `longitude`, `latitude`, `feature_class`, `feature_code`, `subadmin1_code`, `subadmin2_code`, `population`, `time_zone`, `active`, `created_at`, `updated_at`) VALUES ('GR','{\"en\":\"Thrakomakedónes\"}',23.76,38.13,'P','PPL','GR.ESYE31','GR.ESYE31.98',6200,'Europe/Athens',1,'2019-10-22 23:00:00','2019-10-22 23:00:00');
INSERT INTO `__PREFIX__cities` (`country_code`, `name`, `longitude`, `latitude`, `feature_class`, `feature_code`, `subadmin1_code`, `subadmin2_code`, `population`, `time_zone`, `active`, `created_at`, `updated_at`) VALUES ('GR','{\"en\":\"Néa Pentéli\"}',23.86,38.06,'P','PPL','GR.ESYE31','GR.ESYE31.99',7198,'Europe/Athens',1,'2019-10-22 23:00:00','2019-10-22 23:00:00');
INSERT INTO `__PREFIX__cities` (`country_code`, `name`, `longitude`, `latitude`, `feature_class`, `feature_code`, `subadmin1_code`, `subadmin2_code`, `population`, `time_zone`, `active`, `created_at`, `updated_at`) VALUES ('GR','{\"en\":\"Néa Chalkidóna\"}',23.73,38.03,'P','PPL','GR.ESYE31','GR.ESYE31.99',9822,'Europe/Athens',1,'2019-10-22 23:00:00','2019-10-22 23:00:00');
INSERT INTO `__PREFIX__cities` (`country_code`, `name`, `longitude`, `latitude`, `feature_class`, `feature_code`, `subadmin1_code`, `subadmin2_code`, `population`, `time_zone`, `active`, `created_at`, `updated_at`) VALUES ('GR','{\"en\":\"Neapoli\"}',22.94,40.65,'P','PPL','GR.ESYE12','GR.ESYE12.13',27084,'Europe/Athens',1,'2021-10-25 23:00:00','2021-10-25 23:00:00');
/*!40000 ALTER TABLE `__PREFIX__cities` ENABLE KEYS */;
/*!40103 SET TIME_ZONE=@OLD_TIME_ZONE */;

/*!40101 SET SQL_MODE=@OLD_SQL_MODE */;
/*!40014 SET FOREIGN_KEY_CHECKS=@OLD_FOREIGN_KEY_CHECKS */;
/*!40014 SET UNIQUE_CHECKS=@OLD_UNIQUE_CHECKS */;
/*!40101 SET CHARACTER_SET_CLIENT=@OLD_CHARACTER_SET_CLIENT */;
/*!40101 SET CHARACTER_SET_RESULTS=@OLD_CHARACTER_SET_RESULTS */;
/*!40101 SET COLLATION_CONNECTION=@OLD_COLLATION_CONNECTION */;
/*!40111 SET SQL_NOTES=@OLD_SQL_NOTES */;

-- Dump completed
