-- MySQL dump 10.13  Distrib 5.7.34, for osx10.12 (x86_64)
--
-- Host: 127.0.0.1    Database: laraclassifier
-- ------------------------------------------------------
-- Server version	5.7.34

/*!40101 SET @OLD_CHARACTER_SET_CLIENT=@@CHARACTER_SET_CLIENT */;
/*!40101 SET @OLD_CHARACTER_SET_RESULTS=@@CHARACTER_SET_RESULTS */;
/*!40101 SET @OLD_COLLATION_CONNECTION=@@COLLATION_CONNECTION */;
/*!40101 SET NAMES utf8 */;
/*!40103 SET @OLD_TIME_ZONE=@@TIME_ZONE */;
/*!40103 SET TIME_ZONE='+00:00' */;
/*!40014 SET @OLD_UNIQUE_CHECKS=@@UNIQUE_CHECKS, UNIQUE_CHECKS=0 */;
/*!40014 SET @OLD_FOREIGN_KEY_CHECKS=@@FOREIGN_KEY_CHECKS, FOREIGN_KEY_CHECKS=0 */;
/*!40101 SET @OLD_SQL_MODE=@@SQL_MODE, SQL_MODE='NO_AUTO_VALUE_ON_ZERO' */;
/*!40111 SET @OLD_SQL_NOTES=@@SQL_NOTES, SQL_NOTES=0 */;

--
-- Dumping data for table `__PREFIX__subadmin1`
--

/*!40000 ALTER TABLE `__PREFIX__subadmin1` DISABLE KEYS */;
INSERT INTO `__PREFIX__subadmin1` (`code`, `country_code`, `name`, `active`) VALUES ('HN.18','HN','{\"en\":\"Yoro\"}',1);
INSERT INTO `__PREFIX__subadmin1` (`code`, `country_code`, `name`, `active`) VALUES ('HN.17','HN','{\"en\":\"Valle\"}',1);
INSERT INTO `__PREFIX__subadmin1` (`code`, `country_code`, `name`, `active`) VALUES ('HN.16','HN','{\"en\":\"Santa Bárbara\"}',1);
INSERT INTO `__PREFIX__subadmin1` (`code`, `country_code`, `name`, `active`) VALUES ('HN.15','HN','{\"en\":\"Olancho\"}',1);
INSERT INTO `__PREFIX__subadmin1` (`code`, `country_code`, `name`, `active`) VALUES ('HN.14','HN','{\"en\":\"Ocotepeque\"}',1);
INSERT INTO `__PREFIX__subadmin1` (`code`, `country_code`, `name`, `active`) VALUES ('HN.13','HN','{\"en\":\"Lempira\"}',1);
INSERT INTO `__PREFIX__subadmin1` (`code`, `country_code`, `name`, `active`) VALUES ('HN.12','HN','{\"en\":\"La Paz\"}',1);
INSERT INTO `__PREFIX__subadmin1` (`code`, `country_code`, `name`, `active`) VALUES ('HN.11','HN','{\"en\":\"Bay Islands\"}',1);
INSERT INTO `__PREFIX__subadmin1` (`code`, `country_code`, `name`, `active`) VALUES ('HN.10','HN','{\"en\":\"Intibucá\"}',1);
INSERT INTO `__PREFIX__subadmin1` (`code`, `country_code`, `name`, `active`) VALUES ('HN.09','HN','{\"en\":\"Gracias a Dios\"}',1);
INSERT INTO `__PREFIX__subadmin1` (`code`, `country_code`, `name`, `active`) VALUES ('HN.08','HN','{\"en\":\"Francisco Morazán\"}',1);
INSERT INTO `__PREFIX__subadmin1` (`code`, `country_code`, `name`, `active`) VALUES ('HN.07','HN','{\"en\":\"El Paraíso\"}',1);
INSERT INTO `__PREFIX__subadmin1` (`code`, `country_code`, `name`, `active`) VALUES ('HN.06','HN','{\"en\":\"Cortés\"}',1);
INSERT INTO `__PREFIX__subadmin1` (`code`, `country_code`, `name`, `active`) VALUES ('HN.05','HN','{\"en\":\"Copán\"}',1);
INSERT INTO `__PREFIX__subadmin1` (`code`, `country_code`, `name`, `active`) VALUES ('HN.04','HN','{\"en\":\"Comayagua\"}',1);
INSERT INTO `__PREFIX__subadmin1` (`code`, `country_code`, `name`, `active`) VALUES ('HN.03','HN','{\"en\":\"Colón\"}',1);
INSERT INTO `__PREFIX__subadmin1` (`code`, `country_code`, `name`, `active`) VALUES ('HN.02','HN','{\"en\":\"Choluteca\"}',1);
INSERT INTO `__PREFIX__subadmin1` (`code`, `country_code`, `name`, `active`) VALUES ('HN.01','HN','{\"en\":\"Atlántida\"}',1);
/*!40000 ALTER TABLE `__PREFIX__subadmin1` ENABLE KEYS */;

--
-- Dumping data for table `__PREFIX__subadmin2`
--

/*!40000 ALTER TABLE `__PREFIX__subadmin2` DISABLE KEYS */;
INSERT INTO `__PREFIX__subadmin2` (`code`, `country_code`, `subadmin1_code`, `name`, `active`) VALUES ('HN.07.0701','HN','HN.07','{\"en\":\"Yuscarán\"}',1);
INSERT INTO `__PREFIX__subadmin2` (`code`, `country_code`, `subadmin1_code`, `name`, `active`) VALUES ('HN.18.1801','HN','HN.18','{\"en\":\"Yoro\"}',1);
INSERT INTO `__PREFIX__subadmin2` (`code`, `country_code`, `subadmin1_code`, `name`, `active`) VALUES ('HN.18.1811','HN','HN.18','{\"en\":\"Yorito\"}',1);
INSERT INTO `__PREFIX__subadmin2` (`code`, `country_code`, `subadmin1_code`, `name`, `active`) VALUES ('HN.15.1522','HN','HN.15','{\"en\":\"Yocón\"}',1);
INSERT INTO `__PREFIX__subadmin2` (`code`, `country_code`, `subadmin1_code`, `name`, `active`) VALUES ('HN.07.0718','HN','HN.07','{\"en\":\"Yauyupe\"}',1);
INSERT INTO `__PREFIX__subadmin2` (`code`, `country_code`, `subadmin1_code`, `name`, `active`) VALUES ('HN.12.1219','HN','HN.12','{\"en\":\"Yarula\"}',1);
INSERT INTO `__PREFIX__subadmin2` (`code`, `country_code`, `subadmin1_code`, `name`, `active`) VALUES ('HN.10.1016','HN','HN.10','{\"en\":\"Yamaranguila\"}',1);
INSERT INTO `__PREFIX__subadmin2` (`code`, `country_code`, `subadmin1_code`, `name`, `active`) VALUES ('HN.09.0906','HN','HN.09','{\"en\":\"Wampusirpi\"}',1);
INSERT INTO `__PREFIX__subadmin2` (`code`, `country_code`, `subadmin1_code`, `name`, `active`) VALUES ('HN.13.1327','HN','HN.13','{\"en\":\"Virginia\"}',1);
INSERT INTO `__PREFIX__subadmin2` (`code`, `country_code`, `subadmin1_code`, `name`, `active`) VALUES ('HN.06.0511','HN','HN.06','{\"en\":\"Villanueva\"}',1);
INSERT INTO `__PREFIX__subadmin2` (`code`, `country_code`, `subadmin1_code`, `name`, `active`) VALUES ('HN.08.0827','HN','HN.08','{\"en\":\"Villa de San Francisco\"}',1);
INSERT INTO `__PREFIX__subadmin2` (`code`, `country_code`, `subadmin1_code`, `name`, `active`) VALUES ('HN.04.0319','HN','HN.04','{\"en\":\"Villa de San Antonio\"}',1);
INSERT INTO `__PREFIX__subadmin2` (`code`, `country_code`, `subadmin1_code`, `name`, `active`) VALUES ('HN.18.1810','HN','HN.18','{\"en\":\"Victoria\"}',1);
INSERT INTO `__PREFIX__subadmin2` (`code`, `country_code`, `subadmin1_code`, `name`, `active`) VALUES ('HN.05.0423','HN','HN.05','{\"en\":\"Veracruz\"}',1);
INSERT INTO `__PREFIX__subadmin2` (`code`, `country_code`, `subadmin1_code`, `name`, `active`) VALUES ('HN.08.0826','HN','HN.08','{\"en\":\"Valle de Ángeles\"}',1);
INSERT INTO `__PREFIX__subadmin2` (`code`, `country_code`, `subadmin1_code`, `name`, `active`) VALUES ('HN.13.1326','HN','HN.13','{\"en\":\"Valladolid\"}',1);
INSERT INTO `__PREFIX__subadmin2` (`code`, `country_code`, `subadmin1_code`, `name`, `active`) VALUES ('HN.07.0717','HN','HN.07','{\"en\":\"Vado Ancho\"}',1);
INSERT INTO `__PREFIX__subadmin2` (`code`, `country_code`, `subadmin1_code`, `name`, `active`) VALUES ('HN.11.1104','HN','HN.11','{\"en\":\"Utila\"}',1);
INSERT INTO `__PREFIX__subadmin2` (`code`, `country_code`, `subadmin1_code`, `name`, `active`) VALUES ('HN.03.0201','HN','HN.03','{\"en\":\"Trujillo\"}',1);
INSERT INTO `__PREFIX__subadmin2` (`code`, `country_code`, `subadmin1_code`, `name`, `active`) VALUES ('HN.05.0422','HN','HN.05','{\"en\":\"Trinidad de Copán\"}',1);
INSERT INTO `__PREFIX__subadmin2` (`code`, `country_code`, `subadmin1_code`, `name`, `active`) VALUES ('HN.16.1626','HN','HN.16','{\"en\":\"Trinidad\"}',1);
INSERT INTO `__PREFIX__subadmin2` (`code`, `country_code`, `subadmin1_code`, `name`, `active`) VALUES ('HN.13.1325','HN','HN.13','{\"en\":\"Tomalá\"}',1);
INSERT INTO `__PREFIX__subadmin2` (`code`, `country_code`, `subadmin1_code`, `name`, `active`) VALUES ('HN.03.0209','HN','HN.03','{\"en\":\"Tocoa\"}',1);
INSERT INTO `__PREFIX__subadmin2` (`code`, `country_code`, `subadmin1_code`, `name`, `active`) VALUES ('HN.07.0716','HN','HN.07','{\"en\":\"Municipio de Texiguat\"}',1);
INSERT INTO `__PREFIX__subadmin2` (`code`, `country_code`, `subadmin1_code`, `name`, `active`) VALUES ('HN.07.0715','HN','HN.07','{\"en\":\"Teupasenti\"}',1);
INSERT INTO `__PREFIX__subadmin2` (`code`, `country_code`, `subadmin1_code`, `name`, `active`) VALUES ('HN.01.0107','HN','HN.01','{\"en\":\"Tela\"}',1);
INSERT INTO `__PREFIX__subadmin2` (`code`, `country_code`, `subadmin1_code`, `name`, `active`) VALUES ('HN.08.0825','HN','HN.08','{\"en\":\"Tatumbla\"}',1);
INSERT INTO `__PREFIX__subadmin2` (`code`, `country_code`, `subadmin1_code`, `name`, `active`) VALUES ('HN.13.1324','HN','HN.13','{\"en\":\"Tambla\"}',1);
INSERT INTO `__PREFIX__subadmin2` (`code`, `country_code`, `subadmin1_code`, `name`, `active`) VALUES ('HN.13.1323','HN','HN.13','{\"en\":\"Talgua\"}',1);
INSERT INTO `__PREFIX__subadmin2` (`code`, `country_code`, `subadmin1_code`, `name`, `active`) VALUES ('HN.08.0824','HN','HN.08','{\"en\":\"Talanga\"}',1);
INSERT INTO `__PREFIX__subadmin2` (`code`, `country_code`, `subadmin1_code`, `name`, `active`) VALUES ('HN.18.1809','HN','HN.18','{\"en\":\"Sulaco\"}',1);
INSERT INTO `__PREFIX__subadmin2` (`code`, `country_code`, `subadmin1_code`, `name`, `active`) VALUES ('HN.03.0208','HN','HN.03','{\"en\":\"Sonaguera\"}',1);
INSERT INTO `__PREFIX__subadmin2` (`code`, `country_code`, `subadmin1_code`, `name`, `active`) VALUES ('HN.07.0714','HN','HN.07','{\"en\":\"Soledad\"}',1);
INSERT INTO `__PREFIX__subadmin2` (`code`, `country_code`, `subadmin1_code`, `name`, `active`) VALUES ('HN.14.1416','HN','HN.14','{\"en\":\"Sinuapa\"}',1);
INSERT INTO `__PREFIX__subadmin2` (`code`, `country_code`, `subadmin1_code`, `name`, `active`) VALUES ('HN.15.1521','HN','HN.15','{\"en\":\"Silca\"}',1);
INSERT INTO `__PREFIX__subadmin2` (`code`, `country_code`, `subadmin1_code`, `name`, `active`) VALUES ('HN.04.0318','HN','HN.04','{\"en\":\"Siguatepeque\"}',1);
INSERT INTO `__PREFIX__subadmin2` (`code`, `country_code`, `subadmin1_code`, `name`, `active`) VALUES ('HN.14.1415','HN','HN.14','{\"en\":\"Sensenti\"}',1);
INSERT INTO `__PREFIX__subadmin2` (`code`, `country_code`, `subadmin1_code`, `name`, `active`) VALUES ('HN.03.0205','HN','HN.03','{\"en\":\"Municipio de Sabá\"}',1);
INSERT INTO `__PREFIX__subadmin2` (`code`, `country_code`, `subadmin1_code`, `name`, `active`) VALUES ('HN.16.1624','HN','HN.16','{\"en\":\"San Vicente Centenario\"}',1);
INSERT INTO `__PREFIX__subadmin2` (`code`, `country_code`, `subadmin1_code`, `name`, `active`) VALUES ('HN.12.1218','HN','HN.12','{\"en\":\"Santiago Puringla\"}',1);
INSERT INTO `__PREFIX__subadmin2` (`code`, `country_code`, `subadmin1_code`, `name`, `active`) VALUES ('HN.05.0401','HN','HN.05','{\"en\":\"Santa Rosa de Copán\"}',1);
INSERT INTO `__PREFIX__subadmin2` (`code`, `country_code`, `subadmin1_code`, `name`, `active`) VALUES ('HN.03.0207','HN','HN.03','{\"en\":\"Santa Rosa de Aguán\"}',1);
INSERT INTO `__PREFIX__subadmin2` (`code`, `country_code`, `subadmin1_code`, `name`, `active`) VALUES ('HN.18.1808','HN','HN.18','{\"en\":\"Santa Rita\"}',1);
INSERT INTO `__PREFIX__subadmin2` (`code`, `country_code`, `subadmin1_code`, `name`, `active`) VALUES ('HN.05.0421','HN','HN.05','{\"en\":\"Santa Rita\"}',1);
INSERT INTO `__PREFIX__subadmin2` (`code`, `country_code`, `subadmin1_code`, `name`, `active`) VALUES ('HN.16.1625','HN','HN.16','{\"en\":\"Santa Rita\"}',1);
INSERT INTO `__PREFIX__subadmin2` (`code`, `country_code`, `subadmin1_code`, `name`, `active`) VALUES ('HN.15.1520','HN','HN.15','{\"en\":\"Santa María del Real\"}',1);
INSERT INTO `__PREFIX__subadmin2` (`code`, `country_code`, `subadmin1_code`, `name`, `active`) VALUES ('HN.12.1217','HN','HN.12','{\"en\":\"Santa María\"}',1);
INSERT INTO `__PREFIX__subadmin2` (`code`, `country_code`, `subadmin1_code`, `name`, `active`) VALUES ('HN.08.0823','HN','HN.08','{\"en\":\"Santa Lucía\"}',1);
INSERT INTO `__PREFIX__subadmin2` (`code`, `country_code`, `subadmin1_code`, `name`, `active`) VALUES ('HN.10.1015','HN','HN.10','{\"en\":\"Santa Lucía\"}',1);
INSERT INTO `__PREFIX__subadmin2` (`code`, `country_code`, `subadmin1_code`, `name`, `active`) VALUES ('HN.03.0206','HN','HN.03','{\"en\":\"Santa Fe\"}',1);
INSERT INTO `__PREFIX__subadmin2` (`code`, `country_code`, `subadmin1_code`, `name`, `active`) VALUES ('HN.14.1414','HN','HN.14','{\"en\":\"Santa Fe\"}',1);
INSERT INTO `__PREFIX__subadmin2` (`code`, `country_code`, `subadmin1_code`, `name`, `active`) VALUES ('HN.12.1216','HN','HN.12','{\"en\":\"Santa Elena\"}',1);
INSERT INTO `__PREFIX__subadmin2` (`code`, `country_code`, `subadmin1_code`, `name`, `active`) VALUES ('HN.06.0510','HN','HN.06','{\"en\":\"Santa Cruz de Yojoa\"}',1);
INSERT INTO `__PREFIX__subadmin2` (`code`, `country_code`, `subadmin1_code`, `name`, `active`) VALUES ('HN.13.1322','HN','HN.13','{\"en\":\"Santa Cruz\"}',1);
INSERT INTO `__PREFIX__subadmin2` (`code`, `country_code`, `subadmin1_code`, `name`, `active`) VALUES ('HN.16.1601','HN','HN.16','{\"en\":\"Santa Bárbara\"}',1);
INSERT INTO `__PREFIX__subadmin2` (`code`, `country_code`, `subadmin1_code`, `name`, `active`) VALUES ('HN.02.0616','HN','HN.02','{\"en\":\"Santa Ana de Yusguare\"}',1);
INSERT INTO `__PREFIX__subadmin2` (`code`, `country_code`, `subadmin1_code`, `name`, `active`) VALUES ('HN.12.1215','HN','HN.12','{\"en\":\"Santa Ana\"}',1);
INSERT INTO `__PREFIX__subadmin2` (`code`, `country_code`, `subadmin1_code`, `name`, `active`) VALUES ('HN.08.0822','HN','HN.08','{\"en\":\"Santa Ana\"}',1);
INSERT INTO `__PREFIX__subadmin2` (`code`, `country_code`, `subadmin1_code`, `name`, `active`) VALUES ('HN.13.1321','HN','HN.13','{\"en\":\"San Sebastián\"}',1);
INSERT INTO `__PREFIX__subadmin2` (`code`, `country_code`, `subadmin1_code`, `name`, `active`) VALUES ('HN.04.0317','HN','HN.04','{\"en\":\"San Sebastián\"}',1);
INSERT INTO `__PREFIX__subadmin2` (`code`, `country_code`, `subadmin1_code`, `name`, `active`) VALUES ('HN.13.1320','HN','HN.13','{\"en\":\"San Rafael\"}',1);
INSERT INTO `__PREFIX__subadmin2` (`code`, `country_code`, `subadmin1_code`, `name`, `active`) VALUES ('HN.16.1623','HN','HN.16','{\"en\":\"San Pedro Zacapa\"}',1);
INSERT INTO `__PREFIX__subadmin2` (`code`, `country_code`, `subadmin1_code`, `name`, `active`) VALUES ('HN.06.0501','HN','HN.06','{\"en\":\"San Pedro Sula\"}',1);
INSERT INTO `__PREFIX__subadmin2` (`code`, `country_code`, `subadmin1_code`, `name`, `active`) VALUES ('HN.12.1214','HN','HN.12','{\"en\":\"San Pedro de Tutule\"}',1);
INSERT INTO `__PREFIX__subadmin2` (`code`, `country_code`, `subadmin1_code`, `name`, `active`) VALUES ('HN.05.0420','HN','HN.05','{\"en\":\"San Pedro de Copán\"}',1);
INSERT INTO `__PREFIX__subadmin2` (`code`, `country_code`, `subadmin1_code`, `name`, `active`) VALUES ('HN.05.0419','HN','HN.05','{\"en\":\"San Nicolás\"}',1);
INSERT INTO `__PREFIX__subadmin2` (`code`, `country_code`, `subadmin1_code`, `name`, `active`) VALUES ('HN.16.1622','HN','HN.16','{\"en\":\"San Nicolás\"}',1);
INSERT INTO `__PREFIX__subadmin2` (`code`, `country_code`, `subadmin1_code`, `name`, `active`) VALUES ('HN.10.1014','HN','HN.10','{\"en\":\"San Miguelito\"}',1);
INSERT INTO `__PREFIX__subadmin2` (`code`, `country_code`, `subadmin1_code`, `name`, `active`) VALUES ('HN.08.0821','HN','HN.08','{\"en\":\"San Miguelito\"}',1);
INSERT INTO `__PREFIX__subadmin2` (`code`, `country_code`, `subadmin1_code`, `name`, `active`) VALUES ('HN.07.0713','HN','HN.07','{\"en\":\"San Matías\"}',1);
INSERT INTO `__PREFIX__subadmin2` (`code`, `country_code`, `subadmin1_code`, `name`, `active`) VALUES ('HN.10.1013','HN','HN.10','{\"en\":\"San Marcos de la Sierra\"}',1);
INSERT INTO `__PREFIX__subadmin2` (`code`, `country_code`, `subadmin1_code`, `name`, `active`) VALUES ('HN.02.0615','HN','HN.02','{\"en\":\"San Marcos de Colón\"}',1);
INSERT INTO `__PREFIX__subadmin2` (`code`, `country_code`, `subadmin1_code`, `name`, `active`) VALUES ('HN.16.1621','HN','HN.16','{\"en\":\"San Marcos\"}',1);
INSERT INTO `__PREFIX__subadmin2` (`code`, `country_code`, `subadmin1_code`, `name`, `active`) VALUES ('HN.14.1413','HN','HN.14','{\"en\":\"San Marcos\"}',1);
INSERT INTO `__PREFIX__subadmin2` (`code`, `country_code`, `subadmin1_code`, `name`, `active`) VALUES ('HN.13.1319','HN','HN.13','{\"en\":\"San Manuel Colohete\"}',1);
INSERT INTO `__PREFIX__subadmin2` (`code`, `country_code`, `subadmin1_code`, `name`, `active`) VALUES ('HN.06.0509','HN','HN.06','{\"en\":\"San Manuel\"}',1);
INSERT INTO `__PREFIX__subadmin2` (`code`, `country_code`, `subadmin1_code`, `name`, `active`) VALUES ('HN.16.1620','HN','HN.16','{\"en\":\"San Luis\"}',1);
INSERT INTO `__PREFIX__subadmin2` (`code`, `country_code`, `subadmin1_code`, `name`, `active`) VALUES ('HN.04.0316','HN','HN.04','{\"en\":\"San Luis\"}',1);
INSERT INTO `__PREFIX__subadmin2` (`code`, `country_code`, `subadmin1_code`, `name`, `active`) VALUES ('HN.07.0712','HN','HN.07','{\"en\":\"San Lucas\"}',1);
INSERT INTO `__PREFIX__subadmin2` (`code`, `country_code`, `subadmin1_code`, `name`, `active`) VALUES ('HN.17.1709','HN','HN.17','{\"en\":\"San Lorenzo\"}',1);
INSERT INTO `__PREFIX__subadmin2` (`code`, `country_code`, `subadmin1_code`, `name`, `active`) VALUES ('HN.13.1318','HN','HN.13','{\"en\":\"San Juan Guarita\"}',1);
INSERT INTO `__PREFIX__subadmin2` (`code`, `country_code`, `subadmin1_code`, `name`, `active`) VALUES ('HN.05.0418','HN','HN.05','{\"en\":\"San Juan de Opoa\"}',1);
INSERT INTO `__PREFIX__subadmin2` (`code`, `country_code`, `subadmin1_code`, `name`, `active`) VALUES ('HN.08.0820','HN','HN.08','{\"en\":\"San Juan de Flores\"}',1);
INSERT INTO `__PREFIX__subadmin2` (`code`, `country_code`, `subadmin1_code`, `name`, `active`) VALUES ('HN.10.1012','HN','HN.10','{\"en\":\"San Juan\"}',1);
INSERT INTO `__PREFIX__subadmin2` (`code`, `country_code`, `subadmin1_code`, `name`, `active`) VALUES ('HN.12.1213','HN','HN.12','{\"en\":\"San Juan\"}',1);
INSERT INTO `__PREFIX__subadmin2` (`code`, `country_code`, `subadmin1_code`, `name`, `active`) VALUES ('HN.04.0315','HN','HN.04','{\"en\":\"San José del Potrero\"}',1);
INSERT INTO `__PREFIX__subadmin2` (`code`, `country_code`, `subadmin1_code`, `name`, `active`) VALUES ('HN.05.0417','HN','HN.05','{\"en\":\"San José\"}',1);
INSERT INTO `__PREFIX__subadmin2` (`code`, `country_code`, `subadmin1_code`, `name`, `active`) VALUES ('HN.04.0314','HN','HN.04','{\"en\":\"San José de Comayagua\"}',1);
INSERT INTO `__PREFIX__subadmin2` (`code`, `country_code`, `subadmin1_code`, `name`, `active`) VALUES ('HN.16.1619','HN','HN.16','{\"en\":\"San José de Colinas\"}',1);
INSERT INTO `__PREFIX__subadmin2` (`code`, `country_code`, `subadmin1_code`, `name`, `active`) VALUES ('HN.12.1212','HN','HN.12','{\"en\":\"San José\"}',1);
INSERT INTO `__PREFIX__subadmin2` (`code`, `country_code`, `subadmin1_code`, `name`, `active`) VALUES ('HN.02.0614','HN','HN.02','{\"en\":\"San José\"}',1);
INSERT INTO `__PREFIX__subadmin2` (`code`, `country_code`, `subadmin1_code`, `name`, `active`) VALUES ('HN.14.1412','HN','HN.14','{\"en\":\"San Jorge\"}',1);
INSERT INTO `__PREFIX__subadmin2` (`code`, `country_code`, `subadmin1_code`, `name`, `active`) VALUES ('HN.05.0416','HN','HN.05','{\"en\":\"San Jerónimo\"}',1);
INSERT INTO `__PREFIX__subadmin2` (`code`, `country_code`, `subadmin1_code`, `name`, `active`) VALUES ('HN.04.0313','HN','HN.04','{\"en\":\"San Jerónimo\"}',1);
INSERT INTO `__PREFIX__subadmin2` (`code`, `country_code`, `subadmin1_code`, `name`, `active`) VALUES ('HN.10.1011','HN','HN.10','{\"en\":\"San Isidro\"}',1);
INSERT INTO `__PREFIX__subadmin2` (`code`, `country_code`, `subadmin1_code`, `name`, `active`) VALUES ('HN.02.0613','HN','HN.02','{\"en\":\"San Isidro\"}',1);
INSERT INTO `__PREFIX__subadmin2` (`code`, `country_code`, `subadmin1_code`, `name`, `active`) VALUES ('HN.08.0819','HN','HN.08','{\"en\":\"San Ignacio\"}',1);
INSERT INTO `__PREFIX__subadmin2` (`code`, `country_code`, `subadmin1_code`, `name`, `active`) VALUES ('HN.06.0508','HN','HN.06','{\"en\":\"San Francisco de Yojoa\"}',1);
INSERT INTO `__PREFIX__subadmin2` (`code`, `country_code`, `subadmin1_code`, `name`, `active`) VALUES ('HN.16.1618','HN','HN.16','{\"en\":\"San Francisco de Ojuera\"}',1);
INSERT INTO `__PREFIX__subadmin2` (`code`, `country_code`, `subadmin1_code`, `name`, `active`) VALUES ('HN.14.1411','HN','HN.14','{\"en\":\"San Francisco del Valle\"}',1);
INSERT INTO `__PREFIX__subadmin2` (`code`, `country_code`, `subadmin1_code`, `name`, `active`) VALUES ('HN.15.1519','HN','HN.15','{\"en\":\"Municipio de San Francisco de La Paz\"}',1);
INSERT INTO `__PREFIX__subadmin2` (`code`, `country_code`, `subadmin1_code`, `name`, `active`) VALUES ('HN.17.1708','HN','HN.17','{\"en\":\"San Francisco de Coray\"}',1);
INSERT INTO `__PREFIX__subadmin2` (`code`, `country_code`, `subadmin1_code`, `name`, `active`) VALUES ('HN.15.1518','HN','HN.15','{\"en\":\"San Francisco de Becerra\"}',1);
INSERT INTO `__PREFIX__subadmin2` (`code`, `country_code`, `subadmin1_code`, `name`, `active`) VALUES ('HN.01.0106','HN','HN.01','{\"en\":\"San Francisco\"}',1);
INSERT INTO `__PREFIX__subadmin2` (`code`, `country_code`, `subadmin1_code`, `name`, `active`) VALUES ('HN.13.1317','HN','HN.13','{\"en\":\"San Francisco\"}',1);
INSERT INTO `__PREFIX__subadmin2` (`code`, `country_code`, `subadmin1_code`, `name`, `active`) VALUES ('HN.14.1410','HN','HN.14','{\"en\":\"San Fernando\"}',1);
INSERT INTO `__PREFIX__subadmin2` (`code`, `country_code`, `subadmin1_code`, `name`, `active`) VALUES ('HN.15.1517','HN','HN.15','{\"en\":\"San Esteban\"}',1);
INSERT INTO `__PREFIX__subadmin2` (`code`, `country_code`, `subadmin1_code`, `name`, `active`) VALUES ('HN.08.0818','HN','HN.08','{\"en\":\"San Buenaventura\"}',1);
INSERT INTO `__PREFIX__subadmin2` (`code`, `country_code`, `subadmin1_code`, `name`, `active`) VALUES ('HN.08.0817','HN','HN.08','{\"en\":\"San Antonio de Oriente\"}',1);
INSERT INTO `__PREFIX__subadmin2` (`code`, `country_code`, `subadmin1_code`, `name`, `active`) VALUES ('HN.12.1211','HN','HN.12','{\"en\":\"San Antonio del Norte\"}',1);
INSERT INTO `__PREFIX__subadmin2` (`code`, `country_code`, `subadmin1_code`, `name`, `active`) VALUES ('HN.07.0711','HN','HN.07','{\"en\":\"San Antonio de Flores\"}',1);
INSERT INTO `__PREFIX__subadmin2` (`code`, `country_code`, `subadmin1_code`, `name`, `active`) VALUES ('HN.02.0612','HN','HN.02','{\"en\":\"San Antonio de Flores\"}',1);
INSERT INTO `__PREFIX__subadmin2` (`code`, `country_code`, `subadmin1_code`, `name`, `active`) VALUES ('HN.06.0507','HN','HN.06','{\"en\":\"San Antonio de Cortés\"}',1);
INSERT INTO `__PREFIX__subadmin2` (`code`, `country_code`, `subadmin1_code`, `name`, `active`) VALUES ('HN.05.0415','HN','HN.05','{\"en\":\"San Antonio\"}',1);
INSERT INTO `__PREFIX__subadmin2` (`code`, `country_code`, `subadmin1_code`, `name`, `active`) VALUES ('HN.10.1010','HN','HN.10','{\"en\":\"San Antonio\"}',1);
INSERT INTO `__PREFIX__subadmin2` (`code`, `country_code`, `subadmin1_code`, `name`, `active`) VALUES ('HN.13.1316','HN','HN.13','{\"en\":\"San Andrés\"}',1);
INSERT INTO `__PREFIX__subadmin2` (`code`, `country_code`, `subadmin1_code`, `name`, `active`) VALUES ('HN.05.0414','HN','HN.05','{\"en\":\"San Agustín\"}',1);
INSERT INTO `__PREFIX__subadmin2` (`code`, `country_code`, `subadmin1_code`, `name`, `active`) VALUES ('HN.15.1516','HN','HN.15','{\"en\":\"Salamá\"}',1);
INSERT INTO `__PREFIX__subadmin2` (`code`, `country_code`, `subadmin1_code`, `name`, `active`) VALUES ('HN.08.0816','HN','HN.08','{\"en\":\"Sabanagrande\"}',1);
INSERT INTO `__PREFIX__subadmin2` (`code`, `country_code`, `subadmin1_code`, `name`, `active`) VALUES ('HN.11.1101','HN','HN.11','{\"en\":\"Roatán\"}',1);
INSERT INTO `__PREFIX__subadmin2` (`code`, `country_code`, `subadmin1_code`, `name`, `active`) VALUES ('HN.08.0815','HN','HN.08','{\"en\":\"Reitoca\"}',1);
INSERT INTO `__PREFIX__subadmin2` (`code`, `country_code`, `subadmin1_code`, `name`, `active`) VALUES ('HN.16.1617','HN','HN.16','{\"en\":\"Quimistán\"}',1);
INSERT INTO `__PREFIX__subadmin2` (`code`, `country_code`, `subadmin1_code`, `name`, `active`) VALUES ('HN.09.0901','HN','HN.09','{\"en\":\"Puerto Lempira\"}',1);
INSERT INTO `__PREFIX__subadmin2` (`code`, `country_code`, `subadmin1_code`, `name`, `active`) VALUES ('HN.16.1616','HN','HN.16','{\"en\":\"Protección\"}',1);
INSERT INTO `__PREFIX__subadmin2` (`code`, `country_code`, `subadmin1_code`, `name`, `active`) VALUES ('HN.06.0505','HN','HN.06','{\"en\":\"Potrerillos\"}',1);
INSERT INTO `__PREFIX__subadmin2` (`code`, `country_code`, `subadmin1_code`, `name`, `active`) VALUES ('HN.07.0710','HN','HN.07','{\"en\":\"Potrerillos\"}',1);
INSERT INTO `__PREFIX__subadmin2` (`code`, `country_code`, `subadmin1_code`, `name`, `active`) VALUES ('HN.13.1315','HN','HN.13','{\"en\":\"Piraera\"}',1);
INSERT INTO `__PREFIX__subadmin2` (`code`, `country_code`, `subadmin1_code`, `name`, `active`) VALUES ('HN.06.0504','HN','HN.06','{\"en\":\"Pimienta\"}',1);
INSERT INTO `__PREFIX__subadmin2` (`code`, `country_code`, `subadmin1_code`, `name`, `active`) VALUES ('HN.16.1615','HN','HN.16','{\"en\":\"Petoa\"}',1);
INSERT INTO `__PREFIX__subadmin2` (`code`, `country_code`, `subadmin1_code`, `name`, `active`) VALUES ('HN.02.0611','HN','HN.02','{\"en\":\"Pespire\"}',1);
INSERT INTO `__PREFIX__subadmin2` (`code`, `country_code`, `subadmin1_code`, `name`, `active`) VALUES ('HN.07.0709','HN','HN.07','{\"en\":\"Oropolí\"}',1);
INSERT INTO `__PREFIX__subadmin2` (`code`, `country_code`, `subadmin1_code`, `name`, `active`) VALUES ('HN.02.0610','HN','HN.02','{\"en\":\"Orocuina\"}',1);
INSERT INTO `__PREFIX__subadmin2` (`code`, `country_code`, `subadmin1_code`, `name`, `active`) VALUES ('HN.08.0814','HN','HN.08','{\"en\":\"Orica\"}',1);
INSERT INTO `__PREFIX__subadmin2` (`code`, `country_code`, `subadmin1_code`, `name`, `active`) VALUES ('HN.12.1210','HN','HN.12','{\"en\":\"Opatoro\"}',1);
INSERT INTO `__PREFIX__subadmin2` (`code`, `country_code`, `subadmin1_code`, `name`, `active`) VALUES ('HN.06.0503','HN','HN.06','{\"en\":\"Omoa\"}',1);
INSERT INTO `__PREFIX__subadmin2` (`code`, `country_code`, `subadmin1_code`, `name`, `active`) VALUES ('HN.18.1807','HN','HN.18','{\"en\":\"Olanchito\"}',1);
INSERT INTO `__PREFIX__subadmin2` (`code`, `country_code`, `subadmin1_code`, `name`, `active`) VALUES ('HN.04.0312','HN','HN.04','{\"en\":\"Ojos de Agua\"}',1);
INSERT INTO `__PREFIX__subadmin2` (`code`, `country_code`, `subadmin1_code`, `name`, `active`) VALUES ('HN.08.0813','HN','HN.08','{\"en\":\"Ojojona\"}',1);
INSERT INTO `__PREFIX__subadmin2` (`code`, `country_code`, `subadmin1_code`, `name`, `active`) VALUES ('HN.16.1614','HN','HN.16','{\"en\":\"Nuevo Celilac\"}',1);
INSERT INTO `__PREFIX__subadmin2` (`code`, `country_code`, `subadmin1_code`, `name`, `active`) VALUES ('HN.14.1401','HN','HN.14','{\"en\":\"Nueva Ocotepeque\"}',1);
INSERT INTO `__PREFIX__subadmin2` (`code`, `country_code`, `subadmin1_code`, `name`, `active`) VALUES ('HN.08.0812','HN','HN.08','{\"en\":\"Nueva Armenia\"}',1);
INSERT INTO `__PREFIX__subadmin2` (`code`, `country_code`, `subadmin1_code`, `name`, `active`) VALUES ('HN.05.0413','HN','HN.05','{\"en\":\"Nueva Arcadia\"}',1);
INSERT INTO `__PREFIX__subadmin2` (`code`, `country_code`, `subadmin1_code`, `name`, `active`) VALUES ('HN.16.1613','HN','HN.16','{\"en\":\"Naranjito\"}',1);
INSERT INTO `__PREFIX__subadmin2` (`code`, `country_code`, `subadmin1_code`, `name`, `active`) VALUES ('HN.02.0609','HN','HN.02','{\"en\":\"Namasigüe\"}',1);
INSERT INTO `__PREFIX__subadmin2` (`code`, `country_code`, `subadmin1_code`, `name`, `active`) VALUES ('HN.17.1701','HN','HN.17','{\"en\":\"Nacaome\"}',1);
INSERT INTO `__PREFIX__subadmin2` (`code`, `country_code`, `subadmin1_code`, `name`, `active`) VALUES ('HN.02.0608','HN','HN.02','{\"en\":\"Morolica\"}',1);
INSERT INTO `__PREFIX__subadmin2` (`code`, `country_code`, `subadmin1_code`, `name`, `active`) VALUES ('HN.07.0708','HN','HN.07','{\"en\":\"Morocelí\"}',1);
INSERT INTO `__PREFIX__subadmin2` (`code`, `country_code`, `subadmin1_code`, `name`, `active`) VALUES ('HN.18.1806','HN','HN.18','{\"en\":\"Morazán\"}',1);
INSERT INTO `__PREFIX__subadmin2` (`code`, `country_code`, `subadmin1_code`, `name`, `active`) VALUES ('HN.04.0311','HN','HN.04','{\"en\":\"Minas de Oro\"}',1);
INSERT INTO `__PREFIX__subadmin2` (`code`, `country_code`, `subadmin1_code`, `name`, `active`) VALUES ('HN.12.1209','HN','HN.12','{\"en\":\"Mercedes de Oriente\"}',1);
INSERT INTO `__PREFIX__subadmin2` (`code`, `country_code`, `subadmin1_code`, `name`, `active`) VALUES ('HN.14.1409','HN','HN.14','{\"en\":\"Mercedes\"}',1);
INSERT INTO `__PREFIX__subadmin2` (`code`, `country_code`, `subadmin1_code`, `name`, `active`) VALUES ('HN.04.0310','HN','HN.04','{\"en\":\"Meámbar\"}',1);
INSERT INTO `__PREFIX__subadmin2` (`code`, `country_code`, `subadmin1_code`, `name`, `active`) VALUES ('HN.10.1009','HN','HN.10','{\"en\":\"Masaguara\"}',1);
INSERT INTO `__PREFIX__subadmin2` (`code`, `country_code`, `subadmin1_code`, `name`, `active`) VALUES ('HN.02.0607','HN','HN.02','{\"en\":\"Marcovia\"}',1);
INSERT INTO `__PREFIX__subadmin2` (`code`, `country_code`, `subadmin1_code`, `name`, `active`) VALUES ('HN.12.1208','HN','HN.12','{\"en\":\"Marcala\"}',1);
INSERT INTO `__PREFIX__subadmin2` (`code`, `country_code`, `subadmin1_code`, `name`, `active`) VALUES ('HN.08.0811','HN','HN.08','{\"en\":\"Marale\"}',1);
INSERT INTO `__PREFIX__subadmin2` (`code`, `country_code`, `subadmin1_code`, `name`, `active`) VALUES ('HN.08.0810','HN','HN.08','{\"en\":\"Maraita\"}',1);
INSERT INTO `__PREFIX__subadmin2` (`code`, `country_code`, `subadmin1_code`, `name`, `active`) VALUES ('HN.13.1314','HN','HN.13','{\"en\":\"Mapulaca\"}',1);
INSERT INTO `__PREFIX__subadmin2` (`code`, `country_code`, `subadmin1_code`, `name`, `active`) VALUES ('HN.15.1515','HN','HN.15','{\"en\":\"Manto\"}',1);
INSERT INTO `__PREFIX__subadmin2` (`code`, `country_code`, `subadmin1_code`, `name`, `active`) VALUES ('HN.15.1514','HN','HN.15','{\"en\":\"Mangulile\"}',1);
INSERT INTO `__PREFIX__subadmin2` (`code`, `country_code`, `subadmin1_code`, `name`, `active`) VALUES ('HN.10.1008','HN','HN.10','{\"en\":\"Magdalena\"}',1);
INSERT INTO `__PREFIX__subadmin2` (`code`, `country_code`, `subadmin1_code`, `name`, `active`) VALUES ('HN.16.1612','HN','HN.16','{\"en\":\"Macuelizo\"}',1);
INSERT INTO `__PREFIX__subadmin2` (`code`, `country_code`, `subadmin1_code`, `name`, `active`) VALUES ('HN.14.1408','HN','HN.14','{\"en\":\"Lucerna\"}',1);
INSERT INTO `__PREFIX__subadmin2` (`code`, `country_code`, `subadmin1_code`, `name`, `active`) VALUES ('HN.07.0707','HN','HN.07','{\"en\":\"Liure\"}',1);
INSERT INTO `__PREFIX__subadmin2` (`code`, `country_code`, `subadmin1_code`, `name`, `active`) VALUES ('HN.03.0204','HN','HN.03','{\"en\":\"Limón\"}',1);
INSERT INTO `__PREFIX__subadmin2` (`code`, `country_code`, `subadmin1_code`, `name`, `active`) VALUES ('HN.08.0809','HN','HN.08','{\"en\":\"Lepaterique\"}',1);
INSERT INTO `__PREFIX__subadmin2` (`code`, `country_code`, `subadmin1_code`, `name`, `active`) VALUES ('HN.13.1313','HN','HN.13','{\"en\":\"Lepaera\"}',1);
INSERT INTO `__PREFIX__subadmin2` (`code`, `country_code`, `subadmin1_code`, `name`, `active`) VALUES ('HN.04.0309','HN','HN.04','{\"en\":\"Lejamaní\"}',1);
INSERT INTO `__PREFIX__subadmin2` (`code`, `country_code`, `subadmin1_code`, `name`, `active`) VALUES ('HN.13.1312','HN','HN.13','{\"en\":\"La Virtud\"}',1);
INSERT INTO `__PREFIX__subadmin2` (`code`, `country_code`, `subadmin1_code`, `name`, `active`) VALUES ('HN.08.0808','HN','HN.08','{\"en\":\"La Venta\"}',1);
INSERT INTO `__PREFIX__subadmin2` (`code`, `country_code`, `subadmin1_code`, `name`, `active`) VALUES ('HN.12.1207','HN','HN.12','{\"en\":\"Lauterique\"}',1);
INSERT INTO `__PREFIX__subadmin2` (`code`, `country_code`, `subadmin1_code`, `name`, `active`) VALUES ('HN.15.1513','HN','HN.15','{\"en\":\"La Unión\"}',1);
INSERT INTO `__PREFIX__subadmin2` (`code`, `country_code`, `subadmin1_code`, `name`, `active`) VALUES ('HN.13.1311','HN','HN.13','{\"en\":\"La Unión\"}',1);
INSERT INTO `__PREFIX__subadmin2` (`code`, `country_code`, `subadmin1_code`, `name`, `active`) VALUES ('HN.05.0412','HN','HN.05','{\"en\":\"La Unión\"}',1);
INSERT INTO `__PREFIX__subadmin2` (`code`, `country_code`, `subadmin1_code`, `name`, `active`) VALUES ('HN.04.0308','HN','HN.04','{\"en\":\"La Trinidad\"}',1);
INSERT INTO `__PREFIX__subadmin2` (`code`, `country_code`, `subadmin1_code`, `name`, `active`) VALUES ('HN.13.1310','HN','HN.13','{\"en\":\"Las Flores\"}',1);
INSERT INTO `__PREFIX__subadmin2` (`code`, `country_code`, `subadmin1_code`, `name`, `active`) VALUES ('HN.12.1201','HN','HN.12','{\"en\":\"La Paz\"}',1);
INSERT INTO `__PREFIX__subadmin2` (`code`, `country_code`, `subadmin1_code`, `name`, `active`) VALUES ('HN.17.1707','HN','HN.17','{\"en\":\"Langue\"}',1);
INSERT INTO `__PREFIX__subadmin2` (`code`, `country_code`, `subadmin1_code`, `name`, `active`) VALUES ('HN.01.0105','HN','HN.01','{\"en\":\"La Masica\"}',1);
INSERT INTO `__PREFIX__subadmin2` (`code`, `country_code`, `subadmin1_code`, `name`, `active`) VALUES ('HN.04.0307','HN','HN.04','{\"en\":\"Lamaní\"}',1);
INSERT INTO `__PREFIX__subadmin2` (`code`, `country_code`, `subadmin1_code`, `name`, `active`) VALUES ('HN.04.0306','HN','HN.04','{\"en\":\"La Libertad\"}',1);
INSERT INTO `__PREFIX__subadmin2` (`code`, `country_code`, `subadmin1_code`, `name`, `active`) VALUES ('HN.08.0807','HN','HN.08','{\"en\":\"La Libertad\"}',1);
INSERT INTO `__PREFIX__subadmin2` (`code`, `country_code`, `subadmin1_code`, `name`, `active`) VALUES ('HN.14.1407','HN','HN.14','{\"en\":\"La Labor\"}',1);
INSERT INTO `__PREFIX__subadmin2` (`code`, `country_code`, `subadmin1_code`, `name`, `active`) VALUES ('HN.05.0411','HN','HN.05','{\"en\":\"La Jigua\"}',1);
INSERT INTO `__PREFIX__subadmin2` (`code`, `country_code`, `subadmin1_code`, `name`, `active`) VALUES ('HN.13.1309','HN','HN.13','{\"en\":\"La Iguala\"}',1);
INSERT INTO `__PREFIX__subadmin2` (`code`, `country_code`, `subadmin1_code`, `name`, `active`) VALUES ('HN.15.1510','HN','HN.15','{\"en\":\"Guata\"}',1);
INSERT INTO `__PREFIX__subadmin2` (`code`, `country_code`, `subadmin1_code`, `name`, `active`) VALUES ('HN.10.1001','HN','HN.10','{\"en\":\"La Esperanza\"}',1);
INSERT INTO `__PREFIX__subadmin2` (`code`, `country_code`, `subadmin1_code`, `name`, `active`) VALUES ('HN.14.1406','HN','HN.14','{\"en\":\"La Encarnación\"}',1);
INSERT INTO `__PREFIX__subadmin2` (`code`, `country_code`, `subadmin1_code`, `name`, `active`) VALUES ('HN.01.0101','HN','HN.01','{\"en\":\"La Ceiba\"}',1);
INSERT INTO `__PREFIX__subadmin2` (`code`, `country_code`, `subadmin1_code`, `name`, `active`) VALUES ('HN.13.1308','HN','HN.13','{\"en\":\"La Campa\"}',1);
INSERT INTO `__PREFIX__subadmin2` (`code`, `country_code`, `subadmin1_code`, `name`, `active`) VALUES ('HN.15.1501','HN','HN.15','{\"en\":\"Juticalpa\"}',1);
INSERT INTO `__PREFIX__subadmin2` (`code`, `country_code`, `subadmin1_code`, `name`, `active`) VALUES ('HN.01.0104','HN','HN.01','{\"en\":\"Jutiapa\"}',1);
INSERT INTO `__PREFIX__subadmin2` (`code`, `country_code`, `subadmin1_code`, `name`, `active`) VALUES ('HN.11.1103','HN','HN.11','{\"en\":\"José Santos Guardiola\"}',1);
INSERT INTO `__PREFIX__subadmin2` (`code`, `country_code`, `subadmin1_code`, `name`, `active`) VALUES ('HN.18.1805','HN','HN.18','{\"en\":\"Jocón\"}',1);
INSERT INTO `__PREFIX__subadmin2` (`code`, `country_code`, `subadmin1_code`, `name`, `active`) VALUES ('HN.10.1007','HN','HN.10','{\"en\":\"Jesús de Otoro\"}',1);
INSERT INTO `__PREFIX__subadmin2` (`code`, `country_code`, `subadmin1_code`, `name`, `active`) VALUES ('HN.15.1512','HN','HN.15','{\"en\":\"Jano\"}',1);
INSERT INTO `__PREFIX__subadmin2` (`code`, `country_code`, `subadmin1_code`, `name`, `active`) VALUES ('HN.07.0706','HN','HN.07','{\"en\":\"Jacaleapa\"}',1);
INSERT INTO `__PREFIX__subadmin2` (`code`, `country_code`, `subadmin1_code`, `name`, `active`) VALUES ('HN.03.0203','HN','HN.03','{\"en\":\"Iriona\"}',1);
INSERT INTO `__PREFIX__subadmin2` (`code`, `country_code`, `subadmin1_code`, `name`, `active`) VALUES ('HN.10.1006','HN','HN.10','{\"en\":\"Intibucá\"}',1);
INSERT INTO `__PREFIX__subadmin2` (`code`, `country_code`, `subadmin1_code`, `name`, `active`) VALUES ('HN.16.1611','HN','HN.16','{\"en\":\"Ilama\"}',1);
INSERT INTO `__PREFIX__subadmin2` (`code`, `country_code`, `subadmin1_code`, `name`, `active`) VALUES ('HN.04.0305','HN','HN.04','{\"en\":\"Humuya\"}',1);
INSERT INTO `__PREFIX__subadmin2` (`code`, `country_code`, `subadmin1_code`, `name`, `active`) VALUES ('HN.07.0705','HN','HN.07','{\"en\":\"Güinope\"}',1);
INSERT INTO `__PREFIX__subadmin2` (`code`, `country_code`, `subadmin1_code`, `name`, `active`) VALUES ('HN.15.1511','HN','HN.15','{\"en\":\"Guayape\"}',1);
INSERT INTO `__PREFIX__subadmin2` (`code`, `country_code`, `subadmin1_code`, `name`, `active`) VALUES ('HN.15.1509','HN','HN.15','{\"en\":\"Guarizama\"}',1);
INSERT INTO `__PREFIX__subadmin2` (`code`, `country_code`, `subadmin1_code`, `name`, `active`) VALUES ('HN.13.1307','HN','HN.13','{\"en\":\"Guarita\"}',1);
INSERT INTO `__PREFIX__subadmin2` (`code`, `country_code`, `subadmin1_code`, `name`, `active`) VALUES ('HN.11.1102','HN','HN.11','{\"en\":\"Guanaja\"}',1);
INSERT INTO `__PREFIX__subadmin2` (`code`, `country_code`, `subadmin1_code`, `name`, `active`) VALUES ('HN.13.1306','HN','HN.13','{\"en\":\"Gualcince\"}',1);
INSERT INTO `__PREFIX__subadmin2` (`code`, `country_code`, `subadmin1_code`, `name`, `active`) VALUES ('HN.16.1610','HN','HN.16','{\"en\":\"Gualala\"}',1);
INSERT INTO `__PREFIX__subadmin2` (`code`, `country_code`, `subadmin1_code`, `name`, `active`) VALUES ('HN.15.1508','HN','HN.15','{\"en\":\"Gualaco\"}',1);
INSERT INTO `__PREFIX__subadmin2` (`code`, `country_code`, `subadmin1_code`, `name`, `active`) VALUES ('HN.12.1206','HN','HN.12','{\"en\":\"Guajiquiro\"}',1);
INSERT INTO `__PREFIX__subadmin2` (`code`, `country_code`, `subadmin1_code`, `name`, `active`) VALUES ('HN.08.0806','HN','HN.08','{\"en\":\"Guaimaca\"}',1);
INSERT INTO `__PREFIX__subadmin2` (`code`, `country_code`, `subadmin1_code`, `name`, `active`) VALUES ('HN.13.1301','HN','HN.13','{\"en\":\"Gracias\"}',1);
INSERT INTO `__PREFIX__subadmin2` (`code`, `country_code`, `subadmin1_code`, `name`, `active`) VALUES ('HN.17.1706','HN','HN.17','{\"en\":\"Goascorán\"}',1);
INSERT INTO `__PREFIX__subadmin2` (`code`, `country_code`, `subadmin1_code`, `name`, `active`) VALUES ('HN.14.1405','HN','HN.14','{\"en\":\"Fraternidad\"}',1);
INSERT INTO `__PREFIX__subadmin2` (`code`, `country_code`, `subadmin1_code`, `name`, `active`) VALUES ('HN.05.0410','HN','HN.05','{\"en\":\"Florida\"}',1);
INSERT INTO `__PREFIX__subadmin2` (`code`, `country_code`, `subadmin1_code`, `name`, `active`) VALUES ('HN.15.1507','HN','HN.15','{\"en\":\"Esquipulas del Norte\"}',1);
INSERT INTO `__PREFIX__subadmin2` (`code`, `country_code`, `subadmin1_code`, `name`, `active`) VALUES ('HN.04.0304','HN','HN.04','{\"en\":\"Esquías\"}',1);
INSERT INTO `__PREFIX__subadmin2` (`code`, `country_code`, `subadmin1_code`, `name`, `active`) VALUES ('HN.01.0103','HN','HN.01','{\"en\":\"Esparta\"}',1);
INSERT INTO `__PREFIX__subadmin2` (`code`, `country_code`, `subadmin1_code`, `name`, `active`) VALUES ('HN.13.1305','HN','HN.13','{\"en\":\"Erandique\"}',1);
INSERT INTO `__PREFIX__subadmin2` (`code`, `country_code`, `subadmin1_code`, `name`, `active`) VALUES ('HN.02.0606','HN','HN.02','{\"en\":\"El Triunfo\"}',1);
INSERT INTO `__PREFIX__subadmin2` (`code`, `country_code`, `subadmin1_code`, `name`, `active`) VALUES ('HN.15.1506','HN','HN.15','{\"en\":\"El Rosario\"}',1);
INSERT INTO `__PREFIX__subadmin2` (`code`, `country_code`, `subadmin1_code`, `name`, `active`) VALUES ('HN.04.0303','HN','HN.04','{\"en\":\"El Rosario\"}',1);
INSERT INTO `__PREFIX__subadmin2` (`code`, `country_code`, `subadmin1_code`, `name`, `active`) VALUES ('HN.18.1804','HN','HN.18','{\"en\":\"El Progreso\"}',1);
INSERT INTO `__PREFIX__subadmin2` (`code`, `country_code`, `subadmin1_code`, `name`, `active`) VALUES ('HN.01.0102','HN','HN.01','{\"en\":\"El Porvenir\"}',1);
INSERT INTO `__PREFIX__subadmin2` (`code`, `country_code`, `subadmin1_code`, `name`, `active`) VALUES ('HN.08.0805','HN','HN.08','{\"en\":\"El Porvenir\"}',1);
INSERT INTO `__PREFIX__subadmin2` (`code`, `country_code`, `subadmin1_code`, `name`, `active`) VALUES ('HN.05.0409','HN','HN.05','{\"en\":\"El Paraíso\"}',1);
INSERT INTO `__PREFIX__subadmin2` (`code`, `country_code`, `subadmin1_code`, `name`, `active`) VALUES ('HN.07.0704','HN','HN.07','{\"en\":\"El Paraíso\"}',1);
INSERT INTO `__PREFIX__subadmin2` (`code`, `country_code`, `subadmin1_code`, `name`, `active`) VALUES ('HN.16.1609','HN','HN.16','{\"en\":\"El Níspero\"}',1);
INSERT INTO `__PREFIX__subadmin2` (`code`, `country_code`, `subadmin1_code`, `name`, `active`) VALUES ('HN.18.1803','HN','HN.18','{\"en\":\"El Negrito\"}',1);
INSERT INTO `__PREFIX__subadmin2` (`code`, `country_code`, `subadmin1_code`, `name`, `active`) VALUES ('HN.02.0605','HN','HN.02','{\"en\":\"El Corpus\"}',1);
INSERT INTO `__PREFIX__subadmin2` (`code`, `country_code`, `subadmin1_code`, `name`, `active`) VALUES ('HN.02.0604','HN','HN.02','{\"en\":\"Duyure\"}',1);
INSERT INTO `__PREFIX__subadmin2` (`code`, `country_code`, `subadmin1_code`, `name`, `active`) VALUES ('HN.15.1505','HN','HN.15','{\"en\":\"Dulce Nombre de Culmí\"}',1);
INSERT INTO `__PREFIX__subadmin2` (`code`, `country_code`, `subadmin1_code`, `name`, `active`) VALUES ('HN.05.0408','HN','HN.05','{\"en\":\"Dulce Nombre\"}',1);
INSERT INTO `__PREFIX__subadmin2` (`code`, `country_code`, `subadmin1_code`, `name`, `active`) VALUES ('HN.14.1404','HN','HN.14','{\"en\":\"Dolores Merendón\"}',1);
INSERT INTO `__PREFIX__subadmin2` (`code`, `country_code`, `subadmin1_code`, `name`, `active`) VALUES ('HN.05.0407','HN','HN.05','{\"en\":\"Dolores\"}',1);
INSERT INTO `__PREFIX__subadmin2` (`code`, `country_code`, `subadmin1_code`, `name`, `active`) VALUES ('HN.10.1005','HN','HN.10','{\"en\":\"Dolores\"}',1);
INSERT INTO `__PREFIX__subadmin2` (`code`, `country_code`, `subadmin1_code`, `name`, `active`) VALUES ('HN.07.0703','HN','HN.07','{\"en\":\"Danlí\"}',1);
INSERT INTO `__PREFIX__subadmin2` (`code`, `country_code`, `subadmin1_code`, `name`, `active`) VALUES ('HN.08.0804','HN','HN.08','{\"en\":\"Curarén\"}',1);
INSERT INTO `__PREFIX__subadmin2` (`code`, `country_code`, `subadmin1_code`, `name`, `active`) VALUES ('HN.05.0406','HN','HN.05','{\"en\":\"Cucuyagua\"}',1);
INSERT INTO `__PREFIX__subadmin2` (`code`, `country_code`, `subadmin1_code`, `name`, `active`) VALUES ('HN.05.0405','HN','HN.05','{\"en\":\"Corquín\"}',1);
INSERT INTO `__PREFIX__subadmin2` (`code`, `country_code`, `subadmin1_code`, `name`, `active`) VALUES ('HN.05.0404','HN','HN.05','{\"en\":\"Copán Ruinas\"}',1);
INSERT INTO `__PREFIX__subadmin2` (`code`, `country_code`, `subadmin1_code`, `name`, `active`) VALUES ('HN.15.1504','HN','HN.15','{\"en\":\"Concordia\"}',1);
INSERT INTO `__PREFIX__subadmin2` (`code`, `country_code`, `subadmin1_code`, `name`, `active`) VALUES ('HN.02.0603','HN','HN.02','{\"en\":\"Concepción de María\"}',1);
INSERT INTO `__PREFIX__subadmin2` (`code`, `country_code`, `subadmin1_code`, `name`, `active`) VALUES ('HN.16.1607','HN','HN.16','{\"en\":\"Concepción del Sur\"}',1);
INSERT INTO `__PREFIX__subadmin2` (`code`, `country_code`, `subadmin1_code`, `name`, `active`) VALUES ('HN.16.1606','HN','HN.16','{\"en\":\"Concepción del Norte\"}',1);
INSERT INTO `__PREFIX__subadmin2` (`code`, `country_code`, `subadmin1_code`, `name`, `active`) VALUES ('HN.05.0403','HN','HN.05','{\"en\":\"Concepción\"}',1);
INSERT INTO `__PREFIX__subadmin2` (`code`, `country_code`, `subadmin1_code`, `name`, `active`) VALUES ('HN.14.1403','HN','HN.14','{\"en\":\"Concepción\"}',1);
INSERT INTO `__PREFIX__subadmin2` (`code`, `country_code`, `subadmin1_code`, `name`, `active`) VALUES ('HN.10.1004','HN','HN.10','{\"en\":\"Concepción\"}',1);
INSERT INTO `__PREFIX__subadmin2` (`code`, `country_code`, `subadmin1_code`, `name`, `active`) VALUES ('HN.04.0301','HN','HN.04','{\"en\":\"Comayagua\"}',1);
INSERT INTO `__PREFIX__subadmin2` (`code`, `country_code`, `subadmin1_code`, `name`, `active`) VALUES ('HN.10.1003','HN','HN.10','{\"en\":\"Colomoncagua\"}',1);
INSERT INTO `__PREFIX__subadmin2` (`code`, `country_code`, `subadmin1_code`, `name`, `active`) VALUES ('HN.13.1304','HN','HN.13','{\"en\":\"Cololaca\"}',1);
INSERT INTO `__PREFIX__subadmin2` (`code`, `country_code`, `subadmin1_code`, `name`, `active`) VALUES ('HN.02.0601','HN','HN.02','{\"en\":\"Choluteca\"}',1);
INSERT INTO `__PREFIX__subadmin2` (`code`, `country_code`, `subadmin1_code`, `name`, `active`) VALUES ('HN.06.0502','HN','HN.06','{\"en\":\"Choloma\"}',1);
INSERT INTO `__PREFIX__subadmin2` (`code`, `country_code`, `subadmin1_code`, `name`, `active`) VALUES ('HN.16.1608','HN','HN.16','{\"en\":\"Chinda\"}',1);
INSERT INTO `__PREFIX__subadmin2` (`code`, `country_code`, `subadmin1_code`, `name`, `active`) VALUES ('HN.12.1205','HN','HN.12','{\"en\":\"Chinacla\"}',1);
INSERT INTO `__PREFIX__subadmin2` (`code`, `country_code`, `subadmin1_code`, `name`, `active`) VALUES ('HN.08.0801','HN','HN.08','{\"en\":\"Distrito Central\"}',1);
INSERT INTO `__PREFIX__subadmin2` (`code`, `country_code`, `subadmin1_code`, `name`, `active`) VALUES ('HN.16.1605','HN','HN.16','{\"en\":\"Ceguaca\"}',1);
INSERT INTO `__PREFIX__subadmin2` (`code`, `country_code`, `subadmin1_code`, `name`, `active`) VALUES ('HN.08.0803','HN','HN.08','{\"en\":\"Cedros\"}',1);
INSERT INTO `__PREFIX__subadmin2` (`code`, `country_code`, `subadmin1_code`, `name`, `active`) VALUES ('HN.15.1503','HN','HN.15','{\"en\":\"Catacamas\"}',1);
INSERT INTO `__PREFIX__subadmin2` (`code`, `country_code`, `subadmin1_code`, `name`, `active`) VALUES ('HN.17.1705','HN','HN.17','{\"en\":\"Caridad\"}',1);
INSERT INTO `__PREFIX__subadmin2` (`code`, `country_code`, `subadmin1_code`, `name`, `active`) VALUES ('HN.12.1204','HN','HN.12','{\"en\":\"Cane\"}',1);
INSERT INTO `__PREFIX__subadmin2` (`code`, `country_code`, `subadmin1_code`, `name`, `active`) VALUES ('HN.13.1303','HN','HN.13','{\"en\":\"Candelaria\"}',1);
INSERT INTO `__PREFIX__subadmin2` (`code`, `country_code`, `subadmin1_code`, `name`, `active`) VALUES ('HN.15.1502','HN','HN.15','{\"en\":\"Campamento\"}',1);
INSERT INTO `__PREFIX__subadmin2` (`code`, `country_code`, `subadmin1_code`, `name`, `active`) VALUES ('HN.10.1002','HN','HN.10','{\"en\":\"Camasca\"}',1);
INSERT INTO `__PREFIX__subadmin2` (`code`, `country_code`, `subadmin1_code`, `name`, `active`) VALUES ('HN.05.0402','HN','HN.05','{\"en\":\"Cabañas\"}',1);
INSERT INTO `__PREFIX__subadmin2` (`code`, `country_code`, `subadmin1_code`, `name`, `active`) VALUES ('HN.12.1203','HN','HN.12','{\"en\":\"Cabañas\"}',1);
INSERT INTO `__PREFIX__subadmin2` (`code`, `country_code`, `subadmin1_code`, `name`, `active`) VALUES ('HN.09.0902','HN','HN.09','{\"en\":\"Brus Laguna\"}',1);
INSERT INTO `__PREFIX__subadmin2` (`code`, `country_code`, `subadmin1_code`, `name`, `active`) VALUES ('HN.14.1402','HN','HN.14','{\"en\":\"Belén Gualcho\"}',1);
INSERT INTO `__PREFIX__subadmin2` (`code`, `country_code`, `subadmin1_code`, `name`, `active`) VALUES ('HN.13.1302','HN','HN.13','{\"en\":\"Belén\"}',1);
INSERT INTO `__PREFIX__subadmin2` (`code`, `country_code`, `subadmin1_code`, `name`, `active`) VALUES ('HN.03.0202','HN','HN.03','{\"en\":\"Balfate\"}',1);
INSERT INTO `__PREFIX__subadmin2` (`code`, `country_code`, `subadmin1_code`, `name`, `active`) VALUES ('HN.16.1604','HN','HN.16','{\"en\":\"Azacualpa\"}',1);
INSERT INTO `__PREFIX__subadmin2` (`code`, `country_code`, `subadmin1_code`, `name`, `active`) VALUES ('HN.16.1603','HN','HN.16','{\"en\":\"Atima\"}',1);
INSERT INTO `__PREFIX__subadmin2` (`code`, `country_code`, `subadmin1_code`, `name`, `active`) VALUES ('HN.18.1802','HN','HN.18','{\"en\":\"Arenal\"}',1);
INSERT INTO `__PREFIX__subadmin2` (`code`, `country_code`, `subadmin1_code`, `name`, `active`) VALUES ('HN.17.1704','HN','HN.17','{\"en\":\"Aramecina\"}',1);
INSERT INTO `__PREFIX__subadmin2` (`code`, `country_code`, `subadmin1_code`, `name`, `active`) VALUES ('HN.16.1602','HN','HN.16','{\"en\":\"Arada\"}',1);
INSERT INTO `__PREFIX__subadmin2` (`code`, `country_code`, `subadmin1_code`, `name`, `active`) VALUES ('HN.02.0602','HN','HN.02','{\"en\":\"Apacilagua\"}',1);
INSERT INTO `__PREFIX__subadmin2` (`code`, `country_code`, `subadmin1_code`, `name`, `active`) VALUES ('HN.17.1703','HN','HN.17','{\"en\":\"Amapala\"}',1);
INSERT INTO `__PREFIX__subadmin2` (`code`, `country_code`, `subadmin1_code`, `name`, `active`) VALUES ('HN.08.0802','HN','HN.08','{\"en\":\"Alubarén\"}',1);
INSERT INTO `__PREFIX__subadmin2` (`code`, `country_code`, `subadmin1_code`, `name`, `active`) VALUES ('HN.17.1702','HN','HN.17','{\"en\":\"Alianza\"}',1);
INSERT INTO `__PREFIX__subadmin2` (`code`, `country_code`, `subadmin1_code`, `name`, `active`) VALUES ('HN.07.0702','HN','HN.07','{\"en\":\"Alauca\"}',1);
INSERT INTO `__PREFIX__subadmin2` (`code`, `country_code`, `subadmin1_code`, `name`, `active`) VALUES ('HN.04.0302','HN','HN.04','{\"en\":\"Ajuterique\"}',1);
INSERT INTO `__PREFIX__subadmin2` (`code`, `country_code`, `subadmin1_code`, `name`, `active`) VALUES ('HN.12.1202','HN','HN.12','{\"en\":\"Aguanqueterique\"}',1);
INSERT INTO `__PREFIX__subadmin2` (`code`, `country_code`, `subadmin1_code`, `name`, `active`) VALUES ('HN.06.0512','HN','HN.06','{\"en\":\"La Lima\"}',1);
INSERT INTO `__PREFIX__subadmin2` (`code`, `country_code`, `subadmin1_code`, `name`, `active`) VALUES ('HN.06.0506','HN','HN.06','{\"en\":\"Puerto Cortés\"}',1);
INSERT INTO `__PREFIX__subadmin2` (`code`, `country_code`, `subadmin1_code`, `name`, `active`) VALUES ('HN.10.1017','HN','HN.10','{\"en\":\"San Francisco de Opalaca\"}',1);
INSERT INTO `__PREFIX__subadmin2` (`code`, `country_code`, `subadmin1_code`, `name`, `active`) VALUES ('HN.13.1328','HN','HN.13','{\"en\":\"San Marcos de Caiquin\"}',1);
INSERT INTO `__PREFIX__subadmin2` (`code`, `country_code`, `subadmin1_code`, `name`, `active`) VALUES ('HN.15.1523','HN','HN.15','{\"en\":\"Patuca\"}',1);
INSERT INTO `__PREFIX__subadmin2` (`code`, `country_code`, `subadmin1_code`, `name`, `active`) VALUES ('HN.09.0904','HN','HN.09','{\"en\":\"Juan Francisco Bulnes\"}',1);
INSERT INTO `__PREFIX__subadmin2` (`code`, `country_code`, `subadmin1_code`, `name`, `active`) VALUES ('HN.09.0905','HN','HN.09','{\"en\":\"Villeda Morales\"}',1);
INSERT INTO `__PREFIX__subadmin2` (`code`, `country_code`, `subadmin1_code`, `name`, `active`) VALUES ('HN.09.0903','HN','HN.09','{\"en\":\"Ahuas\"}',1);
INSERT INTO `__PREFIX__subadmin2` (`code`, `country_code`, `subadmin1_code`, `name`, `active`) VALUES ('HN.16.1628','HN','HN.16','{\"en\":\"Nueva Frontera\"}',1);
INSERT INTO `__PREFIX__subadmin2` (`code`, `country_code`, `subadmin1_code`, `name`, `active`) VALUES ('HN.16.1627','HN','HN.16','{\"en\":\"Las Vegas\"}',1);
INSERT INTO `__PREFIX__subadmin2` (`code`, `country_code`, `subadmin1_code`, `name`, `active`) VALUES ('HN.08.0828','HN','HN.08','{\"en\":\"Vallecillo\"}',1);
INSERT INTO `__PREFIX__subadmin2` (`code`, `country_code`, `subadmin1_code`, `name`, `active`) VALUES ('HN.07.0719','HN','HN.07','{\"en\":\"Trojes\"}',1);
INSERT INTO `__PREFIX__subadmin2` (`code`, `country_code`, `subadmin1_code`, `name`, `active`) VALUES ('HN.04.0320','HN','HN.04','{\"en\":\"Las Lajas\"}',1);
INSERT INTO `__PREFIX__subadmin2` (`code`, `country_code`, `subadmin1_code`, `name`, `active`) VALUES ('HN.01.0108','HN','HN.01','{\"en\":\"Arizona\"}',1);
INSERT INTO `__PREFIX__subadmin2` (`code`, `country_code`, `subadmin1_code`, `name`, `active`) VALUES ('HN.03.0210','HN','HN.03','{\"en\":\"Bonito Oriental\"}',1);
INSERT INTO `__PREFIX__subadmin2` (`code`, `country_code`, `subadmin1_code`, `name`, `active`) VALUES ('HN.04.0321','HN','HN.04','{\"en\":\"Taulabé\"}',1);
/*!40000 ALTER TABLE `__PREFIX__subadmin2` ENABLE KEYS */;

--
-- Dumping data for table `__PREFIX__cities`
--

/*!40000 ALTER TABLE `__PREFIX__cities` DISABLE KEYS */;
INSERT INTO `__PREFIX__cities` (`country_code`, `name`, `longitude`, `latitude`, `feature_class`, `feature_code`, `subadmin1_code`, `subadmin2_code`, `population`, `time_zone`, `active`, `created_at`, `updated_at`) VALUES ('HN','{\"en\":\"Puerto Cortez\"}',-87.93,15.83,'P','PPL','HN.06',NULL,48013,'America/Tegucigalpa',1,'2016-02-01 23:00:00','2016-02-01 23:00:00');
INSERT INTO `__PREFIX__cities` (`country_code`, `name`, `longitude`, `latitude`, `feature_class`, `feature_code`, `subadmin1_code`, `subadmin2_code`, `population`, `time_zone`, `active`, `created_at`, `updated_at`) VALUES ('HN','{\"en\":\"Yuscarán\"}',-86.85,13.94,'P','PPLA','HN.07',NULL,2371,'America/Tegucigalpa',1,'2013-01-09 23:00:00','2013-01-09 23:00:00');
INSERT INTO `__PREFIX__cities` (`country_code`, `name`, `longitude`, `latitude`, `feature_class`, `feature_code`, `subadmin1_code`, `subadmin2_code`, `population`, `time_zone`, `active`, `created_at`, `updated_at`) VALUES ('HN','{\"en\":\"Yoro\"}',-87.13,15.14,'P','PPLA','HN.18','HN.18.1801',15774,'America/Tegucigalpa',1,'2017-04-30 23:00:00','2017-04-30 23:00:00');
INSERT INTO `__PREFIX__cities` (`country_code`, `name`, `longitude`, `latitude`, `feature_class`, `feature_code`, `subadmin1_code`, `subadmin2_code`, `population`, `time_zone`, `active`, `created_at`, `updated_at`) VALUES ('HN','{\"en\":\"Villanueva\"}',-87.99,15.31,'P','PPL','HN.06',NULL,31571,'America/Tegucigalpa',1,'2021-08-05 23:00:00','2021-08-05 23:00:00');
INSERT INTO `__PREFIX__cities` (`country_code`, `name`, `longitude`, `latitude`, `feature_class`, `feature_code`, `subadmin1_code`, `subadmin2_code`, `population`, `time_zone`, `active`, `created_at`, `updated_at`) VALUES ('HN','{\"en\":\"Villa de San Francisco\"}',-86.97,14.17,'P','PPL','HN.08',NULL,5914,'America/Tegucigalpa',1,'2012-01-17 23:00:00','2012-01-17 23:00:00');
INSERT INTO `__PREFIX__cities` (`country_code`, `name`, `longitude`, `latitude`, `feature_class`, `feature_code`, `subadmin1_code`, `subadmin2_code`, `population`, `time_zone`, `active`, `created_at`, `updated_at`) VALUES ('HN','{\"en\":\"Villa de San Antonio\"}',-87.61,14.33,'P','PPL','HN.04',NULL,5390,'America/Tegucigalpa',1,'2021-08-05 23:00:00','2021-08-05 23:00:00');
INSERT INTO `__PREFIX__cities` (`country_code`, `name`, `longitude`, `latitude`, `feature_class`, `feature_code`, `subadmin1_code`, `subadmin2_code`, `population`, `time_zone`, `active`, `created_at`, `updated_at`) VALUES ('HN','{\"en\":\"Trujillo\"}',-85.95,15.92,'P','PPLA','HN.03',NULL,9646,'America/Tegucigalpa',1,'2013-01-09 23:00:00','2013-01-09 23:00:00');
INSERT INTO `__PREFIX__cities` (`country_code`, `name`, `longitude`, `latitude`, `feature_class`, `feature_code`, `subadmin1_code`, `subadmin2_code`, `population`, `time_zone`, `active`, `created_at`, `updated_at`) VALUES ('HN','{\"en\":\"Tocoa\"}',-86.00,15.68,'P','PPL','HN.03',NULL,30785,'America/Tegucigalpa',1,'2012-01-17 23:00:00','2012-01-17 23:00:00');
INSERT INTO `__PREFIX__cities` (`country_code`, `name`, `longitude`, `latitude`, `feature_class`, `feature_code`, `subadmin1_code`, `subadmin2_code`, `population`, `time_zone`, `active`, `created_at`, `updated_at`) VALUES ('HN','{\"en\":\"Tela\"}',-87.47,15.77,'P','PPL','HN.01',NULL,29325,'America/Tegucigalpa',1,'2014-07-01 23:00:00','2014-07-01 23:00:00');
INSERT INTO `__PREFIX__cities` (`country_code`, `name`, `longitude`, `latitude`, `feature_class`, `feature_code`, `subadmin1_code`, `subadmin2_code`, `population`, `time_zone`, `active`, `created_at`, `updated_at`) VALUES ('HN','{\"en\":\"Tegucigalpa\"}',-87.21,14.08,'P','PPLC','HN.08',NULL,850848,'America/Tegucigalpa',1,'2019-09-04 23:00:00','2019-09-04 23:00:00');
INSERT INTO `__PREFIX__cities` (`country_code`, `name`, `longitude`, `latitude`, `feature_class`, `feature_code`, `subadmin1_code`, `subadmin2_code`, `population`, `time_zone`, `active`, `created_at`, `updated_at`) VALUES ('HN','{\"en\":\"Talanga\"}',-87.08,14.40,'P','PPL','HN.08',NULL,13492,'America/Tegucigalpa',1,'2016-03-09 23:00:00','2016-03-09 23:00:00');
INSERT INTO `__PREFIX__cities` (`country_code`, `name`, `longitude`, `latitude`, `feature_class`, `feature_code`, `subadmin1_code`, `subadmin2_code`, `population`, `time_zone`, `active`, `created_at`, `updated_at`) VALUES ('HN','{\"en\":\"Siguatepeque\"}',-87.83,14.60,'P','PPL','HN.04',NULL,43141,'America/Tegucigalpa',1,'2021-08-05 23:00:00','2021-08-05 23:00:00');
INSERT INTO `__PREFIX__cities` (`country_code`, `name`, `longitude`, `latitude`, `feature_class`, `feature_code`, `subadmin1_code`, `subadmin2_code`, `population`, `time_zone`, `active`, `created_at`, `updated_at`) VALUES ('HN','{\"en\":\"Sabá\"}',-86.25,15.47,'P','PPL','HN.03',NULL,9666,'America/Tegucigalpa',1,'2012-01-17 23:00:00','2012-01-17 23:00:00');
INSERT INTO `__PREFIX__cities` (`country_code`, `name`, `longitude`, `latitude`, `feature_class`, `feature_code`, `subadmin1_code`, `subadmin2_code`, `population`, `time_zone`, `active`, `created_at`, `updated_at`) VALUES ('HN','{\"en\":\"Santa Rosa de Copán\"}',-88.78,14.77,'P','PPLA','HN.05',NULL,27753,'America/Tegucigalpa',1,'2020-06-09 23:00:00','2020-06-09 23:00:00');
INSERT INTO `__PREFIX__cities` (`country_code`, `name`, `longitude`, `latitude`, `feature_class`, `feature_code`, `subadmin1_code`, `subadmin2_code`, `population`, `time_zone`, `active`, `created_at`, `updated_at`) VALUES ('HN','{\"en\":\"Santa Rita\"}',-87.28,15.17,'P','PPL','HN.18',NULL,12869,'America/Tegucigalpa',1,'2006-01-16 23:00:00','2006-01-16 23:00:00');
INSERT INTO `__PREFIX__cities` (`country_code`, `name`, `longitude`, `latitude`, `feature_class`, `feature_code`, `subadmin1_code`, `subadmin2_code`, `population`, `time_zone`, `active`, `created_at`, `updated_at`) VALUES ('HN','{\"en\":\"Santa Cruz de Yojoa\"}',-87.89,14.98,'P','PPL','HN.06',NULL,10230,'America/Tegucigalpa',1,'2021-08-05 23:00:00','2021-08-05 23:00:00');
INSERT INTO `__PREFIX__cities` (`country_code`, `name`, `longitude`, `latitude`, `feature_class`, `feature_code`, `subadmin1_code`, `subadmin2_code`, `population`, `time_zone`, `active`, `created_at`, `updated_at`) VALUES ('HN','{\"en\":\"Santa Bárbara\"}',-88.24,14.92,'P','PPLA','HN.16',NULL,15119,'America/Tegucigalpa',1,'2013-04-03 23:00:00','2013-04-03 23:00:00');
INSERT INTO `__PREFIX__cities` (`country_code`, `name`, `longitude`, `latitude`, `feature_class`, `feature_code`, `subadmin1_code`, `subadmin2_code`, `population`, `time_zone`, `active`, `created_at`, `updated_at`) VALUES ('HN','{\"en\":\"San Pedro Sula\"}',-88.03,15.50,'P','PPLA','HN.06',NULL,489466,'America/Tegucigalpa',1,'2019-09-04 23:00:00','2019-09-04 23:00:00');
INSERT INTO `__PREFIX__cities` (`country_code`, `name`, `longitude`, `latitude`, `feature_class`, `feature_code`, `subadmin1_code`, `subadmin2_code`, `population`, `time_zone`, `active`, `created_at`, `updated_at`) VALUES ('HN','{\"en\":\"San Marcos de Colón\"}',-86.80,13.43,'P','PPL','HN.02',NULL,8821,'America/Tegucigalpa',1,'2020-06-09 23:00:00','2020-06-09 23:00:00');
INSERT INTO `__PREFIX__cities` (`country_code`, `name`, `longitude`, `latitude`, `feature_class`, `feature_code`, `subadmin1_code`, `subadmin2_code`, `population`, `time_zone`, `active`, `created_at`, `updated_at`) VALUES ('HN','{\"en\":\"San Marcos\"}',-88.96,14.41,'P','PPL','HN.14',NULL,5346,'America/Tegucigalpa',1,'2021-08-05 23:00:00','2021-08-05 23:00:00');
INSERT INTO `__PREFIX__cities` (`country_code`, `name`, `longitude`, `latitude`, `feature_class`, `feature_code`, `subadmin1_code`, `subadmin2_code`, `population`, `time_zone`, `active`, `created_at`, `updated_at`) VALUES ('HN','{\"en\":\"San Manuel\"}',-87.92,15.33,'P','PPL','HN.06',NULL,6389,'America/Tegucigalpa',1,'2021-08-05 23:00:00','2021-08-05 23:00:00');
INSERT INTO `__PREFIX__cities` (`country_code`, `name`, `longitude`, `latitude`, `feature_class`, `feature_code`, `subadmin1_code`, `subadmin2_code`, `population`, `time_zone`, `active`, `created_at`, `updated_at`) VALUES ('HN','{\"en\":\"San Luis\"}',-88.44,15.13,'P','PPL','HN.16',NULL,5733,'America/Tegucigalpa',1,'2021-08-05 23:00:00','2021-08-05 23:00:00');
INSERT INTO `__PREFIX__cities` (`country_code`, `name`, `longitude`, `latitude`, `feature_class`, `feature_code`, `subadmin1_code`, `subadmin2_code`, `population`, `time_zone`, `active`, `created_at`, `updated_at`) VALUES ('HN','{\"en\":\"San Lorenzo\"}',-87.45,13.42,'P','PPL','HN.17',NULL,22289,'America/Tegucigalpa',1,'2018-07-03 23:00:00','2018-07-03 23:00:00');
INSERT INTO `__PREFIX__cities` (`country_code`, `name`, `longitude`, `latitude`, `feature_class`, `feature_code`, `subadmin1_code`, `subadmin2_code`, `population`, `time_zone`, `active`, `created_at`, `updated_at`) VALUES ('HN','{\"en\":\"San Juan Pueblo\"}',-87.23,15.58,'P','PPL','HN.01',NULL,5735,'America/Tegucigalpa',1,'2012-01-17 23:00:00','2012-01-17 23:00:00');
INSERT INTO `__PREFIX__cities` (`country_code`, `name`, `longitude`, `latitude`, `feature_class`, `feature_code`, `subadmin1_code`, `subadmin2_code`, `population`, `time_zone`, `active`, `created_at`, `updated_at`) VALUES ('HN','{\"en\":\"San Francisco de la Paz\"}',-86.20,14.90,'P','PPL','HN.15',NULL,5411,'America/Tegucigalpa',1,'2012-01-17 23:00:00','2012-01-17 23:00:00');
INSERT INTO `__PREFIX__cities` (`country_code`, `name`, `longitude`, `latitude`, `feature_class`, `feature_code`, `subadmin1_code`, `subadmin2_code`, `population`, `time_zone`, `active`, `created_at`, `updated_at`) VALUES ('HN','{\"en\":\"Coxen Hole\"}',-86.54,16.32,'P','PPLA','HN.11','HN.11.1101',7514,'America/Tegucigalpa',1,'2014-08-18 23:00:00','2014-08-18 23:00:00');
INSERT INTO `__PREFIX__cities` (`country_code`, `name`, `longitude`, `latitude`, `feature_class`, `feature_code`, `subadmin1_code`, `subadmin2_code`, `population`, `time_zone`, `active`, `created_at`, `updated_at`) VALUES ('HN','{\"en\":\"Puerto Lempira\"}',-83.77,15.27,'P','PPLA','HN.09',NULL,4856,'America/Tegucigalpa',1,'2013-01-09 23:00:00','2013-01-09 23:00:00');
INSERT INTO `__PREFIX__cities` (`country_code`, `name`, `longitude`, `latitude`, `feature_class`, `feature_code`, `subadmin1_code`, `subadmin2_code`, `population`, `time_zone`, `active`, `created_at`, `updated_at`) VALUES ('HN','{\"en\":\"Potrerillos\"}',-87.96,15.23,'P','PPL','HN.06',NULL,15707,'America/Tegucigalpa',1,'2021-08-05 23:00:00','2021-08-05 23:00:00');
INSERT INTO `__PREFIX__cities` (`country_code`, `name`, `longitude`, `latitude`, `feature_class`, `feature_code`, `subadmin1_code`, `subadmin2_code`, `population`, `time_zone`, `active`, `created_at`, `updated_at`) VALUES ('HN','{\"en\":\"Pimienta Vieja\"}',-87.97,15.23,'P','PPL','HN.06',NULL,8761,'America/Tegucigalpa',1,'2018-12-04 23:00:00','2018-12-04 23:00:00');
INSERT INTO `__PREFIX__cities` (`country_code`, `name`, `longitude`, `latitude`, `feature_class`, `feature_code`, `subadmin1_code`, `subadmin2_code`, `population`, `time_zone`, `active`, `created_at`, `updated_at`) VALUES ('HN','{\"en\":\"Olanchito\"}',-86.57,15.48,'P','PPL','HN.18','HN.18.1807',25969,'America/Tegucigalpa',1,'2013-12-14 23:00:00','2013-12-14 23:00:00');
INSERT INTO `__PREFIX__cities` (`country_code`, `name`, `longitude`, `latitude`, `feature_class`, `feature_code`, `subadmin1_code`, `subadmin2_code`, `population`, `time_zone`, `active`, `created_at`, `updated_at`) VALUES ('HN','{\"en\":\"Nueva Ocotepeque\"}',-89.18,14.43,'P','PPLA','HN.14',NULL,8780,'America/Tegucigalpa',1,'2012-01-15 23:00:00','2012-01-15 23:00:00');
INSERT INTO `__PREFIX__cities` (`country_code`, `name`, `longitude`, `latitude`, `feature_class`, `feature_code`, `subadmin1_code`, `subadmin2_code`, `population`, `time_zone`, `active`, `created_at`, `updated_at`) VALUES ('HN','{\"en\":\"Nacaome\"}',-87.49,13.54,'P','PPLA','HN.17',NULL,13929,'America/Tegucigalpa',1,'2012-01-15 23:00:00','2012-01-15 23:00:00');
INSERT INTO `__PREFIX__cities` (`country_code`, `name`, `longitude`, `latitude`, `feature_class`, `feature_code`, `subadmin1_code`, `subadmin2_code`, `population`, `time_zone`, `active`, `created_at`, `updated_at`) VALUES ('HN','{\"en\":\"Morazán\"}',-87.60,15.32,'P','PPL','HN.18',NULL,11076,'America/Tegucigalpa',1,'2012-01-17 23:00:00','2012-01-17 23:00:00');
INSERT INTO `__PREFIX__cities` (`country_code`, `name`, `longitude`, `latitude`, `feature_class`, `feature_code`, `subadmin1_code`, `subadmin2_code`, `population`, `time_zone`, `active`, `created_at`, `updated_at`) VALUES ('HN','{\"en\":\"Monjarás\"}',-87.37,13.20,'P','PPL','HN.02',NULL,6772,'America/Tegucigalpa',1,'2018-07-03 23:00:00','2018-07-03 23:00:00');
INSERT INTO `__PREFIX__cities` (`country_code`, `name`, `longitude`, `latitude`, `feature_class`, `feature_code`, `subadmin1_code`, `subadmin2_code`, `population`, `time_zone`, `active`, `created_at`, `updated_at`) VALUES ('HN','{\"en\":\"Mezapa\"}',-87.65,15.58,'P','PPL','HN.01',NULL,6324,'America/Tegucigalpa',1,'2012-01-17 23:00:00','2012-01-17 23:00:00');
INSERT INTO `__PREFIX__cities` (`country_code`, `name`, `longitude`, `latitude`, `feature_class`, `feature_code`, `subadmin1_code`, `subadmin2_code`, `population`, `time_zone`, `active`, `created_at`, `updated_at`) VALUES ('HN','{\"en\":\"Marcala\"}',-88.03,14.16,'P','PPL','HN.12',NULL,10054,'America/Tegucigalpa',1,'2021-08-05 23:00:00','2021-08-05 23:00:00');
INSERT INTO `__PREFIX__cities` (`country_code`, `name`, `longitude`, `latitude`, `feature_class`, `feature_code`, `subadmin1_code`, `subadmin2_code`, `population`, `time_zone`, `active`, `created_at`, `updated_at`) VALUES ('HN','{\"en\":\"Las Vegas, Santa Barbara\"}',-88.07,14.88,'P','PPL','HN.16',NULL,7487,'America/Tegucigalpa',1,'2014-07-22 23:00:00','2014-07-22 23:00:00');
INSERT INTO `__PREFIX__cities` (`country_code`, `name`, `longitude`, `latitude`, `feature_class`, `feature_code`, `subadmin1_code`, `subadmin2_code`, `population`, `time_zone`, `active`, `created_at`, `updated_at`) VALUES ('HN','{\"en\":\"Las Trojes\"}',-85.98,14.07,'P','PPL','HN.07',NULL,6253,'America/Tegucigalpa',1,'2012-01-17 23:00:00','2012-01-17 23:00:00');
INSERT INTO `__PREFIX__cities` (`country_code`, `name`, `longitude`, `latitude`, `feature_class`, `feature_code`, `subadmin1_code`, `subadmin2_code`, `population`, `time_zone`, `active`, `created_at`, `updated_at`) VALUES ('HN','{\"en\":\"La Paz\"}',-87.68,14.32,'P','PPLA','HN.12',NULL,17555,'America/Tegucigalpa',1,'2013-01-09 23:00:00','2013-01-09 23:00:00');
INSERT INTO `__PREFIX__cities` (`country_code`, `name`, `longitude`, `latitude`, `feature_class`, `feature_code`, `subadmin1_code`, `subadmin2_code`, `population`, `time_zone`, `active`, `created_at`, `updated_at`) VALUES ('HN','{\"en\":\"La Lima\"}',-87.92,15.43,'P','PPL','HN.06',NULL,45955,'America/Tegucigalpa',1,'2013-12-14 23:00:00','2013-12-14 23:00:00');
INSERT INTO `__PREFIX__cities` (`country_code`, `name`, `longitude`, `latitude`, `feature_class`, `feature_code`, `subadmin1_code`, `subadmin2_code`, `population`, `time_zone`, `active`, `created_at`, `updated_at`) VALUES ('HN','{\"en\":\"La Esperanza\"}',-88.18,14.31,'P','PPLA','HN.10',NULL,5318,'America/Tegucigalpa',1,'2013-01-09 23:00:00','2013-01-09 23:00:00');
INSERT INTO `__PREFIX__cities` (`country_code`, `name`, `longitude`, `latitude`, `feature_class`, `feature_code`, `subadmin1_code`, `subadmin2_code`, `population`, `time_zone`, `active`, `created_at`, `updated_at`) VALUES ('HN','{\"en\":\"La Entrada\"}',-88.75,15.06,'P','PPL','HN.05',NULL,14705,'America/Tegucigalpa',1,'2021-08-05 23:00:00','2021-08-05 23:00:00');
INSERT INTO `__PREFIX__cities` (`country_code`, `name`, `longitude`, `latitude`, `feature_class`, `feature_code`, `subadmin1_code`, `subadmin2_code`, `population`, `time_zone`, `active`, `created_at`, `updated_at`) VALUES ('HN','{\"en\":\"La Ceiba\"}',-86.78,15.76,'P','PPLA','HN.01',NULL,130218,'America/Tegucigalpa',1,'2019-02-25 23:00:00','2019-02-25 23:00:00');
INSERT INTO `__PREFIX__cities` (`country_code`, `name`, `longitude`, `latitude`, `feature_class`, `feature_code`, `subadmin1_code`, `subadmin2_code`, `population`, `time_zone`, `active`, `created_at`, `updated_at`) VALUES ('HN','{\"en\":\"Juticalpa\"}',-86.22,14.67,'P','PPLA','HN.15',NULL,33686,'America/Tegucigalpa',1,'2019-05-22 23:00:00','2019-05-22 23:00:00');
INSERT INTO `__PREFIX__cities` (`country_code`, `name`, `longitude`, `latitude`, `feature_class`, `feature_code`, `subadmin1_code`, `subadmin2_code`, `population`, `time_zone`, `active`, `created_at`, `updated_at`) VALUES ('HN','{\"en\":\"Jesús de Otoro\"}',-87.98,14.49,'P','PPL','HN.10',NULL,6988,'America/Tegucigalpa',1,'2021-08-05 23:00:00','2021-08-05 23:00:00');
INSERT INTO `__PREFIX__cities` (`country_code`, `name`, `longitude`, `latitude`, `feature_class`, `feature_code`, `subadmin1_code`, `subadmin2_code`, `population`, `time_zone`, `active`, `created_at`, `updated_at`) VALUES ('HN','{\"en\":\"Intibucá\"}',-88.18,14.31,'P','PPL','HN.10',NULL,13741,'America/Tegucigalpa',1,'2021-08-05 23:00:00','2021-08-05 23:00:00');
INSERT INTO `__PREFIX__cities` (`country_code`, `name`, `longitude`, `latitude`, `feature_class`, `feature_code`, `subadmin1_code`, `subadmin2_code`, `population`, `time_zone`, `active`, `created_at`, `updated_at`) VALUES ('HN','{\"en\":\"Guaimaca\"}',-86.82,14.53,'P','PPL','HN.08',NULL,12899,'America/Tegucigalpa',1,'2012-01-17 23:00:00','2012-01-17 23:00:00');
INSERT INTO `__PREFIX__cities` (`country_code`, `name`, `longitude`, `latitude`, `feature_class`, `feature_code`, `subadmin1_code`, `subadmin2_code`, `population`, `time_zone`, `active`, `created_at`, `updated_at`) VALUES ('HN','{\"en\":\"Gracias\"}',-88.58,14.59,'P','PPLA','HN.13',NULL,7909,'America/Tegucigalpa',1,'2013-01-09 23:00:00','2013-01-09 23:00:00');
INSERT INTO `__PREFIX__cities` (`country_code`, `name`, `longitude`, `latitude`, `feature_class`, `feature_code`, `subadmin1_code`, `subadmin2_code`, `population`, `time_zone`, `active`, `created_at`, `updated_at`) VALUES ('HN','{\"en\":\"Florida\"}',-88.84,15.03,'P','PPL','HN.05',NULL,5340,'America/Tegucigalpa',1,'2021-08-05 23:00:00','2021-08-05 23:00:00');
INSERT INTO `__PREFIX__cities` (`country_code`, `name`, `longitude`, `latitude`, `feature_class`, `feature_code`, `subadmin1_code`, `subadmin2_code`, `population`, `time_zone`, `active`, `created_at`, `updated_at`) VALUES ('HN','{\"en\":\"El Triunfo\"}',-87.00,13.12,'P','PPL','HN.02',NULL,7182,'America/Tegucigalpa',1,'2012-01-17 23:00:00','2012-01-17 23:00:00');
INSERT INTO `__PREFIX__cities` (`country_code`, `name`, `longitude`, `latitude`, `feature_class`, `feature_code`, `subadmin1_code`, `subadmin2_code`, `population`, `time_zone`, `active`, `created_at`, `updated_at`) VALUES ('HN','{\"en\":\"El Progreso\"}',-87.80,15.40,'P','PPL','HN.18',NULL,100810,'America/Tegucigalpa',1,'2012-01-17 23:00:00','2012-01-17 23:00:00');
INSERT INTO `__PREFIX__cities` (`country_code`, `name`, `longitude`, `latitude`, `feature_class`, `feature_code`, `subadmin1_code`, `subadmin2_code`, `population`, `time_zone`, `active`, `created_at`, `updated_at`) VALUES ('HN','{\"en\":\"El Paraíso\"}',-86.55,13.87,'P','PPL','HN.07',NULL,18779,'America/Tegucigalpa',1,'2013-04-03 23:00:00','2013-04-03 23:00:00');
INSERT INTO `__PREFIX__cities` (`country_code`, `name`, `longitude`, `latitude`, `feature_class`, `feature_code`, `subadmin1_code`, `subadmin2_code`, `population`, `time_zone`, `active`, `created_at`, `updated_at`) VALUES ('HN','{\"en\":\"El Negrito\"}',-87.70,15.32,'P','PPL','HN.18',NULL,9303,'America/Tegucigalpa',1,'2012-01-17 23:00:00','2012-01-17 23:00:00');
INSERT INTO `__PREFIX__cities` (`country_code`, `name`, `longitude`, `latitude`, `feature_class`, `feature_code`, `subadmin1_code`, `subadmin2_code`, `population`, `time_zone`, `active`, `created_at`, `updated_at`) VALUES ('HN','{\"en\":\"Danlí\"}',-86.58,14.03,'P','PPL','HN.07',NULL,44799,'America/Tegucigalpa',1,'2019-05-22 23:00:00','2019-05-22 23:00:00');
INSERT INTO `__PREFIX__cities` (`country_code`, `name`, `longitude`, `latitude`, `feature_class`, `feature_code`, `subadmin1_code`, `subadmin2_code`, `population`, `time_zone`, `active`, `created_at`, `updated_at`) VALUES ('HN','{\"en\":\"Cuyamel\"}',-88.19,15.67,'P','PPL','HN.06',NULL,5022,'America/Tegucigalpa',1,'2021-08-05 23:00:00','2021-08-05 23:00:00');
INSERT INTO `__PREFIX__cities` (`country_code`, `name`, `longitude`, `latitude`, `feature_class`, `feature_code`, `subadmin1_code`, `subadmin2_code`, `population`, `time_zone`, `active`, `created_at`, `updated_at`) VALUES ('HN','{\"en\":\"Copán Ruinas\"}',-89.16,14.84,'P','PPL','HN.05',NULL,6336,'America/Tegucigalpa',1,'2021-08-05 23:00:00','2021-08-05 23:00:00');
INSERT INTO `__PREFIX__cities` (`country_code`, `name`, `longitude`, `latitude`, `feature_class`, `feature_code`, `subadmin1_code`, `subadmin2_code`, `population`, `time_zone`, `active`, `created_at`, `updated_at`) VALUES ('HN','{\"en\":\"Comayagua\"}',-87.64,14.45,'P','PPLA','HN.04',NULL,58784,'America/Tegucigalpa',1,'2013-10-04 23:00:00','2013-10-04 23:00:00');
INSERT INTO `__PREFIX__cities` (`country_code`, `name`, `longitude`, `latitude`, `feature_class`, `feature_code`, `subadmin1_code`, `subadmin2_code`, `population`, `time_zone`, `active`, `created_at`, `updated_at`) VALUES ('HN','{\"en\":\"Cofradía\"}',-88.15,15.40,'P','PPL','HN.06',NULL,20353,'America/Tegucigalpa',1,'2016-03-09 23:00:00','2016-03-09 23:00:00');
INSERT INTO `__PREFIX__cities` (`country_code`, `name`, `longitude`, `latitude`, `feature_class`, `feature_code`, `subadmin1_code`, `subadmin2_code`, `population`, `time_zone`, `active`, `created_at`, `updated_at`) VALUES ('HN','{\"en\":\"Ciudad Choluteca\"}',-87.19,13.30,'P','PPLA','HN.02',NULL,75872,'America/Tegucigalpa',1,'2012-01-15 23:00:00','2012-01-15 23:00:00');
INSERT INTO `__PREFIX__cities` (`country_code`, `name`, `longitude`, `latitude`, `feature_class`, `feature_code`, `subadmin1_code`, `subadmin2_code`, `population`, `time_zone`, `active`, `created_at`, `updated_at`) VALUES ('HN','{\"en\":\"Choloma\"}',-87.95,15.61,'P','PPL','HN.06',NULL,139100,'America/Tegucigalpa',1,'2007-02-17 23:00:00','2007-02-17 23:00:00');
INSERT INTO `__PREFIX__cities` (`country_code`, `name`, `longitude`, `latitude`, `feature_class`, `feature_code`, `subadmin1_code`, `subadmin2_code`, `population`, `time_zone`, `active`, `created_at`, `updated_at`) VALUES ('HN','{\"en\":\"Campamento\"}',-86.65,14.55,'P','PPL','HN.15',NULL,6560,'America/Tegucigalpa',1,'2012-01-17 23:00:00','2012-01-17 23:00:00');
INSERT INTO `__PREFIX__cities` (`country_code`, `name`, `longitude`, `latitude`, `feature_class`, `feature_code`, `subadmin1_code`, `subadmin2_code`, `population`, `time_zone`, `active`, `created_at`, `updated_at`) VALUES ('HN','{\"en\":\"Baracoa\"}',-87.85,15.78,'P','PPL','HN.06',NULL,9202,'America/Tegucigalpa',1,'2021-08-05 23:00:00','2021-08-05 23:00:00');
INSERT INTO `__PREFIX__cities` (`country_code`, `name`, `longitude`, `latitude`, `feature_class`, `feature_code`, `subadmin1_code`, `subadmin2_code`, `population`, `time_zone`, `active`, `created_at`, `updated_at`) VALUES ('HN','{\"en\":\"Azacualpa\"}',-88.55,15.34,'P','PPL','HN.16',NULL,5949,'America/Tegucigalpa',1,'2021-08-05 23:00:00','2021-08-05 23:00:00');
INSERT INTO `__PREFIX__cities` (`country_code`, `name`, `longitude`, `latitude`, `feature_class`, `feature_code`, `subadmin1_code`, `subadmin2_code`, `population`, `time_zone`, `active`, `created_at`, `updated_at`) VALUES ('HN','{\"en\":\"La Alianza\"}',-87.72,13.51,'P','PPL','HN.17',NULL,6923,'America/Tegucigalpa',1,'2013-05-04 23:00:00','2013-05-04 23:00:00');
INSERT INTO `__PREFIX__cities` (`country_code`, `name`, `longitude`, `latitude`, `feature_class`, `feature_code`, `subadmin1_code`, `subadmin2_code`, `population`, `time_zone`, `active`, `created_at`, `updated_at`) VALUES ('HN','{\"en\":\"Ajuterique\"}',-87.71,14.38,'P','PPL','HN.04',NULL,5354,'America/Tegucigalpa',1,'2021-08-05 23:00:00','2021-08-05 23:00:00');
INSERT INTO `__PREFIX__cities` (`country_code`, `name`, `longitude`, `latitude`, `feature_class`, `feature_code`, `subadmin1_code`, `subadmin2_code`, `population`, `time_zone`, `active`, `created_at`, `updated_at`) VALUES ('HN','{\"en\":\"Agua Blanca Sur\"}',-87.88,15.25,'P','PPL','HN.18',NULL,7592,'America/Tegucigalpa',1,'2012-01-17 23:00:00','2012-01-17 23:00:00');
/*!40000 ALTER TABLE `__PREFIX__cities` ENABLE KEYS */;
/*!40103 SET TIME_ZONE=@OLD_TIME_ZONE */;

/*!40101 SET SQL_MODE=@OLD_SQL_MODE */;
/*!40014 SET FOREIGN_KEY_CHECKS=@OLD_FOREIGN_KEY_CHECKS */;
/*!40014 SET UNIQUE_CHECKS=@OLD_UNIQUE_CHECKS */;
/*!40101 SET CHARACTER_SET_CLIENT=@OLD_CHARACTER_SET_CLIENT */;
/*!40101 SET CHARACTER_SET_RESULTS=@OLD_CHARACTER_SET_RESULTS */;
/*!40101 SET COLLATION_CONNECTION=@OLD_COLLATION_CONNECTION */;
/*!40111 SET SQL_NOTES=@OLD_SQL_NOTES */;

-- Dump completed
