-- MySQL dump 10.13  Distrib 5.7.34, for osx10.12 (x86_64)
--
-- Host: 127.0.0.1    Database: laraclassifier
-- ------------------------------------------------------
-- Server version	5.7.34

/*!40101 SET @OLD_CHARACTER_SET_CLIENT=@@CHARACTER_SET_CLIENT */;
/*!40101 SET @OLD_CHARACTER_SET_RESULTS=@@CHARACTER_SET_RESULTS */;
/*!40101 SET @OLD_COLLATION_CONNECTION=@@COLLATION_CONNECTION */;
/*!40101 SET NAMES utf8 */;
/*!40103 SET @OLD_TIME_ZONE=@@TIME_ZONE */;
/*!40103 SET TIME_ZONE='+00:00' */;
/*!40014 SET @OLD_UNIQUE_CHECKS=@@UNIQUE_CHECKS, UNIQUE_CHECKS=0 */;
/*!40014 SET @OLD_FOREIGN_KEY_CHECKS=@@FOREIGN_KEY_CHECKS, FOREIGN_KEY_CHECKS=0 */;
/*!40101 SET @OLD_SQL_MODE=@@SQL_MODE, SQL_MODE='NO_AUTO_VALUE_ON_ZERO' */;
/*!40111 SET @OLD_SQL_NOTES=@@SQL_NOTES, SQL_NOTES=0 */;

--
-- Dumping data for table `__PREFIX__subadmin1`
--

/*!40000 ALTER TABLE `__PREFIX__subadmin1` DISABLE KEYS */;
INSERT INTO `__PREFIX__subadmin1` (`code`, `country_code`, `name`, `active`) VALUES ('HR.01','HR','{\"en\":\"Bjelovarsko-Bilogorska\"}',1);
INSERT INTO `__PREFIX__subadmin1` (`code`, `country_code`, `name`, `active`) VALUES ('HR.02','HR','{\"en\":\"Slavonski Brod-Posavina\"}',1);
INSERT INTO `__PREFIX__subadmin1` (`code`, `country_code`, `name`, `active`) VALUES ('HR.03','HR','{\"en\":\"Dubrovačko-Neretvanska\"}',1);
INSERT INTO `__PREFIX__subadmin1` (`code`, `country_code`, `name`, `active`) VALUES ('HR.04','HR','{\"en\":\"Istria\"}',1);
INSERT INTO `__PREFIX__subadmin1` (`code`, `country_code`, `name`, `active`) VALUES ('HR.05','HR','{\"en\":\"Karlovačka\"}',1);
INSERT INTO `__PREFIX__subadmin1` (`code`, `country_code`, `name`, `active`) VALUES ('HR.06','HR','{\"en\":\"Koprivničko-Križevačka\"}',1);
INSERT INTO `__PREFIX__subadmin1` (`code`, `country_code`, `name`, `active`) VALUES ('HR.07','HR','{\"en\":\"Krapinsko-Zagorska\"}',1);
INSERT INTO `__PREFIX__subadmin1` (`code`, `country_code`, `name`, `active`) VALUES ('HR.08','HR','{\"en\":\"Ličko-Senjska\"}',1);
INSERT INTO `__PREFIX__subadmin1` (`code`, `country_code`, `name`, `active`) VALUES ('HR.09','HR','{\"en\":\"Međimurska\"}',1);
INSERT INTO `__PREFIX__subadmin1` (`code`, `country_code`, `name`, `active`) VALUES ('HR.10','HR','{\"en\":\"Osječko-Baranjska\"}',1);
INSERT INTO `__PREFIX__subadmin1` (`code`, `country_code`, `name`, `active`) VALUES ('HR.11','HR','{\"en\":\"Požeško-Slavonska\"}',1);
INSERT INTO `__PREFIX__subadmin1` (`code`, `country_code`, `name`, `active`) VALUES ('HR.12','HR','{\"en\":\"Primorsko-Goranska\"}',1);
INSERT INTO `__PREFIX__subadmin1` (`code`, `country_code`, `name`, `active`) VALUES ('HR.13','HR','{\"en\":\"Šibensko-Kniniska\"}',1);
INSERT INTO `__PREFIX__subadmin1` (`code`, `country_code`, `name`, `active`) VALUES ('HR.14','HR','{\"en\":\"Sisačko-Moslavačka\"}',1);
INSERT INTO `__PREFIX__subadmin1` (`code`, `country_code`, `name`, `active`) VALUES ('HR.15','HR','{\"en\":\"Split-Dalmatia\"}',1);
INSERT INTO `__PREFIX__subadmin1` (`code`, `country_code`, `name`, `active`) VALUES ('HR.16','HR','{\"en\":\"Varaždinska\"}',1);
INSERT INTO `__PREFIX__subadmin1` (`code`, `country_code`, `name`, `active`) VALUES ('HR.18','HR','{\"en\":\"Vukovar-Sirmium\"}',1);
INSERT INTO `__PREFIX__subadmin1` (`code`, `country_code`, `name`, `active`) VALUES ('HR.19','HR','{\"en\":\"Zadarska\"}',1);
INSERT INTO `__PREFIX__subadmin1` (`code`, `country_code`, `name`, `active`) VALUES ('HR.20','HR','{\"en\":\"Zagrebačka\"}',1);
INSERT INTO `__PREFIX__subadmin1` (`code`, `country_code`, `name`, `active`) VALUES ('HR.21','HR','{\"en\":\"City of Zagreb\"}',1);
INSERT INTO `__PREFIX__subadmin1` (`code`, `country_code`, `name`, `active`) VALUES ('HR.17','HR','{\"en\":\"Virovitičk-Podravska\"}',1);
/*!40000 ALTER TABLE `__PREFIX__subadmin1` ENABLE KEYS */;

--
-- Dumping data for table `__PREFIX__subadmin2`
--

/*!40000 ALTER TABLE `__PREFIX__subadmin2` DISABLE KEYS */;
INSERT INTO `__PREFIX__subadmin2` (`code`, `country_code`, `subadmin1_code`, `name`, `active`) VALUES ('HR.18.3186293','HR','HR.18','{\"en\":\"Grad Županja\"}',1);
INSERT INTO `__PREFIX__subadmin2` (`code`, `country_code`, `subadmin1_code`, `name`, `active`) VALUES ('HR.07.3186405','HR','HR.07','{\"en\":\"Grad Zlatar\"}',1);
INSERT INTO `__PREFIX__subadmin2` (`code`, `country_code`, `subadmin1_code`, `name`, `active`) VALUES ('HR.20.3186602','HR','HR.20','{\"en\":\"Grad Sveti Ivan Zelina\"}',1);
INSERT INTO `__PREFIX__subadmin2` (`code`, `country_code`, `subadmin1_code`, `name`, `active`) VALUES ('HR.20.3186780','HR','HR.20','{\"en\":\"Grad Zaprešić\"}',1);
INSERT INTO `__PREFIX__subadmin2` (`code`, `country_code`, `subadmin1_code`, `name`, `active`) VALUES ('HR.07.3186983','HR','HR.07','{\"en\":\"Grad Zabok\"}',1);
INSERT INTO `__PREFIX__subadmin2` (`code`, `country_code`, `subadmin1_code`, `name`, `active`) VALUES ('HR.18.3187046','HR','HR.18','{\"en\":\"Grad Vukovar\"}',1);
INSERT INTO `__PREFIX__subadmin2` (`code`, `country_code`, `subadmin1_code`, `name`, `active`) VALUES ('HR.15.3187229','HR','HR.15','{\"en\":\"Grad Vrgorac\"}',1);
INSERT INTO `__PREFIX__subadmin2` (`code`, `country_code`, `subadmin1_code`, `name`, `active`) VALUES ('HR.14.3187231','HR','HR.14','{\"en\":\"Općina Gvozd\"}',1);
INSERT INTO `__PREFIX__subadmin2` (`code`, `country_code`, `subadmin1_code`, `name`, `active`) VALUES ('HR.12.3187256','HR','HR.12','{\"en\":\"Grad Vrbovsko\"}',1);
INSERT INTO `__PREFIX__subadmin2` (`code`, `country_code`, `subadmin1_code`, `name`, `active`) VALUES ('HR.20.3187264','HR','HR.20','{\"en\":\"Grad Vrbovec\"}',1);
INSERT INTO `__PREFIX__subadmin2` (`code`, `country_code`, `subadmin1_code`, `name`, `active`) VALUES ('HR.05.3187450','HR','HR.05','{\"en\":\"Općina Vojnić\"}',1);
INSERT INTO `__PREFIX__subadmin2` (`code`, `country_code`, `subadmin1_code`, `name`, `active`) VALUES ('HR.15.3187684','HR','HR.15','{\"en\":\"Town of Vis\"}',1);
INSERT INTO `__PREFIX__subadmin2` (`code`, `country_code`, `subadmin1_code`, `name`, `active`) VALUES ('HR.17.3187693','HR','HR.17','{\"en\":\"Grad Virovitica\"}',1);
INSERT INTO `__PREFIX__subadmin2` (`code`, `country_code`, `subadmin1_code`, `name`, `active`) VALUES ('HR.18.3187718','HR','HR.18','{\"en\":\"Grad Vinkovci\"}',1);
INSERT INTO `__PREFIX__subadmin2` (`code`, `country_code`, `subadmin1_code`, `name`, `active`) VALUES ('HR.20.3188243','HR','HR.20','{\"en\":\"Grad Velika Gorica\"}',1);
INSERT INTO `__PREFIX__subadmin2` (`code`, `country_code`, `subadmin1_code`, `name`, `active`) VALUES ('HR.16.3188382','HR','HR.16','{\"en\":\"Grad Varaždin\"}',1);
INSERT INTO `__PREFIX__subadmin2` (`code`, `country_code`, `subadmin1_code`, `name`, `active`) VALUES ('HR.10.3188394','HR','HR.10','{\"en\":\"Grad Valpovo\"}',1);
INSERT INTO `__PREFIX__subadmin2` (`code`, `country_code`, `subadmin1_code`, `name`, `active`) VALUES ('HR.15.3188762','HR','HR.15','{\"en\":\"Grad Trogir\"}',1);
INSERT INTO `__PREFIX__subadmin2` (`code`, `country_code`, `subadmin1_code`, `name`, `active`) VALUES ('HR.15.3190259','HR','HR.15','{\"en\":\"Grad Split\"}',1);
INSERT INTO `__PREFIX__subadmin2` (`code`, `country_code`, `subadmin1_code`, `name`, `active`) VALUES ('HR.05.3190522','HR','HR.05','{\"en\":\"Slunj\"}',1);
INSERT INTO `__PREFIX__subadmin2` (`code`, `country_code`, `subadmin1_code`, `name`, `active`) VALUES ('HR.02.3190585','HR','HR.02','{\"en\":\"Grad Slavonski Brod\"}',1);
INSERT INTO `__PREFIX__subadmin2` (`code`, `country_code`, `subadmin1_code`, `name`, `active`) VALUES ('HR.11.3190588','HR','HR.11','{\"en\":\"Grad Požega\"}',1);
INSERT INTO `__PREFIX__subadmin2` (`code`, `country_code`, `subadmin1_code`, `name`, `active`) VALUES ('HR.14.3190812','HR','HR.14','{\"en\":\"Grad Sisak\"}',1);
INSERT INTO `__PREFIX__subadmin2` (`code`, `country_code`, `subadmin1_code`, `name`, `active`) VALUES ('HR.15.3190864','HR','HR.15','{\"en\":\"Grad Sinj\"}',1);
INSERT INTO `__PREFIX__subadmin2` (`code`, `country_code`, `subadmin1_code`, `name`, `active`) VALUES ('HR.13.3190938','HR','HR.13','{\"en\":\"Grad Šibenik\"}',1);
INSERT INTO `__PREFIX__subadmin2` (`code`, `country_code`, `subadmin1_code`, `name`, `active`) VALUES ('HR.21.3190965','HR','HR.21','{\"en\":\"Sesvete\"}',1);
INSERT INTO `__PREFIX__subadmin2` (`code`, `country_code`, `subadmin1_code`, `name`, `active`) VALUES ('HR.20.3191315','HR','HR.20','{\"en\":\"Grad Samobor\"}',1);
INSERT INTO `__PREFIX__subadmin2` (`code`, `country_code`, `subadmin1_code`, `name`, `active`) VALUES ('HR.04.3191516','HR','HR.04','{\"en\":\"Grad Rovinj\"}',1);
INSERT INTO `__PREFIX__subadmin2` (`code`, `country_code`, `subadmin1_code`, `name`, `active`) VALUES ('HR.12.3191647','HR','HR.12','{\"en\":\"Grad Rijeka\"}',1);
INSERT INTO `__PREFIX__subadmin2` (`code`, `country_code`, `subadmin1_code`, `name`, `active`) VALUES ('HR.04.3192222','HR','HR.04','{\"en\":\"Grad Pula\"}',1);
INSERT INTO `__PREFIX__subadmin2` (`code`, `country_code`, `subadmin1_code`, `name`, `active`) VALUES ('HR.04.3192696','HR','HR.04','{\"en\":\"Grad Poreč\"}',1);
INSERT INTO `__PREFIX__subadmin2` (`code`, `country_code`, `subadmin1_code`, `name`, `active`) VALUES ('HR.17.3192931','HR','HR.17','{\"en\":\"Grad Slatina\"}',1);
INSERT INTO `__PREFIX__subadmin2` (`code`, `country_code`, `subadmin1_code`, `name`, `active`) VALUES ('HR.03.3193146','HR','HR.03','{\"en\":\"Grad Ploče\"}',1);
INSERT INTO `__PREFIX__subadmin2` (`code`, `country_code`, `subadmin1_code`, `name`, `active`) VALUES ('HR.14.3193419','HR','HR.14','{\"en\":\"Grad Petrinja\"}',1);
INSERT INTO `__PREFIX__subadmin2` (`code`, `country_code`, `subadmin1_code`, `name`, `active`) VALUES ('HR.04.3193560','HR','HR.04','{\"en\":\"Grad Pazin\"}',1);
INSERT INTO `__PREFIX__subadmin2` (`code`, `country_code`, `subadmin1_code`, `name`, `active`) VALUES ('HR.11.3193705','HR','HR.11','{\"en\":\"Grad Pakrac\"}',1);
INSERT INTO `__PREFIX__subadmin2` (`code`, `country_code`, `subadmin1_code`, `name`, `active`) VALUES ('HR.05.3193753','HR','HR.05','{\"en\":\"Grad Ozalj\"}',1);
INSERT INTO `__PREFIX__subadmin2` (`code`, `country_code`, `subadmin1_code`, `name`, `active`) VALUES ('HR.10.3193934','HR','HR.10','{\"en\":\"Grad Osijek\"}',1);
INSERT INTO `__PREFIX__subadmin2` (`code`, `country_code`, `subadmin1_code`, `name`, `active`) VALUES ('HR.17.3194063','HR','HR.17','{\"en\":\"Grad Orahovica\"}',1);
INSERT INTO `__PREFIX__subadmin2` (`code`, `country_code`, `subadmin1_code`, `name`, `active`) VALUES ('HR.12.3194097','HR','HR.12','{\"en\":\"Grad Opatija\"}',1);
INSERT INTO `__PREFIX__subadmin2` (`code`, `country_code`, `subadmin1_code`, `name`, `active`) VALUES ('HR.15.3194113','HR','HR.15','{\"en\":\"Grad Omiš\"}',1);
INSERT INTO `__PREFIX__subadmin2` (`code`, `country_code`, `subadmin1_code`, `name`, `active`) VALUES ('HR.05.3194182','HR','HR.05','{\"en\":\"Grad Ogulin\"}',1);
INSERT INTO `__PREFIX__subadmin2` (`code`, `country_code`, `subadmin1_code`, `name`, `active`) VALUES ('HR.14.3194318','HR','HR.14','{\"en\":\"Grad Novska\"}',1);
INSERT INTO `__PREFIX__subadmin2` (`code`, `country_code`, `subadmin1_code`, `name`, `active`) VALUES ('HR.16.3194366','HR','HR.16','{\"en\":\"Grad Novi Marof\"}',1);
INSERT INTO `__PREFIX__subadmin2` (`code`, `country_code`, `subadmin1_code`, `name`, `active`) VALUES ('HR.02.3194448','HR','HR.02','{\"en\":\"Grad Nova Gradiška\"}',1);
INSERT INTO `__PREFIX__subadmin2` (`code`, `country_code`, `subadmin1_code`, `name`, `active`) VALUES ('HR.10.3194580','HR','HR.10','{\"en\":\"Grad Našice\"}',1);
INSERT INTO `__PREFIX__subadmin2` (`code`, `country_code`, `subadmin1_code`, `name`, `active`) VALUES ('HR.15.3195888','HR','HR.15','{\"en\":\"Town of Makarska\"}',1);
INSERT INTO `__PREFIX__subadmin2` (`code`, `country_code`, `subadmin1_code`, `name`, `active`) VALUES ('HR.16.3196119','HR','HR.16','{\"en\":\"Grad Ludbreg\"}',1);
INSERT INTO `__PREFIX__subadmin2` (`code`, `country_code`, `subadmin1_code`, `name`, `active`) VALUES ('HR.03.3196753','HR','HR.03','{\"en\":\"Općina Lastovo\"}',1);
INSERT INTO `__PREFIX__subadmin2` (`code`, `country_code`, `subadmin1_code`, `name`, `active`) VALUES ('HR.04.3196833','HR','HR.04','{\"en\":\"Grad Labin\"}',1);
INSERT INTO `__PREFIX__subadmin2` (`code`, `country_code`, `subadmin1_code`, `name`, `active`) VALUES ('HR.14.3196862','HR','HR.14','{\"en\":\"Grad Kutina\"}',1);
INSERT INTO `__PREFIX__subadmin2` (`code`, `country_code`, `subadmin1_code`, `name`, `active`) VALUES ('HR.12.3197207','HR','HR.12','{\"en\":\"Grad Krk\"}',1);
INSERT INTO `__PREFIX__subadmin2` (`code`, `country_code`, `subadmin1_code`, `name`, `active`) VALUES ('HR.06.3197228','HR','HR.06','{\"en\":\"Grad Križevci\"}',1);
INSERT INTO `__PREFIX__subadmin2` (`code`, `country_code`, `subadmin1_code`, `name`, `active`) VALUES ('HR.07.3197366','HR','HR.07','{\"en\":\"Grad Krapina\"}',1);
INSERT INTO `__PREFIX__subadmin2` (`code`, `country_code`, `subadmin1_code`, `name`, `active`) VALUES ('HR.14.3197593','HR','HR.14','{\"en\":\"Grad Hrvatska Kostajnica\"}',1);
INSERT INTO `__PREFIX__subadmin2` (`code`, `country_code`, `subadmin1_code`, `name`, `active`) VALUES ('HR.03.3197709','HR','HR.03','{\"en\":\"Grad Korčula\"}',1);
INSERT INTO `__PREFIX__subadmin2` (`code`, `country_code`, `subadmin1_code`, `name`, `active`) VALUES ('HR.06.3197726','HR','HR.06','{\"en\":\"Grad Koprivnica\"}',1);
INSERT INTO `__PREFIX__subadmin2` (`code`, `country_code`, `subadmin1_code`, `name`, `active`) VALUES ('HR.07.3198102','HR','HR.07','{\"en\":\"Grad Klanjec\"}',1);
INSERT INTO `__PREFIX__subadmin2` (`code`, `country_code`, `subadmin1_code`, `name`, `active`) VALUES ('HR.05.3198257','HR','HR.05','{\"en\":\"Grad Karlovac\"}',1);
INSERT INTO `__PREFIX__subadmin2` (`code`, `country_code`, `subadmin1_code`, `name`, `active`) VALUES ('HR.20.3198798','HR','HR.20','{\"en\":\"Grad Jastrebarsko\"}',1);
INSERT INTO `__PREFIX__subadmin2` (`code`, `country_code`, `subadmin1_code`, `name`, `active`) VALUES ('HR.20.3199068','HR','HR.20','{\"en\":\"Grad Ivanić-Grad\"}',1);
INSERT INTO `__PREFIX__subadmin2` (`code`, `country_code`, `subadmin1_code`, `name`, `active`) VALUES ('HR.16.3199075','HR','HR.16','{\"en\":\"Grad Ivanec\"}',1);
INSERT INTO `__PREFIX__subadmin2` (`code`, `country_code`, `subadmin1_code`, `name`, `active`) VALUES ('HR.15.3199110','HR','HR.15','{\"en\":\"Grad Imotski\"}',1);
INSERT INTO `__PREFIX__subadmin2` (`code`, `country_code`, `subadmin1_code`, `name`, `active`) VALUES ('HR.15.3199178','HR','HR.15','{\"en\":\"Grad Hvar\"}',1);
INSERT INTO `__PREFIX__subadmin2` (`code`, `country_code`, `subadmin1_code`, `name`, `active`) VALUES ('HR.01.3199514','HR','HR.01','{\"en\":\"Grad Grubišno Polje\"}',1);
INSERT INTO `__PREFIX__subadmin2` (`code`, `country_code`, `subadmin1_code`, `name`, `active`) VALUES ('HR.14.3200597','HR','HR.14','{\"en\":\"Grad Glina\"}',1);
INSERT INTO `__PREFIX__subadmin2` (`code`, `country_code`, `subadmin1_code`, `name`, `active`) VALUES ('HR.01.3200709','HR','HR.01','{\"en\":\"Grad Garešnica\"}',1);
INSERT INTO `__PREFIX__subadmin2` (`code`, `country_code`, `subadmin1_code`, `name`, `active`) VALUES ('HR.14.3200915','HR','HR.14','{\"en\":\"Općina Dvor\"}',1);
INSERT INTO `__PREFIX__subadmin2` (`code`, `country_code`, `subadmin1_code`, `name`, `active`) VALUES ('HR.06.3200960','HR','HR.06','{\"en\":\"Grad Đurđevac\"}',1);
INSERT INTO `__PREFIX__subadmin2` (`code`, `country_code`, `subadmin1_code`, `name`, `active`) VALUES ('HR.20.3201007','HR','HR.20','{\"en\":\"Grad Dugo Selo\"}',1);
INSERT INTO `__PREFIX__subadmin2` (`code`, `country_code`, `subadmin1_code`, `name`, `active`) VALUES ('HR.05.3201029','HR','HR.05','{\"en\":\"Grad Duga Resa\"}',1);
INSERT INTO `__PREFIX__subadmin2` (`code`, `country_code`, `subadmin1_code`, `name`, `active`) VALUES ('HR.13.3201161','HR','HR.13','{\"en\":\"Grad Drniš\"}',1);
INSERT INTO `__PREFIX__subadmin2` (`code`, `country_code`, `subadmin1_code`, `name`, `active`) VALUES ('HR.10.3201431','HR','HR.10','{\"en\":\"Grad Donji Miholjac\"}',1);
INSERT INTO `__PREFIX__subadmin2` (`code`, `country_code`, `subadmin1_code`, `name`, `active`) VALUES ('HR.07.3201620','HR','HR.07','{\"en\":\"Grad Donja Stubica\"}',1);
INSERT INTO `__PREFIX__subadmin2` (`code`, `country_code`, `subadmin1_code`, `name`, `active`) VALUES ('HR.12.3202102','HR','HR.12','{\"en\":\"Grad Delnice\"}',1);
INSERT INTO `__PREFIX__subadmin2` (`code`, `country_code`, `subadmin1_code`, `name`, `active`) VALUES ('HR.01.3202183','HR','HR.01','{\"en\":\"Grad Daruvar\"}',1);
INSERT INTO `__PREFIX__subadmin2` (`code`, `country_code`, `subadmin1_code`, `name`, `active`) VALUES ('HR.10.3202219','HR','HR.10','{\"en\":\"Grad Đakovo\"}',1);
INSERT INTO `__PREFIX__subadmin2` (`code`, `country_code`, `subadmin1_code`, `name`, `active`) VALUES ('HR.12.3202506','HR','HR.12','{\"en\":\"Grad Crikvenica\"}',1);
INSERT INTO `__PREFIX__subadmin2` (`code`, `country_code`, `subadmin1_code`, `name`, `active`) VALUES ('HR.01.3202819','HR','HR.01','{\"en\":\"Grad Čazma\"}',1);
INSERT INTO `__PREFIX__subadmin2` (`code`, `country_code`, `subadmin1_code`, `name`, `active`) VALUES ('HR.09.3202887','HR','HR.09','{\"en\":\"Grad Čakovec\"}',1);
INSERT INTO `__PREFIX__subadmin2` (`code`, `country_code`, `subadmin1_code`, `name`, `active`) VALUES ('HR.12.3202931','HR','HR.12','{\"en\":\"Grad Čabar\"}',1);
INSERT INTO `__PREFIX__subadmin2` (`code`, `country_code`, `subadmin1_code`, `name`, `active`) VALUES ('HR.04.3202941','HR','HR.04','{\"en\":\"Grad Buzet\"}',1);
INSERT INTO `__PREFIX__subadmin2` (`code`, `country_code`, `subadmin1_code`, `name`, `active`) VALUES ('HR.04.3203088','HR','HR.04','{\"en\":\"Grad Buje\"}',1);
INSERT INTO `__PREFIX__subadmin2` (`code`, `country_code`, `subadmin1_code`, `name`, `active`) VALUES ('HR.15.3203595','HR','HR.15','{\"en\":\"Grad Supetar\"}',1);
INSERT INTO `__PREFIX__subadmin2` (`code`, `country_code`, `subadmin1_code`, `name`, `active`) VALUES ('HR.01.3203981','HR','HR.01','{\"en\":\"Grad Bjelovar\"}',1);
INSERT INTO `__PREFIX__subadmin2` (`code`, `country_code`, `subadmin1_code`, `name`, `active`) VALUES ('HR.19.3204122','HR','HR.19','{\"en\":\"Grad Biograd na Moru\"}',1);
INSERT INTO `__PREFIX__subadmin2` (`code`, `country_code`, `subadmin1_code`, `name`, `active`) VALUES ('HR.10.3204319','HR','HR.10','{\"en\":\"Grad Beli Manastir\"}',1);
INSERT INTO `__PREFIX__subadmin2` (`code`, `country_code`, `subadmin1_code`, `name`, `active`) VALUES ('HR.03.7577034','HR','HR.03','{\"en\":\"Grad Dubrovnik\"}',1);
INSERT INTO `__PREFIX__subadmin2` (`code`, `country_code`, `subadmin1_code`, `name`, `active`) VALUES ('HR.20.8260123','HR','HR.20','{\"en\":\"Općina Dubrava\"}',1);
INSERT INTO `__PREFIX__subadmin2` (`code`, `country_code`, `subadmin1_code`, `name`, `active`) VALUES ('HR.21.8531816','HR','HR.21','{\"en\":\"Gradska četvrt Donji grad\"}',1);
INSERT INTO `__PREFIX__subadmin2` (`code`, `country_code`, `subadmin1_code`, `name`, `active`) VALUES ('HR.21.8531817','HR','HR.21','{\"en\":\"Gradska četvrt Gornji Grad - Medvescak\"}',1);
INSERT INTO `__PREFIX__subadmin2` (`code`, `country_code`, `subadmin1_code`, `name`, `active`) VALUES ('HR.21.8531820','HR','HR.21','{\"en\":\"Gradska četvrt Trnje\"}',1);
INSERT INTO `__PREFIX__subadmin2` (`code`, `country_code`, `subadmin1_code`, `name`, `active`) VALUES ('HR.21.8531822','HR','HR.21','{\"en\":\"Gradska četvrt Maksimir\"}',1);
INSERT INTO `__PREFIX__subadmin2` (`code`, `country_code`, `subadmin1_code`, `name`, `active`) VALUES ('HR.21.8531823','HR','HR.21','{\"en\":\"Gradska cetvrt Pescenica - Zitnjak\"}',1);
INSERT INTO `__PREFIX__subadmin2` (`code`, `country_code`, `subadmin1_code`, `name`, `active`) VALUES ('HR.21.8531824','HR','HR.21','{\"en\":\"Gradska cetvrt Novi Zagreb - istok\"}',1);
INSERT INTO `__PREFIX__subadmin2` (`code`, `country_code`, `subadmin1_code`, `name`, `active`) VALUES ('HR.21.8531825','HR','HR.21','{\"en\":\"Gradska četvrt Novi Zagreb - zapad\"}',1);
INSERT INTO `__PREFIX__subadmin2` (`code`, `country_code`, `subadmin1_code`, `name`, `active`) VALUES ('HR.21.8531826','HR','HR.21','{\"en\":\"Gradska četvrt Tresnjevka - sjever\"}',1);
INSERT INTO `__PREFIX__subadmin2` (`code`, `country_code`, `subadmin1_code`, `name`, `active`) VALUES ('HR.21.8531827','HR','HR.21','{\"en\":\"Gradska četvrt Tresnjevka - jug\"}',1);
INSERT INTO `__PREFIX__subadmin2` (`code`, `country_code`, `subadmin1_code`, `name`, `active`) VALUES ('HR.21.8531828','HR','HR.21','{\"en\":\"Gradska četvrt Črnomerec\"}',1);
INSERT INTO `__PREFIX__subadmin2` (`code`, `country_code`, `subadmin1_code`, `name`, `active`) VALUES ('HR.21.8531829','HR','HR.21','{\"en\":\"Gradska četvrt Gornja Dubrava\"}',1);
INSERT INTO `__PREFIX__subadmin2` (`code`, `country_code`, `subadmin1_code`, `name`, `active`) VALUES ('HR.21.8531830','HR','HR.21','{\"en\":\"Gradska četvrt Donja Dubrava\"}',1);
INSERT INTO `__PREFIX__subadmin2` (`code`, `country_code`, `subadmin1_code`, `name`, `active`) VALUES ('HR.21.8531831','HR','HR.21','{\"en\":\"Gradska četvrt Stenjevec\"}',1);
INSERT INTO `__PREFIX__subadmin2` (`code`, `country_code`, `subadmin1_code`, `name`, `active`) VALUES ('HR.21.8531832','HR','HR.21','{\"en\":\"Podsused - Vrapce\"}',1);
INSERT INTO `__PREFIX__subadmin2` (`code`, `country_code`, `subadmin1_code`, `name`, `active`) VALUES ('HR.21.8531833','HR','HR.21','{\"en\":\"Gradska četvrt Podsljeme\"}',1);
INSERT INTO `__PREFIX__subadmin2` (`code`, `country_code`, `subadmin1_code`, `name`, `active`) VALUES ('HR.21.8531834','HR','HR.21','{\"en\":\"Gradska četvrt Brezovica\"}',1);
INSERT INTO `__PREFIX__subadmin2` (`code`, `country_code`, `subadmin1_code`, `name`, `active`) VALUES ('HR.13.9076750','HR','HR.13','{\"en\":\"Rogoznica Općina\"}',1);
INSERT INTO `__PREFIX__subadmin2` (`code`, `country_code`, `subadmin1_code`, `name`, `active`) VALUES ('HR.15.9076752','HR','HR.15','{\"en\":\"Dugi Rat Općina\"}',1);
INSERT INTO `__PREFIX__subadmin2` (`code`, `country_code`, `subadmin1_code`, `name`, `active`) VALUES ('HR.19.9077071','HR','HR.19','{\"en\":\"Novigrad Općina\"}',1);
INSERT INTO `__PREFIX__subadmin2` (`code`, `country_code`, `subadmin1_code`, `name`, `active`) VALUES ('HR.20.11048980','HR','HR.20','{\"en\":\"Bedenica\"}',1);
INSERT INTO `__PREFIX__subadmin2` (`code`, `country_code`, `subadmin1_code`, `name`, `active`) VALUES ('HR.20.11048981','HR','HR.20','{\"en\":\"Općina Brckovljani\"}',1);
INSERT INTO `__PREFIX__subadmin2` (`code`, `country_code`, `subadmin1_code`, `name`, `active`) VALUES ('HR.20.11048982','HR','HR.20','{\"en\":\"Općina Brdovec\"}',1);
INSERT INTO `__PREFIX__subadmin2` (`code`, `country_code`, `subadmin1_code`, `name`, `active`) VALUES ('HR.20.11048983','HR','HR.20','{\"en\":\"Farkaševac\"}',1);
INSERT INTO `__PREFIX__subadmin2` (`code`, `country_code`, `subadmin1_code`, `name`, `active`) VALUES ('HR.20.11048984','HR','HR.20','{\"en\":\"Dubravica\"}',1);
INSERT INTO `__PREFIX__subadmin2` (`code`, `country_code`, `subadmin1_code`, `name`, `active`) VALUES ('HR.20.11048985','HR','HR.20','{\"en\":\"Gradec\"}',1);
INSERT INTO `__PREFIX__subadmin2` (`code`, `country_code`, `subadmin1_code`, `name`, `active`) VALUES ('HR.20.11048986','HR','HR.20','{\"en\":\"Jakovlje\"}',1);
INSERT INTO `__PREFIX__subadmin2` (`code`, `country_code`, `subadmin1_code`, `name`, `active`) VALUES ('HR.20.11048987','HR','HR.20','{\"en\":\"Klinča Sela\"}',1);
INSERT INTO `__PREFIX__subadmin2` (`code`, `country_code`, `subadmin1_code`, `name`, `active`) VALUES ('HR.20.11048989','HR','HR.20','{\"en\":\"Općina Kloštar Ivanić\"}',1);
INSERT INTO `__PREFIX__subadmin2` (`code`, `country_code`, `subadmin1_code`, `name`, `active`) VALUES ('HR.20.11048992','HR','HR.20','{\"en\":\"Krašić\"}',1);
INSERT INTO `__PREFIX__subadmin2` (`code`, `country_code`, `subadmin1_code`, `name`, `active`) VALUES ('HR.20.11048993','HR','HR.20','{\"en\":\"Općina Kravarsko\"}',1);
INSERT INTO `__PREFIX__subadmin2` (`code`, `country_code`, `subadmin1_code`, `name`, `active`) VALUES ('HR.20.11048994','HR','HR.20','{\"en\":\"Križ\"}',1);
INSERT INTO `__PREFIX__subadmin2` (`code`, `country_code`, `subadmin1_code`, `name`, `active`) VALUES ('HR.20.11048995','HR','HR.20','{\"en\":\"Općina Luka\"}',1);
INSERT INTO `__PREFIX__subadmin2` (`code`, `country_code`, `subadmin1_code`, `name`, `active`) VALUES ('HR.20.11048997','HR','HR.20','{\"en\":\"Marija Gorica\"}',1);
INSERT INTO `__PREFIX__subadmin2` (`code`, `country_code`, `subadmin1_code`, `name`, `active`) VALUES ('HR.20.11048998','HR','HR.20','{\"en\":\"Općina Orle\"}',1);
INSERT INTO `__PREFIX__subadmin2` (`code`, `country_code`, `subadmin1_code`, `name`, `active`) VALUES ('HR.20.11048999','HR','HR.20','{\"en\":\"Pisarovina\"}',1);
INSERT INTO `__PREFIX__subadmin2` (`code`, `country_code`, `subadmin1_code`, `name`, `active`) VALUES ('HR.20.11049000','HR','HR.20','{\"en\":\"Općina Pokupsko\"}',1);
INSERT INTO `__PREFIX__subadmin2` (`code`, `country_code`, `subadmin1_code`, `name`, `active`) VALUES ('HR.20.11049001','HR','HR.20','{\"en\":\"Preseka\"}',1);
INSERT INTO `__PREFIX__subadmin2` (`code`, `country_code`, `subadmin1_code`, `name`, `active`) VALUES ('HR.20.11049002','HR','HR.20','{\"en\":\"Pušća\"}',1);
INSERT INTO `__PREFIX__subadmin2` (`code`, `country_code`, `subadmin1_code`, `name`, `active`) VALUES ('HR.20.11049003','HR','HR.20','{\"en\":\"Rakovec\"}',1);
INSERT INTO `__PREFIX__subadmin2` (`code`, `country_code`, `subadmin1_code`, `name`, `active`) VALUES ('HR.20.11049004','HR','HR.20','{\"en\":\"Općina Rugvica\"}',1);
INSERT INTO `__PREFIX__subadmin2` (`code`, `country_code`, `subadmin1_code`, `name`, `active`) VALUES ('HR.20.11049005','HR','HR.20','{\"en\":\"Općina Stupnik\"}',1);
INSERT INTO `__PREFIX__subadmin2` (`code`, `country_code`, `subadmin1_code`, `name`, `active`) VALUES ('HR.20.11049006','HR','HR.20','{\"en\":\"Žumberak\"}',1);
INSERT INTO `__PREFIX__subadmin2` (`code`, `country_code`, `subadmin1_code`, `name`, `active`) VALUES ('HR.07.11049007','HR','HR.07','{\"en\":\"Bedekovčina\"}',1);
INSERT INTO `__PREFIX__subadmin2` (`code`, `country_code`, `subadmin1_code`, `name`, `active`) VALUES ('HR.07.11049008','HR','HR.07','{\"en\":\"Budinščina\"}',1);
INSERT INTO `__PREFIX__subadmin2` (`code`, `country_code`, `subadmin1_code`, `name`, `active`) VALUES ('HR.07.11049009','HR','HR.07','{\"en\":\"Desinić\"}',1);
INSERT INTO `__PREFIX__subadmin2` (`code`, `country_code`, `subadmin1_code`, `name`, `active`) VALUES ('HR.07.11049010','HR','HR.07','{\"en\":\"Gornja Stubica\"}',1);
INSERT INTO `__PREFIX__subadmin2` (`code`, `country_code`, `subadmin1_code`, `name`, `active`) VALUES ('HR.07.11049011','HR','HR.07','{\"en\":\"Hrašćina\"}',1);
INSERT INTO `__PREFIX__subadmin2` (`code`, `country_code`, `subadmin1_code`, `name`, `active`) VALUES ('HR.07.11049012','HR','HR.07','{\"en\":\"Hum na Sutli\"}',1);
INSERT INTO `__PREFIX__subadmin2` (`code`, `country_code`, `subadmin1_code`, `name`, `active`) VALUES ('HR.07.11049013','HR','HR.07','{\"en\":\"Jesenje\"}',1);
INSERT INTO `__PREFIX__subadmin2` (`code`, `country_code`, `subadmin1_code`, `name`, `active`) VALUES ('HR.07.11049014','HR','HR.07','{\"en\":\"Konjščina\"}',1);
INSERT INTO `__PREFIX__subadmin2` (`code`, `country_code`, `subadmin1_code`, `name`, `active`) VALUES ('HR.07.11049188','HR','HR.07','{\"en\":\"Kraljevec na Sutli\"}',1);
INSERT INTO `__PREFIX__subadmin2` (`code`, `country_code`, `subadmin1_code`, `name`, `active`) VALUES ('HR.07.11049189','HR','HR.07','{\"en\":\"Krapinske Toplice\"}',1);
INSERT INTO `__PREFIX__subadmin2` (`code`, `country_code`, `subadmin1_code`, `name`, `active`) VALUES ('HR.07.11049190','HR','HR.07','{\"en\":\"Kumrovec\"}',1);
INSERT INTO `__PREFIX__subadmin2` (`code`, `country_code`, `subadmin1_code`, `name`, `active`) VALUES ('HR.07.11049191','HR','HR.07','{\"en\":\"Lobor\"}',1);
INSERT INTO `__PREFIX__subadmin2` (`code`, `country_code`, `subadmin1_code`, `name`, `active`) VALUES ('HR.07.11049192','HR','HR.07','{\"en\":\"Mače\"}',1);
INSERT INTO `__PREFIX__subadmin2` (`code`, `country_code`, `subadmin1_code`, `name`, `active`) VALUES ('HR.07.11049193','HR','HR.07','{\"en\":\"Mihovljan\"}',1);
INSERT INTO `__PREFIX__subadmin2` (`code`, `country_code`, `subadmin1_code`, `name`, `active`) VALUES ('HR.07.11049194','HR','HR.07','{\"en\":\"Novi Golubovec\"}',1);
INSERT INTO `__PREFIX__subadmin2` (`code`, `country_code`, `subadmin1_code`, `name`, `active`) VALUES ('HR.07.11049195','HR','HR.07','{\"en\":\"Petrovsko\"}',1);
INSERT INTO `__PREFIX__subadmin2` (`code`, `country_code`, `subadmin1_code`, `name`, `active`) VALUES ('HR.07.11049212','HR','HR.07','{\"en\":\"Radoboj\"}',1);
INSERT INTO `__PREFIX__subadmin2` (`code`, `country_code`, `subadmin1_code`, `name`, `active`) VALUES ('HR.07.11049213','HR','HR.07','{\"en\":\"Sveti Križ Začretje\"}',1);
INSERT INTO `__PREFIX__subadmin2` (`code`, `country_code`, `subadmin1_code`, `name`, `active`) VALUES ('HR.07.11049214','HR','HR.07','{\"en\":\"Stubičke Toplice\"}',1);
INSERT INTO `__PREFIX__subadmin2` (`code`, `country_code`, `subadmin1_code`, `name`, `active`) VALUES ('HR.07.11049218','HR','HR.07','{\"en\":\"Tuhelj\"}',1);
INSERT INTO `__PREFIX__subadmin2` (`code`, `country_code`, `subadmin1_code`, `name`, `active`) VALUES ('HR.07.11049219','HR','HR.07','{\"en\":\"Veliko Trgovišće\"}',1);
INSERT INTO `__PREFIX__subadmin2` (`code`, `country_code`, `subadmin1_code`, `name`, `active`) VALUES ('HR.07.11049220','HR','HR.07','{\"en\":\"Zagorska Sela\"}',1);
INSERT INTO `__PREFIX__subadmin2` (`code`, `country_code`, `subadmin1_code`, `name`, `active`) VALUES ('HR.07.11049222','HR','HR.07','{\"en\":\"Zlatar Bistrica\"}',1);
INSERT INTO `__PREFIX__subadmin2` (`code`, `country_code`, `subadmin1_code`, `name`, `active`) VALUES ('HR.14.11049225','HR','HR.14','{\"en\":\"Općina Donji Kukuruzari\"}',1);
INSERT INTO `__PREFIX__subadmin2` (`code`, `country_code`, `subadmin1_code`, `name`, `active`) VALUES ('HR.14.11049226','HR','HR.14','{\"en\":\"Hrvatska Dubica\"}',1);
INSERT INTO `__PREFIX__subadmin2` (`code`, `country_code`, `subadmin1_code`, `name`, `active`) VALUES ('HR.14.11049227','HR','HR.14','{\"en\":\"Općina Jasenovac\"}',1);
INSERT INTO `__PREFIX__subadmin2` (`code`, `country_code`, `subadmin1_code`, `name`, `active`) VALUES ('HR.14.11049228','HR','HR.14','{\"en\":\"Općina Lekenik\"}',1);
INSERT INTO `__PREFIX__subadmin2` (`code`, `country_code`, `subadmin1_code`, `name`, `active`) VALUES ('HR.14.11049229','HR','HR.14','{\"en\":\"Lipovljani\"}',1);
INSERT INTO `__PREFIX__subadmin2` (`code`, `country_code`, `subadmin1_code`, `name`, `active`) VALUES ('HR.14.11049230','HR','HR.14','{\"en\":\"Općina Majur\"}',1);
INSERT INTO `__PREFIX__subadmin2` (`code`, `country_code`, `subadmin1_code`, `name`, `active`) VALUES ('HR.14.11049231','HR','HR.14','{\"en\":\"Općina Martinska Ves\"}',1);
INSERT INTO `__PREFIX__subadmin2` (`code`, `country_code`, `subadmin1_code`, `name`, `active`) VALUES ('HR.14.11049232','HR','HR.14','{\"en\":\"Popovača\"}',1);
INSERT INTO `__PREFIX__subadmin2` (`code`, `country_code`, `subadmin1_code`, `name`, `active`) VALUES ('HR.14.11049233','HR','HR.14','{\"en\":\"Općina Sunja\"}',1);
INSERT INTO `__PREFIX__subadmin2` (`code`, `country_code`, `subadmin1_code`, `name`, `active`) VALUES ('HR.14.11049234','HR','HR.14','{\"en\":\"Općina Topusko\"}',1);
INSERT INTO `__PREFIX__subadmin2` (`code`, `country_code`, `subadmin1_code`, `name`, `active`) VALUES ('HR.14.11049235','HR','HR.14','{\"en\":\"Općina Velika Ludina\"}',1);
INSERT INTO `__PREFIX__subadmin2` (`code`, `country_code`, `subadmin1_code`, `name`, `active`) VALUES ('HR.05.11049266','HR','HR.05','{\"en\":\"Barilović\"}',1);
INSERT INTO `__PREFIX__subadmin2` (`code`, `country_code`, `subadmin1_code`, `name`, `active`) VALUES ('HR.05.11049267','HR','HR.05','{\"en\":\"Bosiljevo\"}',1);
INSERT INTO `__PREFIX__subadmin2` (`code`, `country_code`, `subadmin1_code`, `name`, `active`) VALUES ('HR.05.11049268','HR','HR.05','{\"en\":\"Cetingrad\"}',1);
INSERT INTO `__PREFIX__subadmin2` (`code`, `country_code`, `subadmin1_code`, `name`, `active`) VALUES ('HR.05.11049269','HR','HR.05','{\"en\":\"Draganić\"}',1);
INSERT INTO `__PREFIX__subadmin2` (`code`, `country_code`, `subadmin1_code`, `name`, `active`) VALUES ('HR.05.11049270','HR','HR.05','{\"en\":\"Generalski Stol\"}',1);
INSERT INTO `__PREFIX__subadmin2` (`code`, `country_code`, `subadmin1_code`, `name`, `active`) VALUES ('HR.05.11049271','HR','HR.05','{\"en\":\"Josipdol\"}',1);
INSERT INTO `__PREFIX__subadmin2` (`code`, `country_code`, `subadmin1_code`, `name`, `active`) VALUES ('HR.05.11049272','HR','HR.05','{\"en\":\"Kamanje\"}',1);
INSERT INTO `__PREFIX__subadmin2` (`code`, `country_code`, `subadmin1_code`, `name`, `active`) VALUES ('HR.05.11049273','HR','HR.05','{\"en\":\"Krnjak\"}',1);
INSERT INTO `__PREFIX__subadmin2` (`code`, `country_code`, `subadmin1_code`, `name`, `active`) VALUES ('HR.05.11049275','HR','HR.05','{\"en\":\"Lasinja\"}',1);
INSERT INTO `__PREFIX__subadmin2` (`code`, `country_code`, `subadmin1_code`, `name`, `active`) VALUES ('HR.05.11049276','HR','HR.05','{\"en\":\"Netretić\"}',1);
INSERT INTO `__PREFIX__subadmin2` (`code`, `country_code`, `subadmin1_code`, `name`, `active`) VALUES ('HR.05.11049277','HR','HR.05','{\"en\":\"Plaški\"}',1);
INSERT INTO `__PREFIX__subadmin2` (`code`, `country_code`, `subadmin1_code`, `name`, `active`) VALUES ('HR.05.11049278','HR','HR.05','{\"en\":\"Rakovica\"}',1);
INSERT INTO `__PREFIX__subadmin2` (`code`, `country_code`, `subadmin1_code`, `name`, `active`) VALUES ('HR.05.11049279','HR','HR.05','{\"en\":\"Ribnik\"}',1);
INSERT INTO `__PREFIX__subadmin2` (`code`, `country_code`, `subadmin1_code`, `name`, `active`) VALUES ('HR.05.11049280','HR','HR.05','{\"en\":\"Saborsko\"}',1);
INSERT INTO `__PREFIX__subadmin2` (`code`, `country_code`, `subadmin1_code`, `name`, `active`) VALUES ('HR.05.11049281','HR','HR.05','{\"en\":\"Tounj\"}',1);
INSERT INTO `__PREFIX__subadmin2` (`code`, `country_code`, `subadmin1_code`, `name`, `active`) VALUES ('HR.05.11049283','HR','HR.05','{\"en\":\"Žakanje\"}',1);
INSERT INTO `__PREFIX__subadmin2` (`code`, `country_code`, `subadmin1_code`, `name`, `active`) VALUES ('HR.08.11049284','HR','HR.08','{\"en\":\"Brinje\"}',1);
INSERT INTO `__PREFIX__subadmin2` (`code`, `country_code`, `subadmin1_code`, `name`, `active`) VALUES ('HR.08.11049285','HR','HR.08','{\"en\":\"Donji Lapac\"}',1);
INSERT INTO `__PREFIX__subadmin2` (`code`, `country_code`, `subadmin1_code`, `name`, `active`) VALUES ('HR.08.11049286','HR','HR.08','{\"en\":\"Gospić\"}',1);
INSERT INTO `__PREFIX__subadmin2` (`code`, `country_code`, `subadmin1_code`, `name`, `active`) VALUES ('HR.08.11049287','HR','HR.08','{\"en\":\"Karlobag\"}',1);
INSERT INTO `__PREFIX__subadmin2` (`code`, `country_code`, `subadmin1_code`, `name`, `active`) VALUES ('HR.08.11049288','HR','HR.08','{\"en\":\"Lovinac\"}',1);
INSERT INTO `__PREFIX__subadmin2` (`code`, `country_code`, `subadmin1_code`, `name`, `active`) VALUES ('HR.08.11049289','HR','HR.08','{\"en\":\"Novalja\"}',1);
INSERT INTO `__PREFIX__subadmin2` (`code`, `country_code`, `subadmin1_code`, `name`, `active`) VALUES ('HR.08.11049290','HR','HR.08','{\"en\":\"Otočac\"}',1);
INSERT INTO `__PREFIX__subadmin2` (`code`, `country_code`, `subadmin1_code`, `name`, `active`) VALUES ('HR.08.11049291','HR','HR.08','{\"en\":\"Perušić\"}',1);
INSERT INTO `__PREFIX__subadmin2` (`code`, `country_code`, `subadmin1_code`, `name`, `active`) VALUES ('HR.08.11049292','HR','HR.08','{\"en\":\"Plitvička Jezera\"}',1);
INSERT INTO `__PREFIX__subadmin2` (`code`, `country_code`, `subadmin1_code`, `name`, `active`) VALUES ('HR.08.11049293','HR','HR.08','{\"en\":\"Senj\"}',1);
INSERT INTO `__PREFIX__subadmin2` (`code`, `country_code`, `subadmin1_code`, `name`, `active`) VALUES ('HR.08.11049294','HR','HR.08','{\"en\":\"Udbina\"}',1);
INSERT INTO `__PREFIX__subadmin2` (`code`, `country_code`, `subadmin1_code`, `name`, `active`) VALUES ('HR.08.11049295','HR','HR.08','{\"en\":\"Vrhovine\"}',1);
INSERT INTO `__PREFIX__subadmin2` (`code`, `country_code`, `subadmin1_code`, `name`, `active`) VALUES ('HR.16.11049296','HR','HR.16','{\"en\":\"Bednja\"}',1);
INSERT INTO `__PREFIX__subadmin2` (`code`, `country_code`, `subadmin1_code`, `name`, `active`) VALUES ('HR.16.11049297','HR','HR.16','{\"en\":\"Beretinec\"}',1);
INSERT INTO `__PREFIX__subadmin2` (`code`, `country_code`, `subadmin1_code`, `name`, `active`) VALUES ('HR.16.11049298','HR','HR.16','{\"en\":\"Breznica\"}',1);
INSERT INTO `__PREFIX__subadmin2` (`code`, `country_code`, `subadmin1_code`, `name`, `active`) VALUES ('HR.16.11049299','HR','HR.16','{\"en\":\"Breznički Hum\"}',1);
INSERT INTO `__PREFIX__subadmin2` (`code`, `country_code`, `subadmin1_code`, `name`, `active`) VALUES ('HR.16.11049300','HR','HR.16','{\"en\":\"Cestica\"}',1);
INSERT INTO `__PREFIX__subadmin2` (`code`, `country_code`, `subadmin1_code`, `name`, `active`) VALUES ('HR.16.11049301','HR','HR.16','{\"en\":\"Donja Voća\"}',1);
INSERT INTO `__PREFIX__subadmin2` (`code`, `country_code`, `subadmin1_code`, `name`, `active`) VALUES ('HR.16.11049302','HR','HR.16','{\"en\":\"Gornji Kneginec\"}',1);
INSERT INTO `__PREFIX__subadmin2` (`code`, `country_code`, `subadmin1_code`, `name`, `active`) VALUES ('HR.16.11049303','HR','HR.16','{\"en\":\"Općina Jalžabet\"}',1);
INSERT INTO `__PREFIX__subadmin2` (`code`, `country_code`, `subadmin1_code`, `name`, `active`) VALUES ('HR.16.11049306','HR','HR.16','{\"en\":\"Klenovnik\"}',1);
INSERT INTO `__PREFIX__subadmin2` (`code`, `country_code`, `subadmin1_code`, `name`, `active`) VALUES ('HR.16.11049307','HR','HR.16','{\"en\":\"Ljubešćica\"}',1);
INSERT INTO `__PREFIX__subadmin2` (`code`, `country_code`, `subadmin1_code`, `name`, `active`) VALUES ('HR.16.11049308','HR','HR.16','{\"en\":\"Lepoglava\"}',1);
INSERT INTO `__PREFIX__subadmin2` (`code`, `country_code`, `subadmin1_code`, `name`, `active`) VALUES ('HR.16.11049309','HR','HR.16','{\"en\":\"Mali Bukovec\"}',1);
INSERT INTO `__PREFIX__subadmin2` (`code`, `country_code`, `subadmin1_code`, `name`, `active`) VALUES ('HR.16.11049310','HR','HR.16','{\"en\":\"Općina Martijanec\"}',1);
INSERT INTO `__PREFIX__subadmin2` (`code`, `country_code`, `subadmin1_code`, `name`, `active`) VALUES ('HR.16.11049311','HR','HR.16','{\"en\":\"Maruševec\"}',1);
INSERT INTO `__PREFIX__subadmin2` (`code`, `country_code`, `subadmin1_code`, `name`, `active`) VALUES ('HR.16.11049312','HR','HR.16','{\"en\":\"Petrijanec\"}',1);
INSERT INTO `__PREFIX__subadmin2` (`code`, `country_code`, `subadmin1_code`, `name`, `active`) VALUES ('HR.16.11049313','HR','HR.16','{\"en\":\"Sračinec\"}',1);
INSERT INTO `__PREFIX__subadmin2` (`code`, `country_code`, `subadmin1_code`, `name`, `active`) VALUES ('HR.16.11049314','HR','HR.16','{\"en\":\"Sveti Ilija\"}',1);
INSERT INTO `__PREFIX__subadmin2` (`code`, `country_code`, `subadmin1_code`, `name`, `active`) VALUES ('HR.16.11049315','HR','HR.16','{\"en\":\"Općina Trnovec Bartolovečki\"}',1);
INSERT INTO `__PREFIX__subadmin2` (`code`, `country_code`, `subadmin1_code`, `name`, `active`) VALUES ('HR.16.11049316','HR','HR.16','{\"en\":\"Grad Varaždinske Toplice\"}',1);
INSERT INTO `__PREFIX__subadmin2` (`code`, `country_code`, `subadmin1_code`, `name`, `active`) VALUES ('HR.16.11049317','HR','HR.16','{\"en\":\"Veliki Bukovec\"}',1);
INSERT INTO `__PREFIX__subadmin2` (`code`, `country_code`, `subadmin1_code`, `name`, `active`) VALUES ('HR.16.11049318','HR','HR.16','{\"en\":\"Vidovec\"}',1);
INSERT INTO `__PREFIX__subadmin2` (`code`, `country_code`, `subadmin1_code`, `name`, `active`) VALUES ('HR.16.11049320','HR','HR.16','{\"en\":\"Vinica\"}',1);
INSERT INTO `__PREFIX__subadmin2` (`code`, `country_code`, `subadmin1_code`, `name`, `active`) VALUES ('HR.16.11049321','HR','HR.16','{\"en\":\"Visoko\"}',1);
INSERT INTO `__PREFIX__subadmin2` (`code`, `country_code`, `subadmin1_code`, `name`, `active`) VALUES ('HR.06.11049322','HR','HR.06','{\"en\":\"Drnje\"}',1);
INSERT INTO `__PREFIX__subadmin2` (`code`, `country_code`, `subadmin1_code`, `name`, `active`) VALUES ('HR.06.11049323','HR','HR.06','{\"en\":\"Ferdinandovac\"}',1);
INSERT INTO `__PREFIX__subadmin2` (`code`, `country_code`, `subadmin1_code`, `name`, `active`) VALUES ('HR.06.11049324','HR','HR.06','{\"en\":\"Gola\"}',1);
INSERT INTO `__PREFIX__subadmin2` (`code`, `country_code`, `subadmin1_code`, `name`, `active`) VALUES ('HR.06.11049326','HR','HR.06','{\"en\":\"Gornja Rijeka\"}',1);
INSERT INTO `__PREFIX__subadmin2` (`code`, `country_code`, `subadmin1_code`, `name`, `active`) VALUES ('HR.06.11049369','HR','HR.06','{\"en\":\"Hlebine\"}',1);
INSERT INTO `__PREFIX__subadmin2` (`code`, `country_code`, `subadmin1_code`, `name`, `active`) VALUES ('HR.06.11049370','HR','HR.06','{\"en\":\"Kalinovac\"}',1);
INSERT INTO `__PREFIX__subadmin2` (`code`, `country_code`, `subadmin1_code`, `name`, `active`) VALUES ('HR.06.11049372','HR','HR.06','{\"en\":\"Kalnik\"}',1);
INSERT INTO `__PREFIX__subadmin2` (`code`, `country_code`, `subadmin1_code`, `name`, `active`) VALUES ('HR.06.11049373','HR','HR.06','{\"en\":\"Kloštar Podravski\"}',1);
INSERT INTO `__PREFIX__subadmin2` (`code`, `country_code`, `subadmin1_code`, `name`, `active`) VALUES ('HR.06.11049374','HR','HR.06','{\"en\":\"Koprivnički Bregi\"}',1);
INSERT INTO `__PREFIX__subadmin2` (`code`, `country_code`, `subadmin1_code`, `name`, `active`) VALUES ('HR.06.11049375','HR','HR.06','{\"en\":\"Koprivnički Ivanec\"}',1);
INSERT INTO `__PREFIX__subadmin2` (`code`, `country_code`, `subadmin1_code`, `name`, `active`) VALUES ('HR.06.11049376','HR','HR.06','{\"en\":\"Općina Legrad\"}',1);
INSERT INTO `__PREFIX__subadmin2` (`code`, `country_code`, `subadmin1_code`, `name`, `active`) VALUES ('HR.06.11049377','HR','HR.06','{\"en\":\"Molve\"}',1);
INSERT INTO `__PREFIX__subadmin2` (`code`, `country_code`, `subadmin1_code`, `name`, `active`) VALUES ('HR.06.11049378','HR','HR.06','{\"en\":\"Novigrad Podravski\"}',1);
INSERT INTO `__PREFIX__subadmin2` (`code`, `country_code`, `subadmin1_code`, `name`, `active`) VALUES ('HR.06.11049380','HR','HR.06','{\"en\":\"Novo Virje\"}',1);
INSERT INTO `__PREFIX__subadmin2` (`code`, `country_code`, `subadmin1_code`, `name`, `active`) VALUES ('HR.06.11049381','HR','HR.06','{\"en\":\"Peteranec\"}',1);
INSERT INTO `__PREFIX__subadmin2` (`code`, `country_code`, `subadmin1_code`, `name`, `active`) VALUES ('HR.06.11049383','HR','HR.06','{\"en\":\"Podravske Sesvete\"}',1);
INSERT INTO `__PREFIX__subadmin2` (`code`, `country_code`, `subadmin1_code`, `name`, `active`) VALUES ('HR.06.11049389','HR','HR.06','{\"en\":\"Općina Rasinja\"}',1);
INSERT INTO `__PREFIX__subadmin2` (`code`, `country_code`, `subadmin1_code`, `name`, `active`) VALUES ('HR.06.11049391','HR','HR.06','{\"en\":\"Sokolovac\"}',1);
INSERT INTO `__PREFIX__subadmin2` (`code`, `country_code`, `subadmin1_code`, `name`, `active`) VALUES ('HR.06.11049393','HR','HR.06','{\"en\":\"Sveti Ivan Žabno\"}',1);
INSERT INTO `__PREFIX__subadmin2` (`code`, `country_code`, `subadmin1_code`, `name`, `active`) VALUES ('HR.06.11049395','HR','HR.06','{\"en\":\"Sveti Petar Orehovec\"}',1);
INSERT INTO `__PREFIX__subadmin2` (`code`, `country_code`, `subadmin1_code`, `name`, `active`) VALUES ('HR.06.11049397','HR','HR.06','{\"en\":\"Virje\"}',1);
INSERT INTO `__PREFIX__subadmin2` (`code`, `country_code`, `subadmin1_code`, `name`, `active`) VALUES ('HR.01.11049398','HR','HR.01','{\"en\":\"Berek\"}',1);
INSERT INTO `__PREFIX__subadmin2` (`code`, `country_code`, `subadmin1_code`, `name`, `active`) VALUES ('HR.01.11049399','HR','HR.01','{\"en\":\"Dežanovac\"}',1);
INSERT INTO `__PREFIX__subadmin2` (`code`, `country_code`, `subadmin1_code`, `name`, `active`) VALUES ('HR.01.11049403','HR','HR.01','{\"en\":\"Hercegovac\"}',1);
INSERT INTO `__PREFIX__subadmin2` (`code`, `country_code`, `subadmin1_code`, `name`, `active`) VALUES ('HR.01.11049406','HR','HR.01','{\"en\":\"Ivanska\"}',1);
INSERT INTO `__PREFIX__subadmin2` (`code`, `country_code`, `subadmin1_code`, `name`, `active`) VALUES ('HR.01.11049413','HR','HR.01','{\"en\":\"Kapela\"}',1);
INSERT INTO `__PREFIX__subadmin2` (`code`, `country_code`, `subadmin1_code`, `name`, `active`) VALUES ('HR.01.11049414','HR','HR.01','{\"en\":\"Končanica\"}',1);
INSERT INTO `__PREFIX__subadmin2` (`code`, `country_code`, `subadmin1_code`, `name`, `active`) VALUES ('HR.01.11049415','HR','HR.01','{\"en\":\"Nova Rača\"}',1);
INSERT INTO `__PREFIX__subadmin2` (`code`, `country_code`, `subadmin1_code`, `name`, `active`) VALUES ('HR.01.11049416','HR','HR.01','{\"en\":\"Rovišće\"}',1);
INSERT INTO `__PREFIX__subadmin2` (`code`, `country_code`, `subadmin1_code`, `name`, `active`) VALUES ('HR.01.11049417','HR','HR.01','{\"en\":\"Severin\"}',1);
INSERT INTO `__PREFIX__subadmin2` (`code`, `country_code`, `subadmin1_code`, `name`, `active`) VALUES ('HR.01.11049418','HR','HR.01','{\"en\":\"Sirač\"}',1);
INSERT INTO `__PREFIX__subadmin2` (`code`, `country_code`, `subadmin1_code`, `name`, `active`) VALUES ('HR.01.11049419','HR','HR.01','{\"en\":\"Šandrovac\"}',1);
INSERT INTO `__PREFIX__subadmin2` (`code`, `country_code`, `subadmin1_code`, `name`, `active`) VALUES ('HR.01.11049420','HR','HR.01','{\"en\":\"Štefanje\"}',1);
INSERT INTO `__PREFIX__subadmin2` (`code`, `country_code`, `subadmin1_code`, `name`, `active`) VALUES ('HR.01.11049421','HR','HR.01','{\"en\":\"Velika Pisanica\"}',1);
INSERT INTO `__PREFIX__subadmin2` (`code`, `country_code`, `subadmin1_code`, `name`, `active`) VALUES ('HR.01.11049422','HR','HR.01','{\"en\":\"Velika Trnovitica\"}',1);
INSERT INTO `__PREFIX__subadmin2` (`code`, `country_code`, `subadmin1_code`, `name`, `active`) VALUES ('HR.01.11049424','HR','HR.01','{\"en\":\"Veliki Grđevac\"}',1);
INSERT INTO `__PREFIX__subadmin2` (`code`, `country_code`, `subadmin1_code`, `name`, `active`) VALUES ('HR.01.11049426','HR','HR.01','{\"en\":\"Veliko Trojstvo\"}',1);
INSERT INTO `__PREFIX__subadmin2` (`code`, `country_code`, `subadmin1_code`, `name`, `active`) VALUES ('HR.01.11049428','HR','HR.01','{\"en\":\"Zrinski Topolovac\"}',1);
INSERT INTO `__PREFIX__subadmin2` (`code`, `country_code`, `subadmin1_code`, `name`, `active`) VALUES ('HR.12.11049429','HR','HR.12','{\"en\":\"Bakar\"}',1);
INSERT INTO `__PREFIX__subadmin2` (`code`, `country_code`, `subadmin1_code`, `name`, `active`) VALUES ('HR.12.11049430','HR','HR.12','{\"en\":\"Baška\"}',1);
INSERT INTO `__PREFIX__subadmin2` (`code`, `country_code`, `subadmin1_code`, `name`, `active`) VALUES ('HR.12.11049431','HR','HR.12','{\"en\":\"Brod Moravice\"}',1);
INSERT INTO `__PREFIX__subadmin2` (`code`, `country_code`, `subadmin1_code`, `name`, `active`) VALUES ('HR.12.11049432','HR','HR.12','{\"en\":\"Čavle\"}',1);
INSERT INTO `__PREFIX__subadmin2` (`code`, `country_code`, `subadmin1_code`, `name`, `active`) VALUES ('HR.12.11049433','HR','HR.12','{\"en\":\"Dobrinj\"}',1);
INSERT INTO `__PREFIX__subadmin2` (`code`, `country_code`, `subadmin1_code`, `name`, `active`) VALUES ('HR.12.11049434','HR','HR.12','{\"en\":\"Fužine\"}',1);
INSERT INTO `__PREFIX__subadmin2` (`code`, `country_code`, `subadmin1_code`, `name`, `active`) VALUES ('HR.12.11049435','HR','HR.12','{\"en\":\"Jelenje\"}',1);
INSERT INTO `__PREFIX__subadmin2` (`code`, `country_code`, `subadmin1_code`, `name`, `active`) VALUES ('HR.12.11049436','HR','HR.12','{\"en\":\"Kastav\"}',1);
INSERT INTO `__PREFIX__subadmin2` (`code`, `country_code`, `subadmin1_code`, `name`, `active`) VALUES ('HR.12.11049437','HR','HR.12','{\"en\":\"Klana\"}',1);
INSERT INTO `__PREFIX__subadmin2` (`code`, `country_code`, `subadmin1_code`, `name`, `active`) VALUES ('HR.12.11049438','HR','HR.12','{\"en\":\"Kostrena\"}',1);
INSERT INTO `__PREFIX__subadmin2` (`code`, `country_code`, `subadmin1_code`, `name`, `active`) VALUES ('HR.12.11049439','HR','HR.12','{\"en\":\"Lokve\"}',1);
INSERT INTO `__PREFIX__subadmin2` (`code`, `country_code`, `subadmin1_code`, `name`, `active`) VALUES ('HR.12.11049440','HR','HR.12','{\"en\":\"Lopar\"}',1);
INSERT INTO `__PREFIX__subadmin2` (`code`, `country_code`, `subadmin1_code`, `name`, `active`) VALUES ('HR.12.11049441','HR','HR.12','{\"en\":\"Lovran\"}',1);
INSERT INTO `__PREFIX__subadmin2` (`code`, `country_code`, `subadmin1_code`, `name`, `active`) VALUES ('HR.12.11049442','HR','HR.12','{\"en\":\"Mali Lošinj\"}',1);
INSERT INTO `__PREFIX__subadmin2` (`code`, `country_code`, `subadmin1_code`, `name`, `active`) VALUES ('HR.12.11049443','HR','HR.12','{\"en\":\"Matulji\"}',1);
INSERT INTO `__PREFIX__subadmin2` (`code`, `country_code`, `subadmin1_code`, `name`, `active`) VALUES ('HR.12.11049445','HR','HR.12','{\"en\":\"Mošćenička Draga\"}',1);
INSERT INTO `__PREFIX__subadmin2` (`code`, `country_code`, `subadmin1_code`, `name`, `active`) VALUES ('HR.12.11049446','HR','HR.12','{\"en\":\"Mrkopalj\"}',1);
INSERT INTO `__PREFIX__subadmin2` (`code`, `country_code`, `subadmin1_code`, `name`, `active`) VALUES ('HR.12.11049447','HR','HR.12','{\"en\":\"Novi Vinodolski\"}',1);
INSERT INTO `__PREFIX__subadmin2` (`code`, `country_code`, `subadmin1_code`, `name`, `active`) VALUES ('HR.12.11049448','HR','HR.12','{\"en\":\"Omišalj\"}',1);
INSERT INTO `__PREFIX__subadmin2` (`code`, `country_code`, `subadmin1_code`, `name`, `active`) VALUES ('HR.12.11049449','HR','HR.12','{\"en\":\"Punat\"}',1);
INSERT INTO `__PREFIX__subadmin2` (`code`, `country_code`, `subadmin1_code`, `name`, `active`) VALUES ('HR.12.11049450','HR','HR.12','{\"en\":\"Rab\"}',1);
INSERT INTO `__PREFIX__subadmin2` (`code`, `country_code`, `subadmin1_code`, `name`, `active`) VALUES ('HR.12.11049451','HR','HR.12','{\"en\":\"Ravna Gora\"}',1);
INSERT INTO `__PREFIX__subadmin2` (`code`, `country_code`, `subadmin1_code`, `name`, `active`) VALUES ('HR.12.11049452','HR','HR.12','{\"en\":\"Skrad\"}',1);
INSERT INTO `__PREFIX__subadmin2` (`code`, `country_code`, `subadmin1_code`, `name`, `active`) VALUES ('HR.12.11049453','HR','HR.12','{\"en\":\"Viškovo\"}',1);
INSERT INTO `__PREFIX__subadmin2` (`code`, `country_code`, `subadmin1_code`, `name`, `active`) VALUES ('HR.12.11049454','HR','HR.12','{\"en\":\"Vrbnik\"}',1);
INSERT INTO `__PREFIX__subadmin2` (`code`, `country_code`, `subadmin1_code`, `name`, `active`) VALUES ('HR.17.11049455','HR','HR.17','{\"en\":\"Crnac\"}',1);
INSERT INTO `__PREFIX__subadmin2` (`code`, `country_code`, `subadmin1_code`, `name`, `active`) VALUES ('HR.17.11049456','HR','HR.17','{\"en\":\"Čačinci\"}',1);
INSERT INTO `__PREFIX__subadmin2` (`code`, `country_code`, `subadmin1_code`, `name`, `active`) VALUES ('HR.17.11049457','HR','HR.17','{\"en\":\"Čađavica\"}',1);
INSERT INTO `__PREFIX__subadmin2` (`code`, `country_code`, `subadmin1_code`, `name`, `active`) VALUES ('HR.17.11049459','HR','HR.17','{\"en\":\"Gradina\"}',1);
INSERT INTO `__PREFIX__subadmin2` (`code`, `country_code`, `subadmin1_code`, `name`, `active`) VALUES ('HR.17.11049462','HR','HR.17','{\"en\":\"Lukač\"}',1);
INSERT INTO `__PREFIX__subadmin2` (`code`, `country_code`, `subadmin1_code`, `name`, `active`) VALUES ('HR.17.11049464','HR','HR.17','{\"en\":\"Mikleuš\"}',1);
INSERT INTO `__PREFIX__subadmin2` (`code`, `country_code`, `subadmin1_code`, `name`, `active`) VALUES ('HR.17.11049465','HR','HR.17','{\"en\":\"Nova Bukovica\"}',1);
INSERT INTO `__PREFIX__subadmin2` (`code`, `country_code`, `subadmin1_code`, `name`, `active`) VALUES ('HR.17.11049466','HR','HR.17','{\"en\":\"Pitomača\"}',1);
INSERT INTO `__PREFIX__subadmin2` (`code`, `country_code`, `subadmin1_code`, `name`, `active`) VALUES ('HR.17.11049467','HR','HR.17','{\"en\":\"Sopje\"}',1);
INSERT INTO `__PREFIX__subadmin2` (`code`, `country_code`, `subadmin1_code`, `name`, `active`) VALUES ('HR.17.11049468','HR','HR.17','{\"en\":\"Suhopolje\"}',1);
INSERT INTO `__PREFIX__subadmin2` (`code`, `country_code`, `subadmin1_code`, `name`, `active`) VALUES ('HR.17.11049469','HR','HR.17','{\"en\":\"Špišić Bukovica\"}',1);
INSERT INTO `__PREFIX__subadmin2` (`code`, `country_code`, `subadmin1_code`, `name`, `active`) VALUES ('HR.17.11049470','HR','HR.17','{\"en\":\"Voćin\"}',1);
INSERT INTO `__PREFIX__subadmin2` (`code`, `country_code`, `subadmin1_code`, `name`, `active`) VALUES ('HR.17.11049471','HR','HR.17','{\"en\":\"Zdenci\"}',1);
INSERT INTO `__PREFIX__subadmin2` (`code`, `country_code`, `subadmin1_code`, `name`, `active`) VALUES ('HR.11.11049472','HR','HR.11','{\"en\":\"Brestovac\"}',1);
INSERT INTO `__PREFIX__subadmin2` (`code`, `country_code`, `subadmin1_code`, `name`, `active`) VALUES ('HR.11.11049473','HR','HR.11','{\"en\":\"Čaglin\"}',1);
INSERT INTO `__PREFIX__subadmin2` (`code`, `country_code`, `subadmin1_code`, `name`, `active`) VALUES ('HR.11.11049474','HR','HR.11','{\"en\":\"Jakšić\"}',1);
INSERT INTO `__PREFIX__subadmin2` (`code`, `country_code`, `subadmin1_code`, `name`, `active`) VALUES ('HR.11.11049475','HR','HR.11','{\"en\":\"Kaptol\"}',1);
INSERT INTO `__PREFIX__subadmin2` (`code`, `country_code`, `subadmin1_code`, `name`, `active`) VALUES ('HR.11.11049476','HR','HR.11','{\"en\":\"Kutjevo\"}',1);
INSERT INTO `__PREFIX__subadmin2` (`code`, `country_code`, `subadmin1_code`, `name`, `active`) VALUES ('HR.11.11049477','HR','HR.11','{\"en\":\"Lipik\"}',1);
INSERT INTO `__PREFIX__subadmin2` (`code`, `country_code`, `subadmin1_code`, `name`, `active`) VALUES ('HR.11.11049478','HR','HR.11','{\"en\":\"Pleternica\"}',1);
INSERT INTO `__PREFIX__subadmin2` (`code`, `country_code`, `subadmin1_code`, `name`, `active`) VALUES ('HR.11.11049479','HR','HR.11','{\"en\":\"Velika\"}',1);
INSERT INTO `__PREFIX__subadmin2` (`code`, `country_code`, `subadmin1_code`, `name`, `active`) VALUES ('HR.02.11049480','HR','HR.02','{\"en\":\"Bebrina\"}',1);
INSERT INTO `__PREFIX__subadmin2` (`code`, `country_code`, `subadmin1_code`, `name`, `active`) VALUES ('HR.02.11049481','HR','HR.02','{\"en\":\"Brodski Stupnik\"}',1);
INSERT INTO `__PREFIX__subadmin2` (`code`, `country_code`, `subadmin1_code`, `name`, `active`) VALUES ('HR.02.11049482','HR','HR.02','{\"en\":\"Bukovlje\"}',1);
INSERT INTO `__PREFIX__subadmin2` (`code`, `country_code`, `subadmin1_code`, `name`, `active`) VALUES ('HR.02.11049489','HR','HR.02','{\"en\":\"Cernik\"}',1);
INSERT INTO `__PREFIX__subadmin2` (`code`, `country_code`, `subadmin1_code`, `name`, `active`) VALUES ('HR.02.11049490','HR','HR.02','{\"en\":\"Davor\"}',1);
INSERT INTO `__PREFIX__subadmin2` (`code`, `country_code`, `subadmin1_code`, `name`, `active`) VALUES ('HR.02.11049491','HR','HR.02','{\"en\":\"Donji Andrijevci\"}',1);
INSERT INTO `__PREFIX__subadmin2` (`code`, `country_code`, `subadmin1_code`, `name`, `active`) VALUES ('HR.02.11049492','HR','HR.02','{\"en\":\"Dragalić\"}',1);
INSERT INTO `__PREFIX__subadmin2` (`code`, `country_code`, `subadmin1_code`, `name`, `active`) VALUES ('HR.02.11049493','HR','HR.02','{\"en\":\"Garčin\"}',1);
INSERT INTO `__PREFIX__subadmin2` (`code`, `country_code`, `subadmin1_code`, `name`, `active`) VALUES ('HR.02.11049494','HR','HR.02','{\"en\":\"Gornja Vrba\"}',1);
INSERT INTO `__PREFIX__subadmin2` (`code`, `country_code`, `subadmin1_code`, `name`, `active`) VALUES ('HR.02.11049495','HR','HR.02','{\"en\":\"Gornji Bogićevci\"}',1);
INSERT INTO `__PREFIX__subadmin2` (`code`, `country_code`, `subadmin1_code`, `name`, `active`) VALUES ('HR.02.11049496','HR','HR.02','{\"en\":\"Gundinci\"}',1);
INSERT INTO `__PREFIX__subadmin2` (`code`, `country_code`, `subadmin1_code`, `name`, `active`) VALUES ('HR.02.11049497','HR','HR.02','{\"en\":\"Klakar\"}',1);
INSERT INTO `__PREFIX__subadmin2` (`code`, `country_code`, `subadmin1_code`, `name`, `active`) VALUES ('HR.02.11049498','HR','HR.02','{\"en\":\"Nova Kapela\"}',1);
INSERT INTO `__PREFIX__subadmin2` (`code`, `country_code`, `subadmin1_code`, `name`, `active`) VALUES ('HR.02.11049499','HR','HR.02','{\"en\":\"Okučani\"}',1);
INSERT INTO `__PREFIX__subadmin2` (`code`, `country_code`, `subadmin1_code`, `name`, `active`) VALUES ('HR.02.11049500','HR','HR.02','{\"en\":\"Oprisavci\"}',1);
INSERT INTO `__PREFIX__subadmin2` (`code`, `country_code`, `subadmin1_code`, `name`, `active`) VALUES ('HR.02.11049501','HR','HR.02','{\"en\":\"Oriovac\"}',1);
INSERT INTO `__PREFIX__subadmin2` (`code`, `country_code`, `subadmin1_code`, `name`, `active`) VALUES ('HR.02.11049502','HR','HR.02','{\"en\":\"Podcrkavlje\"}',1);
INSERT INTO `__PREFIX__subadmin2` (`code`, `country_code`, `subadmin1_code`, `name`, `active`) VALUES ('HR.02.11049503','HR','HR.02','{\"en\":\"Rešetari\"}',1);
INSERT INTO `__PREFIX__subadmin2` (`code`, `country_code`, `subadmin1_code`, `name`, `active`) VALUES ('HR.02.11049504','HR','HR.02','{\"en\":\"Sibinj\"}',1);
INSERT INTO `__PREFIX__subadmin2` (`code`, `country_code`, `subadmin1_code`, `name`, `active`) VALUES ('HR.02.11049505','HR','HR.02','{\"en\":\"Sikirevci\"}',1);
INSERT INTO `__PREFIX__subadmin2` (`code`, `country_code`, `subadmin1_code`, `name`, `active`) VALUES ('HR.02.11049506','HR','HR.02','{\"en\":\"Slavonski Šamac\"}',1);
INSERT INTO `__PREFIX__subadmin2` (`code`, `country_code`, `subadmin1_code`, `name`, `active`) VALUES ('HR.02.11049507','HR','HR.02','{\"en\":\"Stara Gradiška\"}',1);
INSERT INTO `__PREFIX__subadmin2` (`code`, `country_code`, `subadmin1_code`, `name`, `active`) VALUES ('HR.02.11049508','HR','HR.02','{\"en\":\"Staro Petrovo Selo\"}',1);
INSERT INTO `__PREFIX__subadmin2` (`code`, `country_code`, `subadmin1_code`, `name`, `active`) VALUES ('HR.02.11049509','HR','HR.02','{\"en\":\"Velika Kopanica\"}',1);
INSERT INTO `__PREFIX__subadmin2` (`code`, `country_code`, `subadmin1_code`, `name`, `active`) VALUES ('HR.02.11049510','HR','HR.02','{\"en\":\"Vrbje\"}',1);
INSERT INTO `__PREFIX__subadmin2` (`code`, `country_code`, `subadmin1_code`, `name`, `active`) VALUES ('HR.02.11049511','HR','HR.02','{\"en\":\"Vrpolje\"}',1);
INSERT INTO `__PREFIX__subadmin2` (`code`, `country_code`, `subadmin1_code`, `name`, `active`) VALUES ('HR.19.11049512','HR','HR.19','{\"en\":\"Benkovac\"}',1);
INSERT INTO `__PREFIX__subadmin2` (`code`, `country_code`, `subadmin1_code`, `name`, `active`) VALUES ('HR.19.11049513','HR','HR.19','{\"en\":\"Bibinje\"}',1);
INSERT INTO `__PREFIX__subadmin2` (`code`, `country_code`, `subadmin1_code`, `name`, `active`) VALUES ('HR.19.11049514','HR','HR.19','{\"en\":\"Galovac\"}',1);
INSERT INTO `__PREFIX__subadmin2` (`code`, `country_code`, `subadmin1_code`, `name`, `active`) VALUES ('HR.19.11054319','HR','HR.19','{\"en\":\"Gračac\"}',1);
INSERT INTO `__PREFIX__subadmin2` (`code`, `country_code`, `subadmin1_code`, `name`, `active`) VALUES ('HR.19.11054321','HR','HR.19','{\"en\":\"Jasenice\"}',1);
INSERT INTO `__PREFIX__subadmin2` (`code`, `country_code`, `subadmin1_code`, `name`, `active`) VALUES ('HR.19.11054322','HR','HR.19','{\"en\":\"Kali\"}',1);
INSERT INTO `__PREFIX__subadmin2` (`code`, `country_code`, `subadmin1_code`, `name`, `active`) VALUES ('HR.19.11054323','HR','HR.19','{\"en\":\"Kolan\"}',1);
INSERT INTO `__PREFIX__subadmin2` (`code`, `country_code`, `subadmin1_code`, `name`, `active`) VALUES ('HR.19.11054325','HR','HR.19','{\"en\":\"Kukljica\"}',1);
INSERT INTO `__PREFIX__subadmin2` (`code`, `country_code`, `subadmin1_code`, `name`, `active`) VALUES ('HR.19.11054326','HR','HR.19','{\"en\":\"Lišane Ostrovičke\"}',1);
INSERT INTO `__PREFIX__subadmin2` (`code`, `country_code`, `subadmin1_code`, `name`, `active`) VALUES ('HR.19.11054327','HR','HR.19','{\"en\":\"Nin\"}',1);
INSERT INTO `__PREFIX__subadmin2` (`code`, `country_code`, `subadmin1_code`, `name`, `active`) VALUES ('HR.19.11054328','HR','HR.19','{\"en\":\"Obrovac\"}',1);
INSERT INTO `__PREFIX__subadmin2` (`code`, `country_code`, `subadmin1_code`, `name`, `active`) VALUES ('HR.19.11054329','HR','HR.19','{\"en\":\"Pag\"}',1);
INSERT INTO `__PREFIX__subadmin2` (`code`, `country_code`, `subadmin1_code`, `name`, `active`) VALUES ('HR.19.11054332','HR','HR.19','{\"en\":\"Pakoštane\"}',1);
INSERT INTO `__PREFIX__subadmin2` (`code`, `country_code`, `subadmin1_code`, `name`, `active`) VALUES ('HR.19.11054333','HR','HR.19','{\"en\":\"Pašman\"}',1);
INSERT INTO `__PREFIX__subadmin2` (`code`, `country_code`, `subadmin1_code`, `name`, `active`) VALUES ('HR.19.11054335','HR','HR.19','{\"en\":\"Polača\"}',1);
INSERT INTO `__PREFIX__subadmin2` (`code`, `country_code`, `subadmin1_code`, `name`, `active`) VALUES ('HR.19.11054336','HR','HR.19','{\"en\":\"Poličnik\"}',1);
INSERT INTO `__PREFIX__subadmin2` (`code`, `country_code`, `subadmin1_code`, `name`, `active`) VALUES ('HR.19.11054372','HR','HR.19','{\"en\":\"Posedarje\"}',1);
INSERT INTO `__PREFIX__subadmin2` (`code`, `country_code`, `subadmin1_code`, `name`, `active`) VALUES ('HR.19.11054373','HR','HR.19','{\"en\":\"Povljana\"}',1);
INSERT INTO `__PREFIX__subadmin2` (`code`, `country_code`, `subadmin1_code`, `name`, `active`) VALUES ('HR.19.11054374','HR','HR.19','{\"en\":\"Preko\"}',1);
INSERT INTO `__PREFIX__subadmin2` (`code`, `country_code`, `subadmin1_code`, `name`, `active`) VALUES ('HR.19.11054375','HR','HR.19','{\"en\":\"Privlaka\"}',1);
INSERT INTO `__PREFIX__subadmin2` (`code`, `country_code`, `subadmin1_code`, `name`, `active`) VALUES ('HR.19.11054376','HR','HR.19','{\"en\":\"Ražanac\"}',1);
INSERT INTO `__PREFIX__subadmin2` (`code`, `country_code`, `subadmin1_code`, `name`, `active`) VALUES ('HR.19.11054377','HR','HR.19','{\"en\":\"Sali\"}',1);
INSERT INTO `__PREFIX__subadmin2` (`code`, `country_code`, `subadmin1_code`, `name`, `active`) VALUES ('HR.19.11054378','HR','HR.19','{\"en\":\"Stankovci\"}',1);
INSERT INTO `__PREFIX__subadmin2` (`code`, `country_code`, `subadmin1_code`, `name`, `active`) VALUES ('HR.19.11054379','HR','HR.19','{\"en\":\"Starigrad\"}',1);
INSERT INTO `__PREFIX__subadmin2` (`code`, `country_code`, `subadmin1_code`, `name`, `active`) VALUES ('HR.19.11054380','HR','HR.19','{\"en\":\"Sukošan\"}',1);
INSERT INTO `__PREFIX__subadmin2` (`code`, `country_code`, `subadmin1_code`, `name`, `active`) VALUES ('HR.19.11054381','HR','HR.19','{\"en\":\"Sveti Filip i Jakov\"}',1);
INSERT INTO `__PREFIX__subadmin2` (`code`, `country_code`, `subadmin1_code`, `name`, `active`) VALUES ('HR.19.11054383','HR','HR.19','{\"en\":\"Škabrnja\"}',1);
INSERT INTO `__PREFIX__subadmin2` (`code`, `country_code`, `subadmin1_code`, `name`, `active`) VALUES ('HR.19.11054384','HR','HR.19','{\"en\":\"Tkon\"}',1);
INSERT INTO `__PREFIX__subadmin2` (`code`, `country_code`, `subadmin1_code`, `name`, `active`) VALUES ('HR.19.11054386','HR','HR.19','{\"en\":\"Vir\"}',1);
INSERT INTO `__PREFIX__subadmin2` (`code`, `country_code`, `subadmin1_code`, `name`, `active`) VALUES ('HR.19.11054387','HR','HR.19','{\"en\":\"Vrsi\"}',1);
INSERT INTO `__PREFIX__subadmin2` (`code`, `country_code`, `subadmin1_code`, `name`, `active`) VALUES ('HR.19.11054389','HR','HR.19','{\"en\":\"Zemunik Donji\"}',1);
INSERT INTO `__PREFIX__subadmin2` (`code`, `country_code`, `subadmin1_code`, `name`, `active`) VALUES ('HR.10.11054390','HR','HR.10','{\"en\":\"Antunovac\"}',1);
INSERT INTO `__PREFIX__subadmin2` (`code`, `country_code`, `subadmin1_code`, `name`, `active`) VALUES ('HR.10.11054391','HR','HR.10','{\"en\":\"Belišće\"}',1);
INSERT INTO `__PREFIX__subadmin2` (`code`, `country_code`, `subadmin1_code`, `name`, `active`) VALUES ('HR.10.11054392','HR','HR.10','{\"en\":\"Bilje\"}',1);
INSERT INTO `__PREFIX__subadmin2` (`code`, `country_code`, `subadmin1_code`, `name`, `active`) VALUES ('HR.10.11054393','HR','HR.10','{\"en\":\"Bizovac\"}',1);
INSERT INTO `__PREFIX__subadmin2` (`code`, `country_code`, `subadmin1_code`, `name`, `active`) VALUES ('HR.10.11054394','HR','HR.10','{\"en\":\"Čeminac\"}',1);
INSERT INTO `__PREFIX__subadmin2` (`code`, `country_code`, `subadmin1_code`, `name`, `active`) VALUES ('HR.10.11054395','HR','HR.10','{\"en\":\"Čepin\"}',1);
INSERT INTO `__PREFIX__subadmin2` (`code`, `country_code`, `subadmin1_code`, `name`, `active`) VALUES ('HR.10.11054454','HR','HR.10','{\"en\":\"Darda\"}',1);
INSERT INTO `__PREFIX__subadmin2` (`code`, `country_code`, `subadmin1_code`, `name`, `active`) VALUES ('HR.10.11054455','HR','HR.10','{\"en\":\"Donja Motičina\"}',1);
INSERT INTO `__PREFIX__subadmin2` (`code`, `country_code`, `subadmin1_code`, `name`, `active`) VALUES ('HR.10.11054456','HR','HR.10','{\"en\":\"Draž\"}',1);
INSERT INTO `__PREFIX__subadmin2` (`code`, `country_code`, `subadmin1_code`, `name`, `active`) VALUES ('HR.10.11054458','HR','HR.10','{\"en\":\"Drenje\"}',1);
INSERT INTO `__PREFIX__subadmin2` (`code`, `country_code`, `subadmin1_code`, `name`, `active`) VALUES ('HR.10.11054459','HR','HR.10','{\"en\":\"Đakovo\"}',1);
INSERT INTO `__PREFIX__subadmin2` (`code`, `country_code`, `subadmin1_code`, `name`, `active`) VALUES ('HR.10.11054461','HR','HR.10','{\"en\":\"Erdut\"}',1);
INSERT INTO `__PREFIX__subadmin2` (`code`, `country_code`, `subadmin1_code`, `name`, `active`) VALUES ('HR.10.11054464','HR','HR.10','{\"en\":\"Ernestinovo\"}',1);
INSERT INTO `__PREFIX__subadmin2` (`code`, `country_code`, `subadmin1_code`, `name`, `active`) VALUES ('HR.10.11054465','HR','HR.10','{\"en\":\"Feričanci\"}',1);
INSERT INTO `__PREFIX__subadmin2` (`code`, `country_code`, `subadmin1_code`, `name`, `active`) VALUES ('HR.10.11054467','HR','HR.10','{\"en\":\"Gorjani\"}',1);
INSERT INTO `__PREFIX__subadmin2` (`code`, `country_code`, `subadmin1_code`, `name`, `active`) VALUES ('HR.10.11054468','HR','HR.10','{\"en\":\"Jagodnjak\"}',1);
INSERT INTO `__PREFIX__subadmin2` (`code`, `country_code`, `subadmin1_code`, `name`, `active`) VALUES ('HR.10.11054469','HR','HR.10','{\"en\":\"Kneževi Vinogradi\"}',1);
INSERT INTO `__PREFIX__subadmin2` (`code`, `country_code`, `subadmin1_code`, `name`, `active`) VALUES ('HR.10.11054470','HR','HR.10','{\"en\":\"Koška\"}',1);
INSERT INTO `__PREFIX__subadmin2` (`code`, `country_code`, `subadmin1_code`, `name`, `active`) VALUES ('HR.10.11054471','HR','HR.10','{\"en\":\"Levanjska Varoš\"}',1);
INSERT INTO `__PREFIX__subadmin2` (`code`, `country_code`, `subadmin1_code`, `name`, `active`) VALUES ('HR.10.11054472','HR','HR.10','{\"en\":\"Magadenovac\"}',1);
INSERT INTO `__PREFIX__subadmin2` (`code`, `country_code`, `subadmin1_code`, `name`, `active`) VALUES ('HR.10.11054473','HR','HR.10','{\"en\":\"Marijanci\"}',1);
INSERT INTO `__PREFIX__subadmin2` (`code`, `country_code`, `subadmin1_code`, `name`, `active`) VALUES ('HR.10.11054474','HR','HR.10','{\"en\":\"Petlovac\"}',1);
INSERT INTO `__PREFIX__subadmin2` (`code`, `country_code`, `subadmin1_code`, `name`, `active`) VALUES ('HR.10.11054475','HR','HR.10','{\"en\":\"Petrijevci\"}',1);
INSERT INTO `__PREFIX__subadmin2` (`code`, `country_code`, `subadmin1_code`, `name`, `active`) VALUES ('HR.10.11054476','HR','HR.10','{\"en\":\"Podgorač\"}',1);
INSERT INTO `__PREFIX__subadmin2` (`code`, `country_code`, `subadmin1_code`, `name`, `active`) VALUES ('HR.10.11054477','HR','HR.10','{\"en\":\"Podravska Moslavina\"}',1);
INSERT INTO `__PREFIX__subadmin2` (`code`, `country_code`, `subadmin1_code`, `name`, `active`) VALUES ('HR.10.11054478','HR','HR.10','{\"en\":\"Popovac\"}',1);
INSERT INTO `__PREFIX__subadmin2` (`code`, `country_code`, `subadmin1_code`, `name`, `active`) VALUES ('HR.10.11054479','HR','HR.10','{\"en\":\"Punitovci\"}',1);
INSERT INTO `__PREFIX__subadmin2` (`code`, `country_code`, `subadmin1_code`, `name`, `active`) VALUES ('HR.10.11054480','HR','HR.10','{\"en\":\"Semeljci\"}',1);
INSERT INTO `__PREFIX__subadmin2` (`code`, `country_code`, `subadmin1_code`, `name`, `active`) VALUES ('HR.10.11054481','HR','HR.10','{\"en\":\"Strizivojna\"}',1);
INSERT INTO `__PREFIX__subadmin2` (`code`, `country_code`, `subadmin1_code`, `name`, `active`) VALUES ('HR.10.11054482','HR','HR.10','{\"en\":\"Šodolovci\"}',1);
INSERT INTO `__PREFIX__subadmin2` (`code`, `country_code`, `subadmin1_code`, `name`, `active`) VALUES ('HR.10.11054483','HR','HR.10','{\"en\":\"Trnava\"}',1);
INSERT INTO `__PREFIX__subadmin2` (`code`, `country_code`, `subadmin1_code`, `name`, `active`) VALUES ('HR.10.11054484','HR','HR.10','{\"en\":\"Viljevo\"}',1);
INSERT INTO `__PREFIX__subadmin2` (`code`, `country_code`, `subadmin1_code`, `name`, `active`) VALUES ('HR.10.11054485','HR','HR.10','{\"en\":\"Viškovci\"}',1);
INSERT INTO `__PREFIX__subadmin2` (`code`, `country_code`, `subadmin1_code`, `name`, `active`) VALUES ('HR.10.11054486','HR','HR.10','{\"en\":\"Vladislavci\"}',1);
INSERT INTO `__PREFIX__subadmin2` (`code`, `country_code`, `subadmin1_code`, `name`, `active`) VALUES ('HR.10.11054488','HR','HR.10','{\"en\":\"Vuka\"}',1);
INSERT INTO `__PREFIX__subadmin2` (`code`, `country_code`, `subadmin1_code`, `name`, `active`) VALUES ('HR.03.11054489','HR','HR.03','{\"en\":\"Blato\"}',1);
INSERT INTO `__PREFIX__subadmin2` (`code`, `country_code`, `subadmin1_code`, `name`, `active`) VALUES ('HR.13.11054512','HR','HR.13','{\"en\":\"Biskupija\"}',1);
INSERT INTO `__PREFIX__subadmin2` (`code`, `country_code`, `subadmin1_code`, `name`, `active`) VALUES ('HR.13.11054513','HR','HR.13','{\"en\":\"Civljane\"}',1);
INSERT INTO `__PREFIX__subadmin2` (`code`, `country_code`, `subadmin1_code`, `name`, `active`) VALUES ('HR.13.11054514','HR','HR.13','{\"en\":\"Kijevo\"}',1);
INSERT INTO `__PREFIX__subadmin2` (`code`, `country_code`, `subadmin1_code`, `name`, `active`) VALUES ('HR.13.11054515','HR','HR.13','{\"en\":\"Kistanje\"}',1);
INSERT INTO `__PREFIX__subadmin2` (`code`, `country_code`, `subadmin1_code`, `name`, `active`) VALUES ('HR.13.11054516','HR','HR.13','{\"en\":\"Knin\"}',1);
INSERT INTO `__PREFIX__subadmin2` (`code`, `country_code`, `subadmin1_code`, `name`, `active`) VALUES ('HR.13.11054517','HR','HR.13','{\"en\":\"Pirovac\"}',1);
INSERT INTO `__PREFIX__subadmin2` (`code`, `country_code`, `subadmin1_code`, `name`, `active`) VALUES ('HR.13.11054518','HR','HR.13','{\"en\":\"Murter-Kornati\"}',1);
INSERT INTO `__PREFIX__subadmin2` (`code`, `country_code`, `subadmin1_code`, `name`, `active`) VALUES ('HR.13.11054519','HR','HR.13','{\"en\":\"Primošten\"}',1);
INSERT INTO `__PREFIX__subadmin2` (`code`, `country_code`, `subadmin1_code`, `name`, `active`) VALUES ('HR.13.11054520','HR','HR.13','{\"en\":\"Ružić\"}',1);
INSERT INTO `__PREFIX__subadmin2` (`code`, `country_code`, `subadmin1_code`, `name`, `active`) VALUES ('HR.13.11054521','HR','HR.13','{\"en\":\"Skradin\"}',1);
INSERT INTO `__PREFIX__subadmin2` (`code`, `country_code`, `subadmin1_code`, `name`, `active`) VALUES ('HR.13.11054522','HR','HR.13','{\"en\":\"Tisno\"}',1);
INSERT INTO `__PREFIX__subadmin2` (`code`, `country_code`, `subadmin1_code`, `name`, `active`) VALUES ('HR.13.11054523','HR','HR.13','{\"en\":\"Tribunj\"}',1);
INSERT INTO `__PREFIX__subadmin2` (`code`, `country_code`, `subadmin1_code`, `name`, `active`) VALUES ('HR.13.11054524','HR','HR.13','{\"en\":\"Unešić\"}',1);
INSERT INTO `__PREFIX__subadmin2` (`code`, `country_code`, `subadmin1_code`, `name`, `active`) VALUES ('HR.13.11054525','HR','HR.13','{\"en\":\"Vodice\"}',1);
INSERT INTO `__PREFIX__subadmin2` (`code`, `country_code`, `subadmin1_code`, `name`, `active`) VALUES ('HR.18.11054526','HR','HR.18','{\"en\":\"Andrijaševci\"}',1);
INSERT INTO `__PREFIX__subadmin2` (`code`, `country_code`, `subadmin1_code`, `name`, `active`) VALUES ('HR.18.11054527','HR','HR.18','{\"en\":\"Babina Greda\"}',1);
INSERT INTO `__PREFIX__subadmin2` (`code`, `country_code`, `subadmin1_code`, `name`, `active`) VALUES ('HR.18.11054529','HR','HR.18','{\"en\":\"Bogdanovci\"}',1);
INSERT INTO `__PREFIX__subadmin2` (`code`, `country_code`, `subadmin1_code`, `name`, `active`) VALUES ('HR.18.11054530','HR','HR.18','{\"en\":\"Borovo\"}',1);
INSERT INTO `__PREFIX__subadmin2` (`code`, `country_code`, `subadmin1_code`, `name`, `active`) VALUES ('HR.18.11054531','HR','HR.18','{\"en\":\"Bošnjaci\"}',1);
INSERT INTO `__PREFIX__subadmin2` (`code`, `country_code`, `subadmin1_code`, `name`, `active`) VALUES ('HR.18.11054533','HR','HR.18','{\"en\":\"Cerna\"}',1);
INSERT INTO `__PREFIX__subadmin2` (`code`, `country_code`, `subadmin1_code`, `name`, `active`) VALUES ('HR.18.11054534','HR','HR.18','{\"en\":\"Drenovci\"}',1);
INSERT INTO `__PREFIX__subadmin2` (`code`, `country_code`, `subadmin1_code`, `name`, `active`) VALUES ('HR.18.11054535','HR','HR.18','{\"en\":\"Gradište\"}',1);
INSERT INTO `__PREFIX__subadmin2` (`code`, `country_code`, `subadmin1_code`, `name`, `active`) VALUES ('HR.18.11054536','HR','HR.18','{\"en\":\"Gunja\"}',1);
INSERT INTO `__PREFIX__subadmin2` (`code`, `country_code`, `subadmin1_code`, `name`, `active`) VALUES ('HR.18.11054537','HR','HR.18','{\"en\":\"Ilok\"}',1);
INSERT INTO `__PREFIX__subadmin2` (`code`, `country_code`, `subadmin1_code`, `name`, `active`) VALUES ('HR.18.11054538','HR','HR.18','{\"en\":\"Ivankovo\"}',1);
INSERT INTO `__PREFIX__subadmin2` (`code`, `country_code`, `subadmin1_code`, `name`, `active`) VALUES ('HR.18.11054539','HR','HR.18','{\"en\":\"Jarmina\"}',1);
INSERT INTO `__PREFIX__subadmin2` (`code`, `country_code`, `subadmin1_code`, `name`, `active`) VALUES ('HR.18.11054540','HR','HR.18','{\"en\":\"Lovas\"}',1);
INSERT INTO `__PREFIX__subadmin2` (`code`, `country_code`, `subadmin1_code`, `name`, `active`) VALUES ('HR.18.11054541','HR','HR.18','{\"en\":\"Markušica\"}',1);
INSERT INTO `__PREFIX__subadmin2` (`code`, `country_code`, `subadmin1_code`, `name`, `active`) VALUES ('HR.18.11054542','HR','HR.18','{\"en\":\"Negoslavci\"}',1);
INSERT INTO `__PREFIX__subadmin2` (`code`, `country_code`, `subadmin1_code`, `name`, `active`) VALUES ('HR.18.11054543','HR','HR.18','{\"en\":\"Nijemci\"}',1);
INSERT INTO `__PREFIX__subadmin2` (`code`, `country_code`, `subadmin1_code`, `name`, `active`) VALUES ('HR.18.11054545','HR','HR.18','{\"en\":\"Nuštar\"}',1);
INSERT INTO `__PREFIX__subadmin2` (`code`, `country_code`, `subadmin1_code`, `name`, `active`) VALUES ('HR.18.11054546','HR','HR.18','{\"en\":\"Stari Jankovci\"}',1);
INSERT INTO `__PREFIX__subadmin2` (`code`, `country_code`, `subadmin1_code`, `name`, `active`) VALUES ('HR.18.11054547','HR','HR.18','{\"en\":\"Stari Mikanovci\"}',1);
INSERT INTO `__PREFIX__subadmin2` (`code`, `country_code`, `subadmin1_code`, `name`, `active`) VALUES ('HR.18.11054549','HR','HR.18','{\"en\":\"Štitar\"}',1);
INSERT INTO `__PREFIX__subadmin2` (`code`, `country_code`, `subadmin1_code`, `name`, `active`) VALUES ('HR.18.11054550','HR','HR.18','{\"en\":\"Tompojevci\"}',1);
INSERT INTO `__PREFIX__subadmin2` (`code`, `country_code`, `subadmin1_code`, `name`, `active`) VALUES ('HR.18.11054551','HR','HR.18','{\"en\":\"Tordinci\"}',1);
INSERT INTO `__PREFIX__subadmin2` (`code`, `country_code`, `subadmin1_code`, `name`, `active`) VALUES ('HR.18.11054552','HR','HR.18','{\"en\":\"Tovarnik\"}',1);
INSERT INTO `__PREFIX__subadmin2` (`code`, `country_code`, `subadmin1_code`, `name`, `active`) VALUES ('HR.18.11054553','HR','HR.18','{\"en\":\"Trpinja\"}',1);
INSERT INTO `__PREFIX__subadmin2` (`code`, `country_code`, `subadmin1_code`, `name`, `active`) VALUES ('HR.18.11054554','HR','HR.18','{\"en\":\"Vođinci\"}',1);
INSERT INTO `__PREFIX__subadmin2` (`code`, `country_code`, `subadmin1_code`, `name`, `active`) VALUES ('HR.18.11054556','HR','HR.18','{\"en\":\"Vrbanja\"}',1);
INSERT INTO `__PREFIX__subadmin2` (`code`, `country_code`, `subadmin1_code`, `name`, `active`) VALUES ('HR.15.11054557','HR','HR.15','{\"en\":\"Baška Voda\"}',1);
INSERT INTO `__PREFIX__subadmin2` (`code`, `country_code`, `subadmin1_code`, `name`, `active`) VALUES ('HR.15.11054558','HR','HR.15','{\"en\":\"Bol\"}',1);
INSERT INTO `__PREFIX__subadmin2` (`code`, `country_code`, `subadmin1_code`, `name`, `active`) VALUES ('HR.15.11054559','HR','HR.15','{\"en\":\"Brela\"}',1);
INSERT INTO `__PREFIX__subadmin2` (`code`, `country_code`, `subadmin1_code`, `name`, `active`) VALUES ('HR.15.11054560','HR','HR.15','{\"en\":\"Cista Provo\"}',1);
INSERT INTO `__PREFIX__subadmin2` (`code`, `country_code`, `subadmin1_code`, `name`, `active`) VALUES ('HR.15.11054601','HR','HR.15','{\"en\":\"Dicmo\"}',1);
INSERT INTO `__PREFIX__subadmin2` (`code`, `country_code`, `subadmin1_code`, `name`, `active`) VALUES ('HR.15.11054602','HR','HR.15','{\"en\":\"Dugopolje\"}',1);
INSERT INTO `__PREFIX__subadmin2` (`code`, `country_code`, `subadmin1_code`, `name`, `active`) VALUES ('HR.15.11054603','HR','HR.15','{\"en\":\"Gradac\"}',1);
INSERT INTO `__PREFIX__subadmin2` (`code`, `country_code`, `subadmin1_code`, `name`, `active`) VALUES ('HR.15.11054604','HR','HR.15','{\"en\":\"Hrvace\"}',1);
INSERT INTO `__PREFIX__subadmin2` (`code`, `country_code`, `subadmin1_code`, `name`, `active`) VALUES ('HR.15.11054605','HR','HR.15','{\"en\":\"Jelsa\"}',1);
INSERT INTO `__PREFIX__subadmin2` (`code`, `country_code`, `subadmin1_code`, `name`, `active`) VALUES ('HR.15.11054606','HR','HR.15','{\"en\":\"Kaštela\"}',1);
INSERT INTO `__PREFIX__subadmin2` (`code`, `country_code`, `subadmin1_code`, `name`, `active`) VALUES ('HR.15.11054607','HR','HR.15','{\"en\":\"Klis\"}',1);
INSERT INTO `__PREFIX__subadmin2` (`code`, `country_code`, `subadmin1_code`, `name`, `active`) VALUES ('HR.15.11054608','HR','HR.15','{\"en\":\"Town of Komiža\"}',1);
INSERT INTO `__PREFIX__subadmin2` (`code`, `country_code`, `subadmin1_code`, `name`, `active`) VALUES ('HR.15.11054609','HR','HR.15','{\"en\":\"Lećevica\"}',1);
INSERT INTO `__PREFIX__subadmin2` (`code`, `country_code`, `subadmin1_code`, `name`, `active`) VALUES ('HR.15.11054610','HR','HR.15','{\"en\":\"Lokvičići\"}',1);
INSERT INTO `__PREFIX__subadmin2` (`code`, `country_code`, `subadmin1_code`, `name`, `active`) VALUES ('HR.15.11054611','HR','HR.15','{\"en\":\"Lovreć\"}',1);
INSERT INTO `__PREFIX__subadmin2` (`code`, `country_code`, `subadmin1_code`, `name`, `active`) VALUES ('HR.15.11054612','HR','HR.15','{\"en\":\"Marina\"}',1);
INSERT INTO `__PREFIX__subadmin2` (`code`, `country_code`, `subadmin1_code`, `name`, `active`) VALUES ('HR.15.11054613','HR','HR.15','{\"en\":\"Milna\"}',1);
INSERT INTO `__PREFIX__subadmin2` (`code`, `country_code`, `subadmin1_code`, `name`, `active`) VALUES ('HR.15.11054614','HR','HR.15','{\"en\":\"Muć\"}',1);
INSERT INTO `__PREFIX__subadmin2` (`code`, `country_code`, `subadmin1_code`, `name`, `active`) VALUES ('HR.15.11054615','HR','HR.15','{\"en\":\"Nerežišća\"}',1);
INSERT INTO `__PREFIX__subadmin2` (`code`, `country_code`, `subadmin1_code`, `name`, `active`) VALUES ('HR.15.11054616','HR','HR.15','{\"en\":\"Okrug\"}',1);
INSERT INTO `__PREFIX__subadmin2` (`code`, `country_code`, `subadmin1_code`, `name`, `active`) VALUES ('HR.15.11054617','HR','HR.15','{\"en\":\"Podbablje\"}',1);
INSERT INTO `__PREFIX__subadmin2` (`code`, `country_code`, `subadmin1_code`, `name`, `active`) VALUES ('HR.15.11054618','HR','HR.15','{\"en\":\"Municipality of Podgora\"}',1);
INSERT INTO `__PREFIX__subadmin2` (`code`, `country_code`, `subadmin1_code`, `name`, `active`) VALUES ('HR.15.11054619','HR','HR.15','{\"en\":\"Podstrana\"}',1);
INSERT INTO `__PREFIX__subadmin2` (`code`, `country_code`, `subadmin1_code`, `name`, `active`) VALUES ('HR.15.11054620','HR','HR.15','{\"en\":\"Postira\"}',1);
INSERT INTO `__PREFIX__subadmin2` (`code`, `country_code`, `subadmin1_code`, `name`, `active`) VALUES ('HR.15.11054621','HR','HR.15','{\"en\":\"Prgomet\"}',1);
INSERT INTO `__PREFIX__subadmin2` (`code`, `country_code`, `subadmin1_code`, `name`, `active`) VALUES ('HR.15.11054622','HR','HR.15','{\"en\":\"Primorski Dolac\"}',1);
INSERT INTO `__PREFIX__subadmin2` (`code`, `country_code`, `subadmin1_code`, `name`, `active`) VALUES ('HR.15.11054623','HR','HR.15','{\"en\":\"Proložac\"}',1);
INSERT INTO `__PREFIX__subadmin2` (`code`, `country_code`, `subadmin1_code`, `name`, `active`) VALUES ('HR.15.11054624','HR','HR.15','{\"en\":\"Pučišća\"}',1);
INSERT INTO `__PREFIX__subadmin2` (`code`, `country_code`, `subadmin1_code`, `name`, `active`) VALUES ('HR.15.11054625','HR','HR.15','{\"en\":\"Runovići\"}',1);
INSERT INTO `__PREFIX__subadmin2` (`code`, `country_code`, `subadmin1_code`, `name`, `active`) VALUES ('HR.15.11054627','HR','HR.15','{\"en\":\"Seget\"}',1);
INSERT INTO `__PREFIX__subadmin2` (`code`, `country_code`, `subadmin1_code`, `name`, `active`) VALUES ('HR.15.11054631','HR','HR.15','{\"en\":\"Selca\"}',1);
INSERT INTO `__PREFIX__subadmin2` (`code`, `country_code`, `subadmin1_code`, `name`, `active`) VALUES ('HR.15.11054720','HR','HR.15','{\"en\":\"Solin\"}',1);
INSERT INTO `__PREFIX__subadmin2` (`code`, `country_code`, `subadmin1_code`, `name`, `active`) VALUES ('HR.15.11054721','HR','HR.15','{\"en\":\"Stari Grad\"}',1);
INSERT INTO `__PREFIX__subadmin2` (`code`, `country_code`, `subadmin1_code`, `name`, `active`) VALUES ('HR.15.11054722','HR','HR.15','{\"en\":\"Sućuraj\"}',1);
INSERT INTO `__PREFIX__subadmin2` (`code`, `country_code`, `subadmin1_code`, `name`, `active`) VALUES ('HR.15.11054727','HR','HR.15','{\"en\":\"Sutivan\"}',1);
INSERT INTO `__PREFIX__subadmin2` (`code`, `country_code`, `subadmin1_code`, `name`, `active`) VALUES ('HR.15.11054733','HR','HR.15','{\"en\":\"Šestanovac\"}',1);
INSERT INTO `__PREFIX__subadmin2` (`code`, `country_code`, `subadmin1_code`, `name`, `active`) VALUES ('HR.15.11054737','HR','HR.15','{\"en\":\"Šolta\"}',1);
INSERT INTO `__PREFIX__subadmin2` (`code`, `country_code`, `subadmin1_code`, `name`, `active`) VALUES ('HR.15.11054739','HR','HR.15','{\"en\":\"Trilj\"}',1);
INSERT INTO `__PREFIX__subadmin2` (`code`, `country_code`, `subadmin1_code`, `name`, `active`) VALUES ('HR.15.11054740','HR','HR.15','{\"en\":\"Tučepi\"}',1);
INSERT INTO `__PREFIX__subadmin2` (`code`, `country_code`, `subadmin1_code`, `name`, `active`) VALUES ('HR.15.11054741','HR','HR.15','{\"en\":\"Vrlika\"}',1);
INSERT INTO `__PREFIX__subadmin2` (`code`, `country_code`, `subadmin1_code`, `name`, `active`) VALUES ('HR.15.11054742','HR','HR.15','{\"en\":\"Zadvarje\"}',1);
INSERT INTO `__PREFIX__subadmin2` (`code`, `country_code`, `subadmin1_code`, `name`, `active`) VALUES ('HR.15.11054743','HR','HR.15','{\"en\":\"Zagvozd\"}',1);
INSERT INTO `__PREFIX__subadmin2` (`code`, `country_code`, `subadmin1_code`, `name`, `active`) VALUES ('HR.15.11054744','HR','HR.15','{\"en\":\"Zmijavci\"}',1);
INSERT INTO `__PREFIX__subadmin2` (`code`, `country_code`, `subadmin1_code`, `name`, `active`) VALUES ('HR.04.11054745','HR','HR.04','{\"en\":\"Bale-Valle\"}',1);
INSERT INTO `__PREFIX__subadmin2` (`code`, `country_code`, `subadmin1_code`, `name`, `active`) VALUES ('HR.04.11054746','HR','HR.04','{\"en\":\"Barban\"}',1);
INSERT INTO `__PREFIX__subadmin2` (`code`, `country_code`, `subadmin1_code`, `name`, `active`) VALUES ('HR.04.11054747','HR','HR.04','{\"en\":\"Brtonigla-Verteneglio\"}',1);
INSERT INTO `__PREFIX__subadmin2` (`code`, `country_code`, `subadmin1_code`, `name`, `active`) VALUES ('HR.04.11054748','HR','HR.04','{\"en\":\"Buje-Buie\"}',1);
INSERT INTO `__PREFIX__subadmin2` (`code`, `country_code`, `subadmin1_code`, `name`, `active`) VALUES ('HR.04.11054749','HR','HR.04','{\"en\":\"Cerovlje\"}',1);
INSERT INTO `__PREFIX__subadmin2` (`code`, `country_code`, `subadmin1_code`, `name`, `active`) VALUES ('HR.04.11054750','HR','HR.04','{\"en\":\"Fažana-Fasana\"}',1);
INSERT INTO `__PREFIX__subadmin2` (`code`, `country_code`, `subadmin1_code`, `name`, `active`) VALUES ('HR.04.11054751','HR','HR.04','{\"en\":\"Funtana-Fontane\"}',1);
INSERT INTO `__PREFIX__subadmin2` (`code`, `country_code`, `subadmin1_code`, `name`, `active`) VALUES ('HR.04.11054790','HR','HR.04','{\"en\":\"Gračišće\"}',1);
INSERT INTO `__PREFIX__subadmin2` (`code`, `country_code`, `subadmin1_code`, `name`, `active`) VALUES ('HR.04.11054800','HR','HR.04','{\"en\":\"Grožnjan-Grisignana\"}',1);
INSERT INTO `__PREFIX__subadmin2` (`code`, `country_code`, `subadmin1_code`, `name`, `active`) VALUES ('HR.04.11054801','HR','HR.04','{\"en\":\"Kanfanar\"}',1);
INSERT INTO `__PREFIX__subadmin2` (`code`, `country_code`, `subadmin1_code`, `name`, `active`) VALUES ('HR.04.11054804','HR','HR.04','{\"en\":\"Karojba\"}',1);
INSERT INTO `__PREFIX__subadmin2` (`code`, `country_code`, `subadmin1_code`, `name`, `active`) VALUES ('HR.04.11054805','HR','HR.04','{\"en\":\"Kršan\"}',1);
INSERT INTO `__PREFIX__subadmin2` (`code`, `country_code`, `subadmin1_code`, `name`, `active`) VALUES ('HR.04.11054806','HR','HR.04','{\"en\":\"Ližnjan-Lisignano\"}',1);
INSERT INTO `__PREFIX__subadmin2` (`code`, `country_code`, `subadmin1_code`, `name`, `active`) VALUES ('HR.04.11054807','HR','HR.04','{\"en\":\"Lupoglav\"}',1);
INSERT INTO `__PREFIX__subadmin2` (`code`, `country_code`, `subadmin1_code`, `name`, `active`) VALUES ('HR.04.11054808','HR','HR.04','{\"en\":\"Marčana\"}',1);
INSERT INTO `__PREFIX__subadmin2` (`code`, `country_code`, `subadmin1_code`, `name`, `active`) VALUES ('HR.04.11054809','HR','HR.04','{\"en\":\"Medulin\"}',1);
INSERT INTO `__PREFIX__subadmin2` (`code`, `country_code`, `subadmin1_code`, `name`, `active`) VALUES ('HR.04.11054810','HR','HR.04','{\"en\":\"Motovun-Montona\"}',1);
INSERT INTO `__PREFIX__subadmin2` (`code`, `country_code`, `subadmin1_code`, `name`, `active`) VALUES ('HR.04.11054811','HR','HR.04','{\"en\":\"Novigrad-Cittanova\"}',1);
INSERT INTO `__PREFIX__subadmin2` (`code`, `country_code`, `subadmin1_code`, `name`, `active`) VALUES ('HR.04.11054812','HR','HR.04','{\"en\":\"Oprtalj-Portole\"}',1);
INSERT INTO `__PREFIX__subadmin2` (`code`, `country_code`, `subadmin1_code`, `name`, `active`) VALUES ('HR.04.11054813','HR','HR.04','{\"en\":\"Pićan\"}',1);
INSERT INTO `__PREFIX__subadmin2` (`code`, `country_code`, `subadmin1_code`, `name`, `active`) VALUES ('HR.04.11054814','HR','HR.04','{\"en\":\"Poreč-Parenzo\"}',1);
INSERT INTO `__PREFIX__subadmin2` (`code`, `country_code`, `subadmin1_code`, `name`, `active`) VALUES ('HR.04.11054815','HR','HR.04','{\"en\":\"Pula-Pola\"}',1);
INSERT INTO `__PREFIX__subadmin2` (`code`, `country_code`, `subadmin1_code`, `name`, `active`) VALUES ('HR.04.11054816','HR','HR.04','{\"en\":\"Raša\"}',1);
INSERT INTO `__PREFIX__subadmin2` (`code`, `country_code`, `subadmin1_code`, `name`, `active`) VALUES ('HR.04.11054817','HR','HR.04','{\"en\":\"Rovinj-Rovigno\"}',1);
INSERT INTO `__PREFIX__subadmin2` (`code`, `country_code`, `subadmin1_code`, `name`, `active`) VALUES ('HR.04.11054818','HR','HR.04','{\"en\":\"Sveti Lovreč\"}',1);
INSERT INTO `__PREFIX__subadmin2` (`code`, `country_code`, `subadmin1_code`, `name`, `active`) VALUES ('HR.04.11054819','HR','HR.04','{\"en\":\"Sveti Petar u Šumi\"}',1);
INSERT INTO `__PREFIX__subadmin2` (`code`, `country_code`, `subadmin1_code`, `name`, `active`) VALUES ('HR.04.11054820','HR','HR.04','{\"en\":\"Svetvinčenat\"}',1);
INSERT INTO `__PREFIX__subadmin2` (`code`, `country_code`, `subadmin1_code`, `name`, `active`) VALUES ('HR.04.11054821','HR','HR.04','{\"en\":\"Tinjan\"}',1);
INSERT INTO `__PREFIX__subadmin2` (`code`, `country_code`, `subadmin1_code`, `name`, `active`) VALUES ('HR.04.11054822','HR','HR.04','{\"en\":\"Umag-Umago\"}',1);
INSERT INTO `__PREFIX__subadmin2` (`code`, `country_code`, `subadmin1_code`, `name`, `active`) VALUES ('HR.04.11054824','HR','HR.04','{\"en\":\"Višnjan-Visignano\"}',1);
INSERT INTO `__PREFIX__subadmin2` (`code`, `country_code`, `subadmin1_code`, `name`, `active`) VALUES ('HR.04.11054825','HR','HR.04','{\"en\":\"Vižinada-Visinada\"}',1);
INSERT INTO `__PREFIX__subadmin2` (`code`, `country_code`, `subadmin1_code`, `name`, `active`) VALUES ('HR.04.11054827','HR','HR.04','{\"en\":\"Vodnjan-Dignano\"}',1);
INSERT INTO `__PREFIX__subadmin2` (`code`, `country_code`, `subadmin1_code`, `name`, `active`) VALUES ('HR.04.11054828','HR','HR.04','{\"en\":\"Vrsar-Orsera\"}',1);
INSERT INTO `__PREFIX__subadmin2` (`code`, `country_code`, `subadmin1_code`, `name`, `active`) VALUES ('HR.04.11054829','HR','HR.04','{\"en\":\"Žminj\"}',1);
INSERT INTO `__PREFIX__subadmin2` (`code`, `country_code`, `subadmin1_code`, `name`, `active`) VALUES ('HR.09.11054830','HR','HR.09','{\"en\":\"Općina Belica\"}',1);
INSERT INTO `__PREFIX__subadmin2` (`code`, `country_code`, `subadmin1_code`, `name`, `active`) VALUES ('HR.09.11054832','HR','HR.09','{\"en\":\"Općina Dekanovec\"}',1);
INSERT INTO `__PREFIX__subadmin2` (`code`, `country_code`, `subadmin1_code`, `name`, `active`) VALUES ('HR.09.11054834','HR','HR.09','{\"en\":\"Općina Domašinec\"}',1);
INSERT INTO `__PREFIX__subadmin2` (`code`, `country_code`, `subadmin1_code`, `name`, `active`) VALUES ('HR.09.11054835','HR','HR.09','{\"en\":\"Donja Dubrava\"}',1);
INSERT INTO `__PREFIX__subadmin2` (`code`, `country_code`, `subadmin1_code`, `name`, `active`) VALUES ('HR.09.11054836','HR','HR.09','{\"en\":\"Općina Donji Kraljevec\"}',1);
INSERT INTO `__PREFIX__subadmin2` (`code`, `country_code`, `subadmin1_code`, `name`, `active`) VALUES ('HR.09.11054837','HR','HR.09','{\"en\":\"Općina Donji Vidovec\"}',1);
INSERT INTO `__PREFIX__subadmin2` (`code`, `country_code`, `subadmin1_code`, `name`, `active`) VALUES ('HR.09.11054838','HR','HR.09','{\"en\":\"Općina Goričan\"}',1);
INSERT INTO `__PREFIX__subadmin2` (`code`, `country_code`, `subadmin1_code`, `name`, `active`) VALUES ('HR.09.11054839','HR','HR.09','{\"en\":\"Općina Gornji Mihaljevec\"}',1);
INSERT INTO `__PREFIX__subadmin2` (`code`, `country_code`, `subadmin1_code`, `name`, `active`) VALUES ('HR.09.11054840','HR','HR.09','{\"en\":\"Općina Kotoriba\"}',1);
INSERT INTO `__PREFIX__subadmin2` (`code`, `country_code`, `subadmin1_code`, `name`, `active`) VALUES ('HR.09.11054845','HR','HR.09','{\"en\":\"Općina Mala Subotica\"}',1);
INSERT INTO `__PREFIX__subadmin2` (`code`, `country_code`, `subadmin1_code`, `name`, `active`) VALUES ('HR.09.11054846','HR','HR.09','{\"en\":\"Grad Mursko Središće\"}',1);
INSERT INTO `__PREFIX__subadmin2` (`code`, `country_code`, `subadmin1_code`, `name`, `active`) VALUES ('HR.09.11054847','HR','HR.09','{\"en\":\"Općina Nedelišće\"}',1);
INSERT INTO `__PREFIX__subadmin2` (`code`, `country_code`, `subadmin1_code`, `name`, `active`) VALUES ('HR.09.11054848','HR','HR.09','{\"en\":\"Općina Orehovica\"}',1);
INSERT INTO `__PREFIX__subadmin2` (`code`, `country_code`, `subadmin1_code`, `name`, `active`) VALUES ('HR.09.11054849','HR','HR.09','{\"en\":\"Općina Podturen\"}',1);
INSERT INTO `__PREFIX__subadmin2` (`code`, `country_code`, `subadmin1_code`, `name`, `active`) VALUES ('HR.09.11054850','HR','HR.09','{\"en\":\"Grad Prelog\"}',1);
INSERT INTO `__PREFIX__subadmin2` (`code`, `country_code`, `subadmin1_code`, `name`, `active`) VALUES ('HR.09.11054852','HR','HR.09','{\"en\":\"Općina Pribislavec\"}',1);
INSERT INTO `__PREFIX__subadmin2` (`code`, `country_code`, `subadmin1_code`, `name`, `active`) VALUES ('HR.09.11054853','HR','HR.09','{\"en\":\"Općina Selnica\"}',1);
INSERT INTO `__PREFIX__subadmin2` (`code`, `country_code`, `subadmin1_code`, `name`, `active`) VALUES ('HR.09.11054879','HR','HR.09','{\"en\":\"Općina Strahoninec\"}',1);
INSERT INTO `__PREFIX__subadmin2` (`code`, `country_code`, `subadmin1_code`, `name`, `active`) VALUES ('HR.09.11054880','HR','HR.09','{\"en\":\"Općina Sveta Marija\"}',1);
INSERT INTO `__PREFIX__subadmin2` (`code`, `country_code`, `subadmin1_code`, `name`, `active`) VALUES ('HR.09.11054883','HR','HR.09','{\"en\":\"Sveti Juraj na Bregu\"}',1);
INSERT INTO `__PREFIX__subadmin2` (`code`, `country_code`, `subadmin1_code`, `name`, `active`) VALUES ('HR.09.11054884','HR','HR.09','{\"en\":\"Općina Sveti Martin na Muri\"}',1);
INSERT INTO `__PREFIX__subadmin2` (`code`, `country_code`, `subadmin1_code`, `name`, `active`) VALUES ('HR.09.11054885','HR','HR.09','{\"en\":\"Općina Šenkovec\"}',1);
INSERT INTO `__PREFIX__subadmin2` (`code`, `country_code`, `subadmin1_code`, `name`, `active`) VALUES ('HR.09.11054886','HR','HR.09','{\"en\":\"Općina Štrigova\"}',1);
INSERT INTO `__PREFIX__subadmin2` (`code`, `country_code`, `subadmin1_code`, `name`, `active`) VALUES ('HR.09.11054887','HR','HR.09','{\"en\":\"Općina Vratišinec\"}',1);
INSERT INTO `__PREFIX__subadmin2` (`code`, `country_code`, `subadmin1_code`, `name`, `active`) VALUES ('HR.20.11054888','HR','HR.20','{\"en\":\"Bistra\"}',1);
INSERT INTO `__PREFIX__subadmin2` (`code`, `country_code`, `subadmin1_code`, `name`, `active`) VALUES ('HR.20.11054889','HR','HR.20','{\"en\":\"Sveta Nedelja\"}',1);
INSERT INTO `__PREFIX__subadmin2` (`code`, `country_code`, `subadmin1_code`, `name`, `active`) VALUES ('HR.07.11054890','HR','HR.07','{\"en\":\"Marija Bistrica\"}',1);
INSERT INTO `__PREFIX__subadmin2` (`code`, `country_code`, `subadmin1_code`, `name`, `active`) VALUES ('HR.07.11054895','HR','HR.07','{\"en\":\"Oroslavje\"}',1);
INSERT INTO `__PREFIX__subadmin2` (`code`, `country_code`, `subadmin1_code`, `name`, `active`) VALUES ('HR.07.11054900','HR','HR.07','{\"en\":\"Pregrada\"}',1);
INSERT INTO `__PREFIX__subadmin2` (`code`, `country_code`, `subadmin1_code`, `name`, `active`) VALUES ('HR.12.11054902','HR','HR.12','{\"en\":\"Cres\"}',1);
INSERT INTO `__PREFIX__subadmin2` (`code`, `country_code`, `subadmin1_code`, `name`, `active`) VALUES ('HR.12.11054903','HR','HR.12','{\"en\":\"Kraljevica\"}',1);
INSERT INTO `__PREFIX__subadmin2` (`code`, `country_code`, `subadmin1_code`, `name`, `active`) VALUES ('HR.04.11054952','HR','HR.04','{\"en\":\"Kaštelir-Labinci\"}',1);
INSERT INTO `__PREFIX__subadmin2` (`code`, `country_code`, `subadmin1_code`, `name`, `active`) VALUES ('HR.15.11054954','HR','HR.15','{\"en\":\"Otok\"}',1);
INSERT INTO `__PREFIX__subadmin2` (`code`, `country_code`, `subadmin1_code`, `name`, `active`) VALUES ('HR.18.11054955','HR','HR.18','{\"en\":\"Otok\"}',1);
INSERT INTO `__PREFIX__subadmin2` (`code`, `country_code`, `subadmin1_code`, `name`, `active`) VALUES ('HR.13.11054956','HR','HR.13','{\"en\":\"Bilice\"}',1);
INSERT INTO `__PREFIX__subadmin2` (`code`, `country_code`, `subadmin1_code`, `name`, `active`) VALUES ('HR.03.11054957','HR','HR.03','{\"en\":\"Župa dubrovačka\"}',1);
INSERT INTO `__PREFIX__subadmin2` (`code`, `country_code`, `subadmin1_code`, `name`, `active`) VALUES ('HR.03.11054958','HR','HR.03','{\"en\":\"Zažablje\"}',1);
INSERT INTO `__PREFIX__subadmin2` (`code`, `country_code`, `subadmin1_code`, `name`, `active`) VALUES ('HR.03.11054959','HR','HR.03','{\"en\":\"Vela Luka\"}',1);
INSERT INTO `__PREFIX__subadmin2` (`code`, `country_code`, `subadmin1_code`, `name`, `active`) VALUES ('HR.03.11054960','HR','HR.03','{\"en\":\"Trpanj\"}',1);
INSERT INTO `__PREFIX__subadmin2` (`code`, `country_code`, `subadmin1_code`, `name`, `active`) VALUES ('HR.03.11054961','HR','HR.03','{\"en\":\"Općina Ston\"}',1);
INSERT INTO `__PREFIX__subadmin2` (`code`, `country_code`, `subadmin1_code`, `name`, `active`) VALUES ('HR.03.11054962','HR','HR.03','{\"en\":\"Smokvica\"}',1);
INSERT INTO `__PREFIX__subadmin2` (`code`, `country_code`, `subadmin1_code`, `name`, `active`) VALUES ('HR.03.11054963','HR','HR.03','{\"en\":\"Slivno\"}',1);
INSERT INTO `__PREFIX__subadmin2` (`code`, `country_code`, `subadmin1_code`, `name`, `active`) VALUES ('HR.03.11054964','HR','HR.03','{\"en\":\"Pojezerje\"}',1);
INSERT INTO `__PREFIX__subadmin2` (`code`, `country_code`, `subadmin1_code`, `name`, `active`) VALUES ('HR.03.11054966','HR','HR.03','{\"en\":\"Općina Orebić\"}',1);
INSERT INTO `__PREFIX__subadmin2` (`code`, `country_code`, `subadmin1_code`, `name`, `active`) VALUES ('HR.03.11054967','HR','HR.03','{\"en\":\"Opuzen\"}',1);
INSERT INTO `__PREFIX__subadmin2` (`code`, `country_code`, `subadmin1_code`, `name`, `active`) VALUES ('HR.03.11054968','HR','HR.03','{\"en\":\"Općina Mljet\"}',1);
INSERT INTO `__PREFIX__subadmin2` (`code`, `country_code`, `subadmin1_code`, `name`, `active`) VALUES ('HR.03.11054969','HR','HR.03','{\"en\":\"Metković\"}',1);
INSERT INTO `__PREFIX__subadmin2` (`code`, `country_code`, `subadmin1_code`, `name`, `active`) VALUES ('HR.03.11054970','HR','HR.03','{\"en\":\"Lumbarda\"}',1);
INSERT INTO `__PREFIX__subadmin2` (`code`, `country_code`, `subadmin1_code`, `name`, `active`) VALUES ('HR.03.11054971','HR','HR.03','{\"en\":\"Kula Norinska\"}',1);
INSERT INTO `__PREFIX__subadmin2` (`code`, `country_code`, `subadmin1_code`, `name`, `active`) VALUES ('HR.03.11054972','HR','HR.03','{\"en\":\"Općina Konavle\"}',1);
INSERT INTO `__PREFIX__subadmin2` (`code`, `country_code`, `subadmin1_code`, `name`, `active`) VALUES ('HR.03.11054973','HR','HR.03','{\"en\":\"Općina Janjina\"}',1);
INSERT INTO `__PREFIX__subadmin2` (`code`, `country_code`, `subadmin1_code`, `name`, `active`) VALUES ('HR.03.11055009','HR','HR.03','{\"en\":\"Dubrovačko primorje\"}',1);
INSERT INTO `__PREFIX__subadmin2` (`code`, `country_code`, `subadmin1_code`, `name`, `active`) VALUES ('HR.19.11055010','HR','HR.19','{\"en\":\"Zadar\"}',1);
INSERT INTO `__PREFIX__subadmin2` (`code`, `country_code`, `subadmin1_code`, `name`, `active`) VALUES ('HR.07.11055011','HR','HR.07','{\"en\":\"Đurmanec\"}',1);
INSERT INTO `__PREFIX__subadmin2` (`code`, `country_code`, `subadmin1_code`, `name`, `active`) VALUES ('HR.16.11055013','HR','HR.16','{\"en\":\"Sveti Đurđ\"}',1);
INSERT INTO `__PREFIX__subadmin2` (`code`, `country_code`, `subadmin1_code`, `name`, `active`) VALUES ('HR.06.11055014','HR','HR.06','{\"en\":\"Đelekovec\"}',1);
INSERT INTO `__PREFIX__subadmin2` (`code`, `country_code`, `subadmin1_code`, `name`, `active`) VALUES ('HR.06.11055015','HR','HR.06','{\"en\":\"Đurđevac\"}',1);
INSERT INTO `__PREFIX__subadmin2` (`code`, `country_code`, `subadmin1_code`, `name`, `active`) VALUES ('HR.01.11055019','HR','HR.01','{\"en\":\"Đulovac\"}',1);
INSERT INTO `__PREFIX__subadmin2` (`code`, `country_code`, `subadmin1_code`, `name`, `active`) VALUES ('HR.10.11055020','HR','HR.10','{\"en\":\"Đurđenovac\"}',1);
INSERT INTO `__PREFIX__subadmin2` (`code`, `country_code`, `subadmin1_code`, `name`, `active`) VALUES ('HR.10.11055021','HR','HR.10','{\"en\":\"Satnica Đakovačka\"}',1);
INSERT INTO `__PREFIX__subadmin2` (`code`, `country_code`, `subadmin1_code`, `name`, `active`) VALUES ('HR.13.11055022','HR','HR.13','{\"en\":\"Ervenik\"}',1);
INSERT INTO `__PREFIX__subadmin2` (`code`, `country_code`, `subadmin1_code`, `name`, `active`) VALUES ('HR.13.11055025','HR','HR.13','{\"en\":\"Promina\"}',1);
INSERT INTO `__PREFIX__subadmin2` (`code`, `country_code`, `subadmin1_code`, `name`, `active`) VALUES ('HR.18.11072232','HR','HR.18','{\"en\":\"Privlaka\"}',1);
INSERT INTO `__PREFIX__subadmin2` (`code`, `country_code`, `subadmin1_code`, `name`, `active`) VALUES ('HR.04.11072234','HR','HR.04','{\"en\":\"Sveta Nedelja\"}',1);
INSERT INTO `__PREFIX__subadmin2` (`code`, `country_code`, `subadmin1_code`, `name`, `active`) VALUES ('HR.12.11072235','HR','HR.12','{\"en\":\"Vinodolska općina\"}',1);
INSERT INTO `__PREFIX__subadmin2` (`code`, `country_code`, `subadmin1_code`, `name`, `active`) VALUES ('HR.12.11072236','HR','HR.12','{\"en\":\"Malinska-Dubašnica\"}',1);
INSERT INTO `__PREFIX__subadmin2` (`code`, `country_code`, `subadmin1_code`, `name`, `active`) VALUES ('HR.04.11072413','HR','HR.04','{\"en\":\"Tar-Vabriga-Torre Abrega\"}',1);
INSERT INTO `__PREFIX__subadmin2` (`code`, `country_code`, `subadmin1_code`, `name`, `active`) VALUES ('HR.04.11129767','HR','HR.04','{\"en\":\"Grad Umag\"}',1);
INSERT INTO `__PREFIX__subadmin2` (`code`, `country_code`, `subadmin1_code`, `name`, `active`) VALUES ('HR.04.11129768','HR','HR.04','{\"en\":\"Grad Vodnjan\"}',1);
INSERT INTO `__PREFIX__subadmin2` (`code`, `country_code`, `subadmin1_code`, `name`, `active`) VALUES ('HR.04.11129784','HR','HR.04','{\"en\":\"Općina Vižinada\"}',1);
INSERT INTO `__PREFIX__subadmin2` (`code`, `country_code`, `subadmin1_code`, `name`, `active`) VALUES ('HR.04.11129785','HR','HR.04','{\"en\":\"Općina Višnjan\"}',1);
INSERT INTO `__PREFIX__subadmin2` (`code`, `country_code`, `subadmin1_code`, `name`, `active`) VALUES ('HR.04.11129787','HR','HR.04','{\"en\":\"Općina Lanišće\"}',1);
INSERT INTO `__PREFIX__subadmin2` (`code`, `country_code`, `subadmin1_code`, `name`, `active`) VALUES ('HR.15.12233413','HR','HR.15','{\"en\":\"Grad Makarska\"}',1);
/*!40000 ALTER TABLE `__PREFIX__subadmin2` ENABLE KEYS */;

--
-- Dumping data for table `__PREFIX__cities`
--

/*!40000 ALTER TABLE `__PREFIX__cities` DISABLE KEYS */;
INSERT INTO `__PREFIX__cities` (`country_code`, `name`, `longitude`, `latitude`, `feature_class`, `feature_code`, `subadmin1_code`, `subadmin2_code`, `population`, `time_zone`, `active`, `created_at`, `updated_at`) VALUES ('HR','{\"en\":\"Županja\"}',18.70,45.08,'P','PPLA2','HR.18','HR.18.3186293',13842,'Europe/Zagreb',1,'2020-06-10 23:00:00','2020-06-10 23:00:00');
INSERT INTO `__PREFIX__cities` (`country_code`, `name`, `longitude`, `latitude`, `feature_class`, `feature_code`, `subadmin1_code`, `subadmin2_code`, `population`, `time_zone`, `active`, `created_at`, `updated_at`) VALUES ('HR','{\"en\":\"Zaprešić\"}',15.81,45.86,'P','PPLA2','HR.20','HR.20.3186780',19664,'Europe/Zagreb',1,'2018-07-30 23:00:00','2018-07-30 23:00:00');
INSERT INTO `__PREFIX__cities` (`country_code`, `name`, `longitude`, `latitude`, `feature_class`, `feature_code`, `subadmin1_code`, `subadmin2_code`, `population`, `time_zone`, `active`, `created_at`, `updated_at`) VALUES ('HR','{\"en\":\"Zagreb\"}',15.98,45.81,'P','PPLC','HR.21','HR.21.3186885',698966,'Europe/Zagreb',1,'2019-09-04 23:00:00','2019-09-04 23:00:00');
INSERT INTO `__PREFIX__cities` (`country_code`, `name`, `longitude`, `latitude`, `feature_class`, `feature_code`, `subadmin1_code`, `subadmin2_code`, `population`, `time_zone`, `active`, `created_at`, `updated_at`) VALUES ('HR','{\"en\":\"Zadar\"}',15.23,44.12,'P','PPLA','HR.19',NULL,71258,'Europe/Zagreb',1,'2019-11-17 23:00:00','2019-11-17 23:00:00');
INSERT INTO `__PREFIX__cities` (`country_code`, `name`, `longitude`, `latitude`, `feature_class`, `feature_code`, `subadmin1_code`, `subadmin2_code`, `population`, `time_zone`, `active`, `created_at`, `updated_at`) VALUES ('HR','{\"en\":\"Vukovar\"}',19.00,45.35,'P','PPLA','HR.18',NULL,29584,'Europe/Zagreb',1,'2019-09-04 23:00:00','2019-09-04 23:00:00');
INSERT INTO `__PREFIX__cities` (`country_code`, `name`, `longitude`, `latitude`, `feature_class`, `feature_code`, `subadmin1_code`, `subadmin2_code`, `population`, `time_zone`, `active`, `created_at`, `updated_at`) VALUES ('HR','{\"en\":\"Vodice\"}',15.78,43.76,'P','PPLA2','HR.13','HR.13.11054525',6146,'Europe/Zagreb',1,'2016-12-25 23:00:00','2016-12-25 23:00:00');
INSERT INTO `__PREFIX__cities` (`country_code`, `name`, `longitude`, `latitude`, `feature_class`, `feature_code`, `subadmin1_code`, `subadmin2_code`, `population`, `time_zone`, `active`, `created_at`, `updated_at`) VALUES ('HR','{\"en\":\"Višnjevac\"}',18.61,45.57,'P','PPL','HR.10','HR.10.3193934',6680,'Europe/Zagreb',1,'2020-06-10 23:00:00','2020-06-10 23:00:00');
INSERT INTO `__PREFIX__cities` (`country_code`, `name`, `longitude`, `latitude`, `feature_class`, `feature_code`, `subadmin1_code`, `subadmin2_code`, `population`, `time_zone`, `active`, `created_at`, `updated_at`) VALUES ('HR','{\"en\":\"Virovitica\"}',17.38,45.83,'P','PPLA','HR.17','HR.17.3187693',15665,'Europe/Zagreb',1,'2012-11-22 23:00:00','2012-11-22 23:00:00');
INSERT INTO `__PREFIX__cities` (`country_code`, `name`, `longitude`, `latitude`, `feature_class`, `feature_code`, `subadmin1_code`, `subadmin2_code`, `population`, `time_zone`, `active`, `created_at`, `updated_at`) VALUES ('HR','{\"en\":\"Vinkovci\"}',18.80,45.29,'P','PPLA2','HR.18','HR.18.3187718',33314,'Europe/Zagreb',1,'2016-06-05 23:00:00','2016-06-05 23:00:00');
INSERT INTO `__PREFIX__cities` (`country_code`, `name`, `longitude`, `latitude`, `feature_class`, `feature_code`, `subadmin1_code`, `subadmin2_code`, `population`, `time_zone`, `active`, `created_at`, `updated_at`) VALUES ('HR','{\"en\":\"Velika Gorica\"}',16.08,45.71,'P','PPLA2','HR.20','HR.20.3188243',31553,'Europe/Zagreb',1,'2021-01-25 23:00:00','2021-01-25 23:00:00');
INSERT INTO `__PREFIX__cities` (`country_code`, `name`, `longitude`, `latitude`, `feature_class`, `feature_code`, `subadmin1_code`, `subadmin2_code`, `population`, `time_zone`, `active`, `created_at`, `updated_at`) VALUES ('HR','{\"en\":\"Varaždin\"}',16.34,46.30,'P','PPLA','HR.16',NULL,41808,'Europe/Zagreb',1,'2020-06-10 23:00:00','2020-06-10 23:00:00');
INSERT INTO `__PREFIX__cities` (`country_code`, `name`, `longitude`, `latitude`, `feature_class`, `feature_code`, `subadmin1_code`, `subadmin2_code`, `population`, `time_zone`, `active`, `created_at`, `updated_at`) VALUES ('HR','{\"en\":\"Valpovo\"}',18.42,45.66,'P','PPLA2','HR.10','HR.10.3188394',7943,'Europe/Zagreb',1,'2020-11-29 23:00:00','2020-11-29 23:00:00');
INSERT INTO `__PREFIX__cities` (`country_code`, `name`, `longitude`, `latitude`, `feature_class`, `feature_code`, `subadmin1_code`, `subadmin2_code`, `population`, `time_zone`, `active`, `created_at`, `updated_at`) VALUES ('HR','{\"en\":\"Umag\"}',13.52,45.43,'P','PPLA2','HR.04','HR.04.11129767',7807,'Europe/Zagreb',1,'2016-12-21 23:00:00','2016-12-21 23:00:00');
INSERT INTO `__PREFIX__cities` (`country_code`, `name`, `longitude`, `latitude`, `feature_class`, `feature_code`, `subadmin1_code`, `subadmin2_code`, `population`, `time_zone`, `active`, `created_at`, `updated_at`) VALUES ('HR','{\"en\":\"Trogir\"}',16.25,43.51,'P','PPLA2','HR.15','HR.15.3188762',10960,'Europe/Zagreb',1,'2016-05-07 23:00:00','2016-05-07 23:00:00');
INSERT INTO `__PREFIX__cities` (`country_code`, `name`, `longitude`, `latitude`, `feature_class`, `feature_code`, `subadmin1_code`, `subadmin2_code`, `population`, `time_zone`, `active`, `created_at`, `updated_at`) VALUES ('HR','{\"en\":\"Tenja\"}',18.75,45.50,'P','PPL','HR.10','HR.10.3193934',7376,'Europe/Zagreb',1,'2016-12-23 23:00:00','2016-12-23 23:00:00');
INSERT INTO `__PREFIX__cities` (`country_code`, `name`, `longitude`, `latitude`, `feature_class`, `feature_code`, `subadmin1_code`, `subadmin2_code`, `population`, `time_zone`, `active`, `created_at`, `updated_at`) VALUES ('HR','{\"en\":\"Split\"}',16.44,43.51,'P','PPLA','HR.15','HR.15.3190259',176314,'Europe/Zagreb',1,'2021-02-23 23:00:00','2021-02-23 23:00:00');
INSERT INTO `__PREFIX__cities` (`country_code`, `name`, `longitude`, `latitude`, `feature_class`, `feature_code`, `subadmin1_code`, `subadmin2_code`, `population`, `time_zone`, `active`, `created_at`, `updated_at`) VALUES ('HR','{\"en\":\"Solin\"}',16.49,43.54,'P','PPL','HR.15','HR.15.11054720',20212,'Europe/Zagreb',1,'2018-08-27 23:00:00','2018-08-27 23:00:00');
INSERT INTO `__PREFIX__cities` (`country_code`, `name`, `longitude`, `latitude`, `feature_class`, `feature_code`, `subadmin1_code`, `subadmin2_code`, `population`, `time_zone`, `active`, `created_at`, `updated_at`) VALUES ('HR','{\"en\":\"Slavonski Brod\"}',18.02,45.16,'P','PPLA','HR.02','HR.02.3190585',60742,'Europe/Zagreb',1,'2015-07-06 23:00:00','2015-07-06 23:00:00');
INSERT INTO `__PREFIX__cities` (`country_code`, `name`, `longitude`, `latitude`, `feature_class`, `feature_code`, `subadmin1_code`, `subadmin2_code`, `population`, `time_zone`, `active`, `created_at`, `updated_at`) VALUES ('HR','{\"en\":\"Požega\"}',17.69,45.34,'P','PPLA','HR.11','HR.11.3190588',21153,'Europe/Zagreb',1,'2020-06-10 23:00:00','2020-06-10 23:00:00');
INSERT INTO `__PREFIX__cities` (`country_code`, `name`, `longitude`, `latitude`, `feature_class`, `feature_code`, `subadmin1_code`, `subadmin2_code`, `population`, `time_zone`, `active`, `created_at`, `updated_at`) VALUES ('HR','{\"en\":\"Sisak\"}',16.38,45.47,'P','PPLA','HR.14','HR.14.3190812',35748,'Europe/Zagreb',1,'2019-09-04 23:00:00','2019-09-04 23:00:00');
INSERT INTO `__PREFIX__cities` (`country_code`, `name`, `longitude`, `latitude`, `feature_class`, `feature_code`, `subadmin1_code`, `subadmin2_code`, `population`, `time_zone`, `active`, `created_at`, `updated_at`) VALUES ('HR','{\"en\":\"Sinj\"}',16.64,43.70,'P','PPLA2','HR.15','HR.15.3190864',11524,'Europe/Zagreb',1,'2017-01-01 23:00:00','2017-01-01 23:00:00');
INSERT INTO `__PREFIX__cities` (`country_code`, `name`, `longitude`, `latitude`, `feature_class`, `feature_code`, `subadmin1_code`, `subadmin2_code`, `population`, `time_zone`, `active`, `created_at`, `updated_at`) VALUES ('HR','{\"en\":\"Šibenik\"}',15.89,43.73,'P','PPLA','HR.13','HR.13.3190938',37112,'Europe/Zagreb',1,'2019-10-07 23:00:00','2019-10-07 23:00:00');
INSERT INTO `__PREFIX__cities` (`country_code`, `name`, `longitude`, `latitude`, `feature_class`, `feature_code`, `subadmin1_code`, `subadmin2_code`, `population`, `time_zone`, `active`, `created_at`, `updated_at`) VALUES ('HR','{\"en\":\"Sesvete\"}',16.12,45.83,'P','PPL','HR.21','HR.21.3190965',52411,'Europe/Zagreb',1,'2013-05-15 23:00:00','2013-05-15 23:00:00');
INSERT INTO `__PREFIX__cities` (`country_code`, `name`, `longitude`, `latitude`, `feature_class`, `feature_code`, `subadmin1_code`, `subadmin2_code`, `population`, `time_zone`, `active`, `created_at`, `updated_at`) VALUES ('HR','{\"en\":\"Senj\"}',14.91,44.99,'P','PPLA2','HR.08','HR.08.11049293',5518,'Europe/Zagreb',1,'2016-12-23 23:00:00','2016-12-23 23:00:00');
INSERT INTO `__PREFIX__cities` (`country_code`, `name`, `longitude`, `latitude`, `feature_class`, `feature_code`, `subadmin1_code`, `subadmin2_code`, `population`, `time_zone`, `active`, `created_at`, `updated_at`) VALUES ('HR','{\"en\":\"Samobor\"}',15.72,45.80,'P','PPLA2','HR.20','HR.20.3191315',15956,'Europe/Zagreb',1,'2021-01-25 23:00:00','2021-01-25 23:00:00');
INSERT INTO `__PREFIX__cities` (`country_code`, `name`, `longitude`, `latitude`, `feature_class`, `feature_code`, `subadmin1_code`, `subadmin2_code`, `population`, `time_zone`, `active`, `created_at`, `updated_at`) VALUES ('HR','{\"en\":\"Rovinj\"}',13.63,45.08,'P','PPLA2','HR.04','HR.04.3191516',13533,'Europe/Zagreb',1,'2019-10-10 23:00:00','2019-10-10 23:00:00');
INSERT INTO `__PREFIX__cities` (`country_code`, `name`, `longitude`, `latitude`, `feature_class`, `feature_code`, `subadmin1_code`, `subadmin2_code`, `population`, `time_zone`, `active`, `created_at`, `updated_at`) VALUES ('HR','{\"en\":\"Rijeka\"}',14.44,45.33,'P','PPLA','HR.12',NULL,141172,'Europe/Zagreb',1,'2017-05-22 23:00:00','2017-05-22 23:00:00');
INSERT INTO `__PREFIX__cities` (`country_code`, `name`, `longitude`, `latitude`, `feature_class`, `feature_code`, `subadmin1_code`, `subadmin2_code`, `population`, `time_zone`, `active`, `created_at`, `updated_at`) VALUES ('HR','{\"en\":\"Pušćine\"}',16.37,46.35,'P','PPL','HR.09','HR.09.11054847',11289,'Europe/Zagreb',1,'2021-01-14 23:00:00','2021-01-14 23:00:00');
INSERT INTO `__PREFIX__cities` (`country_code`, `name`, `longitude`, `latitude`, `feature_class`, `feature_code`, `subadmin1_code`, `subadmin2_code`, `population`, `time_zone`, `active`, `created_at`, `updated_at`) VALUES ('HR','{\"en\":\"Pula\"}',13.85,44.87,'P','PPLA2','HR.04','HR.04.3192222',59078,'Europe/Zagreb',1,'2016-05-07 23:00:00','2016-05-07 23:00:00');
INSERT INTO `__PREFIX__cities` (`country_code`, `name`, `longitude`, `latitude`, `feature_class`, `feature_code`, `subadmin1_code`, `subadmin2_code`, `population`, `time_zone`, `active`, `created_at`, `updated_at`) VALUES ('HR','{\"en\":\"Poreč\"}',13.60,45.23,'P','PPLA2','HR.04','HR.04.3192696',10499,'Europe/Zagreb',1,'2020-06-10 23:00:00','2020-06-10 23:00:00');
INSERT INTO `__PREFIX__cities` (`country_code`, `name`, `longitude`, `latitude`, `feature_class`, `feature_code`, `subadmin1_code`, `subadmin2_code`, `population`, `time_zone`, `active`, `created_at`, `updated_at`) VALUES ('HR','{\"en\":\"Popovača\"}',16.62,45.57,'P','PPLA2','HR.14','HR.14.11049232',12000,'Europe/Zagreb',1,'2020-06-10 23:00:00','2020-06-10 23:00:00');
INSERT INTO `__PREFIX__cities` (`country_code`, `name`, `longitude`, `latitude`, `feature_class`, `feature_code`, `subadmin1_code`, `subadmin2_code`, `population`, `time_zone`, `active`, `created_at`, `updated_at`) VALUES ('HR','{\"en\":\"Podstrana\"}',16.55,43.49,'P','PPL','HR.15','HR.15.11054619',9129,'Europe/Zagreb',1,'2018-08-27 23:00:00','2018-08-27 23:00:00');
INSERT INTO `__PREFIX__cities` (`country_code`, `name`, `longitude`, `latitude`, `feature_class`, `feature_code`, `subadmin1_code`, `subadmin2_code`, `population`, `time_zone`, `active`, `created_at`, `updated_at`) VALUES ('HR','{\"en\":\"Slatina\"}',17.70,45.70,'P','PPLA2','HR.17','HR.17.3192931',10973,'Europe/Zagreb',1,'2016-12-24 23:00:00','2016-12-24 23:00:00');
INSERT INTO `__PREFIX__cities` (`country_code`, `name`, `longitude`, `latitude`, `feature_class`, `feature_code`, `subadmin1_code`, `subadmin2_code`, `population`, `time_zone`, `active`, `created_at`, `updated_at`) VALUES ('HR','{\"en\":\"Ploče\"}',17.43,43.06,'P','PPLA2','HR.03','HR.03.3193146',6013,'Europe/Zagreb',1,'2021-03-14 23:00:00','2021-03-14 23:00:00');
INSERT INTO `__PREFIX__cities` (`country_code`, `name`, `longitude`, `latitude`, `feature_class`, `feature_code`, `subadmin1_code`, `subadmin2_code`, `population`, `time_zone`, `active`, `created_at`, `updated_at`) VALUES ('HR','{\"en\":\"Pitomača\"}',17.23,45.95,'P','PPLA2','HR.17','HR.17.11049466',5740,'Europe/Zagreb',1,'2020-06-10 23:00:00','2020-06-10 23:00:00');
INSERT INTO `__PREFIX__cities` (`country_code`, `name`, `longitude`, `latitude`, `feature_class`, `feature_code`, `subadmin1_code`, `subadmin2_code`, `population`, `time_zone`, `active`, `created_at`, `updated_at`) VALUES ('HR','{\"en\":\"Petrinja\"}',16.29,45.44,'P','PPLA2','HR.14','HR.14.3193419',15683,'Europe/Zagreb',1,'2020-12-28 23:00:00','2020-12-28 23:00:00');
INSERT INTO `__PREFIX__cities` (`country_code`, `name`, `longitude`, `latitude`, `feature_class`, `feature_code`, `subadmin1_code`, `subadmin2_code`, `population`, `time_zone`, `active`, `created_at`, `updated_at`) VALUES ('HR','{\"en\":\"Pazin\"}',13.94,45.24,'P','PPLA','HR.04','HR.04.3193560',5010,'Europe/Zagreb',1,'2016-12-21 23:00:00','2016-12-21 23:00:00');
INSERT INTO `__PREFIX__cities` (`country_code`, `name`, `longitude`, `latitude`, `feature_class`, `feature_code`, `subadmin1_code`, `subadmin2_code`, `population`, `time_zone`, `active`, `created_at`, `updated_at`) VALUES ('HR','{\"en\":\"Otok\"}',18.88,45.15,'P','PPLA2','HR.18','HR.18.11054955',5887,'Europe/Zagreb',1,'2016-12-24 23:00:00','2016-12-24 23:00:00');
INSERT INTO `__PREFIX__cities` (`country_code`, `name`, `longitude`, `latitude`, `feature_class`, `feature_code`, `subadmin1_code`, `subadmin2_code`, `population`, `time_zone`, `active`, `created_at`, `updated_at`) VALUES ('HR','{\"en\":\"Osijek\"}',18.69,45.55,'P','PPLA','HR.10','HR.10.3193934',88140,'Europe/Zagreb',1,'2012-11-20 23:00:00','2012-11-20 23:00:00');
INSERT INTO `__PREFIX__cities` (`country_code`, `name`, `longitude`, `latitude`, `feature_class`, `feature_code`, `subadmin1_code`, `subadmin2_code`, `population`, `time_zone`, `active`, `created_at`, `updated_at`) VALUES ('HR','{\"en\":\"Opatija\"}',14.31,45.34,'P','PPLA2','HR.12','HR.12.3194097',7888,'Europe/Zagreb',1,'2019-11-07 23:00:00','2019-11-07 23:00:00');
INSERT INTO `__PREFIX__cities` (`country_code`, `name`, `longitude`, `latitude`, `feature_class`, `feature_code`, `subadmin1_code`, `subadmin2_code`, `population`, `time_zone`, `active`, `created_at`, `updated_at`) VALUES ('HR','{\"en\":\"Omiš\"}',16.69,43.44,'P','PPLA2','HR.15','HR.15.3194113',6597,'Europe/Zagreb',1,'2020-06-10 23:00:00','2020-06-10 23:00:00');
INSERT INTO `__PREFIX__cities` (`country_code`, `name`, `longitude`, `latitude`, `feature_class`, `feature_code`, `subadmin1_code`, `subadmin2_code`, `population`, `time_zone`, `active`, `created_at`, `updated_at`) VALUES ('HR','{\"en\":\"Ogulin\"}',15.23,45.27,'P','PPLA2','HR.05','HR.05.3194182',8755,'Europe/Zagreb',1,'2016-05-07 23:00:00','2016-05-07 23:00:00');
INSERT INTO `__PREFIX__cities` (`country_code`, `name`, `longitude`, `latitude`, `feature_class`, `feature_code`, `subadmin1_code`, `subadmin2_code`, `population`, `time_zone`, `active`, `created_at`, `updated_at`) VALUES ('HR','{\"en\":\"Novska\"}',16.98,45.34,'P','PPLA2','HR.14','HR.14.3194318',7028,'Europe/Zagreb',1,'2021-02-14 23:00:00','2021-02-14 23:00:00');
INSERT INTO `__PREFIX__cities` (`country_code`, `name`, `longitude`, `latitude`, `feature_class`, `feature_code`, `subadmin1_code`, `subadmin2_code`, `population`, `time_zone`, `active`, `created_at`, `updated_at`) VALUES ('HR','{\"en\":\"Novi Vinodolski\"}',14.79,45.13,'P','PPLA2','HR.12','HR.12.11049447',5282,'Europe/Zagreb',1,'2016-12-25 23:00:00','2016-12-25 23:00:00');
INSERT INTO `__PREFIX__cities` (`country_code`, `name`, `longitude`, `latitude`, `feature_class`, `feature_code`, `subadmin1_code`, `subadmin2_code`, `population`, `time_zone`, `active`, `created_at`, `updated_at`) VALUES ('HR','{\"en\":\"Nova Gradiška\"}',17.38,45.26,'P','PPLA2','HR.02','HR.02.3194448',13329,'Europe/Zagreb',1,'2020-06-10 23:00:00','2020-06-10 23:00:00');
INSERT INTO `__PREFIX__cities` (`country_code`, `name`, `longitude`, `latitude`, `feature_class`, `feature_code`, `subadmin1_code`, `subadmin2_code`, `population`, `time_zone`, `active`, `created_at`, `updated_at`) VALUES ('HR','{\"en\":\"Našice\"}',18.09,45.49,'P','PPLA2','HR.10','HR.10.3194580',8213,'Europe/Zagreb',1,'2020-06-10 23:00:00','2020-06-10 23:00:00');
INSERT INTO `__PREFIX__cities` (`country_code`, `name`, `longitude`, `latitude`, `feature_class`, `feature_code`, `subadmin1_code`, `subadmin2_code`, `population`, `time_zone`, `active`, `created_at`, `updated_at`) VALUES ('HR','{\"en\":\"Metković\"}',17.65,43.05,'P','PPLA2','HR.03','HR.03.11054969',13941,'Europe/Zagreb',1,'2016-05-20 23:00:00','2016-05-20 23:00:00');
INSERT INTO `__PREFIX__cities` (`country_code`, `name`, `longitude`, `latitude`, `feature_class`, `feature_code`, `subadmin1_code`, `subadmin2_code`, `population`, `time_zone`, `active`, `created_at`, `updated_at`) VALUES ('HR','{\"en\":\"Makarska\"}',17.02,43.30,'P','PPLA2','HR.15','HR.15.3195888',13426,'Europe/Zagreb',1,'2021-03-12 23:00:00','2021-03-12 23:00:00');
INSERT INTO `__PREFIX__cities` (`country_code`, `name`, `longitude`, `latitude`, `feature_class`, `feature_code`, `subadmin1_code`, `subadmin2_code`, `population`, `time_zone`, `active`, `created_at`, `updated_at`) VALUES ('HR','{\"en\":\"Labin\"}',14.12,45.09,'P','PPLA2','HR.04','HR.04.3196833',7943,'Europe/Zagreb',1,'2016-05-07 23:00:00','2016-05-07 23:00:00');
INSERT INTO `__PREFIX__cities` (`country_code`, `name`, `longitude`, `latitude`, `feature_class`, `feature_code`, `subadmin1_code`, `subadmin2_code`, `population`, `time_zone`, `active`, `created_at`, `updated_at`) VALUES ('HR','{\"en\":\"Kutina\"}',16.78,45.48,'P','PPLA2','HR.14','HR.14.3196862',14886,'Europe/Zagreb',1,'2016-12-29 23:00:00','2016-12-29 23:00:00');
INSERT INTO `__PREFIX__cities` (`country_code`, `name`, `longitude`, `latitude`, `feature_class`, `feature_code`, `subadmin1_code`, `subadmin2_code`, `population`, `time_zone`, `active`, `created_at`, `updated_at`) VALUES ('HR','{\"en\":\"Križevci\"}',16.54,46.02,'P','PPLA2','HR.06','HR.06.3197228',11597,'Europe/Zagreb',1,'2020-06-10 23:00:00','2020-06-10 23:00:00');
INSERT INTO `__PREFIX__cities` (`country_code`, `name`, `longitude`, `latitude`, `feature_class`, `feature_code`, `subadmin1_code`, `subadmin2_code`, `population`, `time_zone`, `active`, `created_at`, `updated_at`) VALUES ('HR','{\"en\":\"Krapina\"}',15.88,46.16,'P','PPLA','HR.07','HR.07.3197366',4725,'Europe/Zagreb',1,'2020-12-14 23:00:00','2020-12-14 23:00:00');
INSERT INTO `__PREFIX__cities` (`country_code`, `name`, `longitude`, `latitude`, `feature_class`, `feature_code`, `subadmin1_code`, `subadmin2_code`, `population`, `time_zone`, `active`, `created_at`, `updated_at`) VALUES ('HR','{\"en\":\"Koprivnica\"}',16.83,46.16,'P','PPLA','HR.06','HR.06.3197726',25579,'Europe/Zagreb',1,'2018-03-05 23:00:00','2018-03-05 23:00:00');
INSERT INTO `__PREFIX__cities` (`country_code`, `name`, `longitude`, `latitude`, `feature_class`, `feature_code`, `subadmin1_code`, `subadmin2_code`, `population`, `time_zone`, `active`, `created_at`, `updated_at`) VALUES ('HR','{\"en\":\"Knin\"}',16.20,44.04,'P','PPLA2','HR.13','HR.13.11054516',11182,'Europe/Zagreb',1,'2020-05-14 23:00:00','2020-05-14 23:00:00');
INSERT INTO `__PREFIX__cities` (`country_code`, `name`, `longitude`, `latitude`, `feature_class`, `feature_code`, `subadmin1_code`, `subadmin2_code`, `population`, `time_zone`, `active`, `created_at`, `updated_at`) VALUES ('HR','{\"en\":\"Kaštel Stari\"}',16.35,43.55,'P','PPL','HR.15','HR.15.11054606',7052,'Europe/Zagreb',1,'2020-06-10 23:00:00','2020-06-10 23:00:00');
INSERT INTO `__PREFIX__cities` (`country_code`, `name`, `longitude`, `latitude`, `feature_class`, `feature_code`, `subadmin1_code`, `subadmin2_code`, `population`, `time_zone`, `active`, `created_at`, `updated_at`) VALUES ('HR','{\"en\":\"Kaštel Novi\"}',16.33,43.55,'P','PPL','HR.15','HR.15.11054606',6411,'Europe/Zagreb',1,'2020-06-10 23:00:00','2020-06-10 23:00:00');
INSERT INTO `__PREFIX__cities` (`country_code`, `name`, `longitude`, `latitude`, `feature_class`, `feature_code`, `subadmin1_code`, `subadmin2_code`, `population`, `time_zone`, `active`, `created_at`, `updated_at`) VALUES ('HR','{\"en\":\"Kaštel Lukšić\"}',16.37,43.56,'P','PPL','HR.15','HR.15.11054606',5425,'Europe/Zagreb',1,'2021-12-27 23:00:00','2021-12-27 23:00:00');
INSERT INTO `__PREFIX__cities` (`country_code`, `name`, `longitude`, `latitude`, `feature_class`, `feature_code`, `subadmin1_code`, `subadmin2_code`, `population`, `time_zone`, `active`, `created_at`, `updated_at`) VALUES ('HR','{\"en\":\"Kaštel Kambelovac\"}',16.38,43.55,'P','PPL','HR.15','HR.15.11054606',5027,'Europe/Zagreb',1,'2020-06-10 23:00:00','2020-06-10 23:00:00');
INSERT INTO `__PREFIX__cities` (`country_code`, `name`, `longitude`, `latitude`, `feature_class`, `feature_code`, `subadmin1_code`, `subadmin2_code`, `population`, `time_zone`, `active`, `created_at`, `updated_at`) VALUES ('HR','{\"en\":\"Jastrebarsko\"}',15.65,45.67,'P','PPLA2','HR.20','HR.20.3198798',5493,'Europe/Zagreb',1,'2021-02-04 23:00:00','2021-02-04 23:00:00');
INSERT INTO `__PREFIX__cities` (`country_code`, `name`, `longitude`, `latitude`, `feature_class`, `feature_code`, `subadmin1_code`, `subadmin2_code`, `population`, `time_zone`, `active`, `created_at`, `updated_at`) VALUES ('HR','{\"en\":\"Ivankovo\"}',18.68,45.29,'P','PPLA2','HR.18','HR.18.11054538',6728,'Europe/Zagreb',1,'2017-01-02 23:00:00','2017-01-02 23:00:00');
INSERT INTO `__PREFIX__cities` (`country_code`, `name`, `longitude`, `latitude`, `feature_class`, `feature_code`, `subadmin1_code`, `subadmin2_code`, `population`, `time_zone`, `active`, `created_at`, `updated_at`) VALUES ('HR','{\"en\":\"Ivanić-Grad\"}',16.40,45.71,'P','PPLA2','HR.20','HR.20.3199068',9379,'Europe/Zagreb',1,'2021-02-01 23:00:00','2021-02-01 23:00:00');
INSERT INTO `__PREFIX__cities` (`country_code`, `name`, `longitude`, `latitude`, `feature_class`, `feature_code`, `subadmin1_code`, `subadmin2_code`, `population`, `time_zone`, `active`, `created_at`, `updated_at`) VALUES ('HR','{\"en\":\"Ivanec\"}',16.12,46.22,'P','PPLA2','HR.16','HR.16.3199075',5461,'Europe/Zagreb',1,'2016-12-24 23:00:00','2016-12-24 23:00:00');
INSERT INTO `__PREFIX__cities` (`country_code`, `name`, `longitude`, `latitude`, `feature_class`, `feature_code`, `subadmin1_code`, `subadmin2_code`, `population`, `time_zone`, `active`, `created_at`, `updated_at`) VALUES ('HR','{\"en\":\"Ilok\"}',19.38,45.22,'P','PPLA2','HR.18','HR.18.11054537',5926,'Europe/Zagreb',1,'2016-12-24 23:00:00','2016-12-24 23:00:00');
INSERT INTO `__PREFIX__cities` (`country_code`, `name`, `longitude`, `latitude`, `feature_class`, `feature_code`, `subadmin1_code`, `subadmin2_code`, `population`, `time_zone`, `active`, `created_at`, `updated_at`) VALUES ('HR','{\"en\":\"Gunja\"}',18.85,44.88,'P','PPLA2','HR.18','HR.18.11054536',5058,'Europe/Zagreb',1,'2016-12-24 23:00:00','2016-12-24 23:00:00');
INSERT INTO `__PREFIX__cities` (`country_code`, `name`, `longitude`, `latitude`, `feature_class`, `feature_code`, `subadmin1_code`, `subadmin2_code`, `population`, `time_zone`, `active`, `created_at`, `updated_at`) VALUES ('HR','{\"en\":\"Gospić\"}',15.37,44.55,'P','PPLA','HR.08','HR.08.11049286',6118,'Europe/Zagreb',1,'2020-06-10 23:00:00','2020-06-10 23:00:00');
INSERT INTO `__PREFIX__cities` (`country_code`, `name`, `longitude`, `latitude`, `feature_class`, `feature_code`, `subadmin1_code`, `subadmin2_code`, `population`, `time_zone`, `active`, `created_at`, `updated_at`) VALUES ('HR','{\"en\":\"Đurđevac\"}',17.07,46.04,'P','PPL','HR.06','HR.06.3200960',6349,'Europe/Zagreb',1,'2016-12-22 23:00:00','2016-12-22 23:00:00');
INSERT INTO `__PREFIX__cities` (`country_code`, `name`, `longitude`, `latitude`, `feature_class`, `feature_code`, `subadmin1_code`, `subadmin2_code`, `population`, `time_zone`, `active`, `created_at`, `updated_at`) VALUES ('HR','{\"en\":\"Dugo Selo\"}',16.24,45.81,'P','PPLA2','HR.20','HR.20.3201007',10453,'Europe/Zagreb',1,'2021-01-25 23:00:00','2021-01-25 23:00:00');
INSERT INTO `__PREFIX__cities` (`country_code`, `name`, `longitude`, `latitude`, `feature_class`, `feature_code`, `subadmin1_code`, `subadmin2_code`, `population`, `time_zone`, `active`, `created_at`, `updated_at`) VALUES ('HR','{\"en\":\"Dubrovnik\"}',18.11,42.64,'P','PPLA','HR.03','HR.03.7577034',28428,'Europe/Zagreb',1,'2021-07-31 23:00:00','2021-07-31 23:00:00');
INSERT INTO `__PREFIX__cities` (`country_code`, `name`, `longitude`, `latitude`, `feature_class`, `feature_code`, `subadmin1_code`, `subadmin2_code`, `population`, `time_zone`, `active`, `created_at`, `updated_at`) VALUES ('HR','{\"en\":\"Drenova\"}',14.43,45.35,'P','PPL','HR.12',NULL,7638,'Europe/Zagreb',1,'2013-05-04 23:00:00','2013-05-04 23:00:00');
INSERT INTO `__PREFIX__cities` (`country_code`, `name`, `longitude`, `latitude`, `feature_class`, `feature_code`, `subadmin1_code`, `subadmin2_code`, `population`, `time_zone`, `active`, `created_at`, `updated_at`) VALUES ('HR','{\"en\":\"Donji Miholjac\"}',18.17,45.76,'P','PPLA2','HR.10','HR.10.3201431',9491,'Europe/Zagreb',1,'2020-09-10 23:00:00','2020-09-10 23:00:00');
INSERT INTO `__PREFIX__cities` (`country_code`, `name`, `longitude`, `latitude`, `feature_class`, `feature_code`, `subadmin1_code`, `subadmin2_code`, `population`, `time_zone`, `active`, `created_at`, `updated_at`) VALUES ('HR','{\"en\":\"Daruvar\"}',17.23,45.59,'P','PPLA2','HR.01','HR.01.3202183',9863,'Europe/Zagreb',1,'2016-05-07 23:00:00','2016-05-07 23:00:00');
INSERT INTO `__PREFIX__cities` (`country_code`, `name`, `longitude`, `latitude`, `feature_class`, `feature_code`, `subadmin1_code`, `subadmin2_code`, `population`, `time_zone`, `active`, `created_at`, `updated_at`) VALUES ('HR','{\"en\":\"Darda\"}',18.70,45.63,'P','PPLA2','HR.10','HR.10.11054454',5420,'Europe/Zagreb',1,'2016-12-23 23:00:00','2016-12-23 23:00:00');
INSERT INTO `__PREFIX__cities` (`country_code`, `name`, `longitude`, `latitude`, `feature_class`, `feature_code`, `subadmin1_code`, `subadmin2_code`, `population`, `time_zone`, `active`, `created_at`, `updated_at`) VALUES ('HR','{\"en\":\"Đakovo\"}',18.41,45.31,'P','PPL','HR.10','HR.10.3202219',19491,'Europe/Zagreb',1,'2016-12-23 23:00:00','2016-12-23 23:00:00');
INSERT INTO `__PREFIX__cities` (`country_code`, `name`, `longitude`, `latitude`, `feature_class`, `feature_code`, `subadmin1_code`, `subadmin2_code`, `population`, `time_zone`, `active`, `created_at`, `updated_at`) VALUES ('HR','{\"en\":\"Crikvenica\"}',14.69,45.18,'P','PPLA2','HR.12','HR.12.3202506',7156,'Europe/Zagreb',1,'2016-05-07 23:00:00','2016-05-07 23:00:00');
INSERT INTO `__PREFIX__cities` (`country_code`, `name`, `longitude`, `latitude`, `feature_class`, `feature_code`, `subadmin1_code`, `subadmin2_code`, `population`, `time_zone`, `active`, `created_at`, `updated_at`) VALUES ('HR','{\"en\":\"Čepin\"}',18.56,45.52,'P','PPLA2','HR.10','HR.10.11054395',9548,'Europe/Zagreb',1,'2020-06-10 23:00:00','2020-06-10 23:00:00');
INSERT INTO `__PREFIX__cities` (`country_code`, `name`, `longitude`, `latitude`, `feature_class`, `feature_code`, `subadmin1_code`, `subadmin2_code`, `population`, `time_zone`, `active`, `created_at`, `updated_at`) VALUES ('HR','{\"en\":\"Čakovec\"}',16.43,46.38,'P','PPLA','HR.09','HR.09.3202887',15867,'Europe/Zagreb',1,'2020-06-10 23:00:00','2020-06-10 23:00:00');
INSERT INTO `__PREFIX__cities` (`country_code`, `name`, `longitude`, `latitude`, `feature_class`, `feature_code`, `subadmin1_code`, `subadmin2_code`, `population`, `time_zone`, `active`, `created_at`, `updated_at`) VALUES ('HR','{\"en\":\"Buzet\"}',13.97,45.41,'P','PPLA2','HR.04','HR.04.3202941',6059,'Europe/Zagreb',1,'2016-12-21 23:00:00','2016-12-21 23:00:00');
INSERT INTO `__PREFIX__cities` (`country_code`, `name`, `longitude`, `latitude`, `feature_class`, `feature_code`, `subadmin1_code`, `subadmin2_code`, `population`, `time_zone`, `active`, `created_at`, `updated_at`) VALUES ('HR','{\"en\":\"Borovo\"}',18.97,45.38,'P','PPL','HR.18','HR.18.11054530',5056,'Europe/Zagreb',1,'2016-12-24 23:00:00','2016-12-24 23:00:00');
INSERT INTO `__PREFIX__cities` (`country_code`, `name`, `longitude`, `latitude`, `feature_class`, `feature_code`, `subadmin1_code`, `subadmin2_code`, `population`, `time_zone`, `active`, `created_at`, `updated_at`) VALUES ('HR','{\"en\":\"Bjelovar\"}',16.85,45.90,'P','PPLA','HR.01',NULL,28275,'Europe/Zagreb',1,'2012-01-18 23:00:00','2012-01-18 23:00:00');
INSERT INTO `__PREFIX__cities` (`country_code`, `name`, `longitude`, `latitude`, `feature_class`, `feature_code`, `subadmin1_code`, `subadmin2_code`, `population`, `time_zone`, `active`, `created_at`, `updated_at`) VALUES ('HR','{\"en\":\"Biograd na Moru\"}',15.45,43.94,'P','PPLA2','HR.19','HR.19.3204122',5285,'Europe/Zagreb',1,'2019-05-15 23:00:00','2019-05-15 23:00:00');
INSERT INTO `__PREFIX__cities` (`country_code`, `name`, `longitude`, `latitude`, `feature_class`, `feature_code`, `subadmin1_code`, `subadmin2_code`, `population`, `time_zone`, `active`, `created_at`, `updated_at`) VALUES ('HR','{\"en\":\"Belišće\"}',18.41,45.68,'P','PPLA2','HR.10','HR.10.11054391',7232,'Europe/Zagreb',1,'2016-12-23 23:00:00','2016-12-23 23:00:00');
INSERT INTO `__PREFIX__cities` (`country_code`, `name`, `longitude`, `latitude`, `feature_class`, `feature_code`, `subadmin1_code`, `subadmin2_code`, `population`, `time_zone`, `active`, `created_at`, `updated_at`) VALUES ('HR','{\"en\":\"Beli Manastir\"}',18.60,45.77,'P','PPLA2','HR.10','HR.10.3204319',8713,'Europe/Zagreb',1,'2016-12-23 23:00:00','2016-12-23 23:00:00');
INSERT INTO `__PREFIX__cities` (`country_code`, `name`, `longitude`, `latitude`, `feature_class`, `feature_code`, `subadmin1_code`, `subadmin2_code`, `population`, `time_zone`, `active`, `created_at`, `updated_at`) VALUES ('HR','{\"en\":\"Karlovac\"}',15.55,45.49,'P','PPLA','HR.05','HR.05.3198257',46833,'Europe/Zagreb',1,'2021-08-27 23:00:00','2021-08-27 23:00:00');
INSERT INTO `__PREFIX__cities` (`country_code`, `name`, `longitude`, `latitude`, `feature_class`, `feature_code`, `subadmin1_code`, `subadmin2_code`, `population`, `time_zone`, `active`, `created_at`, `updated_at`) VALUES ('HR','{\"en\":\"Centar\"}',15.98,45.81,'P','PPLX','HR.21','HR.21.3186885',37000,'Europe/Zagreb',1,'2019-04-23 23:00:00','2019-04-23 23:00:00');
/*!40000 ALTER TABLE `__PREFIX__cities` ENABLE KEYS */;
/*!40103 SET TIME_ZONE=@OLD_TIME_ZONE */;

/*!40101 SET SQL_MODE=@OLD_SQL_MODE */;
/*!40014 SET FOREIGN_KEY_CHECKS=@OLD_FOREIGN_KEY_CHECKS */;
/*!40014 SET UNIQUE_CHECKS=@OLD_UNIQUE_CHECKS */;
/*!40101 SET CHARACTER_SET_CLIENT=@OLD_CHARACTER_SET_CLIENT */;
/*!40101 SET CHARACTER_SET_RESULTS=@OLD_CHARACTER_SET_RESULTS */;
/*!40101 SET COLLATION_CONNECTION=@OLD_COLLATION_CONNECTION */;
/*!40111 SET SQL_NOTES=@OLD_SQL_NOTES */;

-- Dump completed
