-- MySQL dump 10.13  Distrib 5.7.34, for osx10.12 (x86_64)
--
-- Host: 127.0.0.1    Database: laraclassifier
-- ------------------------------------------------------
-- Server version	5.7.34

/*!40101 SET @OLD_CHARACTER_SET_CLIENT=@@CHARACTER_SET_CLIENT */;
/*!40101 SET @OLD_CHARACTER_SET_RESULTS=@@CHARACTER_SET_RESULTS */;
/*!40101 SET @OLD_COLLATION_CONNECTION=@@COLLATION_CONNECTION */;
/*!40101 SET NAMES utf8 */;
/*!40103 SET @OLD_TIME_ZONE=@@TIME_ZONE */;
/*!40103 SET TIME_ZONE='+00:00' */;
/*!40014 SET @OLD_UNIQUE_CHECKS=@@UNIQUE_CHECKS, UNIQUE_CHECKS=0 */;
/*!40014 SET @OLD_FOREIGN_KEY_CHECKS=@@FOREIGN_KEY_CHECKS, FOREIGN_KEY_CHECKS=0 */;
/*!40101 SET @OLD_SQL_MODE=@@SQL_MODE, SQL_MODE='NO_AUTO_VALUE_ON_ZERO' */;
/*!40111 SET @OLD_SQL_NOTES=@@SQL_NOTES, SQL_NOTES=0 */;

--
-- Dumping data for table `__PREFIX__subadmin1`
--

/*!40000 ALTER TABLE `__PREFIX__subadmin1` DISABLE KEYS */;
INSERT INTO `__PREFIX__subadmin1` (`code`, `country_code`, `name`, `active`) VALUES ('HU.18','HU','{\"en\":\"Szabolcs-Szatmár-Bereg\"}',1);
INSERT INTO `__PREFIX__subadmin1` (`code`, `country_code`, `name`, `active`) VALUES ('HU.20','HU','{\"en\":\"Jász-Nagykun-Szolnok\"}',1);
INSERT INTO `__PREFIX__subadmin1` (`code`, `country_code`, `name`, `active`) VALUES ('HU.11','HU','{\"en\":\"Heves\"}',1);
INSERT INTO `__PREFIX__subadmin1` (`code`, `country_code`, `name`, `active`) VALUES ('HU.10','HU','{\"en\":\"Hajdú-Bihar\"}',1);
INSERT INTO `__PREFIX__subadmin1` (`code`, `country_code`, `name`, `active`) VALUES ('HU.06','HU','{\"en\":\"Csongrád\"}',1);
INSERT INTO `__PREFIX__subadmin1` (`code`, `country_code`, `name`, `active`) VALUES ('HU.04','HU','{\"en\":\"Borsod-Abaúj-Zemplén\"}',1);
INSERT INTO `__PREFIX__subadmin1` (`code`, `country_code`, `name`, `active`) VALUES ('HU.03','HU','{\"en\":\"Bekes County\"}',1);
INSERT INTO `__PREFIX__subadmin1` (`code`, `country_code`, `name`, `active`) VALUES ('HU.24','HU','{\"en\":\"Zala\"}',1);
INSERT INTO `__PREFIX__subadmin1` (`code`, `country_code`, `name`, `active`) VALUES ('HU.23','HU','{\"en\":\"Veszprém\"}',1);
INSERT INTO `__PREFIX__subadmin1` (`code`, `country_code`, `name`, `active`) VALUES ('HU.22','HU','{\"en\":\"Vas\"}',1);
INSERT INTO `__PREFIX__subadmin1` (`code`, `country_code`, `name`, `active`) VALUES ('HU.21','HU','{\"en\":\"Tolna\"}',1);
INSERT INTO `__PREFIX__subadmin1` (`code`, `country_code`, `name`, `active`) VALUES ('HU.17','HU','{\"en\":\"Somogy\"}',1);
INSERT INTO `__PREFIX__subadmin1` (`code`, `country_code`, `name`, `active`) VALUES ('HU.16','HU','{\"en\":\"Pest\"}',1);
INSERT INTO `__PREFIX__subadmin1` (`code`, `country_code`, `name`, `active`) VALUES ('HU.14','HU','{\"en\":\"Nógrád\"}',1);
INSERT INTO `__PREFIX__subadmin1` (`code`, `country_code`, `name`, `active`) VALUES ('HU.12','HU','{\"en\":\"Komárom-Esztergom\"}',1);
INSERT INTO `__PREFIX__subadmin1` (`code`, `country_code`, `name`, `active`) VALUES ('HU.09','HU','{\"en\":\"Győr-Moson-Sopron\"}',1);
INSERT INTO `__PREFIX__subadmin1` (`code`, `country_code`, `name`, `active`) VALUES ('HU.08','HU','{\"en\":\"Fejér\"}',1);
INSERT INTO `__PREFIX__subadmin1` (`code`, `country_code`, `name`, `active`) VALUES ('HU.05','HU','{\"en\":\"Budapest\"}',1);
INSERT INTO `__PREFIX__subadmin1` (`code`, `country_code`, `name`, `active`) VALUES ('HU.02','HU','{\"en\":\"Baranya\"}',1);
INSERT INTO `__PREFIX__subadmin1` (`code`, `country_code`, `name`, `active`) VALUES ('HU.01','HU','{\"en\":\"Bács-Kiskun\"}',1);
/*!40000 ALTER TABLE `__PREFIX__subadmin1` ENABLE KEYS */;

--
-- Dumping data for table `__PREFIX__subadmin2`
--

/*!40000 ALTER TABLE `__PREFIX__subadmin2` DISABLE KEYS */;
INSERT INTO `__PREFIX__subadmin2` (`code`, `country_code`, `subadmin1_code`, `name`, `active`) VALUES ('HU.09.091','HU','HU.09','{\"en\":\"Soproni Járás\"}',1);
INSERT INTO `__PREFIX__subadmin2` (`code`, `country_code`, `subadmin1_code`, `name`, `active`) VALUES ('HU.09.088','HU','HU.09','{\"en\":\"Kapuvári Járás\"}',1);
INSERT INTO `__PREFIX__subadmin2` (`code`, `country_code`, `subadmin1_code`, `name`, `active`) VALUES ('HU.09.086','HU','HU.09','{\"en\":\"Csornai Járás\"}',1);
INSERT INTO `__PREFIX__subadmin2` (`code`, `country_code`, `subadmin1_code`, `name`, `active`) VALUES ('HU.09.089','HU','HU.09','{\"en\":\"Mosonmagyaróvári járás\"}',1);
INSERT INTO `__PREFIX__subadmin2` (`code`, `country_code`, `subadmin1_code`, `name`, `active`) VALUES ('HU.09.087','HU','HU.09','{\"en\":\"Győri Járás\"}',1);
INSERT INTO `__PREFIX__subadmin2` (`code`, `country_code`, `subadmin1_code`, `name`, `active`) VALUES ('HU.09.092','HU','HU.09','{\"en\":\"Téti Járás\"}',1);
INSERT INTO `__PREFIX__subadmin2` (`code`, `country_code`, `subadmin1_code`, `name`, `active`) VALUES ('HU.09.090','HU','HU.09','{\"en\":\"Pannonhalmi Járás\"}',1);
INSERT INTO `__PREFIX__subadmin2` (`code`, `country_code`, `subadmin1_code`, `name`, `active`) VALUES ('HU.22.178','HU','HU.22','{\"en\":\"Kőszegi Járás\"}',1);
INSERT INTO `__PREFIX__subadmin2` (`code`, `country_code`, `subadmin1_code`, `name`, `active`) VALUES ('HU.22.181','HU','HU.22','{\"en\":\"Szombathelyi Járás\"}',1);
INSERT INTO `__PREFIX__subadmin2` (`code`, `country_code`, `subadmin1_code`, `name`, `active`) VALUES ('HU.22.180','HU','HU.22','{\"en\":\"Szentgotthárdi Járás\"}',1);
INSERT INTO `__PREFIX__subadmin2` (`code`, `country_code`, `subadmin1_code`, `name`, `active`) VALUES ('HU.22.177','HU','HU.22','{\"en\":\"Körmendi Járás\"}',1);
INSERT INTO `__PREFIX__subadmin2` (`code`, `country_code`, `subadmin1_code`, `name`, `active`) VALUES ('HU.22.182','HU','HU.22','{\"en\":\"Vasvári Járás\"}',1);
INSERT INTO `__PREFIX__subadmin2` (`code`, `country_code`, `subadmin1_code`, `name`, `active`) VALUES ('HU.22.179','HU','HU.22','{\"en\":\"Sárvári Járás\"}',1);
INSERT INTO `__PREFIX__subadmin2` (`code`, `country_code`, `subadmin1_code`, `name`, `active`) VALUES ('HU.22.176','HU','HU.22','{\"en\":\"Celldömölki Járás\"}',1);
INSERT INTO `__PREFIX__subadmin2` (`code`, `country_code`, `subadmin1_code`, `name`, `active`) VALUES ('HU.24.197','HU','HU.24','{\"en\":\"Zalaegerszegi Járás\"}',1);
INSERT INTO `__PREFIX__subadmin2` (`code`, `country_code`, `subadmin1_code`, `name`, `active`) VALUES ('HU.24.194','HU','HU.24','{\"en\":\"Lenti Járás\"}',1);
INSERT INTO `__PREFIX__subadmin2` (`code`, `country_code`, `subadmin1_code`, `name`, `active`) VALUES ('HU.24.195','HU','HU.24','{\"en\":\"Letenyei Járás\"}',1);
INSERT INTO `__PREFIX__subadmin2` (`code`, `country_code`, `subadmin1_code`, `name`, `active`) VALUES ('HU.24.198','HU','HU.24','{\"en\":\"Zalaszentgróti Járás\"}',1);
INSERT INTO `__PREFIX__subadmin2` (`code`, `country_code`, `subadmin1_code`, `name`, `active`) VALUES ('HU.24.193','HU','HU.24','{\"en\":\"Keszthelyi Járás\"}',1);
INSERT INTO `__PREFIX__subadmin2` (`code`, `country_code`, `subadmin1_code`, `name`, `active`) VALUES ('HU.24.196','HU','HU.24','{\"en\":\"Nagykanizsai Járás\"}',1);
INSERT INTO `__PREFIX__subadmin2` (`code`, `country_code`, `subadmin1_code`, `name`, `active`) VALUES ('HU.17.140','HU','HU.17','{\"en\":\"Barcsi Járás\"}',1);
INSERT INTO `__PREFIX__subadmin2` (`code`, `country_code`, `subadmin1_code`, `name`, `active`) VALUES ('HU.17.145','HU','HU.17','{\"en\":\"Nagyatádi Járás\"}',1);
INSERT INTO `__PREFIX__subadmin2` (`code`, `country_code`, `subadmin1_code`, `name`, `active`) VALUES ('HU.17.141','HU','HU.17','{\"en\":\"Csurgói Járás\"}',1);
INSERT INTO `__PREFIX__subadmin2` (`code`, `country_code`, `subadmin1_code`, `name`, `active`) VALUES ('HU.17.143','HU','HU.17','{\"en\":\"Kaposvári Járás\"}',1);
INSERT INTO `__PREFIX__subadmin2` (`code`, `country_code`, `subadmin1_code`, `name`, `active`) VALUES ('HU.17.144','HU','HU.17','{\"en\":\"Marcali Járás\"}',1);
INSERT INTO `__PREFIX__subadmin2` (`code`, `country_code`, `subadmin1_code`, `name`, `active`) VALUES ('HU.17.142','HU','HU.17','{\"en\":\"Fonyódi Járás\"}',1);
INSERT INTO `__PREFIX__subadmin2` (`code`, `country_code`, `subadmin1_code`, `name`, `active`) VALUES ('HU.17.146','HU','HU.17','{\"en\":\"Siófoki Járás\"}',1);
INSERT INTO `__PREFIX__subadmin2` (`code`, `country_code`, `subadmin1_code`, `name`, `active`) VALUES ('HU.17.147','HU','HU.17','{\"en\":\"Tabi Járás\"}',1);
INSERT INTO `__PREFIX__subadmin2` (`code`, `country_code`, `subadmin1_code`, `name`, `active`) VALUES ('HU.02.031','HU','HU.02','{\"en\":\"Siklósi Járás\"}',1);
INSERT INTO `__PREFIX__subadmin2` (`code`, `country_code`, `subadmin1_code`, `name`, `active`) VALUES ('HU.02.028','HU','HU.02','{\"en\":\"Pécsi Járás\"}',1);
INSERT INTO `__PREFIX__subadmin2` (`code`, `country_code`, `subadmin1_code`, `name`, `active`) VALUES ('HU.02.027','HU','HU.02','{\"en\":\"Mohácsi Járás\"}',1);
INSERT INTO `__PREFIX__subadmin2` (`code`, `country_code`, `subadmin1_code`, `name`, `active`) VALUES ('HU.02.024','HU','HU.02','{\"en\":\"Bólyi Járás\"}',1);
INSERT INTO `__PREFIX__subadmin2` (`code`, `country_code`, `subadmin1_code`, `name`, `active`) VALUES ('HU.02.029','HU','HU.02','{\"en\":\"Pécsváradi Járás\"}',1);
INSERT INTO `__PREFIX__subadmin2` (`code`, `country_code`, `subadmin1_code`, `name`, `active`) VALUES ('HU.02.026','HU','HU.02','{\"en\":\"Komlói Járás\"}',1);
INSERT INTO `__PREFIX__subadmin2` (`code`, `country_code`, `subadmin1_code`, `name`, `active`) VALUES ('HU.02.025','HU','HU.02','{\"en\":\"Hegyháti Járás\"}',1);
INSERT INTO `__PREFIX__subadmin2` (`code`, `country_code`, `subadmin1_code`, `name`, `active`) VALUES ('HU.02.030','HU','HU.02','{\"en\":\"Sellyei Járás\"}',1);
INSERT INTO `__PREFIX__subadmin2` (`code`, `country_code`, `subadmin1_code`, `name`, `active`) VALUES ('HU.02.033','HU','HU.02','{\"en\":\"Szigetvári Járás\"}',1);
INSERT INTO `__PREFIX__subadmin2` (`code`, `country_code`, `subadmin1_code`, `name`, `active`) VALUES ('HU.02.032','HU','HU.02','{\"en\":\"Szentlőrinci Járás\"}',1);
INSERT INTO `__PREFIX__subadmin2` (`code`, `country_code`, `subadmin1_code`, `name`, `active`) VALUES ('HU.01.035','HU','HU.01','{\"en\":\"Bajai Járás\"}',1);
INSERT INTO `__PREFIX__subadmin2` (`code`, `country_code`, `subadmin1_code`, `name`, `active`) VALUES ('HU.01.034','HU','HU.01','{\"en\":\"Bácsalmási Járás\"}',1);
INSERT INTO `__PREFIX__subadmin2` (`code`, `country_code`, `subadmin1_code`, `name`, `active`) VALUES ('HU.01.036','HU','HU.01','{\"en\":\"Jánoshalmai Járás\"}',1);
INSERT INTO `__PREFIX__subadmin2` (`code`, `country_code`, `subadmin1_code`, `name`, `active`) VALUES ('HU.01.041','HU','HU.01','{\"en\":\"Kiskunhalasi Járás\"}',1);
INSERT INTO `__PREFIX__subadmin2` (`code`, `country_code`, `subadmin1_code`, `name`, `active`) VALUES ('HU.01.042','HU','HU.01','{\"en\":\"Kiskunmajsai Járás\"}',1);
INSERT INTO `__PREFIX__subadmin2` (`code`, `country_code`, `subadmin1_code`, `name`, `active`) VALUES ('HU.01.037','HU','HU.01','{\"en\":\"Kalocsai Járás\"}',1);
INSERT INTO `__PREFIX__subadmin2` (`code`, `country_code`, `subadmin1_code`, `name`, `active`) VALUES ('HU.01.039','HU','HU.01','{\"en\":\"Kiskőrösi Járás\"}',1);
INSERT INTO `__PREFIX__subadmin2` (`code`, `country_code`, `subadmin1_code`, `name`, `active`) VALUES ('HU.01.043','HU','HU.01','{\"en\":\"Kunszentmiklósi Járás\"}',1);
INSERT INTO `__PREFIX__subadmin2` (`code`, `country_code`, `subadmin1_code`, `name`, `active`) VALUES ('HU.01.038','HU','HU.01','{\"en\":\"Kecskeméti Járás\"}',1);
INSERT INTO `__PREFIX__subadmin2` (`code`, `country_code`, `subadmin1_code`, `name`, `active`) VALUES ('HU.01.044','HU','HU.01','{\"en\":\"Tiszakécskei Járás\"}',1);
INSERT INTO `__PREFIX__subadmin2` (`code`, `country_code`, `subadmin1_code`, `name`, `active`) VALUES ('HU.01.040','HU','HU.01','{\"en\":\"Kiskunfélegyházi Járás\"}',1);
INSERT INTO `__PREFIX__subadmin2` (`code`, `country_code`, `subadmin1_code`, `name`, `active`) VALUES ('HU.06.074','HU','HU.06','{\"en\":\"Mórahalmi Járás\"}',1);
INSERT INTO `__PREFIX__subadmin2` (`code`, `country_code`, `subadmin1_code`, `name`, `active`) VALUES ('HU.06.075','HU','HU.06','{\"en\":\"Szegedi Járás\"}',1);
INSERT INTO `__PREFIX__subadmin2` (`code`, `country_code`, `subadmin1_code`, `name`, `active`) VALUES ('HU.06.073','HU','HU.06','{\"en\":\"Makói Járás\"}',1);
INSERT INTO `__PREFIX__subadmin2` (`code`, `country_code`, `subadmin1_code`, `name`, `active`) VALUES ('HU.06.072','HU','HU.06','{\"en\":\"Kisteleki Járás\"}',1);
INSERT INTO `__PREFIX__subadmin2` (`code`, `country_code`, `subadmin1_code`, `name`, `active`) VALUES ('HU.06.071','HU','HU.06','{\"en\":\"Hódmezővásárhelyi Járás\"}',1);
INSERT INTO `__PREFIX__subadmin2` (`code`, `country_code`, `subadmin1_code`, `name`, `active`) VALUES ('HU.06.070','HU','HU.06','{\"en\":\"Csongrádi Járás\"}',1);
INSERT INTO `__PREFIX__subadmin2` (`code`, `country_code`, `subadmin1_code`, `name`, `active`) VALUES ('HU.06.076','HU','HU.06','{\"en\":\"Szentesi Járás\"}',1);
INSERT INTO `__PREFIX__subadmin2` (`code`, `country_code`, `subadmin1_code`, `name`, `active`) VALUES ('HU.03.053','HU','HU.03','{\"en\":\"Szeghalmi Járás\"}',1);
INSERT INTO `__PREFIX__subadmin2` (`code`, `country_code`, `subadmin1_code`, `name`, `active`) VALUES ('HU.03.051','HU','HU.03','{\"en\":\"Sarkadi Járás\"}',1);
INSERT INTO `__PREFIX__subadmin2` (`code`, `country_code`, `subadmin1_code`, `name`, `active`) VALUES ('HU.03.048','HU','HU.03','{\"en\":\"Gyulai Járás\"}',1);
INSERT INTO `__PREFIX__subadmin2` (`code`, `country_code`, `subadmin1_code`, `name`, `active`) VALUES ('HU.03.049','HU','HU.03','{\"en\":\"Mezőkovácsházai Járás\"}',1);
INSERT INTO `__PREFIX__subadmin2` (`code`, `country_code`, `subadmin1_code`, `name`, `active`) VALUES ('HU.03.050','HU','HU.03','{\"en\":\"Orosházi járás\"}',1);
INSERT INTO `__PREFIX__subadmin2` (`code`, `country_code`, `subadmin1_code`, `name`, `active`) VALUES ('HU.03.052','HU','HU.03','{\"en\":\"Szarvasi Járás\"}',1);
INSERT INTO `__PREFIX__subadmin2` (`code`, `country_code`, `subadmin1_code`, `name`, `active`) VALUES ('HU.03.045','HU','HU.03','{\"en\":\"Békési Járás\"}',1);
INSERT INTO `__PREFIX__subadmin2` (`code`, `country_code`, `subadmin1_code`, `name`, `active`) VALUES ('HU.03.046','HU','HU.03','{\"en\":\"Békéscsabai Járás\"}',1);
INSERT INTO `__PREFIX__subadmin2` (`code`, `country_code`, `subadmin1_code`, `name`, `active`) VALUES ('HU.03.047','HU','HU.03','{\"en\":\"Gyomaendrődi Járás\"}',1);
INSERT INTO `__PREFIX__subadmin2` (`code`, `country_code`, `subadmin1_code`, `name`, `active`) VALUES ('HU.10.098','HU','HU.10','{\"en\":\"Hajdúhadházi Járás\"}',1);
INSERT INTO `__PREFIX__subadmin2` (`code`, `country_code`, `subadmin1_code`, `name`, `active`) VALUES ('HU.10.095','HU','HU.10','{\"en\":\"Debreceni Járás\"}',1);
INSERT INTO `__PREFIX__subadmin2` (`code`, `country_code`, `subadmin1_code`, `name`, `active`) VALUES ('HU.10.102','HU','HU.10','{\"en\":\"Püspökladányi Járás\"}',1);
INSERT INTO `__PREFIX__subadmin2` (`code`, `country_code`, `subadmin1_code`, `name`, `active`) VALUES ('HU.10.094','HU','HU.10','{\"en\":\"Berettyóújfalui Járás\"}',1);
INSERT INTO `__PREFIX__subadmin2` (`code`, `country_code`, `subadmin1_code`, `name`, `active`) VALUES ('HU.10.100','HU','HU.10','{\"en\":\"Hadjúszoboszlói Járás\"}',1);
INSERT INTO `__PREFIX__subadmin2` (`code`, `country_code`, `subadmin1_code`, `name`, `active`) VALUES ('HU.10.093','HU','HU.10','{\"en\":\"Balmazújvárosi Járás\"}',1);
INSERT INTO `__PREFIX__subadmin2` (`code`, `country_code`, `subadmin1_code`, `name`, `active`) VALUES ('HU.10.097','HU','HU.10','{\"en\":\"Hajdúböszörményi Járás\"}',1);
INSERT INTO `__PREFIX__subadmin2` (`code`, `country_code`, `subadmin1_code`, `name`, `active`) VALUES ('HU.10.096','HU','HU.10','{\"en\":\"Derecskei Járás\"}',1);
INSERT INTO `__PREFIX__subadmin2` (`code`, `country_code`, `subadmin1_code`, `name`, `active`) VALUES ('HU.10.099','HU','HU.10','{\"en\":\"Hajdúnánási Járás\"}',1);
INSERT INTO `__PREFIX__subadmin2` (`code`, `country_code`, `subadmin1_code`, `name`, `active`) VALUES ('HU.10.101','HU','HU.10','{\"en\":\"Nyíradonyi Járás\"}',1);
INSERT INTO `__PREFIX__subadmin2` (`code`, `country_code`, `subadmin1_code`, `name`, `active`) VALUES ('HU.18.158','HU','HU.18','{\"en\":\"Tiszavasvári Járás\"}',1);
INSERT INTO `__PREFIX__subadmin2` (`code`, `country_code`, `subadmin1_code`, `name`, `active`) VALUES ('HU.18.157','HU','HU.18','{\"en\":\"Nyíregyházi Járás\"}',1);
INSERT INTO `__PREFIX__subadmin2` (`code`, `country_code`, `subadmin1_code`, `name`, `active`) VALUES ('HU.18.155','HU','HU.18','{\"en\":\"Nagykállói Járás\"}',1);
INSERT INTO `__PREFIX__subadmin2` (`code`, `country_code`, `subadmin1_code`, `name`, `active`) VALUES ('HU.18.156','HU','HU.18','{\"en\":\"Nyírbátori Járás\"}',1);
INSERT INTO `__PREFIX__subadmin2` (`code`, `country_code`, `subadmin1_code`, `name`, `active`) VALUES ('HU.18.154','HU','HU.18','{\"en\":\"Mátészalkai Járás\"}',1);
INSERT INTO `__PREFIX__subadmin2` (`code`, `country_code`, `subadmin1_code`, `name`, `active`) VALUES ('HU.18.148','HU','HU.18','{\"en\":\"Baktalórántházai Járás\"}',1);
INSERT INTO `__PREFIX__subadmin2` (`code`, `country_code`, `subadmin1_code`, `name`, `active`) VALUES ('HU.18.152','HU','HU.18','{\"en\":\"Kemecsei Járás\"}',1);
INSERT INTO `__PREFIX__subadmin2` (`code`, `country_code`, `subadmin1_code`, `name`, `active`) VALUES ('HU.18.153','HU','HU.18','{\"en\":\"Kisvárdai Járás\"}',1);
INSERT INTO `__PREFIX__subadmin2` (`code`, `country_code`, `subadmin1_code`, `name`, `active`) VALUES ('HU.18.160','HU','HU.18','{\"en\":\"Záhonyi Járás\"}',1);
INSERT INTO `__PREFIX__subadmin2` (`code`, `country_code`, `subadmin1_code`, `name`, `active`) VALUES ('HU.18.159','HU','HU.18','{\"en\":\"Vásárosnaményi Járás\"}',1);
INSERT INTO `__PREFIX__subadmin2` (`code`, `country_code`, `subadmin1_code`, `name`, `active`) VALUES ('HU.18.150','HU','HU.18','{\"en\":\"Fehérgyarmati Járás\"}',1);
INSERT INTO `__PREFIX__subadmin2` (`code`, `country_code`, `subadmin1_code`, `name`, `active`) VALUES ('HU.18.149','HU','HU.18','{\"en\":\"Csengeri Járás\"}',1);
INSERT INTO `__PREFIX__subadmin2` (`code`, `country_code`, `subadmin1_code`, `name`, `active`) VALUES ('HU.18.151','HU','HU.18','{\"en\":\"Ibrányi Járás\"}',1);
INSERT INTO `__PREFIX__subadmin2` (`code`, `country_code`, `subadmin1_code`, `name`, `active`) VALUES ('HU.04.054','HU','HU.04','{\"en\":\"Cigándi Járás\"}',1);
INSERT INTO `__PREFIX__subadmin2` (`code`, `country_code`, `subadmin1_code`, `name`, `active`) VALUES ('HU.04.055','HU','HU.04','{\"en\":\"Edelényi Járás\"}',1);
INSERT INTO `__PREFIX__subadmin2` (`code`, `country_code`, `subadmin1_code`, `name`, `active`) VALUES ('HU.04.056','HU','HU.04','{\"en\":\"Encsi Járás\"}',1);
INSERT INTO `__PREFIX__subadmin2` (`code`, `country_code`, `subadmin1_code`, `name`, `active`) VALUES ('HU.04.057','HU','HU.04','{\"en\":\"Gönci Járás\"}',1);
INSERT INTO `__PREFIX__subadmin2` (`code`, `country_code`, `subadmin1_code`, `name`, `active`) VALUES ('HU.04.058','HU','HU.04','{\"en\":\"Kazincbarcikai Járás\"}',1);
INSERT INTO `__PREFIX__subadmin2` (`code`, `country_code`, `subadmin1_code`, `name`, `active`) VALUES ('HU.04.059','HU','HU.04','{\"en\":\"Mezőcsáti Járás\"}',1);
INSERT INTO `__PREFIX__subadmin2` (`code`, `country_code`, `subadmin1_code`, `name`, `active`) VALUES ('HU.04.060','HU','HU.04','{\"en\":\"Mezőkövesdi Járás\"}',1);
INSERT INTO `__PREFIX__subadmin2` (`code`, `country_code`, `subadmin1_code`, `name`, `active`) VALUES ('HU.04.061','HU','HU.04','{\"en\":\"Miskolci Járás\"}',1);
INSERT INTO `__PREFIX__subadmin2` (`code`, `country_code`, `subadmin1_code`, `name`, `active`) VALUES ('HU.04.062','HU','HU.04','{\"en\":\"Ózdi Járás\"}',1);
INSERT INTO `__PREFIX__subadmin2` (`code`, `country_code`, `subadmin1_code`, `name`, `active`) VALUES ('HU.04.063','HU','HU.04','{\"en\":\"Putnoki Járás\"}',1);
INSERT INTO `__PREFIX__subadmin2` (`code`, `country_code`, `subadmin1_code`, `name`, `active`) VALUES ('HU.04.064','HU','HU.04','{\"en\":\"Sárospataki Járás\"}',1);
INSERT INTO `__PREFIX__subadmin2` (`code`, `country_code`, `subadmin1_code`, `name`, `active`) VALUES ('HU.04.065','HU','HU.04','{\"en\":\"Sátoraljaújhelyi járás\"}',1);
INSERT INTO `__PREFIX__subadmin2` (`code`, `country_code`, `subadmin1_code`, `name`, `active`) VALUES ('HU.04.066','HU','HU.04','{\"en\":\"Szerencsi Járás\"}',1);
INSERT INTO `__PREFIX__subadmin2` (`code`, `country_code`, `subadmin1_code`, `name`, `active`) VALUES ('HU.04.067','HU','HU.04','{\"en\":\"Szikszói Járás\"}',1);
INSERT INTO `__PREFIX__subadmin2` (`code`, `country_code`, `subadmin1_code`, `name`, `active`) VALUES ('HU.04.068','HU','HU.04','{\"en\":\"Tiszaújvárosi Járás\"}',1);
INSERT INTO `__PREFIX__subadmin2` (`code`, `country_code`, `subadmin1_code`, `name`, `active`) VALUES ('HU.04.069','HU','HU.04','{\"en\":\"Tokaji Járás\"}',1);
INSERT INTO `__PREFIX__subadmin2` (`code`, `country_code`, `subadmin1_code`, `name`, `active`) VALUES ('HU.11.103','HU','HU.11','{\"en\":\"Bélapátfalvai Járás\"}',1);
INSERT INTO `__PREFIX__subadmin2` (`code`, `country_code`, `subadmin1_code`, `name`, `active`) VALUES ('HU.11.104','HU','HU.11','{\"en\":\"Egri járás\"}',1);
INSERT INTO `__PREFIX__subadmin2` (`code`, `country_code`, `subadmin1_code`, `name`, `active`) VALUES ('HU.11.105','HU','HU.11','{\"en\":\"Füzesabonyi járás\"}',1);
INSERT INTO `__PREFIX__subadmin2` (`code`, `country_code`, `subadmin1_code`, `name`, `active`) VALUES ('HU.11.106','HU','HU.11','{\"en\":\"Gyöngyösi Járás\"}',1);
INSERT INTO `__PREFIX__subadmin2` (`code`, `country_code`, `subadmin1_code`, `name`, `active`) VALUES ('HU.11.107','HU','HU.11','{\"en\":\"Hatvani Járás\"}',1);
INSERT INTO `__PREFIX__subadmin2` (`code`, `country_code`, `subadmin1_code`, `name`, `active`) VALUES ('HU.11.108','HU','HU.11','{\"en\":\"Hevesi Járás\"}',1);
INSERT INTO `__PREFIX__subadmin2` (`code`, `country_code`, `subadmin1_code`, `name`, `active`) VALUES ('HU.11.109','HU','HU.11','{\"en\":\"Pétervásárai Járás\"}',1);
INSERT INTO `__PREFIX__subadmin2` (`code`, `country_code`, `subadmin1_code`, `name`, `active`) VALUES ('HU.14.116','HU','HU.14','{\"en\":\"Balassagyarmati Járás\"}',1);
INSERT INTO `__PREFIX__subadmin2` (`code`, `country_code`, `subadmin1_code`, `name`, `active`) VALUES ('HU.14.117','HU','HU.14','{\"en\":\"Bátonyterenyei Járás\"}',1);
INSERT INTO `__PREFIX__subadmin2` (`code`, `country_code`, `subadmin1_code`, `name`, `active`) VALUES ('HU.14.118','HU','HU.14','{\"en\":\"Pásztói Járás\"}',1);
INSERT INTO `__PREFIX__subadmin2` (`code`, `country_code`, `subadmin1_code`, `name`, `active`) VALUES ('HU.14.119','HU','HU.14','{\"en\":\"Rétsági Járás\"}',1);
INSERT INTO `__PREFIX__subadmin2` (`code`, `country_code`, `subadmin1_code`, `name`, `active`) VALUES ('HU.14.120','HU','HU.14','{\"en\":\"Salgótarjáni Járás\"}',1);
INSERT INTO `__PREFIX__subadmin2` (`code`, `country_code`, `subadmin1_code`, `name`, `active`) VALUES ('HU.14.121','HU','HU.14','{\"en\":\"Szécsényi Járás\"}',1);
INSERT INTO `__PREFIX__subadmin2` (`code`, `country_code`, `subadmin1_code`, `name`, `active`) VALUES ('HU.16.138','HU','HU.16','{\"en\":\"Váci Járás\"}',1);
INSERT INTO `__PREFIX__subadmin2` (`code`, `country_code`, `subadmin1_code`, `name`, `active`) VALUES ('HU.16.122','HU','HU.16','{\"en\":\"Aszódi Járás\"}',1);
INSERT INTO `__PREFIX__subadmin2` (`code`, `country_code`, `subadmin1_code`, `name`, `active`) VALUES ('HU.16.123','HU','HU.16','{\"en\":\"Budakeszi Járás\"}',1);
INSERT INTO `__PREFIX__subadmin2` (`code`, `country_code`, `subadmin1_code`, `name`, `active`) VALUES ('HU.16.124','HU','HU.16','{\"en\":\"Ceglédi Járás\"}',1);
INSERT INTO `__PREFIX__subadmin2` (`code`, `country_code`, `subadmin1_code`, `name`, `active`) VALUES ('HU.16.125','HU','HU.16','{\"en\":\"Dabasi Járás\"}',1);
INSERT INTO `__PREFIX__subadmin2` (`code`, `country_code`, `subadmin1_code`, `name`, `active`) VALUES ('HU.16.126','HU','HU.16','{\"en\":\"Dunakeszi Járás\"}',1);
INSERT INTO `__PREFIX__subadmin2` (`code`, `country_code`, `subadmin1_code`, `name`, `active`) VALUES ('HU.16.127','HU','HU.16','{\"en\":\"Érdi Járás\"}',1);
INSERT INTO `__PREFIX__subadmin2` (`code`, `country_code`, `subadmin1_code`, `name`, `active`) VALUES ('HU.16.128','HU','HU.16','{\"en\":\"Gödöllői Járás\"}',1);
INSERT INTO `__PREFIX__subadmin2` (`code`, `country_code`, `subadmin1_code`, `name`, `active`) VALUES ('HU.16.129','HU','HU.16','{\"en\":\"Gyáli Járás\"}',1);
INSERT INTO `__PREFIX__subadmin2` (`code`, `country_code`, `subadmin1_code`, `name`, `active`) VALUES ('HU.16.130','HU','HU.16','{\"en\":\"Monori Járás\"}',1);
INSERT INTO `__PREFIX__subadmin2` (`code`, `country_code`, `subadmin1_code`, `name`, `active`) VALUES ('HU.16.131','HU','HU.16','{\"en\":\"Nagykátai Járás\"}',1);
INSERT INTO `__PREFIX__subadmin2` (`code`, `country_code`, `subadmin1_code`, `name`, `active`) VALUES ('HU.16.136','HU','HU.16','{\"en\":\"Szigetszentmiklósi Járás\"}',1);
INSERT INTO `__PREFIX__subadmin2` (`code`, `country_code`, `subadmin1_code`, `name`, `active`) VALUES ('HU.16.134','HU','HU.16','{\"en\":\"Ráckevei Járás\"}',1);
INSERT INTO `__PREFIX__subadmin2` (`code`, `country_code`, `subadmin1_code`, `name`, `active`) VALUES ('HU.16.135','HU','HU.16','{\"en\":\"Szentendrei Járás\"}',1);
INSERT INTO `__PREFIX__subadmin2` (`code`, `country_code`, `subadmin1_code`, `name`, `active`) VALUES ('HU.16.133','HU','HU.16','{\"en\":\"Pilisvörösvári Járás\"}',1);
INSERT INTO `__PREFIX__subadmin2` (`code`, `country_code`, `subadmin1_code`, `name`, `active`) VALUES ('HU.16.137','HU','HU.16','{\"en\":\"Szobi Járás\"}',1);
INSERT INTO `__PREFIX__subadmin2` (`code`, `country_code`, `subadmin1_code`, `name`, `active`) VALUES ('HU.16.139','HU','HU.16','{\"en\":\"Vecsési Járás\"}',1);
INSERT INTO `__PREFIX__subadmin2` (`code`, `country_code`, `subadmin1_code`, `name`, `active`) VALUES ('HU.16.132','HU','HU.16','{\"en\":\"Nagykőrösi Járás\"}',1);
INSERT INTO `__PREFIX__subadmin2` (`code`, `country_code`, `subadmin1_code`, `name`, `active`) VALUES ('HU.12.110','HU','HU.12','{\"en\":\"Esztergomi Járás\"}',1);
INSERT INTO `__PREFIX__subadmin2` (`code`, `country_code`, `subadmin1_code`, `name`, `active`) VALUES ('HU.12.115','HU','HU.12','{\"en\":\"Tatabányai Járás\"}',1);
INSERT INTO `__PREFIX__subadmin2` (`code`, `country_code`, `subadmin1_code`, `name`, `active`) VALUES ('HU.12.114','HU','HU.12','{\"en\":\"Tatai Járás\"}',1);
INSERT INTO `__PREFIX__subadmin2` (`code`, `country_code`, `subadmin1_code`, `name`, `active`) VALUES ('HU.12.112','HU','HU.12','{\"en\":\"Komáromi Járás\"}',1);
INSERT INTO `__PREFIX__subadmin2` (`code`, `country_code`, `subadmin1_code`, `name`, `active`) VALUES ('HU.12.111','HU','HU.12','{\"en\":\"Kisbéri Járás\"}',1);
INSERT INTO `__PREFIX__subadmin2` (`code`, `country_code`, `subadmin1_code`, `name`, `active`) VALUES ('HU.12.113','HU','HU.12','{\"en\":\"Oroszlányi Járás\"}',1);
INSERT INTO `__PREFIX__subadmin2` (`code`, `country_code`, `subadmin1_code`, `name`, `active`) VALUES ('HU.23.187','HU','HU.23','{\"en\":\"Pápai Járás\"}',1);
INSERT INTO `__PREFIX__subadmin2` (`code`, `country_code`, `subadmin1_code`, `name`, `active`) VALUES ('HU.23.192','HU','HU.23','{\"en\":\"Zirci Járás\"}',1);
INSERT INTO `__PREFIX__subadmin2` (`code`, `country_code`, `subadmin1_code`, `name`, `active`) VALUES ('HU.23.190','HU','HU.23','{\"en\":\"Várpalotai Járás\"}',1);
INSERT INTO `__PREFIX__subadmin2` (`code`, `country_code`, `subadmin1_code`, `name`, `active`) VALUES ('HU.23.184','HU','HU.23','{\"en\":\"Balatonalmádi Járás\"}',1);
INSERT INTO `__PREFIX__subadmin2` (`code`, `country_code`, `subadmin1_code`, `name`, `active`) VALUES ('HU.23.185','HU','HU.23','{\"en\":\"Balatonfüredi Járás\"}',1);
INSERT INTO `__PREFIX__subadmin2` (`code`, `country_code`, `subadmin1_code`, `name`, `active`) VALUES ('HU.23.189','HU','HU.23','{\"en\":\"Tapolcai Járás\"}',1);
INSERT INTO `__PREFIX__subadmin2` (`code`, `country_code`, `subadmin1_code`, `name`, `active`) VALUES ('HU.23.188','HU','HU.23','{\"en\":\"Sümegi Járás\"}',1);
INSERT INTO `__PREFIX__subadmin2` (`code`, `country_code`, `subadmin1_code`, `name`, `active`) VALUES ('HU.23.183','HU','HU.23','{\"en\":\"Ajkai Járás\"}',1);
INSERT INTO `__PREFIX__subadmin2` (`code`, `country_code`, `subadmin1_code`, `name`, `active`) VALUES ('HU.23.186','HU','HU.23','{\"en\":\"Devecseri Járás\"}',1);
INSERT INTO `__PREFIX__subadmin2` (`code`, `country_code`, `subadmin1_code`, `name`, `active`) VALUES ('HU.23.191','HU','HU.23','{\"en\":\"Veszprémi Járás\"}',1);
INSERT INTO `__PREFIX__subadmin2` (`code`, `country_code`, `subadmin1_code`, `name`, `active`) VALUES ('HU.08.077','HU','HU.08','{\"en\":\"Bicskei Járás\"}',1);
INSERT INTO `__PREFIX__subadmin2` (`code`, `country_code`, `subadmin1_code`, `name`, `active`) VALUES ('HU.08.081','HU','HU.08','{\"en\":\"Martonvásári Járás\"}',1);
INSERT INTO `__PREFIX__subadmin2` (`code`, `country_code`, `subadmin1_code`, `name`, `active`) VALUES ('HU.08.080','HU','HU.08','{\"en\":\"Gárdonyi Járás\"}',1);
INSERT INTO `__PREFIX__subadmin2` (`code`, `country_code`, `subadmin1_code`, `name`, `active`) VALUES ('HU.08.078','HU','HU.08','{\"en\":\"Dunaújvárosi Járás\"}',1);
INSERT INTO `__PREFIX__subadmin2` (`code`, `country_code`, `subadmin1_code`, `name`, `active`) VALUES ('HU.08.085','HU','HU.08','{\"en\":\"Székesfehérvári Járás\"}',1);
INSERT INTO `__PREFIX__subadmin2` (`code`, `country_code`, `subadmin1_code`, `name`, `active`) VALUES ('HU.08.084','HU','HU.08','{\"en\":\"Sárbogárdi Járás\"}',1);
INSERT INTO `__PREFIX__subadmin2` (`code`, `country_code`, `subadmin1_code`, `name`, `active`) VALUES ('HU.08.079','HU','HU.08','{\"en\":\"Enyingi Járás\"}',1);
INSERT INTO `__PREFIX__subadmin2` (`code`, `country_code`, `subadmin1_code`, `name`, `active`) VALUES ('HU.08.082','HU','HU.08','{\"en\":\"Móri Járás\"}',1);
INSERT INTO `__PREFIX__subadmin2` (`code`, `country_code`, `subadmin1_code`, `name`, `active`) VALUES ('HU.21.174','HU','HU.21','{\"en\":\"Tamási Járás\"}',1);
INSERT INTO `__PREFIX__subadmin2` (`code`, `country_code`, `subadmin1_code`, `name`, `active`) VALUES ('HU.21.171','HU','HU.21','{\"en\":\"Dombóvári járás\"}',1);
INSERT INTO `__PREFIX__subadmin2` (`code`, `country_code`, `subadmin1_code`, `name`, `active`) VALUES ('HU.21.170','HU','HU.21','{\"en\":\"Bonyhádi járás\"}',1);
INSERT INTO `__PREFIX__subadmin2` (`code`, `country_code`, `subadmin1_code`, `name`, `active`) VALUES ('HU.21.175','HU','HU.21','{\"en\":\"Tolnai járás\"}',1);
INSERT INTO `__PREFIX__subadmin2` (`code`, `country_code`, `subadmin1_code`, `name`, `active`) VALUES ('HU.21.173','HU','HU.21','{\"en\":\"Szekszárdi járás\"}',1);
INSERT INTO `__PREFIX__subadmin2` (`code`, `country_code`, `subadmin1_code`, `name`, `active`) VALUES ('HU.21.172','HU','HU.21','{\"en\":\"Paksi járás\"}',1);
INSERT INTO `__PREFIX__subadmin2` (`code`, `country_code`, `subadmin1_code`, `name`, `active`) VALUES ('HU.20.162','HU','HU.20','{\"en\":\"Jászberényi Járás\"}',1);
INSERT INTO `__PREFIX__subadmin2` (`code`, `country_code`, `subadmin1_code`, `name`, `active`) VALUES ('HU.20.161','HU','HU.20','{\"en\":\"Jászapáti Járás\"}',1);
INSERT INTO `__PREFIX__subadmin2` (`code`, `country_code`, `subadmin1_code`, `name`, `active`) VALUES ('HU.20.167','HU','HU.20','{\"en\":\"Szolnoki Járás\"}',1);
INSERT INTO `__PREFIX__subadmin2` (`code`, `country_code`, `subadmin1_code`, `name`, `active`) VALUES ('HU.20.169','HU','HU.20','{\"en\":\"Törökszentmiklósi Járás\"}',1);
INSERT INTO `__PREFIX__subadmin2` (`code`, `country_code`, `subadmin1_code`, `name`, `active`) VALUES ('HU.20.165','HU','HU.20','{\"en\":\"Kunszentmártoni Járás\"}',1);
INSERT INTO `__PREFIX__subadmin2` (`code`, `country_code`, `subadmin1_code`, `name`, `active`) VALUES ('HU.20.166','HU','HU.20','{\"en\":\"Mezőtúri Járás\"}',1);
INSERT INTO `__PREFIX__subadmin2` (`code`, `country_code`, `subadmin1_code`, `name`, `active`) VALUES ('HU.20.163','HU','HU.20','{\"en\":\"Karcagi Járás\"}',1);
INSERT INTO `__PREFIX__subadmin2` (`code`, `country_code`, `subadmin1_code`, `name`, `active`) VALUES ('HU.20.168','HU','HU.20','{\"en\":\"Tiszafüredi Járás\"}',1);
INSERT INTO `__PREFIX__subadmin2` (`code`, `country_code`, `subadmin1_code`, `name`, `active`) VALUES ('HU.20.164','HU','HU.20','{\"en\":\"Kunhegyesi Járás\"}',1);
INSERT INTO `__PREFIX__subadmin2` (`code`, `country_code`, `subadmin1_code`, `name`, `active`) VALUES ('HU.05.002','HU','HU.05','{\"en\":\"Budapest II.\"}',1);
INSERT INTO `__PREFIX__subadmin2` (`code`, `country_code`, `subadmin1_code`, `name`, `active`) VALUES ('HU.05.010','HU','HU.05','{\"en\":\"Budapest X.\"}',1);
INSERT INTO `__PREFIX__subadmin2` (`code`, `country_code`, `subadmin1_code`, `name`, `active`) VALUES ('HU.05.019','HU','HU.05','{\"en\":\"Budapest XIX.\"}',1);
INSERT INTO `__PREFIX__subadmin2` (`code`, `country_code`, `subadmin1_code`, `name`, `active`) VALUES ('HU.05.005','HU','HU.05','{\"en\":\"Budapest V.\"}',1);
INSERT INTO `__PREFIX__subadmin2` (`code`, `country_code`, `subadmin1_code`, `name`, `active`) VALUES ('HU.05.012','HU','HU.05','{\"en\":\"Budapest XII.\"}',1);
INSERT INTO `__PREFIX__subadmin2` (`code`, `country_code`, `subadmin1_code`, `name`, `active`) VALUES ('HU.05.004','HU','HU.05','{\"en\":\"Budapest IV.\"}',1);
INSERT INTO `__PREFIX__subadmin2` (`code`, `country_code`, `subadmin1_code`, `name`, `active`) VALUES ('HU.05.011','HU','HU.05','{\"en\":\"Budapest XI.\"}',1);
INSERT INTO `__PREFIX__subadmin2` (`code`, `country_code`, `subadmin1_code`, `name`, `active`) VALUES ('HU.05.008','HU','HU.05','{\"en\":\"Budapest VIII.\"}',1);
INSERT INTO `__PREFIX__subadmin2` (`code`, `country_code`, `subadmin1_code`, `name`, `active`) VALUES ('HU.05.016','HU','HU.05','{\"en\":\"Budapest XVI.\"}',1);
INSERT INTO `__PREFIX__subadmin2` (`code`, `country_code`, `subadmin1_code`, `name`, `active`) VALUES ('HU.05.003','HU','HU.05','{\"en\":\"Budapest III.\"}',1);
INSERT INTO `__PREFIX__subadmin2` (`code`, `country_code`, `subadmin1_code`, `name`, `active`) VALUES ('HU.05.015','HU','HU.05','{\"en\":\"Budapest XV.\"}',1);
INSERT INTO `__PREFIX__subadmin2` (`code`, `country_code`, `subadmin1_code`, `name`, `active`) VALUES ('HU.05.018','HU','HU.05','{\"en\":\"Budapest XVIII.\"}',1);
INSERT INTO `__PREFIX__subadmin2` (`code`, `country_code`, `subadmin1_code`, `name`, `active`) VALUES ('HU.05.023','HU','HU.05','{\"en\":\"Budapest XXIII.\"}',1);
INSERT INTO `__PREFIX__subadmin2` (`code`, `country_code`, `subadmin1_code`, `name`, `active`) VALUES ('HU.05.022','HU','HU.05','{\"en\":\"Budapest XXII.\"}',1);
INSERT INTO `__PREFIX__subadmin2` (`code`, `country_code`, `subadmin1_code`, `name`, `active`) VALUES ('HU.05.021','HU','HU.05','{\"en\":\"Budapest XXI.\"}',1);
INSERT INTO `__PREFIX__subadmin2` (`code`, `country_code`, `subadmin1_code`, `name`, `active`) VALUES ('HU.05.020','HU','HU.05','{\"en\":\"Budapest XX.\"}',1);
INSERT INTO `__PREFIX__subadmin2` (`code`, `country_code`, `subadmin1_code`, `name`, `active`) VALUES ('HU.05.017','HU','HU.05','{\"en\":\"Budapest XVII.\"}',1);
INSERT INTO `__PREFIX__subadmin2` (`code`, `country_code`, `subadmin1_code`, `name`, `active`) VALUES ('HU.05.001','HU','HU.05','{\"en\":\"Budapest I.\"}',1);
INSERT INTO `__PREFIX__subadmin2` (`code`, `country_code`, `subadmin1_code`, `name`, `active`) VALUES ('HU.05.006','HU','HU.05','{\"en\":\"Budapest VI.\"}',1);
INSERT INTO `__PREFIX__subadmin2` (`code`, `country_code`, `subadmin1_code`, `name`, `active`) VALUES ('HU.05.013','HU','HU.05','{\"en\":\"Budapest XIII.\"}',1);
INSERT INTO `__PREFIX__subadmin2` (`code`, `country_code`, `subadmin1_code`, `name`, `active`) VALUES ('HU.05.014','HU','HU.05','{\"en\":\"Budapest XIV.\"}',1);
INSERT INTO `__PREFIX__subadmin2` (`code`, `country_code`, `subadmin1_code`, `name`, `active`) VALUES ('HU.05.007','HU','HU.05','{\"en\":\"Budapest VII.\"}',1);
INSERT INTO `__PREFIX__subadmin2` (`code`, `country_code`, `subadmin1_code`, `name`, `active`) VALUES ('HU.05.009','HU','HU.05','{\"en\":\"Budapest IX.\"}',1);
/*!40000 ALTER TABLE `__PREFIX__subadmin2` ENABLE KEYS */;

--
-- Dumping data for table `__PREFIX__cities`
--

/*!40000 ALTER TABLE `__PREFIX__cities` DISABLE KEYS */;
INSERT INTO `__PREFIX__cities` (`country_code`, `name`, `longitude`, `latitude`, `feature_class`, `feature_code`, `subadmin1_code`, `subadmin2_code`, `population`, `time_zone`, `active`, `created_at`, `updated_at`) VALUES ('HU','{\"en\":\"Vésztő\"}',21.27,46.92,'P','PPL','HU.03',NULL,7494,'Europe/Budapest',1,'2012-01-17 23:00:00','2012-01-17 23:00:00');
INSERT INTO `__PREFIX__cities` (`country_code`, `name`, `longitude`, `latitude`, `feature_class`, `feature_code`, `subadmin1_code`, `subadmin2_code`, `population`, `time_zone`, `active`, `created_at`, `updated_at`) VALUES ('HU','{\"en\":\"Vásárosnamény\"}',22.31,48.13,'P','PPLA2','HU.18',NULL,9310,'Europe/Budapest',1,'2018-01-02 23:00:00','2018-01-02 23:00:00');
INSERT INTO `__PREFIX__cities` (`country_code`, `name`, `longitude`, `latitude`, `feature_class`, `feature_code`, `subadmin1_code`, `subadmin2_code`, `population`, `time_zone`, `active`, `created_at`, `updated_at`) VALUES ('HU','{\"en\":\"Vámospércs\"}',21.90,47.53,'P','PPL','HU.10',NULL,5451,'Europe/Budapest',1,'2012-01-17 23:00:00','2012-01-17 23:00:00');
INSERT INTO `__PREFIX__cities` (`country_code`, `name`, `longitude`, `latitude`, `feature_class`, `feature_code`, `subadmin1_code`, `subadmin2_code`, `population`, `time_zone`, `active`, `created_at`, `updated_at`) VALUES ('HU','{\"en\":\"Újszász\"}',20.08,47.30,'P','PPL','HU.20',NULL,6855,'Europe/Budapest',1,'2012-01-17 23:00:00','2012-01-17 23:00:00');
INSERT INTO `__PREFIX__cities` (`country_code`, `name`, `longitude`, `latitude`, `feature_class`, `feature_code`, `subadmin1_code`, `subadmin2_code`, `population`, `time_zone`, `active`, `created_at`, `updated_at`) VALUES ('HU','{\"en\":\"Újkígyós\"}',21.03,46.58,'P','PPL','HU.03',NULL,5602,'Europe/Budapest',1,'2012-01-17 23:00:00','2012-01-17 23:00:00');
INSERT INTO `__PREFIX__cities` (`country_code`, `name`, `longitude`, `latitude`, `feature_class`, `feature_code`, `subadmin1_code`, `subadmin2_code`, `population`, `time_zone`, `active`, `created_at`, `updated_at`) VALUES ('HU','{\"en\":\"Újfehértó\"}',21.68,47.80,'P','PPL','HU.18',NULL,13542,'Europe/Budapest',1,'2012-01-17 23:00:00','2012-01-17 23:00:00');
INSERT INTO `__PREFIX__cities` (`country_code`, `name`, `longitude`, `latitude`, `feature_class`, `feature_code`, `subadmin1_code`, `subadmin2_code`, `population`, `time_zone`, `active`, `created_at`, `updated_at`) VALUES ('HU','{\"en\":\"Túrkeve\"}',20.75,47.10,'P','PPL','HU.20',NULL,10016,'Europe/Budapest',1,'2012-01-17 23:00:00','2012-01-17 23:00:00');
INSERT INTO `__PREFIX__cities` (`country_code`, `name`, `longitude`, `latitude`, `feature_class`, `feature_code`, `subadmin1_code`, `subadmin2_code`, `population`, `time_zone`, `active`, `created_at`, `updated_at`) VALUES ('HU','{\"en\":\"Tótkomlós\"}',20.73,46.42,'P','PPL','HU.03',NULL,6497,'Europe/Budapest',1,'2012-01-17 23:00:00','2012-01-17 23:00:00');
INSERT INTO `__PREFIX__cities` (`country_code`, `name`, `longitude`, `latitude`, `feature_class`, `feature_code`, `subadmin1_code`, `subadmin2_code`, `population`, `time_zone`, `active`, `created_at`, `updated_at`) VALUES ('HU','{\"en\":\"Törökszentmiklós\"}',20.42,47.18,'P','PPLA2','HU.20',NULL,22770,'Europe/Budapest',1,'2014-11-04 23:00:00','2014-11-04 23:00:00');
INSERT INTO `__PREFIX__cities` (`country_code`, `name`, `longitude`, `latitude`, `feature_class`, `feature_code`, `subadmin1_code`, `subadmin2_code`, `population`, `time_zone`, `active`, `created_at`, `updated_at`) VALUES ('HU','{\"en\":\"Tokaj\"}',21.41,48.12,'P','PPLA2','HU.04',NULL,5071,'Europe/Budapest',1,'2020-04-28 23:00:00','2020-04-28 23:00:00');
INSERT INTO `__PREFIX__cities` (`country_code`, `name`, `longitude`, `latitude`, `feature_class`, `feature_code`, `subadmin1_code`, `subadmin2_code`, `population`, `time_zone`, `active`, `created_at`, `updated_at`) VALUES ('HU','{\"en\":\"Tiszavasvári\"}',21.35,47.97,'P','PPLA2','HU.18',NULL,13631,'Europe/Budapest',1,'2014-11-04 23:00:00','2014-11-04 23:00:00');
INSERT INTO `__PREFIX__cities` (`country_code`, `name`, `longitude`, `latitude`, `feature_class`, `feature_code`, `subadmin1_code`, `subadmin2_code`, `population`, `time_zone`, `active`, `created_at`, `updated_at`) VALUES ('HU','{\"en\":\"Tiszaújváros\"}',21.08,47.93,'P','PPLA2','HU.04',NULL,17295,'Europe/Budapest',1,'2021-12-02 23:00:00','2021-12-02 23:00:00');
INSERT INTO `__PREFIX__cities` (`country_code`, `name`, `longitude`, `latitude`, `feature_class`, `feature_code`, `subadmin1_code`, `subadmin2_code`, `population`, `time_zone`, `active`, `created_at`, `updated_at`) VALUES ('HU','{\"en\":\"Tiszalúc\"}',21.07,48.04,'P','PPL','HU.04',NULL,5551,'Europe/Budapest',1,'2020-06-09 23:00:00','2020-06-09 23:00:00');
INSERT INTO `__PREFIX__cities` (`country_code`, `name`, `longitude`, `latitude`, `feature_class`, `feature_code`, `subadmin1_code`, `subadmin2_code`, `population`, `time_zone`, `active`, `created_at`, `updated_at`) VALUES ('HU','{\"en\":\"Tiszalök\"}',21.38,48.02,'P','PPL','HU.18',NULL,6122,'Europe/Budapest',1,'2012-01-17 23:00:00','2012-01-17 23:00:00');
INSERT INTO `__PREFIX__cities` (`country_code`, `name`, `longitude`, `latitude`, `feature_class`, `feature_code`, `subadmin1_code`, `subadmin2_code`, `population`, `time_zone`, `active`, `created_at`, `updated_at`) VALUES ('HU','{\"en\":\"Tiszakécske\"}',20.10,46.93,'P','PPLA2','HU.01',NULL,11745,'Europe/Budapest',1,'2020-06-09 23:00:00','2020-06-09 23:00:00');
INSERT INTO `__PREFIX__cities` (`country_code`, `name`, `longitude`, `latitude`, `feature_class`, `feature_code`, `subadmin1_code`, `subadmin2_code`, `population`, `time_zone`, `active`, `created_at`, `updated_at`) VALUES ('HU','{\"en\":\"Tiszafüred\"}',20.77,47.62,'P','PPLA2','HU.20',NULL,12000,'Europe/Budapest',1,'2020-06-09 23:00:00','2020-06-09 23:00:00');
INSERT INTO `__PREFIX__cities` (`country_code`, `name`, `longitude`, `latitude`, `feature_class`, `feature_code`, `subadmin1_code`, `subadmin2_code`, `population`, `time_zone`, `active`, `created_at`, `updated_at`) VALUES ('HU','{\"en\":\"Tiszaföldvár\"}',20.25,46.98,'P','PPL','HU.20',NULL,11873,'Europe/Budapest',1,'2012-01-17 23:00:00','2012-01-17 23:00:00');
INSERT INTO `__PREFIX__cities` (`country_code`, `name`, `longitude`, `latitude`, `feature_class`, `feature_code`, `subadmin1_code`, `subadmin2_code`, `population`, `time_zone`, `active`, `created_at`, `updated_at`) VALUES ('HU','{\"en\":\"Téglás\"}',21.68,47.72,'P','PPL','HU.10',NULL,6285,'Europe/Budapest',1,'2012-01-17 23:00:00','2012-01-17 23:00:00');
INSERT INTO `__PREFIX__cities` (`country_code`, `name`, `longitude`, `latitude`, `feature_class`, `feature_code`, `subadmin1_code`, `subadmin2_code`, `population`, `time_zone`, `active`, `created_at`, `updated_at`) VALUES ('HU','{\"en\":\"Szolnok\"}',20.20,47.18,'P','PPLA','HU.20',NULL,75474,'Europe/Budapest',1,'2019-09-04 23:00:00','2019-09-04 23:00:00');
INSERT INTO `__PREFIX__cities` (`country_code`, `name`, `longitude`, `latitude`, `feature_class`, `feature_code`, `subadmin1_code`, `subadmin2_code`, `population`, `time_zone`, `active`, `created_at`, `updated_at`) VALUES ('HU','{\"en\":\"Szikszó\"}',20.93,48.20,'P','PPLA2','HU.04',NULL,5963,'Europe/Budapest',1,'2014-11-04 23:00:00','2014-11-04 23:00:00');
INSERT INTO `__PREFIX__cities` (`country_code`, `name`, `longitude`, `latitude`, `feature_class`, `feature_code`, `subadmin1_code`, `subadmin2_code`, `population`, `time_zone`, `active`, `created_at`, `updated_at`) VALUES ('HU','{\"en\":\"Szerencs\"}',21.21,48.16,'P','PPLA2','HU.04',NULL,10046,'Europe/Budapest',1,'2014-11-04 23:00:00','2014-11-04 23:00:00');
INSERT INTO `__PREFIX__cities` (`country_code`, `name`, `longitude`, `latitude`, `feature_class`, `feature_code`, `subadmin1_code`, `subadmin2_code`, `population`, `time_zone`, `active`, `created_at`, `updated_at`) VALUES ('HU','{\"en\":\"Szeghalom\"}',21.17,47.03,'P','PPLA2','HU.03',NULL,9985,'Europe/Budapest',1,'2014-11-04 23:00:00','2014-11-04 23:00:00');
INSERT INTO `__PREFIX__cities` (`country_code`, `name`, `longitude`, `latitude`, `feature_class`, `feature_code`, `subadmin1_code`, `subadmin2_code`, `population`, `time_zone`, `active`, `created_at`, `updated_at`) VALUES ('HU','{\"en\":\"Szeged\"}',20.15,46.25,'P','PPLA','HU.06',NULL,164883,'Europe/Budapest',1,'2016-12-07 23:00:00','2016-12-07 23:00:00');
INSERT INTO `__PREFIX__cities` (`country_code`, `name`, `longitude`, `latitude`, `feature_class`, `feature_code`, `subadmin1_code`, `subadmin2_code`, `population`, `time_zone`, `active`, `created_at`, `updated_at`) VALUES ('HU','{\"en\":\"Szarvas\"}',20.55,46.87,'P','PPLA2','HU.03',NULL,18170,'Europe/Budapest',1,'2021-06-08 23:00:00','2021-06-08 23:00:00');
INSERT INTO `__PREFIX__cities` (`country_code`, `name`, `longitude`, `latitude`, `feature_class`, `feature_code`, `subadmin1_code`, `subadmin2_code`, `population`, `time_zone`, `active`, `created_at`, `updated_at`) VALUES ('HU','{\"en\":\"Sátoraljaújhely\"}',21.66,48.39,'P','PPLA2','HU.04','HU.04.065',18052,'Europe/Budapest',1,'2020-09-18 23:00:00','2020-09-18 23:00:00');
INSERT INTO `__PREFIX__cities` (`country_code`, `name`, `longitude`, `latitude`, `feature_class`, `feature_code`, `subadmin1_code`, `subadmin2_code`, `population`, `time_zone`, `active`, `created_at`, `updated_at`) VALUES ('HU','{\"en\":\"Sárospatak\"}',21.57,48.32,'P','PPLA2','HU.04',NULL,14478,'Europe/Budapest',1,'2019-04-23 23:00:00','2019-04-23 23:00:00');
INSERT INTO `__PREFIX__cities` (`country_code`, `name`, `longitude`, `latitude`, `feature_class`, `feature_code`, `subadmin1_code`, `subadmin2_code`, `population`, `time_zone`, `active`, `created_at`, `updated_at`) VALUES ('HU','{\"en\":\"Sarkad\"}',21.38,46.75,'P','PPLA2','HU.03',NULL,10698,'Europe/Budapest',1,'2014-11-04 23:00:00','2014-11-04 23:00:00');
INSERT INTO `__PREFIX__cities` (`country_code`, `name`, `longitude`, `latitude`, `feature_class`, `feature_code`, `subadmin1_code`, `subadmin2_code`, `population`, `time_zone`, `active`, `created_at`, `updated_at`) VALUES ('HU','{\"en\":\"Sándorfalva\"}',20.10,46.36,'P','PPL','HU.06',NULL,7738,'Europe/Budapest',1,'2012-01-17 23:00:00','2012-01-17 23:00:00');
INSERT INTO `__PREFIX__cities` (`country_code`, `name`, `longitude`, `latitude`, `feature_class`, `feature_code`, `subadmin1_code`, `subadmin2_code`, `population`, `time_zone`, `active`, `created_at`, `updated_at`) VALUES ('HU','{\"en\":\"Sajószentpéter\"}',20.72,48.22,'P','PPL','HU.04',NULL,13125,'Europe/Budapest',1,'2012-01-17 23:00:00','2012-01-17 23:00:00');
INSERT INTO `__PREFIX__cities` (`country_code`, `name`, `longitude`, `latitude`, `feature_class`, `feature_code`, `subadmin1_code`, `subadmin2_code`, `population`, `time_zone`, `active`, `created_at`, `updated_at`) VALUES ('HU','{\"en\":\"Rákóczifalva\"}',20.23,47.08,'P','PPL','HU.20',NULL,5481,'Europe/Budapest',1,'2012-01-17 23:00:00','2012-01-17 23:00:00');
INSERT INTO `__PREFIX__cities` (`country_code`, `name`, `longitude`, `latitude`, `feature_class`, `feature_code`, `subadmin1_code`, `subadmin2_code`, `population`, `time_zone`, `active`, `created_at`, `updated_at`) VALUES ('HU','{\"en\":\"Rakamaz\"}',21.46,48.12,'P','PPL','HU.18',NULL,5197,'Europe/Budapest',1,'2013-01-10 23:00:00','2013-01-10 23:00:00');
INSERT INTO `__PREFIX__cities` (`country_code`, `name`, `longitude`, `latitude`, `feature_class`, `feature_code`, `subadmin1_code`, `subadmin2_code`, `population`, `time_zone`, `active`, `created_at`, `updated_at`) VALUES ('HU','{\"en\":\"Putnok\"}',20.43,48.30,'P','PPLA2','HU.04',NULL,7501,'Europe/Budapest',1,'2014-11-04 23:00:00','2014-11-04 23:00:00');
INSERT INTO `__PREFIX__cities` (`country_code`, `name`, `longitude`, `latitude`, `feature_class`, `feature_code`, `subadmin1_code`, `subadmin2_code`, `population`, `time_zone`, `active`, `created_at`, `updated_at`) VALUES ('HU','{\"en\":\"Püspökladány\"}',21.12,47.32,'P','PPLA2','HU.10',NULL,15990,'Europe/Budapest',1,'2014-11-04 23:00:00','2014-11-04 23:00:00');
INSERT INTO `__PREFIX__cities` (`country_code`, `name`, `longitude`, `latitude`, `feature_class`, `feature_code`, `subadmin1_code`, `subadmin2_code`, `population`, `time_zone`, `active`, `created_at`, `updated_at`) VALUES ('HU','{\"en\":\"Polgár\"}',21.12,47.87,'P','PPL','HU.10',NULL,8347,'Europe/Budapest',1,'2012-05-05 23:00:00','2012-05-05 23:00:00');
INSERT INTO `__PREFIX__cities` (`country_code`, `name`, `longitude`, `latitude`, `feature_class`, `feature_code`, `subadmin1_code`, `subadmin2_code`, `population`, `time_zone`, `active`, `created_at`, `updated_at`) VALUES ('HU','{\"en\":\"Ózd\"}',20.30,48.22,'P','PPLA2','HU.04',NULL,38476,'Europe/Budapest',1,'2020-06-09 23:00:00','2020-06-09 23:00:00');
INSERT INTO `__PREFIX__cities` (`country_code`, `name`, `longitude`, `latitude`, `feature_class`, `feature_code`, `subadmin1_code`, `subadmin2_code`, `population`, `time_zone`, `active`, `created_at`, `updated_at`) VALUES ('HU','{\"en\":\"Orosháza\"}',20.67,46.57,'P','PPLA2','HU.03',NULL,31373,'Europe/Budapest',1,'2014-11-04 23:00:00','2014-11-04 23:00:00');
INSERT INTO `__PREFIX__cities` (`country_code`, `name`, `longitude`, `latitude`, `feature_class`, `feature_code`, `subadmin1_code`, `subadmin2_code`, `population`, `time_zone`, `active`, `created_at`, `updated_at`) VALUES ('HU','{\"en\":\"Nyírtelek\"}',21.63,48.02,'P','PPL','HU.18',NULL,7138,'Europe/Budapest',1,'2012-01-17 23:00:00','2012-01-17 23:00:00');
INSERT INTO `__PREFIX__cities` (`country_code`, `name`, `longitude`, `latitude`, `feature_class`, `feature_code`, `subadmin1_code`, `subadmin2_code`, `population`, `time_zone`, `active`, `created_at`, `updated_at`) VALUES ('HU','{\"en\":\"Nyíregyháza\"}',21.72,47.96,'P','PPLA','HU.18',NULL,116298,'Europe/Budapest',1,'2019-09-04 23:00:00','2019-09-04 23:00:00');
INSERT INTO `__PREFIX__cities` (`country_code`, `name`, `longitude`, `latitude`, `feature_class`, `feature_code`, `subadmin1_code`, `subadmin2_code`, `population`, `time_zone`, `active`, `created_at`, `updated_at`) VALUES ('HU','{\"en\":\"Nyírbátor\"}',22.13,47.83,'P','PPLA2','HU.18',NULL,13434,'Europe/Budapest',1,'2014-11-04 23:00:00','2014-11-04 23:00:00');
INSERT INTO `__PREFIX__cities` (`country_code`, `name`, `longitude`, `latitude`, `feature_class`, `feature_code`, `subadmin1_code`, `subadmin2_code`, `population`, `time_zone`, `active`, `created_at`, `updated_at`) VALUES ('HU','{\"en\":\"Nyíradony\"}',21.92,47.70,'P','PPLA2','HU.10',NULL,7827,'Europe/Budapest',1,'2014-11-04 23:00:00','2014-11-04 23:00:00');
INSERT INTO `__PREFIX__cities` (`country_code`, `name`, `longitude`, `latitude`, `feature_class`, `feature_code`, `subadmin1_code`, `subadmin2_code`, `population`, `time_zone`, `active`, `created_at`, `updated_at`) VALUES ('HU','{\"en\":\"Nagyszénás\"}',20.67,46.68,'P','PPL','HU.03',NULL,5617,'Europe/Budapest',1,'2012-01-17 23:00:00','2012-01-17 23:00:00');
INSERT INTO `__PREFIX__cities` (`country_code`, `name`, `longitude`, `latitude`, `feature_class`, `feature_code`, `subadmin1_code`, `subadmin2_code`, `population`, `time_zone`, `active`, `created_at`, `updated_at`) VALUES ('HU','{\"en\":\"Nagykálló\"}',21.84,47.87,'P','PPL','HU.18','HU.18.155',10796,'Europe/Budapest',1,'2020-09-01 23:00:00','2020-09-01 23:00:00');
INSERT INTO `__PREFIX__cities` (`country_code`, `name`, `longitude`, `latitude`, `feature_class`, `feature_code`, `subadmin1_code`, `subadmin2_code`, `population`, `time_zone`, `active`, `created_at`, `updated_at`) VALUES ('HU','{\"en\":\"Nagyhalász\"}',21.76,48.13,'P','PPL','HU.18',NULL,5924,'Europe/Budapest',1,'2013-01-10 23:00:00','2013-01-10 23:00:00');
INSERT INTO `__PREFIX__cities` (`country_code`, `name`, `longitude`, `latitude`, `feature_class`, `feature_code`, `subadmin1_code`, `subadmin2_code`, `population`, `time_zone`, `active`, `created_at`, `updated_at`) VALUES ('HU','{\"en\":\"Nagyecsed\"}',22.39,47.87,'P','PPL','HU.18',NULL,6919,'Europe/Budapest',1,'2012-01-17 23:00:00','2012-01-17 23:00:00');
INSERT INTO `__PREFIX__cities` (`country_code`, `name`, `longitude`, `latitude`, `feature_class`, `feature_code`, `subadmin1_code`, `subadmin2_code`, `population`, `time_zone`, `active`, `created_at`, `updated_at`) VALUES ('HU','{\"en\":\"Nádudvar\"}',21.17,47.42,'P','PPL','HU.10',NULL,9135,'Europe/Budapest',1,'2012-01-17 23:00:00','2012-01-17 23:00:00');
INSERT INTO `__PREFIX__cities` (`country_code`, `name`, `longitude`, `latitude`, `feature_class`, `feature_code`, `subadmin1_code`, `subadmin2_code`, `population`, `time_zone`, `active`, `created_at`, `updated_at`) VALUES ('HU','{\"en\":\"Miskolc\"}',20.78,48.10,'P','PPLA','HU.04',NULL,172637,'Europe/Budapest',1,'2019-11-05 23:00:00','2019-11-05 23:00:00');
INSERT INTO `__PREFIX__cities` (`country_code`, `name`, `longitude`, `latitude`, `feature_class`, `feature_code`, `subadmin1_code`, `subadmin2_code`, `population`, `time_zone`, `active`, `created_at`, `updated_at`) VALUES ('HU','{\"en\":\"Mindszent\"}',20.19,46.52,'P','PPL','HU.06',NULL,7243,'Europe/Budapest',1,'2012-05-05 23:00:00','2012-05-05 23:00:00');
INSERT INTO `__PREFIX__cities` (`country_code`, `name`, `longitude`, `latitude`, `feature_class`, `feature_code`, `subadmin1_code`, `subadmin2_code`, `population`, `time_zone`, `active`, `created_at`, `updated_at`) VALUES ('HU','{\"en\":\"Mezőtúr\"}',20.63,47.00,'P','PPLA2','HU.20',NULL,19168,'Europe/Budapest',1,'2014-11-04 23:00:00','2014-11-04 23:00:00');
INSERT INTO `__PREFIX__cities` (`country_code`, `name`, `longitude`, `latitude`, `feature_class`, `feature_code`, `subadmin1_code`, `subadmin2_code`, `population`, `time_zone`, `active`, `created_at`, `updated_at`) VALUES ('HU','{\"en\":\"Mezőkövesd\"}',20.58,47.82,'P','PPLA2','HU.04',NULL,17701,'Europe/Budapest',1,'2019-10-07 23:00:00','2019-10-07 23:00:00');
INSERT INTO `__PREFIX__cities` (`country_code`, `name`, `longitude`, `latitude`, `feature_class`, `feature_code`, `subadmin1_code`, `subadmin2_code`, `population`, `time_zone`, `active`, `created_at`, `updated_at`) VALUES ('HU','{\"en\":\"Mezőkovácsháza\"}',20.92,46.40,'P','PPLA2','HU.03',NULL,6877,'Europe/Budapest',1,'2014-11-04 23:00:00','2014-11-04 23:00:00');
INSERT INTO `__PREFIX__cities` (`country_code`, `name`, `longitude`, `latitude`, `feature_class`, `feature_code`, `subadmin1_code`, `subadmin2_code`, `population`, `time_zone`, `active`, `created_at`, `updated_at`) VALUES ('HU','{\"en\":\"Mezőhegyes\"}',20.82,46.32,'P','PPL','HU.03',NULL,6220,'Europe/Budapest',1,'2012-01-17 23:00:00','2012-01-17 23:00:00');
INSERT INTO `__PREFIX__cities` (`country_code`, `name`, `longitude`, `latitude`, `feature_class`, `feature_code`, `subadmin1_code`, `subadmin2_code`, `population`, `time_zone`, `active`, `created_at`, `updated_at`) VALUES ('HU','{\"en\":\"Mezőcsát\"}',20.92,47.82,'P','PPLA2','HU.04',NULL,6519,'Europe/Budapest',1,'2014-11-04 23:00:00','2014-11-04 23:00:00');
INSERT INTO `__PREFIX__cities` (`country_code`, `name`, `longitude`, `latitude`, `feature_class`, `feature_code`, `subadmin1_code`, `subadmin2_code`, `population`, `time_zone`, `active`, `created_at`, `updated_at`) VALUES ('HU','{\"en\":\"Mezőberény\"}',21.03,46.82,'P','PPL','HU.03',NULL,11306,'Europe/Budapest',1,'2012-01-17 23:00:00','2012-01-17 23:00:00');
INSERT INTO `__PREFIX__cities` (`country_code`, `name`, `longitude`, `latitude`, `feature_class`, `feature_code`, `subadmin1_code`, `subadmin2_code`, `population`, `time_zone`, `active`, `created_at`, `updated_at`) VALUES ('HU','{\"en\":\"Mátészalka\"}',22.32,47.96,'P','PPLA2','HU.18',NULL,18718,'Europe/Budapest',1,'2021-06-08 23:00:00','2021-06-08 23:00:00');
INSERT INTO `__PREFIX__cities` (`country_code`, `name`, `longitude`, `latitude`, `feature_class`, `feature_code`, `subadmin1_code`, `subadmin2_code`, `population`, `time_zone`, `active`, `created_at`, `updated_at`) VALUES ('HU','{\"en\":\"Makó\"}',20.48,46.22,'P','PPLA2','HU.06',NULL,25135,'Europe/Budapest',1,'2015-06-16 23:00:00','2015-06-16 23:00:00');
INSERT INTO `__PREFIX__cities` (`country_code`, `name`, `longitude`, `latitude`, `feature_class`, `feature_code`, `subadmin1_code`, `subadmin2_code`, `population`, `time_zone`, `active`, `created_at`, `updated_at`) VALUES ('HU','{\"en\":\"Létavértes\"}',21.90,47.38,'P','PPL','HU.10',NULL,7157,'Europe/Budapest',1,'2012-01-17 23:00:00','2012-01-17 23:00:00');
INSERT INTO `__PREFIX__cities` (`country_code`, `name`, `longitude`, `latitude`, `feature_class`, `feature_code`, `subadmin1_code`, `subadmin2_code`, `population`, `time_zone`, `active`, `created_at`, `updated_at`) VALUES ('HU','{\"en\":\"Kunszentmárton\"}',20.29,46.84,'P','PPLA2','HU.20',NULL,9606,'Europe/Budapest',1,'2014-11-04 23:00:00','2014-11-04 23:00:00');
INSERT INTO `__PREFIX__cities` (`country_code`, `name`, `longitude`, `latitude`, `feature_class`, `feature_code`, `subadmin1_code`, `subadmin2_code`, `population`, `time_zone`, `active`, `created_at`, `updated_at`) VALUES ('HU','{\"en\":\"Kunmadaras\"}',20.80,47.43,'P','PPL','HU.20',NULL,5826,'Europe/Budapest',1,'2012-01-17 23:00:00','2012-01-17 23:00:00');
INSERT INTO `__PREFIX__cities` (`country_code`, `name`, `longitude`, `latitude`, `feature_class`, `feature_code`, `subadmin1_code`, `subadmin2_code`, `population`, `time_zone`, `active`, `created_at`, `updated_at`) VALUES ('HU','{\"en\":\"Kunhegyes\"}',20.63,47.37,'P','PPLA2','HU.20',NULL,8462,'Europe/Budapest',1,'2014-11-04 23:00:00','2014-11-04 23:00:00');
INSERT INTO `__PREFIX__cities` (`country_code`, `name`, `longitude`, `latitude`, `feature_class`, `feature_code`, `subadmin1_code`, `subadmin2_code`, `population`, `time_zone`, `active`, `created_at`, `updated_at`) VALUES ('HU','{\"en\":\"Körösladány\"}',21.08,46.97,'P','PPL','HU.03',NULL,5006,'Europe/Budapest',1,'2012-01-17 23:00:00','2012-01-17 23:00:00');
INSERT INTO `__PREFIX__cities` (`country_code`, `name`, `longitude`, `latitude`, `feature_class`, `feature_code`, `subadmin1_code`, `subadmin2_code`, `population`, `time_zone`, `active`, `created_at`, `updated_at`) VALUES ('HU','{\"en\":\"Kondoros\"}',20.80,46.77,'P','PPL','HU.03',NULL,5793,'Europe/Budapest',1,'2012-02-01 23:00:00','2012-02-01 23:00:00');
INSERT INTO `__PREFIX__cities` (`country_code`, `name`, `longitude`, `latitude`, `feature_class`, `feature_code`, `subadmin1_code`, `subadmin2_code`, `population`, `time_zone`, `active`, `created_at`, `updated_at`) VALUES ('HU','{\"en\":\"Komádi\"}',21.50,47.00,'P','PPL','HU.10',NULL,6091,'Europe/Budapest',1,'2012-01-17 23:00:00','2012-01-17 23:00:00');
INSERT INTO `__PREFIX__cities` (`country_code`, `name`, `longitude`, `latitude`, `feature_class`, `feature_code`, `subadmin1_code`, `subadmin2_code`, `population`, `time_zone`, `active`, `created_at`, `updated_at`) VALUES ('HU','{\"en\":\"Kisvárda\"}',22.08,48.22,'P','PPLA2','HU.18',NULL,18190,'Europe/Budapest',1,'2019-05-03 23:00:00','2019-05-03 23:00:00');
INSERT INTO `__PREFIX__cities` (`country_code`, `name`, `longitude`, `latitude`, `feature_class`, `feature_code`, `subadmin1_code`, `subadmin2_code`, `population`, `time_zone`, `active`, `created_at`, `updated_at`) VALUES ('HU','{\"en\":\"Kisújszállás\"}',20.77,47.22,'P','PPL','HU.20',NULL,12661,'Europe/Budapest',1,'2012-01-17 23:00:00','2012-01-17 23:00:00');
INSERT INTO `__PREFIX__cities` (`country_code`, `name`, `longitude`, `latitude`, `feature_class`, `feature_code`, `subadmin1_code`, `subadmin2_code`, `population`, `time_zone`, `active`, `created_at`, `updated_at`) VALUES ('HU','{\"en\":\"Kenderes\"}',20.68,47.25,'P','PPL','HU.20',NULL,5243,'Europe/Budapest',1,'2012-01-17 23:00:00','2012-01-17 23:00:00');
INSERT INTO `__PREFIX__cities` (`country_code`, `name`, `longitude`, `latitude`, `feature_class`, `feature_code`, `subadmin1_code`, `subadmin2_code`, `population`, `time_zone`, `active`, `created_at`, `updated_at`) VALUES ('HU','{\"en\":\"Kemecse\"}',21.81,48.08,'P','PPLA2','HU.18',NULL,5029,'Europe/Budapest',1,'2014-11-04 23:00:00','2014-11-04 23:00:00');
INSERT INTO `__PREFIX__cities` (`country_code`, `name`, `longitude`, `latitude`, `feature_class`, `feature_code`, `subadmin1_code`, `subadmin2_code`, `population`, `time_zone`, `active`, `created_at`, `updated_at`) VALUES ('HU','{\"en\":\"Kazincbarcika\"}',20.63,48.25,'P','PPLA2','HU.04',NULL,32396,'Europe/Budapest',1,'2015-06-16 23:00:00','2015-06-16 23:00:00');
INSERT INTO `__PREFIX__cities` (`country_code`, `name`, `longitude`, `latitude`, `feature_class`, `feature_code`, `subadmin1_code`, `subadmin2_code`, `population`, `time_zone`, `active`, `created_at`, `updated_at`) VALUES ('HU','{\"en\":\"Karcag\"}',20.93,47.32,'P','PPLA2','HU.20',NULL,22370,'Europe/Budapest',1,'2014-11-04 23:00:00','2014-11-04 23:00:00');
INSERT INTO `__PREFIX__cities` (`country_code`, `name`, `longitude`, `latitude`, `feature_class`, `feature_code`, `subadmin1_code`, `subadmin2_code`, `population`, `time_zone`, `active`, `created_at`, `updated_at`) VALUES ('HU','{\"en\":\"Kaba\"}',21.28,47.35,'P','PPL','HU.10',NULL,6392,'Europe/Budapest',1,'2012-01-17 23:00:00','2012-01-17 23:00:00');
INSERT INTO `__PREFIX__cities` (`country_code`, `name`, `longitude`, `latitude`, `feature_class`, `feature_code`, `subadmin1_code`, `subadmin2_code`, `population`, `time_zone`, `active`, `created_at`, `updated_at`) VALUES ('HU','{\"en\":\"Jászladány\"}',20.17,47.37,'P','PPL','HU.20',NULL,6215,'Europe/Budapest',1,'2012-01-17 23:00:00','2012-01-17 23:00:00');
INSERT INTO `__PREFIX__cities` (`country_code`, `name`, `longitude`, `latitude`, `feature_class`, `feature_code`, `subadmin1_code`, `subadmin2_code`, `population`, `time_zone`, `active`, `created_at`, `updated_at`) VALUES ('HU','{\"en\":\"Jászkisér\"}',20.22,47.45,'P','PPL','HU.20',NULL,5741,'Europe/Budapest',1,'2012-01-17 23:00:00','2012-01-17 23:00:00');
INSERT INTO `__PREFIX__cities` (`country_code`, `name`, `longitude`, `latitude`, `feature_class`, `feature_code`, `subadmin1_code`, `subadmin2_code`, `population`, `time_zone`, `active`, `created_at`, `updated_at`) VALUES ('HU','{\"en\":\"Jászapáti\"}',20.15,47.52,'P','PPL','HU.20',NULL,9806,'Europe/Budapest',1,'2012-01-17 23:00:00','2012-01-17 23:00:00');
INSERT INTO `__PREFIX__cities` (`country_code`, `name`, `longitude`, `latitude`, `feature_class`, `feature_code`, `subadmin1_code`, `subadmin2_code`, `population`, `time_zone`, `active`, `created_at`, `updated_at`) VALUES ('HU','{\"en\":\"Ibrány\"}',21.71,48.12,'P','PPLA2','HU.18',NULL,6880,'Europe/Budapest',1,'2014-11-04 23:00:00','2014-11-04 23:00:00');
INSERT INTO `__PREFIX__cities` (`country_code`, `name`, `longitude`, `latitude`, `feature_class`, `feature_code`, `subadmin1_code`, `subadmin2_code`, `population`, `time_zone`, `active`, `created_at`, `updated_at`) VALUES ('HU','{\"en\":\"Hosszúpályi\"}',21.73,47.39,'P','PPL','HU.10',NULL,5479,'Europe/Budapest',1,'2021-06-30 23:00:00','2021-06-30 23:00:00');
INSERT INTO `__PREFIX__cities` (`country_code`, `name`, `longitude`, `latitude`, `feature_class`, `feature_code`, `subadmin1_code`, `subadmin2_code`, `population`, `time_zone`, `active`, `created_at`, `updated_at`) VALUES ('HU','{\"en\":\"Hódmezővásárhely\"}',20.33,46.42,'P','PPL','HU.06',NULL,47485,'Europe/Budapest',1,'2015-06-16 23:00:00','2015-06-16 23:00:00');
INSERT INTO `__PREFIX__cities` (`country_code`, `name`, `longitude`, `latitude`, `feature_class`, `feature_code`, `subadmin1_code`, `subadmin2_code`, `population`, `time_zone`, `active`, `created_at`, `updated_at`) VALUES ('HU','{\"en\":\"Heves\"}',20.28,47.60,'P','PPLA2','HU.11',NULL,11311,'Europe/Budapest',1,'2021-06-29 23:00:00','2021-06-29 23:00:00');
INSERT INTO `__PREFIX__cities` (`country_code`, `name`, `longitude`, `latitude`, `feature_class`, `feature_code`, `subadmin1_code`, `subadmin2_code`, `population`, `time_zone`, `active`, `created_at`, `updated_at`) VALUES ('HU','{\"en\":\"Hajdúszoboszló\"}',21.40,47.45,'P','PPLA2','HU.10',NULL,23496,'Europe/Budapest',1,'2019-10-06 23:00:00','2019-10-06 23:00:00');
INSERT INTO `__PREFIX__cities` (`country_code`, `name`, `longitude`, `latitude`, `feature_class`, `feature_code`, `subadmin1_code`, `subadmin2_code`, `population`, `time_zone`, `active`, `created_at`, `updated_at`) VALUES ('HU','{\"en\":\"Hajdúsámson\"}',21.77,47.60,'P','PPL','HU.10',NULL,10854,'Europe/Budapest',1,'2012-01-17 23:00:00','2012-01-17 23:00:00');
INSERT INTO `__PREFIX__cities` (`country_code`, `name`, `longitude`, `latitude`, `feature_class`, `feature_code`, `subadmin1_code`, `subadmin2_code`, `population`, `time_zone`, `active`, `created_at`, `updated_at`) VALUES ('HU','{\"en\":\"Hajdúnánás\"}',21.43,47.85,'P','PPLA2','HU.10',NULL,18032,'Europe/Budapest',1,'2014-11-04 23:00:00','2014-11-04 23:00:00');
INSERT INTO `__PREFIX__cities` (`country_code`, `name`, `longitude`, `latitude`, `feature_class`, `feature_code`, `subadmin1_code`, `subadmin2_code`, `population`, `time_zone`, `active`, `created_at`, `updated_at`) VALUES ('HU','{\"en\":\"Hajdúhadház\"}',21.67,47.68,'P','PPLA2','HU.10',NULL,12892,'Europe/Budapest',1,'2021-06-20 23:00:00','2021-06-20 23:00:00');
INSERT INTO `__PREFIX__cities` (`country_code`, `name`, `longitude`, `latitude`, `feature_class`, `feature_code`, `subadmin1_code`, `subadmin2_code`, `population`, `time_zone`, `active`, `created_at`, `updated_at`) VALUES ('HU','{\"en\":\"Hajdúdorog\"}',21.50,47.82,'P','PPL','HU.10',NULL,9514,'Europe/Budapest',1,'2021-06-20 23:00:00','2021-06-20 23:00:00');
INSERT INTO `__PREFIX__cities` (`country_code`, `name`, `longitude`, `latitude`, `feature_class`, `feature_code`, `subadmin1_code`, `subadmin2_code`, `population`, `time_zone`, `active`, `created_at`, `updated_at`) VALUES ('HU','{\"en\":\"Hajdúböszörmény\"}',21.52,47.67,'P','PPLA2','HU.10',NULL,31957,'Europe/Budapest',1,'2021-05-29 23:00:00','2021-05-29 23:00:00');
INSERT INTO `__PREFIX__cities` (`country_code`, `name`, `longitude`, `latitude`, `feature_class`, `feature_code`, `subadmin1_code`, `subadmin2_code`, `population`, `time_zone`, `active`, `created_at`, `updated_at`) VALUES ('HU','{\"en\":\"Gyula\"}',21.28,46.65,'P','PPLA2','HU.03',NULL,32269,'Europe/Budapest',1,'2021-05-28 23:00:00','2021-05-28 23:00:00');
INSERT INTO `__PREFIX__cities` (`country_code`, `name`, `longitude`, `latitude`, `feature_class`, `feature_code`, `subadmin1_code`, `subadmin2_code`, `population`, `time_zone`, `active`, `created_at`, `updated_at`) VALUES ('HU','{\"en\":\"Gyomaendrőd\"}',20.83,46.93,'P','PPLA2','HU.03',NULL,15194,'Europe/Budapest',1,'2020-06-09 23:00:00','2020-06-09 23:00:00');
INSERT INTO `__PREFIX__cities` (`country_code`, `name`, `longitude`, `latitude`, `feature_class`, `feature_code`, `subadmin1_code`, `subadmin2_code`, `population`, `time_zone`, `active`, `created_at`, `updated_at`) VALUES ('HU','{\"en\":\"Füzesgyarmat\"}',21.22,47.10,'P','PPL','HU.03',NULL,6426,'Europe/Budapest',1,'2012-01-17 23:00:00','2012-01-17 23:00:00');
INSERT INTO `__PREFIX__cities` (`country_code`, `name`, `longitude`, `latitude`, `feature_class`, `feature_code`, `subadmin1_code`, `subadmin2_code`, `population`, `time_zone`, `active`, `created_at`, `updated_at`) VALUES ('HU','{\"en\":\"Füzesabony\"}',20.42,47.75,'P','PPLA2','HU.11',NULL,8182,'Europe/Budapest',1,'2014-11-04 23:00:00','2014-11-04 23:00:00');
INSERT INTO `__PREFIX__cities` (`country_code`, `name`, `longitude`, `latitude`, `feature_class`, `feature_code`, `subadmin1_code`, `subadmin2_code`, `population`, `time_zone`, `active`, `created_at`, `updated_at`) VALUES ('HU','{\"en\":\"Felsőzsolca\"}',20.87,48.10,'P','PPL','HU.04',NULL,7040,'Europe/Budapest',1,'2012-01-17 23:00:00','2012-01-17 23:00:00');
INSERT INTO `__PREFIX__cities` (`country_code`, `name`, `longitude`, `latitude`, `feature_class`, `feature_code`, `subadmin1_code`, `subadmin2_code`, `population`, `time_zone`, `active`, `created_at`, `updated_at`) VALUES ('HU','{\"en\":\"Fehérgyarmat\"}',22.52,47.98,'P','PPLA2','HU.18',NULL,9031,'Europe/Budapest',1,'2014-11-04 23:00:00','2014-11-04 23:00:00');
INSERT INTO `__PREFIX__cities` (`country_code`, `name`, `longitude`, `latitude`, `feature_class`, `feature_code`, `subadmin1_code`, `subadmin2_code`, `population`, `time_zone`, `active`, `created_at`, `updated_at`) VALUES ('HU','{\"en\":\"Fegyvernek\"}',20.53,47.27,'P','PPL','HU.20',NULL,6972,'Europe/Budapest',1,'2012-01-17 23:00:00','2012-01-17 23:00:00');
INSERT INTO `__PREFIX__cities` (`country_code`, `name`, `longitude`, `latitude`, `feature_class`, `feature_code`, `subadmin1_code`, `subadmin2_code`, `population`, `time_zone`, `active`, `created_at`, `updated_at`) VALUES ('HU','{\"en\":\"Encs\"}',21.13,48.33,'P','PPLA2','HU.04',NULL,6886,'Europe/Budapest',1,'2020-06-09 23:00:00','2020-06-09 23:00:00');
INSERT INTO `__PREFIX__cities` (`country_code`, `name`, `longitude`, `latitude`, `feature_class`, `feature_code`, `subadmin1_code`, `subadmin2_code`, `population`, `time_zone`, `active`, `created_at`, `updated_at`) VALUES ('HU','{\"en\":\"Emőd\"}',20.82,47.93,'P','PPL','HU.04',NULL,5382,'Europe/Budapest',1,'2012-02-01 23:00:00','2012-02-01 23:00:00');
INSERT INTO `__PREFIX__cities` (`country_code`, `name`, `longitude`, `latitude`, `feature_class`, `feature_code`, `subadmin1_code`, `subadmin2_code`, `population`, `time_zone`, `active`, `created_at`, `updated_at`) VALUES ('HU','{\"en\":\"Elek\"}',21.25,46.53,'P','PPL','HU.03',NULL,5465,'Europe/Budapest',1,'2012-01-17 23:00:00','2012-01-17 23:00:00');
INSERT INTO `__PREFIX__cities` (`country_code`, `name`, `longitude`, `latitude`, `feature_class`, `feature_code`, `subadmin1_code`, `subadmin2_code`, `population`, `time_zone`, `active`, `created_at`, `updated_at`) VALUES ('HU','{\"en\":\"Egyek\"}',20.90,47.63,'P','PPL','HU.10',NULL,5573,'Europe/Budapest',1,'2019-05-07 23:00:00','2019-05-07 23:00:00');
INSERT INTO `__PREFIX__cities` (`country_code`, `name`, `longitude`, `latitude`, `feature_class`, `feature_code`, `subadmin1_code`, `subadmin2_code`, `population`, `time_zone`, `active`, `created_at`, `updated_at`) VALUES ('HU','{\"en\":\"Eger\"}',20.37,47.90,'P','PPLA','HU.11',NULL,56647,'Europe/Budapest',1,'2021-08-02 23:00:00','2021-08-02 23:00:00');
INSERT INTO `__PREFIX__cities` (`country_code`, `name`, `longitude`, `latitude`, `feature_class`, `feature_code`, `subadmin1_code`, `subadmin2_code`, `population`, `time_zone`, `active`, `created_at`, `updated_at`) VALUES ('HU','{\"en\":\"Edelény\"}',20.73,48.30,'P','PPLA2','HU.04',NULL,11037,'Europe/Budapest',1,'2020-06-09 23:00:00','2020-06-09 23:00:00');
INSERT INTO `__PREFIX__cities` (`country_code`, `name`, `longitude`, `latitude`, `feature_class`, `feature_code`, `subadmin1_code`, `subadmin2_code`, `population`, `time_zone`, `active`, `created_at`, `updated_at`) VALUES ('HU','{\"en\":\"Dévaványa\"}',20.97,47.03,'P','PPL','HU.03',NULL,8796,'Europe/Budapest',1,'2021-06-17 23:00:00','2021-06-17 23:00:00');
INSERT INTO `__PREFIX__cities` (`country_code`, `name`, `longitude`, `latitude`, `feature_class`, `feature_code`, `subadmin1_code`, `subadmin2_code`, `population`, `time_zone`, `active`, `created_at`, `updated_at`) VALUES ('HU','{\"en\":\"Derecske\"}',21.57,47.35,'P','PPLA2','HU.10',NULL,9207,'Europe/Budapest',1,'2021-06-17 23:00:00','2021-06-17 23:00:00');
INSERT INTO `__PREFIX__cities` (`country_code`, `name`, `longitude`, `latitude`, `feature_class`, `feature_code`, `subadmin1_code`, `subadmin2_code`, `population`, `time_zone`, `active`, `created_at`, `updated_at`) VALUES ('HU','{\"en\":\"Debrecen\"}',21.62,47.53,'P','PPLA','HU.10',NULL,204124,'Europe/Budapest',1,'2021-07-24 23:00:00','2021-07-24 23:00:00');
INSERT INTO `__PREFIX__cities` (`country_code`, `name`, `longitude`, `latitude`, `feature_class`, `feature_code`, `subadmin1_code`, `subadmin2_code`, `population`, `time_zone`, `active`, `created_at`, `updated_at`) VALUES ('HU','{\"en\":\"Csorvás\"}',20.83,46.63,'P','PPL','HU.03',NULL,5643,'Europe/Budapest',1,'2012-01-17 23:00:00','2012-01-17 23:00:00');
INSERT INTO `__PREFIX__cities` (`country_code`, `name`, `longitude`, `latitude`, `feature_class`, `feature_code`, `subadmin1_code`, `subadmin2_code`, `population`, `time_zone`, `active`, `created_at`, `updated_at`) VALUES ('HU','{\"en\":\"Csongrád\"}',20.14,46.71,'P','PPLA2','HU.06',NULL,18580,'Europe/Budapest',1,'2021-06-08 23:00:00','2021-06-08 23:00:00');
INSERT INTO `__PREFIX__cities` (`country_code`, `name`, `longitude`, `latitude`, `feature_class`, `feature_code`, `subadmin1_code`, `subadmin2_code`, `population`, `time_zone`, `active`, `created_at`, `updated_at`) VALUES ('HU','{\"en\":\"Csenger\"}',22.68,47.84,'P','PPLA2','HU.18',NULL,5225,'Europe/Budapest',1,'2014-11-04 23:00:00','2014-11-04 23:00:00');
INSERT INTO `__PREFIX__cities` (`country_code`, `name`, `longitude`, `latitude`, `feature_class`, `feature_code`, `subadmin1_code`, `subadmin2_code`, `population`, `time_zone`, `active`, `created_at`, `updated_at`) VALUES ('HU','{\"en\":\"Berettyóújfalu\"}',21.54,47.22,'P','PPLA2','HU.10','HU.10.094',16090,'Europe/Budapest',1,'2020-09-28 23:00:00','2020-09-28 23:00:00');
INSERT INTO `__PREFIX__cities` (`country_code`, `name`, `longitude`, `latitude`, `feature_class`, `feature_code`, `subadmin1_code`, `subadmin2_code`, `population`, `time_zone`, `active`, `created_at`, `updated_at`) VALUES ('HU','{\"en\":\"Békéscsaba\"}',21.10,46.68,'P','PPLA','HU.03',NULL,65206,'Europe/Budapest',1,'2021-08-03 23:00:00','2021-08-03 23:00:00');
INSERT INTO `__PREFIX__cities` (`country_code`, `name`, `longitude`, `latitude`, `feature_class`, `feature_code`, `subadmin1_code`, `subadmin2_code`, `population`, `time_zone`, `active`, `created_at`, `updated_at`) VALUES ('HU','{\"en\":\"Békés\"}',21.13,46.77,'P','PPLA2','HU.03',NULL,21198,'Europe/Budapest',1,'2021-06-07 23:00:00','2021-06-07 23:00:00');
INSERT INTO `__PREFIX__cities` (`country_code`, `name`, `longitude`, `latitude`, `feature_class`, `feature_code`, `subadmin1_code`, `subadmin2_code`, `population`, `time_zone`, `active`, `created_at`, `updated_at`) VALUES ('HU','{\"en\":\"Battonya\"}',21.02,46.28,'P','PPL','HU.03',NULL,6604,'Europe/Budapest',1,'2021-05-28 23:00:00','2021-05-28 23:00:00');
INSERT INTO `__PREFIX__cities` (`country_code`, `name`, `longitude`, `latitude`, `feature_class`, `feature_code`, `subadmin1_code`, `subadmin2_code`, `population`, `time_zone`, `active`, `created_at`, `updated_at`) VALUES ('HU','{\"en\":\"Balmazújváros\"}',21.35,47.62,'P','PPLA2','HU.10',NULL,18012,'Europe/Budapest',1,'2014-11-04 23:00:00','2014-11-04 23:00:00');
INSERT INTO `__PREFIX__cities` (`country_code`, `name`, `longitude`, `latitude`, `feature_class`, `feature_code`, `subadmin1_code`, `subadmin2_code`, `population`, `time_zone`, `active`, `created_at`, `updated_at`) VALUES ('HU','{\"en\":\"Balkány\"}',21.86,47.77,'P','PPL','HU.18',NULL,6798,'Europe/Budapest',1,'2008-03-25 23:00:00','2008-03-25 23:00:00');
INSERT INTO `__PREFIX__cities` (`country_code`, `name`, `longitude`, `latitude`, `feature_class`, `feature_code`, `subadmin1_code`, `subadmin2_code`, `population`, `time_zone`, `active`, `created_at`, `updated_at`) VALUES ('HU','{\"en\":\"Alsózsolca\"}',20.88,48.07,'P','PPL','HU.04',NULL,6044,'Europe/Budapest',1,'2010-04-06 23:00:00','2010-04-06 23:00:00');
INSERT INTO `__PREFIX__cities` (`country_code`, `name`, `longitude`, `latitude`, `feature_class`, `feature_code`, `subadmin1_code`, `subadmin2_code`, `population`, `time_zone`, `active`, `created_at`, `updated_at`) VALUES ('HU','{\"en\":\"Abony\"}',20.00,47.19,'P','PPL','HU.16',NULL,16342,'Europe/Budapest',1,'2021-06-09 23:00:00','2021-06-09 23:00:00');
INSERT INTO `__PREFIX__cities` (`country_code`, `name`, `longitude`, `latitude`, `feature_class`, `feature_code`, `subadmin1_code`, `subadmin2_code`, `population`, `time_zone`, `active`, `created_at`, `updated_at`) VALUES ('HU','{\"en\":\"Zugló\"}',19.11,47.52,'P','PPLX','HU.05','HU.05.014',130000,'Europe/Budapest',1,'2019-09-22 23:00:00','2019-09-22 23:00:00');
INSERT INTO `__PREFIX__cities` (`country_code`, `name`, `longitude`, `latitude`, `feature_class`, `feature_code`, `subadmin1_code`, `subadmin2_code`, `population`, `time_zone`, `active`, `created_at`, `updated_at`) VALUES ('HU','{\"en\":\"Zirc\"}',17.87,47.26,'P','PPL','HU.23',NULL,7314,'Europe/Budapest',1,'2007-06-12 23:00:00','2007-06-12 23:00:00');
INSERT INTO `__PREFIX__cities` (`country_code`, `name`, `longitude`, `latitude`, `feature_class`, `feature_code`, `subadmin1_code`, `subadmin2_code`, `population`, `time_zone`, `active`, `created_at`, `updated_at`) VALUES ('HU','{\"en\":\"Zalaszentgrót\"}',17.08,46.94,'P','PPLA2','HU.24',NULL,7796,'Europe/Budapest',1,'2020-06-09 23:00:00','2020-06-09 23:00:00');
INSERT INTO `__PREFIX__cities` (`country_code`, `name`, `longitude`, `latitude`, `feature_class`, `feature_code`, `subadmin1_code`, `subadmin2_code`, `population`, `time_zone`, `active`, `created_at`, `updated_at`) VALUES ('HU','{\"en\":\"Zalaegerszeg\"}',16.84,46.84,'P','PPLA','HU.24',NULL,61898,'Europe/Budapest',1,'2021-08-07 23:00:00','2021-08-07 23:00:00');
INSERT INTO `__PREFIX__cities` (`country_code`, `name`, `longitude`, `latitude`, `feature_class`, `feature_code`, `subadmin1_code`, `subadmin2_code`, `population`, `time_zone`, `active`, `created_at`, `updated_at`) VALUES ('HU','{\"en\":\"Veszprém\"}',17.91,47.09,'P','PPLA','HU.23',NULL,62023,'Europe/Budapest',1,'2021-08-07 23:00:00','2021-08-07 23:00:00');
INSERT INTO `__PREFIX__cities` (`country_code`, `name`, `longitude`, `latitude`, `feature_class`, `feature_code`, `subadmin1_code`, `subadmin2_code`, `population`, `time_zone`, `active`, `created_at`, `updated_at`) VALUES ('HU','{\"en\":\"Veresegyház\"}',19.30,47.65,'P','PPL','HU.16',NULL,11087,'Europe/Budapest',1,'2012-01-17 23:00:00','2012-01-17 23:00:00');
INSERT INTO `__PREFIX__cities` (`country_code`, `name`, `longitude`, `latitude`, `feature_class`, `feature_code`, `subadmin1_code`, `subadmin2_code`, `population`, `time_zone`, `active`, `created_at`, `updated_at`) VALUES ('HU','{\"en\":\"Vecsés\"}',19.29,47.41,'P','PPLA2','HU.16',NULL,19327,'Europe/Budapest',1,'2021-05-27 23:00:00','2021-05-27 23:00:00');
INSERT INTO `__PREFIX__cities` (`country_code`, `name`, `longitude`, `latitude`, `feature_class`, `feature_code`, `subadmin1_code`, `subadmin2_code`, `population`, `time_zone`, `active`, `created_at`, `updated_at`) VALUES ('HU','{\"en\":\"Várpalota\"}',18.14,47.20,'P','PPLA2','HU.23',NULL,21299,'Europe/Budapest',1,'2014-11-04 23:00:00','2014-11-04 23:00:00');
INSERT INTO `__PREFIX__cities` (`country_code`, `name`, `longitude`, `latitude`, `feature_class`, `feature_code`, `subadmin1_code`, `subadmin2_code`, `population`, `time_zone`, `active`, `created_at`, `updated_at`) VALUES ('HU','{\"en\":\"Vác\"}',19.14,47.78,'P','PPL','HU.16',NULL,35108,'Europe/Budapest',1,'2015-06-16 23:00:00','2015-06-16 23:00:00');
INSERT INTO `__PREFIX__cities` (`country_code`, `name`, `longitude`, `latitude`, `feature_class`, `feature_code`, `subadmin1_code`, `subadmin2_code`, `population`, `time_zone`, `active`, `created_at`, `updated_at`) VALUES ('HU','{\"en\":\"Üllő\"}',19.36,47.39,'P','PPL','HU.16',NULL,10232,'Europe/Budapest',1,'2012-05-05 23:00:00','2012-05-05 23:00:00');
INSERT INTO `__PREFIX__cities` (`country_code`, `name`, `longitude`, `latitude`, `feature_class`, `feature_code`, `subadmin1_code`, `subadmin2_code`, `population`, `time_zone`, `active`, `created_at`, `updated_at`) VALUES ('HU','{\"en\":\"Tura\"}',19.60,47.61,'P','PPL','HU.16',NULL,8294,'Europe/Budapest',1,'2012-01-17 23:00:00','2012-01-17 23:00:00');
INSERT INTO `__PREFIX__cities` (`country_code`, `name`, `longitude`, `latitude`, `feature_class`, `feature_code`, `subadmin1_code`, `subadmin2_code`, `population`, `time_zone`, `active`, `created_at`, `updated_at`) VALUES ('HU','{\"en\":\"Törökbálint\"}',18.91,47.43,'P','PPL','HU.16',NULL,11658,'Europe/Budapest',1,'2020-07-20 23:00:00','2020-07-20 23:00:00');
INSERT INTO `__PREFIX__cities` (`country_code`, `name`, `longitude`, `latitude`, `feature_class`, `feature_code`, `subadmin1_code`, `subadmin2_code`, `population`, `time_zone`, `active`, `created_at`, `updated_at`) VALUES ('HU','{\"en\":\"Tolna\"}',18.78,46.43,'P','PPLA2','HU.21',NULL,12011,'Europe/Budapest',1,'2014-11-04 23:00:00','2014-11-04 23:00:00');
INSERT INTO `__PREFIX__cities` (`country_code`, `name`, `longitude`, `latitude`, `feature_class`, `feature_code`, `subadmin1_code`, `subadmin2_code`, `population`, `time_zone`, `active`, `created_at`, `updated_at`) VALUES ('HU','{\"en\":\"Tököl\"}',18.96,47.32,'P','PPL','HU.16',NULL,10164,'Europe/Budapest',1,'2010-04-06 23:00:00','2010-04-06 23:00:00');
INSERT INTO `__PREFIX__cities` (`country_code`, `name`, `longitude`, `latitude`, `feature_class`, `feature_code`, `subadmin1_code`, `subadmin2_code`, `population`, `time_zone`, `active`, `created_at`, `updated_at`) VALUES ('HU','{\"en\":\"Tatabánya\"}',18.39,47.58,'P','PPLA','HU.12',NULL,70541,'Europe/Budapest',1,'2015-06-16 23:00:00','2015-06-16 23:00:00');
INSERT INTO `__PREFIX__cities` (`country_code`, `name`, `longitude`, `latitude`, `feature_class`, `feature_code`, `subadmin1_code`, `subadmin2_code`, `population`, `time_zone`, `active`, `created_at`, `updated_at`) VALUES ('HU','{\"en\":\"Tata\"}',18.32,47.65,'P','PPLA2','HU.12',NULL,23868,'Europe/Budapest',1,'2020-10-26 23:00:00','2020-10-26 23:00:00');
INSERT INTO `__PREFIX__cities` (`country_code`, `name`, `longitude`, `latitude`, `feature_class`, `feature_code`, `subadmin1_code`, `subadmin2_code`, `population`, `time_zone`, `active`, `created_at`, `updated_at`) VALUES ('HU','{\"en\":\"Tát\"}',18.65,47.74,'P','PPL','HU.12',NULL,5575,'Europe/Budapest',1,'2021-05-27 23:00:00','2021-05-27 23:00:00');
INSERT INTO `__PREFIX__cities` (`country_code`, `name`, `longitude`, `latitude`, `feature_class`, `feature_code`, `subadmin1_code`, `subadmin2_code`, `population`, `time_zone`, `active`, `created_at`, `updated_at`) VALUES ('HU','{\"en\":\"Tárnok\"}',18.85,47.37,'P','PPL','HU.16',NULL,7990,'Europe/Budapest',1,'2012-05-05 23:00:00','2012-05-05 23:00:00');
INSERT INTO `__PREFIX__cities` (`country_code`, `name`, `longitude`, `latitude`, `feature_class`, `feature_code`, `subadmin1_code`, `subadmin2_code`, `population`, `time_zone`, `active`, `created_at`, `updated_at`) VALUES ('HU','{\"en\":\"Tapolca\"}',17.44,46.88,'P','PPLA2','HU.23',NULL,17598,'Europe/Budapest',1,'2014-11-04 23:00:00','2014-11-04 23:00:00');
INSERT INTO `__PREFIX__cities` (`country_code`, `name`, `longitude`, `latitude`, `feature_class`, `feature_code`, `subadmin1_code`, `subadmin2_code`, `population`, `time_zone`, `active`, `created_at`, `updated_at`) VALUES ('HU','{\"en\":\"Tápiószentmárton\"}',19.75,47.34,'P','PPL','HU.16',NULL,5596,'Europe/Budapest',1,'2012-05-05 23:00:00','2012-05-05 23:00:00');
INSERT INTO `__PREFIX__cities` (`country_code`, `name`, `longitude`, `latitude`, `feature_class`, `feature_code`, `subadmin1_code`, `subadmin2_code`, `population`, `time_zone`, `active`, `created_at`, `updated_at`) VALUES ('HU','{\"en\":\"Tápiószele\"}',19.88,47.34,'P','PPL','HU.16',NULL,6214,'Europe/Budapest',1,'2012-05-05 23:00:00','2012-05-05 23:00:00');
INSERT INTO `__PREFIX__cities` (`country_code`, `name`, `longitude`, `latitude`, `feature_class`, `feature_code`, `subadmin1_code`, `subadmin2_code`, `population`, `time_zone`, `active`, `created_at`, `updated_at`) VALUES ('HU','{\"en\":\"Tápiószecső\"}',19.61,47.45,'P','PPL','HU.16',NULL,6628,'Europe/Budapest',1,'2012-05-05 23:00:00','2012-05-05 23:00:00');
INSERT INTO `__PREFIX__cities` (`country_code`, `name`, `longitude`, `latitude`, `feature_class`, `feature_code`, `subadmin1_code`, `subadmin2_code`, `population`, `time_zone`, `active`, `created_at`, `updated_at`) VALUES ('HU','{\"en\":\"Sülysáp\"}',19.53,47.45,'P','PPL','HU.16',NULL,8258,'Europe/Budapest',1,'2012-04-28 23:00:00','2012-04-28 23:00:00');
INSERT INTO `__PREFIX__cities` (`country_code`, `name`, `longitude`, `latitude`, `feature_class`, `feature_code`, `subadmin1_code`, `subadmin2_code`, `population`, `time_zone`, `active`, `created_at`, `updated_at`) VALUES ('HU','{\"en\":\"Tamási\"}',18.28,46.63,'P','PPLA2','HU.21',NULL,9682,'Europe/Budapest',1,'2020-06-09 23:00:00','2020-06-09 23:00:00');
INSERT INTO `__PREFIX__cities` (`country_code`, `name`, `longitude`, `latitude`, `feature_class`, `feature_code`, `subadmin1_code`, `subadmin2_code`, `population`, `time_zone`, `active`, `created_at`, `updated_at`) VALUES ('HU','{\"en\":\"Taksony\"}',19.07,47.33,'P','PPL','HU.16',NULL,6129,'Europe/Budapest',1,'2021-05-27 23:00:00','2021-05-27 23:00:00');
INSERT INTO `__PREFIX__cities` (`country_code`, `name`, `longitude`, `latitude`, `feature_class`, `feature_code`, `subadmin1_code`, `subadmin2_code`, `population`, `time_zone`, `active`, `created_at`, `updated_at`) VALUES ('HU','{\"en\":\"Szombathely\"}',16.62,47.23,'P','PPLA','HU.22',NULL,79534,'Europe/Budapest',1,'2021-05-27 23:00:00','2021-05-27 23:00:00');
INSERT INTO `__PREFIX__cities` (`country_code`, `name`, `longitude`, `latitude`, `feature_class`, `feature_code`, `subadmin1_code`, `subadmin2_code`, `population`, `time_zone`, `active`, `created_at`, `updated_at`) VALUES ('HU','{\"en\":\"Szigetvár\"}',17.81,46.05,'P','PPLA2','HU.02',NULL,11267,'Europe/Budapest',1,'2015-06-16 23:00:00','2015-06-16 23:00:00');
INSERT INTO `__PREFIX__cities` (`country_code`, `name`, `longitude`, `latitude`, `feature_class`, `feature_code`, `subadmin1_code`, `subadmin2_code`, `population`, `time_zone`, `active`, `created_at`, `updated_at`) VALUES ('HU','{\"en\":\"Szigetszentmiklós\"}',19.04,47.34,'P','PPLA2','HU.16',NULL,24874,'Europe/Budapest',1,'2020-06-09 23:00:00','2020-06-09 23:00:00');
INSERT INTO `__PREFIX__cities` (`country_code`, `name`, `longitude`, `latitude`, `feature_class`, `feature_code`, `subadmin1_code`, `subadmin2_code`, `population`, `time_zone`, `active`, `created_at`, `updated_at`) VALUES ('HU','{\"en\":\"Szigethalom\"}',19.00,47.32,'P','PPL','HU.16',NULL,13092,'Europe/Budapest',1,'2012-01-17 23:00:00','2012-01-17 23:00:00');
INSERT INTO `__PREFIX__cities` (`country_code`, `name`, `longitude`, `latitude`, `feature_class`, `feature_code`, `subadmin1_code`, `subadmin2_code`, `population`, `time_zone`, `active`, `created_at`, `updated_at`) VALUES ('HU','{\"en\":\"Szentlőrinc\"}',17.99,46.04,'P','PPLA2','HU.02',NULL,7123,'Europe/Budapest',1,'2014-11-04 23:00:00','2014-11-04 23:00:00');
INSERT INTO `__PREFIX__cities` (`country_code`, `name`, `longitude`, `latitude`, `feature_class`, `feature_code`, `subadmin1_code`, `subadmin2_code`, `population`, `time_zone`, `active`, `created_at`, `updated_at`) VALUES ('HU','{\"en\":\"Szentgotthárd\"}',16.27,46.95,'P','PPL','HU.22',NULL,8911,'Europe/Budapest',1,'2008-11-27 23:00:00','2008-11-27 23:00:00');
INSERT INTO `__PREFIX__cities` (`country_code`, `name`, `longitude`, `latitude`, `feature_class`, `feature_code`, `subadmin1_code`, `subadmin2_code`, `population`, `time_zone`, `active`, `created_at`, `updated_at`) VALUES ('HU','{\"en\":\"Szentendre\"}',19.08,47.67,'P','PPLA2','HU.16','HU.16.135',23606,'Europe/Budapest',1,'2019-09-23 23:00:00','2019-09-23 23:00:00');
INSERT INTO `__PREFIX__cities` (`country_code`, `name`, `longitude`, `latitude`, `feature_class`, `feature_code`, `subadmin1_code`, `subadmin2_code`, `population`, `time_zone`, `active`, `created_at`, `updated_at`) VALUES ('HU','{\"en\":\"Szekszárd\"}',18.71,46.35,'P','PPLA','HU.21',NULL,34174,'Europe/Budapest',1,'2021-05-29 23:00:00','2021-05-29 23:00:00');
INSERT INTO `__PREFIX__cities` (`country_code`, `name`, `longitude`, `latitude`, `feature_class`, `feature_code`, `subadmin1_code`, `subadmin2_code`, `population`, `time_zone`, `active`, `created_at`, `updated_at`) VALUES ('HU','{\"en\":\"Székesfehérvár\"}',18.41,47.19,'P','PPLA','HU.08',NULL,101600,'Europe/Budapest',1,'2019-09-04 23:00:00','2019-09-04 23:00:00');
INSERT INTO `__PREFIX__cities` (`country_code`, `name`, `longitude`, `latitude`, `feature_class`, `feature_code`, `subadmin1_code`, `subadmin2_code`, `population`, `time_zone`, `active`, `created_at`, `updated_at`) VALUES ('HU','{\"en\":\"Szécsény\"}',19.52,48.08,'P','PPLA2','HU.14',NULL,6446,'Europe/Budapest',1,'2014-11-04 23:00:00','2014-11-04 23:00:00');
INSERT INTO `__PREFIX__cities` (`country_code`, `name`, `longitude`, `latitude`, `feature_class`, `feature_code`, `subadmin1_code`, `subadmin2_code`, `population`, `time_zone`, `active`, `created_at`, `updated_at`) VALUES ('HU','{\"en\":\"Százhalombatta\"}',18.94,47.33,'P','PPL','HU.16',NULL,17566,'Europe/Budapest',1,'2019-03-03 23:00:00','2019-03-03 23:00:00');
INSERT INTO `__PREFIX__cities` (`country_code`, `name`, `longitude`, `latitude`, `feature_class`, `feature_code`, `subadmin1_code`, `subadmin2_code`, `population`, `time_zone`, `active`, `created_at`, `updated_at`) VALUES ('HU','{\"en\":\"Szabadszállás\"}',19.22,46.88,'P','PPL','HU.01',NULL,6605,'Europe/Budapest',1,'2012-01-17 23:00:00','2012-01-17 23:00:00');
INSERT INTO `__PREFIX__cities` (`country_code`, `name`, `longitude`, `latitude`, `feature_class`, `feature_code`, `subadmin1_code`, `subadmin2_code`, `population`, `time_zone`, `active`, `created_at`, `updated_at`) VALUES ('HU','{\"en\":\"Sümeg\"}',17.28,46.98,'P','PPL','HU.23',NULL,6726,'Europe/Budapest',1,'2020-08-02 23:00:00','2020-08-02 23:00:00');
INSERT INTO `__PREFIX__cities` (`country_code`, `name`, `longitude`, `latitude`, `feature_class`, `feature_code`, `subadmin1_code`, `subadmin2_code`, `population`, `time_zone`, `active`, `created_at`, `updated_at`) VALUES ('HU','{\"en\":\"Sopron\"}',16.59,47.69,'P','PPL','HU.09',NULL,57210,'Europe/Budapest',1,'2021-05-27 23:00:00','2021-05-27 23:00:00');
INSERT INTO `__PREFIX__cities` (`country_code`, `name`, `longitude`, `latitude`, `feature_class`, `feature_code`, `subadmin1_code`, `subadmin2_code`, `population`, `time_zone`, `active`, `created_at`, `updated_at`) VALUES ('HU','{\"en\":\"Solymár\"}',18.93,47.59,'P','PPL','HU.16',NULL,9242,'Europe/Budapest',1,'2021-05-27 23:00:00','2021-05-27 23:00:00');
INSERT INTO `__PREFIX__cities` (`country_code`, `name`, `longitude`, `latitude`, `feature_class`, `feature_code`, `subadmin1_code`, `subadmin2_code`, `population`, `time_zone`, `active`, `created_at`, `updated_at`) VALUES ('HU','{\"en\":\"Soltvadkert\"}',19.39,46.58,'P','PPL','HU.01',NULL,7695,'Europe/Budapest',1,'2012-01-17 23:00:00','2012-01-17 23:00:00');
INSERT INTO `__PREFIX__cities` (`country_code`, `name`, `longitude`, `latitude`, `feature_class`, `feature_code`, `subadmin1_code`, `subadmin2_code`, `population`, `time_zone`, `active`, `created_at`, `updated_at`) VALUES ('HU','{\"en\":\"Solt\"}',19.00,46.80,'P','PPL','HU.01',NULL,6984,'Europe/Budapest',1,'2019-03-03 23:00:00','2019-03-03 23:00:00');
INSERT INTO `__PREFIX__cities` (`country_code`, `name`, `longitude`, `latitude`, `feature_class`, `feature_code`, `subadmin1_code`, `subadmin2_code`, `population`, `time_zone`, `active`, `created_at`, `updated_at`) VALUES ('HU','{\"en\":\"Siófok\"}',18.06,46.90,'P','PPLA2','HU.17',NULL,23028,'Europe/Budapest',1,'2020-06-09 23:00:00','2020-06-09 23:00:00');
INSERT INTO `__PREFIX__cities` (`country_code`, `name`, `longitude`, `latitude`, `feature_class`, `feature_code`, `subadmin1_code`, `subadmin2_code`, `population`, `time_zone`, `active`, `created_at`, `updated_at`) VALUES ('HU','{\"en\":\"Siklós\"}',18.30,45.85,'P','PPLA2','HU.02',NULL,10180,'Europe/Budapest',1,'2015-06-16 23:00:00','2015-06-16 23:00:00');
INSERT INTO `__PREFIX__cities` (`country_code`, `name`, `longitude`, `latitude`, `feature_class`, `feature_code`, `subadmin1_code`, `subadmin2_code`, `population`, `time_zone`, `active`, `created_at`, `updated_at`) VALUES ('HU','{\"en\":\"Sárvár\"}',16.94,47.25,'P','PPL','HU.22',NULL,15343,'Europe/Budapest',1,'2021-06-08 23:00:00','2021-06-08 23:00:00');
INSERT INTO `__PREFIX__cities` (`country_code`, `name`, `longitude`, `latitude`, `feature_class`, `feature_code`, `subadmin1_code`, `subadmin2_code`, `population`, `time_zone`, `active`, `created_at`, `updated_at`) VALUES ('HU','{\"en\":\"Sárbogárd\"}',18.62,46.89,'P','PPL','HU.08',NULL,13424,'Europe/Budapest',1,'2007-04-25 23:00:00','2007-04-25 23:00:00');
INSERT INTO `__PREFIX__cities` (`country_code`, `name`, `longitude`, `latitude`, `feature_class`, `feature_code`, `subadmin1_code`, `subadmin2_code`, `population`, `time_zone`, `active`, `created_at`, `updated_at`) VALUES ('HU','{\"en\":\"Salgótarján\"}',19.80,48.10,'P','PPLA','HU.14',NULL,39640,'Europe/Budapest',1,'2019-02-09 23:00:00','2019-02-09 23:00:00');
INSERT INTO `__PREFIX__cities` (`country_code`, `name`, `longitude`, `latitude`, `feature_class`, `feature_code`, `subadmin1_code`, `subadmin2_code`, `population`, `time_zone`, `active`, `created_at`, `updated_at`) VALUES ('HU','{\"en\":\"Ráckeve\"}',18.94,47.16,'P','PPLA2','HU.16',NULL,9229,'Europe/Budapest',1,'2019-10-06 23:00:00','2019-10-06 23:00:00');
INSERT INTO `__PREFIX__cities` (`country_code`, `name`, `longitude`, `latitude`, `feature_class`, `feature_code`, `subadmin1_code`, `subadmin2_code`, `population`, `time_zone`, `active`, `created_at`, `updated_at`) VALUES ('HU','{\"en\":\"Pusztaszabolcs\"}',18.77,47.14,'P','PPL','HU.08',NULL,6355,'Europe/Budapest',1,'2012-05-05 23:00:00','2012-05-05 23:00:00');
INSERT INTO `__PREFIX__cities` (`country_code`, `name`, `longitude`, `latitude`, `feature_class`, `feature_code`, `subadmin1_code`, `subadmin2_code`, `population`, `time_zone`, `active`, `created_at`, `updated_at`) VALUES ('HU','{\"en\":\"Pomáz\"}',19.03,47.64,'P','PPL','HU.16','HU.16.135',14917,'Europe/Budapest',1,'2021-06-08 23:00:00','2021-06-08 23:00:00');
INSERT INTO `__PREFIX__cities` (`country_code`, `name`, `longitude`, `latitude`, `feature_class`, `feature_code`, `subadmin1_code`, `subadmin2_code`, `population`, `time_zone`, `active`, `created_at`, `updated_at`) VALUES ('HU','{\"en\":\"Polgárdi\"}',18.30,47.06,'P','PPLA2','HU.08',NULL,6564,'Europe/Budapest',1,'2014-11-04 23:00:00','2014-11-04 23:00:00');
INSERT INTO `__PREFIX__cities` (`country_code`, `name`, `longitude`, `latitude`, `feature_class`, `feature_code`, `subadmin1_code`, `subadmin2_code`, `population`, `time_zone`, `active`, `created_at`, `updated_at`) VALUES ('HU','{\"en\":\"Pilisvörösvár\"}',18.91,47.61,'P','PPL','HU.16',NULL,13150,'Europe/Budapest',1,'2021-06-09 23:00:00','2021-06-09 23:00:00');
INSERT INTO `__PREFIX__cities` (`country_code`, `name`, `longitude`, `latitude`, `feature_class`, `feature_code`, `subadmin1_code`, `subadmin2_code`, `population`, `time_zone`, `active`, `created_at`, `updated_at`) VALUES ('HU','{\"en\":\"Piliscsaba\"}',18.83,47.63,'P','PPL','HU.16',NULL,6468,'Europe/Budapest',1,'2012-01-17 23:00:00','2012-01-17 23:00:00');
INSERT INTO `__PREFIX__cities` (`country_code`, `name`, `longitude`, `latitude`, `feature_class`, `feature_code`, `subadmin1_code`, `subadmin2_code`, `population`, `time_zone`, `active`, `created_at`, `updated_at`) VALUES ('HU','{\"en\":\"Pilis\"}',19.55,47.29,'P','PPL','HU.16',NULL,11102,'Europe/Budapest',1,'2012-02-01 23:00:00','2012-02-01 23:00:00');
INSERT INTO `__PREFIX__cities` (`country_code`, `name`, `longitude`, `latitude`, `feature_class`, `feature_code`, `subadmin1_code`, `subadmin2_code`, `population`, `time_zone`, `active`, `created_at`, `updated_at`) VALUES ('HU','{\"en\":\"Pécs\"}',18.23,46.07,'P','PPLA','HU.02',NULL,156649,'Europe/Budapest',1,'2020-06-09 23:00:00','2020-06-09 23:00:00');
INSERT INTO `__PREFIX__cities` (`country_code`, `name`, `longitude`, `latitude`, `feature_class`, `feature_code`, `subadmin1_code`, `subadmin2_code`, `population`, `time_zone`, `active`, `created_at`, `updated_at`) VALUES ('HU','{\"en\":\"Pécel\"}',19.34,47.49,'P','PPL','HU.16',NULL,13193,'Europe/Budapest',1,'2012-05-05 23:00:00','2012-05-05 23:00:00');
INSERT INTO `__PREFIX__cities` (`country_code`, `name`, `longitude`, `latitude`, `feature_class`, `feature_code`, `subadmin1_code`, `subadmin2_code`, `population`, `time_zone`, `active`, `created_at`, `updated_at`) VALUES ('HU','{\"en\":\"Páty\"}',18.83,47.52,'P','PPL','HU.16',NULL,5475,'Europe/Budapest',1,'2012-05-05 23:00:00','2012-05-05 23:00:00');
INSERT INTO `__PREFIX__cities` (`country_code`, `name`, `longitude`, `latitude`, `feature_class`, `feature_code`, `subadmin1_code`, `subadmin2_code`, `population`, `time_zone`, `active`, `created_at`, `updated_at`) VALUES ('HU','{\"en\":\"Pásztó\"}',19.70,47.92,'P','PPLA2','HU.14',NULL,10119,'Europe/Budapest',1,'2020-06-09 23:00:00','2020-06-09 23:00:00');
INSERT INTO `__PREFIX__cities` (`country_code`, `name`, `longitude`, `latitude`, `feature_class`, `feature_code`, `subadmin1_code`, `subadmin2_code`, `population`, `time_zone`, `active`, `created_at`, `updated_at`) VALUES ('HU','{\"en\":\"Parádsasvár\"}',19.98,47.91,'P','PPL','HU.11',NULL,76000,'Europe/Budapest',1,'2009-02-28 23:00:00','2009-02-28 23:00:00');
INSERT INTO `__PREFIX__cities` (`country_code`, `name`, `longitude`, `latitude`, `feature_class`, `feature_code`, `subadmin1_code`, `subadmin2_code`, `population`, `time_zone`, `active`, `created_at`, `updated_at`) VALUES ('HU','{\"en\":\"Pápa\"}',17.47,47.33,'P','PPLA2','HU.23',NULL,32990,'Europe/Budapest',1,'2015-06-16 23:00:00','2015-06-16 23:00:00');
INSERT INTO `__PREFIX__cities` (`country_code`, `name`, `longitude`, `latitude`, `feature_class`, `feature_code`, `subadmin1_code`, `subadmin2_code`, `population`, `time_zone`, `active`, `created_at`, `updated_at`) VALUES ('HU','{\"en\":\"Paks\"}',18.86,46.62,'P','PPLA2','HU.21',NULL,20638,'Europe/Budapest',1,'2019-03-03 23:00:00','2019-03-03 23:00:00');
INSERT INTO `__PREFIX__cities` (`country_code`, `name`, `longitude`, `latitude`, `feature_class`, `feature_code`, `subadmin1_code`, `subadmin2_code`, `population`, `time_zone`, `active`, `created_at`, `updated_at`) VALUES ('HU','{\"en\":\"Oroszlány\"}',18.31,47.49,'P','PPLA2','HU.12',NULL,20271,'Europe/Budapest',1,'2014-11-04 23:00:00','2014-11-04 23:00:00');
INSERT INTO `__PREFIX__cities` (`country_code`, `name`, `longitude`, `latitude`, `feature_class`, `feature_code`, `subadmin1_code`, `subadmin2_code`, `population`, `time_zone`, `active`, `created_at`, `updated_at`) VALUES ('HU','{\"en\":\"Örkény\"}',19.43,47.13,'P','PPL','HU.16',NULL,5119,'Europe/Budapest',1,'2012-01-17 23:00:00','2012-01-17 23:00:00');
INSERT INTO `__PREFIX__cities` (`country_code`, `name`, `longitude`, `latitude`, `feature_class`, `feature_code`, `subadmin1_code`, `subadmin2_code`, `population`, `time_zone`, `active`, `created_at`, `updated_at`) VALUES ('HU','{\"en\":\"Őrbottyán\"}',19.28,47.69,'P','PPL','HU.16',NULL,5495,'Europe/Budapest',1,'2012-01-17 23:00:00','2012-01-17 23:00:00');
INSERT INTO `__PREFIX__cities` (`country_code`, `name`, `longitude`, `latitude`, `feature_class`, `feature_code`, `subadmin1_code`, `subadmin2_code`, `population`, `time_zone`, `active`, `created_at`, `updated_at`) VALUES ('HU','{\"en\":\"Ócsa\"}',19.23,47.30,'P','PPL','HU.16',NULL,9097,'Europe/Budapest',1,'2020-06-09 23:00:00','2020-06-09 23:00:00');
INSERT INTO `__PREFIX__cities` (`country_code`, `name`, `longitude`, `latitude`, `feature_class`, `feature_code`, `subadmin1_code`, `subadmin2_code`, `population`, `time_zone`, `active`, `created_at`, `updated_at`) VALUES ('HU','{\"en\":\"Nyergesújfalu\"}',18.56,47.76,'P','PPL','HU.12',NULL,7667,'Europe/Budapest',1,'2021-05-27 23:00:00','2021-05-27 23:00:00');
INSERT INTO `__PREFIX__cities` (`country_code`, `name`, `longitude`, `latitude`, `feature_class`, `feature_code`, `subadmin1_code`, `subadmin2_code`, `population`, `time_zone`, `active`, `created_at`, `updated_at`) VALUES ('HU','{\"en\":\"Nagykőrös\"}',19.78,47.03,'P','PPLA2','HU.16',NULL,26711,'Europe/Budapest',1,'2014-11-04 23:00:00','2014-11-04 23:00:00');
INSERT INTO `__PREFIX__cities` (`country_code`, `name`, `longitude`, `latitude`, `feature_class`, `feature_code`, `subadmin1_code`, `subadmin2_code`, `population`, `time_zone`, `active`, `created_at`, `updated_at`) VALUES ('HU','{\"en\":\"Nagykáta\"}',19.74,47.42,'P','PPLA2','HU.16',NULL,13322,'Europe/Budapest',1,'2014-11-04 23:00:00','2014-11-04 23:00:00');
INSERT INTO `__PREFIX__cities` (`country_code`, `name`, `longitude`, `latitude`, `feature_class`, `feature_code`, `subadmin1_code`, `subadmin2_code`, `population`, `time_zone`, `active`, `created_at`, `updated_at`) VALUES ('HU','{\"en\":\"Nagykanizsa\"}',16.99,46.45,'P','PPL','HU.24',NULL,50823,'Europe/Budapest',1,'2021-05-28 23:00:00','2021-05-28 23:00:00');
INSERT INTO `__PREFIX__cities` (`country_code`, `name`, `longitude`, `latitude`, `feature_class`, `feature_code`, `subadmin1_code`, `subadmin2_code`, `population`, `time_zone`, `active`, `created_at`, `updated_at`) VALUES ('HU','{\"en\":\"Nagyatád\"}',17.36,46.23,'P','PPL','HU.17',NULL,11843,'Europe/Budapest',1,'2010-04-01 23:00:00','2010-04-01 23:00:00');
INSERT INTO `__PREFIX__cities` (`country_code`, `name`, `longitude`, `latitude`, `feature_class`, `feature_code`, `subadmin1_code`, `subadmin2_code`, `population`, `time_zone`, `active`, `created_at`, `updated_at`) VALUES ('HU','{\"en\":\"Mosonmagyaróvár\"}',17.27,47.87,'P','PPLA2','HU.09',NULL,30359,'Europe/Budapest',1,'2021-05-27 23:00:00','2021-05-27 23:00:00');
INSERT INTO `__PREFIX__cities` (`country_code`, `name`, `longitude`, `latitude`, `feature_class`, `feature_code`, `subadmin1_code`, `subadmin2_code`, `population`, `time_zone`, `active`, `created_at`, `updated_at`) VALUES ('HU','{\"en\":\"Mórahalom\"}',19.89,46.22,'P','PPLA2','HU.06',NULL,5445,'Europe/Budapest',1,'2014-11-04 23:00:00','2014-11-04 23:00:00');
INSERT INTO `__PREFIX__cities` (`country_code`, `name`, `longitude`, `latitude`, `feature_class`, `feature_code`, `subadmin1_code`, `subadmin2_code`, `population`, `time_zone`, `active`, `created_at`, `updated_at`) VALUES ('HU','{\"en\":\"Mór\"}',18.20,47.38,'P','PPLA2','HU.08',NULL,14690,'Europe/Budapest',1,'2021-05-27 23:00:00','2021-05-27 23:00:00');
INSERT INTO `__PREFIX__cities` (`country_code`, `name`, `longitude`, `latitude`, `feature_class`, `feature_code`, `subadmin1_code`, `subadmin2_code`, `population`, `time_zone`, `active`, `created_at`, `updated_at`) VALUES ('HU','{\"en\":\"Monor\"}',19.45,47.35,'P','PPLA2','HU.16',NULL,21720,'Europe/Budapest',1,'2014-11-04 23:00:00','2014-11-04 23:00:00');
INSERT INTO `__PREFIX__cities` (`country_code`, `name`, `longitude`, `latitude`, `feature_class`, `feature_code`, `subadmin1_code`, `subadmin2_code`, `population`, `time_zone`, `active`, `created_at`, `updated_at`) VALUES ('HU','{\"en\":\"Mohács\"}',18.69,45.99,'P','PPLA2','HU.02',NULL,18711,'Europe/Budapest',1,'2021-05-27 23:00:00','2021-05-27 23:00:00');
INSERT INTO `__PREFIX__cities` (`country_code`, `name`, `longitude`, `latitude`, `feature_class`, `feature_code`, `subadmin1_code`, `subadmin2_code`, `population`, `time_zone`, `active`, `created_at`, `updated_at`) VALUES ('HU','{\"en\":\"Mélykút\"}',19.38,46.22,'P','PPL','HU.01',NULL,5766,'Europe/Budapest',1,'2013-04-03 23:00:00','2013-04-03 23:00:00');
INSERT INTO `__PREFIX__cities` (`country_code`, `name`, `longitude`, `latitude`, `feature_class`, `feature_code`, `subadmin1_code`, `subadmin2_code`, `population`, `time_zone`, `active`, `created_at`, `updated_at`) VALUES ('HU','{\"en\":\"Martonvásár\"}',18.79,47.32,'P','PPLA2','HU.08',NULL,5166,'Europe/Budapest',1,'2014-11-04 23:00:00','2014-11-04 23:00:00');
INSERT INTO `__PREFIX__cities` (`country_code`, `name`, `longitude`, `latitude`, `feature_class`, `feature_code`, `subadmin1_code`, `subadmin2_code`, `population`, `time_zone`, `active`, `created_at`, `updated_at`) VALUES ('HU','{\"en\":\"Marcali\"}',17.41,46.58,'P','PPLA2','HU.17',NULL,12344,'Europe/Budapest',1,'2014-11-04 23:00:00','2014-11-04 23:00:00');
INSERT INTO `__PREFIX__cities` (`country_code`, `name`, `longitude`, `latitude`, `feature_class`, `feature_code`, `subadmin1_code`, `subadmin2_code`, `population`, `time_zone`, `active`, `created_at`, `updated_at`) VALUES ('HU','{\"en\":\"Maglód\"}',19.36,47.44,'P','PPL','HU.16',NULL,10144,'Europe/Budapest',1,'2012-05-05 23:00:00','2012-05-05 23:00:00');
INSERT INTO `__PREFIX__cities` (`country_code`, `name`, `longitude`, `latitude`, `feature_class`, `feature_code`, `subadmin1_code`, `subadmin2_code`, `population`, `time_zone`, `active`, `created_at`, `updated_at`) VALUES ('HU','{\"en\":\"Lőrinci\"}',19.68,47.73,'P','PPL','HU.11',NULL,6089,'Europe/Budapest',1,'2012-01-17 23:00:00','2012-01-17 23:00:00');
INSERT INTO `__PREFIX__cities` (`country_code`, `name`, `longitude`, `latitude`, `feature_class`, `feature_code`, `subadmin1_code`, `subadmin2_code`, `population`, `time_zone`, `active`, `created_at`, `updated_at`) VALUES ('HU','{\"en\":\"Lenti\"}',16.54,46.62,'P','PPLA2','HU.24',NULL,8399,'Europe/Budapest',1,'2014-11-04 23:00:00','2014-11-04 23:00:00');
INSERT INTO `__PREFIX__cities` (`country_code`, `name`, `longitude`, `latitude`, `feature_class`, `feature_code`, `subadmin1_code`, `subadmin2_code`, `population`, `time_zone`, `active`, `created_at`, `updated_at`) VALUES ('HU','{\"en\":\"Lajosmizse\"}',19.56,47.02,'P','PPL','HU.01',NULL,11034,'Europe/Budapest',1,'2012-01-17 23:00:00','2012-01-17 23:00:00');
INSERT INTO `__PREFIX__cities` (`country_code`, `name`, `longitude`, `latitude`, `feature_class`, `feature_code`, `subadmin1_code`, `subadmin2_code`, `population`, `time_zone`, `active`, `created_at`, `updated_at`) VALUES ('HU','{\"en\":\"Lábatlan\"}',18.50,47.75,'P','PPL','HU.12',NULL,5357,'Europe/Budapest',1,'2020-06-09 23:00:00','2020-06-09 23:00:00');
INSERT INTO `__PREFIX__cities` (`country_code`, `name`, `longitude`, `latitude`, `feature_class`, `feature_code`, `subadmin1_code`, `subadmin2_code`, `population`, `time_zone`, `active`, `created_at`, `updated_at`) VALUES ('HU','{\"en\":\"Kunszentmiklós\"}',19.13,47.03,'P','PPLA2','HU.01',NULL,8976,'Europe/Budapest',1,'2014-11-04 23:00:00','2014-11-04 23:00:00');
INSERT INTO `__PREFIX__cities` (`country_code`, `name`, `longitude`, `latitude`, `feature_class`, `feature_code`, `subadmin1_code`, `subadmin2_code`, `population`, `time_zone`, `active`, `created_at`, `updated_at`) VALUES ('HU','{\"en\":\"Kőszeg\"}',16.54,47.39,'P','PPLA2','HU.22',NULL,11500,'Europe/Budapest',1,'2015-06-16 23:00:00','2015-06-16 23:00:00');
INSERT INTO `__PREFIX__cities` (`country_code`, `name`, `longitude`, `latitude`, `feature_class`, `feature_code`, `subadmin1_code`, `subadmin2_code`, `population`, `time_zone`, `active`, `created_at`, `updated_at`) VALUES ('HU','{\"en\":\"Körmend\"}',16.61,47.01,'P','PPL','HU.22',NULL,12368,'Europe/Budapest',1,'2008-07-21 23:00:00','2008-07-21 23:00:00');
INSERT INTO `__PREFIX__cities` (`country_code`, `name`, `longitude`, `latitude`, `feature_class`, `feature_code`, `subadmin1_code`, `subadmin2_code`, `population`, `time_zone`, `active`, `created_at`, `updated_at`) VALUES ('HU','{\"en\":\"Komló\"}',18.26,46.19,'P','PPL','HU.02',NULL,26924,'Europe/Budapest',1,'2021-05-31 23:00:00','2021-05-31 23:00:00');
INSERT INTO `__PREFIX__cities` (`country_code`, `name`, `longitude`, `latitude`, `feature_class`, `feature_code`, `subadmin1_code`, `subadmin2_code`, `population`, `time_zone`, `active`, `created_at`, `updated_at`) VALUES ('HU','{\"en\":\"Komárom\"}',18.12,47.74,'P','PPLA2','HU.12',NULL,19646,'Europe/Budapest',1,'2021-12-19 23:00:00','2021-12-19 23:00:00');
INSERT INTO `__PREFIX__cities` (`country_code`, `name`, `longitude`, `latitude`, `feature_class`, `feature_code`, `subadmin1_code`, `subadmin2_code`, `population`, `time_zone`, `active`, `created_at`, `updated_at`) VALUES ('HU','{\"en\":\"Kőbánya\"}',19.14,47.48,'P','PPLX','HU.05','HU.05.010',78414,'Europe/Budapest',1,'2020-09-01 23:00:00','2020-09-01 23:00:00');
INSERT INTO `__PREFIX__cities` (`country_code`, `name`, `longitude`, `latitude`, `feature_class`, `feature_code`, `subadmin1_code`, `subadmin2_code`, `population`, `time_zone`, `active`, `created_at`, `updated_at`) VALUES ('HU','{\"en\":\"Kistelek\"}',19.98,46.47,'P','PPLA2','HU.06',NULL,7430,'Europe/Budapest',1,'2014-11-04 23:00:00','2014-11-04 23:00:00');
INSERT INTO `__PREFIX__cities` (`country_code`, `name`, `longitude`, `latitude`, `feature_class`, `feature_code`, `subadmin1_code`, `subadmin2_code`, `population`, `time_zone`, `active`, `created_at`, `updated_at`) VALUES ('HU','{\"en\":\"Kispest\"}',19.14,47.45,'P','PPLX','HU.05',NULL,61453,'Europe/Budapest',1,'2020-09-01 23:00:00','2020-09-01 23:00:00');
INSERT INTO `__PREFIX__cities` (`country_code`, `name`, `longitude`, `latitude`, `feature_class`, `feature_code`, `subadmin1_code`, `subadmin2_code`, `population`, `time_zone`, `active`, `created_at`, `updated_at`) VALUES ('HU','{\"en\":\"Kiskunmajsa\"}',19.74,46.49,'P','PPLA2','HU.01',NULL,11955,'Europe/Budapest',1,'2014-11-04 23:00:00','2014-11-04 23:00:00');
INSERT INTO `__PREFIX__cities` (`country_code`, `name`, `longitude`, `latitude`, `feature_class`, `feature_code`, `subadmin1_code`, `subadmin2_code`, `population`, `time_zone`, `active`, `created_at`, `updated_at`) VALUES ('HU','{\"en\":\"Kiskunlacháza\"}',19.01,47.19,'P','PPL','HU.16',NULL,8980,'Europe/Budapest',1,'2012-01-17 23:00:00','2012-01-17 23:00:00');
INSERT INTO `__PREFIX__cities` (`country_code`, `name`, `longitude`, `latitude`, `feature_class`, `feature_code`, `subadmin1_code`, `subadmin2_code`, `population`, `time_zone`, `active`, `created_at`, `updated_at`) VALUES ('HU','{\"en\":\"Kiskunhalas\"}',19.48,46.43,'P','PPLA2','HU.01',NULL,29354,'Europe/Budapest',1,'2021-06-05 23:00:00','2021-06-05 23:00:00');
INSERT INTO `__PREFIX__cities` (`country_code`, `name`, `longitude`, `latitude`, `feature_class`, `feature_code`, `subadmin1_code`, `subadmin2_code`, `population`, `time_zone`, `active`, `created_at`, `updated_at`) VALUES ('HU','{\"en\":\"Kiskunfélegyháza\"}',19.84,46.71,'P','PPLA2','HU.01',NULL,31720,'Europe/Budapest',1,'2021-05-29 23:00:00','2021-05-29 23:00:00');
INSERT INTO `__PREFIX__cities` (`country_code`, `name`, `longitude`, `latitude`, `feature_class`, `feature_code`, `subadmin1_code`, `subadmin2_code`, `population`, `time_zone`, `active`, `created_at`, `updated_at`) VALUES ('HU','{\"en\":\"Kiskőrös\"}',19.29,46.62,'P','PPLA2','HU.01',NULL,15091,'Europe/Budapest',1,'2014-11-04 23:00:00','2014-11-04 23:00:00');
INSERT INTO `__PREFIX__cities` (`country_code`, `name`, `longitude`, `latitude`, `feature_class`, `feature_code`, `subadmin1_code`, `subadmin2_code`, `population`, `time_zone`, `active`, `created_at`, `updated_at`) VALUES ('HU','{\"en\":\"Kisbér\"}',18.04,47.50,'P','PPLA2','HU.12',NULL,5850,'Europe/Budapest',1,'2020-06-09 23:00:00','2020-06-09 23:00:00');
INSERT INTO `__PREFIX__cities` (`country_code`, `name`, `longitude`, `latitude`, `feature_class`, `feature_code`, `subadmin1_code`, `subadmin2_code`, `population`, `time_zone`, `active`, `created_at`, `updated_at`) VALUES ('HU','{\"en\":\"Keszthely\"}',17.24,46.77,'P','PPLA2','HU.24',NULL,21534,'Europe/Budapest',1,'2015-06-16 23:00:00','2015-06-16 23:00:00');
INSERT INTO `__PREFIX__cities` (`country_code`, `name`, `longitude`, `latitude`, `feature_class`, `feature_code`, `subadmin1_code`, `subadmin2_code`, `population`, `time_zone`, `active`, `created_at`, `updated_at`) VALUES ('HU','{\"en\":\"Kistarcsa\"}',19.26,47.55,'P','PPL','HU.16',NULL,10986,'Europe/Budapest',1,'2010-04-01 23:00:00','2010-04-01 23:00:00');
INSERT INTO `__PREFIX__cities` (`country_code`, `name`, `longitude`, `latitude`, `feature_class`, `feature_code`, `subadmin1_code`, `subadmin2_code`, `population`, `time_zone`, `active`, `created_at`, `updated_at`) VALUES ('HU','{\"en\":\"Kerekegyháza\"}',19.48,46.94,'P','PPL','HU.01',NULL,5983,'Europe/Budapest',1,'2012-01-17 23:00:00','2012-01-17 23:00:00');
INSERT INTO `__PREFIX__cities` (`country_code`, `name`, `longitude`, `latitude`, `feature_class`, `feature_code`, `subadmin1_code`, `subadmin2_code`, `population`, `time_zone`, `active`, `created_at`, `updated_at`) VALUES ('HU','{\"en\":\"Kecskemét\"}',19.69,46.91,'P','PPLA','HU.01',NULL,109847,'Europe/Budapest',1,'2021-05-27 23:00:00','2021-05-27 23:00:00');
INSERT INTO `__PREFIX__cities` (`country_code`, `name`, `longitude`, `latitude`, `feature_class`, `feature_code`, `subadmin1_code`, `subadmin2_code`, `population`, `time_zone`, `active`, `created_at`, `updated_at`) VALUES ('HU','{\"en\":\"Kecel\"}',19.25,46.53,'P','PPL','HU.01',NULL,9155,'Europe/Budapest',1,'2012-01-17 23:00:00','2012-01-17 23:00:00');
INSERT INTO `__PREFIX__cities` (`country_code`, `name`, `longitude`, `latitude`, `feature_class`, `feature_code`, `subadmin1_code`, `subadmin2_code`, `population`, `time_zone`, `active`, `created_at`, `updated_at`) VALUES ('HU','{\"en\":\"Kartal\"}',19.54,47.67,'P','PPL','HU.16',NULL,6017,'Europe/Budapest',1,'2012-05-05 23:00:00','2012-05-05 23:00:00');
INSERT INTO `__PREFIX__cities` (`country_code`, `name`, `longitude`, `latitude`, `feature_class`, `feature_code`, `subadmin1_code`, `subadmin2_code`, `population`, `time_zone`, `active`, `created_at`, `updated_at`) VALUES ('HU','{\"en\":\"Kapuvár\"}',17.03,47.59,'P','PPLA2','HU.09',NULL,10661,'Europe/Budapest',1,'2020-06-09 23:00:00','2020-06-09 23:00:00');
INSERT INTO `__PREFIX__cities` (`country_code`, `name`, `longitude`, `latitude`, `feature_class`, `feature_code`, `subadmin1_code`, `subadmin2_code`, `population`, `time_zone`, `active`, `created_at`, `updated_at`) VALUES ('HU','{\"en\":\"Kaposvár\"}',17.80,46.37,'P','PPLA','HU.17',NULL,67746,'Europe/Budapest',1,'2020-06-09 23:00:00','2020-06-09 23:00:00');
INSERT INTO `__PREFIX__cities` (`country_code`, `name`, `longitude`, `latitude`, `feature_class`, `feature_code`, `subadmin1_code`, `subadmin2_code`, `population`, `time_zone`, `active`, `created_at`, `updated_at`) VALUES ('HU','{\"en\":\"Kalocsa\"}',18.97,46.53,'P','PPLA2','HU.01',NULL,18242,'Europe/Budapest',1,'2019-03-03 23:00:00','2019-03-03 23:00:00');
INSERT INTO `__PREFIX__cities` (`country_code`, `name`, `longitude`, `latitude`, `feature_class`, `feature_code`, `subadmin1_code`, `subadmin2_code`, `population`, `time_zone`, `active`, `created_at`, `updated_at`) VALUES ('HU','{\"en\":\"Jászberény\"}',19.92,47.50,'P','PPLA2','HU.20',NULL,27835,'Europe/Budapest',1,'2021-05-29 23:00:00','2021-05-29 23:00:00');
INSERT INTO `__PREFIX__cities` (`country_code`, `name`, `longitude`, `latitude`, `feature_class`, `feature_code`, `subadmin1_code`, `subadmin2_code`, `population`, `time_zone`, `active`, `created_at`, `updated_at`) VALUES ('HU','{\"en\":\"Jászárokszállás\"}',19.98,47.64,'P','PPL','HU.20',NULL,8107,'Europe/Budapest',1,'2012-01-17 23:00:00','2012-01-17 23:00:00');
INSERT INTO `__PREFIX__cities` (`country_code`, `name`, `longitude`, `latitude`, `feature_class`, `feature_code`, `subadmin1_code`, `subadmin2_code`, `population`, `time_zone`, `active`, `created_at`, `updated_at`) VALUES ('HU','{\"en\":\"Jánossomorja\"}',17.14,47.79,'P','PPL','HU.09',NULL,5985,'Europe/Budapest',1,'2021-05-27 23:00:00','2021-05-27 23:00:00');
INSERT INTO `__PREFIX__cities` (`country_code`, `name`, `longitude`, `latitude`, `feature_class`, `feature_code`, `subadmin1_code`, `subadmin2_code`, `population`, `time_zone`, `active`, `created_at`, `updated_at`) VALUES ('HU','{\"en\":\"Jánoshalma\"}',19.33,46.30,'P','PPLA2','HU.01',NULL,9755,'Europe/Budapest',1,'2014-11-04 23:00:00','2014-11-04 23:00:00');
INSERT INTO `__PREFIX__cities` (`country_code`, `name`, `longitude`, `latitude`, `feature_class`, `feature_code`, `subadmin1_code`, `subadmin2_code`, `population`, `time_zone`, `active`, `created_at`, `updated_at`) VALUES ('HU','{\"en\":\"Izsák\"}',19.35,46.80,'P','PPL','HU.01',NULL,6117,'Europe/Budapest',1,'2012-01-17 23:00:00','2012-01-17 23:00:00');
INSERT INTO `__PREFIX__cities` (`country_code`, `name`, `longitude`, `latitude`, `feature_class`, `feature_code`, `subadmin1_code`, `subadmin2_code`, `population`, `time_zone`, `active`, `created_at`, `updated_at`) VALUES ('HU','{\"en\":\"Isaszeg\"}',19.40,47.53,'P','PPL','HU.16',NULL,10754,'Europe/Budapest',1,'2012-05-05 23:00:00','2012-05-05 23:00:00');
INSERT INTO `__PREFIX__cities` (`country_code`, `name`, `longitude`, `latitude`, `feature_class`, `feature_code`, `subadmin1_code`, `subadmin2_code`, `population`, `time_zone`, `active`, `created_at`, `updated_at`) VALUES ('HU','{\"en\":\"Hatvan\"}',19.68,47.67,'P','PPLA2','HU.11',NULL,22710,'Europe/Budapest',1,'2014-11-04 23:00:00','2014-11-04 23:00:00');
INSERT INTO `__PREFIX__cities` (`country_code`, `name`, `longitude`, `latitude`, `feature_class`, `feature_code`, `subadmin1_code`, `subadmin2_code`, `population`, `time_zone`, `active`, `created_at`, `updated_at`) VALUES ('HU','{\"en\":\"Halásztelek\"}',18.98,47.36,'P','PPL','HU.16',NULL,7245,'Europe/Budapest',1,'2021-06-21 23:00:00','2021-06-21 23:00:00');
INSERT INTO `__PREFIX__cities` (`country_code`, `name`, `longitude`, `latitude`, `feature_class`, `feature_code`, `subadmin1_code`, `subadmin2_code`, `population`, `time_zone`, `active`, `created_at`, `updated_at`) VALUES ('HU','{\"en\":\"Győr\"}',17.64,47.68,'P','PPLA','HU.09',NULL,128265,'Europe/Budapest',1,'2019-10-06 23:00:00','2019-10-06 23:00:00');
INSERT INTO `__PREFIX__cities` (`country_code`, `name`, `longitude`, `latitude`, `feature_class`, `feature_code`, `subadmin1_code`, `subadmin2_code`, `population`, `time_zone`, `active`, `created_at`, `updated_at`) VALUES ('HU','{\"en\":\"Gyöngyös\"}',19.93,47.78,'P','PPLA2','HU.11',NULL,32938,'Europe/Budapest',1,'2021-05-29 23:00:00','2021-05-29 23:00:00');
INSERT INTO `__PREFIX__cities` (`country_code`, `name`, `longitude`, `latitude`, `feature_class`, `feature_code`, `subadmin1_code`, `subadmin2_code`, `population`, `time_zone`, `active`, `created_at`, `updated_at`) VALUES ('HU','{\"en\":\"Gyömrő\"}',19.40,47.43,'P','PPL','HU.16',NULL,14155,'Europe/Budapest',1,'2012-01-17 23:00:00','2012-01-17 23:00:00');
INSERT INTO `__PREFIX__cities` (`country_code`, `name`, `longitude`, `latitude`, `feature_class`, `feature_code`, `subadmin1_code`, `subadmin2_code`, `population`, `time_zone`, `active`, `created_at`, `updated_at`) VALUES ('HU','{\"en\":\"Gyál\"}',19.22,47.38,'P','PPLA2','HU.16',NULL,21937,'Europe/Budapest',1,'2014-11-04 23:00:00','2014-11-04 23:00:00');
INSERT INTO `__PREFIX__cities` (`country_code`, `name`, `longitude`, `latitude`, `feature_class`, `feature_code`, `subadmin1_code`, `subadmin2_code`, `population`, `time_zone`, `active`, `created_at`, `updated_at`) VALUES ('HU','{\"en\":\"Gödöllő\"}',19.36,47.60,'P','PPLA2','HU.16',NULL,32374,'Europe/Budapest',1,'2021-06-03 23:00:00','2021-06-03 23:00:00');
INSERT INTO `__PREFIX__cities` (`country_code`, `name`, `longitude`, `latitude`, `feature_class`, `feature_code`, `subadmin1_code`, `subadmin2_code`, `population`, `time_zone`, `active`, `created_at`, `updated_at`) VALUES ('HU','{\"en\":\"Göd\"}',19.13,47.68,'P','PPL','HU.16',NULL,15874,'Europe/Budapest',1,'2012-01-17 23:00:00','2012-01-17 23:00:00');
INSERT INTO `__PREFIX__cities` (`country_code`, `name`, `longitude`, `latitude`, `feature_class`, `feature_code`, `subadmin1_code`, `subadmin2_code`, `population`, `time_zone`, `active`, `created_at`, `updated_at`) VALUES ('HU','{\"en\":\"Gárdony\"}',18.64,47.21,'P','PPL','HU.08',NULL,8105,'Europe/Budapest',1,'2012-01-29 23:00:00','2012-01-29 23:00:00');
INSERT INTO `__PREFIX__cities` (`country_code`, `name`, `longitude`, `latitude`, `feature_class`, `feature_code`, `subadmin1_code`, `subadmin2_code`, `population`, `time_zone`, `active`, `created_at`, `updated_at`) VALUES ('HU','{\"en\":\"Fót\"}',19.19,47.62,'P','PPL','HU.16',NULL,16770,'Europe/Budapest',1,'2012-05-05 23:00:00','2012-05-05 23:00:00');
INSERT INTO `__PREFIX__cities` (`country_code`, `name`, `longitude`, `latitude`, `feature_class`, `feature_code`, `subadmin1_code`, `subadmin2_code`, `population`, `time_zone`, `active`, `created_at`, `updated_at`) VALUES ('HU','{\"en\":\"Fonyód\"}',17.58,46.76,'P','PPLA2','HU.17',NULL,5199,'Europe/Budapest',1,'2014-11-04 23:00:00','2014-11-04 23:00:00');
INSERT INTO `__PREFIX__cities` (`country_code`, `name`, `longitude`, `latitude`, `feature_class`, `feature_code`, `subadmin1_code`, `subadmin2_code`, `population`, `time_zone`, `active`, `created_at`, `updated_at`) VALUES ('HU','{\"en\":\"Esztergom\"}',18.74,47.79,'P','PPLA2','HU.12',NULL,28785,'Europe/Budapest',1,'2020-05-15 23:00:00','2020-05-15 23:00:00');
INSERT INTO `__PREFIX__cities` (`country_code`, `name`, `longitude`, `latitude`, `feature_class`, `feature_code`, `subadmin1_code`, `subadmin2_code`, `population`, `time_zone`, `active`, `created_at`, `updated_at`) VALUES ('HU','{\"en\":\"Erzsébetváros\"}',19.07,47.50,'P','PPLX','HU.05','HU.05.007',62000,'Europe/Budapest',1,'2019-09-22 23:00:00','2019-09-22 23:00:00');
INSERT INTO `__PREFIX__cities` (`country_code`, `name`, `longitude`, `latitude`, `feature_class`, `feature_code`, `subadmin1_code`, `subadmin2_code`, `population`, `time_zone`, `active`, `created_at`, `updated_at`) VALUES ('HU','{\"en\":\"Erdőkertes\"}',19.31,47.67,'P','PPL','HU.16',NULL,5996,'Europe/Budapest',1,'2012-01-17 23:00:00','2012-01-17 23:00:00');
INSERT INTO `__PREFIX__cities` (`country_code`, `name`, `longitude`, `latitude`, `feature_class`, `feature_code`, `subadmin1_code`, `subadmin2_code`, `population`, `time_zone`, `active`, `created_at`, `updated_at`) VALUES ('HU','{\"en\":\"Érd\"}',18.91,47.39,'P','PPLA2','HU.16',NULL,62408,'Europe/Budapest',1,'2021-05-27 23:00:00','2021-05-27 23:00:00');
INSERT INTO `__PREFIX__cities` (`country_code`, `name`, `longitude`, `latitude`, `feature_class`, `feature_code`, `subadmin1_code`, `subadmin2_code`, `population`, `time_zone`, `active`, `created_at`, `updated_at`) VALUES ('HU','{\"en\":\"Ercsi\"}',18.90,47.25,'P','PPL','HU.08',NULL,8383,'Europe/Budapest',1,'2012-01-17 23:00:00','2012-01-17 23:00:00');
INSERT INTO `__PREFIX__cities` (`country_code`, `name`, `longitude`, `latitude`, `feature_class`, `feature_code`, `subadmin1_code`, `subadmin2_code`, `population`, `time_zone`, `active`, `created_at`, `updated_at`) VALUES ('HU','{\"en\":\"Enying\"}',18.24,46.93,'P','PPLA2','HU.08',NULL,7171,'Europe/Budapest',1,'2014-11-04 23:00:00','2014-11-04 23:00:00');
INSERT INTO `__PREFIX__cities` (`country_code`, `name`, `longitude`, `latitude`, `feature_class`, `feature_code`, `subadmin1_code`, `subadmin2_code`, `population`, `time_zone`, `active`, `created_at`, `updated_at`) VALUES ('HU','{\"en\":\"Dunavarsány\"}',19.07,47.28,'P','PPL','HU.16',NULL,6016,'Europe/Budapest',1,'2021-06-19 23:00:00','2021-06-19 23:00:00');
INSERT INTO `__PREFIX__cities` (`country_code`, `name`, `longitude`, `latitude`, `feature_class`, `feature_code`, `subadmin1_code`, `subadmin2_code`, `population`, `time_zone`, `active`, `created_at`, `updated_at`) VALUES ('HU','{\"en\":\"Dunaújváros\"}',18.94,46.96,'P','PPL','HU.08',NULL,50084,'Europe/Budapest',1,'2021-05-28 23:00:00','2021-05-28 23:00:00');
INSERT INTO `__PREFIX__cities` (`country_code`, `name`, `longitude`, `latitude`, `feature_class`, `feature_code`, `subadmin1_code`, `subadmin2_code`, `population`, `time_zone`, `active`, `created_at`, `updated_at`) VALUES ('HU','{\"en\":\"Dunakeszi\"}',19.14,47.64,'P','PPLA2','HU.16',NULL,30246,'Europe/Budapest',1,'2014-11-04 23:00:00','2014-11-04 23:00:00');
INSERT INTO `__PREFIX__cities` (`country_code`, `name`, `longitude`, `latitude`, `feature_class`, `feature_code`, `subadmin1_code`, `subadmin2_code`, `population`, `time_zone`, `active`, `created_at`, `updated_at`) VALUES ('HU','{\"en\":\"Dunaharaszti\"}',19.10,47.35,'P','PPL','HU.16',NULL,16973,'Europe/Budapest',1,'2012-05-05 23:00:00','2012-05-05 23:00:00');
INSERT INTO `__PREFIX__cities` (`country_code`, `name`, `longitude`, `latitude`, `feature_class`, `feature_code`, `subadmin1_code`, `subadmin2_code`, `population`, `time_zone`, `active`, `created_at`, `updated_at`) VALUES ('HU','{\"en\":\"Dunaföldvár\"}',18.93,46.81,'P','PPL','HU.21','HU.21.172',9073,'Europe/Budapest',1,'2021-06-19 23:00:00','2021-06-19 23:00:00');
INSERT INTO `__PREFIX__cities` (`country_code`, `name`, `longitude`, `latitude`, `feature_class`, `feature_code`, `subadmin1_code`, `subadmin2_code`, `population`, `time_zone`, `active`, `created_at`, `updated_at`) VALUES ('HU','{\"en\":\"Dorog\"}',18.74,47.72,'P','PPL','HU.12',NULL,12658,'Europe/Budapest',1,'2021-06-18 23:00:00','2021-06-18 23:00:00');
INSERT INTO `__PREFIX__cities` (`country_code`, `name`, `longitude`, `latitude`, `feature_class`, `feature_code`, `subadmin1_code`, `subadmin2_code`, `population`, `time_zone`, `active`, `created_at`, `updated_at`) VALUES ('HU','{\"en\":\"Dömsöd\"}',19.01,47.09,'P','PPL','HU.16',NULL,5942,'Europe/Budapest',1,'2021-06-18 23:00:00','2021-06-18 23:00:00');
INSERT INTO `__PREFIX__cities` (`country_code`, `name`, `longitude`, `latitude`, `feature_class`, `feature_code`, `subadmin1_code`, `subadmin2_code`, `population`, `time_zone`, `active`, `created_at`, `updated_at`) VALUES ('HU','{\"en\":\"Dombóvár\"}',18.14,46.38,'P','PPLA2','HU.21',NULL,20748,'Europe/Budapest',1,'2014-11-04 23:00:00','2014-11-04 23:00:00');
INSERT INTO `__PREFIX__cities` (`country_code`, `name`, `longitude`, `latitude`, `feature_class`, `feature_code`, `subadmin1_code`, `subadmin2_code`, `population`, `time_zone`, `active`, `created_at`, `updated_at`) VALUES ('HU','{\"en\":\"Diósd\"}',18.95,47.41,'P','PPL','HU.16',NULL,6168,'Europe/Budapest',1,'2021-06-17 23:00:00','2021-06-17 23:00:00');
INSERT INTO `__PREFIX__cities` (`country_code`, `name`, `longitude`, `latitude`, `feature_class`, `feature_code`, `subadmin1_code`, `subadmin2_code`, `population`, `time_zone`, `active`, `created_at`, `updated_at`) VALUES ('HU','{\"en\":\"Devecser\"}',17.44,47.10,'P','PPLA2','HU.23',NULL,5140,'Europe/Budapest',1,'2021-06-17 23:00:00','2021-06-17 23:00:00');
INSERT INTO `__PREFIX__cities` (`country_code`, `name`, `longitude`, `latitude`, `feature_class`, `feature_code`, `subadmin1_code`, `subadmin2_code`, `population`, `time_zone`, `active`, `created_at`, `updated_at`) VALUES ('HU','{\"en\":\"Dabas\"}',19.31,47.19,'P','PPLA2','HU.16',NULL,16590,'Europe/Budapest',1,'2014-11-04 23:00:00','2014-11-04 23:00:00');
INSERT INTO `__PREFIX__cities` (`country_code`, `name`, `longitude`, `latitude`, `feature_class`, `feature_code`, `subadmin1_code`, `subadmin2_code`, `population`, `time_zone`, `active`, `created_at`, `updated_at`) VALUES ('HU','{\"en\":\"Csurgó\"}',17.10,46.25,'P','PPLA2','HU.17',NULL,5682,'Europe/Budapest',1,'2020-06-09 23:00:00','2020-06-09 23:00:00');
INSERT INTO `__PREFIX__cities` (`country_code`, `name`, `longitude`, `latitude`, `feature_class`, `feature_code`, `subadmin1_code`, `subadmin2_code`, `population`, `time_zone`, `active`, `created_at`, `updated_at`) VALUES ('HU','{\"en\":\"Csorna\"}',17.25,47.61,'P','PPLA2','HU.09',NULL,10825,'Europe/Budapest',1,'2014-09-30 23:00:00','2014-09-30 23:00:00');
INSERT INTO `__PREFIX__cities` (`country_code`, `name`, `longitude`, `latitude`, `feature_class`, `feature_code`, `subadmin1_code`, `subadmin2_code`, `population`, `time_zone`, `active`, `created_at`, `updated_at`) VALUES ('HU','{\"en\":\"Csömör\"}',19.23,47.55,'P','PPL','HU.16',NULL,7544,'Europe/Budapest',1,'2012-05-05 23:00:00','2012-05-05 23:00:00');
INSERT INTO `__PREFIX__cities` (`country_code`, `name`, `longitude`, `latitude`, `feature_class`, `feature_code`, `subadmin1_code`, `subadmin2_code`, `population`, `time_zone`, `active`, `created_at`, `updated_at`) VALUES ('HU','{\"en\":\"Csákvár\"}',18.47,47.39,'P','PPL','HU.08',NULL,5259,'Europe/Budapest',1,'2021-07-14 23:00:00','2021-07-14 23:00:00');
INSERT INTO `__PREFIX__cities` (`country_code`, `name`, `longitude`, `latitude`, `feature_class`, `feature_code`, `subadmin1_code`, `subadmin2_code`, `population`, `time_zone`, `active`, `created_at`, `updated_at`) VALUES ('HU','{\"en\":\"Celldömölk\"}',17.15,47.26,'P','PPLA2','HU.22',NULL,11421,'Europe/Budapest',1,'2014-11-04 23:00:00','2014-11-04 23:00:00');
INSERT INTO `__PREFIX__cities` (`country_code`, `name`, `longitude`, `latitude`, `feature_class`, `feature_code`, `subadmin1_code`, `subadmin2_code`, `population`, `time_zone`, `active`, `created_at`, `updated_at`) VALUES ('HU','{\"en\":\"Cegléd\"}',19.80,47.17,'P','PPLA2','HU.16',NULL,39287,'Europe/Budapest',1,'2020-06-09 23:00:00','2020-06-09 23:00:00');
INSERT INTO `__PREFIX__cities` (`country_code`, `name`, `longitude`, `latitude`, `feature_class`, `feature_code`, `subadmin1_code`, `subadmin2_code`, `population`, `time_zone`, `active`, `created_at`, `updated_at`) VALUES ('HU','{\"en\":\"Bugyi\"}',19.15,47.23,'P','PPL','HU.16',NULL,5412,'Europe/Budapest',1,'2012-05-05 23:00:00','2012-05-05 23:00:00');
INSERT INTO `__PREFIX__cities` (`country_code`, `name`, `longitude`, `latitude`, `feature_class`, `feature_code`, `subadmin1_code`, `subadmin2_code`, `population`, `time_zone`, `active`, `created_at`, `updated_at`) VALUES ('HU','{\"en\":\"Budapest\"}',19.04,47.50,'P','PPLC','HU.05',NULL,1741041,'Europe/Budapest',1,'2019-09-04 23:00:00','2019-09-04 23:00:00');
INSERT INTO `__PREFIX__cities` (`country_code`, `name`, `longitude`, `latitude`, `feature_class`, `feature_code`, `subadmin1_code`, `subadmin2_code`, `population`, `time_zone`, `active`, `created_at`, `updated_at`) VALUES ('HU','{\"en\":\"Budaörs\"}',18.96,47.46,'P','PPL','HU.16',NULL,25089,'Europe/Budapest',1,'2021-05-29 23:00:00','2021-05-29 23:00:00');
INSERT INTO `__PREFIX__cities` (`country_code`, `name`, `longitude`, `latitude`, `feature_class`, `feature_code`, `subadmin1_code`, `subadmin2_code`, `population`, `time_zone`, `active`, `created_at`, `updated_at`) VALUES ('HU','{\"en\":\"Budakeszi\"}',18.93,47.51,'P','PPLA2','HU.16',NULL,13248,'Europe/Budapest',1,'2021-05-27 23:00:00','2021-05-27 23:00:00');
INSERT INTO `__PREFIX__cities` (`country_code`, `name`, `longitude`, `latitude`, `feature_class`, `feature_code`, `subadmin1_code`, `subadmin2_code`, `population`, `time_zone`, `active`, `created_at`, `updated_at`) VALUES ('HU','{\"en\":\"Aszód\"}',19.48,47.65,'P','PPL','HU.16',NULL,6186,'Europe/Budapest',1,'2010-04-06 23:00:00','2010-04-06 23:00:00');
INSERT INTO `__PREFIX__cities` (`country_code`, `name`, `longitude`, `latitude`, `feature_class`, `feature_code`, `subadmin1_code`, `subadmin2_code`, `population`, `time_zone`, `active`, `created_at`, `updated_at`) VALUES ('HU','{\"en\":\"Bonyhád\"}',18.53,46.30,'P','PPL','HU.21',NULL,14184,'Europe/Budapest',1,'2021-05-27 23:00:00','2021-05-27 23:00:00');
INSERT INTO `__PREFIX__cities` (`country_code`, `name`, `longitude`, `latitude`, `feature_class`, `feature_code`, `subadmin1_code`, `subadmin2_code`, `population`, `time_zone`, `active`, `created_at`, `updated_at`) VALUES ('HU','{\"en\":\"Bicske\"}',18.64,47.48,'P','PPLA2','HU.08',NULL,11072,'Europe/Budapest',1,'2014-11-04 23:00:00','2014-11-04 23:00:00');
INSERT INTO `__PREFIX__cities` (`country_code`, `name`, `longitude`, `latitude`, `feature_class`, `feature_code`, `subadmin1_code`, `subadmin2_code`, `population`, `time_zone`, `active`, `created_at`, `updated_at`) VALUES ('HU','{\"en\":\"Biatorbágy\"}',18.82,47.47,'P','PPL','HU.16',NULL,8632,'Europe/Budapest',1,'2021-06-09 23:00:00','2021-06-09 23:00:00');
INSERT INTO `__PREFIX__cities` (`country_code`, `name`, `longitude`, `latitude`, `feature_class`, `feature_code`, `subadmin1_code`, `subadmin2_code`, `population`, `time_zone`, `active`, `created_at`, `updated_at`) VALUES ('HU','{\"en\":\"Berhida\"}',18.13,47.11,'P','PPL','HU.23',NULL,5822,'Europe/Budapest',1,'2012-01-17 23:00:00','2012-01-17 23:00:00');
INSERT INTO `__PREFIX__cities` (`country_code`, `name`, `longitude`, `latitude`, `feature_class`, `feature_code`, `subadmin1_code`, `subadmin2_code`, `population`, `time_zone`, `active`, `created_at`, `updated_at`) VALUES ('HU','{\"en\":\"Bátonyterenye\"}',19.84,47.97,'P','PPLA2','HU.14',NULL,14214,'Europe/Budapest',1,'2020-06-09 23:00:00','2020-06-09 23:00:00');
INSERT INTO `__PREFIX__cities` (`country_code`, `name`, `longitude`, `latitude`, `feature_class`, `feature_code`, `subadmin1_code`, `subadmin2_code`, `population`, `time_zone`, `active`, `created_at`, `updated_at`) VALUES ('HU','{\"en\":\"Bátaszék\"}',18.72,46.19,'P','PPL','HU.21',NULL,6820,'Europe/Budapest',1,'2012-02-01 23:00:00','2012-02-01 23:00:00');
INSERT INTO `__PREFIX__cities` (`country_code`, `name`, `longitude`, `latitude`, `feature_class`, `feature_code`, `subadmin1_code`, `subadmin2_code`, `population`, `time_zone`, `active`, `created_at`, `updated_at`) VALUES ('HU','{\"en\":\"Barcs\"}',17.46,45.96,'P','PPLA2','HU.17',NULL,12116,'Europe/Budapest',1,'2014-11-04 23:00:00','2014-11-04 23:00:00');
INSERT INTO `__PREFIX__cities` (`country_code`, `name`, `longitude`, `latitude`, `feature_class`, `feature_code`, `subadmin1_code`, `subadmin2_code`, `population`, `time_zone`, `active`, `created_at`, `updated_at`) VALUES ('HU','{\"en\":\"Balatonfüred\"}',17.87,46.96,'P','PPLA2','HU.23',NULL,13055,'Europe/Budapest',1,'2015-06-16 23:00:00','2015-06-16 23:00:00');
INSERT INTO `__PREFIX__cities` (`country_code`, `name`, `longitude`, `latitude`, `feature_class`, `feature_code`, `subadmin1_code`, `subadmin2_code`, `population`, `time_zone`, `active`, `created_at`, `updated_at`) VALUES ('HU','{\"en\":\"Balatonboglár\"}',17.64,46.78,'P','PPL','HU.17',NULL,5964,'Europe/Budapest',1,'2012-01-17 23:00:00','2012-01-17 23:00:00');
INSERT INTO `__PREFIX__cities` (`country_code`, `name`, `longitude`, `latitude`, `feature_class`, `feature_code`, `subadmin1_code`, `subadmin2_code`, `population`, `time_zone`, `active`, `created_at`, `updated_at`) VALUES ('HU','{\"en\":\"Balatonalmádi\"}',18.02,47.04,'P','PPLA2','HU.23',NULL,8364,'Europe/Budapest',1,'2019-10-02 23:00:00','2019-10-02 23:00:00');
INSERT INTO `__PREFIX__cities` (`country_code`, `name`, `longitude`, `latitude`, `feature_class`, `feature_code`, `subadmin1_code`, `subadmin2_code`, `population`, `time_zone`, `active`, `created_at`, `updated_at`) VALUES ('HU','{\"en\":\"Balassagyarmat\"}',19.30,48.07,'P','PPLA2','HU.14',NULL,17541,'Europe/Budapest',1,'2021-06-09 23:00:00','2021-06-09 23:00:00');
INSERT INTO `__PREFIX__cities` (`country_code`, `name`, `longitude`, `latitude`, `feature_class`, `feature_code`, `subadmin1_code`, `subadmin2_code`, `population`, `time_zone`, `active`, `created_at`, `updated_at`) VALUES ('HU','{\"en\":\"Baja\"}',18.95,46.18,'P','PPLA2','HU.01',NULL,37714,'Europe/Budapest',1,'2019-03-03 23:00:00','2019-03-03 23:00:00');
INSERT INTO `__PREFIX__cities` (`country_code`, `name`, `longitude`, `latitude`, `feature_class`, `feature_code`, `subadmin1_code`, `subadmin2_code`, `population`, `time_zone`, `active`, `created_at`, `updated_at`) VALUES ('HU','{\"en\":\"Bácsalmás\"}',19.33,46.13,'P','PPLA2','HU.01',NULL,7608,'Europe/Budapest',1,'2020-08-02 23:00:00','2020-08-02 23:00:00');
INSERT INTO `__PREFIX__cities` (`country_code`, `name`, `longitude`, `latitude`, `feature_class`, `feature_code`, `subadmin1_code`, `subadmin2_code`, `population`, `time_zone`, `active`, `created_at`, `updated_at`) VALUES ('HU','{\"en\":\"Angyalföld\"}',19.08,47.55,'P','PPLX','HU.05','HU.05.013',62006,'Europe/Budapest',1,'2021-05-27 23:00:00','2021-05-27 23:00:00');
INSERT INTO `__PREFIX__cities` (`country_code`, `name`, `longitude`, `latitude`, `feature_class`, `feature_code`, `subadmin1_code`, `subadmin2_code`, `population`, `time_zone`, `active`, `created_at`, `updated_at`) VALUES ('HU','{\"en\":\"Albertirsa\"}',19.62,47.24,'P','PPL','HU.16',NULL,11864,'Europe/Budapest',1,'2020-08-02 23:00:00','2020-08-02 23:00:00');
INSERT INTO `__PREFIX__cities` (`country_code`, `name`, `longitude`, `latitude`, `feature_class`, `feature_code`, `subadmin1_code`, `subadmin2_code`, `population`, `time_zone`, `active`, `created_at`, `updated_at`) VALUES ('HU','{\"en\":\"Ajka\"}',17.56,47.10,'P','PPLA2','HU.23',NULL,31407,'Europe/Budapest',1,'2020-08-02 23:00:00','2020-08-02 23:00:00');
INSERT INTO `__PREFIX__cities` (`country_code`, `name`, `longitude`, `latitude`, `feature_class`, `feature_code`, `subadmin1_code`, `subadmin2_code`, `population`, `time_zone`, `active`, `created_at`, `updated_at`) VALUES ('HU','{\"en\":\"Ács\"}',18.01,47.71,'P','PPL','HU.12',NULL,7180,'Europe/Budapest',1,'2020-08-02 23:00:00','2020-08-02 23:00:00');
INSERT INTO `__PREFIX__cities` (`country_code`, `name`, `longitude`, `latitude`, `feature_class`, `feature_code`, `subadmin1_code`, `subadmin2_code`, `population`, `time_zone`, `active`, `created_at`, `updated_at`) VALUES ('HU','{\"en\":\"Tiszaalpár\"}',20.00,46.81,'P','PPL','HU.01',NULL,5070,'Europe/Budapest',1,'2012-01-19 23:00:00','2012-01-19 23:00:00');
INSERT INTO `__PREFIX__cities` (`country_code`, `name`, `longitude`, `latitude`, `feature_class`, `feature_code`, `subadmin1_code`, `subadmin2_code`, `population`, `time_zone`, `active`, `created_at`, `updated_at`) VALUES ('HU','{\"en\":\"Budapest XII. kerület\"}',19.01,47.49,'P','PPLX','HU.05','HU.05.012',56544,'Europe/Budapest',1,'2019-09-22 23:00:00','2019-09-22 23:00:00');
INSERT INTO `__PREFIX__cities` (`country_code`, `name`, `longitude`, `latitude`, `feature_class`, `feature_code`, `subadmin1_code`, `subadmin2_code`, `population`, `time_zone`, `active`, `created_at`, `updated_at`) VALUES ('HU','{\"en\":\"Budapest XI. kerület\"}',19.04,47.48,'P','PPLX','HU.05','HU.05.011',139049,'Europe/Budapest',1,'2019-09-22 23:00:00','2019-09-22 23:00:00');
INSERT INTO `__PREFIX__cities` (`country_code`, `name`, `longitude`, `latitude`, `feature_class`, `feature_code`, `subadmin1_code`, `subadmin2_code`, `population`, `time_zone`, `active`, `created_at`, `updated_at`) VALUES ('HU','{\"en\":\"Budapest VIII. kerület\"}',19.07,47.49,'P','PPLX','HU.05','HU.05.008',82222,'Europe/Budapest',1,'2019-09-22 23:00:00','2019-09-22 23:00:00');
INSERT INTO `__PREFIX__cities` (`country_code`, `name`, `longitude`, `latitude`, `feature_class`, `feature_code`, `subadmin1_code`, `subadmin2_code`, `population`, `time_zone`, `active`, `created_at`, `updated_at`) VALUES ('HU','{\"en\":\"Budapest VI. kerület\"}',19.07,47.50,'P','PPLX','HU.05','HU.05.006',42120,'Europe/Budapest',1,'2019-09-22 23:00:00','2019-09-22 23:00:00');
INSERT INTO `__PREFIX__cities` (`country_code`, `name`, `longitude`, `latitude`, `feature_class`, `feature_code`, `subadmin1_code`, `subadmin2_code`, `population`, `time_zone`, `active`, `created_at`, `updated_at`) VALUES ('HU','{\"en\":\"Budapest XIII. kerület\"}',19.08,47.53,'P','PPLX','HU.05','HU.05.013',113531,'Europe/Budapest',1,'2019-09-22 23:00:00','2019-09-22 23:00:00');
INSERT INTO `__PREFIX__cities` (`country_code`, `name`, `longitude`, `latitude`, `feature_class`, `feature_code`, `subadmin1_code`, `subadmin2_code`, `population`, `time_zone`, `active`, `created_at`, `updated_at`) VALUES ('HU','{\"en\":\"Budapest IV. kerület\"}',19.09,47.56,'P','PPLX','HU.05','HU.05.004',98374,'Europe/Budapest',1,'2019-09-22 23:00:00','2019-09-22 23:00:00');
INSERT INTO `__PREFIX__cities` (`country_code`, `name`, `longitude`, `latitude`, `feature_class`, `feature_code`, `subadmin1_code`, `subadmin2_code`, `population`, `time_zone`, `active`, `created_at`, `updated_at`) VALUES ('HU','{\"en\":\"Budapest XV. kerület\"}',19.12,47.56,'P','PPLX','HU.05','HU.05.015',80218,'Europe/Budapest',1,'2019-09-22 23:00:00','2019-09-22 23:00:00');
INSERT INTO `__PREFIX__cities` (`country_code`, `name`, `longitude`, `latitude`, `feature_class`, `feature_code`, `subadmin1_code`, `subadmin2_code`, `population`, `time_zone`, `active`, `created_at`, `updated_at`) VALUES ('HU','{\"en\":\"Budapest XVI. kerület\"}',19.17,47.51,'P','PPLX','HU.05','HU.05.016',68484,'Europe/Budapest',1,'2019-09-22 23:00:00','2019-09-22 23:00:00');
INSERT INTO `__PREFIX__cities` (`country_code`, `name`, `longitude`, `latitude`, `feature_class`, `feature_code`, `subadmin1_code`, `subadmin2_code`, `population`, `time_zone`, `active`, `created_at`, `updated_at`) VALUES ('HU','{\"en\":\"Budapest XIX. kerület\"}',19.15,47.45,'P','PPLX','HU.05','HU.05.019',61610,'Europe/Budapest',1,'2019-09-22 23:00:00','2019-09-22 23:00:00');
INSERT INTO `__PREFIX__cities` (`country_code`, `name`, `longitude`, `latitude`, `feature_class`, `feature_code`, `subadmin1_code`, `subadmin2_code`, `population`, `time_zone`, `active`, `created_at`, `updated_at`) VALUES ('HU','{\"en\":\"Budapest XVIII. kerület\"}',19.18,47.44,'P','PPLX','HU.05','HU.05.018',93225,'Europe/Budapest',1,'2019-09-22 23:00:00','2019-09-22 23:00:00');
INSERT INTO `__PREFIX__cities` (`country_code`, `name`, `longitude`, `latitude`, `feature_class`, `feature_code`, `subadmin1_code`, `subadmin2_code`, `population`, `time_zone`, `active`, `created_at`, `updated_at`) VALUES ('HU','{\"en\":\"Budapest XXIII. kerület\"}',19.11,47.40,'P','PPLX','HU.05','HU.05.023',20387,'Europe/Budapest',1,'2019-09-22 23:00:00','2019-09-22 23:00:00');
INSERT INTO `__PREFIX__cities` (`country_code`, `name`, `longitude`, `latitude`, `feature_class`, `feature_code`, `subadmin1_code`, `subadmin2_code`, `population`, `time_zone`, `active`, `created_at`, `updated_at`) VALUES ('HU','{\"en\":\"Budapest XXII. kerület\"}',19.04,47.43,'P','PPLX','HU.05','HU.05.022',50499,'Europe/Budapest',1,'2019-09-22 23:00:00','2019-09-22 23:00:00');
INSERT INTO `__PREFIX__cities` (`country_code`, `name`, `longitude`, `latitude`, `feature_class`, `feature_code`, `subadmin1_code`, `subadmin2_code`, `population`, `time_zone`, `active`, `created_at`, `updated_at`) VALUES ('HU','{\"en\":\"Budapest XXI. kerület\"}',19.07,47.43,'P','PPLX','HU.05','HU.05.021',76339,'Europe/Budapest',1,'2019-09-22 23:00:00','2019-09-22 23:00:00');
INSERT INTO `__PREFIX__cities` (`country_code`, `name`, `longitude`, `latitude`, `feature_class`, `feature_code`, `subadmin1_code`, `subadmin2_code`, `population`, `time_zone`, `active`, `created_at`, `updated_at`) VALUES ('HU','{\"en\":\"Budapest XX. kerület\"}',19.10,47.44,'P','PPLX','HU.05','HU.05.020',63371,'Europe/Budapest',1,'2019-09-22 23:00:00','2019-09-22 23:00:00');
INSERT INTO `__PREFIX__cities` (`country_code`, `name`, `longitude`, `latitude`, `feature_class`, `feature_code`, `subadmin1_code`, `subadmin2_code`, `population`, `time_zone`, `active`, `created_at`, `updated_at`) VALUES ('HU','{\"en\":\"Budapest XVII. kerület\"}',19.25,47.48,'P','PPLX','HU.05','HU.05.017',78250,'Europe/Budapest',1,'2019-09-22 23:00:00','2019-09-22 23:00:00');
INSERT INTO `__PREFIX__cities` (`country_code`, `name`, `longitude`, `latitude`, `feature_class`, `feature_code`, `subadmin1_code`, `subadmin2_code`, `population`, `time_zone`, `active`, `created_at`, `updated_at`) VALUES ('HU','{\"en\":\"Budapest III. kerület\"}',19.05,47.54,'P','PPLX','HU.05','HU.05.003',123723,'Europe/Budapest',1,'2019-09-22 23:00:00','2019-09-22 23:00:00');
INSERT INTO `__PREFIX__cities` (`country_code`, `name`, `longitude`, `latitude`, `feature_class`, `feature_code`, `subadmin1_code`, `subadmin2_code`, `population`, `time_zone`, `active`, `created_at`, `updated_at`) VALUES ('HU','{\"en\":\"Budapest II. kerület\"}',19.02,47.52,'P','PPLX','HU.05','HU.05.002',88729,'Europe/Budapest',1,'2019-09-22 23:00:00','2019-09-22 23:00:00');
INSERT INTO `__PREFIX__cities` (`country_code`, `name`, `longitude`, `latitude`, `feature_class`, `feature_code`, `subadmin1_code`, `subadmin2_code`, `population`, `time_zone`, `active`, `created_at`, `updated_at`) VALUES ('HU','{\"en\":\"Budapest I. kerület\"}',19.04,47.50,'P','PPLX','HU.05','HU.05.001',24728,'Europe/Budapest',1,'2019-09-22 23:00:00','2019-09-22 23:00:00');
INSERT INTO `__PREFIX__cities` (`country_code`, `name`, `longitude`, `latitude`, `feature_class`, `feature_code`, `subadmin1_code`, `subadmin2_code`, `population`, `time_zone`, `active`, `created_at`, `updated_at`) VALUES ('HU','{\"en\":\"Algyő\"}',20.21,46.33,'P','PPL','HU.06',NULL,5247,'Europe/Budapest',1,'2010-04-01 23:00:00','2010-04-01 23:00:00');
INSERT INTO `__PREFIX__cities` (`country_code`, `name`, `longitude`, `latitude`, `feature_class`, `feature_code`, `subadmin1_code`, `subadmin2_code`, `population`, `time_zone`, `active`, `created_at`, `updated_at`) VALUES ('HU','{\"en\":\"Kerepes\"}',19.28,47.56,'P','PPL','HU.16',NULL,9960,'Europe/Budapest',1,'2019-05-08 23:00:00','2019-05-08 23:00:00');
INSERT INTO `__PREFIX__cities` (`country_code`, `name`, `longitude`, `latitude`, `feature_class`, `feature_code`, `subadmin1_code`, `subadmin2_code`, `population`, `time_zone`, `active`, `created_at`, `updated_at`) VALUES ('HU','{\"en\":\"Józsefváros\"}',19.07,47.49,'P','PPLX','HU.05',NULL,76957,'Europe/Budapest',1,'2017-12-05 23:00:00','2017-12-05 23:00:00');
/*!40000 ALTER TABLE `__PREFIX__cities` ENABLE KEYS */;
/*!40103 SET TIME_ZONE=@OLD_TIME_ZONE */;

/*!40101 SET SQL_MODE=@OLD_SQL_MODE */;
/*!40014 SET FOREIGN_KEY_CHECKS=@OLD_FOREIGN_KEY_CHECKS */;
/*!40014 SET UNIQUE_CHECKS=@OLD_UNIQUE_CHECKS */;
/*!40101 SET CHARACTER_SET_CLIENT=@OLD_CHARACTER_SET_CLIENT */;
/*!40101 SET CHARACTER_SET_RESULTS=@OLD_CHARACTER_SET_RESULTS */;
/*!40101 SET COLLATION_CONNECTION=@OLD_COLLATION_CONNECTION */;
/*!40111 SET SQL_NOTES=@OLD_SQL_NOTES */;

-- Dump completed
