-- MySQL dump 10.13  Distrib 5.7.34, for osx10.12 (x86_64)
--
-- Host: 127.0.0.1    Database: laraclassifier
-- ------------------------------------------------------
-- Server version	5.7.34

/*!40101 SET @OLD_CHARACTER_SET_CLIENT=@@CHARACTER_SET_CLIENT */;
/*!40101 SET @OLD_CHARACTER_SET_RESULTS=@@CHARACTER_SET_RESULTS */;
/*!40101 SET @OLD_COLLATION_CONNECTION=@@COLLATION_CONNECTION */;
/*!40101 SET NAMES utf8 */;
/*!40103 SET @OLD_TIME_ZONE=@@TIME_ZONE */;
/*!40103 SET TIME_ZONE='+00:00' */;
/*!40014 SET @OLD_UNIQUE_CHECKS=@@UNIQUE_CHECKS, UNIQUE_CHECKS=0 */;
/*!40014 SET @OLD_FOREIGN_KEY_CHECKS=@@FOREIGN_KEY_CHECKS, FOREIGN_KEY_CHECKS=0 */;
/*!40101 SET @OLD_SQL_MODE=@@SQL_MODE, SQL_MODE='NO_AUTO_VALUE_ON_ZERO' */;
/*!40111 SET @OLD_SQL_NOTES=@@SQL_NOTES, SQL_NOTES=0 */;

--
-- Dumping data for table `__PREFIX__subadmin1`
--

/*!40000 ALTER TABLE `__PREFIX__subadmin1` DISABLE KEYS */;
INSERT INTO `__PREFIX__subadmin1` (`code`, `country_code`, `name`, `active`) VALUES ('IE.C','IE','{\"en\":\"Connaught\"}',1);
INSERT INTO `__PREFIX__subadmin1` (`code`, `country_code`, `name`, `active`) VALUES ('IE.L','IE','{\"en\":\"Leinster\"}',1);
INSERT INTO `__PREFIX__subadmin1` (`code`, `country_code`, `name`, `active`) VALUES ('IE.M','IE','{\"en\":\"Munster\"}',1);
INSERT INTO `__PREFIX__subadmin1` (`code`, `country_code`, `name`, `active`) VALUES ('IE.U','IE','{\"en\":\"Ulster\"}',1);
/*!40000 ALTER TABLE `__PREFIX__subadmin1` ENABLE KEYS */;

--
-- Dumping data for table `__PREFIX__subadmin2`
--

/*!40000 ALTER TABLE `__PREFIX__subadmin2` DISABLE KEYS */;
INSERT INTO `__PREFIX__subadmin2` (`code`, `country_code`, `subadmin1_code`, `name`, `active`) VALUES ('IE.L.31','IE','IE.L','{\"en\":\"Wicklow\"}',1);
INSERT INTO `__PREFIX__subadmin2` (`code`, `country_code`, `subadmin1_code`, `name`, `active`) VALUES ('IE.L.30','IE','IE.L','{\"en\":\"Wexford\"}',1);
INSERT INTO `__PREFIX__subadmin2` (`code`, `country_code`, `subadmin1_code`, `name`, `active`) VALUES ('IE.L.29','IE','IE.L','{\"en\":\"Westmeath\"}',1);
INSERT INTO `__PREFIX__subadmin2` (`code`, `country_code`, `subadmin1_code`, `name`, `active`) VALUES ('IE.M.26','IE','IE.M','{\"en\":\"County Tipperary\"}',1);
INSERT INTO `__PREFIX__subadmin2` (`code`, `country_code`, `subadmin1_code`, `name`, `active`) VALUES ('IE.C.25','IE','IE.C','{\"en\":\"Sligo\"}',1);
INSERT INTO `__PREFIX__subadmin2` (`code`, `country_code`, `subadmin1_code`, `name`, `active`) VALUES ('IE.C.24','IE','IE.C','{\"en\":\"Roscommon\"}',1);
INSERT INTO `__PREFIX__subadmin2` (`code`, `country_code`, `subadmin1_code`, `name`, `active`) VALUES ('IE.L.23','IE','IE.L','{\"en\":\"Uíbh Fhailí\"}',1);
INSERT INTO `__PREFIX__subadmin2` (`code`, `country_code`, `subadmin1_code`, `name`, `active`) VALUES ('IE.U.22','IE','IE.U','{\"en\":\"County Monaghan\"}',1);
INSERT INTO `__PREFIX__subadmin2` (`code`, `country_code`, `subadmin1_code`, `name`, `active`) VALUES ('IE.L.21','IE','IE.L','{\"en\":\"Meath\"}',1);
INSERT INTO `__PREFIX__subadmin2` (`code`, `country_code`, `subadmin1_code`, `name`, `active`) VALUES ('IE.C.20','IE','IE.C','{\"en\":\"Mayo County\"}',1);
INSERT INTO `__PREFIX__subadmin2` (`code`, `country_code`, `subadmin1_code`, `name`, `active`) VALUES ('IE.L.19','IE','IE.L','{\"en\":\"Louth\"}',1);
INSERT INTO `__PREFIX__subadmin2` (`code`, `country_code`, `subadmin1_code`, `name`, `active`) VALUES ('IE.L.18','IE','IE.L','{\"en\":\"An Longfort\"}',1);
INSERT INTO `__PREFIX__subadmin2` (`code`, `country_code`, `subadmin1_code`, `name`, `active`) VALUES ('IE.C.14','IE','IE.C','{\"en\":\"County Leitrim\"}',1);
INSERT INTO `__PREFIX__subadmin2` (`code`, `country_code`, `subadmin1_code`, `name`, `active`) VALUES ('IE.L.15','IE','IE.L','{\"en\":\"Laois\"}',1);
INSERT INTO `__PREFIX__subadmin2` (`code`, `country_code`, `subadmin1_code`, `name`, `active`) VALUES ('IE.L.13','IE','IE.L','{\"en\":\"Kilkenny\"}',1);
INSERT INTO `__PREFIX__subadmin2` (`code`, `country_code`, `subadmin1_code`, `name`, `active`) VALUES ('IE.L.12','IE','IE.L','{\"en\":\"Kildare\"}',1);
INSERT INTO `__PREFIX__subadmin2` (`code`, `country_code`, `subadmin1_code`, `name`, `active`) VALUES ('IE.M.11','IE','IE.M','{\"en\":\"Kerry\"}',1);
INSERT INTO `__PREFIX__subadmin2` (`code`, `country_code`, `subadmin1_code`, `name`, `active`) VALUES ('IE.C.10','IE','IE.C','{\"en\":\"County Galway\"}',1);
INSERT INTO `__PREFIX__subadmin2` (`code`, `country_code`, `subadmin1_code`, `name`, `active`) VALUES ('IE.U.06','IE','IE.U','{\"en\":\"County Donegal\"}',1);
INSERT INTO `__PREFIX__subadmin2` (`code`, `country_code`, `subadmin1_code`, `name`, `active`) VALUES ('IE.M.04','IE','IE.M','{\"en\":\"County Cork\"}',1);
INSERT INTO `__PREFIX__subadmin2` (`code`, `country_code`, `subadmin1_code`, `name`, `active`) VALUES ('IE.M.03','IE','IE.M','{\"en\":\"Clare\"}',1);
INSERT INTO `__PREFIX__subadmin2` (`code`, `country_code`, `subadmin1_code`, `name`, `active`) VALUES ('IE.U.02','IE','IE.U','{\"en\":\"An Cabhán\"}',1);
INSERT INTO `__PREFIX__subadmin2` (`code`, `country_code`, `subadmin1_code`, `name`, `active`) VALUES ('IE.L.01','IE','IE.L','{\"en\":\"County Carlow\"}',1);
INSERT INTO `__PREFIX__subadmin2` (`code`, `country_code`, `subadmin1_code`, `name`, `active`) VALUES ('IE.L.35','IE','IE.L','{\"en\":\"Fingal County\"}',1);
INSERT INTO `__PREFIX__subadmin2` (`code`, `country_code`, `subadmin1_code`, `name`, `active`) VALUES ('IE.L.34','IE','IE.L','{\"en\":\"Dún Laoghaire-Rathdown\"}',1);
INSERT INTO `__PREFIX__subadmin2` (`code`, `country_code`, `subadmin1_code`, `name`, `active`) VALUES ('IE.L.39','IE','IE.L','{\"en\":\"South Dublin\"}',1);
INSERT INTO `__PREFIX__subadmin2` (`code`, `country_code`, `subadmin1_code`, `name`, `active`) VALUES ('IE.C.36','IE','IE.C','{\"en\":\"Galway City\"}',1);
INSERT INTO `__PREFIX__subadmin2` (`code`, `country_code`, `subadmin1_code`, `name`, `active`) VALUES ('IE.L.33','IE','IE.L','{\"en\":\"Dublin City\"}',1);
INSERT INTO `__PREFIX__subadmin2` (`code`, `country_code`, `subadmin1_code`, `name`, `active`) VALUES ('IE.M.32','IE','IE.M','{\"en\":\"Cork City\"}',1);
INSERT INTO `__PREFIX__subadmin2` (`code`, `country_code`, `subadmin1_code`, `name`, `active`) VALUES ('IE.M.42','IE','IE.M','{\"en\":\"Limerick City and County Council\"}',1);
INSERT INTO `__PREFIX__subadmin2` (`code`, `country_code`, `subadmin1_code`, `name`, `active`) VALUES ('IE.M.44','IE','IE.M','{\"en\":\"County Waterford\"}',1);
/*!40000 ALTER TABLE `__PREFIX__subadmin2` ENABLE KEYS */;

--
-- Dumping data for table `__PREFIX__cities`
--

/*!40000 ALTER TABLE `__PREFIX__cities` DISABLE KEYS */;
INSERT INTO `__PREFIX__cities` (`country_code`, `name`, `longitude`, `latitude`, `feature_class`, `feature_code`, `subadmin1_code`, `subadmin2_code`, `population`, `time_zone`, `active`, `created_at`, `updated_at`) VALUES ('IE','{\"en\":\"Buncrana\"}',-7.45,55.13,'P','PPL','IE.U','IE.U.06',6785,'Europe/Dublin',1,'2022-01-15 23:00:00','2022-01-15 23:00:00');
INSERT INTO `__PREFIX__cities` (`country_code`, `name`, `longitude`, `latitude`, `feature_class`, `feature_code`, `subadmin1_code`, `subadmin2_code`, `population`, `time_zone`, `active`, `created_at`, `updated_at`) VALUES ('IE','{\"en\":\"Youghal\"}',-7.85,51.95,'P','PPL','IE.M','IE.M.04',7963,'Europe/Dublin',1,'2022-01-15 23:00:00','2022-01-15 23:00:00');
INSERT INTO `__PREFIX__cities` (`country_code`, `name`, `longitude`, `latitude`, `feature_class`, `feature_code`, `subadmin1_code`, `subadmin2_code`, `population`, `time_zone`, `active`, `created_at`, `updated_at`) VALUES ('IE','{\"en\":\"Wicklow\"}',-6.05,52.98,'P','PPLA2','IE.L','IE.L.31',14048,'Europe/Dublin',1,'2013-12-07 23:00:00','2013-12-07 23:00:00');
INSERT INTO `__PREFIX__cities` (`country_code`, `name`, `longitude`, `latitude`, `feature_class`, `feature_code`, `subadmin1_code`, `subadmin2_code`, `population`, `time_zone`, `active`, `created_at`, `updated_at`) VALUES ('IE','{\"en\":\"Wexford\"}',-6.46,52.33,'P','PPLA2','IE.L','IE.L.30',19913,'Europe/Dublin',1,'2021-01-28 23:00:00','2021-01-28 23:00:00');
INSERT INTO `__PREFIX__cities` (`country_code`, `name`, `longitude`, `latitude`, `feature_class`, `feature_code`, `subadmin1_code`, `subadmin2_code`, `population`, `time_zone`, `active`, `created_at`, `updated_at`) VALUES ('IE','{\"en\":\"Westport\"}',-9.52,53.80,'P','PPL','IE.C','IE.C.20',6198,'Europe/Dublin',1,'2022-01-15 23:00:00','2022-01-15 23:00:00');
INSERT INTO `__PREFIX__cities` (`country_code`, `name`, `longitude`, `latitude`, `feature_class`, `feature_code`, `subadmin1_code`, `subadmin2_code`, `population`, `time_zone`, `active`, `created_at`, `updated_at`) VALUES ('IE','{\"en\":\"Waterford\"}',-7.11,52.26,'P','PPLA2','IE.M','IE.M.44',47904,'Europe/Dublin',1,'2019-03-15 23:00:00','2019-03-15 23:00:00');
INSERT INTO `__PREFIX__cities` (`country_code`, `name`, `longitude`, `latitude`, `feature_class`, `feature_code`, `subadmin1_code`, `subadmin2_code`, `population`, `time_zone`, `active`, `created_at`, `updated_at`) VALUES ('IE','{\"en\":\"Tullamore\"}',-7.49,53.27,'P','PPLA2','IE.L','IE.L.23',11575,'Europe/Dublin',1,'2012-02-29 23:00:00','2012-02-29 23:00:00');
INSERT INTO `__PREFIX__cities` (`country_code`, `name`, `longitude`, `latitude`, `feature_class`, `feature_code`, `subadmin1_code`, `subadmin2_code`, `population`, `time_zone`, `active`, `created_at`, `updated_at`) VALUES ('IE','{\"en\":\"Tuam\"}',-8.85,53.52,'P','PPL','IE.C','IE.C.10',8767,'Europe/Dublin',1,'2022-01-15 23:00:00','2022-01-15 23:00:00');
INSERT INTO `__PREFIX__cities` (`country_code`, `name`, `longitude`, `latitude`, `feature_class`, `feature_code`, `subadmin1_code`, `subadmin2_code`, `population`, `time_zone`, `active`, `created_at`, `updated_at`) VALUES ('IE','{\"en\":\"Trim\"}',-6.79,53.55,'P','PPL','IE.L','IE.L.21',9194,'Europe/Dublin',1,'2022-01-15 23:00:00','2022-01-15 23:00:00');
INSERT INTO `__PREFIX__cities` (`country_code`, `name`, `longitude`, `latitude`, `feature_class`, `feature_code`, `subadmin1_code`, `subadmin2_code`, `population`, `time_zone`, `active`, `created_at`, `updated_at`) VALUES ('IE','{\"en\":\"Trá Mhór\"}',-7.15,52.16,'P','PPL','IE.M','IE.M.44',10381,'Europe/Dublin',1,'2022-01-16 23:00:00','2022-01-16 23:00:00');
INSERT INTO `__PREFIX__cities` (`country_code`, `name`, `longitude`, `latitude`, `feature_class`, `feature_code`, `subadmin1_code`, `subadmin2_code`, `population`, `time_zone`, `active`, `created_at`, `updated_at`) VALUES ('IE','{\"en\":\"Tralee\"}',-9.70,52.27,'P','PPLA2','IE.M','IE.M.11',22941,'Europe/Dublin',1,'2014-12-17 23:00:00','2014-12-17 23:00:00');
INSERT INTO `__PREFIX__cities` (`country_code`, `name`, `longitude`, `latitude`, `feature_class`, `feature_code`, `subadmin1_code`, `subadmin2_code`, `population`, `time_zone`, `active`, `created_at`, `updated_at`) VALUES ('IE','{\"en\":\"Thurles\"}',-7.80,52.68,'P','PPL','IE.M','IE.M.26',7940,'Europe/Dublin',1,'2022-01-15 23:00:00','2022-01-15 23:00:00');
INSERT INTO `__PREFIX__cities` (`country_code`, `name`, `longitude`, `latitude`, `feature_class`, `feature_code`, `subadmin1_code`, `subadmin2_code`, `population`, `time_zone`, `active`, `created_at`, `updated_at`) VALUES ('IE','{\"en\":\"Terenure\"}',-6.29,53.31,'P','PPL','IE.L','IE.L.39',7674,'Europe/Dublin',1,'2019-01-08 23:00:00','2019-01-08 23:00:00');
INSERT INTO `__PREFIX__cities` (`country_code`, `name`, `longitude`, `latitude`, `feature_class`, `feature_code`, `subadmin1_code`, `subadmin2_code`, `population`, `time_zone`, `active`, `created_at`, `updated_at`) VALUES ('IE','{\"en\":\"Tallaght\"}',-6.37,53.29,'P','PPLA2','IE.L','IE.L.39',64282,'Europe/Dublin',1,'2016-09-30 23:00:00','2016-09-30 23:00:00');
INSERT INTO `__PREFIX__cities` (`country_code`, `name`, `longitude`, `latitude`, `feature_class`, `feature_code`, `subadmin1_code`, `subadmin2_code`, `population`, `time_zone`, `active`, `created_at`, `updated_at`) VALUES ('IE','{\"en\":\"Swords\"}',-6.22,53.46,'P','PPLA','IE.L','IE.L.35',36924,'Europe/Dublin',1,'2014-07-07 23:00:00','2014-07-07 23:00:00');
INSERT INTO `__PREFIX__cities` (`country_code`, `name`, `longitude`, `latitude`, `feature_class`, `feature_code`, `subadmin1_code`, `subadmin2_code`, `population`, `time_zone`, `active`, `created_at`, `updated_at`) VALUES ('IE','{\"en\":\"Sutton\"}',-6.11,53.39,'P','PPL','IE.L','IE.L.35',5680,'Europe/Dublin',1,'2022-01-15 23:00:00','2022-01-15 23:00:00');
INSERT INTO `__PREFIX__cities` (`country_code`, `name`, `longitude`, `latitude`, `feature_class`, `feature_code`, `subadmin1_code`, `subadmin2_code`, `population`, `time_zone`, `active`, `created_at`, `updated_at`) VALUES ('IE','{\"en\":\"Sligo\"}',-8.47,54.27,'P','PPLA2','IE.C','IE.C.25',20228,'Europe/Dublin',1,'2014-07-15 23:00:00','2014-07-15 23:00:00');
INSERT INTO `__PREFIX__cities` (`country_code`, `name`, `longitude`, `latitude`, `feature_class`, `feature_code`, `subadmin1_code`, `subadmin2_code`, `population`, `time_zone`, `active`, `created_at`, `updated_at`) VALUES ('IE','{\"en\":\"Skerries\"}',-6.11,53.58,'P','PPL','IE.L','IE.L.35',10043,'Europe/Dublin',1,'2022-01-16 23:00:00','2022-01-16 23:00:00');
INSERT INTO `__PREFIX__cities` (`country_code`, `name`, `longitude`, `latitude`, `feature_class`, `feature_code`, `subadmin1_code`, `subadmin2_code`, `population`, `time_zone`, `active`, `created_at`, `updated_at`) VALUES ('IE','{\"en\":\"Shankill\"}',-6.12,53.23,'P','PPL','IE.L','IE.L.34',14257,'Europe/Dublin',1,'2022-01-15 23:00:00','2022-01-15 23:00:00');
INSERT INTO `__PREFIX__cities` (`country_code`, `name`, `longitude`, `latitude`, `feature_class`, `feature_code`, `subadmin1_code`, `subadmin2_code`, `population`, `time_zone`, `active`, `created_at`, `updated_at`) VALUES ('IE','{\"en\":\"Sandymount\"}',-6.22,53.33,'P','PPL','IE.L','IE.L.33',8967,'Europe/Dublin',1,'2019-01-08 23:00:00','2019-01-08 23:00:00');
INSERT INTO `__PREFIX__cities` (`country_code`, `name`, `longitude`, `latitude`, `feature_class`, `feature_code`, `subadmin1_code`, `subadmin2_code`, `population`, `time_zone`, `active`, `created_at`, `updated_at`) VALUES ('IE','{\"en\":\"Sallins\"}',-6.67,53.25,'P','PPL','IE.L','IE.L.12',5283,'Europe/Dublin',1,'2013-11-25 23:00:00','2013-11-25 23:00:00');
INSERT INTO `__PREFIX__cities` (`country_code`, `name`, `longitude`, `latitude`, `feature_class`, `feature_code`, `subadmin1_code`, `subadmin2_code`, `population`, `time_zone`, `active`, `created_at`, `updated_at`) VALUES ('IE','{\"en\":\"An Ros\"}',-6.10,53.52,'P','PPL','IE.L','IE.L.35',9231,'Europe/Dublin',1,'2019-03-15 23:00:00','2019-03-15 23:00:00');
INSERT INTO `__PREFIX__cities` (`country_code`, `name`, `longitude`, `latitude`, `feature_class`, `feature_code`, `subadmin1_code`, `subadmin2_code`, `population`, `time_zone`, `active`, `created_at`, `updated_at`) VALUES ('IE','{\"en\":\"Roscrea\"}',-7.80,52.95,'P','PPL','IE.M','IE.M.26',5446,'Europe/Dublin',1,'2022-01-15 23:00:00','2022-01-15 23:00:00');
INSERT INTO `__PREFIX__cities` (`country_code`, `name`, `longitude`, `latitude`, `feature_class`, `feature_code`, `subadmin1_code`, `subadmin2_code`, `population`, `time_zone`, `active`, `created_at`, `updated_at`) VALUES ('IE','{\"en\":\"Roscommon\"}',-8.18,53.63,'P','PPLA2','IE.C','IE.C.24',5693,'Europe/Dublin',1,'2013-11-25 23:00:00','2013-11-25 23:00:00');
INSERT INTO `__PREFIX__cities` (`country_code`, `name`, `longitude`, `latitude`, `feature_class`, `feature_code`, `subadmin1_code`, `subadmin2_code`, `population`, `time_zone`, `active`, `created_at`, `updated_at`) VALUES ('IE','{\"en\":\"Ringsend\"}',-6.23,53.34,'P','PPLX','IE.L','IE.L.33',8202,'Europe/Dublin',1,'2021-08-25 23:00:00','2021-08-25 23:00:00');
INSERT INTO `__PREFIX__cities` (`country_code`, `name`, `longitude`, `latitude`, `feature_class`, `feature_code`, `subadmin1_code`, `subadmin2_code`, `population`, `time_zone`, `active`, `created_at`, `updated_at`) VALUES ('IE','{\"en\":\"Ratoath\"}',-6.46,53.51,'P','PPL','IE.L','IE.L.21',9043,'Europe/Dublin',1,'2013-11-25 23:00:00','2013-11-25 23:00:00');
INSERT INTO `__PREFIX__cities` (`country_code`, `name`, `longitude`, `latitude`, `feature_class`, `feature_code`, `subadmin1_code`, `subadmin2_code`, `population`, `time_zone`, `active`, `created_at`, `updated_at`) VALUES ('IE','{\"en\":\"Rathmines\"}',-6.26,53.32,'P','PPLX','IE.L','IE.L.33',11044,'Europe/Dublin',1,'2019-01-08 23:00:00','2019-01-08 23:00:00');
INSERT INTO `__PREFIX__cities` (`country_code`, `name`, `longitude`, `latitude`, `feature_class`, `feature_code`, `subadmin1_code`, `subadmin2_code`, `population`, `time_zone`, `active`, `created_at`, `updated_at`) VALUES ('IE','{\"en\":\"Raheny\"}',-6.18,53.39,'P','PPL','IE.L','IE.L.33',7197,'Europe/Dublin',1,'2017-07-24 23:00:00','2017-07-24 23:00:00');
INSERT INTO `__PREFIX__cities` (`country_code`, `name`, `longitude`, `latitude`, `feature_class`, `feature_code`, `subadmin1_code`, `subadmin2_code`, `population`, `time_zone`, `active`, `created_at`, `updated_at`) VALUES ('IE','{\"en\":\"Portmarnock\"}',-6.14,53.42,'P','PPL','IE.L','IE.L.35',9285,'Europe/Dublin',1,'2016-09-11 23:00:00','2016-09-11 23:00:00');
INSERT INTO `__PREFIX__cities` (`country_code`, `name`, `longitude`, `latitude`, `feature_class`, `feature_code`, `subadmin1_code`, `subadmin2_code`, `population`, `time_zone`, `active`, `created_at`, `updated_at`) VALUES ('IE','{\"en\":\"Portlaoise\"}',-7.30,53.03,'P','PPLA2','IE.L','IE.L.15',13622,'Europe/Dublin',1,'2011-05-24 23:00:00','2011-05-24 23:00:00');
INSERT INTO `__PREFIX__cities` (`country_code`, `name`, `longitude`, `latitude`, `feature_class`, `feature_code`, `subadmin1_code`, `subadmin2_code`, `population`, `time_zone`, `active`, `created_at`, `updated_at`) VALUES ('IE','{\"en\":\"Portarlington\"}',-7.19,53.16,'P','PPL','IE.L','IE.L.15',7788,'Europe/Dublin',1,'2013-11-25 23:00:00','2013-11-25 23:00:00');
INSERT INTO `__PREFIX__cities` (`country_code`, `name`, `longitude`, `latitude`, `feature_class`, `feature_code`, `subadmin1_code`, `subadmin2_code`, `population`, `time_zone`, `active`, `created_at`, `updated_at`) VALUES ('IE','{\"en\":\"Passage West\"}',-8.34,51.87,'P','PPL','IE.M','IE.M.04',5843,'Europe/Dublin',1,'2022-01-15 23:00:00','2022-01-15 23:00:00');
INSERT INTO `__PREFIX__cities` (`country_code`, `name`, `longitude`, `latitude`, `feature_class`, `feature_code`, `subadmin1_code`, `subadmin2_code`, `population`, `time_zone`, `active`, `created_at`, `updated_at`) VALUES ('IE','{\"en\":\"Newtown Trim\"}',-6.77,53.56,'P','PPLX','IE.L','IE.L.21',6781,'Europe/Dublin',1,'2014-12-02 23:00:00','2014-12-02 23:00:00');
INSERT INTO `__PREFIX__cities` (`country_code`, `name`, `longitude`, `latitude`, `feature_class`, `feature_code`, `subadmin1_code`, `subadmin2_code`, `population`, `time_zone`, `active`, `created_at`, `updated_at`) VALUES ('IE','{\"en\":\"New Ross\"}',-6.94,52.40,'P','PPL','IE.L','IE.L.30',8040,'Europe/Dublin',1,'2022-01-15 23:00:00','2022-01-15 23:00:00');
INSERT INTO `__PREFIX__cities` (`country_code`, `name`, `longitude`, `latitude`, `feature_class`, `feature_code`, `subadmin1_code`, `subadmin2_code`, `population`, `time_zone`, `active`, `created_at`, `updated_at`) VALUES ('IE','{\"en\":\"Newcastle West\"}',-9.06,52.45,'P','PPL','IE.M','IE.M.42',6619,'Europe/Dublin',1,'2022-01-15 23:00:00','2022-01-15 23:00:00');
INSERT INTO `__PREFIX__cities` (`country_code`, `name`, `longitude`, `latitude`, `feature_class`, `feature_code`, `subadmin1_code`, `subadmin2_code`, `population`, `time_zone`, `active`, `created_at`, `updated_at`) VALUES ('IE','{\"en\":\"Droichead Nua\"}',-6.80,53.18,'P','PPL','IE.L','IE.L.12',22742,'Europe/Dublin',1,'2022-01-15 23:00:00','2022-01-15 23:00:00');
INSERT INTO `__PREFIX__cities` (`country_code`, `name`, `longitude`, `latitude`, `feature_class`, `feature_code`, `subadmin1_code`, `subadmin2_code`, `population`, `time_zone`, `active`, `created_at`, `updated_at`) VALUES ('IE','{\"en\":\"Nenagh\"}',-8.20,52.86,'P','PPLA','IE.M','IE.M.26',5500,'Europe/Dublin',1,'2015-05-23 23:00:00','2015-05-23 23:00:00');
INSERT INTO `__PREFIX__cities` (`country_code`, `name`, `longitude`, `latitude`, `feature_class`, `feature_code`, `subadmin1_code`, `subadmin2_code`, `population`, `time_zone`, `active`, `created_at`, `updated_at`) VALUES ('IE','{\"en\":\"Navan\"}',-6.68,53.65,'P','PPLA2','IE.L','IE.L.21',24545,'Europe/Dublin',1,'2017-07-29 23:00:00','2017-07-29 23:00:00');
INSERT INTO `__PREFIX__cities` (`country_code`, `name`, `longitude`, `latitude`, `feature_class`, `feature_code`, `subadmin1_code`, `subadmin2_code`, `population`, `time_zone`, `active`, `created_at`, `updated_at`) VALUES ('IE','{\"en\":\"Naas\"}',-6.67,53.22,'P','PPLA2','IE.L','IE.L.12',20713,'Europe/Dublin',1,'2013-12-07 23:00:00','2013-12-07 23:00:00');
INSERT INTO `__PREFIX__cities` (`country_code`, `name`, `longitude`, `latitude`, `feature_class`, `feature_code`, `subadmin1_code`, `subadmin2_code`, `population`, `time_zone`, `active`, `created_at`, `updated_at`) VALUES ('IE','{\"en\":\"An Muileann gCearr\"}',-7.34,53.52,'P','PPLA2','IE.L','IE.L.29',17262,'Europe/Dublin',1,'2019-09-04 23:00:00','2019-09-04 23:00:00');
INSERT INTO `__PREFIX__cities` (`country_code`, `name`, `longitude`, `latitude`, `feature_class`, `feature_code`, `subadmin1_code`, `subadmin2_code`, `population`, `time_zone`, `active`, `created_at`, `updated_at`) VALUES ('IE','{\"en\":\"Monkstown\"}',-6.15,53.29,'P','PPL','IE.L','IE.L.34',5555,'Europe/Dublin',1,'2022-01-17 23:00:00','2022-01-17 23:00:00');
INSERT INTO `__PREFIX__cities` (`country_code`, `name`, `longitude`, `latitude`, `feature_class`, `feature_code`, `subadmin1_code`, `subadmin2_code`, `population`, `time_zone`, `active`, `created_at`, `updated_at`) VALUES ('IE','{\"en\":\"Monaghan\"}',-6.97,54.25,'P','PPLA','IE.U','IE.U.22',7678,'Europe/Dublin',1,'2022-01-15 23:00:00','2022-01-15 23:00:00');
INSERT INTO `__PREFIX__cities` (`country_code`, `name`, `longitude`, `latitude`, `feature_class`, `feature_code`, `subadmin1_code`, `subadmin2_code`, `population`, `time_zone`, `active`, `created_at`, `updated_at`) VALUES ('IE','{\"en\":\"Midleton\"}',-8.18,51.92,'P','PPL','IE.M','IE.M.04',12496,'Europe/Dublin',1,'2022-01-15 23:00:00','2022-01-15 23:00:00');
INSERT INTO `__PREFIX__cities` (`country_code`, `name`, `longitude`, `latitude`, `feature_class`, `feature_code`, `subadmin1_code`, `subadmin2_code`, `population`, `time_zone`, `active`, `created_at`, `updated_at`) VALUES ('IE','{\"en\":\"Mount Merrion\"}',-6.22,53.30,'P','PPLX','IE.L','IE.L.34',7846,'Europe/Dublin',1,'2022-01-29 23:00:00','2022-01-29 23:00:00');
INSERT INTO `__PREFIX__cities` (`country_code`, `name`, `longitude`, `latitude`, `feature_class`, `feature_code`, `subadmin1_code`, `subadmin2_code`, `population`, `time_zone`, `active`, `created_at`, `updated_at`) VALUES ('IE','{\"en\":\"Maynooth\"}',-6.59,53.38,'P','PPL','IE.L','IE.L.12',14585,'Europe/Dublin',1,'2022-01-15 23:00:00','2022-01-15 23:00:00');
INSERT INTO `__PREFIX__cities` (`country_code`, `name`, `longitude`, `latitude`, `feature_class`, `feature_code`, `subadmin1_code`, `subadmin2_code`, `population`, `time_zone`, `active`, `created_at`, `updated_at`) VALUES ('IE','{\"en\":\"Marino\"}',-6.24,53.37,'P','PPLX','IE.L','IE.L.33',11023,'Europe/Dublin',1,'2022-01-28 23:00:00','2022-01-28 23:00:00');
INSERT INTO `__PREFIX__cities` (`country_code`, `name`, `longitude`, `latitude`, `feature_class`, `feature_code`, `subadmin1_code`, `subadmin2_code`, `population`, `time_zone`, `active`, `created_at`, `updated_at`) VALUES ('IE','{\"en\":\"Mallow\"}',-8.63,52.13,'P','PPL','IE.M','IE.M.04',12459,'Europe/Dublin',1,'2022-01-16 23:00:00','2022-01-16 23:00:00');
INSERT INTO `__PREFIX__cities` (`country_code`, `name`, `longitude`, `latitude`, `feature_class`, `feature_code`, `subadmin1_code`, `subadmin2_code`, `population`, `time_zone`, `active`, `created_at`, `updated_at`) VALUES ('IE','{\"en\":\"Malahide\"}',-6.15,53.45,'P','PPL','IE.L','IE.L.35',16550,'Europe/Dublin',1,'2022-01-15 23:00:00','2022-01-15 23:00:00');
INSERT INTO `__PREFIX__cities` (`country_code`, `name`, `longitude`, `latitude`, `feature_class`, `feature_code`, `subadmin1_code`, `subadmin2_code`, `population`, `time_zone`, `active`, `created_at`, `updated_at`) VALUES ('IE','{\"en\":\"Lusk\"}',-6.16,53.53,'P','PPL','IE.L','IE.L.35',7786,'Europe/Dublin',1,'2022-01-15 23:00:00','2022-01-15 23:00:00');
INSERT INTO `__PREFIX__cities` (`country_code`, `name`, `longitude`, `latitude`, `feature_class`, `feature_code`, `subadmin1_code`, `subadmin2_code`, `population`, `time_zone`, `active`, `created_at`, `updated_at`) VALUES ('IE','{\"en\":\"Lucan\"}',-6.45,53.36,'P','PPL','IE.L','IE.L.39',15269,'Europe/Dublin',1,'2016-09-11 23:00:00','2016-09-11 23:00:00');
INSERT INTO `__PREFIX__cities` (`country_code`, `name`, `longitude`, `latitude`, `feature_class`, `feature_code`, `subadmin1_code`, `subadmin2_code`, `population`, `time_zone`, `active`, `created_at`, `updated_at`) VALUES ('IE','{\"en\":\"Loughrea\"}',-8.57,53.20,'P','PPL','IE.C','IE.C.10',5556,'Europe/Dublin',1,'2022-01-15 23:00:00','2022-01-15 23:00:00');
INSERT INTO `__PREFIX__cities` (`country_code`, `name`, `longitude`, `latitude`, `feature_class`, `feature_code`, `subadmin1_code`, `subadmin2_code`, `population`, `time_zone`, `active`, `created_at`, `updated_at`) VALUES ('IE','{\"en\":\"Longford\"}',-7.80,53.73,'P','PPLA2','IE.L','IE.L.18',7787,'Europe/Dublin',1,'2012-02-29 23:00:00','2012-02-29 23:00:00');
INSERT INTO `__PREFIX__cities` (`country_code`, `name`, `longitude`, `latitude`, `feature_class`, `feature_code`, `subadmin1_code`, `subadmin2_code`, `population`, `time_zone`, `active`, `created_at`, `updated_at`) VALUES ('IE','{\"en\":\"Luimneach\"}',-8.62,52.66,'P','PPLA2','IE.M','IE.M.42',90054,'Europe/Dublin',1,'2019-02-25 23:00:00','2019-02-25 23:00:00');
INSERT INTO `__PREFIX__cities` (`country_code`, `name`, `longitude`, `latitude`, `feature_class`, `feature_code`, `subadmin1_code`, `subadmin2_code`, `population`, `time_zone`, `active`, `created_at`, `updated_at`) VALUES ('IE','{\"en\":\"Letterkenny\"}',-7.73,54.95,'P','PPL','IE.U','IE.U.06',19274,'Europe/Dublin',1,'2022-01-15 23:00:00','2022-01-15 23:00:00');
INSERT INTO `__PREFIX__cities` (`country_code`, `name`, `longitude`, `latitude`, `feature_class`, `feature_code`, `subadmin1_code`, `subadmin2_code`, `population`, `time_zone`, `active`, `created_at`, `updated_at`) VALUES ('IE','{\"en\":\"Leixlip\"}',-6.50,53.37,'P','PPL','IE.L','IE.L.12',15504,'Europe/Dublin',1,'2022-01-16 23:00:00','2022-01-16 23:00:00');
INSERT INTO `__PREFIX__cities` (`country_code`, `name`, `longitude`, `latitude`, `feature_class`, `feature_code`, `subadmin1_code`, `subadmin2_code`, `population`, `time_zone`, `active`, `created_at`, `updated_at`) VALUES ('IE','{\"en\":\"Laytown\"}',-6.24,53.68,'P','PPL','IE.L','IE.L.21',10889,'Europe/Dublin',1,'2013-12-07 23:00:00','2013-12-07 23:00:00');
INSERT INTO `__PREFIX__cities` (`country_code`, `name`, `longitude`, `latitude`, `feature_class`, `feature_code`, `subadmin1_code`, `subadmin2_code`, `population`, `time_zone`, `active`, `created_at`, `updated_at`) VALUES ('IE','{\"en\":\"Kinsale\"}',-8.53,51.71,'P','PPL','IE.M','IE.M.04',5281,'Europe/Dublin',1,'2022-01-16 23:00:00','2022-01-16 23:00:00');
INSERT INTO `__PREFIX__cities` (`country_code`, `name`, `longitude`, `latitude`, `feature_class`, `feature_code`, `subadmin1_code`, `subadmin2_code`, `population`, `time_zone`, `active`, `created_at`, `updated_at`) VALUES ('IE','{\"en\":\"Cill Airne\"}',-9.51,52.06,'P','PPL','IE.M','IE.M.11',14504,'Europe/Dublin',1,'2022-01-15 23:00:00','2022-01-15 23:00:00');
INSERT INTO `__PREFIX__cities` (`country_code`, `name`, `longitude`, `latitude`, `feature_class`, `feature_code`, `subadmin1_code`, `subadmin2_code`, `population`, `time_zone`, `active`, `created_at`, `updated_at`) VALUES ('IE','{\"en\":\"Kilkenny\"}',-7.25,52.65,'P','PPLA2','IE.L','IE.L.13',21589,'Europe/Dublin',1,'2014-05-08 23:00:00','2014-05-08 23:00:00');
INSERT INTO `__PREFIX__cities` (`country_code`, `name`, `longitude`, `latitude`, `feature_class`, `feature_code`, `subadmin1_code`, `subadmin2_code`, `population`, `time_zone`, `active`, `created_at`, `updated_at`) VALUES ('IE','{\"en\":\"Kildare\"}',-6.91,53.16,'P','PPL','IE.L','IE.L.12',8634,'Europe/Dublin',1,'2022-01-16 23:00:00','2022-01-16 23:00:00');
INSERT INTO `__PREFIX__cities` (`country_code`, `name`, `longitude`, `latitude`, `feature_class`, `feature_code`, `subadmin1_code`, `subadmin2_code`, `population`, `time_zone`, `active`, `created_at`, `updated_at`) VALUES ('IE','{\"en\":\"Kilcock\"}',-6.67,53.40,'P','PPL','IE.L','IE.L.12',5533,'Europe/Dublin',1,'2013-11-25 23:00:00','2013-11-25 23:00:00');
INSERT INTO `__PREFIX__cities` (`country_code`, `name`, `longitude`, `latitude`, `feature_class`, `feature_code`, `subadmin1_code`, `subadmin2_code`, `population`, `time_zone`, `active`, `created_at`, `updated_at`) VALUES ('IE','{\"en\":\"Howth\"}',-6.07,53.39,'P','PPL','IE.L','IE.L.35',8277,'Europe/Dublin',1,'2022-01-15 23:00:00','2022-01-15 23:00:00');
INSERT INTO `__PREFIX__cities` (`country_code`, `name`, `longitude`, `latitude`, `feature_class`, `feature_code`, `subadmin1_code`, `subadmin2_code`, `population`, `time_zone`, `active`, `created_at`, `updated_at`) VALUES ('IE','{\"en\":\"Greystones\"}',-6.06,53.14,'P','PPL','IE.L','IE.L.31',18140,'Europe/Dublin',1,'2022-01-15 23:00:00','2022-01-15 23:00:00');
INSERT INTO `__PREFIX__cities` (`country_code`, `name`, `longitude`, `latitude`, `feature_class`, `feature_code`, `subadmin1_code`, `subadmin2_code`, `population`, `time_zone`, `active`, `created_at`, `updated_at`) VALUES ('IE','{\"en\":\"Gorey\"}',-6.29,52.67,'P','PPL','IE.L','IE.L.30',9822,'Europe/Dublin',1,'2022-01-15 23:00:00','2022-01-15 23:00:00');
INSERT INTO `__PREFIX__cities` (`country_code`, `name`, `longitude`, `latitude`, `feature_class`, `feature_code`, `subadmin1_code`, `subadmin2_code`, `population`, `time_zone`, `active`, `created_at`, `updated_at`) VALUES ('IE','{\"en\":\"Glanmire\"}',-8.40,51.92,'P','PPL','IE.M','IE.M.04',8924,'Europe/Dublin',1,'2021-09-25 23:00:00','2021-09-25 23:00:00');
INSERT INTO `__PREFIX__cities` (`country_code`, `name`, `longitude`, `latitude`, `feature_class`, `feature_code`, `subadmin1_code`, `subadmin2_code`, `population`, `time_zone`, `active`, `created_at`, `updated_at`) VALUES ('IE','{\"en\":\"Gaillimh\"}',-9.05,53.27,'P','PPLA','IE.C','IE.C.10',70686,'Europe/Dublin',1,'2019-11-12 23:00:00','2019-11-12 23:00:00');
INSERT INTO `__PREFIX__cities` (`country_code`, `name`, `longitude`, `latitude`, `feature_class`, `feature_code`, `subadmin1_code`, `subadmin2_code`, `population`, `time_zone`, `active`, `created_at`, `updated_at`) VALUES ('IE','{\"en\":\"Finglas\"}',-6.30,53.39,'P','PPL','IE.L','IE.L.33',19768,'Europe/Dublin',1,'2019-01-08 23:00:00','2019-01-08 23:00:00');
INSERT INTO `__PREFIX__cities` (`country_code`, `name`, `longitude`, `latitude`, `feature_class`, `feature_code`, `subadmin1_code`, `subadmin2_code`, `population`, `time_zone`, `active`, `created_at`, `updated_at`) VALUES ('IE','{\"en\":\"Fermoy\"}',-8.28,52.14,'P','PPL','IE.M','IE.M.04',6585,'Europe/Dublin',1,'2022-01-15 23:00:00','2022-01-15 23:00:00');
INSERT INTO `__PREFIX__cities` (`country_code`, `name`, `longitude`, `latitude`, `feature_class`, `feature_code`, `subadmin1_code`, `subadmin2_code`, `population`, `time_zone`, `active`, `created_at`, `updated_at`) VALUES ('IE','{\"en\":\"Enniscorthy\"}',-6.56,52.50,'P','PPL','IE.L','IE.L.30',9709,'Europe/Dublin',1,'2022-01-15 23:00:00','2022-01-15 23:00:00');
INSERT INTO `__PREFIX__cities` (`country_code`, `name`, `longitude`, `latitude`, `feature_class`, `feature_code`, `subadmin1_code`, `subadmin2_code`, `population`, `time_zone`, `active`, `created_at`, `updated_at`) VALUES ('IE','{\"en\":\"Ennis\"}',-8.99,52.84,'P','PPLA2','IE.M','IE.M.03',24427,'Europe/Dublin',1,'2019-06-13 23:00:00','2019-06-13 23:00:00');
INSERT INTO `__PREFIX__cities` (`country_code`, `name`, `longitude`, `latitude`, `feature_class`, `feature_code`, `subadmin1_code`, `subadmin2_code`, `population`, `time_zone`, `active`, `created_at`, `updated_at`) VALUES ('IE','{\"en\":\"Edenderry\"}',-7.05,53.34,'P','PPL','IE.L','IE.L.23',7359,'Europe/Dublin',1,'2022-01-15 23:00:00','2022-01-15 23:00:00');
INSERT INTO `__PREFIX__cities` (`country_code`, `name`, `longitude`, `latitude`, `feature_class`, `feature_code`, `subadmin1_code`, `subadmin2_code`, `population`, `time_zone`, `active`, `created_at`, `updated_at`) VALUES ('IE','{\"en\":\"Dún Laoghaire\"}',-6.14,53.29,'P','PPL','IE.L','IE.L.34',26525,'Europe/Dublin',1,'2022-01-15 23:00:00','2022-01-15 23:00:00');
INSERT INTO `__PREFIX__cities` (`country_code`, `name`, `longitude`, `latitude`, `feature_class`, `feature_code`, `subadmin1_code`, `subadmin2_code`, `population`, `time_zone`, `active`, `created_at`, `updated_at`) VALUES ('IE','{\"en\":\"Dungarvan\"}',-7.63,52.09,'P','PPL','IE.M','IE.M.44',7551,'Europe/Dublin',1,'2022-01-14 23:00:00','2022-01-14 23:00:00');
INSERT INTO `__PREFIX__cities` (`country_code`, `name`, `longitude`, `latitude`, `feature_class`, `feature_code`, `subadmin1_code`, `subadmin2_code`, `population`, `time_zone`, `active`, `created_at`, `updated_at`) VALUES ('IE','{\"en\":\"Dundrum\"}',-6.26,53.29,'P','PPL','IE.L','IE.L.34',12152,'Europe/Dublin',1,'2016-09-11 23:00:00','2016-09-11 23:00:00');
INSERT INTO `__PREFIX__cities` (`country_code`, `name`, `longitude`, `latitude`, `feature_class`, `feature_code`, `subadmin1_code`, `subadmin2_code`, `population`, `time_zone`, `active`, `created_at`, `updated_at`) VALUES ('IE','{\"en\":\"Dundalk\"}',-6.42,54.00,'P','PPLA2','IE.L','IE.L.19',33428,'Europe/Dublin',1,'2012-02-29 23:00:00','2012-02-29 23:00:00');
INSERT INTO `__PREFIX__cities` (`country_code`, `name`, `longitude`, `latitude`, `feature_class`, `feature_code`, `subadmin1_code`, `subadmin2_code`, `population`, `time_zone`, `active`, `created_at`, `updated_at`) VALUES ('IE','{\"en\":\"Dunboyne\"}',-6.47,53.42,'P','PPL','IE.L','IE.L.21',7272,'Europe/Dublin',1,'2022-01-14 23:00:00','2022-01-14 23:00:00');
INSERT INTO `__PREFIX__cities` (`country_code`, `name`, `longitude`, `latitude`, `feature_class`, `feature_code`, `subadmin1_code`, `subadmin2_code`, `population`, `time_zone`, `active`, `created_at`, `updated_at`) VALUES ('IE','{\"en\":\"Dublin\"}',-6.25,53.33,'P','PPLC','IE.L','IE.L.33',1024027,'Europe/Dublin',1,'2020-04-08 23:00:00','2020-04-08 23:00:00');
INSERT INTO `__PREFIX__cities` (`country_code`, `name`, `longitude`, `latitude`, `feature_class`, `feature_code`, `subadmin1_code`, `subadmin2_code`, `population`, `time_zone`, `active`, `created_at`, `updated_at`) VALUES ('IE','{\"en\":\"Drogheda\"}',-6.35,53.72,'P','PPL','IE.L','IE.L.19',40956,'Europe/Dublin',1,'2022-01-15 23:00:00','2022-01-15 23:00:00');
INSERT INTO `__PREFIX__cities` (`country_code`, `name`, `longitude`, `latitude`, `feature_class`, `feature_code`, `subadmin1_code`, `subadmin2_code`, `population`, `time_zone`, `active`, `created_at`, `updated_at`) VALUES ('IE','{\"en\":\"Douglas\"}',-8.44,51.87,'P','PPL','IE.M','IE.M.04',26883,'Europe/Dublin',1,'2022-01-24 23:00:00','2022-01-24 23:00:00');
INSERT INTO `__PREFIX__cities` (`country_code`, `name`, `longitude`, `latitude`, `feature_class`, `feature_code`, `subadmin1_code`, `subadmin2_code`, `population`, `time_zone`, `active`, `created_at`, `updated_at`) VALUES ('IE','{\"en\":\"Donnybrook\"}',-6.22,53.31,'P','PPL','IE.L','IE.L.33',10645,'Europe/Dublin',1,'2017-07-24 23:00:00','2017-07-24 23:00:00');
INSERT INTO `__PREFIX__cities` (`country_code`, `name`, `longitude`, `latitude`, `feature_class`, `feature_code`, `subadmin1_code`, `subadmin2_code`, `population`, `time_zone`, `active`, `created_at`, `updated_at`) VALUES ('IE','{\"en\":\"Donabate\"}',-6.15,53.49,'P','PPL','IE.L','IE.L.35',7443,'Europe/Dublin',1,'2022-01-14 23:00:00','2022-01-14 23:00:00');
INSERT INTO `__PREFIX__cities` (`country_code`, `name`, `longitude`, `latitude`, `feature_class`, `feature_code`, `subadmin1_code`, `subadmin2_code`, `population`, `time_zone`, `active`, `created_at`, `updated_at`) VALUES ('IE','{\"en\":\"Dollymount\"}',-6.18,53.36,'P','PPL','IE.L','IE.L.33',5070,'Europe/Dublin',1,'2017-07-24 23:00:00','2017-07-24 23:00:00');
INSERT INTO `__PREFIX__cities` (`country_code`, `name`, `longitude`, `latitude`, `feature_class`, `feature_code`, `subadmin1_code`, `subadmin2_code`, `population`, `time_zone`, `active`, `created_at`, `updated_at`) VALUES ('IE','{\"en\":\"Dalkey\"}',-6.10,53.28,'P','PPL','IE.L','IE.L.34',6622,'Europe/Dublin',1,'2016-09-11 23:00:00','2016-09-11 23:00:00');
INSERT INTO `__PREFIX__cities` (`country_code`, `name`, `longitude`, `latitude`, `feature_class`, `feature_code`, `subadmin1_code`, `subadmin2_code`, `population`, `time_zone`, `active`, `created_at`, `updated_at`) VALUES ('IE','{\"en\":\"Crumlin\"}',-6.31,53.32,'P','PPL','IE.L','IE.L.33',11294,'Europe/Dublin',1,'2019-01-08 23:00:00','2019-01-08 23:00:00');
INSERT INTO `__PREFIX__cities` (`country_code`, `name`, `longitude`, `latitude`, `feature_class`, `feature_code`, `subadmin1_code`, `subadmin2_code`, `population`, `time_zone`, `active`, `created_at`, `updated_at`) VALUES ('IE','{\"en\":\"Cork\"}',-8.47,51.90,'P','PPLA2','IE.M','IE.M.04',190384,'Europe/Dublin',1,'2019-09-04 23:00:00','2019-09-04 23:00:00');
INSERT INTO `__PREFIX__cities` (`country_code`, `name`, `longitude`, `latitude`, `feature_class`, `feature_code`, `subadmin1_code`, `subadmin2_code`, `population`, `time_zone`, `active`, `created_at`, `updated_at`) VALUES ('IE','{\"en\":\"Cobh\"}',-8.29,51.85,'P','PPL','IE.M','IE.M.04',12800,'Europe/Dublin',1,'2022-01-15 23:00:00','2022-01-15 23:00:00');
INSERT INTO `__PREFIX__cities` (`country_code`, `name`, `longitude`, `latitude`, `feature_class`, `feature_code`, `subadmin1_code`, `subadmin2_code`, `population`, `time_zone`, `active`, `created_at`, `updated_at`) VALUES ('IE','{\"en\":\"Cluain Meala\"}',-7.70,52.35,'P','PPLA2','IE.M','IE.M.26',17394,'Europe/Dublin',1,'2015-05-23 23:00:00','2015-05-23 23:00:00');
INSERT INTO `__PREFIX__cities` (`country_code`, `name`, `longitude`, `latitude`, `feature_class`, `feature_code`, `subadmin1_code`, `subadmin2_code`, `population`, `time_zone`, `active`, `created_at`, `updated_at`) VALUES ('IE','{\"en\":\"Clondalkin\"}',-6.40,53.32,'P','PPL','IE.L','IE.L.39',14508,'Europe/Dublin',1,'2016-09-11 23:00:00','2016-09-11 23:00:00');
INSERT INTO `__PREFIX__cities` (`country_code`, `name`, `longitude`, `latitude`, `feature_class`, `feature_code`, `subadmin1_code`, `subadmin2_code`, `population`, `time_zone`, `active`, `created_at`, `updated_at`) VALUES ('IE','{\"en\":\"Clane\"}',-6.69,53.29,'P','PPL','IE.L','IE.L.12',7280,'Europe/Dublin',1,'2022-01-14 23:00:00','2022-01-14 23:00:00');
INSERT INTO `__PREFIX__cities` (`country_code`, `name`, `longitude`, `latitude`, `feature_class`, `feature_code`, `subadmin1_code`, `subadmin2_code`, `population`, `time_zone`, `active`, `created_at`, `updated_at`) VALUES ('IE','{\"en\":\"Cherryville\"}',-6.97,53.16,'P','PPL','IE.L','IE.L.12',6380,'Europe/Dublin',1,'2010-08-13 23:00:00','2010-08-13 23:00:00');
INSERT INTO `__PREFIX__cities` (`country_code`, `name`, `longitude`, `latitude`, `feature_class`, `feature_code`, `subadmin1_code`, `subadmin2_code`, `population`, `time_zone`, `active`, `created_at`, `updated_at`) VALUES ('IE','{\"en\":\"Chapelizod\"}',-6.34,53.35,'P','PPL','IE.L','IE.L.33',5296,'Europe/Dublin',1,'2019-01-08 23:00:00','2019-01-08 23:00:00');
INSERT INTO `__PREFIX__cities` (`country_code`, `name`, `longitude`, `latitude`, `feature_class`, `feature_code`, `subadmin1_code`, `subadmin2_code`, `population`, `time_zone`, `active`, `created_at`, `updated_at`) VALUES ('IE','{\"en\":\"Celbridge\"}',-6.54,53.34,'P','PPL','IE.L','IE.L.12',20288,'Europe/Dublin',1,'2022-01-14 23:00:00','2022-01-14 23:00:00');
INSERT INTO `__PREFIX__cities` (`country_code`, `name`, `longitude`, `latitude`, `feature_class`, `feature_code`, `subadmin1_code`, `subadmin2_code`, `population`, `time_zone`, `active`, `created_at`, `updated_at`) VALUES ('IE','{\"en\":\"Cavan\"}',-7.36,53.99,'P','PPLA2','IE.U','IE.U.02',6388,'Europe/Dublin',1,'2012-03-29 23:00:00','2012-03-29 23:00:00');
INSERT INTO `__PREFIX__cities` (`country_code`, `name`, `longitude`, `latitude`, `feature_class`, `feature_code`, `subadmin1_code`, `subadmin2_code`, `population`, `time_zone`, `active`, `created_at`, `updated_at`) VALUES ('IE','{\"en\":\"Castleknock\"}',-6.36,53.37,'P','PPL','IE.L','IE.L.35',8301,'Europe/Dublin',1,'2016-09-11 23:00:00','2016-09-11 23:00:00');
INSERT INTO `__PREFIX__cities` (`country_code`, `name`, `longitude`, `latitude`, `feature_class`, `feature_code`, `subadmin1_code`, `subadmin2_code`, `population`, `time_zone`, `active`, `created_at`, `updated_at`) VALUES ('IE','{\"en\":\"Castlebar\"}',-9.30,53.85,'P','PPLA2','IE.C','IE.C.20',12874,'Europe/Dublin',1,'2012-02-29 23:00:00','2012-02-29 23:00:00');
INSERT INTO `__PREFIX__cities` (`country_code`, `name`, `longitude`, `latitude`, `feature_class`, `feature_code`, `subadmin1_code`, `subadmin2_code`, `population`, `time_zone`, `active`, `created_at`, `updated_at`) VALUES ('IE','{\"en\":\"Carrigtwohill\"}',-8.26,51.91,'P','PPL','IE.M','IE.M.04',5080,'Europe/Dublin',1,'2022-01-16 23:00:00','2022-01-16 23:00:00');
INSERT INTO `__PREFIX__cities` (`country_code`, `name`, `longitude`, `latitude`, `feature_class`, `feature_code`, `subadmin1_code`, `subadmin2_code`, `population`, `time_zone`, `active`, `created_at`, `updated_at`) VALUES ('IE','{\"en\":\"Carrigaline\"}',-8.40,51.81,'P','PPL','IE.M','IE.M.04',15770,'Europe/Dublin',1,'2022-01-15 23:00:00','2022-01-15 23:00:00');
INSERT INTO `__PREFIX__cities` (`country_code`, `name`, `longitude`, `latitude`, `feature_class`, `feature_code`, `subadmin1_code`, `subadmin2_code`, `population`, `time_zone`, `active`, `created_at`, `updated_at`) VALUES ('IE','{\"en\":\"Carrick-on-Suir\"}',-7.41,52.35,'P','PPL','IE.M','IE.M.26',5771,'Europe/Dublin',1,'2022-01-15 23:00:00','2022-01-15 23:00:00');
INSERT INTO `__PREFIX__cities` (`country_code`, `name`, `longitude`, `latitude`, `feature_class`, `feature_code`, `subadmin1_code`, `subadmin2_code`, `population`, `time_zone`, `active`, `created_at`, `updated_at`) VALUES ('IE','{\"en\":\"Carrickmacross\"}',-6.72,53.97,'P','PPL','IE.U','IE.U.22',5032,'Europe/Dublin',1,'2022-01-15 23:00:00','2022-01-15 23:00:00');
INSERT INTO `__PREFIX__cities` (`country_code`, `name`, `longitude`, `latitude`, `feature_class`, `feature_code`, `subadmin1_code`, `subadmin2_code`, `population`, `time_zone`, `active`, `created_at`, `updated_at`) VALUES ('IE','{\"en\":\"Carlow\"}',-6.93,52.84,'P','PPLA2','IE.L','IE.L.01',20055,'Europe/Dublin',1,'2011-05-28 23:00:00','2011-05-28 23:00:00');
INSERT INTO `__PREFIX__cities` (`country_code`, `name`, `longitude`, `latitude`, `feature_class`, `feature_code`, `subadmin1_code`, `subadmin2_code`, `population`, `time_zone`, `active`, `created_at`, `updated_at`) VALUES ('IE','{\"en\":\"Cabinteely\"}',-6.16,53.27,'P','PPL','IE.L','IE.L.34',10038,'Europe/Dublin',1,'2016-09-11 23:00:00','2016-09-11 23:00:00');
INSERT INTO `__PREFIX__cities` (`country_code`, `name`, `longitude`, `latitude`, `feature_class`, `feature_code`, `subadmin1_code`, `subadmin2_code`, `population`, `time_zone`, `active`, `created_at`, `updated_at`) VALUES ('IE','{\"en\":\"Bray\"}',-6.10,53.20,'P','PPL','IE.L','IE.L.31',32600,'Europe/Dublin',1,'2022-01-16 23:00:00','2022-01-16 23:00:00');
INSERT INTO `__PREFIX__cities` (`country_code`, `name`, `longitude`, `latitude`, `feature_class`, `feature_code`, `subadmin1_code`, `subadmin2_code`, `population`, `time_zone`, `active`, `created_at`, `updated_at`) VALUES ('IE','{\"en\":\"Blessington\"}',-6.53,53.17,'P','PPL','IE.L','IE.L.31',5520,'Europe/Dublin',1,'2022-01-16 23:00:00','2022-01-16 23:00:00');
INSERT INTO `__PREFIX__cities` (`country_code`, `name`, `longitude`, `latitude`, `feature_class`, `feature_code`, `subadmin1_code`, `subadmin2_code`, `population`, `time_zone`, `active`, `created_at`, `updated_at`) VALUES ('IE','{\"en\":\"Blanchardstown\"}',-6.38,53.39,'P','PPL','IE.L','IE.L.35',16511,'Europe/Dublin',1,'2013-12-07 23:00:00','2013-12-07 23:00:00');
INSERT INTO `__PREFIX__cities` (`country_code`, `name`, `longitude`, `latitude`, `feature_class`, `feature_code`, `subadmin1_code`, `subadmin2_code`, `population`, `time_zone`, `active`, `created_at`, `updated_at`) VALUES ('IE','{\"en\":\"Blackrock\"}',-6.18,53.30,'P','PPL','IE.L','IE.L.34',8821,'Europe/Dublin',1,'2017-07-24 23:00:00','2017-07-24 23:00:00');
INSERT INTO `__PREFIX__cities` (`country_code`, `name`, `longitude`, `latitude`, `feature_class`, `feature_code`, `subadmin1_code`, `subadmin2_code`, `population`, `time_zone`, `active`, `created_at`, `updated_at`) VALUES ('IE','{\"en\":\"Birr\"}',-7.91,53.09,'P','PPL','IE.L','IE.L.23',5741,'Europe/Dublin',1,'2022-01-14 23:00:00','2022-01-14 23:00:00');
INSERT INTO `__PREFIX__cities` (`country_code`, `name`, `longitude`, `latitude`, `feature_class`, `feature_code`, `subadmin1_code`, `subadmin2_code`, `population`, `time_zone`, `active`, `created_at`, `updated_at`) VALUES ('IE','{\"en\":\"Bandon\"}',-8.74,51.75,'P','PPL','IE.M','IE.M.04',6957,'Europe/Dublin',1,'2022-01-14 23:00:00','2022-01-14 23:00:00');
INSERT INTO `__PREFIX__cities` (`country_code`, `name`, `longitude`, `latitude`, `feature_class`, `feature_code`, `subadmin1_code`, `subadmin2_code`, `population`, `time_zone`, `active`, `created_at`, `updated_at`) VALUES ('IE','{\"en\":\"Ballyboden\"}',-6.32,53.28,'P','PPL','IE.L','IE.L.39',9611,'Europe/Dublin',1,'2017-07-24 23:00:00','2017-07-24 23:00:00');
INSERT INTO `__PREFIX__cities` (`country_code`, `name`, `longitude`, `latitude`, `feature_class`, `feature_code`, `subadmin1_code`, `subadmin2_code`, `population`, `time_zone`, `active`, `created_at`, `updated_at`) VALUES ('IE','{\"en\":\"Ballincollig\"}',-8.58,51.88,'P','PPL','IE.M','IE.M.04',18621,'Europe/Dublin',1,'2022-01-28 23:00:00','2022-01-28 23:00:00');
INSERT INTO `__PREFIX__cities` (`country_code`, `name`, `longitude`, `latitude`, `feature_class`, `feature_code`, `subadmin1_code`, `subadmin2_code`, `population`, `time_zone`, `active`, `created_at`, `updated_at`) VALUES ('IE','{\"en\":\"Ballinasloe\"}',-8.22,53.33,'P','PPL','IE.C','IE.C.10',6662,'Europe/Dublin',1,'2022-01-15 23:00:00','2022-01-15 23:00:00');
INSERT INTO `__PREFIX__cities` (`country_code`, `name`, `longitude`, `latitude`, `feature_class`, `feature_code`, `subadmin1_code`, `subadmin2_code`, `population`, `time_zone`, `active`, `created_at`, `updated_at`) VALUES ('IE','{\"en\":\"Ballina\"}',-9.17,54.12,'P','PPL','IE.C','IE.C.20',10087,'Europe/Dublin',1,'2022-01-15 23:00:00','2022-01-15 23:00:00');
INSERT INTO `__PREFIX__cities` (`country_code`, `name`, `longitude`, `latitude`, `feature_class`, `feature_code`, `subadmin1_code`, `subadmin2_code`, `population`, `time_zone`, `active`, `created_at`, `updated_at`) VALUES ('IE','{\"en\":\"Baldoyle\"}',-6.13,53.40,'P','PPL','IE.L','IE.L.35',8043,'Europe/Dublin',1,'2013-12-07 23:00:00','2013-12-07 23:00:00');
INSERT INTO `__PREFIX__cities` (`country_code`, `name`, `longitude`, `latitude`, `feature_class`, `feature_code`, `subadmin1_code`, `subadmin2_code`, `population`, `time_zone`, `active`, `created_at`, `updated_at`) VALUES ('IE','{\"en\":\"Balbriggan\"}',-6.18,53.61,'P','PPL','IE.L','IE.L.35',21722,'Europe/Dublin',1,'2022-01-15 23:00:00','2022-01-15 23:00:00');
INSERT INTO `__PREFIX__cities` (`country_code`, `name`, `longitude`, `latitude`, `feature_class`, `feature_code`, `subadmin1_code`, `subadmin2_code`, `population`, `time_zone`, `active`, `created_at`, `updated_at`) VALUES ('IE','{\"en\":\"Athy\"}',-6.98,52.99,'P','PPL','IE.L','IE.L.12',9677,'Europe/Dublin',1,'2022-01-15 23:00:00','2022-01-15 23:00:00');
INSERT INTO `__PREFIX__cities` (`country_code`, `name`, `longitude`, `latitude`, `feature_class`, `feature_code`, `subadmin1_code`, `subadmin2_code`, `population`, `time_zone`, `active`, `created_at`, `updated_at`) VALUES ('IE','{\"en\":\"Ashbourne\"}',-6.40,53.51,'P','PPL','IE.L','IE.L.21',12679,'Europe/Dublin',1,'2022-01-15 23:00:00','2022-01-15 23:00:00');
INSERT INTO `__PREFIX__cities` (`country_code`, `name`, `longitude`, `latitude`, `feature_class`, `feature_code`, `subadmin1_code`, `subadmin2_code`, `population`, `time_zone`, `active`, `created_at`, `updated_at`) VALUES ('IE','{\"en\":\"Arklow\"}',-6.15,52.79,'P','PPL','IE.L','IE.L.31',13163,'Europe/Dublin',1,'2022-01-15 23:00:00','2022-01-15 23:00:00');
INSERT INTO `__PREFIX__cities` (`country_code`, `name`, `longitude`, `latitude`, `feature_class`, `feature_code`, `subadmin1_code`, `subadmin2_code`, `population`, `time_zone`, `active`, `created_at`, `updated_at`) VALUES ('IE','{\"en\":\"Nenagh Bridge\"}',-8.20,52.88,'P','PPL','IE.M','IE.M.26',6672,'Europe/Dublin',1,'2019-01-09 23:00:00','2019-01-09 23:00:00');
INSERT INTO `__PREFIX__cities` (`country_code`, `name`, `longitude`, `latitude`, `feature_class`, `feature_code`, `subadmin1_code`, `subadmin2_code`, `population`, `time_zone`, `active`, `created_at`, `updated_at`) VALUES ('IE','{\"en\":\"Shannon\"}',-8.86,52.70,'P','PPL','IE.M','IE.M.03',9729,'Europe/Dublin',1,'2022-01-15 23:00:00','2022-01-15 23:00:00');
INSERT INTO `__PREFIX__cities` (`country_code`, `name`, `longitude`, `latitude`, `feature_class`, `feature_code`, `subadmin1_code`, `subadmin2_code`, `population`, `time_zone`, `active`, `created_at`, `updated_at`) VALUES ('IE','{\"en\":\"Athlone\"}',-7.94,53.42,'P','PPL','IE.L','IE.L.29',21351,'Europe/Dublin',1,'2019-10-22 23:00:00','2019-10-22 23:00:00');
INSERT INTO `__PREFIX__cities` (`country_code`, `name`, `longitude`, `latitude`, `feature_class`, `feature_code`, `subadmin1_code`, `subadmin2_code`, `population`, `time_zone`, `active`, `created_at`, `updated_at`) VALUES ('IE','{\"en\":\"Eadestown\"}',-6.58,53.20,'P','PPL','IE.L','IE.L.12',5346,'Europe/Dublin',1,'2020-10-14 23:00:00','2020-10-14 23:00:00');
INSERT INTO `__PREFIX__cities` (`country_code`, `name`, `longitude`, `latitude`, `feature_class`, `feature_code`, `subadmin1_code`, `subadmin2_code`, `population`, `time_zone`, `active`, `created_at`, `updated_at`) VALUES ('IE','{\"en\":\"Little Bray\"}',-6.12,53.20,'P','PPLX','IE.L','IE.L.31',8015,'Europe/Dublin',1,'2019-07-04 23:00:00','2019-07-04 23:00:00');
INSERT INTO `__PREFIX__cities` (`country_code`, `name`, `longitude`, `latitude`, `feature_class`, `feature_code`, `subadmin1_code`, `subadmin2_code`, `population`, `time_zone`, `active`, `created_at`, `updated_at`) VALUES ('IE','{\"en\":\"Firhouse\"}',-6.34,53.28,'P','PPL','IE.L','IE.L.39',6859,'Europe/Dublin',1,'2021-08-25 23:00:00','2021-08-25 23:00:00');
INSERT INTO `__PREFIX__cities` (`country_code`, `name`, `longitude`, `latitude`, `feature_class`, `feature_code`, `subadmin1_code`, `subadmin2_code`, `population`, `time_zone`, `active`, `created_at`, `updated_at`) VALUES ('IE','{\"en\":\"Sandyford\"}',-6.23,53.27,'P','PPL','IE.L','IE.L.34',22288,'Europe/Dublin',1,'2017-07-24 23:00:00','2017-07-24 23:00:00');
INSERT INTO `__PREFIX__cities` (`country_code`, `name`, `longitude`, `latitude`, `feature_class`, `feature_code`, `subadmin1_code`, `subadmin2_code`, `population`, `time_zone`, `active`, `created_at`, `updated_at`) VALUES ('IE','{\"en\":\"Foxrock\"}',-6.17,53.27,'P','PPL','IE.L','IE.L.34',12870,'Europe/Dublin',1,'2016-09-11 23:00:00','2016-09-11 23:00:00');
INSERT INTO `__PREFIX__cities` (`country_code`, `name`, `longitude`, `latitude`, `feature_class`, `feature_code`, `subadmin1_code`, `subadmin2_code`, `population`, `time_zone`, `active`, `created_at`, `updated_at`) VALUES ('IE','{\"en\":\"Sallynoggin\"}',-6.14,53.28,'P','PPL','IE.L','IE.L.34',6916,'Europe/Dublin',1,'2017-07-24 23:00:00','2017-07-24 23:00:00');
INSERT INTO `__PREFIX__cities` (`country_code`, `name`, `longitude`, `latitude`, `feature_class`, `feature_code`, `subadmin1_code`, `subadmin2_code`, `population`, `time_zone`, `active`, `created_at`, `updated_at`) VALUES ('IE','{\"en\":\"Rathgar\"}',-6.28,53.31,'P','PPL','IE.L','IE.L.33',8394,'Europe/Dublin',1,'2016-09-11 23:00:00','2016-09-11 23:00:00');
INSERT INTO `__PREFIX__cities` (`country_code`, `name`, `longitude`, `latitude`, `feature_class`, `feature_code`, `subadmin1_code`, `subadmin2_code`, `population`, `time_zone`, `active`, `created_at`, `updated_at`) VALUES ('IE','{\"en\":\"Artane\"}',-6.21,53.39,'P','PPL','IE.L','IE.L.33',5328,'Europe/Dublin',1,'2017-07-24 23:00:00','2017-07-24 23:00:00');
INSERT INTO `__PREFIX__cities` (`country_code`, `name`, `longitude`, `latitude`, `feature_class`, `feature_code`, `subadmin1_code`, `subadmin2_code`, `population`, `time_zone`, `active`, `created_at`, `updated_at`) VALUES ('IE','{\"en\":\"Beaumont\"}',-6.23,53.39,'P','PPL','IE.L','IE.L.33',8609,'Europe/Dublin',1,'2021-08-25 23:00:00','2021-08-25 23:00:00');
INSERT INTO `__PREFIX__cities` (`country_code`, `name`, `longitude`, `latitude`, `feature_class`, `feature_code`, `subadmin1_code`, `subadmin2_code`, `population`, `time_zone`, `active`, `created_at`, `updated_at`) VALUES ('IE','{\"en\":\"Ballymun\"}',-6.27,53.40,'P','PPL','IE.L','IE.L.33',6262,'Europe/Dublin',1,'2022-01-15 23:00:00','2022-01-15 23:00:00');
INSERT INTO `__PREFIX__cities` (`country_code`, `name`, `longitude`, `latitude`, `feature_class`, `feature_code`, `subadmin1_code`, `subadmin2_code`, `population`, `time_zone`, `active`, `created_at`, `updated_at`) VALUES ('IE','{\"en\":\"Walkinstown\"}',-6.34,53.33,'P','PPL','IE.L','IE.L.33',6819,'Europe/Dublin',1,'2022-01-20 23:00:00','2022-01-20 23:00:00');
INSERT INTO `__PREFIX__cities` (`country_code`, `name`, `longitude`, `latitude`, `feature_class`, `feature_code`, `subadmin1_code`, `subadmin2_code`, `population`, `time_zone`, `active`, `created_at`, `updated_at`) VALUES ('IE','{\"en\":\"Hartstown\"}',-6.43,53.39,'P','PPL','IE.L','IE.L.35',5882,'Europe/Dublin',1,'2017-07-24 23:00:00','2017-07-24 23:00:00');
INSERT INTO `__PREFIX__cities` (`country_code`, `name`, `longitude`, `latitude`, `feature_class`, `feature_code`, `subadmin1_code`, `subadmin2_code`, `population`, `time_zone`, `active`, `created_at`, `updated_at`) VALUES ('IE','{\"en\":\"Ballyfermot\"}',-6.35,53.34,'P','PPL','IE.L','IE.L.33',8558,'Europe/Dublin',1,'2019-01-09 23:00:00','2019-01-09 23:00:00');
INSERT INTO `__PREFIX__cities` (`country_code`, `name`, `longitude`, `latitude`, `feature_class`, `feature_code`, `subadmin1_code`, `subadmin2_code`, `population`, `time_zone`, `active`, `created_at`, `updated_at`) VALUES ('IE','{\"en\":\"Templeogue\"}',-6.31,53.30,'P','PPLX','IE.L','IE.L.39',7023,'Europe/Dublin',1,'2022-01-28 23:00:00','2022-01-28 23:00:00');
INSERT INTO `__PREFIX__cities` (`country_code`, `name`, `longitude`, `latitude`, `feature_class`, `feature_code`, `subadmin1_code`, `subadmin2_code`, `population`, `time_zone`, `active`, `created_at`, `updated_at`) VALUES ('IE','{\"en\":\"Oldbawn\"}',-6.37,53.28,'P','PPL','IE.L','IE.L.39',9784,'Europe/Dublin',1,'2021-08-25 23:00:00','2021-08-25 23:00:00');
INSERT INTO `__PREFIX__cities` (`country_code`, `name`, `longitude`, `latitude`, `feature_class`, `feature_code`, `subadmin1_code`, `subadmin2_code`, `population`, `time_zone`, `active`, `created_at`, `updated_at`) VALUES ('IE','{\"en\":\"Cherry Orchard\"}',-6.38,53.34,'P','PPLX','IE.L','IE.L.33',7924,'Europe/Dublin',1,'2015-11-24 23:00:00','2015-11-24 23:00:00');
INSERT INTO `__PREFIX__cities` (`country_code`, `name`, `longitude`, `latitude`, `feature_class`, `feature_code`, `subadmin1_code`, `subadmin2_code`, `population`, `time_zone`, `active`, `created_at`, `updated_at`) VALUES ('IE','{\"en\":\"Booterstown\"}',-6.20,53.30,'P','PPLX','IE.L','IE.L.34',7142,'Europe/Dublin',1,'2022-01-29 23:00:00','2022-01-29 23:00:00');
INSERT INTO `__PREFIX__cities` (`country_code`, `name`, `longitude`, `latitude`, `feature_class`, `feature_code`, `subadmin1_code`, `subadmin2_code`, `population`, `time_zone`, `active`, `created_at`, `updated_at`) VALUES ('IE','{\"en\":\"Ballinteer\"}',-6.25,53.27,'P','PPLX','IE.L','IE.L.34',8547,'Europe/Dublin',1,'2021-08-25 23:00:00','2021-08-25 23:00:00');
INSERT INTO `__PREFIX__cities` (`country_code`, `name`, `longitude`, `latitude`, `feature_class`, `feature_code`, `subadmin1_code`, `subadmin2_code`, `population`, `time_zone`, `active`, `created_at`, `updated_at`) VALUES ('IE','{\"en\":\"Greenhills\"}',-6.30,53.33,'P','PPLX','IE.L','IE.L.39',6876,'Europe/Dublin',1,'2016-09-11 23:00:00','2016-09-11 23:00:00');
INSERT INTO `__PREFIX__cities` (`country_code`, `name`, `longitude`, `latitude`, `feature_class`, `feature_code`, `subadmin1_code`, `subadmin2_code`, `population`, `time_zone`, `active`, `created_at`, `updated_at`) VALUES ('IE','{\"en\":\"Donaghmede\"}',-6.16,53.40,'P','PPLX','IE.L','IE.L.33',15299,'Europe/Dublin',1,'2017-07-24 23:00:00','2017-07-24 23:00:00');
INSERT INTO `__PREFIX__cities` (`country_code`, `name`, `longitude`, `latitude`, `feature_class`, `feature_code`, `subadmin1_code`, `subadmin2_code`, `population`, `time_zone`, `active`, `created_at`, `updated_at`) VALUES ('IE','{\"en\":\"Darndale\"}',-6.19,53.40,'P','PPLX','IE.L','IE.L.33',5667,'Europe/Dublin',1,'2021-08-25 23:00:00','2021-08-25 23:00:00');
INSERT INTO `__PREFIX__cities` (`country_code`, `name`, `longitude`, `latitude`, `feature_class`, `feature_code`, `subadmin1_code`, `subadmin2_code`, `population`, `time_zone`, `active`, `created_at`, `updated_at`) VALUES ('IE','{\"en\":\"Donnycarney\"}',-6.21,53.37,'P','PPLX','IE.L','IE.L.33',7660,'Europe/Dublin',1,'2022-01-29 23:00:00','2022-01-29 23:00:00');
INSERT INTO `__PREFIX__cities` (`country_code`, `name`, `longitude`, `latitude`, `feature_class`, `feature_code`, `subadmin1_code`, `subadmin2_code`, `population`, `time_zone`, `active`, `created_at`, `updated_at`) VALUES ('IE','{\"en\":\"Castletroy\"}',-8.55,52.67,'P','PPL','IE.M','IE.M.42',14733,'Europe/Dublin',1,'2022-01-23 23:00:00','2022-01-23 23:00:00');
INSERT INTO `__PREFIX__cities` (`country_code`, `name`, `longitude`, `latitude`, `feature_class`, `feature_code`, `subadmin1_code`, `subadmin2_code`, `population`, `time_zone`, `active`, `created_at`, `updated_at`) VALUES ('IE','{\"en\":\"Knocklyon\"}',-6.33,53.28,'P','PPL','IE.L','IE.L.39',14628,'Europe/Dublin',1,'2016-09-11 23:00:00','2016-09-11 23:00:00');
INSERT INTO `__PREFIX__cities` (`country_code`, `name`, `longitude`, `latitude`, `feature_class`, `feature_code`, `subadmin1_code`, `subadmin2_code`, `population`, `time_zone`, `active`, `created_at`, `updated_at`) VALUES ('IE','{\"en\":\"Palmerstown\"}',-6.38,53.35,'P','PPL','IE.L','IE.L.39',11130,'Europe/Dublin',1,'2022-01-15 23:00:00','2022-01-15 23:00:00');
INSERT INTO `__PREFIX__cities` (`country_code`, `name`, `longitude`, `latitude`, `feature_class`, `feature_code`, `subadmin1_code`, `subadmin2_code`, `population`, `time_zone`, `active`, `created_at`, `updated_at`) VALUES ('IE','{\"en\":\"Jobstown\"}',-6.41,53.28,'P','PPL','IE.L','IE.L.39',10825,'Europe/Dublin',1,'2017-07-24 23:00:00','2017-07-24 23:00:00');
INSERT INTO `__PREFIX__cities` (`country_code`, `name`, `longitude`, `latitude`, `feature_class`, `feature_code`, `subadmin1_code`, `subadmin2_code`, `population`, `time_zone`, `active`, `created_at`, `updated_at`) VALUES ('IE','{\"en\":\"Killester\"}',-6.20,53.37,'P','PPL','IE.L','IE.L.33',5099,'Europe/Dublin',1,'2021-08-25 23:00:00','2021-08-25 23:00:00');
INSERT INTO `__PREFIX__cities` (`country_code`, `name`, `longitude`, `latitude`, `feature_class`, `feature_code`, `subadmin1_code`, `subadmin2_code`, `population`, `time_zone`, `active`, `created_at`, `updated_at`) VALUES ('IE','{\"en\":\"Confey\"}',-6.49,53.38,'P','PPL','IE.L','IE.L.12',5389,'Europe/Dublin',1,'2017-07-24 23:00:00','2017-07-24 23:00:00');
INSERT INTO `__PREFIX__cities` (`country_code`, `name`, `longitude`, `latitude`, `feature_class`, `feature_code`, `subadmin1_code`, `subadmin2_code`, `population`, `time_zone`, `active`, `created_at`, `updated_at`) VALUES ('IE','{\"en\":\"Kilquade\"}',-6.08,53.10,'P','PPL','IE.L','IE.L.31',14886,'Europe/Dublin',1,'2022-01-15 23:00:00','2022-01-15 23:00:00');
INSERT INTO `__PREFIX__cities` (`country_code`, `name`, `longitude`, `latitude`, `feature_class`, `feature_code`, `subadmin1_code`, `subadmin2_code`, `population`, `time_zone`, `active`, `created_at`, `updated_at`) VALUES ('IE','{\"en\":\"Balally\"}',-6.24,53.28,'P','PPL','IE.L','IE.L.34',9051,'Europe/Dublin',1,'2017-07-19 23:00:00','2017-07-19 23:00:00');
INSERT INTO `__PREFIX__cities` (`country_code`, `name`, `longitude`, `latitude`, `feature_class`, `feature_code`, `subadmin1_code`, `subadmin2_code`, `population`, `time_zone`, `active`, `created_at`, `updated_at`) VALUES ('IE','{\"en\":\"Kinsealy-Drinan\"}',-6.20,53.44,'P','PPL','IE.L','IE.L.35',5814,'Europe/Dublin',1,'2017-07-24 23:00:00','2017-07-24 23:00:00');
/*!40000 ALTER TABLE `__PREFIX__cities` ENABLE KEYS */;
/*!40103 SET TIME_ZONE=@OLD_TIME_ZONE */;

/*!40101 SET SQL_MODE=@OLD_SQL_MODE */;
/*!40014 SET FOREIGN_KEY_CHECKS=@OLD_FOREIGN_KEY_CHECKS */;
/*!40014 SET UNIQUE_CHECKS=@OLD_UNIQUE_CHECKS */;
/*!40101 SET CHARACTER_SET_CLIENT=@OLD_CHARACTER_SET_CLIENT */;
/*!40101 SET CHARACTER_SET_RESULTS=@OLD_CHARACTER_SET_RESULTS */;
/*!40101 SET COLLATION_CONNECTION=@OLD_COLLATION_CONNECTION */;
/*!40111 SET SQL_NOTES=@OLD_SQL_NOTES */;

-- Dump completed
