-- MySQL dump 10.13  Distrib 5.7.34, for osx10.12 (x86_64)
--
-- Host: 127.0.0.1    Database: laraclassifier
-- ------------------------------------------------------
-- Server version	5.7.34

/*!40101 SET @OLD_CHARACTER_SET_CLIENT=@@CHARACTER_SET_CLIENT */;
/*!40101 SET @OLD_CHARACTER_SET_RESULTS=@@CHARACTER_SET_RESULTS */;
/*!40101 SET @OLD_COLLATION_CONNECTION=@@COLLATION_CONNECTION */;
/*!40101 SET NAMES utf8 */;
/*!40103 SET @OLD_TIME_ZONE=@@TIME_ZONE */;
/*!40103 SET TIME_ZONE='+00:00' */;
/*!40014 SET @OLD_UNIQUE_CHECKS=@@UNIQUE_CHECKS, UNIQUE_CHECKS=0 */;
/*!40014 SET @OLD_FOREIGN_KEY_CHECKS=@@FOREIGN_KEY_CHECKS, FOREIGN_KEY_CHECKS=0 */;
/*!40101 SET @OLD_SQL_MODE=@@SQL_MODE, SQL_MODE='NO_AUTO_VALUE_ON_ZERO' */;
/*!40111 SET @OLD_SQL_NOTES=@@SQL_NOTES, SQL_NOTES=0 */;

--
-- Dumping data for table `__PREFIX__subadmin1`
--

/*!40000 ALTER TABLE `__PREFIX__subadmin1` DISABLE KEYS */;
INSERT INTO `__PREFIX__subadmin1` (`code`, `country_code`, `name`, `active`) VALUES ('IL.06','IL','{\"en\":\"Jerusalem\"}',1);
INSERT INTO `__PREFIX__subadmin1` (`code`, `country_code`, `name`, `active`) VALUES ('IL.05','IL','{\"en\":\"Tel Aviv\"}',1);
INSERT INTO `__PREFIX__subadmin1` (`code`, `country_code`, `name`, `active`) VALUES ('IL.04','IL','{\"en\":\"Haifa\"}',1);
INSERT INTO `__PREFIX__subadmin1` (`code`, `country_code`, `name`, `active`) VALUES ('IL.03','IL','{\"en\":\"Northern District\"}',1);
INSERT INTO `__PREFIX__subadmin1` (`code`, `country_code`, `name`, `active`) VALUES ('IL.02','IL','{\"en\":\"Central District\"}',1);
INSERT INTO `__PREFIX__subadmin1` (`code`, `country_code`, `name`, `active`) VALUES ('IL.01','IL','{\"en\":\"Southern District\"}',1);
INSERT INTO `__PREFIX__subadmin1` (`code`, `country_code`, `name`, `active`) VALUES ('IL.WE','IL','{\"en\":\"Judea and Samaria Area\"}',1);
/*!40000 ALTER TABLE `__PREFIX__subadmin1` ENABLE KEYS */;

--
-- Dumping data for table `__PREFIX__subadmin2`
--

/*!40000 ALTER TABLE `__PREFIX__subadmin2` DISABLE KEYS */;
INSERT INTO `__PREFIX__subadmin2` (`code`, `country_code`, `subadmin1_code`, `name`, `active`) VALUES ('IL.04.294798','IL','IL.04','{\"en\":\"H̱efa\"}',1);
INSERT INTO `__PREFIX__subadmin2` (`code`, `country_code`, `subadmin1_code`, `name`, `active`) VALUES ('IL.01.295618','IL','IL.01','{\"en\":\"Ashqelon\"}',1);
INSERT INTO `__PREFIX__subadmin2` (`code`, `country_code`, `subadmin1_code`, `name`, `active`) VALUES ('IL.03.295719','IL','IL.03','{\"en\":\"‘Akko\"}',1);
INSERT INTO `__PREFIX__subadmin2` (`code`, `country_code`, `subadmin1_code`, `name`, `active`) VALUES ('IL.01.7870269','IL','IL.01','{\"en\":\"Gaza\"}',1);
INSERT INTO `__PREFIX__subadmin2` (`code`, `country_code`, `subadmin1_code`, `name`, `active`) VALUES ('IL.WE.11821182','IL','IL.WE','{\"en\":\"Mateh Binyamin Regional Council\"}',1);
INSERT INTO `__PREFIX__subadmin2` (`code`, `country_code`, `subadmin1_code`, `name`, `active`) VALUES ('IL.01.12046836','IL','IL.01','{\"en\":\"Nefat Be’er Sheva‘\"}',1);
INSERT INTO `__PREFIX__subadmin2` (`code`, `country_code`, `subadmin1_code`, `name`, `active`) VALUES ('IL.06.12046838','IL','IL.06','{\"en\":\"Nefat Yerushalayim\"}',1);
INSERT INTO `__PREFIX__subadmin2` (`code`, `country_code`, `subadmin1_code`, `name`, `active`) VALUES ('IL.02.12046845','IL','IL.02','{\"en\":\"Nefat Reẖovot\"}',1);
INSERT INTO `__PREFIX__subadmin2` (`code`, `country_code`, `subadmin1_code`, `name`, `active`) VALUES ('IL.02.12046847','IL','IL.02','{\"en\":\"Nefat Ramla\"}',1);
INSERT INTO `__PREFIX__subadmin2` (`code`, `country_code`, `subadmin1_code`, `name`, `active`) VALUES ('IL.02.12046848','IL','IL.02','{\"en\":\"Nefat Petaẖ Tiqvva\"}',1);
INSERT INTO `__PREFIX__subadmin2` (`code`, `country_code`, `subadmin1_code`, `name`, `active`) VALUES ('IL.02.12046849','IL','IL.02','{\"en\":\"Nefat HaSharon\"}',1);
INSERT INTO `__PREFIX__subadmin2` (`code`, `country_code`, `subadmin1_code`, `name`, `active`) VALUES ('IL.05.12046850','IL','IL.05','{\"en\":\"Nefat Tel Aviv\"}',1);
INSERT INTO `__PREFIX__subadmin2` (`code`, `country_code`, `subadmin1_code`, `name`, `active`) VALUES ('IL.04.12046851','IL','IL.04','{\"en\":\"Nefat H̱adera\"}',1);
INSERT INTO `__PREFIX__subadmin2` (`code`, `country_code`, `subadmin1_code`, `name`, `active`) VALUES ('IL.03.12046852','IL','IL.03','{\"en\":\"Nefat Yizre‘el\"}',1);
INSERT INTO `__PREFIX__subadmin2` (`code`, `country_code`, `subadmin1_code`, `name`, `active`) VALUES ('IL.03.12046853','IL','IL.03','{\"en\":\"Nefat Tsefat\"}',1);
INSERT INTO `__PREFIX__subadmin2` (`code`, `country_code`, `subadmin1_code`, `name`, `active`) VALUES ('IL.03.12046854','IL','IL.03','{\"en\":\"Nafat HaGolan\"}',1);
INSERT INTO `__PREFIX__subadmin2` (`code`, `country_code`, `subadmin1_code`, `name`, `active`) VALUES ('IL.03.12046855','IL','IL.03','{\"en\":\"Nefat Kinneret\"}',1);
/*!40000 ALTER TABLE `__PREFIX__subadmin2` ENABLE KEYS */;

--
-- Dumping data for table `__PREFIX__cities`
--

/*!40000 ALTER TABLE `__PREFIX__cities` DISABLE KEYS */;
INSERT INTO `__PREFIX__cities` (`country_code`, `name`, `longitude`, `latitude`, `feature_class`, `feature_code`, `subadmin1_code`, `subadmin2_code`, `population`, `time_zone`, `active`, `created_at`, `updated_at`) VALUES ('IL','{\"en\":\"Majdal Shams\"}',35.77,33.27,'P','PPL','IL.03',NULL,11180,'Asia/Jerusalem',1,'2022-01-30 23:00:00','2022-01-30 23:00:00');
INSERT INTO `__PREFIX__cities` (`country_code`, `name`, `longitude`, `latitude`, `feature_class`, `feature_code`, `subadmin1_code`, `subadmin2_code`, `population`, `time_zone`, `active`, `created_at`, `updated_at`) VALUES ('IL','{\"en\":\"Jerusalem\"}',35.22,31.77,'P','PPLA','IL.06',NULL,801000,'Asia/Jerusalem',1,'2019-09-04 23:00:00','2019-09-04 23:00:00');
INSERT INTO `__PREFIX__cities` (`country_code`, `name`, `longitude`, `latitude`, `feature_class`, `feature_code`, `subadmin1_code`, `subadmin2_code`, `population`, `time_zone`, `active`, `created_at`, `updated_at`) VALUES ('IL','{\"en\":\"Modi‘in Makkabbim Re‘ut\"}',35.02,31.89,'P','PPL','IL.02',NULL,93277,'Asia/Jerusalem',1,'2022-01-30 23:00:00','2022-01-30 23:00:00');
INSERT INTO `__PREFIX__cities` (`country_code`, `name`, `longitude`, `latitude`, `feature_class`, `feature_code`, `subadmin1_code`, `subadmin2_code`, `population`, `time_zone`, `active`, `created_at`, `updated_at`) VALUES ('IL','{\"en\":\"Zikhron Ya‘aqov\"}',34.96,32.57,'P','PPL','IL.04',NULL,23206,'Asia/Jerusalem',1,'2022-01-30 23:00:00','2022-01-30 23:00:00');
INSERT INTO `__PREFIX__cities` (`country_code`, `name`, `longitude`, `latitude`, `feature_class`, `feature_code`, `subadmin1_code`, `subadmin2_code`, `population`, `time_zone`, `active`, `created_at`, `updated_at`) VALUES ('IL','{\"en\":\"Safed\"}',35.50,32.96,'P','PPL','IL.03',NULL,36094,'Asia/Jerusalem',1,'2022-01-30 23:00:00','2022-01-30 23:00:00');
INSERT INTO `__PREFIX__cities` (`country_code`, `name`, `longitude`, `latitude`, `feature_class`, `feature_code`, `subadmin1_code`, `subadmin2_code`, `population`, `time_zone`, `active`, `created_at`, `updated_at`) VALUES ('IL','{\"en\":\"Yoqne‘am ‘Illit\"}',35.10,32.65,'P','PPL','IL.03',NULL,23311,'Asia/Jerusalem',1,'2020-04-24 23:00:00','2020-04-24 23:00:00');
INSERT INTO `__PREFIX__cities` (`country_code`, `name`, `longitude`, `latitude`, `feature_class`, `feature_code`, `subadmin1_code`, `subadmin2_code`, `population`, `time_zone`, `active`, `created_at`, `updated_at`) VALUES ('IL','{\"en\":\"Yirkā\"}',35.21,32.95,'P','PPL','IL.03',NULL,17171,'Asia/Jerusalem',1,'2022-01-30 23:00:00','2022-01-30 23:00:00');
INSERT INTO `__PREFIX__cities` (`country_code`, `name`, `longitude`, `latitude`, `feature_class`, `feature_code`, `subadmin1_code`, `subadmin2_code`, `population`, `time_zone`, `active`, `created_at`, `updated_at`) VALUES ('IL','{\"en\":\"Yif‘at\"}',35.22,32.68,'P','PPL','IL.03',NULL,18905,'Asia/Jerusalem',1,'2020-10-11 23:00:00','2020-10-11 23:00:00');
INSERT INTO `__PREFIX__cities` (`country_code`, `name`, `longitude`, `latitude`, `feature_class`, `feature_code`, `subadmin1_code`, `subadmin2_code`, `population`, `time_zone`, `active`, `created_at`, `updated_at`) VALUES ('IL','{\"en\":\"Yeroẖam\"}',34.93,30.99,'P','PPL','IL.01',NULL,8631,'Asia/Jerusalem',1,'2020-06-09 23:00:00','2020-06-09 23:00:00');
INSERT INTO `__PREFIX__cities` (`country_code`, `name`, `longitude`, `latitude`, `feature_class`, `feature_code`, `subadmin1_code`, `subadmin2_code`, `population`, `time_zone`, `active`, `created_at`, `updated_at`) VALUES ('IL','{\"en\":\"Yehud\"}',34.89,32.03,'P','PPL','IL.02',NULL,25600,'Asia/Jerusalem',1,'2017-07-01 23:00:00','2017-07-01 23:00:00');
INSERT INTO `__PREFIX__cities` (`country_code`, `name`, `longitude`, `latitude`, `feature_class`, `feature_code`, `subadmin1_code`, `subadmin2_code`, `population`, `time_zone`, `active`, `created_at`, `updated_at`) VALUES ('IL','{\"en\":\"Yavné\"}',34.74,31.88,'P','PPL','IL.02',NULL,47585,'Asia/Jerusalem',1,'2022-01-30 23:00:00','2022-01-30 23:00:00');
INSERT INTO `__PREFIX__cities` (`country_code`, `name`, `longitude`, `latitude`, `feature_class`, `feature_code`, `subadmin1_code`, `subadmin2_code`, `population`, `time_zone`, `active`, `created_at`, `updated_at`) VALUES ('IL','{\"en\":\"Jaffa\"}',34.75,32.05,'P','PPLX','IL.05',NULL,100000,'Asia/Jerusalem',1,'2020-05-18 23:00:00','2020-05-18 23:00:00');
INSERT INTO `__PREFIX__cities` (`country_code`, `name`, `longitude`, `latitude`, `feature_class`, `feature_code`, `subadmin1_code`, `subadmin2_code`, `population`, `time_zone`, `active`, `created_at`, `updated_at`) VALUES ('IL','{\"en\":\"Yāfā\"}',35.28,32.69,'P','PPL','IL.03',NULL,18905,'Asia/Jerusalem',1,'2020-07-08 23:00:00','2020-07-08 23:00:00');
INSERT INTO `__PREFIX__cities` (`country_code`, `name`, `longitude`, `latitude`, `feature_class`, `feature_code`, `subadmin1_code`, `subadmin2_code`, `population`, `time_zone`, `active`, `created_at`, `updated_at`) VALUES ('IL','{\"en\":\"Umm el Faḥm\"}',35.15,32.52,'P','PPL','IL.04',NULL,56109,'Asia/Jerusalem',1,'2022-01-30 23:00:00','2022-01-30 23:00:00');
INSERT INTO `__PREFIX__cities` (`country_code`, `name`, `longitude`, `latitude`, `feature_class`, `feature_code`, `subadmin1_code`, `subadmin2_code`, `population`, `time_zone`, `active`, `created_at`, `updated_at`) VALUES ('IL','{\"en\":\"Tūbā Zangarīya\"}',35.59,32.97,'P','PPL','IL.03',NULL,6667,'Asia/Jerusalem',1,'2020-06-09 23:00:00','2020-06-09 23:00:00');
INSERT INTO `__PREFIX__cities` (`country_code`, `name`, `longitude`, `latitude`, `feature_class`, `feature_code`, `subadmin1_code`, `subadmin2_code`, `population`, `time_zone`, `active`, `created_at`, `updated_at`) VALUES ('IL','{\"en\":\"Tirat Karmel\"}',34.97,32.76,'P','PPL','IL.04',NULL,23112,'Asia/Jerusalem',1,'2022-01-30 23:00:00','2022-01-30 23:00:00');
INSERT INTO `__PREFIX__cities` (`country_code`, `name`, `longitude`, `latitude`, `feature_class`, `feature_code`, `subadmin1_code`, `subadmin2_code`, `population`, `time_zone`, `active`, `created_at`, `updated_at`) VALUES ('IL','{\"en\":\"Tiberias\"}',35.53,32.79,'P','PPL','IL.03',NULL,44779,'Asia/Jerusalem',1,'2022-01-30 23:00:00','2022-01-30 23:00:00');
INSERT INTO `__PREFIX__cities` (`country_code`, `name`, `longitude`, `latitude`, `feature_class`, `feature_code`, `subadmin1_code`, `subadmin2_code`, `population`, `time_zone`, `active`, `created_at`, `updated_at`) VALUES ('IL','{\"en\":\"Tel Mond\"}',34.92,32.25,'P','PPL','IL.02',NULL,8725,'Asia/Jerusalem',1,'2017-07-01 23:00:00','2017-07-01 23:00:00');
INSERT INTO `__PREFIX__cities` (`country_code`, `name`, `longitude`, `latitude`, `feature_class`, `feature_code`, `subadmin1_code`, `subadmin2_code`, `population`, `time_zone`, `active`, `created_at`, `updated_at`) VALUES ('IL','{\"en\":\"Tel Aviv\"}',34.78,32.08,'P','PPLA','IL.05',NULL,432892,'Asia/Jerusalem',1,'2020-05-27 23:00:00','2020-05-27 23:00:00');
INSERT INTO `__PREFIX__cities` (`country_code`, `name`, `longitude`, `latitude`, `feature_class`, `feature_code`, `subadmin1_code`, `subadmin2_code`, `population`, `time_zone`, `active`, `created_at`, `updated_at`) VALUES ('IL','{\"en\":\"maalot Tarshīhā\"}',35.27,33.02,'P','PPL','IL.03',NULL,21836,'Asia/Jerusalem',1,'2022-01-30 23:00:00','2022-01-30 23:00:00');
INSERT INTO `__PREFIX__cities` (`country_code`, `name`, `longitude`, `latitude`, `feature_class`, `feature_code`, `subadmin1_code`, `subadmin2_code`, `population`, `time_zone`, `active`, `created_at`, `updated_at`) VALUES ('IL','{\"en\":\"Tamra\"}',35.20,32.85,'P','PPL','IL.03',NULL,25917,'Asia/Jerusalem',1,'2019-03-29 23:00:00','2019-03-29 23:00:00');
INSERT INTO `__PREFIX__cities` (`country_code`, `name`, `longitude`, `latitude`, `feature_class`, `feature_code`, `subadmin1_code`, `subadmin2_code`, `population`, `time_zone`, `active`, `created_at`, `updated_at`) VALUES ('IL','{\"en\":\"Shelomi\"}',35.14,33.07,'P','PPL','IL.03',NULL,5608,'Asia/Jerusalem',1,'2017-07-01 23:00:00','2017-07-01 23:00:00');
INSERT INTO `__PREFIX__cities` (`country_code`, `name`, `longitude`, `latitude`, `feature_class`, `feature_code`, `subadmin1_code`, `subadmin2_code`, `population`, `time_zone`, `active`, `created_at`, `updated_at`) VALUES ('IL','{\"en\":\"Shefar‘am\"}',35.17,32.81,'P','PPL','IL.03',NULL,42137,'Asia/Jerusalem',1,'2022-01-30 23:00:00','2022-01-30 23:00:00');
INSERT INTO `__PREFIX__cities` (`country_code`, `name`, `longitude`, `latitude`, `feature_class`, `feature_code`, `subadmin1_code`, `subadmin2_code`, `population`, `time_zone`, `active`, `created_at`, `updated_at`) VALUES ('IL','{\"en\":\"Sha‘av\"}',35.24,32.89,'P','PPL','IL.03',NULL,6941,'Asia/Jerusalem',1,'2020-06-09 23:00:00','2020-06-09 23:00:00');
INSERT INTO `__PREFIX__cities` (`country_code`, `name`, `longitude`, `latitude`, `feature_class`, `feature_code`, `subadmin1_code`, `subadmin2_code`, `population`, `time_zone`, `active`, `created_at`, `updated_at`) VALUES ('IL','{\"en\":\"Sederot\"}',34.60,31.52,'P','PPL','IL.01',NULL,27635,'Asia/Jerusalem',1,'2022-01-30 23:00:00','2022-01-30 23:00:00');
INSERT INTO `__PREFIX__cities` (`country_code`, `name`, `longitude`, `latitude`, `feature_class`, `feature_code`, `subadmin1_code`, `subadmin2_code`, `population`, `time_zone`, `active`, `created_at`, `updated_at`) VALUES ('IL','{\"en\":\"Sakhnīn\"}',35.30,32.86,'P','PPL','IL.03',NULL,31702,'Asia/Jerusalem',1,'2022-01-30 23:00:00','2022-01-30 23:00:00');
INSERT INTO `__PREFIX__cities` (`country_code`, `name`, `longitude`, `latitude`, `feature_class`, `feature_code`, `subadmin1_code`, `subadmin2_code`, `population`, `time_zone`, `active`, `created_at`, `updated_at`) VALUES ('IL','{\"en\":\"Rosh Ha‘Ayin\"}',34.96,32.10,'P','PPL','IL.02',NULL,39215,'Asia/Jerusalem',1,'2017-07-01 23:00:00','2017-07-01 23:00:00');
INSERT INTO `__PREFIX__cities` (`country_code`, `name`, `longitude`, `latitude`, `feature_class`, `feature_code`, `subadmin1_code`, `subadmin2_code`, `population`, `time_zone`, `active`, `created_at`, `updated_at`) VALUES ('IL','{\"en\":\"Rishon LeẔiyyon\"}',34.79,31.97,'P','PPL','IL.02',NULL,220492,'Asia/Jerusalem',1,'2020-06-09 23:00:00','2020-06-09 23:00:00');
INSERT INTO `__PREFIX__cities` (`country_code`, `name`, `longitude`, `latitude`, `feature_class`, `feature_code`, `subadmin1_code`, `subadmin2_code`, `population`, `time_zone`, `active`, `created_at`, `updated_at`) VALUES ('IL','{\"en\":\"Rekhasim\"}',35.10,32.75,'P','PPL','IL.04',NULL,10682,'Asia/Jerusalem',1,'2017-07-01 23:00:00','2017-07-01 23:00:00');
INSERT INTO `__PREFIX__cities` (`country_code`, `name`, `longitude`, `latitude`, `feature_class`, `feature_code`, `subadmin1_code`, `subadmin2_code`, `population`, `time_zone`, `active`, `created_at`, `updated_at`) VALUES ('IL','{\"en\":\"Reẖovot\"}',34.81,31.89,'P','PPL','IL.02',NULL,143904,'Asia/Jerusalem',1,'2022-01-30 23:00:00','2022-01-30 23:00:00');
INSERT INTO `__PREFIX__cities` (`country_code`, `name`, `longitude`, `latitude`, `feature_class`, `feature_code`, `subadmin1_code`, `subadmin2_code`, `population`, `time_zone`, `active`, `created_at`, `updated_at`) VALUES ('IL','{\"en\":\"Ramla\"}',34.87,31.93,'P','PPLA','IL.02',NULL,63860,'Asia/Jerusalem',1,'2017-07-04 23:00:00','2017-07-04 23:00:00');
INSERT INTO `__PREFIX__cities` (`country_code`, `name`, `longitude`, `latitude`, `feature_class`, `feature_code`, `subadmin1_code`, `subadmin2_code`, `population`, `time_zone`, `active`, `created_at`, `updated_at`) VALUES ('IL','{\"en\":\"Ramat Yishay\"}',35.17,32.70,'P','PPL','IL.03',NULL,5431,'Asia/Jerusalem',1,'2017-07-01 23:00:00','2017-07-01 23:00:00');
INSERT INTO `__PREFIX__cities` (`country_code`, `name`, `longitude`, `latitude`, `feature_class`, `feature_code`, `subadmin1_code`, `subadmin2_code`, `population`, `time_zone`, `active`, `created_at`, `updated_at`) VALUES ('IL','{\"en\":\"Ramat HaSharon\"}',34.84,32.15,'P','PPL','IL.05',NULL,36137,'Asia/Jerusalem',1,'2017-07-01 23:00:00','2017-07-01 23:00:00');
INSERT INTO `__PREFIX__cities` (`country_code`, `name`, `longitude`, `latitude`, `feature_class`, `feature_code`, `subadmin1_code`, `subadmin2_code`, `population`, `time_zone`, `active`, `created_at`, `updated_at`) VALUES ('IL','{\"en\":\"Ramat Gan\"}',34.81,32.08,'P','PPL','IL.05',NULL,163301,'Asia/Jerusalem',1,'2022-01-30 23:00:00','2022-01-30 23:00:00');
INSERT INTO `__PREFIX__cities` (`country_code`, `name`, `longitude`, `latitude`, `feature_class`, `feature_code`, `subadmin1_code`, `subadmin2_code`, `population`, `time_zone`, `active`, `created_at`, `updated_at`) VALUES ('IL','{\"en\":\"Rama\"}',35.37,32.94,'P','PPL','IL.03',NULL,7650,'Asia/Jerusalem',1,'2020-04-30 23:00:00','2020-04-30 23:00:00');
INSERT INTO `__PREFIX__cities` (`country_code`, `name`, `longitude`, `latitude`, `feature_class`, `feature_code`, `subadmin1_code`, `subadmin2_code`, `population`, `time_zone`, `active`, `created_at`, `updated_at`) VALUES ('IL','{\"en\":\"Ra\'anana\"}',34.87,32.18,'P','PPL','IL.02',NULL,75421,'Asia/Jerusalem',1,'2022-01-30 23:00:00','2022-01-30 23:00:00');
INSERT INTO `__PREFIX__cities` (`country_code`, `name`, `longitude`, `latitude`, `feature_class`, `feature_code`, `subadmin1_code`, `subadmin2_code`, `population`, `time_zone`, `active`, `created_at`, `updated_at`) VALUES ('IL','{\"en\":\"Qiryat Ye‘arim\"}',35.11,31.81,'P','PPL','IL.06',NULL,5565,'Asia/Jerusalem',1,'2020-06-09 23:00:00','2020-06-09 23:00:00');
INSERT INTO `__PREFIX__cities` (`country_code`, `name`, `longitude`, `latitude`, `feature_class`, `feature_code`, `subadmin1_code`, `subadmin2_code`, `population`, `time_zone`, `active`, `created_at`, `updated_at`) VALUES ('IL','{\"en\":\"Qiryat Yam\"}',35.07,32.85,'P','PPL','IL.04',NULL,39897,'Asia/Jerusalem',1,'2022-01-30 23:00:00','2022-01-30 23:00:00');
INSERT INTO `__PREFIX__cities` (`country_code`, `name`, `longitude`, `latitude`, `feature_class`, `feature_code`, `subadmin1_code`, `subadmin2_code`, `population`, `time_zone`, `active`, `created_at`, `updated_at`) VALUES ('IL','{\"en\":\"Qiryat Tiv‘on\"}',35.12,32.72,'P','PPL','IL.04',NULL,18121,'Asia/Jerusalem',1,'2020-06-09 23:00:00','2020-06-09 23:00:00');
INSERT INTO `__PREFIX__cities` (`country_code`, `name`, `longitude`, `latitude`, `feature_class`, `feature_code`, `subadmin1_code`, `subadmin2_code`, `population`, `time_zone`, `active`, `created_at`, `updated_at`) VALUES ('IL','{\"en\":\"Qiryat Shemona\"}',35.57,33.21,'P','PPL','IL.03',NULL,22512,'Asia/Jerusalem',1,'2022-01-30 23:00:00','2022-01-30 23:00:00');
INSERT INTO `__PREFIX__cities` (`country_code`, `name`, `longitude`, `latitude`, `feature_class`, `feature_code`, `subadmin1_code`, `subadmin2_code`, `population`, `time_zone`, `active`, `created_at`, `updated_at`) VALUES ('IL','{\"en\":\"Qiryat Moẕqin\"}',35.08,32.84,'P','PPL','IL.04',NULL,43303,'Asia/Jerusalem',1,'2022-01-30 23:00:00','2022-01-30 23:00:00');
INSERT INTO `__PREFIX__cities` (`country_code`, `name`, `longitude`, `latitude`, `feature_class`, `feature_code`, `subadmin1_code`, `subadmin2_code`, `population`, `time_zone`, `active`, `created_at`, `updated_at`) VALUES ('IL','{\"en\":\"Qiryat Mal’akhi\"}',34.75,31.73,'P','PPL','IL.01',NULL,23819,'Asia/Jerusalem',1,'2022-01-30 23:00:00','2022-01-30 23:00:00');
INSERT INTO `__PREFIX__cities` (`country_code`, `name`, `longitude`, `latitude`, `feature_class`, `feature_code`, `subadmin1_code`, `subadmin2_code`, `population`, `time_zone`, `active`, `created_at`, `updated_at`) VALUES ('IL','{\"en\":\"Kiryat Gat\"}',34.76,31.61,'P','PPL','IL.01',NULL,57105,'Asia/Jerusalem',1,'2022-01-30 23:00:00','2022-01-30 23:00:00');
INSERT INTO `__PREFIX__cities` (`country_code`, `name`, `longitude`, `latitude`, `feature_class`, `feature_code`, `subadmin1_code`, `subadmin2_code`, `population`, `time_zone`, `active`, `created_at`, `updated_at`) VALUES ('IL','{\"en\":\"Qiryat Bialik\"}',35.09,32.83,'P','PPL','IL.04',NULL,40231,'Asia/Jerusalem',1,'2022-01-30 23:00:00','2022-01-30 23:00:00');
INSERT INTO `__PREFIX__cities` (`country_code`, `name`, `longitude`, `latitude`, `feature_class`, `feature_code`, `subadmin1_code`, `subadmin2_code`, `population`, `time_zone`, `active`, `created_at`, `updated_at`) VALUES ('IL','{\"en\":\"Qiryat Ata\"}',35.11,32.81,'P','PPL','IL.04',NULL,59030,'Asia/Jerusalem',1,'2022-01-30 23:00:00','2022-01-30 23:00:00');
INSERT INTO `__PREFIX__cities` (`country_code`, `name`, `longitude`, `latitude`, `feature_class`, `feature_code`, `subadmin1_code`, `subadmin2_code`, `population`, `time_zone`, `active`, `created_at`, `updated_at`) VALUES ('IL','{\"en\":\"Qalansuwa\"}',34.98,32.28,'P','PPL','IL.02',NULL,16898,'Asia/Jerusalem',1,'2020-04-28 23:00:00','2020-04-28 23:00:00');
INSERT INTO `__PREFIX__cities` (`country_code`, `name`, `longitude`, `latitude`, `feature_class`, `feature_code`, `subadmin1_code`, `subadmin2_code`, `population`, `time_zone`, `active`, `created_at`, `updated_at`) VALUES ('IL','{\"en\":\"Petaẖ Tiqwa\"}',34.89,32.09,'P','PPL','IL.02',NULL,247956,'Asia/Jerusalem',1,'2022-01-30 23:00:00','2022-01-30 23:00:00');
INSERT INTO `__PREFIX__cities` (`country_code`, `name`, `longitude`, `latitude`, `feature_class`, `feature_code`, `subadmin1_code`, `subadmin2_code`, `population`, `time_zone`, `active`, `created_at`, `updated_at`) VALUES ('IL','{\"en\":\"Pardesiyya\"}',34.91,32.31,'P','PPL','IL.02',NULL,6254,'Asia/Jerusalem',1,'2017-07-01 23:00:00','2017-07-01 23:00:00');
INSERT INTO `__PREFIX__cities` (`country_code`, `name`, `longitude`, `latitude`, `feature_class`, `feature_code`, `subadmin1_code`, `subadmin2_code`, `population`, `time_zone`, `active`, `created_at`, `updated_at`) VALUES ('IL','{\"en\":\"Or Yehuda\"}',34.86,32.03,'P','PPL','IL.05',NULL,36813,'Asia/Jerusalem',1,'2022-01-30 23:00:00','2022-01-30 23:00:00');
INSERT INTO `__PREFIX__cities` (`country_code`, `name`, `longitude`, `latitude`, `feature_class`, `feature_code`, `subadmin1_code`, `subadmin2_code`, `population`, `time_zone`, `active`, `created_at`, `updated_at`) VALUES ('IL','{\"en\":\"‘Omer\"}',34.85,31.26,'P','PPL','IL.01',NULL,7586,'Asia/Jerusalem',1,'2020-10-11 23:00:00','2020-10-11 23:00:00');
INSERT INTO `__PREFIX__cities` (`country_code`, `name`, `longitude`, `latitude`, `feature_class`, `feature_code`, `subadmin1_code`, `subadmin2_code`, `population`, `time_zone`, `active`, `created_at`, `updated_at`) VALUES ('IL','{\"en\":\"Ofaqim\"}',34.62,31.31,'P','PPL','IL.01',NULL,24311,'Asia/Jerusalem',1,'2017-07-01 23:00:00','2017-07-01 23:00:00');
INSERT INTO `__PREFIX__cities` (`country_code`, `name`, `longitude`, `latitude`, `feature_class`, `feature_code`, `subadmin1_code`, `subadmin2_code`, `population`, `time_zone`, `active`, `created_at`, `updated_at`) VALUES ('IL','{\"en\":\"Netivot\"}',34.59,31.42,'P','PPL','IL.01',NULL,37542,'Asia/Jerusalem',1,'2022-01-30 23:00:00','2022-01-30 23:00:00');
INSERT INTO `__PREFIX__cities` (`country_code`, `name`, `longitude`, `latitude`, `feature_class`, `feature_code`, `subadmin1_code`, `subadmin2_code`, `population`, `time_zone`, `active`, `created_at`, `updated_at`) VALUES ('IL','{\"en\":\"Netanya\"}',34.86,32.33,'P','PPL','IL.02',NULL,224471,'Asia/Jerusalem',1,'2022-01-30 23:00:00','2022-01-30 23:00:00');
INSERT INTO `__PREFIX__cities` (`country_code`, `name`, `longitude`, `latitude`, `feature_class`, `feature_code`, `subadmin1_code`, `subadmin2_code`, `population`, `time_zone`, `active`, `created_at`, `updated_at`) VALUES ('IL','{\"en\":\"Ness Ziona\"}',34.80,31.93,'P','PPL','IL.02',NULL,50351,'Asia/Jerusalem',1,'2022-01-30 23:00:00','2022-01-30 23:00:00');
INSERT INTO `__PREFIX__cities` (`country_code`, `name`, `longitude`, `latitude`, `feature_class`, `feature_code`, `subadmin1_code`, `subadmin2_code`, `population`, `time_zone`, `active`, `created_at`, `updated_at`) VALUES ('IL','{\"en\":\"Nesher\"}',35.04,32.77,'P','PPL','IL.04',NULL,24148,'Asia/Jerusalem',1,'2022-01-30 23:00:00','2022-01-30 23:00:00');
INSERT INTO `__PREFIX__cities` (`country_code`, `name`, `longitude`, `latitude`, `feature_class`, `feature_code`, `subadmin1_code`, `subadmin2_code`, `population`, `time_zone`, `active`, `created_at`, `updated_at`) VALUES ('IL','{\"en\":\"Naẕerat ‘Illit\"}',35.32,32.71,'P','PPL','IL.03',NULL,41734,'Asia/Jerusalem',1,'2022-01-30 23:00:00','2022-01-30 23:00:00');
INSERT INTO `__PREFIX__cities` (`country_code`, `name`, `longitude`, `latitude`, `feature_class`, `feature_code`, `subadmin1_code`, `subadmin2_code`, `population`, `time_zone`, `active`, `created_at`, `updated_at`) VALUES ('IL','{\"en\":\"Nazareth\"}',35.30,32.70,'P','PPLA','IL.03',NULL,64800,'Asia/Jerusalem',1,'2019-07-09 23:00:00','2019-07-09 23:00:00');
INSERT INTO `__PREFIX__cities` (`country_code`, `name`, `longitude`, `latitude`, `feature_class`, `feature_code`, `subadmin1_code`, `subadmin2_code`, `population`, `time_zone`, `active`, `created_at`, `updated_at`) VALUES ('IL','{\"en\":\"Naḥf\"}',35.32,32.93,'P','PPL','IL.03',NULL,10105,'Asia/Jerusalem',1,'2020-06-09 23:00:00','2020-06-09 23:00:00');
INSERT INTO `__PREFIX__cities` (`country_code`, `name`, `longitude`, `latitude`, `feature_class`, `feature_code`, `subadmin1_code`, `subadmin2_code`, `population`, `time_zone`, `active`, `created_at`, `updated_at`) VALUES ('IL','{\"en\":\"Nahariyya\"}',35.10,33.01,'P','PPL','IL.03',NULL,58096,'Asia/Jerusalem',1,'2022-01-30 23:00:00','2022-01-30 23:00:00');
INSERT INTO `__PREFIX__cities` (`country_code`, `name`, `longitude`, `latitude`, `feature_class`, `feature_code`, `subadmin1_code`, `subadmin2_code`, `population`, `time_zone`, `active`, `created_at`, `updated_at`) VALUES ('IL','{\"en\":\"Migdal Ha‘Emeq\"}',35.24,32.68,'P','PPL','IL.03',NULL,24800,'Asia/Jerusalem',1,'2020-06-09 23:00:00','2020-06-09 23:00:00');
INSERT INTO `__PREFIX__cities` (`country_code`, `name`, `longitude`, `latitude`, `feature_class`, `feature_code`, `subadmin1_code`, `subadmin2_code`, `population`, `time_zone`, `active`, `created_at`, `updated_at`) VALUES ('IL','{\"en\":\"Mevasseret Ẕiyyon\"}',35.15,31.80,'P','PPL','IL.06',NULL,24409,'Asia/Jerusalem',1,'2020-06-09 23:00:00','2020-06-09 23:00:00');
INSERT INTO `__PREFIX__cities` (`country_code`, `name`, `longitude`, `latitude`, `feature_class`, `feature_code`, `subadmin1_code`, `subadmin2_code`, `population`, `time_zone`, `active`, `created_at`, `updated_at`) VALUES ('IL','{\"en\":\"Mazkeret Batya\"}',34.85,31.85,'P','PPL','IL.02',NULL,8034,'Asia/Jerusalem',1,'2017-07-01 23:00:00','2017-07-01 23:00:00');
INSERT INTO `__PREFIX__cities` (`country_code`, `name`, `longitude`, `latitude`, `feature_class`, `feature_code`, `subadmin1_code`, `subadmin2_code`, `population`, `time_zone`, `active`, `created_at`, `updated_at`) VALUES ('IL','{\"en\":\"Majd el Kurūm\"}',35.26,32.92,'P','PPL','IL.03',NULL,15455,'Asia/Jerusalem',1,'2022-01-30 23:00:00','2022-01-30 23:00:00');
INSERT INTO `__PREFIX__cities` (`country_code`, `name`, `longitude`, `latitude`, `feature_class`, `feature_code`, `subadmin1_code`, `subadmin2_code`, `population`, `time_zone`, `active`, `created_at`, `updated_at`) VALUES ('IL','{\"en\":\"Maghār\"}',35.41,32.89,'P','PPL','IL.03',NULL,22957,'Asia/Jerusalem',1,'2022-01-30 23:00:00','2022-01-30 23:00:00');
INSERT INTO `__PREFIX__cities` (`country_code`, `name`, `longitude`, `latitude`, `feature_class`, `feature_code`, `subadmin1_code`, `subadmin2_code`, `population`, `time_zone`, `active`, `created_at`, `updated_at`) VALUES ('IL','{\"en\":\"Lod\"}',34.89,31.95,'P','PPL','IL.02',NULL,77223,'Asia/Jerusalem',1,'2022-01-30 23:00:00','2022-01-30 23:00:00');
INSERT INTO `__PREFIX__cities` (`country_code`, `name`, `longitude`, `latitude`, `feature_class`, `feature_code`, `subadmin1_code`, `subadmin2_code`, `population`, `time_zone`, `active`, `created_at`, `updated_at`) VALUES ('IL','{\"en\":\"Kefar Yona\"}',34.94,32.32,'P','PPL','IL.02',NULL,21611,'Asia/Jerusalem',1,'2017-07-01 23:00:00','2017-07-01 23:00:00');
INSERT INTO `__PREFIX__cities` (`country_code`, `name`, `longitude`, `latitude`, `feature_class`, `feature_code`, `subadmin1_code`, `subadmin2_code`, `population`, `time_zone`, `active`, `created_at`, `updated_at`) VALUES ('IL','{\"en\":\"Kfar Saba\"}',34.91,32.17,'P','PPL','IL.02',NULL,110456,'Asia/Jerusalem',1,'2022-01-30 23:00:00','2022-01-30 23:00:00');
INSERT INTO `__PREFIX__cities` (`country_code`, `name`, `longitude`, `latitude`, `feature_class`, `feature_code`, `subadmin1_code`, `subadmin2_code`, `population`, `time_zone`, `active`, `created_at`, `updated_at`) VALUES ('IL','{\"en\":\"Qiryat ‘Eqron\"}',34.82,31.86,'P','PPL','IL.02',NULL,10999,'Asia/Jerusalem',1,'2020-06-09 23:00:00','2020-06-09 23:00:00');
INSERT INTO `__PREFIX__cities` (`country_code`, `name`, `longitude`, `latitude`, `feature_class`, `feature_code`, `subadmin1_code`, `subadmin2_code`, `population`, `time_zone`, `active`, `created_at`, `updated_at`) VALUES ('IL','{\"en\":\"Karmi’el\"}',35.31,32.92,'P','PPL','IL.03',NULL,46252,'Asia/Jerusalem',1,'2022-01-30 23:00:00','2022-01-30 23:00:00');
INSERT INTO `__PREFIX__cities` (`country_code`, `name`, `longitude`, `latitude`, `feature_class`, `feature_code`, `subadmin1_code`, `subadmin2_code`, `population`, `time_zone`, `active`, `created_at`, `updated_at`) VALUES ('IL','{\"en\":\"Kfar Yasif\"}',35.16,32.95,'P','PPL','IL.03',NULL,9587,'Asia/Jerusalem',1,'2020-04-25 23:00:00','2020-04-25 23:00:00');
INSERT INTO `__PREFIX__cities` (`country_code`, `name`, `longitude`, `latitude`, `feature_class`, `feature_code`, `subadmin1_code`, `subadmin2_code`, `population`, `time_zone`, `active`, `created_at`, `updated_at`) VALUES ('IL','{\"en\":\"Kafr Qāsim\"}',34.98,32.11,'P','PPL','IL.02',NULL,23823,'Asia/Jerusalem',1,'2022-01-30 23:00:00','2022-01-30 23:00:00');
INSERT INTO `__PREFIX__cities` (`country_code`, `name`, `longitude`, `latitude`, `feature_class`, `feature_code`, `subadmin1_code`, `subadmin2_code`, `population`, `time_zone`, `active`, `created_at`, `updated_at`) VALUES ('IL','{\"en\":\"Kafr Qari‘\"}',35.05,32.51,'P','PPL','IL.04',NULL,18675,'Asia/Jerusalem',1,'2020-06-09 23:00:00','2020-06-09 23:00:00');
INSERT INTO `__PREFIX__cities` (`country_code`, `name`, `longitude`, `latitude`, `feature_class`, `feature_code`, `subadmin1_code`, `subadmin2_code`, `population`, `time_zone`, `active`, `created_at`, `updated_at`) VALUES ('IL','{\"en\":\"Kafr Mandā\"}',35.26,32.81,'P','PPL','IL.03',NULL,15014,'Asia/Jerusalem',1,'2020-06-09 23:00:00','2020-06-09 23:00:00');
INSERT INTO `__PREFIX__cities` (`country_code`, `name`, `longitude`, `latitude`, `feature_class`, `feature_code`, `subadmin1_code`, `subadmin2_code`, `population`, `time_zone`, `active`, `created_at`, `updated_at`) VALUES ('IL','{\"en\":\"Kafr Kannā\"}',35.34,32.75,'P','PPL','IL.03',NULL,17606,'Asia/Jerusalem',1,'2020-06-09 23:00:00','2020-06-09 23:00:00');
INSERT INTO `__PREFIX__cities` (`country_code`, `name`, `longitude`, `latitude`, `feature_class`, `feature_code`, `subadmin1_code`, `subadmin2_code`, `population`, `time_zone`, `active`, `created_at`, `updated_at`) VALUES ('IL','{\"en\":\"Kābūl\"}',35.21,32.87,'P','PPL','IL.03',NULL,9497,'Asia/Jerusalem',1,'2020-06-09 23:00:00','2020-06-09 23:00:00');
INSERT INTO `__PREFIX__cities` (`country_code`, `name`, `longitude`, `latitude`, `feature_class`, `feature_code`, `subadmin1_code`, `subadmin2_code`, `population`, `time_zone`, `active`, `created_at`, `updated_at`) VALUES ('IL','{\"en\":\"Jūlis\"}',35.18,32.94,'P','PPL','IL.03',NULL,6375,'Asia/Jerusalem',1,'2020-04-22 23:00:00','2020-04-22 23:00:00');
INSERT INTO `__PREFIX__cities` (`country_code`, `name`, `longitude`, `latitude`, `feature_class`, `feature_code`, `subadmin1_code`, `subadmin2_code`, `population`, `time_zone`, `active`, `created_at`, `updated_at`) VALUES ('IL','{\"en\":\"Judeida Makr\"}',35.16,32.93,'P','PPL','IL.03',NULL,17530,'Asia/Jerusalem',1,'2020-04-22 23:00:00','2020-04-22 23:00:00');
INSERT INTO `__PREFIX__cities` (`country_code`, `name`, `longitude`, `latitude`, `feature_class`, `feature_code`, `subadmin1_code`, `subadmin2_code`, `population`, `time_zone`, `active`, `created_at`, `updated_at`) VALUES ('IL','{\"en\":\"Jisr ez Zarqā\"}',34.91,32.54,'P','PPL','IL.04',NULL,14692,'Asia/Jerusalem',1,'2020-11-22 23:00:00','2020-11-22 23:00:00');
INSERT INTO `__PREFIX__cities` (`country_code`, `name`, `longitude`, `latitude`, `feature_class`, `feature_code`, `subadmin1_code`, `subadmin2_code`, `population`, `time_zone`, `active`, `created_at`, `updated_at`) VALUES ('IL','{\"en\":\"Jatt\"}',35.04,32.40,'P','PPL','IL.04',NULL,11798,'Asia/Jerusalem',1,'2020-04-22 23:00:00','2020-04-22 23:00:00');
INSERT INTO `__PREFIX__cities` (`country_code`, `name`, `longitude`, `latitude`, `feature_class`, `feature_code`, `subadmin1_code`, `subadmin2_code`, `population`, `time_zone`, `active`, `created_at`, `updated_at`) VALUES ('IL','{\"en\":\"Jaljūlya\"}',34.95,32.15,'P','PPL','IL.02',NULL,7505,'Asia/Jerusalem',1,'2020-06-09 23:00:00','2020-06-09 23:00:00');
INSERT INTO `__PREFIX__cities` (`country_code`, `name`, `longitude`, `latitude`, `feature_class`, `feature_code`, `subadmin1_code`, `subadmin2_code`, `population`, `time_zone`, `active`, `created_at`, `updated_at`) VALUES ('IL','{\"en\":\"‘Isfiyā\"}',35.07,32.72,'P','PPL','IL.04',NULL,12503,'Asia/Jerusalem',1,'2022-01-30 23:00:00','2022-01-30 23:00:00');
INSERT INTO `__PREFIX__cities` (`country_code`, `name`, `longitude`, `latitude`, `feature_class`, `feature_code`, `subadmin1_code`, `subadmin2_code`, `population`, `time_zone`, `active`, `created_at`, `updated_at`) VALUES ('IL','{\"en\":\"‘Ilūṭ\"}',35.26,32.72,'P','PPL','IL.03',NULL,8192,'Asia/Jerusalem',1,'2020-04-27 23:00:00','2020-04-27 23:00:00');
INSERT INTO `__PREFIX__cities` (`country_code`, `name`, `longitude`, `latitude`, `feature_class`, `feature_code`, `subadmin1_code`, `subadmin2_code`, `population`, `time_zone`, `active`, `created_at`, `updated_at`) VALUES ('IL','{\"en\":\"Iksāl\"}',35.32,32.68,'P','PPL','IL.03',NULL,11398,'Asia/Jerusalem',1,'2020-06-09 23:00:00','2020-06-09 23:00:00');
INSERT INTO `__PREFIX__cities` (`country_code`, `name`, `longitude`, `latitude`, `feature_class`, `feature_code`, `subadmin1_code`, `subadmin2_code`, `population`, `time_zone`, `active`, `created_at`, `updated_at`) VALUES ('IL','{\"en\":\"I‘billīn\"}',35.19,32.82,'P','PPL','IL.03',NULL,13128,'Asia/Jerusalem',1,'2020-06-09 23:00:00','2020-06-09 23:00:00');
INSERT INTO `__PREFIX__cities` (`country_code`, `name`, `longitude`, `latitude`, `feature_class`, `feature_code`, `subadmin1_code`, `subadmin2_code`, `population`, `time_zone`, `active`, `created_at`, `updated_at`) VALUES ('IL','{\"en\":\"Ḥurfeish\"}',35.35,33.02,'P','PPL','IL.03',NULL,5308,'Asia/Jerusalem',1,'2020-06-09 23:00:00','2020-06-09 23:00:00');
INSERT INTO `__PREFIX__cities` (`country_code`, `name`, `longitude`, `latitude`, `feature_class`, `feature_code`, `subadmin1_code`, `subadmin2_code`, `population`, `time_zone`, `active`, `created_at`, `updated_at`) VALUES ('IL','{\"en\":\"H̱olon\"}',34.78,32.01,'P','PPL','IL.05',NULL,196282,'Asia/Jerusalem',1,'2022-01-30 23:00:00','2022-01-30 23:00:00');
INSERT INTO `__PREFIX__cities` (`country_code`, `name`, `longitude`, `latitude`, `feature_class`, `feature_code`, `subadmin1_code`, `subadmin2_code`, `population`, `time_zone`, `active`, `created_at`, `updated_at`) VALUES ('IL','{\"en\":\"Hod HaSharon\"}',34.89,32.16,'P','PPL','IL.02',NULL,63175,'Asia/Jerusalem',1,'2022-01-30 23:00:00','2022-01-30 23:00:00');
INSERT INTO `__PREFIX__cities` (`country_code`, `name`, `longitude`, `latitude`, `feature_class`, `feature_code`, `subadmin1_code`, `subadmin2_code`, `population`, `time_zone`, `active`, `created_at`, `updated_at`) VALUES ('IL','{\"en\":\"Herzliya\"}',34.83,32.17,'P','PPL','IL.05',NULL,97470,'Asia/Jerusalem',1,'2022-01-30 23:00:00','2022-01-30 23:00:00');
INSERT INTO `__PREFIX__cities` (`country_code`, `name`, `longitude`, `latitude`, `feature_class`, `feature_code`, `subadmin1_code`, `subadmin2_code`, `population`, `time_zone`, `active`, `created_at`, `updated_at`) VALUES ('IL','{\"en\":\"Haifa\"}',34.99,32.82,'P','PPLA','IL.04',NULL,267300,'Asia/Jerusalem',1,'2019-09-04 23:00:00','2019-09-04 23:00:00');
INSERT INTO `__PREFIX__cities` (`country_code`, `name`, `longitude`, `latitude`, `feature_class`, `feature_code`, `subadmin1_code`, `subadmin2_code`, `population`, `time_zone`, `active`, `created_at`, `updated_at`) VALUES ('IL','{\"en\":\"H̱aẕor HaGelilit\"}',35.54,32.98,'P','PPL','IL.03',NULL,9165,'Asia/Jerusalem',1,'2020-09-16 23:00:00','2020-09-16 23:00:00');
INSERT INTO `__PREFIX__cities` (`country_code`, `name`, `longitude`, `latitude`, `feature_class`, `feature_code`, `subadmin1_code`, `subadmin2_code`, `population`, `time_zone`, `active`, `created_at`, `updated_at`) VALUES ('IL','{\"en\":\"Hadera\"}',34.90,32.44,'P','PPL','IL.04',NULL,97335,'Asia/Jerusalem',1,'2022-01-30 23:00:00','2022-01-30 23:00:00');
INSERT INTO `__PREFIX__cities` (`country_code`, `name`, `longitude`, `latitude`, `feature_class`, `feature_code`, `subadmin1_code`, `subadmin2_code`, `population`, `time_zone`, `active`, `created_at`, `updated_at`) VALUES ('IL','{\"en\":\"Giv\'at Shmuel\"}',34.85,32.08,'P','PPL','IL.05',NULL,18500,'Asia/Jerusalem',1,'2017-07-01 23:00:00','2017-07-01 23:00:00');
INSERT INTO `__PREFIX__cities` (`country_code`, `name`, `longitude`, `latitude`, `feature_class`, `feature_code`, `subadmin1_code`, `subadmin2_code`, `population`, `time_zone`, `active`, `created_at`, `updated_at`) VALUES ('IL','{\"en\":\"Givatayim\"}',34.81,32.07,'P','PPL','IL.05',NULL,60644,'Asia/Jerusalem',1,'2022-01-30 23:00:00','2022-01-30 23:00:00');
INSERT INTO `__PREFIX__cities` (`country_code`, `name`, `longitude`, `latitude`, `feature_class`, `feature_code`, `subadmin1_code`, `subadmin2_code`, `population`, `time_zone`, `active`, `created_at`, `updated_at`) VALUES ('IL','{\"en\":\"Gedera\"}',34.78,31.81,'P','PPL','IL.02',NULL,28313,'Asia/Jerusalem',1,'2022-01-30 23:00:00','2022-01-30 23:00:00');
INSERT INTO `__PREFIX__cities` (`country_code`, `name`, `longitude`, `latitude`, `feature_class`, `feature_code`, `subadmin1_code`, `subadmin2_code`, `population`, `time_zone`, `active`, `created_at`, `updated_at`) VALUES ('IL','{\"en\":\"Gan Yavne\"}',34.71,31.79,'P','PPL','IL.02',NULL,22453,'Asia/Jerusalem',1,'2017-07-01 23:00:00','2017-07-01 23:00:00');
INSERT INTO `__PREFIX__cities` (`country_code`, `name`, `longitude`, `latitude`, `feature_class`, `feature_code`, `subadmin1_code`, `subadmin2_code`, `population`, `time_zone`, `active`, `created_at`, `updated_at`) VALUES ('IL','{\"en\":\"Ganei Tikva\"}',34.87,32.06,'P','PPL','IL.02',NULL,16053,'Asia/Jerusalem',1,'2017-07-01 23:00:00','2017-07-01 23:00:00');
INSERT INTO `__PREFIX__cities` (`country_code`, `name`, `longitude`, `latitude`, `feature_class`, `feature_code`, `subadmin1_code`, `subadmin2_code`, `population`, `time_zone`, `active`, `created_at`, `updated_at`) VALUES ('IL','{\"en\":\"Even Yehuda\"}',34.89,32.27,'P','PPL','IL.02',NULL,15221,'Asia/Jerusalem',1,'2017-07-01 23:00:00','2017-07-01 23:00:00');
INSERT INTO `__PREFIX__cities` (`country_code`, `name`, `longitude`, `latitude`, `feature_class`, `feature_code`, `subadmin1_code`, `subadmin2_code`, `population`, `time_zone`, `active`, `created_at`, `updated_at`) VALUES ('IL','{\"en\":\"Eṭ Ṭīra\"}',34.95,32.23,'P','PPL','IL.02',NULL,20786,'Asia/Jerusalem',1,'2020-07-08 23:00:00','2020-07-08 23:00:00');
INSERT INTO `__PREFIX__cities` (`country_code`, `name`, `longitude`, `latitude`, `feature_class`, `feature_code`, `subadmin1_code`, `subadmin2_code`, `population`, `time_zone`, `active`, `created_at`, `updated_at`) VALUES ('IL','{\"en\":\"Eṭ Ṭaiyiba\"}',35.01,32.27,'P','PPL','IL.02',NULL,43957,'Asia/Jerusalem',1,'2022-01-30 23:00:00','2022-01-30 23:00:00');
INSERT INTO `__PREFIX__cities` (`country_code`, `name`, `longitude`, `latitude`, `feature_class`, `feature_code`, `subadmin1_code`, `subadmin2_code`, `population`, `time_zone`, `active`, `created_at`, `updated_at`) VALUES ('IL','{\"en\":\"Er Reina\"}',35.32,32.72,'P','PPL','IL.03',NULL,15621,'Asia/Jerusalem',1,'2018-12-03 23:00:00','2018-12-03 23:00:00');
INSERT INTO `__PREFIX__cities` (`country_code`, `name`, `longitude`, `latitude`, `feature_class`, `feature_code`, `subadmin1_code`, `subadmin2_code`, `population`, `time_zone`, `active`, `created_at`, `updated_at`) VALUES ('IL','{\"en\":\"El Fureidīs\"}',34.95,32.60,'P','PPL','IL.04',NULL,9999,'Asia/Jerusalem',1,'2020-06-09 23:00:00','2020-06-09 23:00:00');
INSERT INTO `__PREFIX__cities` (`country_code`, `name`, `longitude`, `latitude`, `feature_class`, `feature_code`, `subadmin1_code`, `subadmin2_code`, `population`, `time_zone`, `active`, `created_at`, `updated_at`) VALUES ('IL','{\"en\":\"Eilat\"}',34.95,29.56,'P','PPL','IL.01',NULL,52299,'Asia/Jerusalem',1,'2022-01-30 23:00:00','2022-01-30 23:00:00');
INSERT INTO `__PREFIX__cities` (`country_code`, `name`, `longitude`, `latitude`, `feature_class`, `feature_code`, `subadmin1_code`, `subadmin2_code`, `population`, `time_zone`, `active`, `created_at`, `updated_at`) VALUES ('IL','{\"en\":\"‘Ein Māhil\"}',35.35,32.72,'P','PPL','IL.03',NULL,13130,'Asia/Jerusalem',1,'2020-04-27 23:00:00','2020-04-27 23:00:00');
INSERT INTO `__PREFIX__cities` (`country_code`, `name`, `longitude`, `latitude`, `feature_class`, `feature_code`, `subadmin1_code`, `subadmin2_code`, `population`, `time_zone`, `active`, `created_at`, `updated_at`) VALUES ('IL','{\"en\":\"Dimona\"}',35.03,31.07,'P','PPL','IL.01',NULL,34500,'Asia/Jerusalem',1,'2022-01-30 23:00:00','2022-01-30 23:00:00');
INSERT INTO `__PREFIX__cities` (`country_code`, `name`, `longitude`, `latitude`, `feature_class`, `feature_code`, `subadmin1_code`, `subadmin2_code`, `population`, `time_zone`, `active`, `created_at`, `updated_at`) VALUES ('IL','{\"en\":\"Deir Ḥannā\"}',35.36,32.86,'P','PPL','IL.03',NULL,8417,'Asia/Jerusalem',1,'2020-06-09 23:00:00','2020-06-09 23:00:00');
INSERT INTO `__PREFIX__cities` (`country_code`, `name`, `longitude`, `latitude`, `feature_class`, `feature_code`, `subadmin1_code`, `subadmin2_code`, `population`, `time_zone`, `active`, `created_at`, `updated_at`) VALUES ('IL','{\"en\":\"Deir el Asad\"}',35.27,32.94,'P','PPL','IL.03',NULL,12348,'Asia/Jerusalem',1,'2020-04-23 23:00:00','2020-04-23 23:00:00');
INSERT INTO `__PREFIX__cities` (`country_code`, `name`, `longitude`, `latitude`, `feature_class`, `feature_code`, `subadmin1_code`, `subadmin2_code`, `population`, `time_zone`, `active`, `created_at`, `updated_at`) VALUES ('IL','{\"en\":\"Daliyat al Karmel\"}',35.05,32.69,'P','PPL','IL.04',NULL,25000,'Asia/Jerusalem',1,'2020-04-22 23:00:00','2020-04-22 23:00:00');
INSERT INTO `__PREFIX__cities` (`country_code`, `name`, `longitude`, `latitude`, `feature_class`, `feature_code`, `subadmin1_code`, `subadmin2_code`, `population`, `time_zone`, `active`, `created_at`, `updated_at`) VALUES ('IL','{\"en\":\"Dabbūrīya\"}',35.37,32.69,'P','PPL','IL.03',NULL,8305,'Asia/Jerusalem',1,'2020-06-09 23:00:00','2020-06-09 23:00:00');
INSERT INTO `__PREFIX__cities` (`country_code`, `name`, `longitude`, `latitude`, `feature_class`, `feature_code`, `subadmin1_code`, `subadmin2_code`, `population`, `time_zone`, `active`, `created_at`, `updated_at`) VALUES ('IL','{\"en\":\"Buqei‘a\"}',35.33,32.98,'P','PPL','IL.03',NULL,5200,'Asia/Jerusalem',1,'2020-06-09 23:00:00','2020-06-09 23:00:00');
INSERT INTO `__PREFIX__cities` (`country_code`, `name`, `longitude`, `latitude`, `feature_class`, `feature_code`, `subadmin1_code`, `subadmin2_code`, `population`, `time_zone`, `active`, `created_at`, `updated_at`) VALUES ('IL','{\"en\":\"Bu‘eina\"}',35.36,32.81,'P','PPL','IL.03',NULL,7900,'Asia/Jerusalem',1,'2012-01-17 23:00:00','2012-01-17 23:00:00');
INSERT INTO `__PREFIX__cities` (`country_code`, `name`, `longitude`, `latitude`, `feature_class`, `feature_code`, `subadmin1_code`, `subadmin2_code`, `population`, `time_zone`, `active`, `created_at`, `updated_at`) VALUES ('IL','{\"en\":\"Bīr el Maksūr\"}',35.22,32.78,'P','PPL','IL.03',NULL,7106,'Asia/Jerusalem',1,'2020-11-22 23:00:00','2020-11-22 23:00:00');
INSERT INTO `__PREFIX__cities` (`country_code`, `name`, `longitude`, `latitude`, `feature_class`, `feature_code`, `subadmin1_code`, `subadmin2_code`, `population`, `time_zone`, `active`, `created_at`, `updated_at`) VALUES ('IL','{\"en\":\"Bi’na\"}',35.27,32.93,'P','PPL','IL.03',NULL,8299,'Asia/Jerusalem',1,'2020-06-09 23:00:00','2020-06-09 23:00:00');
INSERT INTO `__PREFIX__cities` (`country_code`, `name`, `longitude`, `latitude`, `feature_class`, `feature_code`, `subadmin1_code`, `subadmin2_code`, `population`, `time_zone`, `active`, `created_at`, `updated_at`) VALUES ('IL','{\"en\":\"Bet Shemesh\"}',34.99,31.73,'P','PPL','IL.06',NULL,124957,'Asia/Jerusalem',1,'2022-01-30 23:00:00','2022-01-30 23:00:00');
INSERT INTO `__PREFIX__cities` (`country_code`, `name`, `longitude`, `latitude`, `feature_class`, `feature_code`, `subadmin1_code`, `subadmin2_code`, `population`, `time_zone`, `active`, `created_at`, `updated_at`) VALUES ('IL','{\"en\":\"Bet She’an\"}',35.50,32.50,'P','PPL','IL.03',NULL,16800,'Asia/Jerusalem',1,'2020-06-09 23:00:00','2020-06-09 23:00:00');
INSERT INTO `__PREFIX__cities` (`country_code`, `name`, `longitude`, `latitude`, `feature_class`, `feature_code`, `subadmin1_code`, `subadmin2_code`, `population`, `time_zone`, `active`, `created_at`, `updated_at`) VALUES ('IL','{\"en\":\"Bet El‘azari\"}',34.80,31.84,'P','PPL','IL.02',NULL,6042,'Asia/Jerusalem',1,'2020-10-11 23:00:00','2020-10-11 23:00:00');
INSERT INTO `__PREFIX__cities` (`country_code`, `name`, `longitude`, `latitude`, `feature_class`, `feature_code`, `subadmin1_code`, `subadmin2_code`, `population`, `time_zone`, `active`, `created_at`, `updated_at`) VALUES ('IL','{\"en\":\"Bet Dagan\"}',34.83,32.00,'P','PPL','IL.02',NULL,7099,'Asia/Jerusalem',1,'2017-07-01 23:00:00','2017-07-01 23:00:00');
INSERT INTO `__PREFIX__cities` (`country_code`, `name`, `longitude`, `latitude`, `feature_class`, `feature_code`, `subadmin1_code`, `subadmin2_code`, `population`, `time_zone`, `active`, `created_at`, `updated_at`) VALUES ('IL','{\"en\":\"Bnei Brak\"}',34.83,32.08,'P','PPL','IL.05',NULL,204639,'Asia/Jerusalem',1,'2022-01-30 23:00:00','2022-01-30 23:00:00');
INSERT INTO `__PREFIX__cities` (`country_code`, `name`, `longitude`, `latitude`, `feature_class`, `feature_code`, `subadmin1_code`, `subadmin2_code`, `population`, `time_zone`, `active`, `created_at`, `updated_at`) VALUES ('IL','{\"en\":\"Bnei Ayish\"}',34.75,31.78,'P','PPL','IL.02',NULL,7920,'Asia/Jerusalem',1,'2017-07-01 23:00:00','2017-07-01 23:00:00');
INSERT INTO `__PREFIX__cities` (`country_code`, `name`, `longitude`, `latitude`, `feature_class`, `feature_code`, `subadmin1_code`, `subadmin2_code`, `population`, `time_zone`, `active`, `created_at`, `updated_at`) VALUES ('IL','{\"en\":\"Beit Jann\"}',35.38,32.96,'P','PPL','IL.03',NULL,10002,'Asia/Jerusalem',1,'2020-04-21 23:00:00','2020-04-21 23:00:00');
INSERT INTO `__PREFIX__cities` (`country_code`, `name`, `longitude`, `latitude`, `feature_class`, `feature_code`, `subadmin1_code`, `subadmin2_code`, `population`, `time_zone`, `active`, `created_at`, `updated_at`) VALUES ('IL','{\"en\":\"Be’er Ya‘aqov\"}',34.84,31.94,'P','PPL','IL.02',NULL,26122,'Asia/Jerusalem',1,'2020-06-09 23:00:00','2020-06-09 23:00:00');
INSERT INTO `__PREFIX__cities` (`country_code`, `name`, `longitude`, `latitude`, `feature_class`, `feature_code`, `subadmin1_code`, `subadmin2_code`, `population`, `time_zone`, `active`, `created_at`, `updated_at`) VALUES ('IL','{\"en\":\"Beersheba\"}',34.79,31.25,'P','PPLA','IL.01',NULL,186600,'Asia/Jerusalem',1,'2019-03-14 23:00:00','2019-03-14 23:00:00');
INSERT INTO `__PREFIX__cities` (`country_code`, `name`, `longitude`, `latitude`, `feature_class`, `feature_code`, `subadmin1_code`, `subadmin2_code`, `population`, `time_zone`, `active`, `created_at`, `updated_at`) VALUES ('IL','{\"en\":\"Bat Yam\"}',34.75,32.02,'P','PPL','IL.05',NULL,129012,'Asia/Jerusalem',1,'2022-01-30 23:00:00','2022-01-30 23:00:00');
INSERT INTO `__PREFIX__cities` (`country_code`, `name`, `longitude`, `latitude`, `feature_class`, `feature_code`, `subadmin1_code`, `subadmin2_code`, `population`, `time_zone`, `active`, `created_at`, `updated_at`) VALUES ('IL','{\"en\":\"Basmat Ṭab‘ūn\"}',35.16,32.74,'P','PPL','IL.03',NULL,6300,'Asia/Jerusalem',1,'2020-06-09 23:00:00','2020-06-09 23:00:00');
INSERT INTO `__PREFIX__cities` (`country_code`, `name`, `longitude`, `latitude`, `feature_class`, `feature_code`, `subadmin1_code`, `subadmin2_code`, `population`, `time_zone`, `active`, `created_at`, `updated_at`) VALUES ('IL','{\"en\":\"Bāqa el Gharbīya\"}',35.04,32.42,'P','PPL','IL.04',NULL,29950,'Asia/Jerusalem',1,'2022-01-30 23:00:00','2022-01-30 23:00:00');
INSERT INTO `__PREFIX__cities` (`country_code`, `name`, `longitude`, `latitude`, `feature_class`, `feature_code`, `subadmin1_code`, `subadmin2_code`, `population`, `time_zone`, `active`, `created_at`, `updated_at`) VALUES ('IL','{\"en\":\"Azor\"}',34.81,32.02,'P','PPL','IL.05',NULL,16201,'Asia/Jerusalem',1,'2020-01-23 23:00:00','2020-01-23 23:00:00');
INSERT INTO `__PREFIX__cities` (`country_code`, `name`, `longitude`, `latitude`, `feature_class`, `feature_code`, `subadmin1_code`, `subadmin2_code`, `population`, `time_zone`, `active`, `created_at`, `updated_at`) VALUES ('IL','{\"en\":\"Ashkelon\"}',34.57,31.67,'P','PPL','IL.01',NULL,144073,'Asia/Jerusalem',1,'2022-01-30 23:00:00','2022-01-30 23:00:00');
INSERT INTO `__PREFIX__cities` (`country_code`, `name`, `longitude`, `latitude`, `feature_class`, `feature_code`, `subadmin1_code`, `subadmin2_code`, `population`, `time_zone`, `active`, `created_at`, `updated_at`) VALUES ('IL','{\"en\":\"Ashdod\"}',34.65,31.79,'P','PPL','IL.01',NULL,224656,'Asia/Jerusalem',1,'2020-10-23 23:00:00','2020-10-23 23:00:00');
INSERT INTO `__PREFIX__cities` (`country_code`, `name`, `longitude`, `latitude`, `feature_class`, `feature_code`, `subadmin1_code`, `subadmin2_code`, `population`, `time_zone`, `active`, `created_at`, `updated_at`) VALUES ('IL','{\"en\":\"‘Ar‘ara\"}',35.09,32.50,'P','PPL','IL.04',NULL,24904,'Asia/Jerusalem',1,'2020-04-28 23:00:00','2020-04-28 23:00:00');
INSERT INTO `__PREFIX__cities` (`country_code`, `name`, `longitude`, `latitude`, `feature_class`, `feature_code`, `subadmin1_code`, `subadmin2_code`, `population`, `time_zone`, `active`, `created_at`, `updated_at`) VALUES ('IL','{\"en\":\"Arad\"}',35.21,31.26,'P','PPL','IL.01',NULL,23700,'Asia/Jerusalem',1,'2020-06-09 23:00:00','2020-06-09 23:00:00');
INSERT INTO `__PREFIX__cities` (`country_code`, `name`, `longitude`, `latitude`, `feature_class`, `feature_code`, `subadmin1_code`, `subadmin2_code`, `population`, `time_zone`, `active`, `created_at`, `updated_at`) VALUES ('IL','{\"en\":\"Acre\"}',35.08,32.93,'P','PPL','IL.03',NULL,49380,'Asia/Jerusalem',1,'2022-01-30 23:00:00','2022-01-30 23:00:00');
INSERT INTO `__PREFIX__cities` (`country_code`, `name`, `longitude`, `latitude`, `feature_class`, `feature_code`, `subadmin1_code`, `subadmin2_code`, `population`, `time_zone`, `active`, `created_at`, `updated_at`) VALUES ('IL','{\"en\":\"Afula\"}',35.29,32.61,'P','PPL','IL.03',NULL,44930,'Asia/Jerusalem',1,'2017-07-02 23:00:00','2017-07-02 23:00:00');
INSERT INTO `__PREFIX__cities` (`country_code`, `name`, `longitude`, `latitude`, `feature_class`, `feature_code`, `subadmin1_code`, `subadmin2_code`, `population`, `time_zone`, `active`, `created_at`, `updated_at`) VALUES ('IL','{\"en\":\"Abū Ghaush\"}',35.11,31.81,'P','PPL','IL.06',NULL,7698,'Asia/Jerusalem',1,'2022-01-30 23:00:00','2022-01-30 23:00:00');
INSERT INTO `__PREFIX__cities` (`country_code`, `name`, `longitude`, `latitude`, `feature_class`, `feature_code`, `subadmin1_code`, `subadmin2_code`, `population`, `time_zone`, `active`, `created_at`, `updated_at`) VALUES ('IL','{\"en\":\"Kefar Weradim\"}',35.28,32.99,'P','PPL','IL.03',NULL,5608,'Asia/Jerusalem',1,'2018-04-14 23:00:00','2018-04-14 23:00:00');
INSERT INTO `__PREFIX__cities` (`country_code`, `name`, `longitude`, `latitude`, `feature_class`, `feature_code`, `subadmin1_code`, `subadmin2_code`, `population`, `time_zone`, `active`, `created_at`, `updated_at`) VALUES ('IL','{\"en\":\"Katzrin\"}',35.69,32.99,'P','STLMT','IL.00',NULL,7132,'Asia/Jerusalem',1,'2020-04-28 23:00:00','2020-04-28 23:00:00');
INSERT INTO `__PREFIX__cities` (`country_code`, `name`, `longitude`, `latitude`, `feature_class`, `feature_code`, `subadmin1_code`, `subadmin2_code`, `population`, `time_zone`, `active`, `created_at`, `updated_at`) VALUES ('IL','{\"en\":\"Lehavim\"}',34.82,31.37,'P','PPL','IL.01',NULL,6000,'Asia/Jerusalem',1,'2017-07-01 23:00:00','2017-07-01 23:00:00');
INSERT INTO `__PREFIX__cities` (`country_code`, `name`, `longitude`, `latitude`, `feature_class`, `feature_code`, `subadmin1_code`, `subadmin2_code`, `population`, `time_zone`, `active`, `created_at`, `updated_at`) VALUES ('IL','{\"en\":\"West Jerusalem\"}',35.22,31.78,'P','PPLX','IL.06',NULL,400000,'Asia/Jerusalem',1,'2019-12-27 23:00:00','2019-12-27 23:00:00');
INSERT INTO `__PREFIX__cities` (`country_code`, `name`, `longitude`, `latitude`, `feature_class`, `feature_code`, `subadmin1_code`, `subadmin2_code`, `population`, `time_zone`, `active`, `created_at`, `updated_at`) VALUES ('IL','{\"en\":\"Meitar\"}',34.94,31.33,'P','PPL','IL.01',NULL,8438,'Asia/Jerusalem',1,'2020-04-26 23:00:00','2020-04-26 23:00:00');
INSERT INTO `__PREFIX__cities` (`country_code`, `name`, `longitude`, `latitude`, `feature_class`, `feature_code`, `subadmin1_code`, `subadmin2_code`, `population`, `time_zone`, `active`, `created_at`, `updated_at`) VALUES ('IL','{\"en\":\"Kokhav Ya’ir\"}',35.00,32.23,'P','PPL','IL.02',NULL,8773,'Asia/Jerusalem',1,'2021-08-27 23:00:00','2021-08-27 23:00:00');
INSERT INTO `__PREFIX__cities` (`country_code`, `name`, `longitude`, `latitude`, `feature_class`, `feature_code`, `subadmin1_code`, `subadmin2_code`, `population`, `time_zone`, `active`, `created_at`, `updated_at`) VALUES ('IL','{\"en\":\"Bat H̱efer\"}',35.01,32.33,'P','PPL','IL.02',NULL,5342,'Asia/Jerusalem',1,'2020-10-11 23:00:00','2020-10-11 23:00:00');
INSERT INTO `__PREFIX__cities` (`country_code`, `name`, `longitude`, `latitude`, `feature_class`, `feature_code`, `subadmin1_code`, `subadmin2_code`, `population`, `time_zone`, `active`, `created_at`, `updated_at`) VALUES ('IL','{\"en\":\"H̱arish\"}',35.04,32.46,'P','PPL','IL.04',NULL,7569,'Asia/Jerusalem',1,'2020-10-11 23:00:00','2020-10-11 23:00:00');
INSERT INTO `__PREFIX__cities` (`country_code`, `name`, `longitude`, `latitude`, `feature_class`, `feature_code`, `subadmin1_code`, `subadmin2_code`, `population`, `time_zone`, `active`, `created_at`, `updated_at`) VALUES ('IL','{\"en\":\"Zemer\"}',35.03,32.37,'P','PPL','IL.02',NULL,6940,'Asia/Jerusalem',1,'2020-04-23 23:00:00','2020-04-23 23:00:00');
INSERT INTO `__PREFIX__cities` (`country_code`, `name`, `longitude`, `latitude`, `feature_class`, `feature_code`, `subadmin1_code`, `subadmin2_code`, `population`, `time_zone`, `active`, `created_at`, `updated_at`) VALUES ('IL','{\"en\":\"Rahat\"}',34.76,31.40,'P','PPL','IL.01',NULL,19586,'Asia/Jerusalem',1,'2019-05-03 23:00:00','2019-05-03 23:00:00');
INSERT INTO `__PREFIX__cities` (`country_code`, `name`, `longitude`, `latitude`, `feature_class`, `feature_code`, `subadmin1_code`, `subadmin2_code`, `population`, `time_zone`, `active`, `created_at`, `updated_at`) VALUES ('IL','{\"en\":\"Laqiyya\"}',34.86,31.32,'P','PPL','IL.01',NULL,13394,'Asia/Jerusalem',1,'2020-04-25 23:00:00','2020-04-25 23:00:00');
INSERT INTO `__PREFIX__cities` (`country_code`, `name`, `longitude`, `latitude`, `feature_class`, `feature_code`, `subadmin1_code`, `subadmin2_code`, `population`, `time_zone`, `active`, `created_at`, `updated_at`) VALUES ('IL','{\"en\":\"Segev Shalom\"}',34.84,31.20,'P','PPL','IL.01',NULL,10362,'Asia/Jerusalem',1,'2020-04-29 23:00:00','2020-04-29 23:00:00');
INSERT INTO `__PREFIX__cities` (`country_code`, `name`, `longitude`, `latitude`, `feature_class`, `feature_code`, `subadmin1_code`, `subadmin2_code`, `population`, `time_zone`, `active`, `created_at`, `updated_at`) VALUES ('IL','{\"en\":\"Modiin Ilit\"}',35.04,31.93,'P','PPL','IL.06',NULL,76374,'Asia/Jerusalem',1,'2022-01-30 23:00:00','2022-01-30 23:00:00');
INSERT INTO `__PREFIX__cities` (`country_code`, `name`, `longitude`, `latitude`, `feature_class`, `feature_code`, `subadmin1_code`, `subadmin2_code`, `population`, `time_zone`, `active`, `created_at`, `updated_at`) VALUES ('IL','{\"en\":\"Ariel\"}',35.18,32.11,'P','PPLA','IL.WE',NULL,17668,'Asia/Jerusalem',1,'2018-02-24 23:00:00','2018-02-24 23:00:00');
INSERT INTO `__PREFIX__cities` (`country_code`, `name`, `longitude`, `latitude`, `feature_class`, `feature_code`, `subadmin1_code`, `subadmin2_code`, `population`, `time_zone`, `active`, `created_at`, `updated_at`) VALUES ('IL','{\"en\":\"Zarzir\"}',35.21,32.73,'P','PPL','IL.03',NULL,7942,'Asia/Jerusalem',1,'2020-04-23 23:00:00','2020-04-23 23:00:00');
INSERT INTO `__PREFIX__cities` (`country_code`, `name`, `longitude`, `latitude`, `feature_class`, `feature_code`, `subadmin1_code`, `subadmin2_code`, `population`, `time_zone`, `active`, `created_at`, `updated_at`) VALUES ('IL','{\"en\":\"Ka‘abiyya\"}',35.18,32.75,'P','PPL','IL.03',NULL,5408,'Asia/Jerusalem',1,'2020-04-24 23:00:00','2020-04-24 23:00:00');
INSERT INTO `__PREFIX__cities` (`country_code`, `name`, `longitude`, `latitude`, `feature_class`, `feature_code`, `subadmin1_code`, `subadmin2_code`, `population`, `time_zone`, `active`, `created_at`, `updated_at`) VALUES ('IL','{\"en\":\"Tel Sheva‘\"}',34.86,31.25,'P','PPL','IL.01',NULL,20204,'Asia/Jerusalem',1,'2020-04-29 23:00:00','2020-04-29 23:00:00');
INSERT INTO `__PREFIX__cities` (`country_code`, `name`, `longitude`, `latitude`, `feature_class`, `feature_code`, `subadmin1_code`, `subadmin2_code`, `population`, `time_zone`, `active`, `created_at`, `updated_at`) VALUES ('IL','{\"en\":\"‘Ar‘ara BaNegev\"}',35.02,31.16,'P','PPL','IL.01',NULL,17640,'Asia/Jerusalem',1,'2020-11-22 23:00:00','2020-11-22 23:00:00');
INSERT INTO `__PREFIX__cities` (`country_code`, `name`, `longitude`, `latitude`, `feature_class`, `feature_code`, `subadmin1_code`, `subadmin2_code`, `population`, `time_zone`, `active`, `created_at`, `updated_at`) VALUES ('IL','{\"en\":\"H̱ura\"}',34.94,31.30,'P','PPL','IL.01',NULL,21558,'Asia/Jerusalem',1,'2020-04-23 23:00:00','2020-04-23 23:00:00');
INSERT INTO `__PREFIX__cities` (`country_code`, `name`, `longitude`, `latitude`, `feature_class`, `feature_code`, `subadmin1_code`, `subadmin2_code`, `population`, `time_zone`, `active`, `created_at`, `updated_at`) VALUES ('IL','{\"en\":\"Kuseifa\"}',35.09,31.25,'P','PPL','IL.01',NULL,21079,'Asia/Jerusalem',1,'2020-04-24 23:00:00','2020-04-24 23:00:00');
INSERT INTO `__PREFIX__cities` (`country_code`, `name`, `longitude`, `latitude`, `feature_class`, `feature_code`, `subadmin1_code`, `subadmin2_code`, `population`, `time_zone`, `active`, `created_at`, `updated_at`) VALUES ('IL','{\"en\":\"Shoham\"}',34.95,32.00,'P','PPL','IL.02',NULL,20740,'Asia/Jerusalem',1,'2018-12-03 23:00:00','2018-12-03 23:00:00');
INSERT INTO `__PREFIX__cities` (`country_code`, `name`, `longitude`, `latitude`, `feature_class`, `feature_code`, `subadmin1_code`, `subadmin2_code`, `population`, `time_zone`, `active`, `created_at`, `updated_at`) VALUES ('IL','{\"en\":\"El‘ad\"}',34.95,32.05,'P','PPL','IL.02',NULL,47866,'Asia/Jerusalem',1,'2020-04-20 23:00:00','2020-04-20 23:00:00');
INSERT INTO `__PREFIX__cities` (`country_code`, `name`, `longitude`, `latitude`, `feature_class`, `feature_code`, `subadmin1_code`, `subadmin2_code`, `population`, `time_zone`, `active`, `created_at`, `updated_at`) VALUES ('IL','{\"en\":\"Herzliya Pituah\"}',34.80,32.17,'P','PPLX','IL.05',NULL,10000,'Asia/Jerusalem',1,'2013-03-06 23:00:00','2013-03-06 23:00:00');
INSERT INTO `__PREFIX__cities` (`country_code`, `name`, `longitude`, `latitude`, `feature_class`, `feature_code`, `subadmin1_code`, `subadmin2_code`, `population`, `time_zone`, `active`, `created_at`, `updated_at`) VALUES ('IL','{\"en\":\"Yehud-Monosson\"}',34.88,32.03,'P','PPL','IL.05',NULL,29312,'Asia/Jerusalem',1,'2017-12-13 23:00:00','2017-12-13 23:00:00');
INSERT INTO `__PREFIX__cities` (`country_code`, `name`, `longitude`, `latitude`, `feature_class`, `feature_code`, `subadmin1_code`, `subadmin2_code`, `population`, `time_zone`, `active`, `created_at`, `updated_at`) VALUES ('IL','{\"en\":\"Kadima Zoran\"}',34.92,32.28,'P','PPL','IL.02',NULL,22490,'Asia/Jerusalem',1,'2020-10-11 23:00:00','2020-10-11 23:00:00');
INSERT INTO `__PREFIX__cities` (`country_code`, `name`, `longitude`, `latitude`, `feature_class`, `feature_code`, `subadmin1_code`, `subadmin2_code`, `population`, `time_zone`, `active`, `created_at`, `updated_at`) VALUES ('IL','{\"en\":\"Bu\'ayna-Nujaydat\"}',35.37,32.81,'P','PPL','IL.03',NULL,9645,'Asia/Jerusalem',1,'2020-04-21 23:00:00','2020-04-21 23:00:00');
INSERT INTO `__PREFIX__cities` (`country_code`, `name`, `longitude`, `latitude`, `feature_class`, `feature_code`, `subadmin1_code`, `subadmin2_code`, `population`, `time_zone`, `active`, `created_at`, `updated_at`) VALUES ('IL','{\"en\":\"Yanuah Jat\"}',35.24,32.98,'P','PPL','IL.03',NULL,6614,'Asia/Jerusalem',1,'2020-04-24 23:00:00','2020-04-24 23:00:00');
INSERT INTO `__PREFIX__cities` (`country_code`, `name`, `longitude`, `latitude`, `feature_class`, `feature_code`, `subadmin1_code`, `subadmin2_code`, `population`, `time_zone`, `active`, `created_at`, `updated_at`) VALUES ('IL','{\"en\":\"Kisra - Sume\'a\"}',35.30,32.97,'P','PPL','IL.03',NULL,8649,'Asia/Jerusalem',1,'2020-04-24 23:00:00','2020-04-24 23:00:00');
INSERT INTO `__PREFIX__cities` (`country_code`, `name`, `longitude`, `latitude`, `feature_class`, `feature_code`, `subadmin1_code`, `subadmin2_code`, `population`, `time_zone`, `active`, `created_at`, `updated_at`) VALUES ('IL','{\"en\":\"Maale Iron\"}',35.18,32.55,'P','PPL','IL.03',NULL,14833,'Asia/Jerusalem',1,'2020-04-26 23:00:00','2020-04-26 23:00:00');
INSERT INTO `__PREFIX__cities` (`country_code`, `name`, `longitude`, `latitude`, `feature_class`, `feature_code`, `subadmin1_code`, `subadmin2_code`, `population`, `time_zone`, `active`, `created_at`, `updated_at`) VALUES ('IL','{\"en\":\"Tsur Itshak\"}',35.00,32.24,'P','PPL','IL.02',NULL,6044,'Asia/Jerusalem',1,'2020-04-28 23:00:00','2020-04-28 23:00:00');
INSERT INTO `__PREFIX__cities` (`country_code`, `name`, `longitude`, `latitude`, `feature_class`, `feature_code`, `subadmin1_code`, `subadmin2_code`, `population`, `time_zone`, `active`, `created_at`, `updated_at`) VALUES ('IL','{\"en\":\"Kiryat Ono\"}',34.86,32.06,'P','PPL','IL.05',NULL,39986,'Asia/Jerusalem',1,'2020-04-28 23:00:00','2020-04-28 23:00:00');
INSERT INTO `__PREFIX__cities` (`country_code`, `name`, `longitude`, `latitude`, `feature_class`, `feature_code`, `subadmin1_code`, `subadmin2_code`, `population`, `time_zone`, `active`, `created_at`, `updated_at`) VALUES ('IL','{\"en\":\"AlSayid Tribe\"}',34.92,31.28,'P','PPL','IL.01',NULL,5663,'Asia/Jerusalem',1,'2020-04-20 23:00:00','2020-04-20 23:00:00');
INSERT INTO `__PREFIX__cities` (`country_code`, `name`, `longitude`, `latitude`, `feature_class`, `feature_code`, `subadmin1_code`, `subadmin2_code`, `population`, `time_zone`, `active`, `created_at`, `updated_at`) VALUES ('IL','{\"en\":\"Bir Hadaj\"}',34.71,31.02,'P','PPL','IL.01',NULL,5735,'Asia/Jerusalem',1,'2020-04-21 23:00:00','2020-04-21 23:00:00');
INSERT INTO `__PREFIX__cities` (`country_code`, `name`, `longitude`, `latitude`, `feature_class`, `feature_code`, `subadmin1_code`, `subadmin2_code`, `population`, `time_zone`, `active`, `created_at`, `updated_at`) VALUES ('IL','{\"en\":\"Binyamina-Giv\'at Ada\"}',34.95,32.52,'P','PPL','IL.04',NULL,15627,'Asia/Jerusalem',1,'2020-04-22 23:00:00','2020-04-22 23:00:00');
INSERT INTO `__PREFIX__cities` (`country_code`, `name`, `longitude`, `latitude`, `feature_class`, `feature_code`, `subadmin1_code`, `subadmin2_code`, `population`, `time_zone`, `active`, `created_at`, `updated_at`) VALUES ('IL','{\"en\":\"Yanuh-Jat\"}',35.25,32.99,'P','PPL','IL.03',NULL,6614,'Asia/Jerusalem',1,'2020-04-23 23:00:00','2020-04-23 23:00:00');
INSERT INTO `__PREFIX__cities` (`country_code`, `name`, `longitude`, `latitude`, `feature_class`, `feature_code`, `subadmin1_code`, `subadmin2_code`, `population`, `time_zone`, `active`, `created_at`, `updated_at`) VALUES ('IL','{\"en\":\"Shibli–Umm al-Ghanam\"}',35.40,32.68,'P','PPL','IL.03',NULL,5995,'Asia/Jerusalem',1,'2020-04-29 23:00:00','2020-04-29 23:00:00');
INSERT INTO `__PREFIX__cities` (`country_code`, `name`, `longitude`, `latitude`, `feature_class`, `feature_code`, `subadmin1_code`, `subadmin2_code`, `population`, `time_zone`, `active`, `created_at`, `updated_at`) VALUES ('IL','{\"en\":\"Basma\"}',35.10,32.53,'P','PPL','IL.04',NULL,9779,'Asia/Jerusalem',1,'2020-04-30 23:00:00','2020-04-30 23:00:00');
/*!40000 ALTER TABLE `__PREFIX__cities` ENABLE KEYS */;
/*!40103 SET TIME_ZONE=@OLD_TIME_ZONE */;

/*!40101 SET SQL_MODE=@OLD_SQL_MODE */;
/*!40014 SET FOREIGN_KEY_CHECKS=@OLD_FOREIGN_KEY_CHECKS */;
/*!40014 SET UNIQUE_CHECKS=@OLD_UNIQUE_CHECKS */;
/*!40101 SET CHARACTER_SET_CLIENT=@OLD_CHARACTER_SET_CLIENT */;
/*!40101 SET CHARACTER_SET_RESULTS=@OLD_CHARACTER_SET_RESULTS */;
/*!40101 SET COLLATION_CONNECTION=@OLD_COLLATION_CONNECTION */;
/*!40111 SET SQL_NOTES=@OLD_SQL_NOTES */;

-- Dump completed
