-- MySQL dump 10.13  Distrib 5.7.34, for osx10.12 (x86_64)
--
-- Host: 127.0.0.1    Database: laraclassifier
-- ------------------------------------------------------
-- Server version	5.7.34

/*!40101 SET @OLD_CHARACTER_SET_CLIENT=@@CHARACTER_SET_CLIENT */;
/*!40101 SET @OLD_CHARACTER_SET_RESULTS=@@CHARACTER_SET_RESULTS */;
/*!40101 SET @OLD_COLLATION_CONNECTION=@@COLLATION_CONNECTION */;
/*!40101 SET NAMES utf8 */;
/*!40103 SET @OLD_TIME_ZONE=@@TIME_ZONE */;
/*!40103 SET TIME_ZONE='+00:00' */;
/*!40014 SET @OLD_UNIQUE_CHECKS=@@UNIQUE_CHECKS, UNIQUE_CHECKS=0 */;
/*!40014 SET @OLD_FOREIGN_KEY_CHECKS=@@FOREIGN_KEY_CHECKS, FOREIGN_KEY_CHECKS=0 */;
/*!40101 SET @OLD_SQL_MODE=@@SQL_MODE, SQL_MODE='NO_AUTO_VALUE_ON_ZERO' */;
/*!40111 SET @OLD_SQL_NOTES=@@SQL_NOTES, SQL_NOTES=0 */;

--
-- Dumping data for table `__PREFIX__subadmin1`
--

/*!40000 ALTER TABLE `__PREFIX__subadmin1` DISABLE KEYS */;
INSERT INTO `__PREFIX__subadmin1` (`code`, `country_code`, `name`, `active`) VALUES ('IR.26','IR','{\"en\":\"Tehran\"}',1);
INSERT INTO `__PREFIX__subadmin1` (`code`, `country_code`, `name`, `active`) VALUES ('IR.36','IR','{\"en\":\"Zanjan\"}',1);
INSERT INTO `__PREFIX__subadmin1` (`code`, `country_code`, `name`, `active`) VALUES ('IR.40','IR','{\"en\":\"Yazd\"}',1);
INSERT INTO `__PREFIX__subadmin1` (`code`, `country_code`, `name`, `active`) VALUES ('IR.25','IR','{\"en\":\"Semnan\"}',1);
INSERT INTO `__PREFIX__subadmin1` (`code`, `country_code`, `name`, `active`) VALUES ('IR.35','IR','{\"en\":\"Māzandarān\"}',1);
INSERT INTO `__PREFIX__subadmin1` (`code`, `country_code`, `name`, `active`) VALUES ('IR.34','IR','{\"en\":\"Markazi\"}',1);
INSERT INTO `__PREFIX__subadmin1` (`code`, `country_code`, `name`, `active`) VALUES ('IR.23','IR','{\"en\":\"Lorestan Province\"}',1);
INSERT INTO `__PREFIX__subadmin1` (`code`, `country_code`, `name`, `active`) VALUES ('IR.16','IR','{\"en\":\"Kordestān\"}',1);
INSERT INTO `__PREFIX__subadmin1` (`code`, `country_code`, `name`, `active`) VALUES ('IR.05','IR','{\"en\":\"Kohgiluyeh and Boyer-Ahmad\"}',1);
INSERT INTO `__PREFIX__subadmin1` (`code`, `country_code`, `name`, `active`) VALUES ('IR.15','IR','{\"en\":\"Khuzestan\"}',1);
INSERT INTO `__PREFIX__subadmin1` (`code`, `country_code`, `name`, `active`) VALUES ('IR.13','IR','{\"en\":\"Kermānshāh\"}',1);
INSERT INTO `__PREFIX__subadmin1` (`code`, `country_code`, `name`, `active`) VALUES ('IR.29','IR','{\"en\":\"Kerman\"}',1);
INSERT INTO `__PREFIX__subadmin1` (`code`, `country_code`, `name`, `active`) VALUES ('IR.10','IR','{\"en\":\"Ilam Province\"}',1);
INSERT INTO `__PREFIX__subadmin1` (`code`, `country_code`, `name`, `active`) VALUES ('IR.11','IR','{\"en\":\"Hormozgan\"}',1);
INSERT INTO `__PREFIX__subadmin1` (`code`, `country_code`, `name`, `active`) VALUES ('IR.09','IR','{\"en\":\"Hamadān\"}',1);
INSERT INTO `__PREFIX__subadmin1` (`code`, `country_code`, `name`, `active`) VALUES ('IR.08','IR','{\"en\":\"Gīlān\"}',1);
INSERT INTO `__PREFIX__subadmin1` (`code`, `country_code`, `name`, `active`) VALUES ('IR.07','IR','{\"en\":\"Fars\"}',1);
INSERT INTO `__PREFIX__subadmin1` (`code`, `country_code`, `name`, `active`) VALUES ('IR.03','IR','{\"en\":\"Chaharmahal and Bakhtiari\"}',1);
INSERT INTO `__PREFIX__subadmin1` (`code`, `country_code`, `name`, `active`) VALUES ('IR.22','IR','{\"en\":\"Bushehr\"}',1);
INSERT INTO `__PREFIX__subadmin1` (`code`, `country_code`, `name`, `active`) VALUES ('IR.33','IR','{\"en\":\"East Azerbaijan\"}',1);
INSERT INTO `__PREFIX__subadmin1` (`code`, `country_code`, `name`, `active`) VALUES ('IR.01','IR','{\"en\":\"West Azerbaijan\"}',1);
INSERT INTO `__PREFIX__subadmin1` (`code`, `country_code`, `name`, `active`) VALUES ('IR.32','IR','{\"en\":\"Ardabīl\"}',1);
INSERT INTO `__PREFIX__subadmin1` (`code`, `country_code`, `name`, `active`) VALUES ('IR.28','IR','{\"en\":\"Isfahan\"}',1);
INSERT INTO `__PREFIX__subadmin1` (`code`, `country_code`, `name`, `active`) VALUES ('IR.37','IR','{\"en\":\"Golestan\"}',1);
INSERT INTO `__PREFIX__subadmin1` (`code`, `country_code`, `name`, `active`) VALUES ('IR.38','IR','{\"en\":\"Qazvīn\"}',1);
INSERT INTO `__PREFIX__subadmin1` (`code`, `country_code`, `name`, `active`) VALUES ('IR.39','IR','{\"en\":\"Qom\"}',1);
INSERT INTO `__PREFIX__subadmin1` (`code`, `country_code`, `name`, `active`) VALUES ('IR.04','IR','{\"en\":\"Sistan and Baluchestan\"}',1);
INSERT INTO `__PREFIX__subadmin1` (`code`, `country_code`, `name`, `active`) VALUES ('IR.41','IR','{\"en\":\"South Khorasan Province\"}',1);
INSERT INTO `__PREFIX__subadmin1` (`code`, `country_code`, `name`, `active`) VALUES ('IR.42','IR','{\"en\":\"Razavi Khorasan\"}',1);
INSERT INTO `__PREFIX__subadmin1` (`code`, `country_code`, `name`, `active`) VALUES ('IR.43','IR','{\"en\":\"North Khorasan\"}',1);
INSERT INTO `__PREFIX__subadmin1` (`code`, `country_code`, `name`, `active`) VALUES ('IR.44','IR','{\"en\":\"Alborz Province\"}',1);
/*!40000 ALTER TABLE `__PREFIX__subadmin1` ENABLE KEYS */;

--
-- Dumping data for table `__PREFIX__subadmin2`
--

/*!40000 ALTER TABLE `__PREFIX__subadmin2` DISABLE KEYS */;
INSERT INTO `__PREFIX__subadmin2` (`code`, `country_code`, `subadmin1_code`, `name`, `active`) VALUES ('IR.42.6550','IR','IR.42','{\"en\":\"Dāvarzan\"}',1);
INSERT INTO `__PREFIX__subadmin2` (`code`, `country_code`, `subadmin1_code`, `name`, `active`) VALUES ('IR.10.28354','IR','IR.10','{\"en\":\"Darrehshahr\"}',1);
INSERT INTO `__PREFIX__subadmin2` (`code`, `country_code`, `subadmin1_code`, `name`, `active`) VALUES ('IR.36.66310','IR','IR.36','{\"en\":\"Shahrestān-e Zanjān\"}',1);
INSERT INTO `__PREFIX__subadmin2` (`code`, `country_code`, `subadmin1_code`, `name`, `active`) VALUES ('IR.29.66575','IR','IR.29','{\"en\":\"Shahrestān-e Sīrjān\"}',1);
INSERT INTO `__PREFIX__subadmin2` (`code`, `country_code`, `subadmin1_code`, `name`, `active`) VALUES ('IR.35.68057','IR','IR.35','{\"en\":\"Shahrestan-e Kalār Dasht\"}',1);
INSERT INTO `__PREFIX__subadmin2` (`code`, `country_code`, `subadmin1_code`, `name`, `active`) VALUES ('IR.07.68471','IR','IR.07','{\"en\":\"Shahrestān-e Fasā\"}',1);
INSERT INTO `__PREFIX__subadmin2` (`code`, `country_code`, `subadmin1_code`, `name`, `active`) VALUES ('IR.34.69179','IR','IR.34','{\"en\":\"Shahrestān-e Āshtīān\"}',1);
INSERT INTO `__PREFIX__subadmin2` (`code`, `country_code`, `subadmin1_code`, `name`, `active`) VALUES ('IR.10.112941','IR','IR.10','{\"en\":\"Badreh\"}',1);
INSERT INTO `__PREFIX__subadmin2` (`code`, `country_code`, `subadmin1_code`, `name`, `active`) VALUES ('IR.28.122490','IR','IR.28','{\"en\":\"Shahrestān-e Naţanz\"}',1);
INSERT INTO `__PREFIX__subadmin2` (`code`, `country_code`, `subadmin1_code`, `name`, `active`) VALUES ('IR.25.124337','IR','IR.25','{\"en\":\"Mahdishahr\"}',1);
INSERT INTO `__PREFIX__subadmin2` (`code`, `country_code`, `subadmin1_code`, `name`, `active`) VALUES ('IR.07.125034','IR','IR.07','{\"en\":\"Mamasanī\"}',1);
INSERT INTO `__PREFIX__subadmin2` (`code`, `country_code`, `subadmin1_code`, `name`, `active`) VALUES ('IR.33.449425','IR','IR.33','{\"en\":\"Shahrestān-e Āz̄arshahr\"}',1);
INSERT INTO `__PREFIX__subadmin2` (`code`, `country_code`, `subadmin1_code`, `name`, `active`) VALUES ('IR.33.449426','IR','IR.33','{\"en\":\"Shahrestān-e Oskū\"}',1);
INSERT INTO `__PREFIX__subadmin2` (`code`, `country_code`, `subadmin1_code`, `name`, `active`) VALUES ('IR.33.449427','IR','IR.33','{\"en\":\"Ahar\"}',1);
INSERT INTO `__PREFIX__subadmin2` (`code`, `country_code`, `subadmin1_code`, `name`, `active`) VALUES ('IR.33.449428','IR','IR.33','{\"en\":\"Shahrestān-e Bostānābād\"}',1);
INSERT INTO `__PREFIX__subadmin2` (`code`, `country_code`, `subadmin1_code`, `name`, `active`) VALUES ('IR.33.449429','IR','IR.33','{\"en\":\"Shahrestān-e Bonāb\"}',1);
INSERT INTO `__PREFIX__subadmin2` (`code`, `country_code`, `subadmin1_code`, `name`, `active`) VALUES ('IR.33.449430','IR','IR.33','{\"en\":\"Shahrestān-e Tabrīz\"}',1);
INSERT INTO `__PREFIX__subadmin2` (`code`, `country_code`, `subadmin1_code`, `name`, `active`) VALUES ('IR.33.449431','IR','IR.33','{\"en\":\"Shahrestān-e Jolfā\"}',1);
INSERT INTO `__PREFIX__subadmin2` (`code`, `country_code`, `subadmin1_code`, `name`, `active`) VALUES ('IR.33.449432','IR','IR.33','{\"en\":\"Shahrestān-e Chārāvīmāq\"}',1);
INSERT INTO `__PREFIX__subadmin2` (`code`, `country_code`, `subadmin1_code`, `name`, `active`) VALUES ('IR.33.449434','IR','IR.33','{\"en\":\"Shabestar\"}',1);
INSERT INTO `__PREFIX__subadmin2` (`code`, `country_code`, `subadmin1_code`, `name`, `active`) VALUES ('IR.33.449435','IR','IR.33','{\"en\":\"Shahrestān-e ‘Ajab Shīr\"}',1);
INSERT INTO `__PREFIX__subadmin2` (`code`, `country_code`, `subadmin1_code`, `name`, `active`) VALUES ('IR.33.449436','IR','IR.33','{\"en\":\"Kaleybar\"}',1);
INSERT INTO `__PREFIX__subadmin2` (`code`, `country_code`, `subadmin1_code`, `name`, `active`) VALUES ('IR.33.449437','IR','IR.33','{\"en\":\"Shahrestān-e Marāgheh\"}',1);
INSERT INTO `__PREFIX__subadmin2` (`code`, `country_code`, `subadmin1_code`, `name`, `active`) VALUES ('IR.33.449438','IR','IR.33','{\"en\":\"Marand\"}',1);
INSERT INTO `__PREFIX__subadmin2` (`code`, `country_code`, `subadmin1_code`, `name`, `active`) VALUES ('IR.33.449439','IR','IR.33','{\"en\":\"Shahrestān-e Malekān\"}',1);
INSERT INTO `__PREFIX__subadmin2` (`code`, `country_code`, `subadmin1_code`, `name`, `active`) VALUES ('IR.33.449440','IR','IR.33','{\"en\":\"Shahrestān-e Mīāneh\"}',1);
INSERT INTO `__PREFIX__subadmin2` (`code`, `country_code`, `subadmin1_code`, `name`, `active`) VALUES ('IR.33.449441','IR','IR.33','{\"en\":\"Shahrestān-e Herīs\"}',1);
INSERT INTO `__PREFIX__subadmin2` (`code`, `country_code`, `subadmin1_code`, `name`, `active`) VALUES ('IR.33.449442','IR','IR.33','{\"en\":\"Shahrestān-e Varzaqān\"}',1);
INSERT INTO `__PREFIX__subadmin2` (`code`, `country_code`, `subadmin1_code`, `name`, `active`) VALUES ('IR.33.449443','IR','IR.33','{\"en\":\"Shahrestān-e Hashtrūd\"}',1);
INSERT INTO `__PREFIX__subadmin2` (`code`, `country_code`, `subadmin1_code`, `name`, `active`) VALUES ('IR.01.449444','IR','IR.01','{\"en\":\"Shahrestān-e Orūmīyeh\"}',1);
INSERT INTO `__PREFIX__subadmin2` (`code`, `country_code`, `subadmin1_code`, `name`, `active`) VALUES ('IR.01.449445','IR','IR.01','{\"en\":\"Shahrestān-e Oshnavīyeh\"}',1);
INSERT INTO `__PREFIX__subadmin2` (`code`, `country_code`, `subadmin1_code`, `name`, `active`) VALUES ('IR.01.449446','IR','IR.01','{\"en\":\"Shahrestān-e Būkān\"}',1);
INSERT INTO `__PREFIX__subadmin2` (`code`, `country_code`, `subadmin1_code`, `name`, `active`) VALUES ('IR.01.449447','IR','IR.01','{\"en\":\"Shahrestān-e Pīrānshahr\"}',1);
INSERT INTO `__PREFIX__subadmin2` (`code`, `country_code`, `subadmin1_code`, `name`, `active`) VALUES ('IR.01.449448','IR','IR.01','{\"en\":\"Shahrestān-e Takāb\"}',1);
INSERT INTO `__PREFIX__subadmin2` (`code`, `country_code`, `subadmin1_code`, `name`, `active`) VALUES ('IR.01.449449','IR','IR.01','{\"en\":\"Shahrestān-e Chāldorān\"}',1);
INSERT INTO `__PREFIX__subadmin2` (`code`, `country_code`, `subadmin1_code`, `name`, `active`) VALUES ('IR.01.449450','IR','IR.01','{\"en\":\"Khowy\"}',1);
INSERT INTO `__PREFIX__subadmin2` (`code`, `country_code`, `subadmin1_code`, `name`, `active`) VALUES ('IR.01.449451','IR','IR.01','{\"en\":\"Sardasht\"}',1);
INSERT INTO `__PREFIX__subadmin2` (`code`, `country_code`, `subadmin1_code`, `name`, `active`) VALUES ('IR.01.449452','IR','IR.01','{\"en\":\"Shahrestān-e Salmās\"}',1);
INSERT INTO `__PREFIX__subadmin2` (`code`, `country_code`, `subadmin1_code`, `name`, `active`) VALUES ('IR.01.449453','IR','IR.01','{\"en\":\"Shahrestān-e Shāhīn Dezh\"}',1);
INSERT INTO `__PREFIX__subadmin2` (`code`, `country_code`, `subadmin1_code`, `name`, `active`) VALUES ('IR.01.449454','IR','IR.01','{\"en\":\"Shahrestān-e Mākū\"}',1);
INSERT INTO `__PREFIX__subadmin2` (`code`, `country_code`, `subadmin1_code`, `name`, `active`) VALUES ('IR.01.449455','IR','IR.01','{\"en\":\"Shahrestān-e Mahābād\"}',1);
INSERT INTO `__PREFIX__subadmin2` (`code`, `country_code`, `subadmin1_code`, `name`, `active`) VALUES ('IR.01.449456','IR','IR.01','{\"en\":\"Shahrestān-e Mīāndoāb\"}',1);
INSERT INTO `__PREFIX__subadmin2` (`code`, `country_code`, `subadmin1_code`, `name`, `active`) VALUES ('IR.01.449457','IR','IR.01','{\"en\":\"Naqadeh\"}',1);
INSERT INTO `__PREFIX__subadmin2` (`code`, `country_code`, `subadmin1_code`, `name`, `active`) VALUES ('IR.10.449458','IR','IR.10','{\"en\":\"Shahrestān-e Ābdānān\"}',1);
INSERT INTO `__PREFIX__subadmin2` (`code`, `country_code`, `subadmin1_code`, `name`, `active`) VALUES ('IR.10.449459','IR','IR.10','{\"en\":\"Shahrestān-e Īlām\"}',1);
INSERT INTO `__PREFIX__subadmin2` (`code`, `country_code`, `subadmin1_code`, `name`, `active`) VALUES ('IR.10.449460','IR','IR.10','{\"en\":\"Shahrestān-e Eyvān\"}',1);
INSERT INTO `__PREFIX__subadmin2` (`code`, `country_code`, `subadmin1_code`, `name`, `active`) VALUES ('IR.10.449462','IR','IR.10','{\"en\":\"Shahrestān-e Dehlorān\"}',1);
INSERT INTO `__PREFIX__subadmin2` (`code`, `country_code`, `subadmin1_code`, `name`, `active`) VALUES ('IR.10.449464','IR','IR.10','{\"en\":\"Shahrestān-e Mehrān\"}',1);
INSERT INTO `__PREFIX__subadmin2` (`code`, `country_code`, `subadmin1_code`, `name`, `active`) VALUES ('IR.32.449465','IR','IR.32','{\"en\":\"Shahrestān-e Ardabīl\"}',1);
INSERT INTO `__PREFIX__subadmin2` (`code`, `country_code`, `subadmin1_code`, `name`, `active`) VALUES ('IR.32.449466','IR','IR.32','{\"en\":\"Shahrestān-e Bīleh Savār\"}',1);
INSERT INTO `__PREFIX__subadmin2` (`code`, `country_code`, `subadmin1_code`, `name`, `active`) VALUES ('IR.32.449467','IR','IR.32','{\"en\":\"Shahrestān-e Pārsābād\"}',1);
INSERT INTO `__PREFIX__subadmin2` (`code`, `country_code`, `subadmin1_code`, `name`, `active`) VALUES ('IR.32.449469','IR','IR.32','{\"en\":\"Shahrestān-e Kows̄ar\"}',1);
INSERT INTO `__PREFIX__subadmin2` (`code`, `country_code`, `subadmin1_code`, `name`, `active`) VALUES ('IR.32.449470','IR','IR.32','{\"en\":\"Shahrestān-e Germī\"}',1);
INSERT INTO `__PREFIX__subadmin2` (`code`, `country_code`, `subadmin1_code`, `name`, `active`) VALUES ('IR.32.449471','IR','IR.32','{\"en\":\"Shahrestān-e Meshgīn Shahr\"}',1);
INSERT INTO `__PREFIX__subadmin2` (`code`, `country_code`, `subadmin1_code`, `name`, `active`) VALUES ('IR.32.449472','IR','IR.32','{\"en\":\"Shahrestān-e Namīn\"}',1);
INSERT INTO `__PREFIX__subadmin2` (`code`, `country_code`, `subadmin1_code`, `name`, `active`) VALUES ('IR.32.449473','IR','IR.32','{\"en\":\"Shahrestān-e Nīr\"}',1);
INSERT INTO `__PREFIX__subadmin2` (`code`, `country_code`, `subadmin1_code`, `name`, `active`) VALUES ('IR.28.449474','IR','IR.28','{\"en\":\"Shahrestān-e Ārān va Bīdgol\"}',1);
INSERT INTO `__PREFIX__subadmin2` (`code`, `country_code`, `subadmin1_code`, `name`, `active`) VALUES ('IR.28.449475','IR','IR.28','{\"en\":\"Shahrestān-e Ardestān\"}',1);
INSERT INTO `__PREFIX__subadmin2` (`code`, `country_code`, `subadmin1_code`, `name`, `active`) VALUES ('IR.28.449476','IR','IR.28','{\"en\":\"Shahrestān-e Eşfahān\"}',1);
INSERT INTO `__PREFIX__subadmin2` (`code`, `country_code`, `subadmin1_code`, `name`, `active`) VALUES ('IR.28.449477','IR','IR.28','{\"en\":\"Shahrestān-e Borkhvār\"}',1);
INSERT INTO `__PREFIX__subadmin2` (`code`, `country_code`, `subadmin1_code`, `name`, `active`) VALUES ('IR.28.449478','IR','IR.28','{\"en\":\"Shahrestān-e Tīrān va Karvan\"}',1);
INSERT INTO `__PREFIX__subadmin2` (`code`, `country_code`, `subadmin1_code`, `name`, `active`) VALUES ('IR.28.449479','IR','IR.28','{\"en\":\"Shahrestān-e Chādegān\"}',1);
INSERT INTO `__PREFIX__subadmin2` (`code`, `country_code`, `subadmin1_code`, `name`, `active`) VALUES ('IR.28.449480','IR','IR.28','{\"en\":\"Shahrestān-e Khomeynī Shahr\"}',1);
INSERT INTO `__PREFIX__subadmin2` (`code`, `country_code`, `subadmin1_code`, `name`, `active`) VALUES ('IR.28.449481','IR','IR.28','{\"en\":\"Shahrestān-e Khvānsār\"}',1);
INSERT INTO `__PREFIX__subadmin2` (`code`, `country_code`, `subadmin1_code`, `name`, `active`) VALUES ('IR.28.449482','IR','IR.28','{\"en\":\"Shahrestān-e Semīrom\"}',1);
INSERT INTO `__PREFIX__subadmin2` (`code`, `country_code`, `subadmin1_code`, `name`, `active`) VALUES ('IR.28.449483','IR','IR.28','{\"en\":\"Shahrestān-e Dehāqān\"}',1);
INSERT INTO `__PREFIX__subadmin2` (`code`, `country_code`, `subadmin1_code`, `name`, `active`) VALUES ('IR.28.449484','IR','IR.28','{\"en\":\"Shahrestān-e Shahreẕā\"}',1);
INSERT INTO `__PREFIX__subadmin2` (`code`, `country_code`, `subadmin1_code`, `name`, `active`) VALUES ('IR.28.449485','IR','IR.28','{\"en\":\"Fereydan\"}',1);
INSERT INTO `__PREFIX__subadmin2` (`code`, `country_code`, `subadmin1_code`, `name`, `active`) VALUES ('IR.28.449486','IR','IR.28','{\"en\":\"Shahrestān-e Fareydūnshahr\"}',1);
INSERT INTO `__PREFIX__subadmin2` (`code`, `country_code`, `subadmin1_code`, `name`, `active`) VALUES ('IR.28.449487','IR','IR.28','{\"en\":\"Shahrestān-e Falāvarjān\"}',1);
INSERT INTO `__PREFIX__subadmin2` (`code`, `country_code`, `subadmin1_code`, `name`, `active`) VALUES ('IR.28.449488','IR','IR.28','{\"en\":\"Shahrestān-e Kāshān\"}',1);
INSERT INTO `__PREFIX__subadmin2` (`code`, `country_code`, `subadmin1_code`, `name`, `active`) VALUES ('IR.28.449489','IR','IR.28','{\"en\":\"Shahrestān-e Golpāyegān\"}',1);
INSERT INTO `__PREFIX__subadmin2` (`code`, `country_code`, `subadmin1_code`, `name`, `active`) VALUES ('IR.28.449490','IR','IR.28','{\"en\":\"Shahrestān-e Lenjān\"}',1);
INSERT INTO `__PREFIX__subadmin2` (`code`, `country_code`, `subadmin1_code`, `name`, `active`) VALUES ('IR.28.449491','IR','IR.28','{\"en\":\"Shahrestān-e Mobārakeh\"}',1);
INSERT INTO `__PREFIX__subadmin2` (`code`, `country_code`, `subadmin1_code`, `name`, `active`) VALUES ('IR.28.449492','IR','IR.28','{\"en\":\"Shahrestān-e Nā’īn\"}',1);
INSERT INTO `__PREFIX__subadmin2` (`code`, `country_code`, `subadmin1_code`, `name`, `active`) VALUES ('IR.28.449493','IR','IR.28','{\"en\":\"Shahrestān-e Najafābād\"}',1);
INSERT INTO `__PREFIX__subadmin2` (`code`, `country_code`, `subadmin1_code`, `name`, `active`) VALUES ('IR.22.449495','IR','IR.22','{\"en\":\"Shahrestān-e Būshehr\"}',1);
INSERT INTO `__PREFIX__subadmin2` (`code`, `country_code`, `subadmin1_code`, `name`, `active`) VALUES ('IR.22.449496','IR','IR.22','{\"en\":\"Shahrestān-e Tangestān\"}',1);
INSERT INTO `__PREFIX__subadmin2` (`code`, `country_code`, `subadmin1_code`, `name`, `active`) VALUES ('IR.22.449497','IR','IR.22','{\"en\":\"Jam\"}',1);
INSERT INTO `__PREFIX__subadmin2` (`code`, `country_code`, `subadmin1_code`, `name`, `active`) VALUES ('IR.22.449498','IR','IR.22','{\"en\":\"Shahrestān-e Dashtestān\"}',1);
INSERT INTO `__PREFIX__subadmin2` (`code`, `country_code`, `subadmin1_code`, `name`, `active`) VALUES ('IR.22.449499','IR','IR.22','{\"en\":\"Shahrestān-e Dashtī\"}',1);
INSERT INTO `__PREFIX__subadmin2` (`code`, `country_code`, `subadmin1_code`, `name`, `active`) VALUES ('IR.22.449500','IR','IR.22','{\"en\":\"Deyr\"}',1);
INSERT INTO `__PREFIX__subadmin2` (`code`, `country_code`, `subadmin1_code`, `name`, `active`) VALUES ('IR.22.449501','IR','IR.22','{\"en\":\"Deylam\"}',1);
INSERT INTO `__PREFIX__subadmin2` (`code`, `country_code`, `subadmin1_code`, `name`, `active`) VALUES ('IR.22.449502','IR','IR.22','{\"en\":\"Shahrestān-e Kangān\"}',1);
INSERT INTO `__PREFIX__subadmin2` (`code`, `country_code`, `subadmin1_code`, `name`, `active`) VALUES ('IR.22.449503','IR','IR.22','{\"en\":\"Shahrestān-e Genāveh\"}',1);
INSERT INTO `__PREFIX__subadmin2` (`code`, `country_code`, `subadmin1_code`, `name`, `active`) VALUES ('IR.26.449505','IR','IR.26','{\"en\":\"Shahrestān-e Pākdasht\"}',1);
INSERT INTO `__PREFIX__subadmin2` (`code`, `country_code`, `subadmin1_code`, `name`, `active`) VALUES ('IR.26.449506','IR','IR.26','{\"en\":\"Shahrestān-e Tehrān\"}',1);
INSERT INTO `__PREFIX__subadmin2` (`code`, `country_code`, `subadmin1_code`, `name`, `active`) VALUES ('IR.26.449507','IR','IR.26','{\"en\":\"Shahrestān-e Damāvand\"}',1);
INSERT INTO `__PREFIX__subadmin2` (`code`, `country_code`, `subadmin1_code`, `name`, `active`) VALUES ('IR.26.449508','IR','IR.26','{\"en\":\"Shahrestān-e Robāţ Karīm\"}',1);
INSERT INTO `__PREFIX__subadmin2` (`code`, `country_code`, `subadmin1_code`, `name`, `active`) VALUES ('IR.26.449509','IR','IR.26','{\"en\":\"Rey\"}',1);
INSERT INTO `__PREFIX__subadmin2` (`code`, `country_code`, `subadmin1_code`, `name`, `active`) VALUES ('IR.44.449510','IR','IR.44','{\"en\":\"Shahrestān-e Sāvojbolāgh\"}',1);
INSERT INTO `__PREFIX__subadmin2` (`code`, `country_code`, `subadmin1_code`, `name`, `active`) VALUES ('IR.26.449511','IR','IR.26','{\"en\":\"Shahrestān-e Shemīrānāt\"}',1);
INSERT INTO `__PREFIX__subadmin2` (`code`, `country_code`, `subadmin1_code`, `name`, `active`) VALUES ('IR.26.449512','IR','IR.26','{\"en\":\"Shahrestān-e Shahrīār\"}',1);
INSERT INTO `__PREFIX__subadmin2` (`code`, `country_code`, `subadmin1_code`, `name`, `active`) VALUES ('IR.26.449513','IR','IR.26','{\"en\":\"Shahrestān-e Fīrūzkūh\"}',1);
INSERT INTO `__PREFIX__subadmin2` (`code`, `country_code`, `subadmin1_code`, `name`, `active`) VALUES ('IR.44.449514','IR','IR.44','{\"en\":\"Karaj\"}',1);
INSERT INTO `__PREFIX__subadmin2` (`code`, `country_code`, `subadmin1_code`, `name`, `active`) VALUES ('IR.44.449515','IR','IR.44','{\"en\":\"Shahrestān-e Naz̧arābād\"}',1);
INSERT INTO `__PREFIX__subadmin2` (`code`, `country_code`, `subadmin1_code`, `name`, `active`) VALUES ('IR.26.449516','IR','IR.26','{\"en\":\"Shahrestān-e Varāmīn\"}',1);
INSERT INTO `__PREFIX__subadmin2` (`code`, `country_code`, `subadmin1_code`, `name`, `active`) VALUES ('IR.03.449517','IR','IR.03','{\"en\":\"Ardal\"}',1);
INSERT INTO `__PREFIX__subadmin2` (`code`, `country_code`, `subadmin1_code`, `name`, `active`) VALUES ('IR.03.449518','IR','IR.03','{\"en\":\"Shahrestān-e Borūjen\"}',1);
INSERT INTO `__PREFIX__subadmin2` (`code`, `country_code`, `subadmin1_code`, `name`, `active`) VALUES ('IR.03.449519','IR','IR.03','{\"en\":\"Shahrekord\"}',1);
INSERT INTO `__PREFIX__subadmin2` (`code`, `country_code`, `subadmin1_code`, `name`, `active`) VALUES ('IR.03.449520','IR','IR.03','{\"en\":\"Shahrestān-e Fārsān\"}',1);
INSERT INTO `__PREFIX__subadmin2` (`code`, `country_code`, `subadmin1_code`, `name`, `active`) VALUES ('IR.03.449521','IR','IR.03','{\"en\":\"Shahrestān-e Kūhrang\"}',1);
INSERT INTO `__PREFIX__subadmin2` (`code`, `country_code`, `subadmin1_code`, `name`, `active`) VALUES ('IR.03.449522','IR','IR.03','{\"en\":\"Shahrestān-e Lordegān\"}',1);
INSERT INTO `__PREFIX__subadmin2` (`code`, `country_code`, `subadmin1_code`, `name`, `active`) VALUES ('IR.41.449523','IR','IR.41','{\"en\":\"Shahrestān-e Bīrjand\"}',1);
INSERT INTO `__PREFIX__subadmin2` (`code`, `country_code`, `subadmin1_code`, `name`, `active`) VALUES ('IR.41.449524','IR','IR.41','{\"en\":\"Shahrestān-e Sarbīsheh\"}',1);
INSERT INTO `__PREFIX__subadmin2` (`code`, `country_code`, `subadmin1_code`, `name`, `active`) VALUES ('IR.42.449525','IR','IR.42','{\"en\":\"Bardaskan\"}',1);
INSERT INTO `__PREFIX__subadmin2` (`code`, `country_code`, `subadmin1_code`, `name`, `active`) VALUES ('IR.42.449526','IR','IR.42','{\"en\":\"Shahrestān-e Torbat-e Ḩeydarīyeh\"}',1);
INSERT INTO `__PREFIX__subadmin2` (`code`, `country_code`, `subadmin1_code`, `name`, `active`) VALUES ('IR.42.449527','IR','IR.42','{\"en\":\"Shahrestān-e Chenārān\"}',1);
INSERT INTO `__PREFIX__subadmin2` (`code`, `country_code`, `subadmin1_code`, `name`, `active`) VALUES ('IR.42.449528','IR','IR.42','{\"en\":\"Shahrestān-e Khalīlābād\"}',1);
INSERT INTO `__PREFIX__subadmin2` (`code`, `country_code`, `subadmin1_code`, `name`, `active`) VALUES ('IR.42.449529','IR','IR.42','{\"en\":\"Dargaz\"}',1);
INSERT INTO `__PREFIX__subadmin2` (`code`, `country_code`, `subadmin1_code`, `name`, `active`) VALUES ('IR.42.449530','IR','IR.42','{\"en\":\"Shahrestān-e Roshtkhvār\"}',1);
INSERT INTO `__PREFIX__subadmin2` (`code`, `country_code`, `subadmin1_code`, `name`, `active`) VALUES ('IR.42.449531','IR','IR.42','{\"en\":\"Shahrestān-e Sabzevār\"}',1);
INSERT INTO `__PREFIX__subadmin2` (`code`, `country_code`, `subadmin1_code`, `name`, `active`) VALUES ('IR.41.449532','IR','IR.41','{\"en\":\"Ferdows\"}',1);
INSERT INTO `__PREFIX__subadmin2` (`code`, `country_code`, `subadmin1_code`, `name`, `active`) VALUES ('IR.42.449533','IR','IR.42','{\"en\":\"Shahrestān-e Farīmān\"}',1);
INSERT INTO `__PREFIX__subadmin2` (`code`, `country_code`, `subadmin1_code`, `name`, `active`) VALUES ('IR.41.449534','IR','IR.41','{\"en\":\"Shahrestān-e Qā’en\"}',1);
INSERT INTO `__PREFIX__subadmin2` (`code`, `country_code`, `subadmin1_code`, `name`, `active`) VALUES ('IR.42.449535','IR','IR.42','{\"en\":\"Shahrestān-e Qūchān\"}',1);
INSERT INTO `__PREFIX__subadmin2` (`code`, `country_code`, `subadmin1_code`, `name`, `active`) VALUES ('IR.42.449536','IR','IR.42','{\"en\":\"Shahrestān-e Kāshmar\"}',1);
INSERT INTO `__PREFIX__subadmin2` (`code`, `country_code`, `subadmin1_code`, `name`, `active`) VALUES ('IR.42.449537','IR','IR.42','{\"en\":\"Shahrestān-e Gonābād\"}',1);
INSERT INTO `__PREFIX__subadmin2` (`code`, `country_code`, `subadmin1_code`, `name`, `active`) VALUES ('IR.42.449538','IR','IR.42','{\"en\":\"Mashhad\"}',1);
INSERT INTO `__PREFIX__subadmin2` (`code`, `country_code`, `subadmin1_code`, `name`, `active`) VALUES ('IR.42.449539','IR','IR.42','{\"en\":\"Shahrestān-e Neyshābūr\"}',1);
INSERT INTO `__PREFIX__subadmin2` (`code`, `country_code`, `subadmin1_code`, `name`, `active`) VALUES ('IR.43.449540','IR','IR.43','{\"en\":\"Shahrestān-e Esfarāyen\"}',1);
INSERT INTO `__PREFIX__subadmin2` (`code`, `country_code`, `subadmin1_code`, `name`, `active`) VALUES ('IR.43.449541','IR','IR.43','{\"en\":\"Shahrestān-e Bojnūrd\"}',1);
INSERT INTO `__PREFIX__subadmin2` (`code`, `country_code`, `subadmin1_code`, `name`, `active`) VALUES ('IR.43.449542','IR','IR.43','{\"en\":\"Shahrestān-e Jājarm\"}',1);
INSERT INTO `__PREFIX__subadmin2` (`code`, `country_code`, `subadmin1_code`, `name`, `active`) VALUES ('IR.43.449543','IR','IR.43','{\"en\":\"Shahrestān-e Shīrvān\"}',1);
INSERT INTO `__PREFIX__subadmin2` (`code`, `country_code`, `subadmin1_code`, `name`, `active`) VALUES ('IR.15.449544','IR','IR.15','{\"en\":\"Shahrestān-e Ābādān\"}',1);
INSERT INTO `__PREFIX__subadmin2` (`code`, `country_code`, `subadmin1_code`, `name`, `active`) VALUES ('IR.15.449545','IR','IR.15','{\"en\":\"Shahrestān-e Omīdīyeh\"}',1);
INSERT INTO `__PREFIX__subadmin2` (`code`, `country_code`, `subadmin1_code`, `name`, `active`) VALUES ('IR.15.449546','IR','IR.15','{\"en\":\"Shahrestān-e Andīmeshk\"}',1);
INSERT INTO `__PREFIX__subadmin2` (`code`, `country_code`, `subadmin1_code`, `name`, `active`) VALUES ('IR.15.449547','IR','IR.15','{\"en\":\"Shahrestān-e Ahvāz\"}',1);
INSERT INTO `__PREFIX__subadmin2` (`code`, `country_code`, `subadmin1_code`, `name`, `active`) VALUES ('IR.15.449548','IR','IR.15','{\"en\":\"Shahrestān-e Īz̄eh\"}',1);
INSERT INTO `__PREFIX__subadmin2` (`code`, `country_code`, `subadmin1_code`, `name`, `active`) VALUES ('IR.15.449549','IR','IR.15','{\"en\":\"Bāgh Shahrestān-e Malek\"}',1);
INSERT INTO `__PREFIX__subadmin2` (`code`, `country_code`, `subadmin1_code`, `name`, `active`) VALUES ('IR.15.449550','IR','IR.15','{\"en\":\"Shahrestān-e Bandar-e Māhshahr\"}',1);
INSERT INTO `__PREFIX__subadmin2` (`code`, `country_code`, `subadmin1_code`, `name`, `active`) VALUES ('IR.15.449551','IR','IR.15','{\"en\":\"Shahrestān-e Behbahān\"}',1);
INSERT INTO `__PREFIX__subadmin2` (`code`, `country_code`, `subadmin1_code`, `name`, `active`) VALUES ('IR.15.449552','IR','IR.15','{\"en\":\"Khorramshahr\"}',1);
INSERT INTO `__PREFIX__subadmin2` (`code`, `country_code`, `subadmin1_code`, `name`, `active`) VALUES ('IR.15.449553','IR','IR.15','{\"en\":\"Shahrestān-e Dezfūl\"}',1);
INSERT INTO `__PREFIX__subadmin2` (`code`, `country_code`, `subadmin1_code`, `name`, `active`) VALUES ('IR.15.449554','IR','IR.15','{\"en\":\"Shahrestān-e Dasht-e Āzādegān\"}',1);
INSERT INTO `__PREFIX__subadmin2` (`code`, `country_code`, `subadmin1_code`, `name`, `active`) VALUES ('IR.15.449555','IR','IR.15','{\"en\":\"Shahrestān-e Rāmhormoz\"}',1);
INSERT INTO `__PREFIX__subadmin2` (`code`, `country_code`, `subadmin1_code`, `name`, `active`) VALUES ('IR.15.449556','IR','IR.15','{\"en\":\"Shahrestān-e Shādegān\"}',1);
INSERT INTO `__PREFIX__subadmin2` (`code`, `country_code`, `subadmin1_code`, `name`, `active`) VALUES ('IR.15.449557','IR','IR.15','{\"en\":\"Shahrestān-e Shūsh\"}',1);
INSERT INTO `__PREFIX__subadmin2` (`code`, `country_code`, `subadmin1_code`, `name`, `active`) VALUES ('IR.15.449558','IR','IR.15','{\"en\":\"Shahrestān-e Shūshtar\"}',1);
INSERT INTO `__PREFIX__subadmin2` (`code`, `country_code`, `subadmin1_code`, `name`, `active`) VALUES ('IR.15.449559','IR','IR.15','{\"en\":\"Shahrestān-e Lālī\"}',1);
INSERT INTO `__PREFIX__subadmin2` (`code`, `country_code`, `subadmin1_code`, `name`, `active`) VALUES ('IR.15.449560','IR','IR.15','{\"en\":\"Shahrestān-e Masjed Soleymān\"}',1);
INSERT INTO `__PREFIX__subadmin2` (`code`, `country_code`, `subadmin1_code`, `name`, `active`) VALUES ('IR.15.449561','IR','IR.15','{\"en\":\"Shahrestān-e Hendījān\"}',1);
INSERT INTO `__PREFIX__subadmin2` (`code`, `country_code`, `subadmin1_code`, `name`, `active`) VALUES ('IR.36.449562','IR','IR.36','{\"en\":\"Abhar\"}',1);
INSERT INTO `__PREFIX__subadmin2` (`code`, `country_code`, `subadmin1_code`, `name`, `active`) VALUES ('IR.36.449563','IR','IR.36','{\"en\":\"Shahrestān-e Ījrūd\"}',1);
INSERT INTO `__PREFIX__subadmin2` (`code`, `country_code`, `subadmin1_code`, `name`, `active`) VALUES ('IR.36.449564','IR','IR.36','{\"en\":\"Shahrestān-e Khodābandeh\"}',1);
INSERT INTO `__PREFIX__subadmin2` (`code`, `country_code`, `subadmin1_code`, `name`, `active`) VALUES ('IR.36.449565','IR','IR.36','{\"en\":\"Khorramdarreh\"}',1);
INSERT INTO `__PREFIX__subadmin2` (`code`, `country_code`, `subadmin1_code`, `name`, `active`) VALUES ('IR.36.449567','IR','IR.36','{\"en\":\"Shahrestān-e Ţārom\"}',1);
INSERT INTO `__PREFIX__subadmin2` (`code`, `country_code`, `subadmin1_code`, `name`, `active`) VALUES ('IR.36.449568','IR','IR.36','{\"en\":\"Shahrestān-e Māhneshān\"}',1);
INSERT INTO `__PREFIX__subadmin2` (`code`, `country_code`, `subadmin1_code`, `name`, `active`) VALUES ('IR.25.449569','IR','IR.25','{\"en\":\"Shahrestān-e Dāmghān\"}',1);
INSERT INTO `__PREFIX__subadmin2` (`code`, `country_code`, `subadmin1_code`, `name`, `active`) VALUES ('IR.25.449570','IR','IR.25','{\"en\":\"Shahrestān-e Semnān\"}',1);
INSERT INTO `__PREFIX__subadmin2` (`code`, `country_code`, `subadmin1_code`, `name`, `active`) VALUES ('IR.25.449571','IR','IR.25','{\"en\":\"Shahrestān-e Shāhrūd\"}',1);
INSERT INTO `__PREFIX__subadmin2` (`code`, `country_code`, `subadmin1_code`, `name`, `active`) VALUES ('IR.25.449572','IR','IR.25','{\"en\":\"Shahrestān-e Garmsār\"}',1);
INSERT INTO `__PREFIX__subadmin2` (`code`, `country_code`, `subadmin1_code`, `name`, `active`) VALUES ('IR.07.449573','IR','IR.07','{\"en\":\"Shahrestān-e Ābādeh\"}',1);
INSERT INTO `__PREFIX__subadmin2` (`code`, `country_code`, `subadmin1_code`, `name`, `active`) VALUES ('IR.07.449574','IR','IR.07','{\"en\":\"Shahrestān-e Arsanjān\"}',1);
INSERT INTO `__PREFIX__subadmin2` (`code`, `country_code`, `subadmin1_code`, `name`, `active`) VALUES ('IR.07.449575','IR','IR.07','{\"en\":\"Shahrestān-e Estahbān\"}',1);
INSERT INTO `__PREFIX__subadmin2` (`code`, `country_code`, `subadmin1_code`, `name`, `active`) VALUES ('IR.07.449577','IR','IR.07','{\"en\":\"Shahrestān-e Bavānāt\"}',1);
INSERT INTO `__PREFIX__subadmin2` (`code`, `country_code`, `subadmin1_code`, `name`, `active`) VALUES ('IR.07.449578','IR','IR.07','{\"en\":\"Jahrom\"}',1);
INSERT INTO `__PREFIX__subadmin2` (`code`, `country_code`, `subadmin1_code`, `name`, `active`) VALUES ('IR.07.449579','IR','IR.07','{\"en\":\"Shahrestān-e Khorrambīd\"}',1);
INSERT INTO `__PREFIX__subadmin2` (`code`, `country_code`, `subadmin1_code`, `name`, `active`) VALUES ('IR.07.449580','IR','IR.07','{\"en\":\"Shahrestān-e Dārāb\"}',1);
INSERT INTO `__PREFIX__subadmin2` (`code`, `country_code`, `subadmin1_code`, `name`, `active`) VALUES ('IR.07.449581','IR','IR.07','{\"en\":\"Shahrestān-e Zarrīn Dasht\"}',1);
INSERT INTO `__PREFIX__subadmin2` (`code`, `country_code`, `subadmin1_code`, `name`, `active`) VALUES ('IR.07.449582','IR','IR.07','{\"en\":\"Shahrestān-e Sepīdān\"}',1);
INSERT INTO `__PREFIX__subadmin2` (`code`, `country_code`, `subadmin1_code`, `name`, `active`) VALUES ('IR.07.449583','IR','IR.07','{\"en\":\"Shahrestān-e Shīrāz\"}',1);
INSERT INTO `__PREFIX__subadmin2` (`code`, `country_code`, `subadmin1_code`, `name`, `active`) VALUES ('IR.07.449584','IR','IR.07','{\"en\":\"Shahrestān-e Farāshband\"}',1);
INSERT INTO `__PREFIX__subadmin2` (`code`, `country_code`, `subadmin1_code`, `name`, `active`) VALUES ('IR.07.449586','IR','IR.07','{\"en\":\"Shahrestān-e Fīrūzābād\"}',1);
INSERT INTO `__PREFIX__subadmin2` (`code`, `country_code`, `subadmin1_code`, `name`, `active`) VALUES ('IR.07.449587','IR','IR.07','{\"en\":\"Shahrestān-e Qīr va Kārzīn\"}',1);
INSERT INTO `__PREFIX__subadmin2` (`code`, `country_code`, `subadmin1_code`, `name`, `active`) VALUES ('IR.07.449588','IR','IR.07','{\"en\":\"Shahrestān-e Kāzerūn\"}',1);
INSERT INTO `__PREFIX__subadmin2` (`code`, `country_code`, `subadmin1_code`, `name`, `active`) VALUES ('IR.07.449589','IR','IR.07','{\"en\":\"Shahrestān-e Lārestān\"}',1);
INSERT INTO `__PREFIX__subadmin2` (`code`, `country_code`, `subadmin1_code`, `name`, `active`) VALUES ('IR.07.449590','IR','IR.07','{\"en\":\"Shahrestān-e Lāmerd\"}',1);
INSERT INTO `__PREFIX__subadmin2` (`code`, `country_code`, `subadmin1_code`, `name`, `active`) VALUES ('IR.07.449591','IR','IR.07','{\"en\":\"Marvdasht\"}',1);
INSERT INTO `__PREFIX__subadmin2` (`code`, `country_code`, `subadmin1_code`, `name`, `active`) VALUES ('IR.07.449593','IR','IR.07','{\"en\":\"Mohr\"}',1);
INSERT INTO `__PREFIX__subadmin2` (`code`, `country_code`, `subadmin1_code`, `name`, `active`) VALUES ('IR.07.449594','IR','IR.07','{\"en\":\"Shahrestān-e Neyrīz\"}',1);
INSERT INTO `__PREFIX__subadmin2` (`code`, `country_code`, `subadmin1_code`, `name`, `active`) VALUES ('IR.38.449595','IR','IR.38','{\"en\":\"Ābyek\"}',1);
INSERT INTO `__PREFIX__subadmin2` (`code`, `country_code`, `subadmin1_code`, `name`, `active`) VALUES ('IR.38.449596','IR','IR.38','{\"en\":\"Shahrestān-e Bū’īn Zahrā\"}',1);
INSERT INTO `__PREFIX__subadmin2` (`code`, `country_code`, `subadmin1_code`, `name`, `active`) VALUES ('IR.38.449597','IR','IR.38','{\"en\":\"Shahrestān-e Tākestān\"}',1);
INSERT INTO `__PREFIX__subadmin2` (`code`, `country_code`, `subadmin1_code`, `name`, `active`) VALUES ('IR.38.449598','IR','IR.38','{\"en\":\"Shahrestān-e Qazvīn\"}',1);
INSERT INTO `__PREFIX__subadmin2` (`code`, `country_code`, `subadmin1_code`, `name`, `active`) VALUES ('IR.39.449599','IR','IR.39','{\"en\":\"Qom\"}',1);
INSERT INTO `__PREFIX__subadmin2` (`code`, `country_code`, `subadmin1_code`, `name`, `active`) VALUES ('IR.16.449600','IR','IR.16','{\"en\":\"Shahrestān-e Bāneh\"}',1);
INSERT INTO `__PREFIX__subadmin2` (`code`, `country_code`, `subadmin1_code`, `name`, `active`) VALUES ('IR.16.449601','IR','IR.16','{\"en\":\"Shahrestān-e Bījār\"}',1);
INSERT INTO `__PREFIX__subadmin2` (`code`, `country_code`, `subadmin1_code`, `name`, `active`) VALUES ('IR.16.449602','IR','IR.16','{\"en\":\"Shahrestān-e Dīvāndarreh\"}',1);
INSERT INTO `__PREFIX__subadmin2` (`code`, `country_code`, `subadmin1_code`, `name`, `active`) VALUES ('IR.16.449603','IR','IR.16','{\"en\":\"Shahrestān-e Sarvābād\"}',1);
INSERT INTO `__PREFIX__subadmin2` (`code`, `country_code`, `subadmin1_code`, `name`, `active`) VALUES ('IR.16.449604','IR','IR.16','{\"en\":\"Saqqez\"}',1);
INSERT INTO `__PREFIX__subadmin2` (`code`, `country_code`, `subadmin1_code`, `name`, `active`) VALUES ('IR.16.449605','IR','IR.16','{\"en\":\"Sanandaj\"}',1);
INSERT INTO `__PREFIX__subadmin2` (`code`, `country_code`, `subadmin1_code`, `name`, `active`) VALUES ('IR.16.449606','IR','IR.16','{\"en\":\"Qorveh\"}',1);
INSERT INTO `__PREFIX__subadmin2` (`code`, `country_code`, `subadmin1_code`, `name`, `active`) VALUES ('IR.16.449607','IR','IR.16','{\"en\":\"Shahrestān-e Kāmyārān\"}',1);
INSERT INTO `__PREFIX__subadmin2` (`code`, `country_code`, `subadmin1_code`, `name`, `active`) VALUES ('IR.16.449608','IR','IR.16','{\"en\":\"Shahrestān-e Marīvān\"}',1);
INSERT INTO `__PREFIX__subadmin2` (`code`, `country_code`, `subadmin1_code`, `name`, `active`) VALUES ('IR.29.449609','IR','IR.29','{\"en\":\"Shahrestān-e Bāft\"}',1);
INSERT INTO `__PREFIX__subadmin2` (`code`, `country_code`, `subadmin1_code`, `name`, `active`) VALUES ('IR.29.449610','IR','IR.29','{\"en\":\"Shahrestān-e Bardsīr\"}',1);
INSERT INTO `__PREFIX__subadmin2` (`code`, `country_code`, `subadmin1_code`, `name`, `active`) VALUES ('IR.29.449611','IR','IR.29','{\"en\":\"Bam\"}',1);
INSERT INTO `__PREFIX__subadmin2` (`code`, `country_code`, `subadmin1_code`, `name`, `active`) VALUES ('IR.29.449612','IR','IR.29','{\"en\":\"Shahrestān-e Jīroft\"}',1);
INSERT INTO `__PREFIX__subadmin2` (`code`, `country_code`, `subadmin1_code`, `name`, `active`) VALUES ('IR.29.449613','IR','IR.29','{\"en\":\"Rāvar\"}',1);
INSERT INTO `__PREFIX__subadmin2` (`code`, `country_code`, `subadmin1_code`, `name`, `active`) VALUES ('IR.29.449614','IR','IR.29','{\"en\":\"Shahrestān-e Rafsanjān\"}',1);
INSERT INTO `__PREFIX__subadmin2` (`code`, `country_code`, `subadmin1_code`, `name`, `active`) VALUES ('IR.29.449615','IR','IR.29','{\"en\":\"Zarand\"}',1);
INSERT INTO `__PREFIX__subadmin2` (`code`, `country_code`, `subadmin1_code`, `name`, `active`) VALUES ('IR.29.449617','IR','IR.29','{\"en\":\"Shahrestān-e Shahr-e Bābak\"}',1);
INSERT INTO `__PREFIX__subadmin2` (`code`, `country_code`, `subadmin1_code`, `name`, `active`) VALUES ('IR.29.449618','IR','IR.29','{\"en\":\"Shahrestān-e ‘Anbarābād\"}',1);
INSERT INTO `__PREFIX__subadmin2` (`code`, `country_code`, `subadmin1_code`, `name`, `active`) VALUES ('IR.29.449619','IR','IR.29','{\"en\":\"Shahrestān-e Kermān\"}',1);
INSERT INTO `__PREFIX__subadmin2` (`code`, `country_code`, `subadmin1_code`, `name`, `active`) VALUES ('IR.29.449620','IR','IR.29','{\"en\":\"Shahrestān-e Kahnūj\"}',1);
INSERT INTO `__PREFIX__subadmin2` (`code`, `country_code`, `subadmin1_code`, `name`, `active`) VALUES ('IR.29.449621','IR','IR.29','{\"en\":\"Shahrestān-e Manūjān\"}',1);
INSERT INTO `__PREFIX__subadmin2` (`code`, `country_code`, `subadmin1_code`, `name`, `active`) VALUES ('IR.13.449622','IR','IR.13','{\"en\":\"Shahrestān-e Eslāmābād-e Gharb\"}',1);
INSERT INTO `__PREFIX__subadmin2` (`code`, `country_code`, `subadmin1_code`, `name`, `active`) VALUES ('IR.13.449623','IR','IR.13','{\"en\":\"Shahrestān-e Pāveh\"}',1);
INSERT INTO `__PREFIX__subadmin2` (`code`, `country_code`, `subadmin1_code`, `name`, `active`) VALUES ('IR.13.449624','IR','IR.13','{\"en\":\"Shahrestān-e S̄alās̄-e Bābā Jānī\"}',1);
INSERT INTO `__PREFIX__subadmin2` (`code`, `country_code`, `subadmin1_code`, `name`, `active`) VALUES ('IR.13.449625','IR','IR.13','{\"en\":\"Shahrestān-e Javānrūd\"}',1);
INSERT INTO `__PREFIX__subadmin2` (`code`, `country_code`, `subadmin1_code`, `name`, `active`) VALUES ('IR.13.449626','IR','IR.13','{\"en\":\"Shahrestān-e Sarpol-e Z̄ahāb\"}',1);
INSERT INTO `__PREFIX__subadmin2` (`code`, `country_code`, `subadmin1_code`, `name`, `active`) VALUES ('IR.13.449627','IR','IR.13','{\"en\":\"Sonqor\"}',1);
INSERT INTO `__PREFIX__subadmin2` (`code`, `country_code`, `subadmin1_code`, `name`, `active`) VALUES ('IR.13.449628','IR','IR.13','{\"en\":\"Shahrestān-e Şaḩneh\"}',1);
INSERT INTO `__PREFIX__subadmin2` (`code`, `country_code`, `subadmin1_code`, `name`, `active`) VALUES ('IR.13.449629','IR','IR.13','{\"en\":\"Shahrestān-e Qaşr-e Shīrīn\"}',1);
INSERT INTO `__PREFIX__subadmin2` (`code`, `country_code`, `subadmin1_code`, `name`, `active`) VALUES ('IR.13.449630','IR','IR.13','{\"en\":\"Shahrestān-e Kermānshāh\"}',1);
INSERT INTO `__PREFIX__subadmin2` (`code`, `country_code`, `subadmin1_code`, `name`, `active`) VALUES ('IR.13.449631','IR','IR.13','{\"en\":\"Shahrestān-e Kangāvar\"}',1);
INSERT INTO `__PREFIX__subadmin2` (`code`, `country_code`, `subadmin1_code`, `name`, `active`) VALUES ('IR.13.449632','IR','IR.13','{\"en\":\"Shahrestān-e Gīlān-e Gharb\"}',1);
INSERT INTO `__PREFIX__subadmin2` (`code`, `country_code`, `subadmin1_code`, `name`, `active`) VALUES ('IR.13.449633','IR','IR.13','{\"en\":\"Shahrestān-e Harsīn\"}',1);
INSERT INTO `__PREFIX__subadmin2` (`code`, `country_code`, `subadmin1_code`, `name`, `active`) VALUES ('IR.05.449634','IR','IR.05','{\"en\":\"Shahrestān-e Bowyer Aḩmad\"}',1);
INSERT INTO `__PREFIX__subadmin2` (`code`, `country_code`, `subadmin1_code`, `name`, `active`) VALUES ('IR.05.449635','IR','IR.05','{\"en\":\"Shahrestān-e Danā\"}',1);
INSERT INTO `__PREFIX__subadmin2` (`code`, `country_code`, `subadmin1_code`, `name`, `active`) VALUES ('IR.05.449636','IR','IR.05','{\"en\":\"Shahrestān-e Kohgīlūyeh\"}',1);
INSERT INTO `__PREFIX__subadmin2` (`code`, `country_code`, `subadmin1_code`, `name`, `active`) VALUES ('IR.05.449637','IR','IR.05','{\"en\":\"Shahrestān-e Gachsārān\"}',1);
INSERT INTO `__PREFIX__subadmin2` (`code`, `country_code`, `subadmin1_code`, `name`, `active`) VALUES ('IR.37.449638','IR','IR.37','{\"en\":\"Shahrestān-e Āzādshahr\"}',1);
INSERT INTO `__PREFIX__subadmin2` (`code`, `country_code`, `subadmin1_code`, `name`, `active`) VALUES ('IR.37.449639','IR','IR.37','{\"en\":\"Shahrestān-e Āq Qalā\"}',1);
INSERT INTO `__PREFIX__subadmin2` (`code`, `country_code`, `subadmin1_code`, `name`, `active`) VALUES ('IR.37.449640','IR','IR.37','{\"en\":\"Torkaman\"}',1);
INSERT INTO `__PREFIX__subadmin2` (`code`, `country_code`, `subadmin1_code`, `name`, `active`) VALUES ('IR.37.449641','IR','IR.37','{\"en\":\"Bandar-e Gaz\"}',1);
INSERT INTO `__PREFIX__subadmin2` (`code`, `country_code`, `subadmin1_code`, `name`, `active`) VALUES ('IR.37.449642','IR','IR.37','{\"en\":\"Shahrestān-e Rāmīān\"}',1);
INSERT INTO `__PREFIX__subadmin2` (`code`, `country_code`, `subadmin1_code`, `name`, `active`) VALUES ('IR.37.449643','IR','IR.37','{\"en\":\"Shahrestān-e ‘Alīābād\"}',1);
INSERT INTO `__PREFIX__subadmin2` (`code`, `country_code`, `subadmin1_code`, `name`, `active`) VALUES ('IR.37.449644','IR','IR.37','{\"en\":\"Shahrestān-e Kordkūy\"}',1);
INSERT INTO `__PREFIX__subadmin2` (`code`, `country_code`, `subadmin1_code`, `name`, `active`) VALUES ('IR.37.449645','IR','IR.37','{\"en\":\"Shahrestān-e Kalāleh\"}',1);
INSERT INTO `__PREFIX__subadmin2` (`code`, `country_code`, `subadmin1_code`, `name`, `active`) VALUES ('IR.37.449646','IR','IR.37','{\"en\":\"Shahrestān-e Gorgān\"}',1);
INSERT INTO `__PREFIX__subadmin2` (`code`, `country_code`, `subadmin1_code`, `name`, `active`) VALUES ('IR.37.449647','IR','IR.37','{\"en\":\"Shahrestān-e Gonbad-e Kāvūs\"}',1);
INSERT INTO `__PREFIX__subadmin2` (`code`, `country_code`, `subadmin1_code`, `name`, `active`) VALUES ('IR.37.449648','IR','IR.37','{\"en\":\"Shahrestān-e Mīnūdasht\"}',1);
INSERT INTO `__PREFIX__subadmin2` (`code`, `country_code`, `subadmin1_code`, `name`, `active`) VALUES ('IR.08.449649','IR','IR.08','{\"en\":\"Shahrestān-e Āstārā\"}',1);
INSERT INTO `__PREFIX__subadmin2` (`code`, `country_code`, `subadmin1_code`, `name`, `active`) VALUES ('IR.08.449650','IR','IR.08','{\"en\":\"Shahrestān-e Āstāneh-ye Ashrafīyeh\"}',1);
INSERT INTO `__PREFIX__subadmin2` (`code`, `country_code`, `subadmin1_code`, `name`, `active`) VALUES ('IR.08.449651','IR','IR.08','{\"en\":\"Amlash\"}',1);
INSERT INTO `__PREFIX__subadmin2` (`code`, `country_code`, `subadmin1_code`, `name`, `active`) VALUES ('IR.08.449652','IR','IR.08','{\"en\":\"Shahrestān-e Bandar-e Anzalī\"}',1);
INSERT INTO `__PREFIX__subadmin2` (`code`, `country_code`, `subadmin1_code`, `name`, `active`) VALUES ('IR.08.449653','IR','IR.08','{\"en\":\"Rasht\"}',1);
INSERT INTO `__PREFIX__subadmin2` (`code`, `country_code`, `subadmin1_code`, `name`, `active`) VALUES ('IR.08.449654','IR','IR.08','{\"en\":\"Shahrestān-e Reẕvānshahr\"}',1);
INSERT INTO `__PREFIX__subadmin2` (`code`, `country_code`, `subadmin1_code`, `name`, `active`) VALUES ('IR.08.449655','IR','IR.08','{\"en\":\"Shahrestān-e Rūdbār\"}',1);
INSERT INTO `__PREFIX__subadmin2` (`code`, `country_code`, `subadmin1_code`, `name`, `active`) VALUES ('IR.08.449656','IR','IR.08','{\"en\":\"Shahrestān-e Rūdsar\"}',1);
INSERT INTO `__PREFIX__subadmin2` (`code`, `country_code`, `subadmin1_code`, `name`, `active`) VALUES ('IR.08.449657','IR','IR.08','{\"en\":\"Shahrestān-e Sīāhkal\"}',1);
INSERT INTO `__PREFIX__subadmin2` (`code`, `country_code`, `subadmin1_code`, `name`, `active`) VALUES ('IR.08.449658','IR','IR.08','{\"en\":\"Shaft\"}',1);
INSERT INTO `__PREFIX__subadmin2` (`code`, `country_code`, `subadmin1_code`, `name`, `active`) VALUES ('IR.08.449659','IR','IR.08','{\"en\":\"Shahrestān-e Şowme‘eh Sarā\"}',1);
INSERT INTO `__PREFIX__subadmin2` (`code`, `country_code`, `subadmin1_code`, `name`, `active`) VALUES ('IR.08.449661','IR','IR.08','{\"en\":\"Shahrestān-e Fūman\"}',1);
INSERT INTO `__PREFIX__subadmin2` (`code`, `country_code`, `subadmin1_code`, `name`, `active`) VALUES ('IR.08.449662','IR','IR.08','{\"en\":\"Shahrestān-e Lāhījān\"}',1);
INSERT INTO `__PREFIX__subadmin2` (`code`, `country_code`, `subadmin1_code`, `name`, `active`) VALUES ('IR.08.449663','IR','IR.08','{\"en\":\"Shahrestān-e Langarūd\"}',1);
INSERT INTO `__PREFIX__subadmin2` (`code`, `country_code`, `subadmin1_code`, `name`, `active`) VALUES ('IR.08.449664','IR','IR.08','{\"en\":\"Shahrestān-e Māsāl\"}',1);
INSERT INTO `__PREFIX__subadmin2` (`code`, `country_code`, `subadmin1_code`, `name`, `active`) VALUES ('IR.23.449665','IR','IR.23','{\"en\":\"Shahrestān-e Aznā\"}',1);
INSERT INTO `__PREFIX__subadmin2` (`code`, `country_code`, `subadmin1_code`, `name`, `active`) VALUES ('IR.23.449666','IR','IR.23','{\"en\":\"Shahrestān-e Alīgūdarz\"}',1);
INSERT INTO `__PREFIX__subadmin2` (`code`, `country_code`, `subadmin1_code`, `name`, `active`) VALUES ('IR.23.449667','IR','IR.23','{\"en\":\"Shahrestān-e Borūjerd\"}',1);
INSERT INTO `__PREFIX__subadmin2` (`code`, `country_code`, `subadmin1_code`, `name`, `active`) VALUES ('IR.23.449668','IR','IR.23','{\"en\":\"Pol-e Dokhtar\"}',1);
INSERT INTO `__PREFIX__subadmin2` (`code`, `country_code`, `subadmin1_code`, `name`, `active`) VALUES ('IR.23.449669','IR','IR.23','{\"en\":\"Shahrestān-e Khorramābād\"}',1);
INSERT INTO `__PREFIX__subadmin2` (`code`, `country_code`, `subadmin1_code`, `name`, `active`) VALUES ('IR.23.449670','IR','IR.23','{\"en\":\"Delfan\"}',1);
INSERT INTO `__PREFIX__subadmin2` (`code`, `country_code`, `subadmin1_code`, `name`, `active`) VALUES ('IR.23.449671','IR','IR.23','{\"en\":\"Dorūd\"}',1);
INSERT INTO `__PREFIX__subadmin2` (`code`, `country_code`, `subadmin1_code`, `name`, `active`) VALUES ('IR.23.449672','IR','IR.23','{\"en\":\"Selseleh\"}',1);
INSERT INTO `__PREFIX__subadmin2` (`code`, `country_code`, `subadmin1_code`, `name`, `active`) VALUES ('IR.23.449673','IR','IR.23','{\"en\":\"Shahrestān-e Kūhdasht\"}',1);
INSERT INTO `__PREFIX__subadmin2` (`code`, `country_code`, `subadmin1_code`, `name`, `active`) VALUES ('IR.35.449674','IR','IR.35','{\"en\":\"Shahrestān-e Āmol\"}',1);
INSERT INTO `__PREFIX__subadmin2` (`code`, `country_code`, `subadmin1_code`, `name`, `active`) VALUES ('IR.35.449675','IR','IR.35','{\"en\":\"Shahrestān-e Bābol\"}',1);
INSERT INTO `__PREFIX__subadmin2` (`code`, `country_code`, `subadmin1_code`, `name`, `active`) VALUES ('IR.35.449676','IR','IR.35','{\"en\":\"Shahrestān-e Bābolsar\"}',1);
INSERT INTO `__PREFIX__subadmin2` (`code`, `country_code`, `subadmin1_code`, `name`, `active`) VALUES ('IR.35.449677','IR','IR.35','{\"en\":\"Behshahr\"}',1);
INSERT INTO `__PREFIX__subadmin2` (`code`, `country_code`, `subadmin1_code`, `name`, `active`) VALUES ('IR.35.449678','IR','IR.35','{\"en\":\"Shahrestān-e Tonekābon\"}',1);
INSERT INTO `__PREFIX__subadmin2` (`code`, `country_code`, `subadmin1_code`, `name`, `active`) VALUES ('IR.35.449679','IR','IR.35','{\"en\":\"Shahrestān-e Jūybār\"}',1);
INSERT INTO `__PREFIX__subadmin2` (`code`, `country_code`, `subadmin1_code`, `name`, `active`) VALUES ('IR.35.449680','IR','IR.35','{\"en\":\"Shahrestān-e Chālūs\"}',1);
INSERT INTO `__PREFIX__subadmin2` (`code`, `country_code`, `subadmin1_code`, `name`, `active`) VALUES ('IR.35.449681','IR','IR.35','{\"en\":\"Shahrestān-e Rāmsar\"}',1);
INSERT INTO `__PREFIX__subadmin2` (`code`, `country_code`, `subadmin1_code`, `name`, `active`) VALUES ('IR.35.449682','IR','IR.35','{\"en\":\"Shahrestān-e Sārī\"}',1);
INSERT INTO `__PREFIX__subadmin2` (`code`, `country_code`, `subadmin1_code`, `name`, `active`) VALUES ('IR.35.449683','IR','IR.35','{\"en\":\"Shahrestān-e Savādkūh\"}',1);
INSERT INTO `__PREFIX__subadmin2` (`code`, `country_code`, `subadmin1_code`, `name`, `active`) VALUES ('IR.35.449684','IR','IR.35','{\"en\":\"Shahrestān-e Qā’em Shahr\"}',1);
INSERT INTO `__PREFIX__subadmin2` (`code`, `country_code`, `subadmin1_code`, `name`, `active`) VALUES ('IR.35.449685','IR','IR.35','{\"en\":\"Shahrestān-e Maḩmūdābād\"}',1);
INSERT INTO `__PREFIX__subadmin2` (`code`, `country_code`, `subadmin1_code`, `name`, `active`) VALUES ('IR.35.449686','IR','IR.35','{\"en\":\"Shahrestān-e Nekā\"}',1);
INSERT INTO `__PREFIX__subadmin2` (`code`, `country_code`, `subadmin1_code`, `name`, `active`) VALUES ('IR.35.449687','IR','IR.35','{\"en\":\"Shahrestān-e Nūr\"}',1);
INSERT INTO `__PREFIX__subadmin2` (`code`, `country_code`, `subadmin1_code`, `name`, `active`) VALUES ('IR.35.449688','IR','IR.35','{\"en\":\"Nowshahr\"}',1);
INSERT INTO `__PREFIX__subadmin2` (`code`, `country_code`, `subadmin1_code`, `name`, `active`) VALUES ('IR.34.449690','IR','IR.34','{\"en\":\"Shahrestān-e Arāk\"}',1);
INSERT INTO `__PREFIX__subadmin2` (`code`, `country_code`, `subadmin1_code`, `name`, `active`) VALUES ('IR.34.449691','IR','IR.34','{\"en\":\"Tafresh\"}',1);
INSERT INTO `__PREFIX__subadmin2` (`code`, `country_code`, `subadmin1_code`, `name`, `active`) VALUES ('IR.34.449692','IR','IR.34','{\"en\":\"Khomeyn\"}',1);
INSERT INTO `__PREFIX__subadmin2` (`code`, `country_code`, `subadmin1_code`, `name`, `active`) VALUES ('IR.34.449693','IR','IR.34','{\"en\":\"Shahrestān-e Delījān\"}',1);
INSERT INTO `__PREFIX__subadmin2` (`code`, `country_code`, `subadmin1_code`, `name`, `active`) VALUES ('IR.34.449694','IR','IR.34','{\"en\":\"Shahrestān-e Zarandīyeh\"}',1);
INSERT INTO `__PREFIX__subadmin2` (`code`, `country_code`, `subadmin1_code`, `name`, `active`) VALUES ('IR.34.449695','IR','IR.34','{\"en\":\"Shahrestān-e Sāveh\"}',1);
INSERT INTO `__PREFIX__subadmin2` (`code`, `country_code`, `subadmin1_code`, `name`, `active`) VALUES ('IR.34.449696','IR','IR.34','{\"en\":\"Shahrestān-e Shāzand\"}',1);
INSERT INTO `__PREFIX__subadmin2` (`code`, `country_code`, `subadmin1_code`, `name`, `active`) VALUES ('IR.34.449697','IR','IR.34','{\"en\":\"Shahrestān-e Komījān\"}',1);
INSERT INTO `__PREFIX__subadmin2` (`code`, `country_code`, `subadmin1_code`, `name`, `active`) VALUES ('IR.34.449698','IR','IR.34','{\"en\":\"Shahrestān-e Maḩallāt\"}',1);
INSERT INTO `__PREFIX__subadmin2` (`code`, `country_code`, `subadmin1_code`, `name`, `active`) VALUES ('IR.11.449699','IR','IR.11','{\"en\":\"Shahrestān-e Abū Mūsá\"}',1);
INSERT INTO `__PREFIX__subadmin2` (`code`, `country_code`, `subadmin1_code`, `name`, `active`) VALUES ('IR.11.449700','IR','IR.11','{\"en\":\"Bastak\"}',1);
INSERT INTO `__PREFIX__subadmin2` (`code`, `country_code`, `subadmin1_code`, `name`, `active`) VALUES ('IR.11.449701','IR','IR.11','{\"en\":\"Shahrestān-e Bandar ‘Abbās\"}',1);
INSERT INTO `__PREFIX__subadmin2` (`code`, `country_code`, `subadmin1_code`, `name`, `active`) VALUES ('IR.11.449702','IR','IR.11','{\"en\":\"Bandar Lengeh\"}',1);
INSERT INTO `__PREFIX__subadmin2` (`code`, `country_code`, `subadmin1_code`, `name`, `active`) VALUES ('IR.11.449703','IR','IR.11','{\"en\":\"Shahrestān-e Jāsk\"}',1);
INSERT INTO `__PREFIX__subadmin2` (`code`, `country_code`, `subadmin1_code`, `name`, `active`) VALUES ('IR.11.449704','IR','IR.11','{\"en\":\"Shahrestān-e Ḩājjīābād\"}',1);
INSERT INTO `__PREFIX__subadmin2` (`code`, `country_code`, `subadmin1_code`, `name`, `active`) VALUES ('IR.11.449705','IR','IR.11','{\"en\":\"Shahrestān-e Rūdān\"}',1);
INSERT INTO `__PREFIX__subadmin2` (`code`, `country_code`, `subadmin1_code`, `name`, `active`) VALUES ('IR.11.449706','IR','IR.11','{\"en\":\"Qeshm\"}',1);
INSERT INTO `__PREFIX__subadmin2` (`code`, `country_code`, `subadmin1_code`, `name`, `active`) VALUES ('IR.11.449707','IR','IR.11','{\"en\":\"Shahrestān-e Mīnāb\"}',1);
INSERT INTO `__PREFIX__subadmin2` (`code`, `country_code`, `subadmin1_code`, `name`, `active`) VALUES ('IR.09.449708','IR','IR.09','{\"en\":\"Shahrestān-e Asadābād\"}',1);
INSERT INTO `__PREFIX__subadmin2` (`code`, `country_code`, `subadmin1_code`, `name`, `active`) VALUES ('IR.09.449709','IR','IR.09','{\"en\":\"Shahrestān-e Bahār\"}',1);
INSERT INTO `__PREFIX__subadmin2` (`code`, `country_code`, `subadmin1_code`, `name`, `active`) VALUES ('IR.09.449710','IR','IR.09','{\"en\":\"Shahrestān-e Tūyserkān\"}',1);
INSERT INTO `__PREFIX__subadmin2` (`code`, `country_code`, `subadmin1_code`, `name`, `active`) VALUES ('IR.09.449711','IR','IR.09','{\"en\":\"Razan\"}',1);
INSERT INTO `__PREFIX__subadmin2` (`code`, `country_code`, `subadmin1_code`, `name`, `active`) VALUES ('IR.09.449712','IR','IR.09','{\"en\":\"Shahrestān-e Kabūdarāhang\"}',1);
INSERT INTO `__PREFIX__subadmin2` (`code`, `country_code`, `subadmin1_code`, `name`, `active`) VALUES ('IR.09.449713','IR','IR.09','{\"en\":\"Shahrestān-e Malāyer\"}',1);
INSERT INTO `__PREFIX__subadmin2` (`code`, `country_code`, `subadmin1_code`, `name`, `active`) VALUES ('IR.09.449714','IR','IR.09','{\"en\":\"Shahrestān-e Nahāvand\"}',1);
INSERT INTO `__PREFIX__subadmin2` (`code`, `country_code`, `subadmin1_code`, `name`, `active`) VALUES ('IR.09.449715','IR','IR.09','{\"en\":\"Shahrestān-e Hamadān\"}',1);
INSERT INTO `__PREFIX__subadmin2` (`code`, `country_code`, `subadmin1_code`, `name`, `active`) VALUES ('IR.40.449716','IR','IR.40','{\"en\":\"Shahrestān-e Abarkūh\"}',1);
INSERT INTO `__PREFIX__subadmin2` (`code`, `country_code`, `subadmin1_code`, `name`, `active`) VALUES ('IR.40.449717','IR','IR.40','{\"en\":\"Shahrestān-e Ardakān\"}',1);
INSERT INTO `__PREFIX__subadmin2` (`code`, `country_code`, `subadmin1_code`, `name`, `active`) VALUES ('IR.40.449718','IR','IR.40','{\"en\":\"Shahrestān-e Bāfq\"}',1);
INSERT INTO `__PREFIX__subadmin2` (`code`, `country_code`, `subadmin1_code`, `name`, `active`) VALUES ('IR.40.449719','IR','IR.40','{\"en\":\"Taft\"}',1);
INSERT INTO `__PREFIX__subadmin2` (`code`, `country_code`, `subadmin1_code`, `name`, `active`) VALUES ('IR.40.449720','IR','IR.40','{\"en\":\"Shahrestān-e Khātam\"}',1);
INSERT INTO `__PREFIX__subadmin2` (`code`, `country_code`, `subadmin1_code`, `name`, `active`) VALUES ('IR.40.449721','IR','IR.40','{\"en\":\"Shahrestān-e Ashkez̄ar\"}',1);
INSERT INTO `__PREFIX__subadmin2` (`code`, `country_code`, `subadmin1_code`, `name`, `active`) VALUES ('IR.40.449723','IR','IR.40','{\"en\":\"Shahrestān-e Mehrīz\"}',1);
INSERT INTO `__PREFIX__subadmin2` (`code`, `country_code`, `subadmin1_code`, `name`, `active`) VALUES ('IR.40.449724','IR','IR.40','{\"en\":\"Meybod\"}',1);
INSERT INTO `__PREFIX__subadmin2` (`code`, `country_code`, `subadmin1_code`, `name`, `active`) VALUES ('IR.40.449725','IR','IR.40','{\"en\":\"Shahrestān-e Yazd\"}',1);
INSERT INTO `__PREFIX__subadmin2` (`code`, `country_code`, `subadmin1_code`, `name`, `active`) VALUES ('IR.04.1158999','IR','IR.04','{\"en\":\"Shahrestān-e Īrānshahr\"}',1);
INSERT INTO `__PREFIX__subadmin2` (`code`, `country_code`, `subadmin1_code`, `name`, `active`) VALUES ('IR.41.1482419','IR','IR.41','{\"en\":\"Shahrestān-e Nehbandān\"}',1);
INSERT INTO `__PREFIX__subadmin2` (`code`, `country_code`, `subadmin1_code`, `name`, `active`) VALUES ('IR.42.1482420','IR','IR.42','{\"en\":\"Shahrestān-e Tāybād\"}',1);
INSERT INTO `__PREFIX__subadmin2` (`code`, `country_code`, `subadmin1_code`, `name`, `active`) VALUES ('IR.42.1482421','IR','IR.42','{\"en\":\"Shahrestān-e Torbat-e Jām\"}',1);
INSERT INTO `__PREFIX__subadmin2` (`code`, `country_code`, `subadmin1_code`, `name`, `active`) VALUES ('IR.42.1482426','IR','IR.42','{\"en\":\"Shahrestān-e Khvāf\"}',1);
INSERT INTO `__PREFIX__subadmin2` (`code`, `country_code`, `subadmin1_code`, `name`, `active`) VALUES ('IR.42.1482443','IR','IR.42','{\"en\":\"Sarakhs\"}',1);
INSERT INTO `__PREFIX__subadmin2` (`code`, `country_code`, `subadmin1_code`, `name`, `active`) VALUES ('IR.42.1482469','IR','IR.42','{\"en\":\"Shahrestān-e Kalāt\"}',1);
INSERT INTO `__PREFIX__subadmin2` (`code`, `country_code`, `subadmin1_code`, `name`, `active`) VALUES ('IR.04.1482480','IR','IR.04','{\"en\":\"Shahrestān-e Chābahār\"}',1);
INSERT INTO `__PREFIX__subadmin2` (`code`, `country_code`, `subadmin1_code`, `name`, `active`) VALUES ('IR.04.1482481','IR','IR.04','{\"en\":\"Shahrestān-e Khāsh\"}',1);
INSERT INTO `__PREFIX__subadmin2` (`code`, `country_code`, `subadmin1_code`, `name`, `active`) VALUES ('IR.04.1482483','IR','IR.04','{\"en\":\"Shahrestān-e Zābol\"}',1);
INSERT INTO `__PREFIX__subadmin2` (`code`, `country_code`, `subadmin1_code`, `name`, `active`) VALUES ('IR.04.1482486','IR','IR.04','{\"en\":\"Shahrestān-e Zāhedān\"}',1);
INSERT INTO `__PREFIX__subadmin2` (`code`, `country_code`, `subadmin1_code`, `name`, `active`) VALUES ('IR.04.1482494','IR','IR.04','{\"en\":\"Shahrestān-e Sarāvān\"}',1);
INSERT INTO `__PREFIX__subadmin2` (`code`, `country_code`, `subadmin1_code`, `name`, `active`) VALUES ('IR.04.1482499','IR','IR.04','{\"en\":\"Shahrestān-e Sarbāz\"}',1);
INSERT INTO `__PREFIX__subadmin2` (`code`, `country_code`, `subadmin1_code`, `name`, `active`) VALUES ('IR.04.1482504','IR','IR.04','{\"en\":\"Shahrestān-e Nīkshahr\"}',1);
INSERT INTO `__PREFIX__subadmin2` (`code`, `country_code`, `subadmin1_code`, `name`, `active`) VALUES ('IR.35.7830204','IR','IR.35','{\"en\":\"Savadkuh-e Shomali\"}',1);
INSERT INTO `__PREFIX__subadmin2` (`code`, `country_code`, `subadmin1_code`, `name`, `active`) VALUES ('IR.08.8620884','IR','IR.08','{\"en\":\"Shahrestān-e Tālesh\"}',1);
INSERT INTO `__PREFIX__subadmin2` (`code`, `country_code`, `subadmin1_code`, `name`, `active`) VALUES ('IR.43.8620941','IR','IR.43','{\"en\":\"Shahrestān-e Māneh va Samalqān\"}',1);
INSERT INTO `__PREFIX__subadmin2` (`code`, `country_code`, `subadmin1_code`, `name`, `active`) VALUES ('IR.43.8620942','IR','IR.43','{\"en\":\"Shahrestān-e Fārūj\"}',1);
INSERT INTO `__PREFIX__subadmin2` (`code`, `country_code`, `subadmin1_code`, `name`, `active`) VALUES ('IR.42.8620943','IR','IR.42','{\"en\":\"Shahrestān-e Mah Velāt\"}',1);
INSERT INTO `__PREFIX__subadmin2` (`code`, `country_code`, `subadmin1_code`, `name`, `active`) VALUES ('IR.41.8620944','IR','IR.41','{\"en\":\"Shahrestān-e Darmīān\"}',1);
INSERT INTO `__PREFIX__subadmin2` (`code`, `country_code`, `subadmin1_code`, `name`, `active`) VALUES ('IR.11.8620945','IR','IR.11','{\"en\":\"Shahrestān-e Khamīr\"}',1);
INSERT INTO `__PREFIX__subadmin2` (`code`, `country_code`, `subadmin1_code`, `name`, `active`) VALUES ('IR.11.8620946','IR','IR.11','{\"en\":\"Shahrestān-e Pārsīān\"}',1);
INSERT INTO `__PREFIX__subadmin2` (`code`, `country_code`, `subadmin1_code`, `name`, `active`) VALUES ('IR.07.8620947','IR','IR.07','{\"en\":\"Shahrestān-e Eqlīd\"}',1);
INSERT INTO `__PREFIX__subadmin2` (`code`, `country_code`, `subadmin1_code`, `name`, `active`) VALUES ('IR.13.8620948','IR','IR.13','{\"en\":\"Shahrestān-e Dālāhū\"}',1);
INSERT INTO `__PREFIX__subadmin2` (`code`, `country_code`, `subadmin1_code`, `name`, `active`) VALUES ('IR.13.8620949','IR','IR.13','{\"en\":\"Shahrestān-e Ravānsar\"}',1);
INSERT INTO `__PREFIX__subadmin2` (`code`, `country_code`, `subadmin1_code`, `name`, `active`) VALUES ('IR.32.8620950','IR','IR.32','{\"en\":\"Shahrestān-e Khalkhāl\"}',1);
INSERT INTO `__PREFIX__subadmin2` (`code`, `country_code`, `subadmin1_code`, `name`, `active`) VALUES ('IR.33.8620951','IR','IR.33','{\"en\":\"Shahrestān-e Sarāb\"}',1);
INSERT INTO `__PREFIX__subadmin2` (`code`, `country_code`, `subadmin1_code`, `name`, `active`) VALUES ('IR.44.9513960','IR','IR.44','{\"en\":\"Shahrestān-e Ţāleqān\"}',1);
INSERT INTO `__PREFIX__subadmin2` (`code`, `country_code`, `subadmin1_code`, `name`, `active`) VALUES ('IR.44.9513961','IR','IR.44','{\"en\":\"Shahrestān-e Eshtehārd\"}',1);
INSERT INTO `__PREFIX__subadmin2` (`code`, `country_code`, `subadmin1_code`, `name`, `active`) VALUES ('IR.32.9514745','IR','IR.32','{\"en\":\"Shahrestān-e Sar‘eyn\"}',1);
INSERT INTO `__PREFIX__subadmin2` (`code`, `country_code`, `subadmin1_code`, `name`, `active`) VALUES ('IR.01.9517619','IR','IR.01','{\"en\":\"Showţ\"}',1);
INSERT INTO `__PREFIX__subadmin2` (`code`, `country_code`, `subadmin1_code`, `name`, `active`) VALUES ('IR.01.9517620','IR','IR.01','{\"en\":\"Chāypāreh\"}',1);
INSERT INTO `__PREFIX__subadmin2` (`code`, `country_code`, `subadmin1_code`, `name`, `active`) VALUES ('IR.01.9517621','IR','IR.01','{\"en\":\"Poldasht\"}',1);
INSERT INTO `__PREFIX__subadmin2` (`code`, `country_code`, `subadmin1_code`, `name`, `active`) VALUES ('IR.33.9517647','IR','IR.33','{\"en\":\"Shahrestān-e Khodā Āfarīn\"}',1);
INSERT INTO `__PREFIX__subadmin2` (`code`, `country_code`, `subadmin1_code`, `name`, `active`) VALUES ('IR.22.9519975','IR','IR.22','{\"en\":\"Shahrestān-e ‘Asalūyeh\"}',1);
INSERT INTO `__PREFIX__subadmin2` (`code`, `country_code`, `subadmin1_code`, `name`, `active`) VALUES ('IR.03.9519976','IR','IR.03','{\"en\":\"Shahrestān-e Kīār\"}',1);
INSERT INTO `__PREFIX__subadmin2` (`code`, `country_code`, `subadmin1_code`, `name`, `active`) VALUES ('IR.28.9519980','IR','IR.28','{\"en\":\"Shahrestān-e Khūr va Bīābānak\"}',1);
INSERT INTO `__PREFIX__subadmin2` (`code`, `country_code`, `subadmin1_code`, `name`, `active`) VALUES ('IR.28.9519981','IR','IR.28','{\"en\":\"Shahrestān-e Shāhīn Shahr va Meymeh\"}',1);
INSERT INTO `__PREFIX__subadmin2` (`code`, `country_code`, `subadmin1_code`, `name`, `active`) VALUES ('IR.07.9520534','IR','IR.07','{\"en\":\"Rostam\"}',1);
INSERT INTO `__PREFIX__subadmin2` (`code`, `country_code`, `subadmin1_code`, `name`, `active`) VALUES ('IR.07.9520865','IR','IR.07','{\"en\":\"Shahrestān-e Pāsārgād\"}',1);
INSERT INTO `__PREFIX__subadmin2` (`code`, `country_code`, `subadmin1_code`, `name`, `active`) VALUES ('IR.07.9520866','IR','IR.07','{\"en\":\"Shahrestān-e Kherāmeh\"}',1);
INSERT INTO `__PREFIX__subadmin2` (`code`, `country_code`, `subadmin1_code`, `name`, `active`) VALUES ('IR.07.9520867','IR','IR.07','{\"en\":\"Shahrestān-e Kavār\"}',1);
INSERT INTO `__PREFIX__subadmin2` (`code`, `country_code`, `subadmin1_code`, `name`, `active`) VALUES ('IR.07.9520868','IR','IR.07','{\"en\":\"Shahrestān-e Sarvestān\"}',1);
INSERT INTO `__PREFIX__subadmin2` (`code`, `country_code`, `subadmin1_code`, `name`, `active`) VALUES ('IR.07.9520869','IR','IR.07','{\"en\":\"Shahrestān-e Gerāsh\"}',1);
INSERT INTO `__PREFIX__subadmin2` (`code`, `country_code`, `subadmin1_code`, `name`, `active`) VALUES ('IR.07.9520870','IR','IR.07','{\"en\":\"Khonj\"}',1);
INSERT INTO `__PREFIX__subadmin2` (`code`, `country_code`, `subadmin1_code`, `name`, `active`) VALUES ('IR.37.9522216','IR','IR.37','{\"en\":\"Shahrestān-e Gomīshān\"}',1);
INSERT INTO `__PREFIX__subadmin2` (`code`, `country_code`, `subadmin1_code`, `name`, `active`) VALUES ('IR.37.9522217','IR','IR.37','{\"en\":\"Shahrestān-e Marāveh Tappeh\"}',1);
INSERT INTO `__PREFIX__subadmin2` (`code`, `country_code`, `subadmin1_code`, `name`, `active`) VALUES ('IR.37.9522218','IR','IR.37','{\"en\":\"Shahrestān-e Gālīkesh\"}',1);
INSERT INTO `__PREFIX__subadmin2` (`code`, `country_code`, `subadmin1_code`, `name`, `active`) VALUES ('IR.09.9523287','IR','IR.09','{\"en\":\"Shahrestān-e Fāmenīn\"}',1);
INSERT INTO `__PREFIX__subadmin2` (`code`, `country_code`, `subadmin1_code`, `name`, `active`) VALUES ('IR.11.9523757','IR','IR.11','{\"en\":\"Shahrestān-e Bashāgard\"}',1);
INSERT INTO `__PREFIX__subadmin2` (`code`, `country_code`, `subadmin1_code`, `name`, `active`) VALUES ('IR.11.9523758','IR','IR.11','{\"en\":\"Shahrestān-e Sīrīk\"}',1);
INSERT INTO `__PREFIX__subadmin2` (`code`, `country_code`, `subadmin1_code`, `name`, `active`) VALUES ('IR.10.9524084','IR','IR.10','{\"en\":\"Shahrestān-e Malekshāhī\"}',1);
INSERT INTO `__PREFIX__subadmin2` (`code`, `country_code`, `subadmin1_code`, `name`, `active`) VALUES ('IR.29.9524445','IR','IR.29','{\"en\":\"Shahrestān-e Anār\"}',1);
INSERT INTO `__PREFIX__subadmin2` (`code`, `country_code`, `subadmin1_code`, `name`, `active`) VALUES ('IR.29.9524446','IR','IR.29','{\"en\":\"Shahrestān-e Kūhbanān\"}',1);
INSERT INTO `__PREFIX__subadmin2` (`code`, `country_code`, `subadmin1_code`, `name`, `active`) VALUES ('IR.29.9524447','IR','IR.29','{\"en\":\"Shahrestān-e Rābor\"}',1);
INSERT INTO `__PREFIX__subadmin2` (`code`, `country_code`, `subadmin1_code`, `name`, `active`) VALUES ('IR.29.9524448','IR','IR.29','{\"en\":\"Shahrestān-e Orzū‘īyeh\"}',1);
INSERT INTO `__PREFIX__subadmin2` (`code`, `country_code`, `subadmin1_code`, `name`, `active`) VALUES ('IR.29.9524449','IR','IR.29','{\"en\":\"Shahrestān-e Fāryāb\"}',1);
INSERT INTO `__PREFIX__subadmin2` (`code`, `country_code`, `subadmin1_code`, `name`, `active`) VALUES ('IR.29.9524451','IR','IR.29','{\"en\":\"Shahrestān-e Narmāshīr\"}',1);
INSERT INTO `__PREFIX__subadmin2` (`code`, `country_code`, `subadmin1_code`, `name`, `active`) VALUES ('IR.29.9524452','IR','IR.29','{\"en\":\"Fahraj\"}',1);
INSERT INTO `__PREFIX__subadmin2` (`code`, `country_code`, `subadmin1_code`, `name`, `active`) VALUES ('IR.29.9524453','IR','IR.29','{\"en\":\"Rīgān\"}',1);
INSERT INTO `__PREFIX__subadmin2` (`code`, `country_code`, `subadmin1_code`, `name`, `active`) VALUES ('IR.29.9524454','IR','IR.29','{\"en\":\"Shahrestān-e Rūdbār-e Jonūbī\"}',1);
INSERT INTO `__PREFIX__subadmin2` (`code`, `country_code`, `subadmin1_code`, `name`, `active`) VALUES ('IR.29.9524455','IR','IR.29','{\"en\":\"Shahrestān-e Qal‘eh Ganj\"}',1);
INSERT INTO `__PREFIX__subadmin2` (`code`, `country_code`, `subadmin1_code`, `name`, `active`) VALUES ('IR.41.9525806','IR','IR.41','{\"en\":\"Boshrūyeh\"}',1);
INSERT INTO `__PREFIX__subadmin2` (`code`, `country_code`, `subadmin1_code`, `name`, `active`) VALUES ('IR.41.9525807','IR','IR.41','{\"en\":\"Shahrestān-e Sarāyān\"}',1);
INSERT INTO `__PREFIX__subadmin2` (`code`, `country_code`, `subadmin1_code`, `name`, `active`) VALUES ('IR.42.9526253','IR','IR.42','{\"en\":\"Shahrestān-e Bajestān\"}',1);
INSERT INTO `__PREFIX__subadmin2` (`code`, `country_code`, `subadmin1_code`, `name`, `active`) VALUES ('IR.42.9526254','IR','IR.42','{\"en\":\"Shahrestān-e Joghatāy\"}',1);
INSERT INTO `__PREFIX__subadmin2` (`code`, `country_code`, `subadmin1_code`, `name`, `active`) VALUES ('IR.42.9526255','IR','IR.42','{\"en\":\"Joveyn\"}',1);
INSERT INTO `__PREFIX__subadmin2` (`code`, `country_code`, `subadmin1_code`, `name`, `active`) VALUES ('IR.42.9526257','IR','IR.42','{\"en\":\"Shahrestān-e Khowshāb\"}',1);
INSERT INTO `__PREFIX__subadmin2` (`code`, `country_code`, `subadmin1_code`, `name`, `active`) VALUES ('IR.42.9526258','IR','IR.42','{\"en\":\"Shahrestān-e Fīrūzeh\"}',1);
INSERT INTO `__PREFIX__subadmin2` (`code`, `country_code`, `subadmin1_code`, `name`, `active`) VALUES ('IR.42.9526260','IR','IR.42','{\"en\":\"Shahrestān-e Bīnālūd\"}',1);
INSERT INTO `__PREFIX__subadmin2` (`code`, `country_code`, `subadmin1_code`, `name`, `active`) VALUES ('IR.42.9526342','IR','IR.42','{\"en\":\"Shahrestān-e Zāveh\"}',1);
INSERT INTO `__PREFIX__subadmin2` (`code`, `country_code`, `subadmin1_code`, `name`, `active`) VALUES ('IR.42.9526343','IR','IR.42','{\"en\":\"Shahrestān-e Bākharz\"}',1);
INSERT INTO `__PREFIX__subadmin2` (`code`, `country_code`, `subadmin1_code`, `name`, `active`) VALUES ('IR.43.9532886','IR','IR.43','{\"en\":\"Garmeh\"}',1);
INSERT INTO `__PREFIX__subadmin2` (`code`, `country_code`, `subadmin1_code`, `name`, `active`) VALUES ('IR.15.9532909','IR','IR.15','{\"en\":\"Gotvand\"}',1);
INSERT INTO `__PREFIX__subadmin2` (`code`, `country_code`, `subadmin1_code`, `name`, `active`) VALUES ('IR.15.9532922','IR','IR.15','{\"en\":\"Shahrestān-e Andīkā\"}',1);
INSERT INTO `__PREFIX__subadmin2` (`code`, `country_code`, `subadmin1_code`, `name`, `active`) VALUES ('IR.15.9532924','IR','IR.15','{\"en\":\"Hoveyzeh\"}',1);
INSERT INTO `__PREFIX__subadmin2` (`code`, `country_code`, `subadmin1_code`, `name`, `active`) VALUES ('IR.15.9532926','IR','IR.15','{\"en\":\"Shahrestān-e Bāvī\"}',1);
INSERT INTO `__PREFIX__subadmin2` (`code`, `country_code`, `subadmin1_code`, `name`, `active`) VALUES ('IR.15.9532928','IR','IR.15','{\"en\":\"Haftkel\"}',1);
INSERT INTO `__PREFIX__subadmin2` (`code`, `country_code`, `subadmin1_code`, `name`, `active`) VALUES ('IR.15.9532929','IR','IR.15','{\"en\":\"Shahrestān-e Rāmshīr\"}',1);
INSERT INTO `__PREFIX__subadmin2` (`code`, `country_code`, `subadmin1_code`, `name`, `active`) VALUES ('IR.05.9532946','IR','IR.05','{\"en\":\"Shahrestān-e Bahma’ī\"}',1);
INSERT INTO `__PREFIX__subadmin2` (`code`, `country_code`, `subadmin1_code`, `name`, `active`) VALUES ('IR.05.9532947','IR','IR.05','{\"en\":\"Shahrestān-e Charām\"}',1);
INSERT INTO `__PREFIX__subadmin2` (`code`, `country_code`, `subadmin1_code`, `name`, `active`) VALUES ('IR.05.9532948','IR','IR.05','{\"en\":\"Shahrestān-e Bāsht\"}',1);
INSERT INTO `__PREFIX__subadmin2` (`code`, `country_code`, `subadmin1_code`, `name`, `active`) VALUES ('IR.16.9532949','IR','IR.16','{\"en\":\"Shahrestān-e Dehgolān\"}',1);
INSERT INTO `__PREFIX__subadmin2` (`code`, `country_code`, `subadmin1_code`, `name`, `active`) VALUES ('IR.23.9533002','IR','IR.23','{\"en\":\"Shahrestān-e Dūreh\"}',1);
INSERT INTO `__PREFIX__subadmin2` (`code`, `country_code`, `subadmin1_code`, `name`, `active`) VALUES ('IR.34.9533005','IR','IR.34','{\"en\":\"Shahrestān-e Farahān\"}',1);
INSERT INTO `__PREFIX__subadmin2` (`code`, `country_code`, `subadmin1_code`, `name`, `active`) VALUES ('IR.34.9533006','IR','IR.34','{\"en\":\"Shahrestān-e Khondāb\"}',1);
INSERT INTO `__PREFIX__subadmin2` (`code`, `country_code`, `subadmin1_code`, `name`, `active`) VALUES ('IR.35.9533059','IR','IR.35','{\"en\":\"Shahrestān-e ‘Abbāsābād\"}',1);
INSERT INTO `__PREFIX__subadmin2` (`code`, `country_code`, `subadmin1_code`, `name`, `active`) VALUES ('IR.35.9533060','IR','IR.35','{\"en\":\"Shahrestān-e Galūgāh\"}',1);
INSERT INTO `__PREFIX__subadmin2` (`code`, `country_code`, `subadmin1_code`, `name`, `active`) VALUES ('IR.35.9533061','IR','IR.35','{\"en\":\"Shahrestān-e Mīāndorūd\"}',1);
INSERT INTO `__PREFIX__subadmin2` (`code`, `country_code`, `subadmin1_code`, `name`, `active`) VALUES ('IR.35.9533062','IR','IR.35','{\"en\":\"Shahrestān-e Fareydūnkenār\"}',1);
INSERT INTO `__PREFIX__subadmin2` (`code`, `country_code`, `subadmin1_code`, `name`, `active`) VALUES ('IR.25.9533331','IR','IR.25','{\"en\":\"Shahrestān-e Mayāmey\"}',1);
INSERT INTO `__PREFIX__subadmin2` (`code`, `country_code`, `subadmin1_code`, `name`, `active`) VALUES ('IR.25.9533333','IR','IR.25','{\"en\":\"Shahrestān-e Ārādān\"}',1);
INSERT INTO `__PREFIX__subadmin2` (`code`, `country_code`, `subadmin1_code`, `name`, `active`) VALUES ('IR.25.9533334','IR','IR.25','{\"en\":\"Sorkheh\"}',1);
INSERT INTO `__PREFIX__subadmin2` (`code`, `country_code`, `subadmin1_code`, `name`, `active`) VALUES ('IR.04.9533574','IR','IR.04','{\"en\":\"Zehak\"}',1);
INSERT INTO `__PREFIX__subadmin2` (`code`, `country_code`, `subadmin1_code`, `name`, `active`) VALUES ('IR.04.9533575','IR','IR.04','{\"en\":\"Shahrestān-e Hīrmand\"}',1);
INSERT INTO `__PREFIX__subadmin2` (`code`, `country_code`, `subadmin1_code`, `name`, `active`) VALUES ('IR.04.9533580','IR','IR.04','{\"en\":\"Shahrestān-e Dalgān\"}',1);
INSERT INTO `__PREFIX__subadmin2` (`code`, `country_code`, `subadmin1_code`, `name`, `active`) VALUES ('IR.04.9533581','IR','IR.04','{\"en\":\"Shahrestān-e Konārak\"}',1);
INSERT INTO `__PREFIX__subadmin2` (`code`, `country_code`, `subadmin1_code`, `name`, `active`) VALUES ('IR.04.9533590','IR','IR.04','{\"en\":\"Shahrestān-e Mehrestān\"}',1);
INSERT INTO `__PREFIX__subadmin2` (`code`, `country_code`, `subadmin1_code`, `name`, `active`) VALUES ('IR.04.9533591','IR','IR.04','{\"en\":\"Shahrestān-e Sīb va Sūrān\"}',1);
INSERT INTO `__PREFIX__subadmin2` (`code`, `country_code`, `subadmin1_code`, `name`, `active`) VALUES ('IR.26.9533736','IR','IR.26','{\"en\":\"Shahrestān-e Malārd\"}',1);
INSERT INTO `__PREFIX__subadmin2` (`code`, `country_code`, `subadmin1_code`, `name`, `active`) VALUES ('IR.26.9533737','IR','IR.26','{\"en\":\"Qods\"}',1);
INSERT INTO `__PREFIX__subadmin2` (`code`, `country_code`, `subadmin1_code`, `name`, `active`) VALUES ('IR.26.9533739','IR','IR.26','{\"en\":\"Shahrestān-e Bahārestān\"}',1);
INSERT INTO `__PREFIX__subadmin2` (`code`, `country_code`, `subadmin1_code`, `name`, `active`) VALUES ('IR.26.9533740','IR','IR.26','{\"en\":\"Shahrestān-e Eslāmshahr\"}',1);
INSERT INTO `__PREFIX__subadmin2` (`code`, `country_code`, `subadmin1_code`, `name`, `active`) VALUES ('IR.26.9533741','IR','IR.26','{\"en\":\"Shahrestān-e Pīshvā\"}',1);
INSERT INTO `__PREFIX__subadmin2` (`code`, `country_code`, `subadmin1_code`, `name`, `active`) VALUES ('IR.40.9533896','IR','IR.40','{\"en\":\"Shahrestān-e Behābād\"}',1);
INSERT INTO `__PREFIX__subadmin2` (`code`, `country_code`, `subadmin1_code`, `name`, `active`) VALUES ('IR.41.9534259','IR','IR.41','{\"en\":\"Shahrestān-e Khūsf\"}',1);
INSERT INTO `__PREFIX__subadmin2` (`code`, `country_code`, `subadmin1_code`, `name`, `active`) VALUES ('IR.41.9534260','IR','IR.41','{\"en\":\"Shahrestān-e Zīrkūh\"}',1);
INSERT INTO `__PREFIX__subadmin2` (`code`, `country_code`, `subadmin1_code`, `name`, `active`) VALUES ('IR.23.11962671','IR','IR.23','{\"en\":\"Rumeshkhan County\"}',1);
INSERT INTO `__PREFIX__subadmin2` (`code`, `country_code`, `subadmin1_code`, `name`, `active`) VALUES ('IR.35.11962672','IR','IR.35','{\"en\":\"Simorgh County\"}',1);
INSERT INTO `__PREFIX__subadmin2` (`code`, `country_code`, `subadmin1_code`, `name`, `active`) VALUES ('IR.28.11962673','IR','IR.28','{\"en\":\"Buin va Miandasht\"}',1);
INSERT INTO `__PREFIX__subadmin2` (`code`, `country_code`, `subadmin1_code`, `name`, `active`) VALUES ('IR.44.11963420','IR','IR.44','{\"en\":\"Fardis\"}',1);
INSERT INTO `__PREFIX__subadmin2` (`code`, `country_code`, `subadmin1_code`, `name`, `active`) VALUES ('IR.10.11963421','IR','IR.10','{\"en\":\"Chardavol County\"}',1);
INSERT INTO `__PREFIX__subadmin2` (`code`, `country_code`, `subadmin1_code`, `name`, `active`) VALUES ('IR.10.11963422','IR','IR.10','{\"en\":\"Sirvan\"}',1);
INSERT INTO `__PREFIX__subadmin2` (`code`, `country_code`, `subadmin1_code`, `name`, `active`) VALUES ('IR.26.11963423','IR','IR.26','{\"en\":\"Pardis\"}',1);
INSERT INTO `__PREFIX__subadmin2` (`code`, `country_code`, `subadmin1_code`, `name`, `active`) VALUES ('IR.26.11963424','IR','IR.26','{\"en\":\"Qarchak\"}',1);
INSERT INTO `__PREFIX__subadmin2` (`code`, `country_code`, `subadmin1_code`, `name`, `active`) VALUES ('IR.03.11963425','IR','IR.03','{\"en\":\"Ben\"}',1);
INSERT INTO `__PREFIX__subadmin2` (`code`, `country_code`, `subadmin1_code`, `name`, `active`) VALUES ('IR.03.11963426','IR','IR.03','{\"en\":\"Saman\"}',1);
INSERT INTO `__PREFIX__subadmin2` (`code`, `country_code`, `subadmin1_code`, `name`, `active`) VALUES ('IR.41.11963427','IR','IR.41','{\"en\":\"Tabas\"}',1);
INSERT INTO `__PREFIX__subadmin2` (`code`, `country_code`, `subadmin1_code`, `name`, `active`) VALUES ('IR.43.11963428','IR','IR.43','{\"en\":\"Raz and Jargalan\"}',1);
INSERT INTO `__PREFIX__subadmin2` (`code`, `country_code`, `subadmin1_code`, `name`, `active`) VALUES ('IR.15.11963429','IR','IR.15','{\"en\":\"Aghajari\"}',1);
INSERT INTO `__PREFIX__subadmin2` (`code`, `country_code`, `subadmin1_code`, `name`, `active`) VALUES ('IR.15.11963430','IR','IR.15','{\"en\":\"Hamidiyeh\"}',1);
INSERT INTO `__PREFIX__subadmin2` (`code`, `country_code`, `subadmin1_code`, `name`, `active`) VALUES ('IR.15.11963434','IR','IR.15','{\"en\":\"Karun\"}',1);
INSERT INTO `__PREFIX__subadmin2` (`code`, `country_code`, `subadmin1_code`, `name`, `active`) VALUES ('IR.36.11963463','IR','IR.36','{\"en\":\"Soltaniyeh\"}',1);
INSERT INTO `__PREFIX__subadmin2` (`code`, `country_code`, `subadmin1_code`, `name`, `active`) VALUES ('IR.04.11963510','IR','IR.04','{\"en\":\"Qaser-e Qand\"}',1);
INSERT INTO `__PREFIX__subadmin2` (`code`, `country_code`, `subadmin1_code`, `name`, `active`) VALUES ('IR.04.11963514','IR','IR.04','{\"en\":\"Mirjaveh\"}',1);
INSERT INTO `__PREFIX__subadmin2` (`code`, `country_code`, `subadmin1_code`, `name`, `active`) VALUES ('IR.04.11963516','IR','IR.04','{\"en\":\"Nimruz\"}',1);
INSERT INTO `__PREFIX__subadmin2` (`code`, `country_code`, `subadmin1_code`, `name`, `active`) VALUES ('IR.04.11963518','IR','IR.04','{\"en\":\"Hamoon\"}',1);
INSERT INTO `__PREFIX__subadmin2` (`code`, `country_code`, `subadmin1_code`, `name`, `active`) VALUES ('IR.38.11963519','IR','IR.38','{\"en\":\"Avaj\"}',1);
INSERT INTO `__PREFIX__subadmin2` (`code`, `country_code`, `subadmin1_code`, `name`, `active`) VALUES ('IR.05.11963520','IR','IR.05','{\"en\":\"Landeh\"}',1);
INSERT INTO `__PREFIX__subadmin2` (`code`, `country_code`, `subadmin1_code`, `name`, `active`) VALUES ('IR.38.11963561','IR','IR.38','{\"en\":\"Alborz\"}',1);
INSERT INTO `__PREFIX__subadmin2` (`code`, `country_code`, `subadmin1_code`, `name`, `active`) VALUES ('IR.04.11963562','IR','IR.04','{\"en\":\"Fanuj\"}',1);
/*!40000 ALTER TABLE `__PREFIX__subadmin2` ENABLE KEYS */;

--
-- Dumping data for table `__PREFIX__cities`
--

/*!40000 ALTER TABLE `__PREFIX__cities` DISABLE KEYS */;
INSERT INTO `__PREFIX__cities` (`country_code`, `name`, `longitude`, `latitude`, `feature_class`, `feature_code`, `subadmin1_code`, `subadmin2_code`, `population`, `time_zone`, `active`, `created_at`, `updated_at`) VALUES ('IR','{\"en\":\"Alvand\"}',50.06,36.19,'P','PPLA2','IR.38','IR.38.11963561',90000,'Asia/Tehran',1,'2018-11-06 23:00:00','2018-11-06 23:00:00');
INSERT INTO `__PREFIX__cities` (`country_code`, `name`, `longitude`, `latitude`, `feature_class`, `feature_code`, `subadmin1_code`, `subadmin2_code`, `population`, `time_zone`, `active`, `created_at`, `updated_at`) VALUES ('IR','{\"en\":\"Āzādshahr\"}',48.57,34.79,'P','PPL','IR.09',NULL,514102,'Asia/Tehran',1,'2016-08-01 23:00:00','2016-08-01 23:00:00');
INSERT INTO `__PREFIX__cities` (`country_code`, `name`, `longitude`, `latitude`, `feature_class`, `feature_code`, `subadmin1_code`, `subadmin2_code`, `population`, `time_zone`, `active`, `created_at`, `updated_at`) VALUES ('IR','{\"en\":\"Kahrīz\"}',47.06,34.38,'P','PPL','IR.13',NULL,766706,'Asia/Tehran',1,'2012-01-15 23:00:00','2012-01-15 23:00:00');
INSERT INTO `__PREFIX__cities` (`country_code`, `name`, `longitude`, `latitude`, `feature_class`, `feature_code`, `subadmin1_code`, `subadmin2_code`, `population`, `time_zone`, `active`, `created_at`, `updated_at`) VALUES ('IR','{\"en\":\"Nūrābād\"}',47.97,34.07,'P','PPLA2','IR.23',NULL,73528,'Asia/Tehran',1,'2014-09-03 23:00:00','2014-09-03 23:00:00');
INSERT INTO `__PREFIX__cities` (`country_code`, `name`, `longitude`, `latitude`, `feature_class`, `feature_code`, `subadmin1_code`, `subadmin2_code`, `population`, `time_zone`, `active`, `created_at`, `updated_at`) VALUES ('IR','{\"en\":\"Īstgāh-e Rāh Āhan-e Garmsār\"}',52.31,35.23,'P','PPL','IR.25',NULL,49491,'Asia/Tehran',1,'2013-01-08 23:00:00','2013-01-08 23:00:00');
INSERT INTO `__PREFIX__cities` (`country_code`, `name`, `longitude`, `latitude`, `feature_class`, `feature_code`, `subadmin1_code`, `subadmin2_code`, `population`, `time_zone`, `active`, `created_at`, `updated_at`) VALUES ('IR','{\"en\":\"Qarchak\"}',51.58,35.43,'P','PPL','IR.26',NULL,251834,'Asia/Tehran',1,'2012-12-03 23:00:00','2012-12-03 23:00:00');
INSERT INTO `__PREFIX__cities` (`country_code`, `name`, `longitude`, `latitude`, `feature_class`, `feature_code`, `subadmin1_code`, `subadmin2_code`, `population`, `time_zone`, `active`, `created_at`, `updated_at`) VALUES ('IR','{\"en\":\"Shahrak-e Emām Ḩasan\"}',51.35,35.49,'P','PPL','IR.26',NULL,5394,'Asia/Tehran',1,'2017-03-03 23:00:00','2017-03-03 23:00:00');
INSERT INTO `__PREFIX__cities` (`country_code`, `name`, `longitude`, `latitude`, `feature_class`, `feature_code`, `subadmin1_code`, `subadmin2_code`, `population`, `time_zone`, `active`, `created_at`, `updated_at`) VALUES ('IR','{\"en\":\"Shahre Jadide Andisheh\"}',51.02,35.68,'P','PPL','IR.26',NULL,80000,'Asia/Tehran',1,'2012-08-21 23:00:00','2012-08-21 23:00:00');
INSERT INTO `__PREFIX__cities` (`country_code`, `name`, `longitude`, `latitude`, `feature_class`, `feature_code`, `subadmin1_code`, `subadmin2_code`, `population`, `time_zone`, `active`, `created_at`, `updated_at`) VALUES ('IR','{\"en\":\"Āq Qāyeh\"}',55.16,37.27,'P','PPL','IR.37',NULL,5114,'Asia/Tehran',1,'2013-05-04 23:00:00','2013-05-04 23:00:00');
INSERT INTO `__PREFIX__cities` (`country_code`, `name`, `longitude`, `latitude`, `feature_class`, `feature_code`, `subadmin1_code`, `subadmin2_code`, `population`, `time_zone`, `active`, `created_at`, `updated_at`) VALUES ('IR','{\"en\":\"Khorramdarreh\"}',49.20,36.21,'P','PPLA2','IR.36',NULL,50528,'Asia/Tehran',1,'2018-05-02 23:00:00','2018-05-02 23:00:00');
INSERT INTO `__PREFIX__cities` (`country_code`, `name`, `longitude`, `latitude`, `feature_class`, `feature_code`, `subadmin1_code`, `subadmin2_code`, `population`, `time_zone`, `active`, `created_at`, `updated_at`) VALUES ('IR','{\"en\":\"Pādegān-e Manjīl\"}',49.42,36.74,'P','PPL','IR.08','IR.08.449655',17396,'Asia/Tehran',1,'2017-12-11 23:00:00','2017-12-11 23:00:00');
INSERT INTO `__PREFIX__cities` (`country_code`, `name`, `longitude`, `latitude`, `feature_class`, `feature_code`, `subadmin1_code`, `subadmin2_code`, `population`, `time_zone`, `active`, `created_at`, `updated_at`) VALUES ('IR','{\"en\":\"Yasuj\"}',51.59,30.67,'P','PPLA','IR.05',NULL,96786,'Asia/Tehran',1,'2013-11-09 23:00:00','2013-11-09 23:00:00');
INSERT INTO `__PREFIX__cities` (`country_code`, `name`, `longitude`, `latitude`, `feature_class`, `feature_code`, `subadmin1_code`, `subadmin2_code`, `population`, `time_zone`, `active`, `created_at`, `updated_at`) VALUES ('IR','{\"en\":\"Āzādshahr\"}',55.17,37.09,'P','PPLA2','IR.37',NULL,47590,'Asia/Tehran',1,'2016-05-06 23:00:00','2016-05-06 23:00:00');
INSERT INTO `__PREFIX__cities` (`country_code`, `name`, `longitude`, `latitude`, `feature_class`, `feature_code`, `subadmin1_code`, `subadmin2_code`, `population`, `time_zone`, `active`, `created_at`, `updated_at`) VALUES ('IR','{\"en\":\"Zarand\"}',56.56,30.81,'P','PPLA2','IR.29',NULL,58983,'Asia/Tehran',1,'2014-09-03 23:00:00','2014-09-03 23:00:00');
INSERT INTO `__PREFIX__cities` (`country_code`, `name`, `longitude`, `latitude`, `feature_class`, `feature_code`, `subadmin1_code`, `subadmin2_code`, `population`, `time_zone`, `active`, `created_at`, `updated_at`) VALUES ('IR','{\"en\":\"Zanjān\"}',48.50,36.68,'P','PPLA','IR.36',NULL,357471,'Asia/Tehran',1,'2017-02-07 23:00:00','2017-02-07 23:00:00');
INSERT INTO `__PREFIX__cities` (`country_code`, `name`, `longitude`, `latitude`, `feature_class`, `feature_code`, `subadmin1_code`, `subadmin2_code`, `population`, `time_zone`, `active`, `created_at`, `updated_at`) VALUES ('IR','{\"en\":\"Yazd\"}',54.37,31.90,'P','PPLA','IR.40',NULL,477905,'Asia/Tehran',1,'2021-07-28 23:00:00','2021-07-28 23:00:00');
INSERT INTO `__PREFIX__cities` (`country_code`, `name`, `longitude`, `latitude`, `feature_class`, `feature_code`, `subadmin1_code`, `subadmin2_code`, `population`, `time_zone`, `active`, `created_at`, `updated_at`) VALUES ('IR','{\"en\":\"Varāmīn\"}',51.65,35.32,'P','PPLA2','IR.26',NULL,179603,'Asia/Tehran',1,'2014-09-03 23:00:00','2014-09-03 23:00:00');
INSERT INTO `__PREFIX__cities` (`country_code`, `name`, `longitude`, `latitude`, `feature_class`, `feature_code`, `subadmin1_code`, `subadmin2_code`, `population`, `time_zone`, `active`, `created_at`, `updated_at`) VALUES ('IR','{\"en\":\"Torbat-e Ḩeydarīyeh\"}',59.22,35.27,'P','PPLA2','IR.42',NULL,125633,'Asia/Tehran',1,'2020-06-09 23:00:00','2020-06-09 23:00:00');
INSERT INTO `__PREFIX__cities` (`country_code`, `name`, `longitude`, `latitude`, `feature_class`, `feature_code`, `subadmin1_code`, `subadmin2_code`, `population`, `time_zone`, `active`, `created_at`, `updated_at`) VALUES ('IR','{\"en\":\"Tonekābon\"}',50.87,36.82,'P','PPLA2','IR.35',NULL,37501,'Asia/Tehran',1,'2014-09-03 23:00:00','2014-09-03 23:00:00');
INSERT INTO `__PREFIX__cities` (`country_code`, `name`, `longitude`, `latitude`, `feature_class`, `feature_code`, `subadmin1_code`, `subadmin2_code`, `population`, `time_zone`, `active`, `created_at`, `updated_at`) VALUES ('IR','{\"en\":\"Tehran\"}',51.42,35.69,'P','PPLC','IR.26',NULL,7153309,'Asia/Tehran',1,'2015-10-02 23:00:00','2015-10-02 23:00:00');
INSERT INTO `__PREFIX__cities` (`country_code`, `name`, `longitude`, `latitude`, `feature_class`, `feature_code`, `subadmin1_code`, `subadmin2_code`, `population`, `time_zone`, `active`, `created_at`, `updated_at`) VALUES ('IR','{\"en\":\"Hashtpar\"}',48.91,37.80,'P','PPLA2','IR.08',NULL,45305,'Asia/Tehran',1,'2016-05-06 23:00:00','2016-05-06 23:00:00');
INSERT INTO `__PREFIX__cities` (`country_code`, `name`, `longitude`, `latitude`, `feature_class`, `feature_code`, `subadmin1_code`, `subadmin2_code`, `population`, `time_zone`, `active`, `created_at`, `updated_at`) VALUES ('IR','{\"en\":\"Tākestān\"}',49.70,36.07,'P','PPLA2','IR.38',NULL,71499,'Asia/Tehran',1,'2020-06-09 23:00:00','2020-06-09 23:00:00');
INSERT INTO `__PREFIX__cities` (`country_code`, `name`, `longitude`, `latitude`, `feature_class`, `feature_code`, `subadmin1_code`, `subadmin2_code`, `population`, `time_zone`, `active`, `created_at`, `updated_at`) VALUES ('IR','{\"en\":\"Takāb\"}',47.11,36.40,'P','PPLA2','IR.01',NULL,51541,'Asia/Tehran',1,'2020-06-09 23:00:00','2020-06-09 23:00:00');
INSERT INTO `__PREFIX__cities` (`country_code`, `name`, `longitude`, `latitude`, `feature_class`, `feature_code`, `subadmin1_code`, `subadmin2_code`, `population`, `time_zone`, `active`, `created_at`, `updated_at`) VALUES ('IR','{\"en\":\"Taft\"}',54.20,31.74,'P','PPL','IR.40',NULL,19394,'Asia/Tehran',1,'2013-10-03 23:00:00','2013-10-03 23:00:00');
INSERT INTO `__PREFIX__cities` (`country_code`, `name`, `longitude`, `latitude`, `feature_class`, `feature_code`, `subadmin1_code`, `subadmin2_code`, `population`, `time_zone`, `active`, `created_at`, `updated_at`) VALUES ('IR','{\"en\":\"Tafresh\"}',50.02,34.69,'P','PPLA2','IR.34',NULL,14399,'Asia/Tehran',1,'2014-09-03 23:00:00','2014-09-03 23:00:00');
INSERT INTO `__PREFIX__cities` (`country_code`, `name`, `longitude`, `latitude`, `feature_class`, `feature_code`, `subadmin1_code`, `subadmin2_code`, `population`, `time_zone`, `active`, `created_at`, `updated_at`) VALUES ('IR','{\"en\":\"Tabriz\"}',46.29,38.08,'P','PPLA','IR.33',NULL,1424641,'Asia/Tehran',1,'2019-09-04 23:00:00','2019-09-04 23:00:00');
INSERT INTO `__PREFIX__cities` (`country_code`, `name`, `longitude`, `latitude`, `feature_class`, `feature_code`, `subadmin1_code`, `subadmin2_code`, `population`, `time_zone`, `active`, `created_at`, `updated_at`) VALUES ('IR','{\"en\":\"Tabas\"}',56.92,33.60,'P','PPL','IR.40',NULL,49993,'Asia/Tehran',1,'2013-10-22 23:00:00','2013-10-22 23:00:00');
INSERT INTO `__PREFIX__cities` (`country_code`, `name`, `longitude`, `latitude`, `feature_class`, `feature_code`, `subadmin1_code`, `subadmin2_code`, `population`, `time_zone`, `active`, `created_at`, `updated_at`) VALUES ('IR','{\"en\":\"Sonqor\"}',47.60,34.78,'P','PPLA2','IR.13',NULL,43174,'Asia/Tehran',1,'2017-03-03 23:00:00','2017-03-03 23:00:00');
INSERT INTO `__PREFIX__cities` (`country_code`, `name`, `longitude`, `latitude`, `feature_class`, `feature_code`, `subadmin1_code`, `subadmin2_code`, `population`, `time_zone`, `active`, `created_at`, `updated_at`) VALUES ('IR','{\"en\":\"Sirjan\"}',55.68,29.45,'P','PPL','IR.29',NULL,207645,'Asia/Tehran',1,'2014-05-27 23:00:00','2014-05-27 23:00:00');
INSERT INTO `__PREFIX__cities` (`country_code`, `name`, `longitude`, `latitude`, `feature_class`, `feature_code`, `subadmin1_code`, `subadmin2_code`, `population`, `time_zone`, `active`, `created_at`, `updated_at`) VALUES ('IR','{\"en\":\"Shūshtar\"}',48.85,32.05,'P','PPLA2','IR.15',NULL,77507,'Asia/Tehran',1,'2020-06-09 23:00:00','2020-06-09 23:00:00');
INSERT INTO `__PREFIX__cities` (`country_code`, `name`, `longitude`, `latitude`, `feature_class`, `feature_code`, `subadmin1_code`, `subadmin2_code`, `population`, `time_zone`, `active`, `created_at`, `updated_at`) VALUES ('IR','{\"en\":\"Shūsh\"}',48.24,32.19,'P','PPLA2','IR.15',NULL,52284,'Asia/Tehran',1,'2020-06-09 23:00:00','2020-06-09 23:00:00');
INSERT INTO `__PREFIX__cities` (`country_code`, `name`, `longitude`, `latitude`, `feature_class`, `feature_code`, `subadmin1_code`, `subadmin2_code`, `population`, `time_zone`, `active`, `created_at`, `updated_at`) VALUES ('IR','{\"en\":\"Shīrvān\"}',57.93,37.40,'P','PPLA2','IR.43',NULL,82790,'Asia/Tehran',1,'2015-07-02 23:00:00','2015-07-02 23:00:00');
INSERT INTO `__PREFIX__cities` (`country_code`, `name`, `longitude`, `latitude`, `feature_class`, `feature_code`, `subadmin1_code`, `subadmin2_code`, `population`, `time_zone`, `active`, `created_at`, `updated_at`) VALUES ('IR','{\"en\":\"Shiraz\"}',52.53,29.61,'P','PPLA','IR.07',NULL,1249942,'Asia/Tehran',1,'2019-09-04 23:00:00','2019-09-04 23:00:00');
INSERT INTO `__PREFIX__cities` (`country_code`, `name`, `longitude`, `latitude`, `feature_class`, `feature_code`, `subadmin1_code`, `subadmin2_code`, `population`, `time_zone`, `active`, `created_at`, `updated_at`) VALUES ('IR','{\"en\":\"Sharīfābād\"}',51.79,35.43,'P','PPL','IR.26',NULL,8870,'Asia/Tehran',1,'2013-05-04 23:00:00','2013-05-04 23:00:00');
INSERT INTO `__PREFIX__cities` (`country_code`, `name`, `longitude`, `latitude`, `feature_class`, `feature_code`, `subadmin1_code`, `subadmin2_code`, `population`, `time_zone`, `active`, `created_at`, `updated_at`) VALUES ('IR','{\"en\":\"Shahr-e Kord\"}',50.86,32.33,'P','PPLA','IR.03',NULL,129153,'Asia/Tehran',1,'2019-03-06 23:00:00','2019-03-06 23:00:00');
INSERT INTO `__PREFIX__cities` (`country_code`, `name`, `longitude`, `latitude`, `feature_class`, `feature_code`, `subadmin1_code`, `subadmin2_code`, `population`, `time_zone`, `active`, `created_at`, `updated_at`) VALUES ('IR','{\"en\":\"Shahr-e Bābak\"}',55.12,30.12,'P','PPLA2','IR.29',NULL,52409,'Asia/Tehran',1,'2014-09-03 23:00:00','2014-09-03 23:00:00');
INSERT INTO `__PREFIX__cities` (`country_code`, `name`, `longitude`, `latitude`, `feature_class`, `feature_code`, `subadmin1_code`, `subadmin2_code`, `population`, `time_zone`, `active`, `created_at`, `updated_at`) VALUES ('IR','{\"en\":\"Shādegān\"}',48.66,30.65,'P','PPLA2','IR.15',NULL,37220,'Asia/Tehran',1,'2020-06-09 23:00:00','2020-06-09 23:00:00');
INSERT INTO `__PREFIX__cities` (`country_code`, `name`, `longitude`, `latitude`, `feature_class`, `feature_code`, `subadmin1_code`, `subadmin2_code`, `population`, `time_zone`, `active`, `created_at`, `updated_at`) VALUES ('IR','{\"en\":\"Semnan\"}',53.39,35.58,'P','PPLA','IR.25',NULL,124826,'Asia/Tehran',1,'2018-11-02 23:00:00','2018-11-02 23:00:00');
INSERT INTO `__PREFIX__cities` (`country_code`, `name`, `longitude`, `latitude`, `feature_class`, `feature_code`, `subadmin1_code`, `subadmin2_code`, `population`, `time_zone`, `active`, `created_at`, `updated_at`) VALUES ('IR','{\"en\":\"Semīrom\"}',51.57,31.42,'P','PPL','IR.28',NULL,27220,'Asia/Tehran',1,'2017-10-26 23:00:00','2017-10-26 23:00:00');
INSERT INTO `__PREFIX__cities` (`country_code`, `name`, `longitude`, `latitude`, `feature_class`, `feature_code`, `subadmin1_code`, `subadmin2_code`, `population`, `time_zone`, `active`, `created_at`, `updated_at`) VALUES ('IR','{\"en\":\"Sāveh\"}',50.36,35.02,'P','PPLA2','IR.34',NULL,175533,'Asia/Tehran',1,'2014-09-03 23:00:00','2014-09-03 23:00:00');
INSERT INTO `__PREFIX__cities` (`country_code`, `name`, `longitude`, `latitude`, `feature_class`, `feature_code`, `subadmin1_code`, `subadmin2_code`, `population`, `time_zone`, `active`, `created_at`, `updated_at`) VALUES ('IR','{\"en\":\"Sari\"}',53.06,36.56,'P','PPLA','IR.35',NULL,255396,'Asia/Tehran',1,'2013-05-11 23:00:00','2013-05-11 23:00:00');
INSERT INTO `__PREFIX__cities` (`country_code`, `name`, `longitude`, `latitude`, `feature_class`, `feature_code`, `subadmin1_code`, `subadmin2_code`, `population`, `time_zone`, `active`, `created_at`, `updated_at`) VALUES ('IR','{\"en\":\"Saqqez\"}',46.27,36.25,'P','PPL','IR.16',NULL,151237,'Asia/Tehran',1,'2009-03-02 23:00:00','2009-03-02 23:00:00');
INSERT INTO `__PREFIX__cities` (`country_code`, `name`, `longitude`, `latitude`, `feature_class`, `feature_code`, `subadmin1_code`, `subadmin2_code`, `population`, `time_zone`, `active`, `created_at`, `updated_at`) VALUES ('IR','{\"en\":\"Sanandaj\"}',47.00,35.31,'P','PPLA','IR.16',NULL,349176,'Asia/Tehran',1,'2019-09-04 23:00:00','2019-09-04 23:00:00');
INSERT INTO `__PREFIX__cities` (`country_code`, `name`, `longitude`, `latitude`, `feature_class`, `feature_code`, `subadmin1_code`, `subadmin2_code`, `population`, `time_zone`, `active`, `created_at`, `updated_at`) VALUES ('IR','{\"en\":\"Salmās\"}',44.77,38.20,'P','PPLA2','IR.01',NULL,81606,'Asia/Tehran',1,'2020-06-09 23:00:00','2020-06-09 23:00:00');
INSERT INTO `__PREFIX__cities` (`country_code`, `name`, `longitude`, `latitude`, `feature_class`, `feature_code`, `subadmin1_code`, `subadmin2_code`, `population`, `time_zone`, `active`, `created_at`, `updated_at`) VALUES ('IR','{\"en\":\"Shāhīn Dezh\"}',46.57,36.68,'P','PPLA2','IR.01',NULL,41442,'Asia/Tehran',1,'2020-06-09 23:00:00','2020-06-09 23:00:00');
INSERT INTO `__PREFIX__cities` (`country_code`, `name`, `longitude`, `latitude`, `feature_class`, `feature_code`, `subadmin1_code`, `subadmin2_code`, `population`, `time_zone`, `active`, `created_at`, `updated_at`) VALUES ('IR','{\"en\":\"Sabzevar\"}',57.68,36.21,'P','PPL','IR.42',NULL,226183,'Asia/Tehran',1,'2014-05-27 23:00:00','2014-05-27 23:00:00');
INSERT INTO `__PREFIX__cities` (`country_code`, `name`, `longitude`, `latitude`, `feature_class`, `feature_code`, `subadmin1_code`, `subadmin2_code`, `population`, `time_zone`, `active`, `created_at`, `updated_at`) VALUES ('IR','{\"en\":\"Rūdsar\"}',50.29,37.14,'P','PPLA2','IR.08',NULL,47502,'Asia/Tehran',1,'2018-01-08 23:00:00','2018-01-08 23:00:00');
INSERT INTO `__PREFIX__cities` (`country_code`, `name`, `longitude`, `latitude`, `feature_class`, `feature_code`, `subadmin1_code`, `subadmin2_code`, `population`, `time_zone`, `active`, `created_at`, `updated_at`) VALUES ('IR','{\"en\":\"Robāţ Karīm\"}',51.08,35.48,'P','PPLA2','IR.26',NULL,62753,'Asia/Tehran',1,'2020-06-09 23:00:00','2020-06-09 23:00:00');
INSERT INTO `__PREFIX__cities` (`country_code`, `name`, `longitude`, `latitude`, `feature_class`, `feature_code`, `subadmin1_code`, `subadmin2_code`, `population`, `time_zone`, `active`, `created_at`, `updated_at`) VALUES ('IR','{\"en\":\"Rāvar\"}',56.81,31.27,'P','PPLA2','IR.29',NULL,40167,'Asia/Tehran',1,'2014-09-03 23:00:00','2014-09-03 23:00:00');
INSERT INTO `__PREFIX__cities` (`country_code`, `name`, `longitude`, `latitude`, `feature_class`, `feature_code`, `subadmin1_code`, `subadmin2_code`, `population`, `time_zone`, `active`, `created_at`, `updated_at`) VALUES ('IR','{\"en\":\"Rasht\"}',49.59,37.28,'P','PPLA','IR.08',NULL,594590,'Asia/Tehran',1,'2019-02-26 23:00:00','2019-02-26 23:00:00');
INSERT INTO `__PREFIX__cities` (`country_code`, `name`, `longitude`, `latitude`, `feature_class`, `feature_code`, `subadmin1_code`, `subadmin2_code`, `population`, `time_zone`, `active`, `created_at`, `updated_at`) VALUES ('IR','{\"en\":\"Rāmshīr\"}',49.41,30.89,'P','PPLA2','IR.15',NULL,19454,'Asia/Tehran',1,'2020-06-09 23:00:00','2020-06-09 23:00:00');
INSERT INTO `__PREFIX__cities` (`country_code`, `name`, `longitude`, `latitude`, `feature_class`, `feature_code`, `subadmin1_code`, `subadmin2_code`, `population`, `time_zone`, `active`, `created_at`, `updated_at`) VALUES ('IR','{\"en\":\"Rāmhormoz\"}',49.60,31.28,'P','PPLA2','IR.15',NULL,38821,'Asia/Tehran',1,'2014-09-03 23:00:00','2014-09-03 23:00:00');
INSERT INTO `__PREFIX__cities` (`country_code`, `name`, `longitude`, `latitude`, `feature_class`, `feature_code`, `subadmin1_code`, `subadmin2_code`, `population`, `time_zone`, `active`, `created_at`, `updated_at`) VALUES ('IR','{\"en\":\"Rafsanjān\"}',55.99,30.41,'P','PPLA2','IR.29',NULL,147680,'Asia/Tehran',1,'2017-02-07 23:00:00','2017-02-07 23:00:00');
INSERT INTO `__PREFIX__cities` (`country_code`, `name`, `longitude`, `latitude`, `feature_class`, `feature_code`, `subadmin1_code`, `subadmin2_code`, `population`, `time_zone`, `active`, `created_at`, `updated_at`) VALUES ('IR','{\"en\":\"Qūchān\"}',58.51,37.11,'P','PPLA2','IR.42',NULL,111752,'Asia/Tehran',1,'2020-06-09 23:00:00','2020-06-09 23:00:00');
INSERT INTO `__PREFIX__cities` (`country_code`, `name`, `longitude`, `latitude`, `feature_class`, `feature_code`, `subadmin1_code`, `subadmin2_code`, `population`, `time_zone`, `active`, `created_at`, `updated_at`) VALUES ('IR','{\"en\":\"Qorveh\"}',47.81,35.17,'P','PPLA2','IR.16',NULL,87953,'Asia/Tehran',1,'2017-03-03 23:00:00','2017-03-03 23:00:00');
INSERT INTO `__PREFIX__cities` (`country_code`, `name`, `longitude`, `latitude`, `feature_class`, `feature_code`, `subadmin1_code`, `subadmin2_code`, `population`, `time_zone`, `active`, `created_at`, `updated_at`) VALUES ('IR','{\"en\":\"Qom\"}',50.88,34.64,'P','PPLA','IR.39',NULL,900000,'Asia/Tehran',1,'2019-09-04 23:00:00','2019-09-04 23:00:00');
INSERT INTO `__PREFIX__cities` (`country_code`, `name`, `longitude`, `latitude`, `feature_class`, `feature_code`, `subadmin1_code`, `subadmin2_code`, `population`, `time_zone`, `active`, `created_at`, `updated_at`) VALUES ('IR','{\"en\":\"Qeshm\"}',56.27,26.95,'P','PPLA2','IR.11','IR.11.449706',25000,'Asia/Tehran',1,'2013-11-26 23:00:00','2013-11-26 23:00:00');
INSERT INTO `__PREFIX__cities` (`country_code`, `name`, `longitude`, `latitude`, `feature_class`, `feature_code`, `subadmin1_code`, `subadmin2_code`, `population`, `time_zone`, `active`, `created_at`, `updated_at`) VALUES ('IR','{\"en\":\"Qazvin\"}',50.00,36.27,'P','PPLA','IR.38',NULL,333635,'Asia/Tehran',1,'2013-05-15 23:00:00','2013-05-15 23:00:00');
INSERT INTO `__PREFIX__cities` (`country_code`, `name`, `longitude`, `latitude`, `feature_class`, `feature_code`, `subadmin1_code`, `subadmin2_code`, `population`, `time_zone`, `active`, `created_at`, `updated_at`) VALUES ('IR','{\"en\":\"Qarah Ẕīā’ od Dīn\"}',45.03,38.89,'P','PPLA2','IR.01',NULL,31947,'Asia/Tehran',1,'2020-06-09 23:00:00','2020-06-09 23:00:00');
INSERT INTO `__PREFIX__cities` (`country_code`, `name`, `longitude`, `latitude`, `feature_class`, `feature_code`, `subadmin1_code`, `subadmin2_code`, `population`, `time_zone`, `active`, `created_at`, `updated_at`) VALUES ('IR','{\"en\":\"Farrokh Shahr\"}',50.98,32.27,'P','PPL','IR.03',NULL,32391,'Asia/Tehran',1,'2012-01-15 23:00:00','2012-01-15 23:00:00');
INSERT INTO `__PREFIX__cities` (`country_code`, `name`, `longitude`, `latitude`, `feature_class`, `feature_code`, `subadmin1_code`, `subadmin2_code`, `population`, `time_zone`, `active`, `created_at`, `updated_at`) VALUES ('IR','{\"en\":\"Qā’en\"}',59.18,33.73,'P','PPLA2','IR.41',NULL,40157,'Asia/Tehran',1,'2014-09-03 23:00:00','2014-09-03 23:00:00');
INSERT INTO `__PREFIX__cities` (`country_code`, `name`, `longitude`, `latitude`, `feature_class`, `feature_code`, `subadmin1_code`, `subadmin2_code`, `population`, `time_zone`, `active`, `created_at`, `updated_at`) VALUES ('IR','{\"en\":\"Sarpol-e Z̄ahāb\"}',45.86,34.46,'P','PPLA2','IR.13',NULL,51611,'Asia/Tehran',1,'2020-06-09 23:00:00','2020-06-09 23:00:00');
INSERT INTO `__PREFIX__cities` (`country_code`, `name`, `longitude`, `latitude`, `feature_class`, `feature_code`, `subadmin1_code`, `subadmin2_code`, `population`, `time_zone`, `active`, `created_at`, `updated_at`) VALUES ('IR','{\"en\":\"Pīshvā\"}',51.73,35.31,'P','PPLA2','IR.26',NULL,53856,'Asia/Tehran',1,'2014-09-03 23:00:00','2014-09-03 23:00:00');
INSERT INTO `__PREFIX__cities` (`country_code`, `name`, `longitude`, `latitude`, `feature_class`, `feature_code`, `subadmin1_code`, `subadmin2_code`, `population`, `time_zone`, `active`, `created_at`, `updated_at`) VALUES ('IR','{\"en\":\"Piranshahr\"}',45.14,36.70,'P','PPL','IR.01',NULL,61973,'Asia/Tehran',1,'2013-10-21 23:00:00','2013-10-21 23:00:00');
INSERT INTO `__PREFIX__cities` (`country_code`, `name`, `longitude`, `latitude`, `feature_class`, `feature_code`, `subadmin1_code`, `subadmin2_code`, `population`, `time_zone`, `active`, `created_at`, `updated_at`) VALUES ('IR','{\"en\":\"Pāveh\"}',46.36,35.04,'P','PPLA2','IR.13',NULL,17779,'Asia/Tehran',1,'2020-06-09 23:00:00','2020-06-09 23:00:00');
INSERT INTO `__PREFIX__cities` (`country_code`, `name`, `longitude`, `latitude`, `feature_class`, `feature_code`, `subadmin1_code`, `subadmin2_code`, `population`, `time_zone`, `active`, `created_at`, `updated_at`) VALUES ('IR','{\"en\":\"Pārsābād\"}',47.92,39.65,'P','PPLA2','IR.32',NULL,101661,'Asia/Tehran',1,'2017-02-07 23:00:00','2017-02-07 23:00:00');
INSERT INTO `__PREFIX__cities` (`country_code`, `name`, `longitude`, `latitude`, `feature_class`, `feature_code`, `subadmin1_code`, `subadmin2_code`, `population`, `time_zone`, `active`, `created_at`, `updated_at`) VALUES ('IR','{\"en\":\"Oshnavīyeh\"}',45.10,37.04,'P','PPLA2','IR.01',NULL,50661,'Asia/Tehran',1,'2020-06-09 23:00:00','2020-06-09 23:00:00');
INSERT INTO `__PREFIX__cities` (`country_code`, `name`, `longitude`, `latitude`, `feature_class`, `feature_code`, `subadmin1_code`, `subadmin2_code`, `population`, `time_zone`, `active`, `created_at`, `updated_at`) VALUES ('IR','{\"en\":\"Orūmīyeh\"}',45.08,37.55,'P','PPLA','IR.01',NULL,577307,'Asia/Tehran',1,'2016-12-20 23:00:00','2016-12-20 23:00:00');
INSERT INTO `__PREFIX__cities` (`country_code`, `name`, `longitude`, `latitude`, `feature_class`, `feature_code`, `subadmin1_code`, `subadmin2_code`, `population`, `time_zone`, `active`, `created_at`, `updated_at`) VALUES ('IR','{\"en\":\"Omīdīyeh\"}',49.70,30.76,'P','PPLA2','IR.15',NULL,46983,'Asia/Tehran',1,'2020-06-09 23:00:00','2020-06-09 23:00:00');
INSERT INTO `__PREFIX__cities` (`country_code`, `name`, `longitude`, `latitude`, `feature_class`, `feature_code`, `subadmin1_code`, `subadmin2_code`, `population`, `time_zone`, `active`, `created_at`, `updated_at`) VALUES ('IR','{\"en\":\"Nūrābād\"}',51.52,30.11,'P','PPLA2','IR.07',NULL,64041,'Asia/Tehran',1,'2014-09-03 23:00:00','2014-09-03 23:00:00');
INSERT INTO `__PREFIX__cities` (`country_code`, `name`, `longitude`, `latitude`, `feature_class`, `feature_code`, `subadmin1_code`, `subadmin2_code`, `population`, `time_zone`, `active`, `created_at`, `updated_at`) VALUES ('IR','{\"en\":\"Nowshahr\"}',51.50,36.65,'P','PPLA2','IR.35','IR.35.449688',40000,'Asia/Tehran',1,'2017-03-03 23:00:00','2017-03-03 23:00:00');
INSERT INTO `__PREFIX__cities` (`country_code`, `name`, `longitude`, `latitude`, `feature_class`, `feature_code`, `subadmin1_code`, `subadmin2_code`, `population`, `time_zone`, `active`, `created_at`, `updated_at`) VALUES ('IR','{\"en\":\"Neyshābūr\"}',58.80,36.21,'P','PPLA2','IR.42',NULL,220929,'Asia/Tehran',1,'2017-10-02 23:00:00','2017-10-02 23:00:00');
INSERT INTO `__PREFIX__cities` (`country_code`, `name`, `longitude`, `latitude`, `feature_class`, `feature_code`, `subadmin1_code`, `subadmin2_code`, `population`, `time_zone`, `active`, `created_at`, `updated_at`) VALUES ('IR','{\"en\":\"Neyrīz\"}',54.33,29.20,'P','PPLA2','IR.07',NULL,45506,'Asia/Tehran',1,'2014-09-03 23:00:00','2014-09-03 23:00:00');
INSERT INTO `__PREFIX__cities` (`country_code`, `name`, `longitude`, `latitude`, `feature_class`, `feature_code`, `subadmin1_code`, `subadmin2_code`, `population`, `time_zone`, `active`, `created_at`, `updated_at`) VALUES ('IR','{\"en\":\"Nekā\"}',53.30,36.65,'P','PPLA2','IR.35',NULL,48847,'Asia/Tehran',1,'2014-09-03 23:00:00','2014-09-03 23:00:00');
INSERT INTO `__PREFIX__cities` (`country_code`, `name`, `longitude`, `latitude`, `feature_class`, `feature_code`, `subadmin1_code`, `subadmin2_code`, `population`, `time_zone`, `active`, `created_at`, `updated_at`) VALUES ('IR','{\"en\":\"Naz̧arābād\"}',50.61,35.95,'P','PPLA2','IR.44',NULL,213388,'Asia/Tehran',1,'2014-09-03 23:00:00','2014-09-03 23:00:00');
INSERT INTO `__PREFIX__cities` (`country_code`, `name`, `longitude`, `latitude`, `feature_class`, `feature_code`, `subadmin1_code`, `subadmin2_code`, `population`, `time_zone`, `active`, `created_at`, `updated_at`) VALUES ('IR','{\"en\":\"Nashtārūd\"}',51.02,36.75,'P','PPL','IR.35',NULL,5837,'Asia/Tehran',1,'2020-06-09 23:00:00','2020-06-09 23:00:00');
INSERT INTO `__PREFIX__cities` (`country_code`, `name`, `longitude`, `latitude`, `feature_class`, `feature_code`, `subadmin1_code`, `subadmin2_code`, `population`, `time_zone`, `active`, `created_at`, `updated_at`) VALUES ('IR','{\"en\":\"Naqadeh\"}',45.39,36.96,'P','PPLA2','IR.01',NULL,73528,'Asia/Tehran',1,'2014-09-03 23:00:00','2014-09-03 23:00:00');
INSERT INTO `__PREFIX__cities` (`country_code`, `name`, `longitude`, `latitude`, `feature_class`, `feature_code`, `subadmin1_code`, `subadmin2_code`, `population`, `time_zone`, `active`, `created_at`, `updated_at`) VALUES ('IR','{\"en\":\"Nahāvand\"}',48.37,34.19,'P','PPLA2','IR.09',NULL,76250,'Asia/Tehran',1,'2016-08-01 23:00:00','2016-08-01 23:00:00');
INSERT INTO `__PREFIX__cities` (`country_code`, `name`, `longitude`, `latitude`, `feature_class`, `feature_code`, `subadmin1_code`, `subadmin2_code`, `population`, `time_zone`, `active`, `created_at`, `updated_at`) VALUES ('IR','{\"en\":\"Mohr\"}',52.88,27.56,'P','PPLA2','IR.07',NULL,35000,'Asia/Tehran',1,'2017-03-03 23:00:00','2017-03-03 23:00:00');
INSERT INTO `__PREFIX__cities` (`country_code`, `name`, `longitude`, `latitude`, `feature_class`, `feature_code`, `subadmin1_code`, `subadmin2_code`, `population`, `time_zone`, `active`, `created_at`, `updated_at`) VALUES ('IR','{\"en\":\"Mīnāb\"}',57.09,27.13,'P','PPLA2','IR.11',NULL,70790,'Asia/Tehran',1,'2014-09-03 23:00:00','2014-09-03 23:00:00');
INSERT INTO `__PREFIX__cities` (`country_code`, `name`, `longitude`, `latitude`, `feature_class`, `feature_code`, `subadmin1_code`, `subadmin2_code`, `population`, `time_zone`, `active`, `created_at`, `updated_at`) VALUES ('IR','{\"en\":\"Mīāndoāb\"}',46.11,36.97,'P','PPLA2','IR.01',NULL,132819,'Asia/Tehran',1,'2014-09-03 23:00:00','2014-09-03 23:00:00');
INSERT INTO `__PREFIX__cities` (`country_code`, `name`, `longitude`, `latitude`, `feature_class`, `feature_code`, `subadmin1_code`, `subadmin2_code`, `population`, `time_zone`, `active`, `created_at`, `updated_at`) VALUES ('IR','{\"en\":\"Meybod\"}',54.02,32.25,'P','PPLA2','IR.40',NULL,51874,'Asia/Tehran',1,'2018-05-07 23:00:00','2018-05-07 23:00:00');
INSERT INTO `__PREFIX__cities` (`country_code`, `name`, `longitude`, `latitude`, `feature_class`, `feature_code`, `subadmin1_code`, `subadmin2_code`, `population`, `time_zone`, `active`, `created_at`, `updated_at`) VALUES ('IR','{\"en\":\"Mahrīz\"}',54.44,31.58,'P','PPLX','IR.40',NULL,36720,'Asia/Tehran',1,'2013-10-03 23:00:00','2013-10-03 23:00:00');
INSERT INTO `__PREFIX__cities` (`country_code`, `name`, `longitude`, `latitude`, `feature_class`, `feature_code`, `subadmin1_code`, `subadmin2_code`, `population`, `time_zone`, `active`, `created_at`, `updated_at`) VALUES ('IR','{\"en\":\"Mehrān\"}',46.16,33.12,'P','PPLA2','IR.10',NULL,11831,'Asia/Tehran',1,'2014-09-03 23:00:00','2014-09-03 23:00:00');
INSERT INTO `__PREFIX__cities` (`country_code`, `name`, `longitude`, `latitude`, `feature_class`, `feature_code`, `subadmin1_code`, `subadmin2_code`, `population`, `time_zone`, `active`, `created_at`, `updated_at`) VALUES ('IR','{\"en\":\"Masjed Soleymān\"}',49.30,31.94,'P','PPLA2','IR.15',NULL,111510,'Asia/Tehran',1,'2020-06-09 23:00:00','2020-06-09 23:00:00');
INSERT INTO `__PREFIX__cities` (`country_code`, `name`, `longitude`, `latitude`, `feature_class`, `feature_code`, `subadmin1_code`, `subadmin2_code`, `population`, `time_zone`, `active`, `created_at`, `updated_at`) VALUES ('IR','{\"en\":\"Bardsīr\"}',56.57,29.92,'P','PPLA2','IR.29',NULL,37192,'Asia/Tehran',1,'2020-06-09 23:00:00','2020-06-09 23:00:00');
INSERT INTO `__PREFIX__cities` (`country_code`, `name`, `longitude`, `latitude`, `feature_class`, `feature_code`, `subadmin1_code`, `subadmin2_code`, `population`, `time_zone`, `active`, `created_at`, `updated_at`) VALUES ('IR','{\"en\":\"Mashhad\"}',59.61,36.30,'P','PPLA','IR.42',NULL,2307177,'Asia/Tehran',1,'2020-04-07 23:00:00','2020-04-07 23:00:00');
INSERT INTO `__PREFIX__cities` (`country_code`, `name`, `longitude`, `latitude`, `feature_class`, `feature_code`, `subadmin1_code`, `subadmin2_code`, `population`, `time_zone`, `active`, `created_at`, `updated_at`) VALUES ('IR','{\"en\":\"Marvdasht\"}',52.80,29.87,'P','PPLA2','IR.07',NULL,148858,'Asia/Tehran',1,'2019-02-07 23:00:00','2019-02-07 23:00:00');
INSERT INTO `__PREFIX__cities` (`country_code`, `name`, `longitude`, `latitude`, `feature_class`, `feature_code`, `subadmin1_code`, `subadmin2_code`, `population`, `time_zone`, `active`, `created_at`, `updated_at`) VALUES ('IR','{\"en\":\"Marīvān\"}',46.18,35.52,'P','PPLA2','IR.16',NULL,91664,'Asia/Tehran',1,'2020-06-09 23:00:00','2020-06-09 23:00:00');
INSERT INTO `__PREFIX__cities` (`country_code`, `name`, `longitude`, `latitude`, `feature_class`, `feature_code`, `subadmin1_code`, `subadmin2_code`, `population`, `time_zone`, `active`, `created_at`, `updated_at`) VALUES ('IR','{\"en\":\"Marand\"}',45.77,38.43,'P','PPLA2','IR.33',NULL,124191,'Asia/Tehran',1,'2014-09-03 23:00:00','2014-09-03 23:00:00');
INSERT INTO `__PREFIX__cities` (`country_code`, `name`, `longitude`, `latitude`, `feature_class`, `feature_code`, `subadmin1_code`, `subadmin2_code`, `population`, `time_zone`, `active`, `created_at`, `updated_at`) VALUES ('IR','{\"en\":\"Manjīl\"}',49.40,36.74,'P','PPL','IR.08','IR.08.449655',15630,'Asia/Tehran',1,'2021-09-16 23:00:00','2021-09-16 23:00:00');
INSERT INTO `__PREFIX__cities` (`country_code`, `name`, `longitude`, `latitude`, `feature_class`, `feature_code`, `subadmin1_code`, `subadmin2_code`, `population`, `time_zone`, `active`, `created_at`, `updated_at`) VALUES ('IR','{\"en\":\"Malāyer\"}',48.82,34.30,'P','PPLA2','IR.09',NULL,176573,'Asia/Tehran',1,'2016-10-06 23:00:00','2016-10-06 23:00:00');
INSERT INTO `__PREFIX__cities` (`country_code`, `name`, `longitude`, `latitude`, `feature_class`, `feature_code`, `subadmin1_code`, `subadmin2_code`, `population`, `time_zone`, `active`, `created_at`, `updated_at`) VALUES ('IR','{\"en\":\"Malārd\"}',50.98,35.67,'P','PPLA2','IR.26',NULL,56745,'Asia/Tehran',1,'2014-09-03 23:00:00','2014-09-03 23:00:00');
INSERT INTO `__PREFIX__cities` (`country_code`, `name`, `longitude`, `latitude`, `feature_class`, `feature_code`, `subadmin1_code`, `subadmin2_code`, `population`, `time_zone`, `active`, `created_at`, `updated_at`) VALUES ('IR','{\"en\":\"Mahābād\"}',45.72,36.76,'P','PPL','IR.01',NULL,162434,'Asia/Tehran',1,'2012-01-15 23:00:00','2012-01-15 23:00:00');
INSERT INTO `__PREFIX__cities` (`country_code`, `name`, `longitude`, `latitude`, `feature_class`, `feature_code`, `subadmin1_code`, `subadmin2_code`, `population`, `time_zone`, `active`, `created_at`, `updated_at`) VALUES ('IR','{\"en\":\"Langarūd\"}',50.15,37.20,'P','PPLA2','IR.08',NULL,68148,'Asia/Tehran',1,'2020-06-09 23:00:00','2020-06-09 23:00:00');
INSERT INTO `__PREFIX__cities` (`country_code`, `name`, `longitude`, `latitude`, `feature_class`, `feature_code`, `subadmin1_code`, `subadmin2_code`, `population`, `time_zone`, `active`, `created_at`, `updated_at`) VALUES ('IR','{\"en\":\"Kūhdasht\"}',47.61,33.53,'P','PPLA2','IR.23',NULL,100208,'Asia/Tehran',1,'2014-09-03 23:00:00','2014-09-03 23:00:00');
INSERT INTO `__PREFIX__cities` (`country_code`, `name`, `longitude`, `latitude`, `feature_class`, `feature_code`, `subadmin1_code`, `subadmin2_code`, `population`, `time_zone`, `active`, `created_at`, `updated_at`) VALUES ('IR','{\"en\":\"Kīsh\"}',54.02,26.56,'P','PPL','IR.11',NULL,20922,'Asia/Tehran',1,'2012-01-15 23:00:00','2012-01-15 23:00:00');
INSERT INTO `__PREFIX__cities` (`country_code`, `name`, `longitude`, `latitude`, `feature_class`, `feature_code`, `subadmin1_code`, `subadmin2_code`, `population`, `time_zone`, `active`, `created_at`, `updated_at`) VALUES ('IR','{\"en\":\"Khowy\"}',44.95,38.55,'P','PPLA2','IR.01',NULL,175370,'Asia/Tehran',1,'2017-10-02 23:00:00','2017-10-02 23:00:00');
INSERT INTO `__PREFIX__cities` (`country_code`, `name`, `longitude`, `latitude`, `feature_class`, `feature_code`, `subadmin1_code`, `subadmin2_code`, `population`, `time_zone`, `active`, `created_at`, `updated_at`) VALUES ('IR','{\"en\":\"Khvānsār\"}',50.31,33.22,'P','PPLA2','IR.28',NULL,21146,'Asia/Tehran',1,'2020-06-09 23:00:00','2020-06-09 23:00:00');
INSERT INTO `__PREFIX__cities` (`country_code`, `name`, `longitude`, `latitude`, `feature_class`, `feature_code`, `subadmin1_code`, `subadmin2_code`, `population`, `time_zone`, `active`, `created_at`, `updated_at`) VALUES ('IR','{\"en\":\"Khorramshahr\"}',48.18,30.44,'P','PPLA2','IR.15',NULL,330606,'Asia/Tehran',1,'2014-09-03 23:00:00','2014-09-03 23:00:00');
INSERT INTO `__PREFIX__cities` (`country_code`, `name`, `longitude`, `latitude`, `feature_class`, `feature_code`, `subadmin1_code`, `subadmin2_code`, `population`, `time_zone`, `active`, `created_at`, `updated_at`) VALUES ('IR','{\"en\":\"Khorramabad\"}',48.36,33.49,'P','PPLA','IR.23',NULL,329825,'Asia/Tehran',1,'2016-01-22 23:00:00','2016-01-22 23:00:00');
INSERT INTO `__PREFIX__cities` (`country_code`, `name`, `longitude`, `latitude`, `feature_class`, `feature_code`, `subadmin1_code`, `subadmin2_code`, `population`, `time_zone`, `active`, `created_at`, `updated_at`) VALUES ('IR','{\"en\":\"Khomeyn\"}',50.08,33.64,'P','PPLA2','IR.34',NULL,77425,'Asia/Tehran',1,'2018-11-05 23:00:00','2018-11-05 23:00:00');
INSERT INTO `__PREFIX__cities` (`country_code`, `name`, `longitude`, `latitude`, `feature_class`, `feature_code`, `subadmin1_code`, `subadmin2_code`, `population`, `time_zone`, `active`, `created_at`, `updated_at`) VALUES ('IR','{\"en\":\"Khalkhāl\"}',48.53,37.62,'P','PPLA2','IR.32',NULL,51024,'Asia/Tehran',1,'2020-06-09 23:00:00','2020-06-09 23:00:00');
INSERT INTO `__PREFIX__cities` (`country_code`, `name`, `longitude`, `latitude`, `feature_class`, `feature_code`, `subadmin1_code`, `subadmin2_code`, `population`, `time_zone`, `active`, `created_at`, `updated_at`) VALUES ('IR','{\"en\":\"Kermanshah\"}',47.06,34.31,'P','PPLA','IR.13',NULL,621100,'Asia/Tehran',1,'2016-10-31 23:00:00','2016-10-31 23:00:00');
INSERT INTO `__PREFIX__cities` (`country_code`, `name`, `longitude`, `latitude`, `feature_class`, `feature_code`, `subadmin1_code`, `subadmin2_code`, `population`, `time_zone`, `active`, `created_at`, `updated_at`) VALUES ('IR','{\"en\":\"Kerman\"}',57.08,30.28,'P','PPLA','IR.29',NULL,577514,'Asia/Tehran',1,'2019-09-04 23:00:00','2019-09-04 23:00:00');
INSERT INTO `__PREFIX__cities` (`country_code`, `name`, `longitude`, `latitude`, `feature_class`, `feature_code`, `subadmin1_code`, `subadmin2_code`, `population`, `time_zone`, `active`, `created_at`, `updated_at`) VALUES ('IR','{\"en\":\"Kāzerūn\"}',51.65,29.62,'P','PPLA2','IR.07',NULL,94511,'Asia/Tehran',1,'2020-06-09 23:00:00','2020-06-09 23:00:00');
INSERT INTO `__PREFIX__cities` (`country_code`, `name`, `longitude`, `latitude`, `feature_class`, `feature_code`, `subadmin1_code`, `subadmin2_code`, `population`, `time_zone`, `active`, `created_at`, `updated_at`) VALUES ('IR','{\"en\":\"Kāshmar\"}',58.47,35.24,'P','PPLA2','IR.42',NULL,96151,'Asia/Tehran',1,'2020-06-09 23:00:00','2020-06-09 23:00:00');
INSERT INTO `__PREFIX__cities` (`country_code`, `name`, `longitude`, `latitude`, `feature_class`, `feature_code`, `subadmin1_code`, `subadmin2_code`, `population`, `time_zone`, `active`, `created_at`, `updated_at`) VALUES ('IR','{\"en\":\"Karaj\"}',50.99,35.83,'P','PPLA','IR.44',NULL,1448075,'Asia/Tehran',1,'2021-08-19 23:00:00','2021-08-19 23:00:00');
INSERT INTO `__PREFIX__cities` (`country_code`, `name`, `longitude`, `latitude`, `feature_class`, `feature_code`, `subadmin1_code`, `subadmin2_code`, `population`, `time_zone`, `active`, `created_at`, `updated_at`) VALUES ('IR','{\"en\":\"Kangāvar\"}',47.97,34.50,'P','PPLA2','IR.13',NULL,53414,'Asia/Tehran',1,'2014-09-03 23:00:00','2014-09-03 23:00:00');
INSERT INTO `__PREFIX__cities` (`country_code`, `name`, `longitude`, `latitude`, `feature_class`, `feature_code`, `subadmin1_code`, `subadmin2_code`, `population`, `time_zone`, `active`, `created_at`, `updated_at`) VALUES ('IR','{\"en\":\"Kāmyārān\"}',46.94,34.80,'P','PPLA2','IR.16',NULL,61642,'Asia/Tehran',1,'2014-09-03 23:00:00','2014-09-03 23:00:00');
INSERT INTO `__PREFIX__cities` (`country_code`, `name`, `longitude`, `latitude`, `feature_class`, `feature_code`, `subadmin1_code`, `subadmin2_code`, `population`, `time_zone`, `active`, `created_at`, `updated_at`) VALUES ('IR','{\"en\":\"Kalāleh\"}',55.49,37.38,'P','PPLA2','IR.37',NULL,33700,'Asia/Tehran',1,'2017-02-07 23:00:00','2017-02-07 23:00:00');
INSERT INTO `__PREFIX__cities` (`country_code`, `name`, `longitude`, `latitude`, `feature_class`, `feature_code`, `subadmin1_code`, `subadmin2_code`, `population`, `time_zone`, `active`, `created_at`, `updated_at`) VALUES ('IR','{\"en\":\"Kujuvar\"}',46.14,38.06,'P','PPL','IR.33',NULL,6001,'Asia/Tehran',1,'2020-03-30 23:00:00','2020-03-30 23:00:00');
INSERT INTO `__PREFIX__cities` (`country_code`, `name`, `longitude`, `latitude`, `feature_class`, `feature_code`, `subadmin1_code`, `subadmin2_code`, `population`, `time_zone`, `active`, `created_at`, `updated_at`) VALUES ('IR','{\"en\":\"Jūybār\"}',52.91,36.64,'P','PPLA2','IR.35',NULL,28404,'Asia/Tehran',1,'2020-03-06 23:00:00','2020-03-06 23:00:00');
INSERT INTO `__PREFIX__cities` (`country_code`, `name`, `longitude`, `latitude`, `feature_class`, `feature_code`, `subadmin1_code`, `subadmin2_code`, `population`, `time_zone`, `active`, `created_at`, `updated_at`) VALUES ('IR','{\"en\":\"Khārk\"}',50.33,29.26,'P','PPL','IR.22',NULL,8196,'Asia/Tehran',1,'2013-02-08 23:00:00','2013-02-08 23:00:00');
INSERT INTO `__PREFIX__cities` (`country_code`, `name`, `longitude`, `latitude`, `feature_class`, `feature_code`, `subadmin1_code`, `subadmin2_code`, `population`, `time_zone`, `active`, `created_at`, `updated_at`) VALUES ('IR','{\"en\":\"Javānrūd\"}',46.52,34.80,'P','PPL','IR.13',NULL,38657,'Asia/Tehran',1,'2006-01-16 23:00:00','2006-01-16 23:00:00');
INSERT INTO `__PREFIX__cities` (`country_code`, `name`, `longitude`, `latitude`, `feature_class`, `feature_code`, `subadmin1_code`, `subadmin2_code`, `population`, `time_zone`, `active`, `created_at`, `updated_at`) VALUES ('IR','{\"en\":\"Īlām\"}',46.42,33.64,'P','PPLA','IR.10',NULL,140940,'Asia/Tehran',1,'2017-02-07 23:00:00','2017-02-07 23:00:00');
INSERT INTO `__PREFIX__cities` (`country_code`, `name`, `longitude`, `latitude`, `feature_class`, `feature_code`, `subadmin1_code`, `subadmin2_code`, `population`, `time_zone`, `active`, `created_at`, `updated_at`) VALUES ('IR','{\"en\":\"Harsīn\"}',47.59,34.27,'P','PPLA2','IR.13',NULL,57647,'Asia/Tehran',1,'2014-09-03 23:00:00','2014-09-03 23:00:00');
INSERT INTO `__PREFIX__cities` (`country_code`, `name`, `longitude`, `latitude`, `feature_class`, `feature_code`, `subadmin1_code`, `subadmin2_code`, `population`, `time_zone`, `active`, `created_at`, `updated_at`) VALUES ('IR','{\"en\":\"Hamadān\"}',48.51,34.80,'P','PPLA','IR.09',NULL,528256,'Asia/Tehran',1,'2020-06-09 23:00:00','2020-06-09 23:00:00');
INSERT INTO `__PREFIX__cities` (`country_code`, `name`, `longitude`, `latitude`, `feature_class`, `feature_code`, `subadmin1_code`, `subadmin2_code`, `population`, `time_zone`, `active`, `created_at`, `updated_at`) VALUES ('IR','{\"en\":\"Gorgān\"}',54.44,36.84,'P','PPLA','IR.37',NULL,244937,'Asia/Tehran',1,'2017-02-03 23:00:00','2017-02-03 23:00:00');
INSERT INTO `__PREFIX__cities` (`country_code`, `name`, `longitude`, `latitude`, `feature_class`, `feature_code`, `subadmin1_code`, `subadmin2_code`, `population`, `time_zone`, `active`, `created_at`, `updated_at`) VALUES ('IR','{\"en\":\"Gonbad-e Kāvūs\"}',55.17,37.25,'P','PPLA2','IR.37',NULL,131416,'Asia/Tehran',1,'2020-06-09 23:00:00','2020-06-09 23:00:00');
INSERT INTO `__PREFIX__cities` (`country_code`, `name`, `longitude`, `latitude`, `feature_class`, `feature_code`, `subadmin1_code`, `subadmin2_code`, `population`, `time_zone`, `active`, `created_at`, `updated_at`) VALUES ('IR','{\"en\":\"Gonābād\"}',58.68,34.35,'P','PPLA2','IR.42',NULL,43465,'Asia/Tehran',1,'2014-09-03 23:00:00','2014-09-03 23:00:00');
INSERT INTO `__PREFIX__cities` (`country_code`, `name`, `longitude`, `latitude`, `feature_class`, `feature_code`, `subadmin1_code`, `subadmin2_code`, `population`, `time_zone`, `active`, `created_at`, `updated_at`) VALUES ('IR','{\"en\":\"Golpāyegān\"}',50.29,33.45,'P','PPLA2','IR.28',NULL,44916,'Asia/Tehran',1,'2014-09-03 23:00:00','2014-09-03 23:00:00');
INSERT INTO `__PREFIX__cities` (`country_code`, `name`, `longitude`, `latitude`, `feature_class`, `feature_code`, `subadmin1_code`, `subadmin2_code`, `population`, `time_zone`, `active`, `created_at`, `updated_at`) VALUES ('IR','{\"en\":\"Gerāsh\"}',54.14,27.67,'P','PPLA2','IR.07',NULL,25316,'Asia/Tehran',1,'2016-10-06 23:00:00','2016-10-06 23:00:00');
INSERT INTO `__PREFIX__cities` (`country_code`, `name`, `longitude`, `latitude`, `feature_class`, `feature_code`, `subadmin1_code`, `subadmin2_code`, `population`, `time_zone`, `active`, `created_at`, `updated_at`) VALUES ('IR','{\"en\":\"Bandar-e Genāveh\"}',50.52,29.58,'P','PPLA2','IR.22',NULL,52750,'Asia/Tehran',1,'2019-05-07 23:00:00','2019-05-07 23:00:00');
INSERT INTO `__PREFIX__cities` (`country_code`, `name`, `longitude`, `latitude`, `feature_class`, `feature_code`, `subadmin1_code`, `subadmin2_code`, `population`, `time_zone`, `active`, `created_at`, `updated_at`) VALUES ('IR','{\"en\":\"Fūman\"}',49.31,37.22,'P','PPLA2','IR.08',NULL,27763,'Asia/Tehran',1,'2020-06-09 23:00:00','2020-06-09 23:00:00');
INSERT INTO `__PREFIX__cities` (`country_code`, `name`, `longitude`, `latitude`, `feature_class`, `feature_code`, `subadmin1_code`, `subadmin2_code`, `population`, `time_zone`, `active`, `created_at`, `updated_at`) VALUES ('IR','{\"en\":\"Fīrūzābād\"}',52.57,28.84,'P','PPLA2','IR.07',NULL,66558,'Asia/Tehran',1,'2014-09-03 23:00:00','2014-09-03 23:00:00');
INSERT INTO `__PREFIX__cities` (`country_code`, `name`, `longitude`, `latitude`, `feature_class`, `feature_code`, `subadmin1_code`, `subadmin2_code`, `population`, `time_zone`, `active`, `created_at`, `updated_at`) VALUES ('IR','{\"en\":\"Fereydūnshahr\"}',50.12,32.94,'P','PPLA2','IR.28',NULL,11562,'Asia/Tehran',1,'2020-04-07 23:00:00','2020-04-07 23:00:00');
INSERT INTO `__PREFIX__cities` (`country_code`, `name`, `longitude`, `latitude`, `feature_class`, `feature_code`, `subadmin1_code`, `subadmin2_code`, `population`, `time_zone`, `active`, `created_at`, `updated_at`) VALUES ('IR','{\"en\":\"Fereydūn Kenār\"}',52.52,36.68,'P','PPLA2','IR.35',NULL,34097,'Asia/Tehran',1,'2020-10-31 23:00:00','2020-10-31 23:00:00');
INSERT INTO `__PREFIX__cities` (`country_code`, `name`, `longitude`, `latitude`, `feature_class`, `feature_code`, `subadmin1_code`, `subadmin2_code`, `population`, `time_zone`, `active`, `created_at`, `updated_at`) VALUES ('IR','{\"en\":\"Fasā\"}',53.65,28.94,'P','PPLA2','IR.07',NULL,98061,'Asia/Tehran',1,'2020-06-09 23:00:00','2020-06-09 23:00:00');
INSERT INTO `__PREFIX__cities` (`country_code`, `name`, `longitude`, `latitude`, `feature_class`, `feature_code`, `subadmin1_code`, `subadmin2_code`, `population`, `time_zone`, `active`, `created_at`, `updated_at`) VALUES ('IR','{\"en\":\"Fārsān\"}',50.56,32.26,'P','PPLA2','IR.03',NULL,25071,'Asia/Tehran',1,'2019-05-07 23:00:00','2019-05-07 23:00:00');
INSERT INTO `__PREFIX__cities` (`country_code`, `name`, `longitude`, `latitude`, `feature_class`, `feature_code`, `subadmin1_code`, `subadmin2_code`, `population`, `time_zone`, `active`, `created_at`, `updated_at`) VALUES ('IR','{\"en\":\"Fannūj\"}',59.64,26.58,'P','PPL','IR.04','IR.04.11963562',13000,'Asia/Tehran',1,'2018-11-06 23:00:00','2018-11-06 23:00:00');
INSERT INTO `__PREFIX__cities` (`country_code`, `name`, `longitude`, `latitude`, `feature_class`, `feature_code`, `subadmin1_code`, `subadmin2_code`, `population`, `time_zone`, `active`, `created_at`, `updated_at`) VALUES ('IR','{\"en\":\"Esfarāyen\"}',57.51,37.08,'P','PPLA2','IR.43',NULL,59678,'Asia/Tehran',1,'2014-09-03 23:00:00','2014-09-03 23:00:00');
INSERT INTO `__PREFIX__cities` (`country_code`, `name`, `longitude`, `latitude`, `feature_class`, `feature_code`, `subadmin1_code`, `subadmin2_code`, `population`, `time_zone`, `active`, `created_at`, `updated_at`) VALUES ('IR','{\"en\":\"Shahrud\"}',54.98,36.42,'P','PPL','IR.25',NULL,131889,'Asia/Tehran',1,'2014-01-31 23:00:00','2014-01-31 23:00:00');
INSERT INTO `__PREFIX__cities` (`country_code`, `name`, `longitude`, `latitude`, `feature_class`, `feature_code`, `subadmin1_code`, `subadmin2_code`, `population`, `time_zone`, `active`, `created_at`, `updated_at`) VALUES ('IR','{\"en\":\"Dogonbadan\"}',50.80,30.36,'P','PPL','IR.05',NULL,94638,'Asia/Tehran',1,'2013-10-21 23:00:00','2013-10-21 23:00:00');
INSERT INTO `__PREFIX__cities` (`country_code`, `name`, `longitude`, `latitude`, `feature_class`, `feature_code`, `subadmin1_code`, `subadmin2_code`, `population`, `time_zone`, `active`, `created_at`, `updated_at`) VALUES ('IR','{\"en\":\"Delījān\"}',50.68,33.99,'P','PPLA2','IR.34',NULL,33508,'Asia/Tehran',1,'2014-09-03 23:00:00','2014-09-03 23:00:00');
INSERT INTO `__PREFIX__cities` (`country_code`, `name`, `longitude`, `latitude`, `feature_class`, `feature_code`, `subadmin1_code`, `subadmin2_code`, `population`, `time_zone`, `active`, `created_at`, `updated_at`) VALUES ('IR','{\"en\":\"Dehlorān\"}',47.27,32.69,'P','PPLA2','IR.10',NULL,46002,'Asia/Tehran',1,'2014-09-03 23:00:00','2014-09-03 23:00:00');
INSERT INTO `__PREFIX__cities` (`country_code`, `name`, `longitude`, `latitude`, `feature_class`, `feature_code`, `subadmin1_code`, `subadmin2_code`, `population`, `time_zone`, `active`, `created_at`, `updated_at`) VALUES ('IR','{\"en\":\"Dehdasht\"}',50.56,30.79,'P','PPLA2','IR.05',NULL,69726,'Asia/Tehran',1,'2014-09-03 23:00:00','2014-09-03 23:00:00');
INSERT INTO `__PREFIX__cities` (`country_code`, `name`, `longitude`, `latitude`, `feature_class`, `feature_code`, `subadmin1_code`, `subadmin2_code`, `population`, `time_zone`, `active`, `created_at`, `updated_at`) VALUES ('IR','{\"en\":\"Sūsangerd\"}',48.19,31.56,'P','PPLA2','IR.15',NULL,41443,'Asia/Tehran',1,'2020-06-09 23:00:00','2020-06-09 23:00:00');
INSERT INTO `__PREFIX__cities` (`country_code`, `name`, `longitude`, `latitude`, `feature_class`, `feature_code`, `subadmin1_code`, `subadmin2_code`, `population`, `time_zone`, `active`, `created_at`, `updated_at`) VALUES ('IR','{\"en\":\"Darreh Shahr\"}',47.38,33.14,'P','PPLA2','IR.10','IR.10.449461',24961,'Asia/Tehran',1,'2016-07-03 23:00:00','2016-07-03 23:00:00');
INSERT INTO `__PREFIX__cities` (`country_code`, `name`, `longitude`, `latitude`, `feature_class`, `feature_code`, `subadmin1_code`, `subadmin2_code`, `population`, `time_zone`, `active`, `created_at`, `updated_at`) VALUES ('IR','{\"en\":\"Dārāb\"}',54.54,28.75,'P','PPLA2','IR.07',NULL,63319,'Asia/Tehran',1,'2021-08-03 23:00:00','2021-08-03 23:00:00');
INSERT INTO `__PREFIX__cities` (`country_code`, `name`, `longitude`, `latitude`, `feature_class`, `feature_code`, `subadmin1_code`, `subadmin2_code`, `population`, `time_zone`, `active`, `created_at`, `updated_at`) VALUES ('IR','{\"en\":\"Dāmghān\"}',54.34,36.17,'P','PPLA2','IR.25',NULL,67694,'Asia/Tehran',1,'2014-09-03 23:00:00','2014-09-03 23:00:00');
INSERT INTO `__PREFIX__cities` (`country_code`, `name`, `longitude`, `latitude`, `feature_class`, `feature_code`, `subadmin1_code`, `subadmin2_code`, `population`, `time_zone`, `active`, `created_at`, `updated_at`) VALUES ('IR','{\"en\":\"Damāvand\"}',52.07,35.72,'P','PPLA2','IR.26',NULL,29144,'Asia/Tehran',1,'2014-09-03 23:00:00','2014-09-03 23:00:00');
INSERT INTO `__PREFIX__cities` (`country_code`, `name`, `longitude`, `latitude`, `feature_class`, `feature_code`, `subadmin1_code`, `subadmin2_code`, `population`, `time_zone`, `active`, `created_at`, `updated_at`) VALUES ('IR','{\"en\":\"Chenārān\"}',59.12,36.65,'P','PPLA2','IR.42',NULL,46940,'Asia/Tehran',1,'2018-08-07 23:00:00','2018-08-07 23:00:00');
INSERT INTO `__PREFIX__cities` (`country_code`, `name`, `longitude`, `latitude`, `feature_class`, `feature_code`, `subadmin1_code`, `subadmin2_code`, `population`, `time_zone`, `active`, `created_at`, `updated_at`) VALUES ('IR','{\"en\":\"Chālūs\"}',51.42,36.66,'P','PPLA2','IR.35',NULL,69638,'Asia/Tehran',1,'2014-09-03 23:00:00','2014-09-03 23:00:00');
INSERT INTO `__PREFIX__cities` (`country_code`, `name`, `longitude`, `latitude`, `feature_class`, `feature_code`, `subadmin1_code`, `subadmin2_code`, `population`, `time_zone`, `active`, `created_at`, `updated_at`) VALUES ('IR','{\"en\":\"Bushehr\"}',50.84,28.97,'P','PPLA','IR.22',NULL,165377,'Asia/Tehran',1,'2017-08-21 23:00:00','2017-08-21 23:00:00');
INSERT INTO `__PREFIX__cities` (`country_code`, `name`, `longitude`, `latitude`, `feature_class`, `feature_code`, `subadmin1_code`, `subadmin2_code`, `population`, `time_zone`, `active`, `created_at`, `updated_at`) VALUES ('IR','{\"en\":\"Būkān\"}',46.21,36.52,'P','PPLA2','IR.01',NULL,213331,'Asia/Tehran',1,'2020-06-09 23:00:00','2020-06-09 23:00:00');
INSERT INTO `__PREFIX__cities` (`country_code`, `name`, `longitude`, `latitude`, `feature_class`, `feature_code`, `subadmin1_code`, `subadmin2_code`, `population`, `time_zone`, `active`, `created_at`, `updated_at`) VALUES ('IR','{\"en\":\"Borūjerd\"}',48.75,33.90,'P','PPLA2','IR.23',NULL,251958,'Asia/Tehran',1,'2014-09-03 23:00:00','2014-09-03 23:00:00');
INSERT INTO `__PREFIX__cities` (`country_code`, `name`, `longitude`, `latitude`, `feature_class`, `feature_code`, `subadmin1_code`, `subadmin2_code`, `population`, `time_zone`, `active`, `created_at`, `updated_at`) VALUES ('IR','{\"en\":\"Borūjen\"}',51.29,31.97,'P','PPLA2','IR.03',NULL,52654,'Asia/Tehran',1,'2020-06-09 23:00:00','2020-06-09 23:00:00');
INSERT INTO `__PREFIX__cities` (`country_code`, `name`, `longitude`, `latitude`, `feature_class`, `feature_code`, `subadmin1_code`, `subadmin2_code`, `population`, `time_zone`, `active`, `created_at`, `updated_at`) VALUES ('IR','{\"en\":\"Borāzjān\"}',51.22,29.27,'P','PPLA2','IR.22',NULL,86059,'Asia/Tehran',1,'2020-06-09 23:00:00','2020-06-09 23:00:00');
INSERT INTO `__PREFIX__cities` (`country_code`, `name`, `longitude`, `latitude`, `feature_class`, `feature_code`, `subadmin1_code`, `subadmin2_code`, `population`, `time_zone`, `active`, `created_at`, `updated_at`) VALUES ('IR','{\"en\":\"Bojnūrd\"}',57.33,37.47,'P','PPLA','IR.43',NULL,192041,'Asia/Tehran',1,'2017-02-07 23:00:00','2017-02-07 23:00:00');
INSERT INTO `__PREFIX__cities` (`country_code`, `name`, `longitude`, `latitude`, `feature_class`, `feature_code`, `subadmin1_code`, `subadmin2_code`, `population`, `time_zone`, `active`, `created_at`, `updated_at`) VALUES ('IR','{\"en\":\"Bīrjand\"}',59.22,32.87,'P','PPLA','IR.41',NULL,196982,'Asia/Tehran',1,'2020-06-09 23:00:00','2020-06-09 23:00:00');
INSERT INTO `__PREFIX__cities` (`country_code`, `name`, `longitude`, `latitude`, `feature_class`, `feature_code`, `subadmin1_code`, `subadmin2_code`, `population`, `time_zone`, `active`, `created_at`, `updated_at`) VALUES ('IR','{\"en\":\"Bīleh Savār\"}',48.35,39.38,'P','PPLA2','IR.32',NULL,14000,'Asia/Tehran',1,'2019-01-28 23:00:00','2019-01-28 23:00:00');
INSERT INTO `__PREFIX__cities` (`country_code`, `name`, `longitude`, `latitude`, `feature_class`, `feature_code`, `subadmin1_code`, `subadmin2_code`, `population`, `time_zone`, `active`, `created_at`, `updated_at`) VALUES ('IR','{\"en\":\"Bījār\"}',47.61,35.87,'P','PPL','IR.16',NULL,53871,'Asia/Tehran',1,'2010-08-08 23:00:00','2010-08-08 23:00:00');
INSERT INTO `__PREFIX__cities` (`country_code`, `name`, `longitude`, `latitude`, `feature_class`, `feature_code`, `subadmin1_code`, `subadmin2_code`, `population`, `time_zone`, `active`, `created_at`, `updated_at`) VALUES ('IR','{\"en\":\"Bonāb\"}',46.06,37.34,'P','PPLA2','IR.33',NULL,80359,'Asia/Tehran',1,'2020-06-09 23:00:00','2020-06-09 23:00:00');
INSERT INTO `__PREFIX__cities` (`country_code`, `name`, `longitude`, `latitude`, `feature_class`, `feature_code`, `subadmin1_code`, `subadmin2_code`, `population`, `time_zone`, `active`, `created_at`, `updated_at`) VALUES ('IR','{\"en\":\"Behshahr\"}',53.55,36.69,'P','PPLA2','IR.35',NULL,93500,'Asia/Tehran',1,'2014-09-03 23:00:00','2014-09-03 23:00:00');
INSERT INTO `__PREFIX__cities` (`country_code`, `name`, `longitude`, `latitude`, `feature_class`, `feature_code`, `subadmin1_code`, `subadmin2_code`, `population`, `time_zone`, `active`, `created_at`, `updated_at`) VALUES ('IR','{\"en\":\"Behbahān\"}',50.24,30.60,'P','PPLA2','IR.15',NULL,79327,'Asia/Tehran',1,'2014-09-03 23:00:00','2014-09-03 23:00:00');
INSERT INTO `__PREFIX__cities` (`country_code`, `name`, `longitude`, `latitude`, `feature_class`, `feature_code`, `subadmin1_code`, `subadmin2_code`, `population`, `time_zone`, `active`, `created_at`, `updated_at`) VALUES ('IR','{\"en\":\"Bardaskan\"}',57.97,35.26,'P','PPLA2','IR.42',NULL,28233,'Asia/Tehran',1,'2017-12-13 23:00:00','2017-12-13 23:00:00');
INSERT INTO `__PREFIX__cities` (`country_code`, `name`, `longitude`, `latitude`, `feature_class`, `feature_code`, `subadmin1_code`, `subadmin2_code`, `population`, `time_zone`, `active`, `created_at`, `updated_at`) VALUES ('IR','{\"en\":\"Bāneh\"}',45.89,36.00,'P','PPLA2','IR.16',NULL,104799,'Asia/Tehran',1,'2020-06-09 23:00:00','2020-06-09 23:00:00');
INSERT INTO `__PREFIX__cities` (`country_code`, `name`, `longitude`, `latitude`, `feature_class`, `feature_code`, `subadmin1_code`, `subadmin2_code`, `population`, `time_zone`, `active`, `created_at`, `updated_at`) VALUES ('IR','{\"en\":\"Bandar-e Lengeh\"}',54.88,26.56,'P','PPLA2','IR.11',NULL,22768,'Asia/Tehran',1,'2017-02-07 23:00:00','2017-02-07 23:00:00');
INSERT INTO `__PREFIX__cities` (`country_code`, `name`, `longitude`, `latitude`, `feature_class`, `feature_code`, `subadmin1_code`, `subadmin2_code`, `population`, `time_zone`, `active`, `created_at`, `updated_at`) VALUES ('IR','{\"en\":\"Bandar-e Anzalī\"}',49.46,37.47,'P','PPLA2','IR.08',NULL,110826,'Asia/Tehran',1,'2020-06-09 23:00:00','2020-06-09 23:00:00');
INSERT INTO `__PREFIX__cities` (`country_code`, `name`, `longitude`, `latitude`, `feature_class`, `feature_code`, `subadmin1_code`, `subadmin2_code`, `population`, `time_zone`, `active`, `created_at`, `updated_at`) VALUES ('IR','{\"en\":\"Bandar Abbas\"}',56.28,27.19,'P','PPLA','IR.11',NULL,352173,'Asia/Tehran',1,'2019-09-04 23:00:00','2019-09-04 23:00:00');
INSERT INTO `__PREFIX__cities` (`country_code`, `name`, `longitude`, `latitude`, `feature_class`, `feature_code`, `subadmin1_code`, `subadmin2_code`, `population`, `time_zone`, `active`, `created_at`, `updated_at`) VALUES ('IR','{\"en\":\"Bam\"}',58.36,29.11,'P','PPLA2','IR.29',NULL,99268,'Asia/Tehran',1,'2018-09-13 23:00:00','2018-09-13 23:00:00');
INSERT INTO `__PREFIX__cities` (`country_code`, `name`, `longitude`, `latitude`, `feature_class`, `feature_code`, `subadmin1_code`, `subadmin2_code`, `population`, `time_zone`, `active`, `created_at`, `updated_at`) VALUES ('IR','{\"en\":\"Bahār\"}',48.44,34.91,'P','PPLA2','IR.09',NULL,28645,'Asia/Tehran',1,'2014-09-03 23:00:00','2014-09-03 23:00:00');
INSERT INTO `__PREFIX__cities` (`country_code`, `name`, `longitude`, `latitude`, `feature_class`, `feature_code`, `subadmin1_code`, `subadmin2_code`, `population`, `time_zone`, `active`, `created_at`, `updated_at`) VALUES ('IR','{\"en\":\"Bāfq\"}',55.40,31.60,'P','PPLA2','IR.40',NULL,31215,'Asia/Tehran',1,'2014-09-03 23:00:00','2014-09-03 23:00:00');
INSERT INTO `__PREFIX__cities` (`country_code`, `name`, `longitude`, `latitude`, `feature_class`, `feature_code`, `subadmin1_code`, `subadmin2_code`, `population`, `time_zone`, `active`, `created_at`, `updated_at`) VALUES ('IR','{\"en\":\"Bābolsar\"}',52.65,36.70,'P','PPLA2','IR.35',NULL,48051,'Asia/Tehran',1,'2020-06-09 23:00:00','2020-06-09 23:00:00');
INSERT INTO `__PREFIX__cities` (`country_code`, `name`, `longitude`, `latitude`, `feature_class`, `feature_code`, `subadmin1_code`, `subadmin2_code`, `population`, `time_zone`, `active`, `created_at`, `updated_at`) VALUES ('IR','{\"en\":\"Bābol\"}',52.68,36.55,'P','PPLA2','IR.35',NULL,202796,'Asia/Tehran',1,'2020-06-09 23:00:00','2020-06-09 23:00:00');
INSERT INTO `__PREFIX__cities` (`country_code`, `name`, `longitude`, `latitude`, `feature_class`, `feature_code`, `subadmin1_code`, `subadmin2_code`, `population`, `time_zone`, `active`, `created_at`, `updated_at`) VALUES ('IR','{\"en\":\"Aznā\"}',48.93,33.61,'P','PPL','IR.23',NULL,47482,'Asia/Tehran',1,'2012-01-16 23:00:00','2012-01-16 23:00:00');
INSERT INTO `__PREFIX__cities` (`country_code`, `name`, `longitude`, `latitude`, `feature_class`, `feature_code`, `subadmin1_code`, `subadmin2_code`, `population`, `time_zone`, `active`, `created_at`, `updated_at`) VALUES ('IR','{\"en\":\"Hashtrūd\"}',47.05,37.48,'P','PPLA2','IR.33',NULL,16888,'Asia/Tehran',1,'2020-06-09 23:00:00','2020-06-09 23:00:00');
INSERT INTO `__PREFIX__cities` (`country_code`, `name`, `longitude`, `latitude`, `feature_class`, `feature_code`, `subadmin1_code`, `subadmin2_code`, `population`, `time_zone`, `active`, `created_at`, `updated_at`) VALUES ('IR','{\"en\":\"Āstārā\"}',48.87,38.43,'P','PPLA2','IR.08','IR.08.449649',39065,'Asia/Tehran',1,'2013-03-30 23:00:00','2013-03-30 23:00:00');
INSERT INTO `__PREFIX__cities` (`country_code`, `name`, `longitude`, `latitude`, `feature_class`, `feature_code`, `subadmin1_code`, `subadmin2_code`, `population`, `time_zone`, `active`, `created_at`, `updated_at`) VALUES ('IR','{\"en\":\"Āstāneh-ye Ashrafīyeh\"}',49.94,37.26,'P','PPLA2','IR.08',NULL,42784,'Asia/Tehran',1,'2020-06-09 23:00:00','2020-06-09 23:00:00');
INSERT INTO `__PREFIX__cities` (`country_code`, `name`, `longitude`, `latitude`, `feature_class`, `feature_code`, `subadmin1_code`, `subadmin2_code`, `population`, `time_zone`, `active`, `created_at`, `updated_at`) VALUES ('IR','{\"en\":\"Asadābād\"}',48.12,34.78,'P','PPLA2','IR.09',NULL,59617,'Asia/Tehran',1,'2018-06-26 23:00:00','2018-06-26 23:00:00');
INSERT INTO `__PREFIX__cities` (`country_code`, `name`, `longitude`, `latitude`, `feature_class`, `feature_code`, `subadmin1_code`, `subadmin2_code`, `population`, `time_zone`, `active`, `created_at`, `updated_at`) VALUES ('IR','{\"en\":\"Ardestān\"}',52.37,33.38,'P','PPLA2','IR.28',NULL,16058,'Asia/Tehran',1,'2014-09-03 23:00:00','2014-09-03 23:00:00');
INSERT INTO `__PREFIX__cities` (`country_code`, `name`, `longitude`, `latitude`, `feature_class`, `feature_code`, `subadmin1_code`, `subadmin2_code`, `population`, `time_zone`, `active`, `created_at`, `updated_at`) VALUES ('IR','{\"en\":\"Ardakān\"}',54.02,32.31,'P','PPLA2','IR.40',NULL,58834,'Asia/Tehran',1,'2020-06-09 23:00:00','2020-06-09 23:00:00');
INSERT INTO `__PREFIX__cities` (`country_code`, `name`, `longitude`, `latitude`, `feature_class`, `feature_code`, `subadmin1_code`, `subadmin2_code`, `population`, `time_zone`, `active`, `created_at`, `updated_at`) VALUES ('IR','{\"en\":\"Ardabīl\"}',48.29,38.25,'P','PPLA','IR.32',NULL,410753,'Asia/Tehran',1,'2017-02-07 23:00:00','2017-02-07 23:00:00');
INSERT INTO `__PREFIX__cities` (`country_code`, `name`, `longitude`, `latitude`, `feature_class`, `feature_code`, `subadmin1_code`, `subadmin2_code`, `population`, `time_zone`, `active`, `created_at`, `updated_at`) VALUES ('IR','{\"en\":\"Arāk\"}',49.70,34.09,'P','PPLA','IR.34',NULL,503647,'Asia/Tehran',1,'2018-01-08 23:00:00','2018-01-08 23:00:00');
INSERT INTO `__PREFIX__cities` (`country_code`, `name`, `longitude`, `latitude`, `feature_class`, `feature_code`, `subadmin1_code`, `subadmin2_code`, `population`, `time_zone`, `active`, `created_at`, `updated_at`) VALUES ('IR','{\"en\":\"Āmol\"}',52.35,36.47,'P','PPLA2','IR.35',NULL,199382,'Asia/Tehran',1,'2020-06-09 23:00:00','2020-06-09 23:00:00');
INSERT INTO `__PREFIX__cities` (`country_code`, `name`, `longitude`, `latitude`, `feature_class`, `feature_code`, `subadmin1_code`, `subadmin2_code`, `population`, `time_zone`, `active`, `created_at`, `updated_at`) VALUES ('IR','{\"en\":\"Alvand\"}',49.17,36.32,'P','PPL','IR.36',NULL,74889,'Asia/Tehran',1,'2017-07-31 23:00:00','2017-07-31 23:00:00');
INSERT INTO `__PREFIX__cities` (`country_code`, `name`, `longitude`, `latitude`, `feature_class`, `feature_code`, `subadmin1_code`, `subadmin2_code`, `population`, `time_zone`, `active`, `created_at`, `updated_at`) VALUES ('IR','{\"en\":\"Shahrīār\"}',51.06,35.66,'P','PPLA2','IR.26',NULL,58849,'Asia/Tehran',1,'2015-12-04 23:00:00','2015-12-04 23:00:00');
INSERT INTO `__PREFIX__cities` (`country_code`, `name`, `longitude`, `latitude`, `feature_class`, `feature_code`, `subadmin1_code`, `subadmin2_code`, `population`, `time_zone`, `active`, `created_at`, `updated_at`) VALUES ('IR','{\"en\":\"Alīgūdarz\"}',49.69,33.40,'P','PPLA2','IR.23',NULL,91041,'Asia/Tehran',1,'2020-06-09 23:00:00','2020-06-09 23:00:00');
INSERT INTO `__PREFIX__cities` (`country_code`, `name`, `longitude`, `latitude`, `feature_class`, `feature_code`, `subadmin1_code`, `subadmin2_code`, `population`, `time_zone`, `active`, `created_at`, `updated_at`) VALUES ('IR','{\"en\":\"Alavijeh\"}',51.08,33.05,'P','PPL','IR.28','IR.28.449493',14550,'Asia/Tehran',1,'2021-06-05 23:00:00','2021-06-05 23:00:00');
INSERT INTO `__PREFIX__cities` (`country_code`, `name`, `longitude`, `latitude`, `feature_class`, `feature_code`, `subadmin1_code`, `subadmin2_code`, `population`, `time_zone`, `active`, `created_at`, `updated_at`) VALUES ('IR','{\"en\":\"Aleshtar\"}',48.26,33.86,'P','PPLA2','IR.23',NULL,27701,'Asia/Tehran',1,'2014-09-03 23:00:00','2014-09-03 23:00:00');
INSERT INTO `__PREFIX__cities` (`country_code`, `name`, `longitude`, `latitude`, `feature_class`, `feature_code`, `subadmin1_code`, `subadmin2_code`, `population`, `time_zone`, `active`, `created_at`, `updated_at`) VALUES ('IR','{\"en\":\"Akbarābād\"}',52.78,29.25,'P','PPL','IR.07',NULL,98342,'Asia/Tehran',1,'2020-06-09 23:00:00','2020-06-09 23:00:00');
INSERT INTO `__PREFIX__cities` (`country_code`, `name`, `longitude`, `latitude`, `feature_class`, `feature_code`, `subadmin1_code`, `subadmin2_code`, `population`, `time_zone`, `active`, `created_at`, `updated_at`) VALUES ('IR','{\"en\":\"Ajab Shīr\"}',45.89,37.48,'P','PPLA2','IR.33',NULL,29675,'Asia/Tehran',1,'2021-09-16 23:00:00','2021-09-16 23:00:00');
INSERT INTO `__PREFIX__cities` (`country_code`, `name`, `longitude`, `latitude`, `feature_class`, `feature_code`, `subadmin1_code`, `subadmin2_code`, `population`, `time_zone`, `active`, `created_at`, `updated_at`) VALUES ('IR','{\"en\":\"Ahvaz\"}',48.68,31.32,'P','PPLA','IR.15',NULL,841145,'Asia/Tehran',1,'2019-09-04 23:00:00','2019-09-04 23:00:00');
INSERT INTO `__PREFIX__cities` (`country_code`, `name`, `longitude`, `latitude`, `feature_class`, `feature_code`, `subadmin1_code`, `subadmin2_code`, `population`, `time_zone`, `active`, `created_at`, `updated_at`) VALUES ('IR','{\"en\":\"Ahar\"}',47.07,38.48,'P','PPLA2','IR.33',NULL,94348,'Asia/Tehran',1,'2014-09-03 23:00:00','2014-09-03 23:00:00');
INSERT INTO `__PREFIX__cities` (`country_code`, `name`, `longitude`, `latitude`, `feature_class`, `feature_code`, `subadmin1_code`, `subadmin2_code`, `population`, `time_zone`, `active`, `created_at`, `updated_at`) VALUES ('IR','{\"en\":\"Aghajari\"}',49.83,30.70,'P','PPL','IR.15',NULL,21785,'Asia/Tehran',1,'2013-05-07 23:00:00','2013-05-07 23:00:00');
INSERT INTO `__PREFIX__cities` (`country_code`, `name`, `longitude`, `latitude`, `feature_class`, `feature_code`, `subadmin1_code`, `subadmin2_code`, `population`, `time_zone`, `active`, `created_at`, `updated_at`) VALUES ('IR','{\"en\":\"Ābyek\"}',50.55,36.07,'P','PPL','IR.34',NULL,55128,'Asia/Tehran',1,'2006-08-20 23:00:00','2006-08-20 23:00:00');
INSERT INTO `__PREFIX__cities` (`country_code`, `name`, `longitude`, `latitude`, `feature_class`, `feature_code`, `subadmin1_code`, `subadmin2_code`, `population`, `time_zone`, `active`, `created_at`, `updated_at`) VALUES ('IR','{\"en\":\"Abhar\"}',49.22,36.15,'P','PPLA2','IR.36',NULL,69889,'Asia/Tehran',1,'2017-07-31 23:00:00','2017-07-31 23:00:00');
INSERT INTO `__PREFIX__cities` (`country_code`, `name`, `longitude`, `latitude`, `feature_class`, `feature_code`, `subadmin1_code`, `subadmin2_code`, `population`, `time_zone`, `active`, `created_at`, `updated_at`) VALUES ('IR','{\"en\":\"Ābdānān\"}',47.42,32.99,'P','PPLA2','IR.10',NULL,19360,'Asia/Tehran',1,'2018-05-07 23:00:00','2018-05-07 23:00:00');
INSERT INTO `__PREFIX__cities` (`country_code`, `name`, `longitude`, `latitude`, `feature_class`, `feature_code`, `subadmin1_code`, `subadmin2_code`, `population`, `time_zone`, `active`, `created_at`, `updated_at`) VALUES ('IR','{\"en\":\"\'Abās Ābād\"}',51.11,36.73,'P','PPLA2','IR.35',NULL,13482,'Asia/Tehran',1,'2020-06-22 23:00:00','2020-06-22 23:00:00');
INSERT INTO `__PREFIX__cities` (`country_code`, `name`, `longitude`, `latitude`, `feature_class`, `feature_code`, `subadmin1_code`, `subadmin2_code`, `population`, `time_zone`, `active`, `created_at`, `updated_at`) VALUES ('IR','{\"en\":\"Abadeh\"}',52.65,31.16,'P','PPLA2','IR.07',NULL,59116,'Asia/Tehran',1,'2020-06-29 23:00:00','2020-06-29 23:00:00');
INSERT INTO `__PREFIX__cities` (`country_code`, `name`, `longitude`, `latitude`, `feature_class`, `feature_code`, `subadmin1_code`, `subadmin2_code`, `population`, `time_zone`, `active`, `created_at`, `updated_at`) VALUES ('IR','{\"en\":\"Abadan\"}',48.30,30.34,'P','PPL','IR.15',NULL,370180,'Asia/Tehran',1,'2019-09-04 23:00:00','2019-09-04 23:00:00');
INSERT INTO `__PREFIX__cities` (`country_code`, `name`, `longitude`, `latitude`, `feature_class`, `feature_code`, `subadmin1_code`, `subadmin2_code`, `population`, `time_zone`, `active`, `created_at`, `updated_at`) VALUES ('IR','{\"en\":\"Pāsārgād\"}',53.18,30.20,'P','PPL','IR.07',NULL,29825,'Asia/Tehran',1,'2016-11-12 23:00:00','2016-11-12 23:00:00');
INSERT INTO `__PREFIX__cities` (`country_code`, `name`, `longitude`, `latitude`, `feature_class`, `feature_code`, `subadmin1_code`, `subadmin2_code`, `population`, `time_zone`, `active`, `created_at`, `updated_at`) VALUES ('IR','{\"en\":\"Shahrak-e Pābedānā\"}',56.40,31.13,'P','PPL','IR.29',NULL,6503,'Asia/Tehran',1,'2013-05-04 23:00:00','2013-05-04 23:00:00');
INSERT INTO `__PREFIX__cities` (`country_code`, `name`, `longitude`, `latitude`, `feature_class`, `feature_code`, `subadmin1_code`, `subadmin2_code`, `population`, `time_zone`, `active`, `created_at`, `updated_at`) VALUES ('IR','{\"en\":\"Eqbālīyeh\"}',51.54,35.30,'P','PPL','IR.26',NULL,36709,'Asia/Tehran',1,'2012-12-05 23:00:00','2012-12-05 23:00:00');
INSERT INTO `__PREFIX__cities` (`country_code`, `name`, `longitude`, `latitude`, `feature_class`, `feature_code`, `subadmin1_code`, `subadmin2_code`, `population`, `time_zone`, `active`, `created_at`, `updated_at`) VALUES ('IR','{\"en\":\"Rehnān\"}',51.60,32.68,'P','PPL','IR.28',NULL,49143,'Asia/Tehran',1,'2020-06-10 23:00:00','2020-06-10 23:00:00');
INSERT INTO `__PREFIX__cities` (`country_code`, `name`, `longitude`, `latitude`, `feature_class`, `feature_code`, `subadmin1_code`, `subadmin2_code`, `population`, `time_zone`, `active`, `created_at`, `updated_at`) VALUES ('IR','{\"en\":\"Qahderījān\"}',51.45,32.58,'P','PPL','IR.28',NULL,29392,'Asia/Tehran',1,'2020-01-08 23:00:00','2020-01-08 23:00:00');
INSERT INTO `__PREFIX__cities` (`country_code`, `name`, `longitude`, `latitude`, `feature_class`, `feature_code`, `subadmin1_code`, `subadmin2_code`, `population`, `time_zone`, `active`, `created_at`, `updated_at`) VALUES ('IR','{\"en\":\"Najafābād\"}',51.37,32.63,'P','PPLA2','IR.28',NULL,223450,'Asia/Tehran',1,'2020-01-08 23:00:00','2020-01-08 23:00:00');
INSERT INTO `__PREFIX__cities` (`country_code`, `name`, `longitude`, `latitude`, `feature_class`, `feature_code`, `subadmin1_code`, `subadmin2_code`, `population`, `time_zone`, `active`, `created_at`, `updated_at`) VALUES ('IR','{\"en\":\"Khomeynī Shahr\"}',51.54,32.69,'P','PPLA2','IR.28',NULL,277334,'Asia/Tehran',1,'2020-06-10 23:00:00','2020-06-10 23:00:00');
INSERT INTO `__PREFIX__cities` (`country_code`, `name`, `longitude`, `latitude`, `feature_class`, `feature_code`, `subadmin1_code`, `subadmin2_code`, `population`, `time_zone`, `active`, `created_at`, `updated_at`) VALUES ('IR','{\"en\":\"Kelīshād va Sūdarjān\"}',51.53,32.55,'P','PPL','IR.28',NULL,33630,'Asia/Tehran',1,'2014-10-01 23:00:00','2014-10-01 23:00:00');
INSERT INTO `__PREFIX__cities` (`country_code`, `name`, `longitude`, `latitude`, `feature_class`, `feature_code`, `subadmin1_code`, `subadmin2_code`, `population`, `time_zone`, `active`, `created_at`, `updated_at`) VALUES ('IR','{\"en\":\"Falāvarjān\"}',51.51,32.56,'P','PPLA2','IR.28',NULL,49843,'Asia/Tehran',1,'2014-09-05 23:00:00','2014-09-05 23:00:00');
INSERT INTO `__PREFIX__cities` (`country_code`, `name`, `longitude`, `latitude`, `feature_class`, `feature_code`, `subadmin1_code`, `subadmin2_code`, `population`, `time_zone`, `active`, `created_at`, `updated_at`) VALUES ('IR','{\"en\":\"Isfahan\"}',51.67,32.65,'P','PPLA','IR.28',NULL,1547164,'Asia/Tehran',1,'2019-09-04 23:00:00','2019-09-04 23:00:00');
INSERT INTO `__PREFIX__cities` (`country_code`, `name`, `longitude`, `latitude`, `feature_class`, `feature_code`, `subadmin1_code`, `subadmin2_code`, `population`, `time_zone`, `active`, `created_at`, `updated_at`) VALUES ('IR','{\"en\":\"Dowlatābād\"}',51.70,32.80,'P','PPLA2','IR.28',NULL,33607,'Asia/Tehran',1,'2014-09-05 23:00:00','2014-09-05 23:00:00');
INSERT INTO `__PREFIX__cities` (`country_code`, `name`, `longitude`, `latitude`, `feature_class`, `feature_code`, `subadmin1_code`, `subadmin2_code`, `population`, `time_zone`, `active`, `created_at`, `updated_at`) VALUES ('IR','{\"en\":\"Dorcheh Pīāz\"}',51.56,32.62,'P','PPL','IR.28',NULL,37462,'Asia/Tehran',1,'2011-09-11 23:00:00','2011-09-11 23:00:00');
INSERT INTO `__PREFIX__cities` (`country_code`, `name`, `longitude`, `latitude`, `feature_class`, `feature_code`, `subadmin1_code`, `subadmin2_code`, `population`, `time_zone`, `active`, `created_at`, `updated_at`) VALUES ('IR','{\"en\":\"Abrīsham\"}',51.57,32.56,'P','PPL','IR.28',NULL,20000,'Asia/Tehran',1,'2018-10-27 23:00:00','2018-10-27 23:00:00');
INSERT INTO `__PREFIX__cities` (`country_code`, `name`, `longitude`, `latitude`, `feature_class`, `feature_code`, `subadmin1_code`, `subadmin2_code`, `population`, `time_zone`, `active`, `created_at`, `updated_at`) VALUES ('IR','{\"en\":\"Zābol\"}',61.49,31.03,'P','PPLA2','IR.04',NULL,121989,'Asia/Tehran',1,'2017-02-07 23:00:00','2017-02-07 23:00:00');
INSERT INTO `__PREFIX__cities` (`country_code`, `name`, `longitude`, `latitude`, `feature_class`, `feature_code`, `subadmin1_code`, `subadmin2_code`, `population`, `time_zone`, `active`, `created_at`, `updated_at`) VALUES ('IR','{\"en\":\"Zahedan\"}',60.86,29.50,'P','PPLA','IR.04',NULL,551980,'Asia/Tehran',1,'2019-09-04 23:00:00','2019-09-04 23:00:00');
INSERT INTO `__PREFIX__cities` (`country_code`, `name`, `longitude`, `latitude`, `feature_class`, `feature_code`, `subadmin1_code`, `subadmin2_code`, `population`, `time_zone`, `active`, `created_at`, `updated_at`) VALUES ('IR','{\"en\":\"Torbat-e Jām\"}',60.62,35.24,'P','PPLA2','IR.42',NULL,58928,'Asia/Tehran',1,'2020-06-09 23:00:00','2020-06-09 23:00:00');
INSERT INTO `__PREFIX__cities` (`country_code`, `name`, `longitude`, `latitude`, `feature_class`, `feature_code`, `subadmin1_code`, `subadmin2_code`, `population`, `time_zone`, `active`, `created_at`, `updated_at`) VALUES ('IR','{\"en\":\"Tāybād\"}',60.78,34.74,'P','PPLA2','IR.42',NULL,37513,'Asia/Tehran',1,'2020-06-09 23:00:00','2020-06-09 23:00:00');
INSERT INTO `__PREFIX__cities` (`country_code`, `name`, `longitude`, `latitude`, `feature_class`, `feature_code`, `subadmin1_code`, `subadmin2_code`, `population`, `time_zone`, `active`, `created_at`, `updated_at`) VALUES ('IR','{\"en\":\"Sarakhs\"}',61.16,36.54,'P','PPLA2','IR.42',NULL,46499,'Asia/Tehran',1,'2014-09-03 23:00:00','2014-09-03 23:00:00');
INSERT INTO `__PREFIX__cities` (`country_code`, `name`, `longitude`, `latitude`, `feature_class`, `feature_code`, `subadmin1_code`, `subadmin2_code`, `population`, `time_zone`, `active`, `created_at`, `updated_at`) VALUES ('IR','{\"en\":\"Qaşr-e Qand\"}',60.75,26.25,'P','PPL','IR.04',NULL,37722,'Asia/Tehran',1,'2020-06-09 23:00:00','2020-06-09 23:00:00');
INSERT INTO `__PREFIX__cities` (`country_code`, `name`, `longitude`, `latitude`, `feature_class`, `feature_code`, `subadmin1_code`, `subadmin2_code`, `population`, `time_zone`, `active`, `created_at`, `updated_at`) VALUES ('IR','{\"en\":\"Nīkshahr\"}',60.21,26.23,'P','PPLA2','IR.04','IR.04.1482504',17000,'Asia/Tehran',1,'2020-06-09 23:00:00','2020-06-09 23:00:00');
INSERT INTO `__PREFIX__cities` (`country_code`, `name`, `longitude`, `latitude`, `feature_class`, `feature_code`, `subadmin1_code`, `subadmin2_code`, `population`, `time_zone`, `active`, `created_at`, `updated_at`) VALUES ('IR','{\"en\":\"Khāsh\"}',61.22,28.22,'P','PPLA2','IR.04',NULL,69603,'Asia/Tehran',1,'2020-06-09 23:00:00','2020-06-09 23:00:00');
INSERT INTO `__PREFIX__cities` (`country_code`, `name`, `longitude`, `latitude`, `feature_class`, `feature_code`, `subadmin1_code`, `subadmin2_code`, `population`, `time_zone`, `active`, `created_at`, `updated_at`) VALUES ('IR','{\"en\":\"Iranshahr\"}',60.68,27.20,'P','PPLA2','IR.04',NULL,131232,'Asia/Tehran',1,'2017-02-24 23:00:00','2017-02-24 23:00:00');
INSERT INTO `__PREFIX__cities` (`country_code`, `name`, `longitude`, `latitude`, `feature_class`, `feature_code`, `subadmin1_code`, `subadmin2_code`, `population`, `time_zone`, `active`, `created_at`, `updated_at`) VALUES ('IR','{\"en\":\"Chabahar\"}',60.64,25.29,'P','PPLA2','IR.04',NULL,47287,'Asia/Tehran',1,'2015-10-02 23:00:00','2015-10-02 23:00:00');
INSERT INTO `__PREFIX__cities` (`country_code`, `name`, `longitude`, `latitude`, `feature_class`, `feature_code`, `subadmin1_code`, `subadmin2_code`, `population`, `time_zone`, `active`, `created_at`, `updated_at`) VALUES ('IR','{\"en\":\"Mahdishahr\"}',53.35,35.71,'P','PPLA2','IR.25','IR.25.124337',21000,'Asia/Tehran',1,'2014-01-04 23:00:00','2014-01-04 23:00:00');
INSERT INTO `__PREFIX__cities` (`country_code`, `name`, `longitude`, `latitude`, `feature_class`, `feature_code`, `subadmin1_code`, `subadmin2_code`, `population`, `time_zone`, `active`, `created_at`, `updated_at`) VALUES ('IR','{\"en\":\"Pasragad Branch\"}',48.47,34.78,'P','PPL','IR.09',NULL,787878,'Asia/Tehran',1,'2015-09-01 23:00:00','2015-09-01 23:00:00');
/*!40000 ALTER TABLE `__PREFIX__cities` ENABLE KEYS */;
/*!40103 SET TIME_ZONE=@OLD_TIME_ZONE */;

/*!40101 SET SQL_MODE=@OLD_SQL_MODE */;
/*!40014 SET FOREIGN_KEY_CHECKS=@OLD_FOREIGN_KEY_CHECKS */;
/*!40014 SET UNIQUE_CHECKS=@OLD_UNIQUE_CHECKS */;
/*!40101 SET CHARACTER_SET_CLIENT=@OLD_CHARACTER_SET_CLIENT */;
/*!40101 SET CHARACTER_SET_RESULTS=@OLD_CHARACTER_SET_RESULTS */;
/*!40101 SET COLLATION_CONNECTION=@OLD_COLLATION_CONNECTION */;
/*!40111 SET SQL_NOTES=@OLD_SQL_NOTES */;

-- Dump completed
