-- MySQL dump 10.13  Distrib 5.7.34, for osx10.12 (x86_64)
--
-- Host: 127.0.0.1    Database: laraclassifier
-- ------------------------------------------------------
-- Server version	5.7.34

/*!40101 SET @OLD_CHARACTER_SET_CLIENT=@@CHARACTER_SET_CLIENT */;
/*!40101 SET @OLD_CHARACTER_SET_RESULTS=@@CHARACTER_SET_RESULTS */;
/*!40101 SET @OLD_COLLATION_CONNECTION=@@COLLATION_CONNECTION */;
/*!40101 SET NAMES utf8 */;
/*!40103 SET @OLD_TIME_ZONE=@@TIME_ZONE */;
/*!40103 SET TIME_ZONE='+00:00' */;
/*!40014 SET @OLD_UNIQUE_CHECKS=@@UNIQUE_CHECKS, UNIQUE_CHECKS=0 */;
/*!40014 SET @OLD_FOREIGN_KEY_CHECKS=@@FOREIGN_KEY_CHECKS, FOREIGN_KEY_CHECKS=0 */;
/*!40101 SET @OLD_SQL_MODE=@@SQL_MODE, SQL_MODE='NO_AUTO_VALUE_ON_ZERO' */;
/*!40111 SET @OLD_SQL_NOTES=@@SQL_NOTES, SQL_NOTES=0 */;

--
-- Dumping data for table `__PREFIX__subadmin1`
--

/*!40000 ALTER TABLE `__PREFIX__subadmin1` DISABLE KEYS */;
INSERT INTO `__PREFIX__subadmin1` (`code`, `country_code`, `name`, `active`) VALUES ('JM.16','JM','{\"en\":\"Westmoreland\"}',1);
INSERT INTO `__PREFIX__subadmin1` (`code`, `country_code`, `name`, `active`) VALUES ('JM.15','JM','{\"en\":\"Trelawny\"}',1);
INSERT INTO `__PREFIX__subadmin1` (`code`, `country_code`, `name`, `active`) VALUES ('JM.14','JM','{\"en\":\"St. Thomas\"}',1);
INSERT INTO `__PREFIX__subadmin1` (`code`, `country_code`, `name`, `active`) VALUES ('JM.13','JM','{\"en\":\"St. Mary\"}',1);
INSERT INTO `__PREFIX__subadmin1` (`code`, `country_code`, `name`, `active`) VALUES ('JM.12','JM','{\"en\":\"St. James\"}',1);
INSERT INTO `__PREFIX__subadmin1` (`code`, `country_code`, `name`, `active`) VALUES ('JM.11','JM','{\"en\":\"St. Elizabeth\"}',1);
INSERT INTO `__PREFIX__subadmin1` (`code`, `country_code`, `name`, `active`) VALUES ('JM.10','JM','{\"en\":\"Saint Catherine\"}',1);
INSERT INTO `__PREFIX__subadmin1` (`code`, `country_code`, `name`, `active`) VALUES ('JM.09','JM','{\"en\":\"St Ann\"}',1);
INSERT INTO `__PREFIX__subadmin1` (`code`, `country_code`, `name`, `active`) VALUES ('JM.08','JM','{\"en\":\"St. Andrew\"}',1);
INSERT INTO `__PREFIX__subadmin1` (`code`, `country_code`, `name`, `active`) VALUES ('JM.07','JM','{\"en\":\"Portland\"}',1);
INSERT INTO `__PREFIX__subadmin1` (`code`, `country_code`, `name`, `active`) VALUES ('JM.04','JM','{\"en\":\"Manchester\"}',1);
INSERT INTO `__PREFIX__subadmin1` (`code`, `country_code`, `name`, `active`) VALUES ('JM.17','JM','{\"en\":\"Kingston\"}',1);
INSERT INTO `__PREFIX__subadmin1` (`code`, `country_code`, `name`, `active`) VALUES ('JM.02','JM','{\"en\":\"Hanover\"}',1);
INSERT INTO `__PREFIX__subadmin1` (`code`, `country_code`, `name`, `active`) VALUES ('JM.01','JM','{\"en\":\"Clarendon\"}',1);
/*!40000 ALTER TABLE `__PREFIX__subadmin1` ENABLE KEYS */;

--
-- Dumping data for table `__PREFIX__subadmin2`
--

/*!40000 ALTER TABLE `__PREFIX__subadmin2` DISABLE KEYS */;
INSERT INTO `__PREFIX__subadmin2` (`code`, `country_code`, `subadmin1_code`, `name`, `active`) VALUES ('JM.15.728','JM','JM.15','{\"en\":\"Troy\"}',1);
INSERT INTO `__PREFIX__subadmin2` (`code`, `country_code`, `subadmin1_code`, `name`, `active`) VALUES ('JM.07.415','JM','JM.07','{\"en\":\"Central Port Antonio\"}',1);
INSERT INTO `__PREFIX__subadmin2` (`code`, `country_code`, `subadmin1_code`, `name`, `active`) VALUES ('JM.07.438','JM','JM.07','{\"en\":\"Claverty Cottage\"}',1);
INSERT INTO `__PREFIX__subadmin2` (`code`, `country_code`, `subadmin1_code`, `name`, `active`) VALUES ('JM.13.521','JM','JM.13','{\"en\":\"Woodpark\"}',1);
INSERT INTO `__PREFIX__subadmin2` (`code`, `country_code`, `subadmin1_code`, `name`, `active`) VALUES ('JM.08.15110','JM','JM.08','{\"en\":\"Lawrence Tavern\"}',1);
INSERT INTO `__PREFIX__subadmin2` (`code`, `country_code`, `subadmin1_code`, `name`, `active`) VALUES ('JM.08.15124','JM','JM.08','{\"en\":\"Mavis Bank\"}',1);
INSERT INTO `__PREFIX__subadmin2` (`code`, `country_code`, `subadmin1_code`, `name`, `active`) VALUES ('JM.08.15023','JM','JM.08','{\"en\":\"Norbrook\"}',1);
INSERT INTO `__PREFIX__subadmin2` (`code`, `country_code`, `subadmin1_code`, `name`, `active`) VALUES ('JM.08.15040','JM','JM.08','{\"en\":\"Patrick City\"}',1);
INSERT INTO `__PREFIX__subadmin2` (`code`, `country_code`, `subadmin1_code`, `name`, `active`) VALUES ('JM.08.15027','JM','JM.08','{\"en\":\"Constant Spring Gardens\"}',1);
INSERT INTO `__PREFIX__subadmin2` (`code`, `country_code`, `subadmin1_code`, `name`, `active`) VALUES ('JM.08.15035','JM','JM.08','{\"en\":\"Forest Hills/ Plantation Height\"}',1);
INSERT INTO `__PREFIX__subadmin2` (`code`, `country_code`, `subadmin1_code`, `name`, `active`) VALUES ('JM.08.15011','JM','JM.08','{\"en\":\"Barbican\"}',1);
INSERT INTO `__PREFIX__subadmin2` (`code`, `country_code`, `subadmin1_code`, `name`, `active`) VALUES ('JM.08.15012','JM','JM.08','{\"en\":\"Liguanea\"}',1);
INSERT INTO `__PREFIX__subadmin2` (`code`, `country_code`, `subadmin1_code`, `name`, `active`) VALUES ('JM.08.15015','JM','JM.08','{\"en\":\"Seymour Lands\"}',1);
INSERT INTO `__PREFIX__subadmin2` (`code`, `country_code`, `subadmin1_code`, `name`, `active`) VALUES ('JM.08.15080','JM','JM.08','{\"en\":\"Stadium Gardens\"}',1);
INSERT INTO `__PREFIX__subadmin2` (`code`, `country_code`, `subadmin1_code`, `name`, `active`) VALUES ('JM.04.1213','JM','JM.04','{\"en\":\"Part of Spaldings\"}',1);
INSERT INTO `__PREFIX__subadmin2` (`code`, `country_code`, `subadmin1_code`, `name`, `active`) VALUES ('JM.08.15078','JM','JM.08','{\"en\":\"Cross Roads\"}',1);
INSERT INTO `__PREFIX__subadmin2` (`code`, `country_code`, `subadmin1_code`, `name`, `active`) VALUES ('JM.08.15030','JM','JM.08','{\"en\":\"Whitehall\"}',1);
INSERT INTO `__PREFIX__subadmin2` (`code`, `country_code`, `subadmin1_code`, `name`, `active`) VALUES ('JM.08.15019','JM','JM.08','{\"en\":\"Drumblair\"}',1);
INSERT INTO `__PREFIX__subadmin2` (`code`, `country_code`, `subadmin1_code`, `name`, `active`) VALUES ('JM.08.15061','JM','JM.08','{\"en\":\"Molynes Gardens\"}',1);
INSERT INTO `__PREFIX__subadmin2` (`code`, `country_code`, `subadmin1_code`, `name`, `active`) VALUES ('JM.08.15013','JM','JM.08','{\"en\":\"Beverley Hills\"}',1);
INSERT INTO `__PREFIX__subadmin2` (`code`, `country_code`, `subadmin1_code`, `name`, `active`) VALUES ('JM.08.15064','JM','JM.08','{\"en\":\"Molynes Four Roads\"}',1);
INSERT INTO `__PREFIX__subadmin2` (`code`, `country_code`, `subadmin1_code`, `name`, `active`) VALUES ('JM.12.872','JM','JM.12','{\"en\":\"Retrieve\"}',1);
INSERT INTO `__PREFIX__subadmin2` (`code`, `country_code`, `subadmin1_code`, `name`, `active`) VALUES ('JM.12.878','JM','JM.12','{\"en\":\"Stonehenge\"}',1);
INSERT INTO `__PREFIX__subadmin2` (`code`, `country_code`, `subadmin1_code`, `name`, `active`) VALUES ('JM.08.15083','JM','JM.08','{\"en\":\"Mountain View Gardens\"}',1);
INSERT INTO `__PREFIX__subadmin2` (`code`, `country_code`, `subadmin1_code`, `name`, `active`) VALUES ('JM.08.15119','JM','JM.08','{\"en\":\"Woodford\"}',1);
INSERT INTO `__PREFIX__subadmin2` (`code`, `country_code`, `subadmin1_code`, `name`, `active`) VALUES ('JM.08.15024','JM','JM.08','{\"en\":\"Stony Hill\"}',1);
INSERT INTO `__PREFIX__subadmin2` (`code`, `country_code`, `subadmin1_code`, `name`, `active`) VALUES ('JM.08.15033','JM','JM.08','{\"en\":\"Mannings Hill\"}',1);
INSERT INTO `__PREFIX__subadmin2` (`code`, `country_code`, `subadmin1_code`, `name`, `active`) VALUES ('JM.08.15025','JM','JM.08','{\"en\":\"Constant Spring\"}',1);
INSERT INTO `__PREFIX__subadmin2` (`code`, `country_code`, `subadmin1_code`, `name`, `active`) VALUES ('JM.08.15032','JM','JM.08','{\"en\":\"Havendale\"}',1);
INSERT INTO `__PREFIX__subadmin2` (`code`, `country_code`, `subadmin1_code`, `name`, `active`) VALUES ('JM.08.15009','JM','JM.08','{\"en\":\"Jacks Hill\"}',1);
INSERT INTO `__PREFIX__subadmin2` (`code`, `country_code`, `subadmin1_code`, `name`, `active`) VALUES ('JM.17.15086','JM','JM.17','{\"en\":\"Port Royal\"}',1);
INSERT INTO `__PREFIX__subadmin2` (`code`, `country_code`, `subadmin1_code`, `name`, `active`) VALUES ('JM.08.15085','JM','JM.08','{\"en\":\"Bull Bay/ Seven Mile\"}',1);
INSERT INTO `__PREFIX__subadmin2` (`code`, `country_code`, `subadmin1_code`, `name`, `active`) VALUES ('JM.08.15068','JM','JM.08','{\"en\":\"Greenwich Town/ Newport West\"}',1);
INSERT INTO `__PREFIX__subadmin2` (`code`, `country_code`, `subadmin1_code`, `name`, `active`) VALUES ('JM.17.15105','JM','JM.17','{\"en\":\"Southside\"}',1);
INSERT INTO `__PREFIX__subadmin2` (`code`, `country_code`, `subadmin1_code`, `name`, `active`) VALUES ('JM.08.15126','JM','JM.08','{\"en\":\"Constitution Hill\"}',1);
INSERT INTO `__PREFIX__subadmin2` (`code`, `country_code`, `subadmin1_code`, `name`, `active`) VALUES ('JM.08.15010','JM','JM.08','{\"en\":\"Hope Pastures/ UTECH\"}',1);
INSERT INTO `__PREFIX__subadmin2` (`code`, `country_code`, `subadmin1_code`, `name`, `active`) VALUES ('JM.08.15006','JM','JM.08','{\"en\":\"Papine\"}',1);
INSERT INTO `__PREFIX__subadmin2` (`code`, `country_code`, `subadmin1_code`, `name`, `active`) VALUES ('JM.08.15003','JM','JM.08','{\"en\":\"University\"}',1);
INSERT INTO `__PREFIX__subadmin2` (`code`, `country_code`, `subadmin1_code`, `name`, `active`) VALUES ('JM.12.814','JM','JM.12','{\"en\":\"Norwood\"}',1);
INSERT INTO `__PREFIX__subadmin2` (`code`, `country_code`, `subadmin1_code`, `name`, `active`) VALUES ('JM.16.1040','JM','JM.16','{\"en\":\"Negril\"}',1);
INSERT INTO `__PREFIX__subadmin2` (`code`, `country_code`, `subadmin1_code`, `name`, `active`) VALUES ('JM.16.1046','JM','JM.16','{\"en\":\"Little London\"}',1);
INSERT INTO `__PREFIX__subadmin2` (`code`, `country_code`, `subadmin1_code`, `name`, `active`) VALUES ('JM.16.1035','JM','JM.16','{\"en\":\"Frome\"}',1);
INSERT INTO `__PREFIX__subadmin2` (`code`, `country_code`, `subadmin1_code`, `name`, `active`) VALUES ('JM.16.1019','JM','JM.16','{\"en\":\"Bethel Town\"}',1);
INSERT INTO `__PREFIX__subadmin2` (`code`, `country_code`, `subadmin1_code`, `name`, `active`) VALUES ('JM.16.1029','JM','JM.16','{\"en\":\"Darliston\"}',1);
INSERT INTO `__PREFIX__subadmin2` (`code`, `country_code`, `subadmin1_code`, `name`, `active`) VALUES ('JM.09.601','JM','JM.09','{\"en\":\"Discovery Bay\"}',1);
INSERT INTO `__PREFIX__subadmin2` (`code`, `country_code`, `subadmin1_code`, `name`, `active`) VALUES ('JM.16.1064','JM','JM.16','{\"en\":\"Water Works\"}',1);
INSERT INTO `__PREFIX__subadmin2` (`code`, `country_code`, `subadmin1_code`, `name`, `active`) VALUES ('JM.09.623','JM','JM.09','{\"en\":\"Browns Town\"}',1);
INSERT INTO `__PREFIX__subadmin2` (`code`, `country_code`, `subadmin1_code`, `name`, `active`) VALUES ('JM.12.825','JM','JM.12','{\"en\":\"Dumfries\"}',1);
INSERT INTO `__PREFIX__subadmin2` (`code`, `country_code`, `subadmin1_code`, `name`, `active`) VALUES ('JM.16.1059','JM','JM.16','{\"en\":\"Smithfield\"}',1);
INSERT INTO `__PREFIX__subadmin2` (`code`, `country_code`, `subadmin1_code`, `name`, `active`) VALUES ('JM.16.1051','JM','JM.16','{\"en\":\"Gooden\'s River\"}',1);
INSERT INTO `__PREFIX__subadmin2` (`code`, `country_code`, `subadmin1_code`, `name`, `active`) VALUES ('JM.09.602','JM','JM.09','{\"en\":\"Runaway Bay\"}',1);
INSERT INTO `__PREFIX__subadmin2` (`code`, `country_code`, `subadmin1_code`, `name`, `active`) VALUES ('JM.09.605','JM','JM.09','{\"en\":\"Priory\"}',1);
INSERT INTO `__PREFIX__subadmin2` (`code`, `country_code`, `subadmin1_code`, `name`, `active`) VALUES ('JM.09.620','JM','JM.09','{\"en\":\"Bamboo\"}',1);
INSERT INTO `__PREFIX__subadmin2` (`code`, `country_code`, `subadmin1_code`, `name`, `active`) VALUES ('JM.10.1437','JM','JM.10','{\"en\":\"Cromarty\"}',1);
INSERT INTO `__PREFIX__subadmin2` (`code`, `country_code`, `subadmin1_code`, `name`, `active`) VALUES ('JM.16.1060','JM','JM.16','{\"en\":\"Chantilly\"}',1);
INSERT INTO `__PREFIX__subadmin2` (`code`, `country_code`, `subadmin1_code`, `name`, `active`) VALUES ('JM.02.906','JM','JM.02','{\"en\":\"Jericho\"}',1);
INSERT INTO `__PREFIX__subadmin2` (`code`, `country_code`, `subadmin1_code`, `name`, `active`) VALUES ('JM.16.1058','JM','JM.16','{\"en\":\"Russia\"}',1);
INSERT INTO `__PREFIX__subadmin2` (`code`, `country_code`, `subadmin1_code`, `name`, `active`) VALUES ('JM.16.1053','JM','JM.16','{\"en\":\"Harmony Town\"}',1);
INSERT INTO `__PREFIX__subadmin2` (`code`, `country_code`, `subadmin1_code`, `name`, `active`) VALUES ('JM.01.1305','JM','JM.01','{\"en\":\"Aenon Town\"}',1);
INSERT INTO `__PREFIX__subadmin2` (`code`, `country_code`, `subadmin1_code`, `name`, `active`) VALUES ('JM.01.1306','JM','JM.01','{\"en\":\"Johns Hall\"}',1);
INSERT INTO `__PREFIX__subadmin2` (`code`, `country_code`, `subadmin1_code`, `name`, `active`) VALUES ('JM.01.1304','JM','JM.01','{\"en\":\"Morgans Forest\"}',1);
INSERT INTO `__PREFIX__subadmin2` (`code`, `country_code`, `subadmin1_code`, `name`, `active`) VALUES ('JM.01.1301','JM','JM.01','{\"en\":\"Silent Hill\"}',1);
INSERT INTO `__PREFIX__subadmin2` (`code`, `country_code`, `subadmin1_code`, `name`, `active`) VALUES ('JM.01.1308','JM','JM.01','{\"en\":\"Part of Douglas Castle\"}',1);
INSERT INTO `__PREFIX__subadmin2` (`code`, `country_code`, `subadmin1_code`, `name`, `active`) VALUES ('JM.01.1302','JM','JM.01','{\"en\":\"Spaldings\"}',1);
INSERT INTO `__PREFIX__subadmin2` (`code`, `country_code`, `subadmin1_code`, `name`, `active`) VALUES ('JM.01.1309','JM','JM.01','{\"en\":\"Part of Kellits\"}',1);
INSERT INTO `__PREFIX__subadmin2` (`code`, `country_code`, `subadmin1_code`, `name`, `active`) VALUES ('JM.01.1303','JM','JM.01','{\"en\":\"Alston\"}',1);
INSERT INTO `__PREFIX__subadmin2` (`code`, `country_code`, `subadmin1_code`, `name`, `active`) VALUES ('JM.01.1317','JM','JM.01','{\"en\":\"Peckham\"}',1);
INSERT INTO `__PREFIX__subadmin2` (`code`, `country_code`, `subadmin1_code`, `name`, `active`) VALUES ('JM.01.1315','JM','JM.01','{\"en\":\"Trout Hall\"}',1);
INSERT INTO `__PREFIX__subadmin2` (`code`, `country_code`, `subadmin1_code`, `name`, `active`) VALUES ('JM.01.1319','JM','JM.01','{\"en\":\"Sanguinetti\"}',1);
INSERT INTO `__PREFIX__subadmin2` (`code`, `country_code`, `subadmin1_code`, `name`, `active`) VALUES ('JM.01.1311','JM','JM.01','{\"en\":\"Crofts Hill\"}',1);
INSERT INTO `__PREFIX__subadmin2` (`code`, `country_code`, `subadmin1_code`, `name`, `active`) VALUES ('JM.01.1316','JM','JM.01','{\"en\":\"Frankfield\"}',1);
INSERT INTO `__PREFIX__subadmin2` (`code`, `country_code`, `subadmin1_code`, `name`, `active`) VALUES ('JM.01.1318','JM','JM.01','{\"en\":\"Grantham\"}',1);
INSERT INTO `__PREFIX__subadmin2` (`code`, `country_code`, `subadmin1_code`, `name`, `active`) VALUES ('JM.01.1310','JM','JM.01','{\"en\":\"Brandon Hill\"}',1);
INSERT INTO `__PREFIX__subadmin2` (`code`, `country_code`, `subadmin1_code`, `name`, `active`) VALUES ('JM.01.1314','JM','JM.01','{\"en\":\"Crooked River\"}',1);
INSERT INTO `__PREFIX__subadmin2` (`code`, `country_code`, `subadmin1_code`, `name`, `active`) VALUES ('JM.01.1320','JM','JM.01','{\"en\":\"Ritchies\"}',1);
INSERT INTO `__PREFIX__subadmin2` (`code`, `country_code`, `subadmin1_code`, `name`, `active`) VALUES ('JM.16.1077','JM','JM.16','{\"en\":\"Content\"}',1);
INSERT INTO `__PREFIX__subadmin2` (`code`, `country_code`, `subadmin1_code`, `name`, `active`) VALUES ('JM.01.1323','JM','JM.01','{\"en\":\"Smithville\"}',1);
INSERT INTO `__PREFIX__subadmin2` (`code`, `country_code`, `subadmin1_code`, `name`, `active`) VALUES ('JM.01.1324','JM','JM.01','{\"en\":\"Orange Hill\"}',1);
INSERT INTO `__PREFIX__subadmin2` (`code`, `country_code`, `subadmin1_code`, `name`, `active`) VALUES ('JM.01.1328','JM','JM.01','{\"en\":\"Coxswain\"}',1);
INSERT INTO `__PREFIX__subadmin2` (`code`, `country_code`, `subadmin1_code`, `name`, `active`) VALUES ('JM.01.1325','JM','JM.01','{\"en\":\"Pennants\"}',1);
INSERT INTO `__PREFIX__subadmin2` (`code`, `country_code`, `subadmin1_code`, `name`, `active`) VALUES ('JM.01.1321','JM','JM.01','{\"en\":\"Cumberland\"}',1);
INSERT INTO `__PREFIX__subadmin2` (`code`, `country_code`, `subadmin1_code`, `name`, `active`) VALUES ('JM.01.1334','JM','JM.01','{\"en\":\"Thompson Town\"}',1);
INSERT INTO `__PREFIX__subadmin2` (`code`, `country_code`, `subadmin1_code`, `name`, `active`) VALUES ('JM.01.1326','JM','JM.01','{\"en\":\"Summerfield\"}',1);
INSERT INTO `__PREFIX__subadmin2` (`code`, `country_code`, `subadmin1_code`, `name`, `active`) VALUES ('JM.01.1329','JM','JM.01','{\"en\":\"Rock River\"}',1);
INSERT INTO `__PREFIX__subadmin2` (`code`, `country_code`, `subadmin1_code`, `name`, `active`) VALUES ('JM.01.1333','JM','JM.01','{\"en\":\"Beckford Kraal\"}',1);
INSERT INTO `__PREFIX__subadmin2` (`code`, `country_code`, `subadmin1_code`, `name`, `active`) VALUES ('JM.01.1327','JM','JM.01','{\"en\":\"Chapelton\"}',1);
INSERT INTO `__PREFIX__subadmin2` (`code`, `country_code`, `subadmin1_code`, `name`, `active`) VALUES ('JM.16.1079','JM','JM.16','{\"en\":\"Bluefields\"}',1);
INSERT INTO `__PREFIX__subadmin2` (`code`, `country_code`, `subadmin1_code`, `name`, `active`) VALUES ('JM.01.1343','JM','JM.01','{\"en\":\"New Denbigh\"}',1);
INSERT INTO `__PREFIX__subadmin2` (`code`, `country_code`, `subadmin1_code`, `name`, `active`) VALUES ('JM.01.1339','JM','JM.01','{\"en\":\"Rock\"}',1);
INSERT INTO `__PREFIX__subadmin2` (`code`, `country_code`, `subadmin1_code`, `name`, `active`) VALUES ('JM.01.1344','JM','JM.01','{\"en\":\"Treadlight\"}',1);
INSERT INTO `__PREFIX__subadmin2` (`code`, `country_code`, `subadmin1_code`, `name`, `active`) VALUES ('JM.01.1356','JM','JM.01','{\"en\":\"Osbourne Store\"}',1);
INSERT INTO `__PREFIX__subadmin2` (`code`, `country_code`, `subadmin1_code`, `name`, `active`) VALUES ('JM.01.1355','JM','JM.01','{\"en\":\"Four Paths\"}',1);
INSERT INTO `__PREFIX__subadmin2` (`code`, `country_code`, `subadmin1_code`, `name`, `active`) VALUES ('JM.01.1352','JM','JM.01','{\"en\":\"Bushy Park\"}',1);
INSERT INTO `__PREFIX__subadmin2` (`code`, `country_code`, `subadmin1_code`, `name`, `active`) VALUES ('JM.01.1366','JM','JM.01','{\"en\":\"Sandy Bay\"}',1);
INSERT INTO `__PREFIX__subadmin2` (`code`, `country_code`, `subadmin1_code`, `name`, `active`) VALUES ('JM.01.1350','JM','JM.01','{\"en\":\"Bucks Common\"}',1);
INSERT INTO `__PREFIX__subadmin2` (`code`, `country_code`, `subadmin1_code`, `name`, `active`) VALUES ('JM.01.1354','JM','JM.01','{\"en\":\"Old Denbigh\"}',1);
INSERT INTO `__PREFIX__subadmin2` (`code`, `country_code`, `subadmin1_code`, `name`, `active`) VALUES ('JM.01.1351','JM','JM.01','{\"en\":\"May Pen Proper\"}',1);
INSERT INTO `__PREFIX__subadmin2` (`code`, `country_code`, `subadmin1_code`, `name`, `active`) VALUES ('JM.01.1353','JM','JM.01','{\"en\":\"Glenmuir\"}',1);
INSERT INTO `__PREFIX__subadmin2` (`code`, `country_code`, `subadmin1_code`, `name`, `active`) VALUES ('JM.01.1365','JM','JM.01','{\"en\":\"Palmers Cross\"}',1);
INSERT INTO `__PREFIX__subadmin2` (`code`, `country_code`, `subadmin1_code`, `name`, `active`) VALUES ('JM.01.1364','JM','JM.01','{\"en\":\"Paisley\"}',1);
INSERT INTO `__PREFIX__subadmin2` (`code`, `country_code`, `subadmin1_code`, `name`, `active`) VALUES ('JM.01.1363','JM','JM.01','{\"en\":\"Hazard\"}',1);
INSERT INTO `__PREFIX__subadmin2` (`code`, `country_code`, `subadmin1_code`, `name`, `active`) VALUES ('JM.01.1360','JM','JM.01','{\"en\":\"York Town\"}',1);
INSERT INTO `__PREFIX__subadmin2` (`code`, `country_code`, `subadmin1_code`, `name`, `active`) VALUES ('JM.01.1361','JM','JM.01','{\"en\":\"Curatoe Hill\"}',1);
INSERT INTO `__PREFIX__subadmin2` (`code`, `country_code`, `subadmin1_code`, `name`, `active`) VALUES ('JM.16.1084','JM','JM.16','{\"en\":\"Whitehouse\"}',1);
INSERT INTO `__PREFIX__subadmin2` (`code`, `country_code`, `subadmin1_code`, `name`, `active`) VALUES ('JM.01.1372','JM','JM.01','{\"en\":\"Hayes\"}',1);
INSERT INTO `__PREFIX__subadmin2` (`code`, `country_code`, `subadmin1_code`, `name`, `active`) VALUES ('JM.01.1373','JM','JM.01','{\"en\":\"Gimme-me-bit\"}',1);
INSERT INTO `__PREFIX__subadmin2` (`code`, `country_code`, `subadmin1_code`, `name`, `active`) VALUES ('JM.01.1368','JM','JM.01','{\"en\":\"Inverness\"}',1);
INSERT INTO `__PREFIX__subadmin2` (`code`, `country_code`, `subadmin1_code`, `name`, `active`) VALUES ('JM.02.904','JM','JM.02','{\"en\":\"Lucea West\"}',1);
INSERT INTO `__PREFIX__subadmin2` (`code`, `country_code`, `subadmin1_code`, `name`, `active`) VALUES ('JM.02.907','JM','JM.02','{\"en\":\"Sandy Bay\"}',1);
INSERT INTO `__PREFIX__subadmin2` (`code`, `country_code`, `subadmin1_code`, `name`, `active`) VALUES ('JM.02.913','JM','JM.02','{\"en\":\"Chester Castle\"}',1);
INSERT INTO `__PREFIX__subadmin2` (`code`, `country_code`, `subadmin1_code`, `name`, `active`) VALUES ('JM.02.905','JM','JM.02','{\"en\":\"Lucea East\"}',1);
INSERT INTO `__PREFIX__subadmin2` (`code`, `country_code`, `subadmin1_code`, `name`, `active`) VALUES ('JM.02.931','JM','JM.02','{\"en\":\"Green Island\"}',1);
INSERT INTO `__PREFIX__subadmin2` (`code`, `country_code`, `subadmin1_code`, `name`, `active`) VALUES ('JM.01.1322','JM','JM.01','{\"en\":\"Coffee Piece\"}',1);
INSERT INTO `__PREFIX__subadmin2` (`code`, `country_code`, `subadmin1_code`, `name`, `active`) VALUES ('JM.01.1312','JM','JM.01','{\"en\":\"Colonels Ridge\"}',1);
INSERT INTO `__PREFIX__subadmin2` (`code`, `country_code`, `subadmin1_code`, `name`, `active`) VALUES ('JM.01.1313','JM','JM.01','{\"en\":\"Morgans Pass\"}',1);
INSERT INTO `__PREFIX__subadmin2` (`code`, `country_code`, `subadmin1_code`, `name`, `active`) VALUES ('JM.01.1362','JM','JM.01','{\"en\":\"Mineral Heights\"}',1);
INSERT INTO `__PREFIX__subadmin2` (`code`, `country_code`, `subadmin1_code`, `name`, `active`) VALUES ('JM.16.1048','JM','JM.16','{\"en\":\"Three Mile River\"}',1);
INSERT INTO `__PREFIX__subadmin2` (`code`, `country_code`, `subadmin1_code`, `name`, `active`) VALUES ('JM.02.910','JM','JM.02','{\"en\":\"Cacoon Castle\"}',1);
INSERT INTO `__PREFIX__subadmin2` (`code`, `country_code`, `subadmin1_code`, `name`, `active`) VALUES ('JM.02.921','JM','JM.02','{\"en\":\"Cascade\"}',1);
INSERT INTO `__PREFIX__subadmin2` (`code`, `country_code`, `subadmin1_code`, `name`, `active`) VALUES ('JM.02.924','JM','JM.02','{\"en\":\"Askenish\"}',1);
INSERT INTO `__PREFIX__subadmin2` (`code`, `country_code`, `subadmin1_code`, `name`, `active`) VALUES ('JM.09.642','JM','JM.09','{\"en\":\"Cascade\"}',1);
INSERT INTO `__PREFIX__subadmin2` (`code`, `country_code`, `subadmin1_code`, `name`, `active`) VALUES ('JM.09.619','JM','JM.09','{\"en\":\"Lime Hall\"}',1);
INSERT INTO `__PREFIX__subadmin2` (`code`, `country_code`, `subadmin1_code`, `name`, `active`) VALUES ('JM.09.608','JM','JM.09','{\"en\":\"Ocho Rios\"}',1);
INSERT INTO `__PREFIX__subadmin2` (`code`, `country_code`, `subadmin1_code`, `name`, `active`) VALUES ('JM.09.618','JM','JM.09','{\"en\":\"Chalky Hill\"}',1);
INSERT INTO `__PREFIX__subadmin2` (`code`, `country_code`, `subadmin1_code`, `name`, `active`) VALUES ('JM.02.916','JM','JM.02','{\"en\":\"Mount Peto\"}',1);
INSERT INTO `__PREFIX__subadmin2` (`code`, `country_code`, `subadmin1_code`, `name`, `active`) VALUES ('JM.09.624','JM','JM.09','{\"en\":\"Gibraltar (Moneague)\"}',1);
INSERT INTO `__PREFIX__subadmin2` (`code`, `country_code`, `subadmin1_code`, `name`, `active`) VALUES ('JM.02.936','JM','JM.02','{\"en\":\"Orange Bay\"}',1);
INSERT INTO `__PREFIX__subadmin2` (`code`, `country_code`, `subadmin1_code`, `name`, `active`) VALUES ('JM.04.1206','JM','JM.04','{\"en\":\"Good Intent\"}',1);
INSERT INTO `__PREFIX__subadmin2` (`code`, `country_code`, `subadmin1_code`, `name`, `active`) VALUES ('JM.04.1204','JM','JM.04','{\"en\":\"Coleyville\"}',1);
INSERT INTO `__PREFIX__subadmin2` (`code`, `country_code`, `subadmin1_code`, `name`, `active`) VALUES ('JM.04.1225','JM','JM.04','{\"en\":\"Walderston\"}',1);
INSERT INTO `__PREFIX__subadmin2` (`code`, `country_code`, `subadmin1_code`, `name`, `active`) VALUES ('JM.04.1245','JM','JM.04','{\"en\":\"Porus\"}',1);
INSERT INTO `__PREFIX__subadmin2` (`code`, `country_code`, `subadmin1_code`, `name`, `active`) VALUES ('JM.04.1273','JM','JM.04','{\"en\":\"Asia/Pratville\"}',1);
INSERT INTO `__PREFIX__subadmin2` (`code`, `country_code`, `subadmin1_code`, `name`, `active`) VALUES ('JM.07.417','JM','JM.07','{\"en\":\"Drapers\"}',1);
INSERT INTO `__PREFIX__subadmin2` (`code`, `country_code`, `subadmin1_code`, `name`, `active`) VALUES ('JM.07.414','JM','JM.07','{\"en\":\"Breastworks\"}',1);
INSERT INTO `__PREFIX__subadmin2` (`code`, `country_code`, `subadmin1_code`, `name`, `active`) VALUES ('JM.07.434','JM','JM.07','{\"en\":\"Fruitfulvale\"}',1);
INSERT INTO `__PREFIX__subadmin2` (`code`, `country_code`, `subadmin1_code`, `name`, `active`) VALUES ('JM.07.441','JM','JM.07','{\"en\":\"Bangor Ridge\"}',1);
INSERT INTO `__PREFIX__subadmin2` (`code`, `country_code`, `subadmin1_code`, `name`, `active`) VALUES ('JM.07.435','JM','JM.07','{\"en\":\"Swift River\"}',1);
INSERT INTO `__PREFIX__subadmin2` (`code`, `country_code`, `subadmin1_code`, `name`, `active`) VALUES ('JM.07.418','JM','JM.07','{\"en\":\"Nonsuch\"}',1);
INSERT INTO `__PREFIX__subadmin2` (`code`, `country_code`, `subadmin1_code`, `name`, `active`) VALUES ('JM.07.420','JM','JM.07','{\"en\":\"Fairy Hill\"}',1);
INSERT INTO `__PREFIX__subadmin2` (`code`, `country_code`, `subadmin1_code`, `name`, `active`) VALUES ('JM.09.639','JM','JM.09','{\"en\":\"Linton Park\"}',1);
INSERT INTO `__PREFIX__subadmin2` (`code`, `country_code`, `subadmin1_code`, `name`, `active`) VALUES ('JM.16.1066','JM','JM.16','{\"en\":\"Cave\"}',1);
INSERT INTO `__PREFIX__subadmin2` (`code`, `country_code`, `subadmin1_code`, `name`, `active`) VALUES ('JM.16.1054','JM','JM.16','{\"en\":\"Seaton Crescent\"}',1);
INSERT INTO `__PREFIX__subadmin2` (`code`, `country_code`, `subadmin1_code`, `name`, `active`) VALUES ('JM.09.625','JM','JM.09','{\"en\":\"Lime Tree Gardens\"}',1);
INSERT INTO `__PREFIX__subadmin2` (`code`, `country_code`, `subadmin1_code`, `name`, `active`) VALUES ('JM.09.630','JM','JM.09','{\"en\":\"Claremont\"}',1);
INSERT INTO `__PREFIX__subadmin2` (`code`, `country_code`, `subadmin1_code`, `name`, `active`) VALUES ('JM.16.1056','JM','JM.16','{\"en\":\"12th Street\"}',1);
INSERT INTO `__PREFIX__subadmin2` (`code`, `country_code`, `subadmin1_code`, `name`, `active`) VALUES ('JM.09.634','JM','JM.09','{\"en\":\"Walkers Wood\"}',1);
INSERT INTO `__PREFIX__subadmin2` (`code`, `country_code`, `subadmin1_code`, `name`, `active`) VALUES ('JM.16.1055','JM','JM.16','{\"en\":\"New Market Oval\"}',1);
INSERT INTO `__PREFIX__subadmin2` (`code`, `country_code`, `subadmin1_code`, `name`, `active`) VALUES ('JM.09.631','JM','JM.09','{\"en\":\"Golden Grove\"}',1);
INSERT INTO `__PREFIX__subadmin2` (`code`, `country_code`, `subadmin1_code`, `name`, `active`) VALUES ('JM.10.1422','JM','JM.10','{\"en\":\"Kitson Town\"}',1);
INSERT INTO `__PREFIX__subadmin2` (`code`, `country_code`, `subadmin1_code`, `name`, `active`) VALUES ('JM.09.627','JM','JM.09','{\"en\":\"Alexandria\"}',1);
INSERT INTO `__PREFIX__subadmin2` (`code`, `country_code`, `subadmin1_code`, `name`, `active`) VALUES ('JM.09.628','JM','JM.09','{\"en\":\"Alva\"}',1);
INSERT INTO `__PREFIX__subadmin2` (`code`, `country_code`, `subadmin1_code`, `name`, `active`) VALUES ('JM.09.636','JM','JM.09','{\"en\":\"Alderton\"}',1);
INSERT INTO `__PREFIX__subadmin2` (`code`, `country_code`, `subadmin1_code`, `name`, `active`) VALUES ('JM.09.655','JM','JM.09','{\"en\":\"Blackstonedge\"}',1);
INSERT INTO `__PREFIX__subadmin2` (`code`, `country_code`, `subadmin1_code`, `name`, `active`) VALUES ('JM.10.1432','JM','JM.10','{\"en\":\"St. John\'s West\"}',1);
INSERT INTO `__PREFIX__subadmin2` (`code`, `country_code`, `subadmin1_code`, `name`, `active`) VALUES ('JM.10.1420','JM','JM.10','{\"en\":\"Ensom\"}',1);
INSERT INTO `__PREFIX__subadmin2` (`code`, `country_code`, `subadmin1_code`, `name`, `active`) VALUES ('JM.09.637','JM','JM.09','{\"en\":\"Calderwood\"}',1);
INSERT INTO `__PREFIX__subadmin2` (`code`, `country_code`, `subadmin1_code`, `name`, `active`) VALUES ('JM.09.652','JM','JM.09','{\"en\":\"Gibraltar\"}',1);
INSERT INTO `__PREFIX__subadmin2` (`code`, `country_code`, `subadmin1_code`, `name`, `active`) VALUES ('JM.09.647','JM','JM.09','{\"en\":\"Cave Valley\"}',1);
INSERT INTO `__PREFIX__subadmin2` (`code`, `country_code`, `subadmin1_code`, `name`, `active`) VALUES ('JM.10.1403','JM','JM.10','{\"en\":\"Linstead\"}',1);
INSERT INTO `__PREFIX__subadmin2` (`code`, `country_code`, `subadmin1_code`, `name`, `active`) VALUES ('JM.10.1402','JM','JM.10','{\"en\":\"Ewarton\"}',1);
INSERT INTO `__PREFIX__subadmin2` (`code`, `country_code`, `subadmin1_code`, `name`, `active`) VALUES ('JM.10.1412','JM','JM.10','{\"en\":\"Harkers Hall\"}',1);
INSERT INTO `__PREFIX__subadmin2` (`code`, `country_code`, `subadmin1_code`, `name`, `active`) VALUES ('JM.10.1413','JM','JM.10','{\"en\":\"Bogwalk\"}',1);
INSERT INTO `__PREFIX__subadmin2` (`code`, `country_code`, `subadmin1_code`, `name`, `active`) VALUES ('JM.10.1414','JM','JM.10','{\"en\":\"Sligoville\"}',1);
INSERT INTO `__PREFIX__subadmin2` (`code`, `country_code`, `subadmin1_code`, `name`, `active`) VALUES ('JM.10.1425','JM','JM.10','{\"en\":\"Browns Hill\"}',1);
INSERT INTO `__PREFIX__subadmin2` (`code`, `country_code`, `subadmin1_code`, `name`, `active`) VALUES ('JM.10.1416','JM','JM.10','{\"en\":\"Caymanas\"}',1);
INSERT INTO `__PREFIX__subadmin2` (`code`, `country_code`, `subadmin1_code`, `name`, `active`) VALUES ('JM.10.1421','JM','JM.10','{\"en\":\"Crescent\"}',1);
INSERT INTO `__PREFIX__subadmin2` (`code`, `country_code`, `subadmin1_code`, `name`, `active`) VALUES ('JM.10.1429','JM','JM.10','{\"en\":\"Old Harbour\"}',1);
INSERT INTO `__PREFIX__subadmin2` (`code`, `country_code`, `subadmin1_code`, `name`, `active`) VALUES ('JM.10.1433','JM','JM.10','{\"en\":\"Golden Acres\"}',1);
INSERT INTO `__PREFIX__subadmin2` (`code`, `country_code`, `subadmin1_code`, `name`, `active`) VALUES ('JM.10.1439','JM','JM.10','{\"en\":\"Central Village\"}',1);
INSERT INTO `__PREFIX__subadmin2` (`code`, `country_code`, `subadmin1_code`, `name`, `active`) VALUES ('JM.10.1431','JM','JM.10','{\"en\":\"Old Harbour Road\"}',1);
INSERT INTO `__PREFIX__subadmin2` (`code`, `country_code`, `subadmin1_code`, `name`, `active`) VALUES ('JM.10.1436','JM','JM.10','{\"en\":\"Willowdene\"}',1);
INSERT INTO `__PREFIX__subadmin2` (`code`, `country_code`, `subadmin1_code`, `name`, `active`) VALUES ('JM.10.1440','JM','JM.10','{\"en\":\"Gregory Park\"}',1);
INSERT INTO `__PREFIX__subadmin2` (`code`, `country_code`, `subadmin1_code`, `name`, `active`) VALUES ('JM.10.1438','JM','JM.10','{\"en\":\"Spanish Town Central\"}',1);
INSERT INTO `__PREFIX__subadmin2` (`code`, `country_code`, `subadmin1_code`, `name`, `active`) VALUES ('JM.10.1443','JM','JM.10','{\"en\":\"Edgewater\"}',1);
INSERT INTO `__PREFIX__subadmin2` (`code`, `country_code`, `subadmin1_code`, `name`, `active`) VALUES ('JM.10.1450','JM','JM.10','{\"en\":\"Greater Portmore\"}',1);
INSERT INTO `__PREFIX__subadmin2` (`code`, `country_code`, `subadmin1_code`, `name`, `active`) VALUES ('JM.10.1448','JM','JM.10','{\"en\":\"Naggo Head\"}',1);
INSERT INTO `__PREFIX__subadmin2` (`code`, `country_code`, `subadmin1_code`, `name`, `active`) VALUES ('JM.10.1444','JM','JM.10','{\"en\":\"Bridgeport\"}',1);
INSERT INTO `__PREFIX__subadmin2` (`code`, `country_code`, `subadmin1_code`, `name`, `active`) VALUES ('JM.10.1451','JM','JM.10','{\"en\":\"Hellshire\"}',1);
INSERT INTO `__PREFIX__subadmin2` (`code`, `country_code`, `subadmin1_code`, `name`, `active`) VALUES ('JM.10.1449','JM','JM.10','{\"en\":\"Braeton\"}',1);
INSERT INTO `__PREFIX__subadmin2` (`code`, `country_code`, `subadmin1_code`, `name`, `active`) VALUES ('JM.11.1113','JM','JM.11','{\"en\":\"Thornton\"}',1);
INSERT INTO `__PREFIX__subadmin2` (`code`, `country_code`, `subadmin1_code`, `name`, `active`) VALUES ('JM.11.1103','JM','JM.11','{\"en\":\"Ginger Hill\"}',1);
INSERT INTO `__PREFIX__subadmin2` (`code`, `country_code`, `subadmin1_code`, `name`, `active`) VALUES ('JM.11.1152','JM','JM.11','{\"en\":\"Potsdam\"}',1);
INSERT INTO `__PREFIX__subadmin2` (`code`, `country_code`, `subadmin1_code`, `name`, `active`) VALUES ('JM.11.1116','JM','JM.11','{\"en\":\"White Hill\"}',1);
INSERT INTO `__PREFIX__subadmin2` (`code`, `country_code`, `subadmin1_code`, `name`, `active`) VALUES ('JM.11.1118','JM','JM.11','{\"en\":\"Brighton\"}',1);
INSERT INTO `__PREFIX__subadmin2` (`code`, `country_code`, `subadmin1_code`, `name`, `active`) VALUES ('JM.11.1120','JM','JM.11','{\"en\":\"Giddy Hall\"}',1);
INSERT INTO `__PREFIX__subadmin2` (`code`, `country_code`, `subadmin1_code`, `name`, `active`) VALUES ('JM.11.1128','JM','JM.11','{\"en\":\"Newton\"}',1);
INSERT INTO `__PREFIX__subadmin2` (`code`, `country_code`, `subadmin1_code`, `name`, `active`) VALUES ('JM.11.1156','JM','JM.11','{\"en\":\"Treasure Beach\"}',1);
INSERT INTO `__PREFIX__subadmin2` (`code`, `country_code`, `subadmin1_code`, `name`, `active`) VALUES ('JM.11.1126','JM','JM.11','{\"en\":\"Holland\"}',1);
INSERT INTO `__PREFIX__subadmin2` (`code`, `country_code`, `subadmin1_code`, `name`, `active`) VALUES ('JM.11.1130','JM','JM.11','{\"en\":\"Braes River\"}',1);
INSERT INTO `__PREFIX__subadmin2` (`code`, `country_code`, `subadmin1_code`, `name`, `active`) VALUES ('JM.11.1125','JM','JM.11','{\"en\":\"Slipe\"}',1);
INSERT INTO `__PREFIX__subadmin2` (`code`, `country_code`, `subadmin1_code`, `name`, `active`) VALUES ('JM.11.1131','JM','JM.11','{\"en\":\"Goshen\"}',1);
INSERT INTO `__PREFIX__subadmin2` (`code`, `country_code`, `subadmin1_code`, `name`, `active`) VALUES ('JM.11.1122','JM','JM.11','{\"en\":\"Crawford\"}',1);
INSERT INTO `__PREFIX__subadmin2` (`code`, `country_code`, `subadmin1_code`, `name`, `active`) VALUES ('JM.11.1134','JM','JM.11','{\"en\":\"Santa Cruz\"}',1);
INSERT INTO `__PREFIX__subadmin2` (`code`, `country_code`, `subadmin1_code`, `name`, `active`) VALUES ('JM.11.1135','JM','JM.11','{\"en\":\"Scholefield\"}',1);
INSERT INTO `__PREFIX__subadmin2` (`code`, `country_code`, `subadmin1_code`, `name`, `active`) VALUES ('JM.11.1141','JM','JM.11','{\"en\":\"Mountainside\"}',1);
INSERT INTO `__PREFIX__subadmin2` (`code`, `country_code`, `subadmin1_code`, `name`, `active`) VALUES ('JM.11.1142','JM','JM.11','{\"en\":\"Malvern\"}',1);
INSERT INTO `__PREFIX__subadmin2` (`code`, `country_code`, `subadmin1_code`, `name`, `active`) VALUES ('JM.11.1138','JM','JM.11','{\"en\":\"Parottee\"}',1);
INSERT INTO `__PREFIX__subadmin2` (`code`, `country_code`, `subadmin1_code`, `name`, `active`) VALUES ('JM.11.1153','JM','JM.11','{\"en\":\"Bigwoods\"}',1);
INSERT INTO `__PREFIX__subadmin2` (`code`, `country_code`, `subadmin1_code`, `name`, `active`) VALUES ('JM.11.1160','JM','JM.11','{\"en\":\"Ballards  Valley\"}',1);
INSERT INTO `__PREFIX__subadmin2` (`code`, `country_code`, `subadmin1_code`, `name`, `active`) VALUES ('JM.11.1158','JM','JM.11','{\"en\":\"Southfield\"}',1);
INSERT INTO `__PREFIX__subadmin2` (`code`, `country_code`, `subadmin1_code`, `name`, `active`) VALUES ('JM.11.1111','JM','JM.11','{\"en\":\"Aberdeen\"}',1);
INSERT INTO `__PREFIX__subadmin2` (`code`, `country_code`, `subadmin1_code`, `name`, `active`) VALUES ('JM.11.1114','JM','JM.11','{\"en\":\"Maggotty\"}',1);
INSERT INTO `__PREFIX__subadmin2` (`code`, `country_code`, `subadmin1_code`, `name`, `active`) VALUES ('JM.11.1132','JM','JM.11','{\"en\":\"Pepper\"}',1);
INSERT INTO `__PREFIX__subadmin2` (`code`, `country_code`, `subadmin1_code`, `name`, `active`) VALUES ('JM.12.801','JM','JM.12','{\"en\":\"Flankers\"}',1);
INSERT INTO `__PREFIX__subadmin2` (`code`, `country_code`, `subadmin1_code`, `name`, `active`) VALUES ('JM.12.812','JM','JM.12','{\"en\":\"Flower Hill\"}',1);
INSERT INTO `__PREFIX__subadmin2` (`code`, `country_code`, `subadmin1_code`, `name`, `active`) VALUES ('JM.12.823','JM','JM.12','{\"en\":\"Orange\"}',1);
INSERT INTO `__PREFIX__subadmin2` (`code`, `country_code`, `subadmin1_code`, `name`, `active`) VALUES ('JM.12.830','JM','JM.12','{\"en\":\"Porto Bello\"}',1);
INSERT INTO `__PREFIX__subadmin2` (`code`, `country_code`, `subadmin1_code`, `name`, `active`) VALUES ('JM.12.834','JM','JM.12','{\"en\":\"Mount Salem\"}',1);
INSERT INTO `__PREFIX__subadmin2` (`code`, `country_code`, `subadmin1_code`, `name`, `active`) VALUES ('JM.12.840','JM','JM.12','{\"en\":\"Rose Mount Garden\"}',1);
INSERT INTO `__PREFIX__subadmin2` (`code`, `country_code`, `subadmin1_code`, `name`, `active`) VALUES ('JM.12.829','JM','JM.12','{\"en\":\"John\'s Hall\"}',1);
INSERT INTO `__PREFIX__subadmin2` (`code`, `country_code`, `subadmin1_code`, `name`, `active`) VALUES ('JM.12.848','JM','JM.12','{\"en\":\"Bogue\"}',1);
INSERT INTO `__PREFIX__subadmin2` (`code`, `country_code`, `subadmin1_code`, `name`, `active`) VALUES ('JM.12.839','JM','JM.12','{\"en\":\"Catherine Mount\"}',1);
INSERT INTO `__PREFIX__subadmin2` (`code`, `country_code`, `subadmin1_code`, `name`, `active`) VALUES ('JM.09.629','JM','JM.09','{\"en\":\"Higgin Land\"}',1);
INSERT INTO `__PREFIX__subadmin2` (`code`, `country_code`, `subadmin1_code`, `name`, `active`) VALUES ('JM.10.1434','JM','JM.10','{\"en\":\"Hampton Green\"}',1);
INSERT INTO `__PREFIX__subadmin2` (`code`, `country_code`, `subadmin1_code`, `name`, `active`) VALUES ('JM.11.1124','JM','JM.11','{\"en\":\"Black River\"}',1);
INSERT INTO `__PREFIX__subadmin2` (`code`, `country_code`, `subadmin1_code`, `name`, `active`) VALUES ('JM.11.1129','JM','JM.11','{\"en\":\"Bogue\"}',1);
INSERT INTO `__PREFIX__subadmin2` (`code`, `country_code`, `subadmin1_code`, `name`, `active`) VALUES ('JM.04.1251','JM','JM.04','{\"en\":\"George\'s Valley\"}',1);
INSERT INTO `__PREFIX__subadmin2` (`code`, `country_code`, `subadmin1_code`, `name`, `active`) VALUES ('JM.12.828','JM','JM.12','{\"en\":\"Sunderland\"}',1);
INSERT INTO `__PREFIX__subadmin2` (`code`, `country_code`, `subadmin1_code`, `name`, `active`) VALUES ('JM.12.868','JM','JM.12','{\"en\":\"Mount Horeb\"}',1);
INSERT INTO `__PREFIX__subadmin2` (`code`, `country_code`, `subadmin1_code`, `name`, `active`) VALUES ('JM.12.871','JM','JM.12','{\"en\":\"Cambridge\"}',1);
INSERT INTO `__PREFIX__subadmin2` (`code`, `country_code`, `subadmin1_code`, `name`, `active`) VALUES ('JM.12.873','JM','JM.12','{\"en\":\"Catadupa\"}',1);
INSERT INTO `__PREFIX__subadmin2` (`code`, `country_code`, `subadmin1_code`, `name`, `active`) VALUES ('JM.12.815','JM','JM.12','{\"en\":\"Paradise\"}',1);
INSERT INTO `__PREFIX__subadmin2` (`code`, `country_code`, `subadmin1_code`, `name`, `active`) VALUES ('JM.13.515','JM','JM.13','{\"en\":\"Bonnygate\"}',1);
INSERT INTO `__PREFIX__subadmin2` (`code`, `country_code`, `subadmin1_code`, `name`, `active`) VALUES ('JM.13.503','JM','JM.13','{\"en\":\"Retreat\"}',1);
INSERT INTO `__PREFIX__subadmin2` (`code`, `country_code`, `subadmin1_code`, `name`, `active`) VALUES ('JM.13.532','JM','JM.13','{\"en\":\"Islington\"}',1);
INSERT INTO `__PREFIX__subadmin2` (`code`, `country_code`, `subadmin1_code`, `name`, `active`) VALUES ('JM.13.510','JM','JM.13','{\"en\":\"Port Maria\"}',1);
INSERT INTO `__PREFIX__subadmin2` (`code`, `country_code`, `subadmin1_code`, `name`, `active`) VALUES ('JM.13.506','JM','JM.13','{\"en\":\"Oracabessa\"}',1);
INSERT INTO `__PREFIX__subadmin2` (`code`, `country_code`, `subadmin1_code`, `name`, `active`) VALUES ('JM.13.518','JM','JM.13','{\"en\":\"Gayle\"}',1);
INSERT INTO `__PREFIX__subadmin2` (`code`, `country_code`, `subadmin1_code`, `name`, `active`) VALUES ('JM.13.511','JM','JM.13','{\"en\":\"Sandside\"}',1);
INSERT INTO `__PREFIX__subadmin2` (`code`, `country_code`, `subadmin1_code`, `name`, `active`) VALUES ('JM.13.524','JM','JM.13','{\"en\":\"Carron Hall\"}',1);
INSERT INTO `__PREFIX__subadmin2` (`code`, `country_code`, `subadmin1_code`, `name`, `active`) VALUES ('JM.13.530','JM','JM.13','{\"en\":\"Belfield\"}',1);
INSERT INTO `__PREFIX__subadmin2` (`code`, `country_code`, `subadmin1_code`, `name`, `active`) VALUES ('JM.13.541','JM','JM.13','{\"en\":\"Castleton\"}',1);
INSERT INTO `__PREFIX__subadmin2` (`code`, `country_code`, `subadmin1_code`, `name`, `active`) VALUES ('JM.13.525','JM','JM.13','{\"en\":\"Highgate\"}',1);
INSERT INTO `__PREFIX__subadmin2` (`code`, `country_code`, `subadmin1_code`, `name`, `active`) VALUES ('JM.13.535','JM','JM.13','{\"en\":\"Camberwell\"}',1);
INSERT INTO `__PREFIX__subadmin2` (`code`, `country_code`, `subadmin1_code`, `name`, `active`) VALUES ('JM.13.529','JM','JM.13','{\"en\":\"Clonmel\"}',1);
INSERT INTO `__PREFIX__subadmin2` (`code`, `country_code`, `subadmin1_code`, `name`, `active`) VALUES ('JM.13.528','JM','JM.13','{\"en\":\"Richmond\"}',1);
INSERT INTO `__PREFIX__subadmin2` (`code`, `country_code`, `subadmin1_code`, `name`, `active`) VALUES ('JM.14.309','JM','JM.14','{\"en\":\"Hillside\"}',1);
INSERT INTO `__PREFIX__subadmin2` (`code`, `country_code`, `subadmin1_code`, `name`, `active`) VALUES ('JM.14.310','JM','JM.14','{\"en\":\"White Hall\"}',1);
INSERT INTO `__PREFIX__subadmin2` (`code`, `country_code`, `subadmin1_code`, `name`, `active`) VALUES ('JM.14.307','JM','JM.14','{\"en\":\"Somerset\"}',1);
INSERT INTO `__PREFIX__subadmin2` (`code`, `country_code`, `subadmin1_code`, `name`, `active`) VALUES ('JM.14.316','JM','JM.14','{\"en\":\"Johnson Mountain\"}',1);
INSERT INTO `__PREFIX__subadmin2` (`code`, `country_code`, `subadmin1_code`, `name`, `active`) VALUES ('JM.14.318','JM','JM.14','{\"en\":\"Amity Hall\"}',1);
INSERT INTO `__PREFIX__subadmin2` (`code`, `country_code`, `subadmin1_code`, `name`, `active`) VALUES ('JM.14.312','JM','JM.14','{\"en\":\"Hayfield\"}',1);
INSERT INTO `__PREFIX__subadmin2` (`code`, `country_code`, `subadmin1_code`, `name`, `active`) VALUES ('JM.12.838','JM','JM.12','{\"en\":\"Tucker\"}',1);
INSERT INTO `__PREFIX__subadmin2` (`code`, `country_code`, `subadmin1_code`, `name`, `active`) VALUES ('JM.14.335','JM','JM.14','{\"en\":\"Easington\"}',1);
INSERT INTO `__PREFIX__subadmin2` (`code`, `country_code`, `subadmin1_code`, `name`, `active`) VALUES ('JM.14.319','JM','JM.14','{\"en\":\"Duckenfield\"}',1);
INSERT INTO `__PREFIX__subadmin2` (`code`, `country_code`, `subadmin1_code`, `name`, `active`) VALUES ('JM.15.711','JM','JM.15','{\"en\":\"Granville\"}',1);
INSERT INTO `__PREFIX__subadmin2` (`code`, `country_code`, `subadmin1_code`, `name`, `active`) VALUES ('JM.14.348','JM','JM.14','{\"en\":\"Morant Bay\"}',1);
INSERT INTO `__PREFIX__subadmin2` (`code`, `country_code`, `subadmin1_code`, `name`, `active`) VALUES ('JM.14.345','JM','JM.14','{\"en\":\"White Horses\"}',1);
INSERT INTO `__PREFIX__subadmin2` (`code`, `country_code`, `subadmin1_code`, `name`, `active`) VALUES ('JM.14.354','JM','JM.14','{\"en\":\"Port Morant\"}',1);
INSERT INTO `__PREFIX__subadmin2` (`code`, `country_code`, `subadmin1_code`, `name`, `active`) VALUES ('JM.14.355','JM','JM.14','{\"en\":\"Barking Lodge\"}',1);
INSERT INTO `__PREFIX__subadmin2` (`code`, `country_code`, `subadmin1_code`, `name`, `active`) VALUES ('JM.15.702','JM','JM.15','{\"en\":\"Falmouth\"}',1);
INSERT INTO `__PREFIX__subadmin2` (`code`, `country_code`, `subadmin1_code`, `name`, `active`) VALUES ('JM.15.703','JM','JM.15','{\"en\":\"Duncans\"}',1);
INSERT INTO `__PREFIX__subadmin2` (`code`, `country_code`, `subadmin1_code`, `name`, `active`) VALUES ('JM.08.15082','JM','JM.08','{\"en\":\"Vineyard Town\"}',1);
INSERT INTO `__PREFIX__subadmin2` (`code`, `country_code`, `subadmin1_code`, `name`, `active`) VALUES ('JM.14.343','JM','JM.14','{\"en\":\"Yallahs\"}',1);
INSERT INTO `__PREFIX__subadmin2` (`code`, `country_code`, `subadmin1_code`, `name`, `active`) VALUES ('JM.14.326','JM','JM.14','{\"en\":\"Wilmington\"}',1);
INSERT INTO `__PREFIX__subadmin2` (`code`, `country_code`, `subadmin1_code`, `name`, `active`) VALUES ('JM.15.701','JM','JM.15','{\"en\":\"Salt Marsh\"}',1);
INSERT INTO `__PREFIX__subadmin2` (`code`, `country_code`, `subadmin1_code`, `name`, `active`) VALUES ('JM.15.720','JM','JM.15','{\"en\":\"Jackson Town\"}',1);
INSERT INTO `__PREFIX__subadmin2` (`code`, `country_code`, `subadmin1_code`, `name`, `active`) VALUES ('JM.15.722','JM','JM.15','{\"en\":\"Sawyers\"}',1);
INSERT INTO `__PREFIX__subadmin2` (`code`, `country_code`, `subadmin1_code`, `name`, `active`) VALUES ('JM.15.724','JM','JM.15','{\"en\":\"St. Vincent\"}',1);
INSERT INTO `__PREFIX__subadmin2` (`code`, `country_code`, `subadmin1_code`, `name`, `active`) VALUES ('JM.15.727','JM','JM.15','{\"en\":\"Wilson\'s Run\"}',1);
INSERT INTO `__PREFIX__subadmin2` (`code`, `country_code`, `subadmin1_code`, `name`, `active`) VALUES ('JM.15.716','JM','JM.15','{\"en\":\"Perth Town\"}',1);
INSERT INTO `__PREFIX__subadmin2` (`code`, `country_code`, `subadmin1_code`, `name`, `active`) VALUES ('JM.15.715','JM','JM.15','{\"en\":\"Sherwood Content\"}',1);
INSERT INTO `__PREFIX__subadmin2` (`code`, `country_code`, `subadmin1_code`, `name`, `active`) VALUES ('JM.08.15111','JM','JM.08','{\"en\":\"Brandon Hill\"}',1);
INSERT INTO `__PREFIX__subadmin2` (`code`, `country_code`, `subadmin1_code`, `name`, `active`) VALUES ('JM.15.725','JM','JM.15','{\"en\":\"Bunkers Hill\"}',1);
INSERT INTO `__PREFIX__subadmin2` (`code`, `country_code`, `subadmin1_code`, `name`, `active`) VALUES ('JM.14.320','JM','JM.14','{\"en\":\"Hampton Court\"}',1);
INSERT INTO `__PREFIX__subadmin2` (`code`, `country_code`, `subadmin1_code`, `name`, `active`) VALUES ('JM.16.1017','JM','JM.16','{\"en\":\"Cornwall Mountian\"}',1);
INSERT INTO `__PREFIX__subadmin2` (`code`, `country_code`, `subadmin1_code`, `name`, `active`) VALUES ('JM.14.344','JM','JM.14','{\"en\":\"Pamphret\"}',1);
INSERT INTO `__PREFIX__subadmin2` (`code`, `country_code`, `subadmin1_code`, `name`, `active`) VALUES ('JM.08.15113','JM','JM.08','{\"en\":\"Mount James\"}',1);
INSERT INTO `__PREFIX__subadmin2` (`code`, `country_code`, `subadmin1_code`, `name`, `active`) VALUES ('JM.09.609','JM','JM.09','{\"en\":\"Content Garden\"}',1);
INSERT INTO `__PREFIX__subadmin2` (`code`, `country_code`, `subadmin1_code`, `name`, `active`) VALUES ('JM.08.15121','JM','JM.08','{\"en\":\"Irish Town\"}',1);
INSERT INTO `__PREFIX__subadmin2` (`code`, `country_code`, `subadmin1_code`, `name`, `active`) VALUES ('JM.07.402','JM','JM.07','{\"en\":\"Belvedere\"}',1);
INSERT INTO `__PREFIX__subadmin2` (`code`, `country_code`, `subadmin1_code`, `name`, `active`) VALUES ('JM.07.405','JM','JM.07','{\"en\":\"Orange Bay\"}',1);
INSERT INTO `__PREFIX__subadmin2` (`code`, `country_code`, `subadmin1_code`, `name`, `active`) VALUES ('JM.07.403','JM','JM.07','{\"en\":\"Charles Town\"}',1);
INSERT INTO `__PREFIX__subadmin2` (`code`, `country_code`, `subadmin1_code`, `name`, `active`) VALUES ('JM.07.427','JM','JM.07','{\"en\":\"Long Road\"}',1);
INSERT INTO `__PREFIX__subadmin2` (`code`, `country_code`, `subadmin1_code`, `name`, `active`) VALUES ('JM.10.1435','JM','JM.10','{\"en\":\"St. John\'s East\"}',1);
INSERT INTO `__PREFIX__subadmin2` (`code`, `country_code`, `subadmin1_code`, `name`, `active`) VALUES ('JM.17.15089','JM','JM.17','{\"en\":\"Johnson Town\"}',1);
INSERT INTO `__PREFIX__subadmin2` (`code`, `country_code`, `subadmin1_code`, `name`, `active`) VALUES ('JM.17.15103','JM','JM.17','{\"en\":\"Newport East\"}',1);
INSERT INTO `__PREFIX__subadmin2` (`code`, `country_code`, `subadmin1_code`, `name`, `active`) VALUES ('JM.16.1047','JM','JM.16','{\"en\":\"Big Bridge\"}',1);
INSERT INTO `__PREFIX__subadmin2` (`code`, `country_code`, `subadmin1_code`, `name`, `active`) VALUES ('JM.01.1357','JM','JM.01','{\"en\":\"Tollgate\"}',1);
INSERT INTO `__PREFIX__subadmin2` (`code`, `country_code`, `subadmin1_code`, `name`, `active`) VALUES ('JM.01.1338','JM','JM.01','{\"en\":\"Mount Airy\"}',1);
INSERT INTO `__PREFIX__subadmin2` (`code`, `country_code`, `subadmin1_code`, `name`, `active`) VALUES ('JM.01.1331','JM','JM.01','{\"en\":\"Woodhall\"}',1);
INSERT INTO `__PREFIX__subadmin2` (`code`, `country_code`, `subadmin1_code`, `name`, `active`) VALUES ('JM.07.410','JM','JM.07','{\"en\":\"Mount Pleasant\"}',1);
INSERT INTO `__PREFIX__subadmin2` (`code`, `country_code`, `subadmin1_code`, `name`, `active`) VALUES ('JM.07.419','JM','JM.07','{\"en\":\"Sherwood Forest\"}',1);
INSERT INTO `__PREFIX__subadmin2` (`code`, `country_code`, `subadmin1_code`, `name`, `active`) VALUES ('JM.07.407','JM','JM.07','{\"en\":\"Hope Bay\"}',1);
INSERT INTO `__PREFIX__subadmin2` (`code`, `country_code`, `subadmin1_code`, `name`, `active`) VALUES ('JM.07.443','JM','JM.07','{\"en\":\"Spring Hill\"}',1);
INSERT INTO `__PREFIX__subadmin2` (`code`, `country_code`, `subadmin1_code`, `name`, `active`) VALUES ('JM.07.429','JM','JM.07','{\"en\":\"Comfort Castle\"}',1);
INSERT INTO `__PREFIX__subadmin2` (`code`, `country_code`, `subadmin1_code`, `name`, `active`) VALUES ('JM.07.425','JM','JM.07','{\"en\":\"Kensington\"}',1);
INSERT INTO `__PREFIX__subadmin2` (`code`, `country_code`, `subadmin1_code`, `name`, `active`) VALUES ('JM.07.426','JM','JM.07','{\"en\":\"Manchioneal\"}',1);
INSERT INTO `__PREFIX__subadmin2` (`code`, `country_code`, `subadmin1_code`, `name`, `active`) VALUES ('JM.07.411','JM','JM.07','{\"en\":\"Snow Hill\"}',1);
INSERT INTO `__PREFIX__subadmin2` (`code`, `country_code`, `subadmin1_code`, `name`, `active`) VALUES ('JM.10.1404','JM','JM.10','{\"en\":\"Part of Guys Hill\"}',1);
INSERT INTO `__PREFIX__subadmin2` (`code`, `country_code`, `subadmin1_code`, `name`, `active`) VALUES ('JM.09.635','JM','JM.09','{\"en\":\"Moneague\"}',1);
INSERT INTO `__PREFIX__subadmin2` (`code`, `country_code`, `subadmin1_code`, `name`, `active`) VALUES ('JM.11.1127','JM','JM.11','{\"en\":\"Lacovia\"}',1);
INSERT INTO `__PREFIX__subadmin2` (`code`, `country_code`, `subadmin1_code`, `name`, `active`) VALUES ('JM.17.15108','JM','JM.17','{\"en\":\"Manley Meadows\"}',1);
INSERT INTO `__PREFIX__subadmin2` (`code`, `country_code`, `subadmin1_code`, `name`, `active`) VALUES ('JM.14.333','JM','JM.14','{\"en\":\"Lloyds\"}',1);
INSERT INTO `__PREFIX__subadmin2` (`code`, `country_code`, `subadmin1_code`, `name`, `active`) VALUES ('JM.08.15116','JM','JM.08','{\"en\":\"Parks Road\"}',1);
INSERT INTO `__PREFIX__subadmin2` (`code`, `country_code`, `subadmin1_code`, `name`, `active`) VALUES ('JM.08.15115','JM','JM.08','{\"en\":\"Cavaliers\"}',1);
INSERT INTO `__PREFIX__subadmin2` (`code`, `country_code`, `subadmin1_code`, `name`, `active`) VALUES ('JM.07.428','JM','JM.07','{\"en\":\"Hectors River\"}',1);
INSERT INTO `__PREFIX__subadmin2` (`code`, `country_code`, `subadmin1_code`, `name`, `active`) VALUES ('JM.07.401','JM','JM.07','{\"en\":\"Windsor Castle\"}',1);
INSERT INTO `__PREFIX__subadmin2` (`code`, `country_code`, `subadmin1_code`, `name`, `active`) VALUES ('JM.07.404','JM','JM.07','{\"en\":\"Buff Bay\"}',1);
INSERT INTO `__PREFIX__subadmin2` (`code`, `country_code`, `subadmin1_code`, `name`, `active`) VALUES ('JM.08.15029','JM','JM.08','{\"en\":\"Red Hills Gardens\"}',1);
INSERT INTO `__PREFIX__subadmin2` (`code`, `country_code`, `subadmin1_code`, `name`, `active`) VALUES ('JM.08.15112','JM','JM.08','{\"en\":\"Temple Hall\"}',1);
INSERT INTO `__PREFIX__subadmin2` (`code`, `country_code`, `subadmin1_code`, `name`, `active`) VALUES ('JM.08.15122','JM','JM.08','{\"en\":\"St. Peter\'s\"}',1);
INSERT INTO `__PREFIX__subadmin2` (`code`, `country_code`, `subadmin1_code`, `name`, `active`) VALUES ('JM.08.15117','JM','JM.08','{\"en\":\"Red Hills (Rural)\"}',1);
INSERT INTO `__PREFIX__subadmin2` (`code`, `country_code`, `subadmin1_code`, `name`, `active`) VALUES ('JM.08.15034','JM','JM.08','{\"en\":\"Red Hills/ Sterling Castle\"}',1);
INSERT INTO `__PREFIX__subadmin2` (`code`, `country_code`, `subadmin1_code`, `name`, `active`) VALUES ('JM.08.15026','JM','JM.08','{\"en\":\"Oaklands\"}',1);
INSERT INTO `__PREFIX__subadmin2` (`code`, `country_code`, `subadmin1_code`, `name`, `active`) VALUES ('JM.08.15123','JM','JM.08','{\"en\":\"Content Gap\"}',1);
INSERT INTO `__PREFIX__subadmin2` (`code`, `country_code`, `subadmin1_code`, `name`, `active`) VALUES ('JM.08.15120','JM','JM.08','{\"en\":\"Maryland\"}',1);
INSERT INTO `__PREFIX__subadmin2` (`code`, `country_code`, `subadmin1_code`, `name`, `active`) VALUES ('JM.04.1239','JM','JM.04','{\"en\":\"Fairfield\"}',1);
INSERT INTO `__PREFIX__subadmin2` (`code`, `country_code`, `subadmin1_code`, `name`, `active`) VALUES ('JM.08.15022','JM','JM.08','{\"en\":\"Cherry Gardens\"}',1);
INSERT INTO `__PREFIX__subadmin2` (`code`, `country_code`, `subadmin1_code`, `name`, `active`) VALUES ('JM.08.15036','JM','JM.08','{\"en\":\"Meadowbrook\"}',1);
INSERT INTO `__PREFIX__subadmin2` (`code`, `country_code`, `subadmin1_code`, `name`, `active`) VALUES ('JM.08.15043','JM','JM.08','{\"en\":\"Ferry\"}',1);
INSERT INTO `__PREFIX__subadmin2` (`code`, `country_code`, `subadmin1_code`, `name`, `active`) VALUES ('JM.08.15037','JM','JM.08','{\"en\":\"Queensborough/ Tunbridge\"}',1);
INSERT INTO `__PREFIX__subadmin2` (`code`, `country_code`, `subadmin1_code`, `name`, `active`) VALUES ('JM.08.15038','JM','JM.08','{\"en\":\"Forest Hills Gardens\"}',1);
INSERT INTO `__PREFIX__subadmin2` (`code`, `country_code`, `subadmin1_code`, `name`, `active`) VALUES ('JM.09.616','JM','JM.09','{\"en\":\"Beecher Town\"}',1);
INSERT INTO `__PREFIX__subadmin2` (`code`, `country_code`, `subadmin1_code`, `name`, `active`) VALUES ('JM.08.15042','JM','JM.08','{\"en\":\"New Haven\"}',1);
INSERT INTO `__PREFIX__subadmin2` (`code`, `country_code`, `subadmin1_code`, `name`, `active`) VALUES ('JM.08.15039','JM','JM.08','{\"en\":\"Meadowbrook Estate\"}',1);
INSERT INTO `__PREFIX__subadmin2` (`code`, `country_code`, `subadmin1_code`, `name`, `active`) VALUES ('JM.08.15031','JM','JM.08','{\"en\":\"Roehampton\"}',1);
INSERT INTO `__PREFIX__subadmin2` (`code`, `country_code`, `subadmin1_code`, `name`, `active`) VALUES ('JM.08.15081','JM','JM.08','{\"en\":\"Nannyville\"}',1);
INSERT INTO `__PREFIX__subadmin2` (`code`, `country_code`, `subadmin1_code`, `name`, `active`) VALUES ('JM.08.15048','JM','JM.08','{\"en\":\"Arlene Gardens\"}',1);
INSERT INTO `__PREFIX__subadmin2` (`code`, `country_code`, `subadmin1_code`, `name`, `active`) VALUES ('JM.08.15021','JM','JM.08','{\"en\":\"Arcadia\"}',1);
INSERT INTO `__PREFIX__subadmin2` (`code`, `country_code`, `subadmin1_code`, `name`, `active`) VALUES ('JM.08.15047','JM','JM.08','{\"en\":\"Pembroke Hall\"}',1);
INSERT INTO `__PREFIX__subadmin2` (`code`, `country_code`, `subadmin1_code`, `name`, `active`) VALUES ('JM.08.15050','JM','JM.08','{\"en\":\"Hughenden\"}',1);
INSERT INTO `__PREFIX__subadmin2` (`code`, `country_code`, `subadmin1_code`, `name`, `active`) VALUES ('JM.08.15020','JM','JM.08','{\"en\":\"Grants Pen\"}',1);
INSERT INTO `__PREFIX__subadmin2` (`code`, `country_code`, `subadmin1_code`, `name`, `active`) VALUES ('JM.08.15041','JM','JM.08','{\"en\":\"Duhaney Park\"}',1);
INSERT INTO `__PREFIX__subadmin2` (`code`, `country_code`, `subadmin1_code`, `name`, `active`) VALUES ('JM.08.15049','JM','JM.08','{\"en\":\"Three Oaks/ Glendale\"}',1);
INSERT INTO `__PREFIX__subadmin2` (`code`, `country_code`, `subadmin1_code`, `name`, `active`) VALUES ('JM.17.15098','JM','JM.17','{\"en\":\"Kingston Gardens\"}',1);
INSERT INTO `__PREFIX__subadmin2` (`code`, `country_code`, `subadmin1_code`, `name`, `active`) VALUES ('JM.08.15051','JM','JM.08','{\"en\":\"Marverley\"}',1);
INSERT INTO `__PREFIX__subadmin2` (`code`, `country_code`, `subadmin1_code`, `name`, `active`) VALUES ('JM.17.15099','JM','JM.17','{\"en\":\"Fletchers Land\"}',1);
INSERT INTO `__PREFIX__subadmin2` (`code`, `country_code`, `subadmin1_code`, `name`, `active`) VALUES ('JM.08.15045','JM','JM.08','{\"en\":\"Cooreville Gardens\"}',1);
INSERT INTO `__PREFIX__subadmin2` (`code`, `country_code`, `subadmin1_code`, `name`, `active`) VALUES ('JM.11.1104','JM','JM.11','{\"en\":\"Merrywood\"}',1);
INSERT INTO `__PREFIX__subadmin2` (`code`, `country_code`, `subadmin1_code`, `name`, `active`) VALUES ('JM.08.15028','JM','JM.08','{\"en\":\"Zaidie Gardens\"}',1);
INSERT INTO `__PREFIX__subadmin2` (`code`, `country_code`, `subadmin1_code`, `name`, `active`) VALUES ('JM.17.15087','JM','JM.17','{\"en\":\"Springfield\"}',1);
INSERT INTO `__PREFIX__subadmin2` (`code`, `country_code`, `subadmin1_code`, `name`, `active`) VALUES ('JM.08.15053','JM','JM.08','{\"en\":\"Penwood\"}',1);
INSERT INTO `__PREFIX__subadmin2` (`code`, `country_code`, `subadmin1_code`, `name`, `active`) VALUES ('JM.15.713','JM','JM.15','{\"en\":\"Hampden\"}',1);
INSERT INTO `__PREFIX__subadmin2` (`code`, `country_code`, `subadmin1_code`, `name`, `active`) VALUES ('JM.08.15046','JM','JM.08','{\"en\":\"Washington Gardens\"}',1);
INSERT INTO `__PREFIX__subadmin2` (`code`, `country_code`, `subadmin1_code`, `name`, `active`) VALUES ('JM.08.15062','JM','JM.08','{\"en\":\"Cassia Park\"}',1);
INSERT INTO `__PREFIX__subadmin2` (`code`, `country_code`, `subadmin1_code`, `name`, `active`) VALUES ('JM.08.15063','JM','JM.08','{\"en\":\"Eastwood Park Gardens\"}',1);
INSERT INTO `__PREFIX__subadmin2` (`code`, `country_code`, `subadmin1_code`, `name`, `active`) VALUES ('JM.08.15044','JM','JM.08','{\"en\":\"Riverton City\"}',1);
INSERT INTO `__PREFIX__subadmin2` (`code`, `country_code`, `subadmin1_code`, `name`, `active`) VALUES ('JM.08.15052','JM','JM.08','{\"en\":\"Drewsland\"}',1);
INSERT INTO `__PREFIX__subadmin2` (`code`, `country_code`, `subadmin1_code`, `name`, `active`) VALUES ('JM.17.15091','JM','JM.17','{\"en\":\"Bournemouth Gardens\"}',1);
INSERT INTO `__PREFIX__subadmin2` (`code`, `country_code`, `subadmin1_code`, `name`, `active`) VALUES ('JM.08.15060','JM','JM.08','{\"en\":\"Seaward Pen\"}',1);
INSERT INTO `__PREFIX__subadmin2` (`code`, `country_code`, `subadmin1_code`, `name`, `active`) VALUES ('JM.08.15018','JM','JM.08','{\"en\":\"Half-Way-Tree\"}',1);
INSERT INTO `__PREFIX__subadmin2` (`code`, `country_code`, `subadmin1_code`, `name`, `active`) VALUES ('JM.17.15101','JM','JM.17','{\"en\":\"Denham Town\"}',1);
INSERT INTO `__PREFIX__subadmin2` (`code`, `country_code`, `subadmin1_code`, `name`, `active`) VALUES ('JM.08.15016','JM','JM.08','{\"en\":\"Trafalgar Park\"}',1);
INSERT INTO `__PREFIX__subadmin2` (`code`, `country_code`, `subadmin1_code`, `name`, `active`) VALUES ('JM.01.1332','JM','JM.01','{\"en\":\"Dawkins\"}',1);
INSERT INTO `__PREFIX__subadmin2` (`code`, `country_code`, `subadmin1_code`, `name`, `active`) VALUES ('JM.08.15054','JM','JM.08','{\"en\":\"Waterhouse\"}',1);
INSERT INTO `__PREFIX__subadmin2` (`code`, `country_code`, `subadmin1_code`, `name`, `active`) VALUES ('JM.01.1381','JM','JM.01','{\"en\":\"Rocky Point\"}',1);
INSERT INTO `__PREFIX__subadmin2` (`code`, `country_code`, `subadmin1_code`, `name`, `active`) VALUES ('JM.08.15004','JM','JM.08','{\"en\":\"Mona Heights\"}',1);
INSERT INTO `__PREFIX__subadmin2` (`code`, `country_code`, `subadmin1_code`, `name`, `active`) VALUES ('JM.08.15128','JM','JM.08','{\"en\":\"Bloxborough\"}',1);
INSERT INTO `__PREFIX__subadmin2` (`code`, `country_code`, `subadmin1_code`, `name`, `active`) VALUES ('JM.08.15059','JM','JM.08','{\"en\":\"Tower Hill\"}',1);
INSERT INTO `__PREFIX__subadmin2` (`code`, `country_code`, `subadmin1_code`, `name`, `active`) VALUES ('JM.08.15058','JM','JM.08','{\"en\":\"Waltham Gardens\"}',1);
INSERT INTO `__PREFIX__subadmin2` (`code`, `country_code`, `subadmin1_code`, `name`, `active`) VALUES ('JM.08.15055','JM','JM.08','{\"en\":\"Seaview Gardens\"}',1);
INSERT INTO `__PREFIX__subadmin2` (`code`, `country_code`, `subadmin1_code`, `name`, `active`) VALUES ('JM.12.850','JM','JM.12','{\"en\":\"Tower Hill/Moy Hall\"}',1);
INSERT INTO `__PREFIX__subadmin2` (`code`, `country_code`, `subadmin1_code`, `name`, `active`) VALUES ('JM.08.15017','JM','JM.08','{\"en\":\"New Kingston\"}',1);
INSERT INTO `__PREFIX__subadmin2` (`code`, `country_code`, `subadmin1_code`, `name`, `active`) VALUES ('JM.08.15014','JM','JM.08','{\"en\":\"Swallowfield\"}',1);
INSERT INTO `__PREFIX__subadmin2` (`code`, `country_code`, `subadmin1_code`, `name`, `active`) VALUES ('JM.09.645','JM','JM.09','{\"en\":\"Borobridge\"}',1);
INSERT INTO `__PREFIX__subadmin2` (`code`, `country_code`, `subadmin1_code`, `name`, `active`) VALUES ('JM.08.15071','JM','JM.08','{\"en\":\"Richmond Park\"}',1);
INSERT INTO `__PREFIX__subadmin2` (`code`, `country_code`, `subadmin1_code`, `name`, `active`) VALUES ('JM.12.876','JM','JM.12','{\"en\":\"Arcadia\"}',1);
INSERT INTO `__PREFIX__subadmin2` (`code`, `country_code`, `subadmin1_code`, `name`, `active`) VALUES ('JM.07.444','JM','JM.07','{\"en\":\"Cascade\"}',1);
INSERT INTO `__PREFIX__subadmin2` (`code`, `country_code`, `subadmin1_code`, `name`, `active`) VALUES ('JM.08.15065','JM','JM.08','{\"en\":\"Boucher Park\"}',1);
INSERT INTO `__PREFIX__subadmin2` (`code`, `country_code`, `subadmin1_code`, `name`, `active`) VALUES ('JM.12.820','JM','JM.12','{\"en\":\"Glendevon\"}',1);
INSERT INTO `__PREFIX__subadmin2` (`code`, `country_code`, `subadmin1_code`, `name`, `active`) VALUES ('JM.08.15057','JM','JM.08','{\"en\":\"Cockburn Gardens\"}',1);
INSERT INTO `__PREFIX__subadmin2` (`code`, `country_code`, `subadmin1_code`, `name`, `active`) VALUES ('JM.08.15079','JM','JM.08','{\"en\":\"Woodford Park\"}',1);
INSERT INTO `__PREFIX__subadmin2` (`code`, `country_code`, `subadmin1_code`, `name`, `active`) VALUES ('JM.17.15090','JM','JM.17','{\"en\":\"Norman Gardens\"}',1);
INSERT INTO `__PREFIX__subadmin2` (`code`, `country_code`, `subadmin1_code`, `name`, `active`) VALUES ('JM.08.15056','JM','JM.08','{\"en\":\"Majestic Gardens\"}',1);
INSERT INTO `__PREFIX__subadmin2` (`code`, `country_code`, `subadmin1_code`, `name`, `active`) VALUES ('JM.08.15072','JM','JM.08','{\"en\":\"Kencot\"}',1);
INSERT INTO `__PREFIX__subadmin2` (`code`, `country_code`, `subadmin1_code`, `name`, `active`) VALUES ('JM.08.15070','JM','JM.08','{\"en\":\"Maxfield Park\"}',1);
INSERT INTO `__PREFIX__subadmin2` (`code`, `country_code`, `subadmin1_code`, `name`, `active`) VALUES ('JM.08.15130','JM','JM.08','{\"en\":\"Cane River\"}',1);
INSERT INTO `__PREFIX__subadmin2` (`code`, `country_code`, `subadmin1_code`, `name`, `active`) VALUES ('JM.08.15066','JM','JM.08','{\"en\":\"Delacree Pen\"}',1);
INSERT INTO `__PREFIX__subadmin2` (`code`, `country_code`, `subadmin1_code`, `name`, `active`) VALUES ('JM.08.15129','JM','JM.08','{\"en\":\"Bito\"}',1);
INSERT INTO `__PREFIX__subadmin2` (`code`, `country_code`, `subadmin1_code`, `name`, `active`) VALUES ('JM.08.15067','JM','JM.08','{\"en\":\"Delacree Park/ Union Gardens\"}',1);
INSERT INTO `__PREFIX__subadmin2` (`code`, `country_code`, `subadmin1_code`, `name`, `active`) VALUES ('JM.08.15069','JM','JM.08','{\"en\":\"Whitfield Town\"}',1);
INSERT INTO `__PREFIX__subadmin2` (`code`, `country_code`, `subadmin1_code`, `name`, `active`) VALUES ('JM.17.15092','JM','JM.17','{\"en\":\"Rollington Town\"}',1);
INSERT INTO `__PREFIX__subadmin2` (`code`, `country_code`, `subadmin1_code`, `name`, `active`) VALUES ('JM.08.15118','JM','JM.08','{\"en\":\"Mannings Hill (Rural)\"}',1);
INSERT INTO `__PREFIX__subadmin2` (`code`, `country_code`, `subadmin1_code`, `name`, `active`) VALUES ('JM.08.15002','JM','JM.08','{\"en\":\"Hermitage\"}',1);
INSERT INTO `__PREFIX__subadmin2` (`code`, `country_code`, `subadmin1_code`, `name`, `active`) VALUES ('JM.08.15076','JM','JM.08','{\"en\":\"Trench Town\"}',1);
INSERT INTO `__PREFIX__subadmin2` (`code`, `country_code`, `subadmin1_code`, `name`, `active`) VALUES ('JM.08.15073','JM','JM.08','{\"en\":\"Arnett Gardens\"}',1);
INSERT INTO `__PREFIX__subadmin2` (`code`, `country_code`, `subadmin1_code`, `name`, `active`) VALUES ('JM.16.1021','JM','JM.16','{\"en\":\"St. Leonards\"}',1);
INSERT INTO `__PREFIX__subadmin2` (`code`, `country_code`, `subadmin1_code`, `name`, `active`) VALUES ('JM.08.15074','JM','JM.08','{\"en\":\"Rose Town\"}',1);
INSERT INTO `__PREFIX__subadmin2` (`code`, `country_code`, `subadmin1_code`, `name`, `active`) VALUES ('JM.08.15077','JM','JM.08','{\"en\":\"Jones Town\"}',1);
INSERT INTO `__PREFIX__subadmin2` (`code`, `country_code`, `subadmin1_code`, `name`, `active`) VALUES ('JM.08.15075','JM','JM.08','{\"en\":\"Wilton Gardens/ Rema\"}',1);
INSERT INTO `__PREFIX__subadmin2` (`code`, `country_code`, `subadmin1_code`, `name`, `active`) VALUES ('JM.13.523','JM','JM.13','{\"en\":\"Guys Hill\"}',1);
INSERT INTO `__PREFIX__subadmin2` (`code`, `country_code`, `subadmin1_code`, `name`, `active`) VALUES ('JM.17.15097','JM','JM.17','{\"en\":\"Allman Town\"}',1);
INSERT INTO `__PREFIX__subadmin2` (`code`, `country_code`, `subadmin1_code`, `name`, `active`) VALUES ('JM.17.15100','JM','JM.17','{\"en\":\"Hannah Town/ Craig Town\"}',1);
INSERT INTO `__PREFIX__subadmin2` (`code`, `country_code`, `subadmin1_code`, `name`, `active`) VALUES ('JM.17.15096','JM','JM.17','{\"en\":\"Campbell Town\"}',1);
INSERT INTO `__PREFIX__subadmin2` (`code`, `country_code`, `subadmin1_code`, `name`, `active`) VALUES ('JM.17.15088','JM','JM.17','{\"en\":\"D\'Aguilar Town/ Rennock Lodge\"}',1);
INSERT INTO `__PREFIX__subadmin2` (`code`, `country_code`, `subadmin1_code`, `name`, `active`) VALUES ('JM.17.15095','JM','JM.17','{\"en\":\"Franklyn Town\"}',1);
INSERT INTO `__PREFIX__subadmin2` (`code`, `country_code`, `subadmin1_code`, `name`, `active`) VALUES ('JM.17.15093','JM','JM.17','{\"en\":\"Newton Square\"}',1);
INSERT INTO `__PREFIX__subadmin2` (`code`, `country_code`, `subadmin1_code`, `name`, `active`) VALUES ('JM.17.15102','JM','JM.17','{\"en\":\"Tivoli Gardens\"}',1);
INSERT INTO `__PREFIX__subadmin2` (`code`, `country_code`, `subadmin1_code`, `name`, `active`) VALUES ('JM.17.15094','JM','JM.17','{\"en\":\"Passmore Town\"}',1);
INSERT INTO `__PREFIX__subadmin2` (`code`, `country_code`, `subadmin1_code`, `name`, `active`) VALUES ('JM.17.15106','JM','JM.17','{\"en\":\"Central Down Town\"}',1);
INSERT INTO `__PREFIX__subadmin2` (`code`, `country_code`, `subadmin1_code`, `name`, `active`) VALUES ('JM.17.15107','JM','JM.17','{\"en\":\"West Down Town\"}',1);
INSERT INTO `__PREFIX__subadmin2` (`code`, `country_code`, `subadmin1_code`, `name`, `active`) VALUES ('JM.17.15104','JM','JM.17','{\"en\":\"East Down Town\"}',1);
INSERT INTO `__PREFIX__subadmin2` (`code`, `country_code`, `subadmin1_code`, `name`, `active`) VALUES ('JM.16.1050','JM','JM.16','{\"en\":\"Llandilo\"}',1);
INSERT INTO `__PREFIX__subadmin2` (`code`, `country_code`, `subadmin1_code`, `name`, `active`) VALUES ('JM.08.15084','JM','JM.08','{\"en\":\"Harbour View\"}',1);
INSERT INTO `__PREFIX__subadmin2` (`code`, `country_code`, `subadmin1_code`, `name`, `active`) VALUES ('JM.17.15109','JM','JM.17','{\"en\":\"Rae Town\"}',1);
INSERT INTO `__PREFIX__subadmin2` (`code`, `country_code`, `subadmin1_code`, `name`, `active`) VALUES ('JM.04.1210','JM','JM.04','{\"en\":\"Devon\"}',1);
INSERT INTO `__PREFIX__subadmin2` (`code`, `country_code`, `subadmin1_code`, `name`, `active`) VALUES ('JM.08.15114','JM','JM.08','{\"en\":\"Golden Spring\"}',1);
INSERT INTO `__PREFIX__subadmin2` (`code`, `country_code`, `subadmin1_code`, `name`, `active`) VALUES ('JM.08.15125','JM','JM.08','{\"en\":\"Gordon Town\"}',1);
INSERT INTO `__PREFIX__subadmin2` (`code`, `country_code`, `subadmin1_code`, `name`, `active`) VALUES ('JM.08.15005','JM','JM.08','{\"en\":\"Elleston Flats/ Mona Commons\"}',1);
INSERT INTO `__PREFIX__subadmin2` (`code`, `country_code`, `subadmin1_code`, `name`, `active`) VALUES ('JM.08.15008','JM','JM.08','{\"en\":\"Hope Tavern\"}',1);
INSERT INTO `__PREFIX__subadmin2` (`code`, `country_code`, `subadmin1_code`, `name`, `active`) VALUES ('JM.08.15007','JM','JM.08','{\"en\":\"Kintyre\"}',1);
INSERT INTO `__PREFIX__subadmin2` (`code`, `country_code`, `subadmin1_code`, `name`, `active`) VALUES ('JM.08.15127','JM','JM.08','{\"en\":\"Dallas\"}',1);
INSERT INTO `__PREFIX__subadmin2` (`code`, `country_code`, `subadmin1_code`, `name`, `active`) VALUES ('JM.08.15001','JM','JM.08','{\"en\":\"August Town\"}',1);
INSERT INTO `__PREFIX__subadmin2` (`code`, `country_code`, `subadmin1_code`, `name`, `active`) VALUES ('JM.04.1259','JM','JM.04','{\"en\":\"Butt-Up\"}',1);
INSERT INTO `__PREFIX__subadmin2` (`code`, `country_code`, `subadmin1_code`, `name`, `active`) VALUES ('JM.16.1004','JM','JM.16','{\"en\":\"Town Head\"}',1);
INSERT INTO `__PREFIX__subadmin2` (`code`, `country_code`, `subadmin1_code`, `name`, `active`) VALUES ('JM.16.1012','JM','JM.16','{\"en\":\"Porters Mountain\"}',1);
INSERT INTO `__PREFIX__subadmin2` (`code`, `country_code`, `subadmin1_code`, `name`, `active`) VALUES ('JM.16.1007','JM','JM.16','{\"en\":\"Bath Mountain\"}',1);
INSERT INTO `__PREFIX__subadmin2` (`code`, `country_code`, `subadmin1_code`, `name`, `active`) VALUES ('JM.16.1003','JM','JM.16','{\"en\":\"Truro\"}',1);
INSERT INTO `__PREFIX__subadmin2` (`code`, `country_code`, `subadmin1_code`, `name`, `active`) VALUES ('JM.16.1008','JM','JM.16','{\"en\":\"Grange\"}',1);
INSERT INTO `__PREFIX__subadmin2` (`code`, `country_code`, `subadmin1_code`, `name`, `active`) VALUES ('JM.04.1230','JM','JM.04','{\"en\":\"Comfort\"}',1);
INSERT INTO `__PREFIX__subadmin2` (`code`, `country_code`, `subadmin1_code`, `name`, `active`) VALUES ('JM.16.1001','JM','JM.16','{\"en\":\"Jerusalem\"}',1);
INSERT INTO `__PREFIX__subadmin2` (`code`, `country_code`, `subadmin1_code`, `name`, `active`) VALUES ('JM.16.1038','JM','JM.16','{\"en\":\"Delveland\"}',1);
INSERT INTO `__PREFIX__subadmin2` (`code`, `country_code`, `subadmin1_code`, `name`, `active`) VALUES ('JM.16.1006','JM','JM.16','{\"en\":\"Red Hills\"}',1);
INSERT INTO `__PREFIX__subadmin2` (`code`, `country_code`, `subadmin1_code`, `name`, `active`) VALUES ('JM.16.1034','JM','JM.16','{\"en\":\"Georges Plain\"}',1);
INSERT INTO `__PREFIX__subadmin2` (`code`, `country_code`, `subadmin1_code`, `name`, `active`) VALUES ('JM.16.1005','JM','JM.16','{\"en\":\"Burnt Savannah\"}',1);
INSERT INTO `__PREFIX__subadmin2` (`code`, `country_code`, `subadmin1_code`, `name`, `active`) VALUES ('JM.16.1014','JM','JM.16','{\"en\":\"Mackfield\"}',1);
INSERT INTO `__PREFIX__subadmin2` (`code`, `country_code`, `subadmin1_code`, `name`, `active`) VALUES ('JM.16.1011','JM','JM.16','{\"en\":\"Fort Williams\"}',1);
INSERT INTO `__PREFIX__subadmin2` (`code`, `country_code`, `subadmin1_code`, `name`, `active`) VALUES ('JM.16.1037','JM','JM.16','{\"en\":\"Fullersfield\"}',1);
INSERT INTO `__PREFIX__subadmin2` (`code`, `country_code`, `subadmin1_code`, `name`, `active`) VALUES ('JM.16.1009','JM','JM.16','{\"en\":\"Strawberry\"}',1);
INSERT INTO `__PREFIX__subadmin2` (`code`, `country_code`, `subadmin1_code`, `name`, `active`) VALUES ('JM.16.1016','JM','JM.16','{\"en\":\"Mount Stewart\"}',1);
INSERT INTO `__PREFIX__subadmin2` (`code`, `country_code`, `subadmin1_code`, `name`, `active`) VALUES ('JM.16.1013','JM','JM.16','{\"en\":\"Roaring River\"}',1);
INSERT INTO `__PREFIX__subadmin2` (`code`, `country_code`, `subadmin1_code`, `name`, `active`) VALUES ('JM.16.1039','JM','JM.16','{\"en\":\"Shefield\"}',1);
INSERT INTO `__PREFIX__subadmin2` (`code`, `country_code`, `subadmin1_code`, `name`, `active`) VALUES ('JM.16.1002','JM','JM.16','{\"en\":\"Grange Hill\"}',1);
INSERT INTO `__PREFIX__subadmin2` (`code`, `country_code`, `subadmin1_code`, `name`, `active`) VALUES ('JM.16.1015','JM','JM.16','{\"en\":\"Haddo\"}',1);
INSERT INTO `__PREFIX__subadmin2` (`code`, `country_code`, `subadmin1_code`, `name`, `active`) VALUES ('JM.16.1018','JM','JM.16','{\"en\":\"Barneyside\"}',1);
INSERT INTO `__PREFIX__subadmin2` (`code`, `country_code`, `subadmin1_code`, `name`, `active`) VALUES ('JM.16.1036','JM','JM.16','{\"en\":\"Paul Island\"}',1);
INSERT INTO `__PREFIX__subadmin2` (`code`, `country_code`, `subadmin1_code`, `name`, `active`) VALUES ('JM.16.1063','JM','JM.16','{\"en\":\"Amity\"}',1);
INSERT INTO `__PREFIX__subadmin2` (`code`, `country_code`, `subadmin1_code`, `name`, `active`) VALUES ('JM.16.1033','JM','JM.16','{\"en\":\"Hertford\"}',1);
INSERT INTO `__PREFIX__subadmin2` (`code`, `country_code`, `subadmin1_code`, `name`, `active`) VALUES ('JM.16.1062','JM','JM.16','{\"en\":\"Bath\"}',1);
INSERT INTO `__PREFIX__subadmin2` (`code`, `country_code`, `subadmin1_code`, `name`, `active`) VALUES ('JM.16.1024','JM','JM.16','{\"en\":\"Lambs River\"}',1);
INSERT INTO `__PREFIX__subadmin2` (`code`, `country_code`, `subadmin1_code`, `name`, `active`) VALUES ('JM.16.1027','JM','JM.16','{\"en\":\"Struie\"}',1);
INSERT INTO `__PREFIX__subadmin2` (`code`, `country_code`, `subadmin1_code`, `name`, `active`) VALUES ('JM.16.1032','JM','JM.16','{\"en\":\"Petersfield\"}',1);
INSERT INTO `__PREFIX__subadmin2` (`code`, `country_code`, `subadmin1_code`, `name`, `active`) VALUES ('JM.04.1219','JM','JM.04','{\"en\":\"Evergreen\"}',1);
INSERT INTO `__PREFIX__subadmin2` (`code`, `country_code`, `subadmin1_code`, `name`, `active`) VALUES ('JM.04.1250','JM','JM.04','{\"en\":\"Richmond\"}',1);
INSERT INTO `__PREFIX__subadmin2` (`code`, `country_code`, `subadmin1_code`, `name`, `active`) VALUES ('JM.16.1030','JM','JM.16','{\"en\":\"Caledonia\"}',1);
INSERT INTO `__PREFIX__subadmin2` (`code`, `country_code`, `subadmin1_code`, `name`, `active`) VALUES ('JM.16.1041','JM','JM.16','{\"en\":\"Mount Airy\"}',1);
INSERT INTO `__PREFIX__subadmin2` (`code`, `country_code`, `subadmin1_code`, `name`, `active`) VALUES ('JM.16.1043','JM','JM.16','{\"en\":\"Revival\"}',1);
INSERT INTO `__PREFIX__subadmin2` (`code`, `country_code`, `subadmin1_code`, `name`, `active`) VALUES ('JM.16.1065','JM','JM.16','{\"en\":\"Ferris\"}',1);
INSERT INTO `__PREFIX__subadmin2` (`code`, `country_code`, `subadmin1_code`, `name`, `active`) VALUES ('JM.16.1020','JM','JM.16','{\"en\":\"Amity (Hermitage)\"}',1);
INSERT INTO `__PREFIX__subadmin2` (`code`, `country_code`, `subadmin1_code`, `name`, `active`) VALUES ('JM.16.1052','JM','JM.16','{\"en\":\"Shoalin Grotto\"}',1);
INSERT INTO `__PREFIX__subadmin2` (`code`, `country_code`, `subadmin1_code`, `name`, `active`) VALUES ('JM.16.1025','JM','JM.16','{\"en\":\"Belvedere\"}',1);
INSERT INTO `__PREFIX__subadmin2` (`code`, `country_code`, `subadmin1_code`, `name`, `active`) VALUES ('JM.16.1023','JM','JM.16','{\"en\":\"Seaford Town\"}',1);
INSERT INTO `__PREFIX__subadmin2` (`code`, `country_code`, `subadmin1_code`, `name`, `active`) VALUES ('JM.04.1253','JM','JM.04','{\"en\":\"Cedar Grove\"}',1);
INSERT INTO `__PREFIX__subadmin2` (`code`, `country_code`, `subadmin1_code`, `name`, `active`) VALUES ('JM.16.1042','JM','JM.16','{\"en\":\"Orange Hill\"}',1);
INSERT INTO `__PREFIX__subadmin2` (`code`, `country_code`, `subadmin1_code`, `name`, `active`) VALUES ('JM.16.1057','JM','JM.16','{\"en\":\"Savannah-la-mar Business Dist.\"}',1);
INSERT INTO `__PREFIX__subadmin2` (`code`, `country_code`, `subadmin1_code`, `name`, `active`) VALUES ('JM.01.1382','JM','JM.01','{\"en\":\"Portland Cottage\"}',1);
INSERT INTO `__PREFIX__subadmin2` (`code`, `country_code`, `subadmin1_code`, `name`, `active`) VALUES ('JM.01.1337','JM','JM.01','{\"en\":\"Richmond Park\"}',1);
INSERT INTO `__PREFIX__subadmin2` (`code`, `country_code`, `subadmin1_code`, `name`, `active`) VALUES ('JM.16.1026','JM','JM.16','{\"en\":\"Ashton\"}',1);
INSERT INTO `__PREFIX__subadmin2` (`code`, `country_code`, `subadmin1_code`, `name`, `active`) VALUES ('JM.16.1067','JM','JM.16','{\"en\":\"Cairn Curran\"}',1);
INSERT INTO `__PREFIX__subadmin2` (`code`, `country_code`, `subadmin1_code`, `name`, `active`) VALUES ('JM.16.1028','JM','JM.16','{\"en\":\"Beaufort\"}',1);
INSERT INTO `__PREFIX__subadmin2` (`code`, `country_code`, `subadmin1_code`, `name`, `active`) VALUES ('JM.16.1061','JM','JM.16','{\"en\":\"Strathbogie\"}',1);
INSERT INTO `__PREFIX__subadmin2` (`code`, `country_code`, `subadmin1_code`, `name`, `active`) VALUES ('JM.16.1045','JM','JM.16','{\"en\":\"Broughton\"}',1);
INSERT INTO `__PREFIX__subadmin2` (`code`, `country_code`, `subadmin1_code`, `name`, `active`) VALUES ('JM.16.1070','JM','JM.16','{\"en\":\"Lenox Bigwoods\"}',1);
INSERT INTO `__PREFIX__subadmin2` (`code`, `country_code`, `subadmin1_code`, `name`, `active`) VALUES ('JM.16.1072','JM','JM.16','{\"en\":\"Leamington\"}',1);
INSERT INTO `__PREFIX__subadmin2` (`code`, `country_code`, `subadmin1_code`, `name`, `active`) VALUES ('JM.16.1022','JM','JM.16','{\"en\":\"Dundee\"}',1);
INSERT INTO `__PREFIX__subadmin2` (`code`, `country_code`, `subadmin1_code`, `name`, `active`) VALUES ('JM.04.1229','JM','JM.04','{\"en\":\"Part Of Banana Ground\"}',1);
INSERT INTO `__PREFIX__subadmin2` (`code`, `country_code`, `subadmin1_code`, `name`, `active`) VALUES ('JM.16.1071','JM','JM.16','{\"en\":\"Enfield\"}',1);
INSERT INTO `__PREFIX__subadmin2` (`code`, `country_code`, `subadmin1_code`, `name`, `active`) VALUES ('JM.01.1336','JM','JM.01','{\"en\":\"Porus\"}',1);
INSERT INTO `__PREFIX__subadmin2` (`code`, `country_code`, `subadmin1_code`, `name`, `active`) VALUES ('JM.01.1342','JM','JM.01','{\"en\":\"Pleasant Valley\"}',1);
INSERT INTO `__PREFIX__subadmin2` (`code`, `country_code`, `subadmin1_code`, `name`, `active`) VALUES ('JM.01.1346','JM','JM.01','{\"en\":\"New Longsville\"}',1);
INSERT INTO `__PREFIX__subadmin2` (`code`, `country_code`, `subadmin1_code`, `name`, `active`) VALUES ('JM.01.1341','JM','JM.01','{\"en\":\"Brixton Hill\"}',1);
INSERT INTO `__PREFIX__subadmin2` (`code`, `country_code`, `subadmin1_code`, `name`, `active`) VALUES ('JM.01.1347','JM','JM.01','{\"en\":\"Moores\"}',1);
INSERT INTO `__PREFIX__subadmin2` (`code`, `country_code`, `subadmin1_code`, `name`, `active`) VALUES ('JM.01.1340','JM','JM.01','{\"en\":\"Ashley\"}',1);
INSERT INTO `__PREFIX__subadmin2` (`code`, `country_code`, `subadmin1_code`, `name`, `active`) VALUES ('JM.04.1269','JM','JM.04','{\"en\":\"Alligator Pond\"}',1);
INSERT INTO `__PREFIX__subadmin2` (`code`, `country_code`, `subadmin1_code`, `name`, `active`) VALUES ('JM.09.648','JM','JM.09','{\"en\":\"Aboukir\"}',1);
INSERT INTO `__PREFIX__subadmin2` (`code`, `country_code`, `subadmin1_code`, `name`, `active`) VALUES ('JM.10.1411','JM','JM.10','{\"en\":\"Above Rocks\"}',1);
INSERT INTO `__PREFIX__subadmin2` (`code`, `country_code`, `subadmin1_code`, `name`, `active`) VALUES ('JM.11.1108','JM','JM.11','{\"en\":\"Accompong\"}',1);
INSERT INTO `__PREFIX__subadmin2` (`code`, `country_code`, `subadmin1_code`, `name`, `active`) VALUES ('JM.12.824','JM','JM.12','{\"en\":\"Adelphi\"}',1);
INSERT INTO `__PREFIX__subadmin2` (`code`, `country_code`, `subadmin1_code`, `name`, `active`) VALUES ('JM.09.612','JM','JM.09','{\"en\":\"Mansfield\"}',1);
INSERT INTO `__PREFIX__subadmin2` (`code`, `country_code`, `subadmin1_code`, `name`, `active`) VALUES ('JM.14.325','JM','JM.14','{\"en\":\"Airy Castle\"}',1);
INSERT INTO `__PREFIX__subadmin2` (`code`, `country_code`, `subadmin1_code`, `name`, `active`) VALUES ('JM.12.817','JM','JM.12','{\"en\":\"Albion\"}',1);
INSERT INTO `__PREFIX__subadmin2` (`code`, `country_code`, `subadmin1_code`, `name`, `active`) VALUES ('JM.01.1379','JM','JM.01','{\"en\":\"Alley\"}',1);
INSERT INTO `__PREFIX__subadmin2` (`code`, `country_code`, `subadmin1_code`, `name`, `active`) VALUES ('JM.14.340','JM','JM.14','{\"en\":\"Albion\"}',1);
INSERT INTO `__PREFIX__subadmin2` (`code`, `country_code`, `subadmin1_code`, `name`, `active`) VALUES ('JM.11.1140','JM','JM.11','{\"en\":\"Barbary Hall\"}',1);
INSERT INTO `__PREFIX__subadmin2` (`code`, `country_code`, `subadmin1_code`, `name`, `active`) VALUES ('JM.13.534','JM','JM.13','{\"en\":\"Annotto Bay\"}',1);
INSERT INTO `__PREFIX__subadmin2` (`code`, `country_code`, `subadmin1_code`, `name`, `active`) VALUES ('JM.16.1073','JM','JM.16','{\"en\":\"Berkshire\"}',1);
INSERT INTO `__PREFIX__subadmin2` (`code`, `country_code`, `subadmin1_code`, `name`, `active`) VALUES ('JM.15.723','JM','JM.15','{\"en\":\"Alps\"}',1);
INSERT INTO `__PREFIX__subadmin2` (`code`, `country_code`, `subadmin1_code`, `name`, `active`) VALUES ('JM.14.329','JM','JM.14','{\"en\":\"Middleton\"}',1);
INSERT INTO `__PREFIX__subadmin2` (`code`, `country_code`, `subadmin1_code`, `name`, `active`) VALUES ('JM.13.517','JM','JM.13','{\"en\":\"Amiel Town\"}',1);
INSERT INTO `__PREFIX__subadmin2` (`code`, `country_code`, `subadmin1_code`, `name`, `active`) VALUES ('JM.12.854','JM','JM.12','{\"en\":\"Anchovy\"}',1);
INSERT INTO `__PREFIX__subadmin2` (`code`, `country_code`, `subadmin1_code`, `name`, `active`) VALUES ('JM.12.805','JM','JM.12','{\"en\":\"Barrett Town\"}',1);
INSERT INTO `__PREFIX__subadmin2` (`code`, `country_code`, `subadmin1_code`, `name`, `active`) VALUES ('JM.14.323','JM','JM.14','{\"en\":\"Arcadia\"}',1);
INSERT INTO `__PREFIX__subadmin2` (`code`, `country_code`, `subadmin1_code`, `name`, `active`) VALUES ('JM.04.1201','JM','JM.04','{\"en\":\"Auchtembeddie\"}',1);
INSERT INTO `__PREFIX__subadmin2` (`code`, `country_code`, `subadmin1_code`, `name`, `active`) VALUES ('JM.13.513','JM','JM.13','{\"en\":\"Baileys Vale\"}',1);
INSERT INTO `__PREFIX__subadmin2` (`code`, `country_code`, `subadmin1_code`, `name`, `active`) VALUES ('JM.07.442','JM','JM.07','{\"en\":\"Balcarres\"}',1);
INSERT INTO `__PREFIX__subadmin2` (`code`, `country_code`, `subadmin1_code`, `name`, `active`) VALUES ('JM.11.1110','JM','JM.11','{\"en\":\"Balaclava\"}',1);
INSERT INTO `__PREFIX__subadmin2` (`code`, `country_code`, `subadmin1_code`, `name`, `active`) VALUES ('JM.10.1428','JM','JM.10','{\"en\":\"Bartons\"}',1);
INSERT INTO `__PREFIX__subadmin2` (`code`, `country_code`, `subadmin1_code`, `name`, `active`) VALUES ('JM.10.1427','JM','JM.10','{\"en\":\"Bellas Gate\"}',1);
INSERT INTO `__PREFIX__subadmin2` (`code`, `country_code`, `subadmin1_code`, `name`, `active`) VALUES ('JM.14.313','JM','JM.14','{\"en\":\"Bath\"}',1);
INSERT INTO `__PREFIX__subadmin2` (`code`, `country_code`, `subadmin1_code`, `name`, `active`) VALUES ('JM.04.1228','JM','JM.04','{\"en\":\"Bellefield\"}',1);
INSERT INTO `__PREFIX__subadmin2` (`code`, `country_code`, `subadmin1_code`, `name`, `active`) VALUES ('JM.13.542','JM','JM.13','{\"en\":\"Baxter Mountain\"}',1);
INSERT INTO `__PREFIX__subadmin2` (`code`, `country_code`, `subadmin1_code`, `name`, `active`) VALUES ('JM.16.1080','JM','JM.16','{\"en\":\"Beeston Spring\"}',1);
INSERT INTO `__PREFIX__subadmin2` (`code`, `country_code`, `subadmin1_code`, `name`, `active`) VALUES ('JM.09.651','JM','JM.09','{\"en\":\"Bensonton\"}',1);
INSERT INTO `__PREFIX__subadmin2` (`code`, `country_code`, `subadmin1_code`, `name`, `active`) VALUES ('JM.04.1216','JM','JM.04','{\"en\":\"Bethany\"}',1);
INSERT INTO `__PREFIX__subadmin2` (`code`, `country_code`, `subadmin1_code`, `name`, `active`) VALUES ('JM.14.304','JM','JM.14','{\"en\":\"Bethel\"}',1);
INSERT INTO `__PREFIX__subadmin2` (`code`, `country_code`, `subadmin1_code`, `name`, `active`) VALUES ('JM.12.869','JM','JM.12','{\"en\":\"Bickersteth\"}',1);
INSERT INTO `__PREFIX__subadmin2` (`code`, `country_code`, `subadmin1_code`, `name`, `active`) VALUES ('JM.09.643','JM','JM.09','{\"en\":\"Bohemia\"}',1);
INSERT INTO `__PREFIX__subadmin2` (`code`, `country_code`, `subadmin1_code`, `name`, `active`) VALUES ('JM.04.1231','JM','JM.04','{\"en\":\"Blue Mountain\"}',1);
INSERT INTO `__PREFIX__subadmin2` (`code`, `country_code`, `subadmin1_code`, `name`, `active`) VALUES ('JM.16.1081','JM','JM.16','{\"en\":\"Bog\"}',1);
INSERT INTO `__PREFIX__subadmin2` (`code`, `country_code`, `subadmin1_code`, `name`, `active`) VALUES ('JM.07.406','JM','JM.07','{\"en\":\"Black Hill\"}',1);
INSERT INTO `__PREFIX__subadmin2` (`code`, `country_code`, `subadmin1_code`, `name`, `active`) VALUES ('JM.15.712','JM','JM.15','{\"en\":\"Bounty Hall\"}',1);
INSERT INTO `__PREFIX__subadmin2` (`code`, `country_code`, `subadmin1_code`, `name`, `active`) VALUES ('JM.12.819','JM','JM.12','{\"en\":\"Brandon Hill\"}',1);
INSERT INTO `__PREFIX__subadmin2` (`code`, `country_code`, `subadmin1_code`, `name`, `active`) VALUES ('JM.15.705','JM','JM.15','{\"en\":\"Brampton\"}',1);
INSERT INTO `__PREFIX__subadmin2` (`code`, `country_code`, `subadmin1_code`, `name`, `active`) VALUES ('JM.11.1154','JM','JM.11','{\"en\":\"Newell\"}',1);
INSERT INTO `__PREFIX__subadmin2` (`code`, `country_code`, `subadmin1_code`, `name`, `active`) VALUES ('JM.07.413','JM','JM.07','{\"en\":\"Boundbrook\"}',1);
INSERT INTO `__PREFIX__subadmin2` (`code`, `country_code`, `subadmin1_code`, `name`, `active`) VALUES ('JM.13.536','JM','JM.13','{\"en\":\"Broadgate\"}',1);
INSERT INTO `__PREFIX__subadmin2` (`code`, `country_code`, `subadmin1_code`, `name`, `active`) VALUES ('JM.11.1123','JM','JM.11','{\"en\":\"Brompton\"}',1);
INSERT INTO `__PREFIX__subadmin2` (`code`, `country_code`, `subadmin1_code`, `name`, `active`) VALUES ('JM.11.1161','JM','JM.11','{\"en\":\"Bull Savannah\"}',1);
INSERT INTO `__PREFIX__subadmin2` (`code`, `country_code`, `subadmin1_code`, `name`, `active`) VALUES ('JM.11.1136','JM','JM.11','{\"en\":\"Burnt Savannah\"}',1);
INSERT INTO `__PREFIX__subadmin2` (`code`, `country_code`, `subadmin1_code`, `name`, `active`) VALUES ('JM.12.835','JM','JM.12','{\"en\":\"Catherine Hall\"}',1);
INSERT INTO `__PREFIX__subadmin2` (`code`, `country_code`, `subadmin1_code`, `name`, `active`) VALUES ('JM.02.903','JM','JM.02','{\"en\":\"Cacoon\"}',1);
INSERT INTO `__PREFIX__subadmin2` (`code`, `country_code`, `subadmin1_code`, `name`, `active`) VALUES ('JM.12.818','JM','JM.12','{\"en\":\"Canterbury\"}',1);
INSERT INTO `__PREFIX__subadmin2` (`code`, `country_code`, `subadmin1_code`, `name`, `active`) VALUES ('JM.11.1115','JM','JM.11','{\"en\":\"Carisbrook\"}',1);
INSERT INTO `__PREFIX__subadmin2` (`code`, `country_code`, `subadmin1_code`, `name`, `active`) VALUES ('JM.16.1075','JM','JM.16','{\"en\":\"Carmel\"}',1);
INSERT INTO `__PREFIX__subadmin2` (`code`, `country_code`, `subadmin1_code`, `name`, `active`) VALUES ('JM.02.922','JM','JM.02','{\"en\":\"Cash Hill\"}',1);
INSERT INTO `__PREFIX__subadmin2` (`code`, `country_code`, `subadmin1_code`, `name`, `active`) VALUES ('JM.02.930','JM','JM.02','{\"en\":\"Cauldwell\"}',1);
INSERT INTO `__PREFIX__subadmin2` (`code`, `country_code`, `subadmin1_code`, `name`, `active`) VALUES ('JM.14.303','JM','JM.14','{\"en\":\"Cedar Valley\"}',1);
INSERT INTO `__PREFIX__subadmin2` (`code`, `country_code`, `subadmin1_code`, `name`, `active`) VALUES ('JM.07.421','JM','JM.07','{\"en\":\"Castle Comfort\"}',1);
INSERT INTO `__PREFIX__subadmin2` (`code`, `country_code`, `subadmin1_code`, `name`, `active`) VALUES ('JM.02.925','JM','JM.02','{\"en\":\"Chambers Pen\"}',1);
INSERT INTO `__PREFIX__subadmin2` (`code`, `country_code`, `subadmin1_code`, `name`, `active`) VALUES ('JM.04.1226','JM','JM.04','{\"en\":\"Chantilly\"}',1);
INSERT INTO `__PREFIX__subadmin2` (`code`, `country_code`, `subadmin1_code`, `name`, `active`) VALUES ('JM.13.502','JM','JM.13','{\"en\":\"Charles Town\"}',1);
INSERT INTO `__PREFIX__subadmin2` (`code`, `country_code`, `subadmin1_code`, `name`, `active`) VALUES ('JM.12.847','JM','JM.12','{\"en\":\"Comfort Hall\"}',1);
INSERT INTO `__PREFIX__subadmin2` (`code`, `country_code`, `subadmin1_code`, `name`, `active`) VALUES ('JM.09.604','JM','JM.09','{\"en\":\"Chester\"}',1);
INSERT INTO `__PREFIX__subadmin2` (`code`, `country_code`, `subadmin1_code`, `name`, `active`) VALUES ('JM.04.1232','JM','JM.04','{\"en\":\"Content\"}',1);
INSERT INTO `__PREFIX__subadmin2` (`code`, `country_code`, `subadmin1_code`, `name`, `active`) VALUES ('JM.04.1211','JM','JM.04','{\"en\":\"Christiana\"}',1);
INSERT INTO `__PREFIX__subadmin2` (`code`, `country_code`, `subadmin1_code`, `name`, `active`) VALUES ('JM.12.811','JM','JM.12','{\"en\":\"Cornwall\"}',1);
INSERT INTO `__PREFIX__subadmin2` (`code`, `country_code`, `subadmin1_code`, `name`, `active`) VALUES ('JM.04.1215','JM','JM.04','{\"en\":\"Chudleigh\"}',1);
INSERT INTO `__PREFIX__subadmin2` (`code`, `country_code`, `subadmin1_code`, `name`, `active`) VALUES ('JM.01.1348','JM','JM.01','{\"en\":\"Chateau\"}',1);
INSERT INTO `__PREFIX__subadmin2` (`code`, `country_code`, `subadmin1_code`, `name`, `active`) VALUES ('JM.15.719','JM','JM.15','{\"en\":\"Clarks Town\"}',1);
INSERT INTO `__PREFIX__subadmin2` (`code`, `country_code`, `subadmin1_code`, `name`, `active`) VALUES ('JM.04.1214','JM','JM.04','{\"en\":\"Cobbla\"}',1);
INSERT INTO `__PREFIX__subadmin2` (`code`, `country_code`, `subadmin1_code`, `name`, `active`) VALUES ('JM.09.633','JM','JM.09','{\"en\":\"Cole Gate\"}',1);
INSERT INTO `__PREFIX__subadmin2` (`code`, `country_code`, `subadmin1_code`, `name`, `active`) VALUES ('JM.04.1241','JM','JM.04','{\"en\":\"Greenvale\"}',1);
INSERT INTO `__PREFIX__subadmin2` (`code`, `country_code`, `subadmin1_code`, `name`, `active`) VALUES ('JM.04.1207','JM','JM.04','{\"en\":\"Comfort Hall\"}',1);
INSERT INTO `__PREFIX__subadmin2` (`code`, `country_code`, `subadmin1_code`, `name`, `active`) VALUES ('JM.01.1370','JM','JM.01','{\"en\":\"Cockpit\"}',1);
INSERT INTO `__PREFIX__subadmin2` (`code`, `country_code`, `subadmin1_code`, `name`, `active`) VALUES ('JM.12.802','JM','JM.12','{\"en\":\"Coral Gardens\"}',1);
INSERT INTO `__PREFIX__subadmin2` (`code`, `country_code`, `subadmin1_code`, `name`, `active`) VALUES ('JM.11.1121','JM','JM.11','{\"en\":\"Cotterwood\"}',1);
INSERT INTO `__PREFIX__subadmin2` (`code`, `country_code`, `subadmin1_code`, `name`, `active`) VALUES ('JM.02.901','JM','JM.02','{\"en\":\"Cousins Cove\"}',1);
INSERT INTO `__PREFIX__subadmin2` (`code`, `country_code`, `subadmin1_code`, `name`, `active`) VALUES ('JM.04.1202','JM','JM.04','{\"en\":\"Craig Head\"}',1);
INSERT INTO `__PREFIX__subadmin2` (`code`, `country_code`, `subadmin1_code`, `name`, `active`) VALUES ('JM.04.1271','JM','JM.04','{\"en\":\"Cross Keys\"}',1);
INSERT INTO `__PREFIX__subadmin2` (`code`, `country_code`, `subadmin1_code`, `name`, `active`) VALUES ('JM.02.912','JM','JM.02','{\"en\":\"Copse\"}',1);
INSERT INTO `__PREFIX__subadmin2` (`code`, `country_code`, `subadmin1_code`, `name`, `active`) VALUES ('JM.09.646','JM','JM.09','{\"en\":\"Cuffie Ridge\"}',1);
INSERT INTO `__PREFIX__subadmin2` (`code`, `country_code`, `subadmin1_code`, `name`, `active`) VALUES ('JM.10.1446','JM','JM.10','{\"en\":\"Cumberland\"}',1);
INSERT INTO `__PREFIX__subadmin2` (`code`, `country_code`, `subadmin1_code`, `name`, `active`) VALUES ('JM.04.1260','JM','JM.04','{\"en\":\"Downs\"}',1);
INSERT INTO `__PREFIX__subadmin2` (`code`, `country_code`, `subadmin1_code`, `name`, `active`) VALUES ('JM.14.356','JM','JM.14','{\"en\":\"Dalvey\"}',1);
INSERT INTO `__PREFIX__subadmin2` (`code`, `country_code`, `subadmin1_code`, `name`, `active`) VALUES ('JM.15.709','JM','JM.15','{\"en\":\"Daniel Town\"}',1);
INSERT INTO `__PREFIX__subadmin2` (`code`, `country_code`, `subadmin1_code`, `name`, `active`) VALUES ('JM.14.331','JM','JM.14','{\"en\":\"Danvers Pen\"}',1);
INSERT INTO `__PREFIX__subadmin2` (`code`, `country_code`, `subadmin1_code`, `name`, `active`) VALUES ('JM.15.726','JM','JM.15','{\"en\":\"Deeside\"}',1);
INSERT INTO `__PREFIX__subadmin2` (`code`, `country_code`, `subadmin1_code`, `name`, `active`) VALUES ('JM.13.537','JM','JM.13','{\"en\":\"Devon Pen\"}',1);
INSERT INTO `__PREFIX__subadmin2` (`code`, `country_code`, `subadmin1_code`, `name`, `active`) VALUES ('JM.02.926','JM','JM.02','{\"en\":\"Dias\"}',1);
INSERT INTO `__PREFIX__subadmin2` (`code`, `country_code`, `subadmin1_code`, `name`, `active`) VALUES ('JM.16.1069','JM','JM.16','{\"en\":\"Dillion Bigwoods\"}',1);
INSERT INTO `__PREFIX__subadmin2` (`code`, `country_code`, `subadmin1_code`, `name`, `active`) VALUES ('JM.13.546','JM','JM.13','{\"en\":\"Dover\"}',1);
INSERT INTO `__PREFIX__subadmin2` (`code`, `country_code`, `subadmin1_code`, `name`, `active`) VALUES ('JM.13.514','JM','JM.13','{\"en\":\"Free Hill\"}',1);
INSERT INTO `__PREFIX__subadmin2` (`code`, `country_code`, `subadmin1_code`, `name`, `active`) VALUES ('JM.15.717','JM','JM.15','{\"en\":\"Duanvale\"}',1);
INSERT INTO `__PREFIX__subadmin2` (`code`, `country_code`, `subadmin1_code`, `name`, `active`) VALUES ('JM.14.346','JM','JM.14','{\"en\":\"Duhaney Pen\"}',1);
INSERT INTO `__PREFIX__subadmin2` (`code`, `country_code`, `subadmin1_code`, `name`, `active`) VALUES ('JM.12.816','JM','JM.12','{\"en\":\"Down Town Montego Bay\"}',1);
INSERT INTO `__PREFIX__subadmin2` (`code`, `country_code`, `subadmin1_code`, `name`, `active`) VALUES ('JM.11.1106','JM','JM.11','{\"en\":\"Elderslie\"}',1);
INSERT INTO `__PREFIX__subadmin2` (`code`, `country_code`, `subadmin1_code`, `name`, `active`) VALUES ('JM.14.339','JM','JM.14','{\"en\":\"Eleven Miles\"}',1);
INSERT INTO `__PREFIX__subadmin2` (`code`, `country_code`, `subadmin1_code`, `name`, `active`) VALUES ('JM.07.433','JM','JM.07','{\"en\":\"Durham\"}',1);
INSERT INTO `__PREFIX__subadmin2` (`code`, `country_code`, `subadmin1_code`, `name`, `active`) VALUES ('JM.01.1349','JM','JM.01','{\"en\":\"Effortville\"}',1);
INSERT INTO `__PREFIX__subadmin2` (`code`, `country_code`, `subadmin1_code`, `name`, `active`) VALUES ('JM.13.544','JM','JM.13','{\"en\":\"Enfield\"}',1);
INSERT INTO `__PREFIX__subadmin2` (`code`, `country_code`, `subadmin1_code`, `name`, `active`) VALUES ('JM.13.545','JM','JM.13','{\"en\":\"Epson\"}',1);
INSERT INTO `__PREFIX__subadmin2` (`code`, `country_code`, `subadmin1_code`, `name`, `active`) VALUES ('JM.04.1248','JM','JM.04','{\"en\":\"Ellen Street\"}',1);
INSERT INTO `__PREFIX__subadmin2` (`code`, `country_code`, `subadmin1_code`, `name`, `active`) VALUES ('JM.09.617','JM','JM.09','{\"en\":\"Epworth\"}',1);
INSERT INTO `__PREFIX__subadmin2` (`code`, `country_code`, `subadmin1_code`, `name`, `active`) VALUES ('JM.13.543','JM','JM.13','{\"en\":\"Long Road\"}',1);
INSERT INTO `__PREFIX__subadmin2` (`code`, `country_code`, `subadmin1_code`, `name`, `active`) VALUES ('JM.12.827','JM','JM.12','{\"en\":\"Lottery\"}',1);
INSERT INTO `__PREFIX__subadmin2` (`code`, `country_code`, `subadmin1_code`, `name`, `active`) VALUES ('JM.09.610','JM','JM.09','{\"en\":\"Exchange\"}',1);
INSERT INTO `__PREFIX__subadmin2` (`code`, `country_code`, `subadmin1_code`, `name`, `active`) VALUES ('JM.12.837','JM','JM.12','{\"en\":\"Fairfield\"}',1);
INSERT INTO `__PREFIX__subadmin2` (`code`, `country_code`, `subadmin1_code`, `name`, `active`) VALUES ('JM.09.653','JM','JM.09','{\"en\":\"Faith\'s Pen\"}',1);
INSERT INTO `__PREFIX__subadmin2` (`code`, `country_code`, `subadmin1_code`, `name`, `active`) VALUES ('JM.12.831','JM','JM.12','{\"en\":\"Farm Heights\"}',1);
INSERT INTO `__PREFIX__subadmin2` (`code`, `country_code`, `subadmin1_code`, `name`, `active`) VALUES ('JM.12.862','JM','JM.12','{\"en\":\"Flagstaff\"}',1);
INSERT INTO `__PREFIX__subadmin2` (`code`, `country_code`, `subadmin1_code`, `name`, `active`) VALUES ('JM.12.866','JM','JM.12','{\"en\":\"Flamstead\"}',1);
INSERT INTO `__PREFIX__subadmin2` (`code`, `country_code`, `subadmin1_code`, `name`, `active`) VALUES ('JM.07.432','JM','JM.07','{\"en\":\"Fellowship\"}',1);
INSERT INTO `__PREFIX__subadmin2` (`code`, `country_code`, `subadmin1_code`, `name`, `active`) VALUES ('JM.12.875','JM','JM.12','{\"en\":\"Garlands\"}',1);
INSERT INTO `__PREFIX__subadmin2` (`code`, `country_code`, `subadmin1_code`, `name`, `active`) VALUES ('JM.13.527','JM','JM.13','{\"en\":\"Flint River\"}',1);
INSERT INTO `__PREFIX__subadmin2` (`code`, `country_code`, `subadmin1_code`, `name`, `active`) VALUES ('JM.14.332','JM','JM.14','{\"en\":\"Font Hill\"}',1);
INSERT INTO `__PREFIX__subadmin2` (`code`, `country_code`, `subadmin1_code`, `name`, `active`) VALUES ('JM.15.734','JM','JM.15','{\"en\":\"Freemans Hall\"}',1);
INSERT INTO `__PREFIX__subadmin2` (`code`, `country_code`, `subadmin1_code`, `name`, `active`) VALUES ('JM.04.1261','JM','JM.04','{\"en\":\"French Park\"}',1);
INSERT INTO `__PREFIX__subadmin2` (`code`, `country_code`, `subadmin1_code`, `name`, `active`) VALUES ('JM.12.843','JM','JM.12','{\"en\":\"Friendship\"}',1);
INSERT INTO `__PREFIX__subadmin2` (`code`, `country_code`, `subadmin1_code`, `name`, `active`) VALUES ('JM.13.538','JM','JM.13','{\"en\":\"Friendship Gap\"}',1);
INSERT INTO `__PREFIX__subadmin2` (`code`, `country_code`, `subadmin1_code`, `name`, `active`) VALUES ('JM.01.1367','JM','JM.01','{\"en\":\"Freetown\"}',1);
INSERT INTO `__PREFIX__subadmin2` (`code`, `country_code`, `subadmin1_code`, `name`, `active`) VALUES ('JM.11.1137','JM','JM.11','{\"en\":\"Fullerswood\"}',1);
INSERT INTO `__PREFIX__subadmin2` (`code`, `country_code`, `subadmin1_code`, `name`, `active`) VALUES ('JM.13.509','JM','JM.13','{\"en\":\"Galina\"}',1);
INSERT INTO `__PREFIX__subadmin2` (`code`, `country_code`, `subadmin1_code`, `name`, `active`) VALUES ('JM.10.1426','JM','JM.10','{\"en\":\"Ginger Ridge\"}',1);
INSERT INTO `__PREFIX__subadmin2` (`code`, `country_code`, `subadmin1_code`, `name`, `active`) VALUES ('JM.10.1410','JM','JM.10','{\"en\":\"Glengoffe\"}',1);
INSERT INTO `__PREFIX__subadmin2` (`code`, `country_code`, `subadmin1_code`, `name`, `active`) VALUES ('JM.14.321','JM','JM.14','{\"en\":\"Golden Grove\"}',1);
INSERT INTO `__PREFIX__subadmin2` (`code`, `country_code`, `subadmin1_code`, `name`, `active`) VALUES ('JM.12.845','JM','JM.12','{\"en\":\"Granville\"}',1);
INSERT INTO `__PREFIX__subadmin2` (`code`, `country_code`, `subadmin1_code`, `name`, `active`) VALUES ('JM.12.809','JM','JM.12','{\"en\":\"Goodwill\"}',1);
INSERT INTO `__PREFIX__subadmin2` (`code`, `country_code`, `subadmin1_code`, `name`, `active`) VALUES ('JM.09.611','JM','JM.09','{\"en\":\"Great Pond\"}',1);
INSERT INTO `__PREFIX__subadmin2` (`code`, `country_code`, `subadmin1_code`, `name`, `active`) VALUES ('JM.02.918','JM','JM.02','{\"en\":\"Great Valley\"}',1);
INSERT INTO `__PREFIX__subadmin2` (`code`, `country_code`, `subadmin1_code`, `name`, `active`) VALUES ('JM.01.1359','JM','JM.01','{\"en\":\"Gravel Hill\"}',1);
INSERT INTO `__PREFIX__subadmin2` (`code`, `country_code`, `subadmin1_code`, `name`, `active`) VALUES ('JM.10.1419','JM','JM.10','{\"en\":\"Greendale\"}',1);
INSERT INTO `__PREFIX__subadmin2` (`code`, `country_code`, `subadmin1_code`, `name`, `active`) VALUES ('JM.12.822','JM','JM.12','{\"en\":\"Green Pond\"}',1);
INSERT INTO `__PREFIX__subadmin2` (`code`, `country_code`, `subadmin1_code`, `name`, `active`) VALUES ('JM.12.807','JM','JM.12','{\"en\":\"Greenwood\"}',1);
INSERT INTO `__PREFIX__subadmin2` (`code`, `country_code`, `subadmin1_code`, `name`, `active`) VALUES ('JM.04.1223','JM','JM.04','{\"en\":\"Grove Place\"}',1);
INSERT INTO `__PREFIX__subadmin2` (`code`, `country_code`, `subadmin1_code`, `name`, `active`) VALUES ('JM.04.1272','JM','JM.04','{\"en\":\"Grove Town\"}',1);
INSERT INTO `__PREFIX__subadmin2` (`code`, `country_code`, `subadmin1_code`, `name`, `active`) VALUES ('JM.02.911','JM','JM.02','{\"en\":\"Haddington\"}',1);
INSERT INTO `__PREFIX__subadmin2` (`code`, `country_code`, `subadmin1_code`, `name`, `active`) VALUES ('JM.14.301','JM','JM.14','{\"en\":\"Hagley Gap\"}',1);
INSERT INTO `__PREFIX__subadmin2` (`code`, `country_code`, `subadmin1_code`, `name`, `active`) VALUES ('JM.13.512','JM','JM.13','{\"en\":\"Hampstead\"}',1);
INSERT INTO `__PREFIX__subadmin2` (`code`, `country_code`, `subadmin1_code`, `name`, `active`) VALUES ('JM.15.735','JM','JM.15','{\"en\":\"Joe Hut\"}',1);
INSERT INTO `__PREFIX__subadmin2` (`code`, `country_code`, `subadmin1_code`, `name`, `active`) VALUES ('JM.16.1082','JM','JM.16','{\"en\":\"Kilmarnoch\"}',1);
INSERT INTO `__PREFIX__subadmin2` (`code`, `country_code`, `subadmin1_code`, `name`, `active`) VALUES ('JM.10.1409','JM','JM.10','{\"en\":\"Harewood\"}',1);
INSERT INTO `__PREFIX__subadmin2` (`code`, `country_code`, `subadmin1_code`, `name`, `active`) VALUES ('JM.04.1247','JM','JM.04','{\"en\":\"Harmons\"}',1);
INSERT INTO `__PREFIX__subadmin2` (`code`, `country_code`, `subadmin1_code`, `name`, `active`) VALUES ('JM.04.1208','JM','JM.04','{\"en\":\"Harry Watch\"}',1);
INSERT INTO `__PREFIX__subadmin2` (`code`, `country_code`, `subadmin1_code`, `name`, `active`) VALUES ('JM.04.1256','JM','JM.04','{\"en\":\"Hatfield\"}',1);
INSERT INTO `__PREFIX__subadmin2` (`code`, `country_code`, `subadmin1_code`, `name`, `active`) VALUES ('JM.11.1144','JM','JM.11','{\"en\":\"Hopeton\"}',1);
INSERT INTO `__PREFIX__subadmin2` (`code`, `country_code`, `subadmin1_code`, `name`, `active`) VALUES ('JM.04.1209','JM','JM.04','{\"en\":\"Hibernia\"}',1);
INSERT INTO `__PREFIX__subadmin2` (`code`, `country_code`, `subadmin1_code`, `name`, `active`) VALUES ('JM.14.353','JM','JM.14','{\"en\":\"Leith Hall\"}',1);
INSERT INTO `__PREFIX__subadmin2` (`code`, `country_code`, `subadmin1_code`, `name`, `active`) VALUES ('JM.09.632','JM','JM.09','{\"en\":\"Hinds Town\"}',1);
INSERT INTO `__PREFIX__subadmin2` (`code`, `country_code`, `subadmin1_code`, `name`, `active`) VALUES ('JM.12.859','JM','JM.12','{\"en\":\"Hopeton\"}',1);
INSERT INTO `__PREFIX__subadmin2` (`code`, `country_code`, `subadmin1_code`, `name`, `active`) VALUES ('JM.02.908','JM','JM.02','{\"en\":\"Hopewell\"}',1);
INSERT INTO `__PREFIX__subadmin2` (`code`, `country_code`, `subadmin1_code`, `name`, `active`) VALUES ('JM.04.1237','JM','JM.04','{\"en\":\"Huntley\"}',1);
INSERT INTO `__PREFIX__subadmin2` (`code`, `country_code`, `subadmin1_code`, `name`, `active`) VALUES ('JM.01.1307','JM','JM.01','{\"en\":\"James Hill\"}',1);
INSERT INTO `__PREFIX__subadmin2` (`code`, `country_code`, `subadmin1_code`, `name`, `active`) VALUES ('JM.10.1445','JM','JM.10','{\"en\":\"Independence City\"}',1);
INSERT INTO `__PREFIX__subadmin2` (`code`, `country_code`, `subadmin1_code`, `name`, `active`) VALUES ('JM.09.638','JM','JM.09','{\"en\":\"Inverness\"}',1);
INSERT INTO `__PREFIX__subadmin2` (`code`, `country_code`, `subadmin1_code`, `name`, `active`) VALUES ('JM.12.803','JM','JM.12','{\"en\":\"Ironshore\"}',1);
INSERT INTO `__PREFIX__subadmin2` (`code`, `country_code`, `subadmin1_code`, `name`, `active`) VALUES ('JM.12.842','JM','JM.12','{\"en\":\"Irwin\"}',1);
INSERT INTO `__PREFIX__subadmin2` (`code`, `country_code`, `subadmin1_code`, `name`, `active`) VALUES ('JM.13.507','JM','JM.13','{\"en\":\"Jacks River\"}',1);
INSERT INTO `__PREFIX__subadmin2` (`code`, `country_code`, `subadmin1_code`, `name`, `active`) VALUES ('JM.13.522','JM','JM.13','{\"en\":\"Jeffery Town\"}',1);
INSERT INTO `__PREFIX__subadmin2` (`code`, `country_code`, `subadmin1_code`, `name`, `active`) VALUES ('JM.14.350','JM','JM.14','{\"en\":\"Johns Town\"}',1);
INSERT INTO `__PREFIX__subadmin2` (`code`, `country_code`, `subadmin1_code`, `name`, `active`) VALUES ('JM.14.334','JM','JM.14','{\"en\":\"Jones Pen\"}',1);
INSERT INTO `__PREFIX__subadmin2` (`code`, `country_code`, `subadmin1_code`, `name`, `active`) VALUES ('JM.11.1149','JM','JM.11','{\"en\":\"Junction\"}',1);
INSERT INTO `__PREFIX__subadmin2` (`code`, `country_code`, `subadmin1_code`, `name`, `active`) VALUES ('JM.02.928','JM','JM.02','{\"en\":\"Kendal\"}',1);
INSERT INTO `__PREFIX__subadmin2` (`code`, `country_code`, `subadmin1_code`, `name`, `active`) VALUES ('JM.04.1234','JM','JM.04','{\"en\":\"Kendal\"}',1);
INSERT INTO `__PREFIX__subadmin2` (`code`, `country_code`, `subadmin1_code`, `name`, `active`) VALUES ('JM.16.1068','JM','JM.16','{\"en\":\"Kentucky\"}',1);
INSERT INTO `__PREFIX__subadmin2` (`code`, `country_code`, `subadmin1_code`, `name`, `active`) VALUES ('JM.10.1417','JM','JM.10','{\"en\":\"Keystone\"}',1);
INSERT INTO `__PREFIX__subadmin2` (`code`, `country_code`, `subadmin1_code`, `name`, `active`) VALUES ('JM.02.927','JM','JM.02','{\"en\":\"Kingsvale\"}',1);
INSERT INTO `__PREFIX__subadmin2` (`code`, `country_code`, `subadmin1_code`, `name`, `active`) VALUES ('JM.15.718','JM','JM.15','{\"en\":\"Kinloss\"}',1);
INSERT INTO `__PREFIX__subadmin2` (`code`, `country_code`, `subadmin1_code`, `name`, `active`) VALUES ('JM.04.1254','JM','JM.04','{\"en\":\"Knockpatrick\"}',1);
INSERT INTO `__PREFIX__subadmin2` (`code`, `country_code`, `subadmin1_code`, `name`, `active`) VALUES ('JM.13.519','JM','JM.13','{\"en\":\"Labyrinth\"}',1);
INSERT INTO `__PREFIX__subadmin2` (`code`, `country_code`, `subadmin1_code`, `name`, `active`) VALUES ('JM.11.1148','JM','JM.11','{\"en\":\"Lititz\"}',1);
INSERT INTO `__PREFIX__subadmin2` (`code`, `country_code`, `subadmin1_code`, `name`, `active`) VALUES ('JM.04.1265','JM','JM.04','{\"en\":\"Lancaster\"}',1);
INSERT INTO `__PREFIX__subadmin2` (`code`, `country_code`, `subadmin1_code`, `name`, `active`) VALUES ('JM.02.902','JM','JM.02','{\"en\":\"Lances Bay\"}',1);
INSERT INTO `__PREFIX__subadmin2` (`code`, `country_code`, `subadmin1_code`, `name`, `active`) VALUES ('JM.02.935','JM','JM.02','{\"en\":\"Logwood\"}',1);
INSERT INTO `__PREFIX__subadmin2` (`code`, `country_code`, `subadmin1_code`, `name`, `active`) VALUES ('JM.11.1133','JM','JM.11','{\"en\":\"Leeds\"}',1);
INSERT INTO `__PREFIX__subadmin2` (`code`, `country_code`, `subadmin1_code`, `name`, `active`) VALUES ('JM.12.806','JM','JM.12','{\"en\":\"Lilliput\"}',1);
INSERT INTO `__PREFIX__subadmin2` (`code`, `country_code`, `subadmin1_code`, `name`, `active`) VALUES ('JM.01.1380','JM','JM.01','{\"en\":\"Lionel Town\"}',1);
INSERT INTO `__PREFIX__subadmin2` (`code`, `country_code`, `subadmin1_code`, `name`, `active`) VALUES ('JM.04.1217','JM','JM.04','{\"en\":\"Litchfield\"}',1);
INSERT INTO `__PREFIX__subadmin2` (`code`, `country_code`, `subadmin1_code`, `name`, `active`) VALUES ('JM.14.338','JM','JM.14','{\"en\":\"Llandewey\"}',1);
INSERT INTO `__PREFIX__subadmin2` (`code`, `country_code`, `subadmin1_code`, `name`, `active`) VALUES ('JM.10.1401','JM','JM.10','{\"en\":\"Lluidas Vale\"}',1);
INSERT INTO `__PREFIX__subadmin2` (`code`, `country_code`, `subadmin1_code`, `name`, `active`) VALUES ('JM.13.520','JM','JM.13','{\"en\":\"Lucky Hill\"}',1);
INSERT INTO `__PREFIX__subadmin2` (`code`, `country_code`, `subadmin1_code`, `name`, `active`) VALUES ('JM.07.424','JM','JM.07','{\"en\":\"Long Bay\"}',1);
INSERT INTO `__PREFIX__subadmin2` (`code`, `country_code`, `subadmin1_code`, `name`, `active`) VALUES ('JM.01.1369','JM','JM.01','{\"en\":\"Longville Park\"}',1);
INSERT INTO `__PREFIX__subadmin2` (`code`, `country_code`, `subadmin1_code`, `name`, `active`) VALUES ('JM.01.1378','JM','JM.01','{\"en\":\"Longwood\"}',1);
INSERT INTO `__PREFIX__subadmin2` (`code`, `country_code`, `subadmin1_code`, `name`, `active`) VALUES ('JM.09.641','JM','JM.09','{\"en\":\"Madras\"}',1);
INSERT INTO `__PREFIX__subadmin2` (`code`, `country_code`, `subadmin1_code`, `name`, `active`) VALUES ('JM.15.738','JM','JM.15','{\"en\":\"Lorrimers\"}',1);
INSERT INTO `__PREFIX__subadmin2` (`code`, `country_code`, `subadmin1_code`, `name`, `active`) VALUES ('JM.14.349','JM','JM.14','{\"en\":\"Lyssons\"}',1);
INSERT INTO `__PREFIX__subadmin2` (`code`, `country_code`, `subadmin1_code`, `name`, `active`) VALUES ('JM.09.649','JM','JM.09','{\"en\":\"Macknie\"}',1);
INSERT INTO `__PREFIX__subadmin2` (`code`, `country_code`, `subadmin1_code`, `name`, `active`) VALUES ('JM.04.1222','JM','JM.04','{\"en\":\"Maidstone\"}',1);
INSERT INTO `__PREFIX__subadmin2` (`code`, `country_code`, `subadmin1_code`, `name`, `active`) VALUES ('JM.12.865','JM','JM.12','{\"en\":\"Maldon\"}',1);
INSERT INTO `__PREFIX__subadmin2` (`code`, `country_code`, `subadmin1_code`, `name`, `active`) VALUES ('JM.04.1242','JM','JM.04','{\"en\":\"Mandeville Proper\"}',1);
INSERT INTO `__PREFIX__subadmin2` (`code`, `country_code`, `subadmin1_code`, `name`, `active`) VALUES ('JM.13.504','JM','JM.13','{\"en\":\"Mango Valley\"}',1);
INSERT INTO `__PREFIX__subadmin2` (`code`, `country_code`, `subadmin1_code`, `name`, `active`) VALUES ('JM.02.933','JM','JM.02','{\"en\":\"March Town\"}',1);
INSERT INTO `__PREFIX__subadmin2` (`code`, `country_code`, `subadmin1_code`, `name`, `active`) VALUES ('JM.13.531','JM','JM.13','{\"en\":\"Martin\"}',1);
INSERT INTO `__PREFIX__subadmin2` (`code`, `country_code`, `subadmin1_code`, `name`, `active`) VALUES ('JM.04.1270','JM','JM.04','{\"en\":\"Marlie Hill\"}',1);
INSERT INTO `__PREFIX__subadmin2` (`code`, `country_code`, `subadmin1_code`, `name`, `active`) VALUES ('JM.02.923','JM','JM.02','{\"en\":\"Maryland\"}',1);
INSERT INTO `__PREFIX__subadmin2` (`code`, `country_code`, `subadmin1_code`, `name`, `active`) VALUES ('JM.12.864','JM','JM.12','{\"en\":\"Maroon Town\"}',1);
INSERT INTO `__PREFIX__subadmin2` (`code`, `country_code`, `subadmin1_code`, `name`, `active`) VALUES ('JM.15.710','JM','JM.15','{\"en\":\"Martha Brae\"}',1);
INSERT INTO `__PREFIX__subadmin2` (`code`, `country_code`, `subadmin1_code`, `name`, `active`) VALUES ('JM.13.508','JM','JM.13','{\"en\":\"Mason Hall\"}',1);
INSERT INTO `__PREFIX__subadmin2` (`code`, `country_code`, `subadmin1_code`, `name`, `active`) VALUES ('JM.04.1252','JM','JM.04','{\"en\":\"May Day\"}',1);
INSERT INTO `__PREFIX__subadmin2` (`code`, `country_code`, `subadmin1_code`, `name`, `active`) VALUES ('JM.16.1078','JM','JM.16','{\"en\":\"Mearnsville\"}',1);
INSERT INTO `__PREFIX__subadmin2` (`code`, `country_code`, `subadmin1_code`, `name`, `active`) VALUES ('JM.04.1221','JM','JM.04','{\"en\":\"Medina\"}',1);
INSERT INTO `__PREFIX__subadmin2` (`code`, `country_code`, `subadmin1_code`, `name`, `active`) VALUES ('JM.11.1117','JM','JM.11','{\"en\":\"Middle Quarters\"}',1);
INSERT INTO `__PREFIX__subadmin2` (`code`, `country_code`, `subadmin1_code`, `name`, `active`) VALUES ('JM.04.1240','JM','JM.04','{\"en\":\"Mike Town\"}',1);
INSERT INTO `__PREFIX__subadmin2` (`code`, `country_code`, `subadmin1_code`, `name`, `active`) VALUES ('JM.13.516','JM','JM.13','{\"en\":\"Mile Gully\"}',1);
INSERT INTO `__PREFIX__subadmin2` (`code`, `country_code`, `subadmin1_code`, `name`, `active`) VALUES ('JM.04.1218','JM','JM.04','{\"en\":\"Mile Gully\"}',1);
INSERT INTO `__PREFIX__subadmin2` (`code`, `country_code`, `subadmin1_code`, `name`, `active`) VALUES ('JM.12.874','JM','JM.12','{\"en\":\"Mocho\"}',1);
INSERT INTO `__PREFIX__subadmin2` (`code`, `country_code`, `subadmin1_code`, `name`, `active`) VALUES ('JM.12.877','JM','JM.12','{\"en\":\"Niagara\"}',1);
INSERT INTO `__PREFIX__subadmin2` (`code`, `country_code`, `subadmin1_code`, `name`, `active`) VALUES ('JM.01.1358','JM','JM.01','{\"en\":\"Milk River\"}',1);
INSERT INTO `__PREFIX__subadmin2` (`code`, `country_code`, `subadmin1_code`, `name`, `active`) VALUES ('JM.01.1383','JM','JM.01','{\"en\":\"Mitchell Town\"}',1);
INSERT INTO `__PREFIX__subadmin2` (`code`, `country_code`, `subadmin1_code`, `name`, `active`) VALUES ('JM.12.821','JM','JM.12','{\"en\":\"Montego Hill\"}',1);
INSERT INTO `__PREFIX__subadmin2` (`code`, `country_code`, `subadmin1_code`, `name`, `active`) VALUES ('JM.12.856','JM','JM.12','{\"en\":\"Montpelier\"}',1);
INSERT INTO `__PREFIX__subadmin2` (`code`, `country_code`, `subadmin1_code`, `name`, `active`) VALUES ('JM.07.430','JM','JM.07','{\"en\":\"Moore Town\"}',1);
INSERT INTO `__PREFIX__subadmin2` (`code`, `country_code`, `subadmin1_code`, `name`, `active`) VALUES ('JM.12.855','JM','JM.12','{\"en\":\"Mount Carey\"}',1);
INSERT INTO `__PREFIX__subadmin2` (`code`, `country_code`, `subadmin1_code`, `name`, `active`) VALUES ('JM.09.644','JM','JM.09','{\"en\":\"Mount Moriah\"}',1);
INSERT INTO `__PREFIX__subadmin2` (`code`, `country_code`, `subadmin1_code`, `name`, `active`) VALUES ('JM.09.603','JM','JM.09','{\"en\":\"Mount Zion\"}',1);
INSERT INTO `__PREFIX__subadmin2` (`code`, `country_code`, `subadmin1_code`, `name`, `active`) VALUES ('JM.09.613','JM','JM.09','{\"en\":\"Parry Town\"}',1);
INSERT INTO `__PREFIX__subadmin2` (`code`, `country_code`, `subadmin1_code`, `name`, `active`) VALUES ('JM.11.1105','JM','JM.11','{\"en\":\"Mulgrave\"}',1);
INSERT INTO `__PREFIX__subadmin2` (`code`, `country_code`, `subadmin1_code`, `name`, `active`) VALUES ('JM.04.1238','JM','JM.04','{\"en\":\"Part Of Gutters\"}',1);
INSERT INTO `__PREFIX__subadmin2` (`code`, `country_code`, `subadmin1_code`, `name`, `active`) VALUES ('JM.11.1146','JM','JM.11','{\"en\":\"Myersville\"}',1);
INSERT INTO `__PREFIX__subadmin2` (`code`, `country_code`, `subadmin1_code`, `name`, `active`) VALUES ('JM.11.1147','JM','JM.11','{\"en\":\"Nain\"}',1);
INSERT INTO `__PREFIX__subadmin2` (`code`, `country_code`, `subadmin1_code`, `name`, `active`) VALUES ('JM.04.1268','JM','JM.04','{\"en\":\"New Forest\"}',1);
INSERT INTO `__PREFIX__subadmin2` (`code`, `country_code`, `subadmin1_code`, `name`, `active`) VALUES ('JM.10.1418','JM','JM.10','{\"en\":\"Part of Keystone\"}',1);
INSERT INTO `__PREFIX__subadmin2` (`code`, `country_code`, `subadmin1_code`, `name`, `active`) VALUES ('JM.04.1235','JM','JM.04','{\"en\":\"New Green\"}',1);
INSERT INTO `__PREFIX__subadmin2` (`code`, `country_code`, `subadmin1_code`, `name`, `active`) VALUES ('JM.10.1415','JM','JM.10','{\"en\":\"Part of Rock Hall\"}',1);
INSERT INTO `__PREFIX__subadmin2` (`code`, `country_code`, `subadmin1_code`, `name`, `active`) VALUES ('JM.11.1119','JM','JM.11','{\"en\":\"New Market\"}',1);
INSERT INTO `__PREFIX__subadmin2` (`code`, `country_code`, `subadmin1_code`, `name`, `active`) VALUES ('JM.14.305','JM','JM.14','{\"en\":\"New Monkland\"}',1);
INSERT INTO `__PREFIX__subadmin2` (`code`, `country_code`, `subadmin1_code`, `name`, `active`) VALUES ('JM.04.1263','JM','JM.04','{\"en\":\"Newport\"}',1);
INSERT INTO `__PREFIX__subadmin2` (`code`, `country_code`, `subadmin1_code`, `name`, `active`) VALUES ('JM.16.1074','JM','JM.16','{\"en\":\"New Roads\"}',1);
INSERT INTO `__PREFIX__subadmin2` (`code`, `country_code`, `subadmin1_code`, `name`, `active`) VALUES ('JM.16.1076','JM','JM.16','{\"en\":\"New Works\"}',1);
INSERT INTO `__PREFIX__subadmin2` (`code`, `country_code`, `subadmin1_code`, `name`, `active`) VALUES ('JM.10.1430','JM','JM.10','{\"en\":\"Old Harbour Bay\"}',1);
INSERT INTO `__PREFIX__subadmin2` (`code`, `country_code`, `subadmin1_code`, `name`, `active`) VALUES ('JM.07.412','JM','JM.07','{\"en\":\"Norwich\"}',1);
INSERT INTO `__PREFIX__subadmin2` (`code`, `country_code`, `subadmin1_code`, `name`, `active`) VALUES ('JM.04.1249','JM','JM.04','{\"en\":\"Old England\"}',1);
INSERT INTO `__PREFIX__subadmin2` (`code`, `country_code`, `subadmin1_code`, `name`, `active`) VALUES ('JM.10.1442','JM','JM.10','{\"en\":\"Passage Fort\"}',1);
INSERT INTO `__PREFIX__subadmin2` (`code`, `country_code`, `subadmin1_code`, `name`, `active`) VALUES ('JM.04.1203','JM','JM.04','{\"en\":\"Pike\"}',1);
INSERT INTO `__PREFIX__subadmin2` (`code`, `country_code`, `subadmin1_code`, `name`, `active`) VALUES ('JM.01.1335','JM','JM.01','{\"en\":\"Part of Banana Ground\"}',1);
INSERT INTO `__PREFIX__subadmin2` (`code`, `country_code`, `subadmin1_code`, `name`, `active`) VALUES ('JM.14.324','JM','JM.14','{\"en\":\"Pear Tree\"}',1);
INSERT INTO `__PREFIX__subadmin2` (`code`, `country_code`, `subadmin1_code`, `name`, `active`) VALUES ('JM.10.1405','JM','JM.10','{\"en\":\"Pear Tree Grove\"}',1);
INSERT INTO `__PREFIX__subadmin2` (`code`, `country_code`, `subadmin1_code`, `name`, `active`) VALUES ('JM.12.849','JM','JM.12','{\"en\":\"Reading\"}',1);
INSERT INTO `__PREFIX__subadmin2` (`code`, `country_code`, `subadmin1_code`, `name`, `active`) VALUES ('JM.11.1157','JM','JM.11','{\"en\":\"Pedro Plains\"}',1);
INSERT INTO `__PREFIX__subadmin2` (`code`, `country_code`, `subadmin1_code`, `name`, `active`) VALUES ('JM.16.1083','JM','JM.16','{\"en\":\"Petersville\"}',1);
INSERT INTO `__PREFIX__subadmin2` (`code`, `country_code`, `subadmin1_code`, `name`, `active`) VALUES ('JM.09.622','JM','JM.09','{\"en\":\"Philadelphia\"}',1);
INSERT INTO `__PREFIX__subadmin2` (`code`, `country_code`, `subadmin1_code`, `name`, `active`) VALUES ('JM.11.1101','JM','JM.11','{\"en\":\"Pisgah\"}',1);
INSERT INTO `__PREFIX__subadmin2` (`code`, `country_code`, `subadmin1_code`, `name`, `active`) VALUES ('JM.04.1267','JM','JM.04','{\"en\":\"Plowden\"}',1);
INSERT INTO `__PREFIX__subadmin2` (`code`, `country_code`, `subadmin1_code`, `name`, `active`) VALUES ('JM.10.1424','JM','JM.10','{\"en\":\"Point Hill\"}',1);
INSERT INTO `__PREFIX__subadmin2` (`code`, `country_code`, `subadmin1_code`, `name`, `active`) VALUES ('JM.09.615','JM','JM.09','{\"en\":\"Pimento Walk\"}',1);
INSERT INTO `__PREFIX__subadmin2` (`code`, `country_code`, `subadmin1_code`, `name`, `active`) VALUES ('JM.02.920','JM','JM.02','{\"en\":\"Pondside\"}',1);
INSERT INTO `__PREFIX__subadmin2` (`code`, `country_code`, `subadmin1_code`, `name`, `active`) VALUES ('JM.13.533','JM','JM.13','{\"en\":\"Robins Bay\"}',1);
INSERT INTO `__PREFIX__subadmin2` (`code`, `country_code`, `subadmin1_code`, `name`, `active`) VALUES ('JM.11.1139','JM','JM.11','{\"en\":\"Pondside\"}',1);
INSERT INTO `__PREFIX__subadmin2` (`code`, `country_code`, `subadmin1_code`, `name`, `active`) VALUES ('JM.14.341','JM','JM.14','{\"en\":\"Poormans Corner\"}',1);
INSERT INTO `__PREFIX__subadmin2` (`code`, `country_code`, `subadmin1_code`, `name`, `active`) VALUES ('JM.13.501','JM','JM.13','{\"en\":\"Prospect\"}',1);
INSERT INTO `__PREFIX__subadmin2` (`code`, `country_code`, `subadmin1_code`, `name`, `active`) VALUES ('JM.14.352','JM','JM.14','{\"en\":\"Prospect\"}',1);
INSERT INTO `__PREFIX__subadmin2` (`code`, `country_code`, `subadmin1_code`, `name`, `active`) VALUES ('JM.11.1109','JM','JM.11','{\"en\":\"Quick Step\"}',1);
INSERT INTO `__PREFIX__subadmin2` (`code`, `country_code`, `subadmin1_code`, `name`, `active`) VALUES ('JM.07.416','JM','JM.07','{\"en\":\"Prospect\"}',1);
INSERT INTO `__PREFIX__subadmin2` (`code`, `country_code`, `subadmin1_code`, `name`, `active`) VALUES ('JM.02.914','JM','JM.02','{\"en\":\"Ramble\"}',1);
INSERT INTO `__PREFIX__subadmin2` (`code`, `country_code`, `subadmin1_code`, `name`, `active`) VALUES ('JM.14.337','JM','JM.14','{\"en\":\"Ramble\"}',1);
INSERT INTO `__PREFIX__subadmin2` (`code`, `country_code`, `subadmin1_code`, `name`, `active`) VALUES ('JM.11.1150','JM','JM.11','{\"en\":\"Red Bank\"}',1);
INSERT INTO `__PREFIX__subadmin2` (`code`, `country_code`, `subadmin1_code`, `name`, `active`) VALUES ('JM.01.1376','JM','JM.01','{\"en\":\"Race Course\"}',1);
INSERT INTO `__PREFIX__subadmin2` (`code`, `country_code`, `subadmin1_code`, `name`, `active`) VALUES ('JM.10.1406','JM','JM.10','{\"en\":\"Redwood\"}',1);
INSERT INTO `__PREFIX__subadmin2` (`code`, `country_code`, `subadmin1_code`, `name`, `active`) VALUES ('JM.15.708','JM','JM.15','{\"en\":\"Refuge\"}',1);
INSERT INTO `__PREFIX__subadmin2` (`code`, `country_code`, `subadmin1_code`, `name`, `active`) VALUES ('JM.12.844','JM','JM.12','{\"en\":\"Retirement\"}',1);
INSERT INTO `__PREFIX__subadmin2` (`code`, `country_code`, `subadmin1_code`, `name`, `active`) VALUES ('JM.14.351','JM','JM.14','{\"en\":\"Retreat\"}',1);
INSERT INTO `__PREFIX__subadmin2` (`code`, `country_code`, `subadmin1_code`, `name`, `active`) VALUES ('JM.14.336','JM','JM.14','{\"en\":\"Richmond Vale\"}',1);
INSERT INTO `__PREFIX__subadmin2` (`code`, `country_code`, `subadmin1_code`, `name`, `active`) VALUES ('JM.14.330','JM','JM.14','{\"en\":\"Seaforth\"}',1);
INSERT INTO `__PREFIX__subadmin2` (`code`, `country_code`, `subadmin1_code`, `name`, `active`) VALUES ('JM.15.704','JM','JM.15','{\"en\":\"Rio Bueno\"}',1);
INSERT INTO `__PREFIX__subadmin2` (`code`, `country_code`, `subadmin1_code`, `name`, `active`) VALUES ('JM.14.302','JM','JM.14','{\"en\":\"River Head\"}',1);
INSERT INTO `__PREFIX__subadmin2` (`code`, `country_code`, `subadmin1_code`, `name`, `active`) VALUES ('JM.09.654','JM','JM.09','{\"en\":\"River Head\"}',1);
INSERT INTO `__PREFIX__subadmin2` (`code`, `country_code`, `subadmin1_code`, `name`, `active`) VALUES ('JM.10.1407','JM','JM.10','{\"en\":\"Riversdale\"}',1);
INSERT INTO `__PREFIX__subadmin2` (`code`, `country_code`, `subadmin1_code`, `name`, `active`) VALUES ('JM.04.1205','JM','JM.04','{\"en\":\"Robins Hall\"}',1);
INSERT INTO `__PREFIX__subadmin2` (`code`, `country_code`, `subadmin1_code`, `name`, `active`) VALUES ('JM.02.932','JM','JM.02','{\"en\":\"Rock Spring\"}',1);
INSERT INTO `__PREFIX__subadmin2` (`code`, `country_code`, `subadmin1_code`, `name`, `active`) VALUES ('JM.12.857','JM','JM.12','{\"en\":\"Roehampton\"}',1);
INSERT INTO `__PREFIX__subadmin2` (`code`, `country_code`, `subadmin1_code`, `name`, `active`) VALUES ('JM.12.804','JM','JM.12','{\"en\":\"Rose Hall\"}',1);
INSERT INTO `__PREFIX__subadmin2` (`code`, `country_code`, `subadmin1_code`, `name`, `active`) VALUES ('JM.11.1151','JM','JM.11','{\"en\":\"Rose Hall\"}',1);
INSERT INTO `__PREFIX__subadmin2` (`code`, `country_code`, `subadmin1_code`, `name`, `active`) VALUES ('JM.07.408','JM','JM.07','{\"en\":\"Rock Hall\"}',1);
INSERT INTO `__PREFIX__subadmin2` (`code`, `country_code`, `subadmin1_code`, `name`, `active`) VALUES ('JM.12.832','JM','JM.12','{\"en\":\"Rose Heights\"}',1);
INSERT INTO `__PREFIX__subadmin2` (`code`, `country_code`, `subadmin1_code`, `name`, `active`) VALUES ('JM.04.1266','JM','JM.04','{\"en\":\"Rose Hill\"}',1);
INSERT INTO `__PREFIX__subadmin2` (`code`, `country_code`, `subadmin1_code`, `name`, `active`) VALUES ('JM.12.833','JM','JM.12','{\"en\":\"Rosemount\"}',1);
INSERT INTO `__PREFIX__subadmin2` (`code`, `country_code`, `subadmin1_code`, `name`, `active`) VALUES ('JM.14.317','JM','JM.14','{\"en\":\"Rowlandsfield\"}',1);
INSERT INTO `__PREFIX__subadmin2` (`code`, `country_code`, `subadmin1_code`, `name`, `active`) VALUES ('JM.11.1143','JM','JM.11','{\"en\":\"Russels\"}',1);
INSERT INTO `__PREFIX__subadmin2` (`code`, `country_code`, `subadmin1_code`, `name`, `active`) VALUES ('JM.12.813','JM','JM.12','{\"en\":\"Salt Spring\"}',1);
INSERT INTO `__PREFIX__subadmin2` (`code`, `country_code`, `subadmin1_code`, `name`, `active`) VALUES ('JM.15.706','JM','JM.15','{\"en\":\"Samuels Prospect\"}',1);
INSERT INTO `__PREFIX__subadmin2` (`code`, `country_code`, `subadmin1_code`, `name`, `active`) VALUES ('JM.14.314','JM','JM.14','{\"en\":\"Spring Bank\"}',1);
INSERT INTO `__PREFIX__subadmin2` (`code`, `country_code`, `subadmin1_code`, `name`, `active`) VALUES ('JM.02.934','JM','JM.02','{\"en\":\"Santoy\"}',1);
INSERT INTO `__PREFIX__subadmin2` (`code`, `country_code`, `subadmin1_code`, `name`, `active`) VALUES ('JM.13.539','JM','JM.13','{\"en\":\"Scotts Hall\"}',1);
INSERT INTO `__PREFIX__subadmin2` (`code`, `country_code`, `subadmin1_code`, `name`, `active`) VALUES ('JM.04.1246','JM','JM.04','{\"en\":\"Scotts Pass\"}',1);
INSERT INTO `__PREFIX__subadmin2` (`code`, `country_code`, `subadmin1_code`, `name`, `active`) VALUES ('JM.04.1244','JM','JM.04','{\"en\":\"Royal Flat\"}',1);
INSERT INTO `__PREFIX__subadmin2` (`code`, `country_code`, `subadmin1_code`, `name`, `active`) VALUES ('JM.01.1371','JM','JM.01','{\"en\":\"Salt River\"}',1);
INSERT INTO `__PREFIX__subadmin2` (`code`, `country_code`, `subadmin1_code`, `name`, `active`) VALUES ('JM.14.327','JM','JM.14','{\"en\":\"Spring Garden\"}',1);
INSERT INTO `__PREFIX__subadmin2` (`code`, `country_code`, `subadmin1_code`, `name`, `active`) VALUES ('JM.12.870','JM','JM.12','{\"en\":\"Seven Rivers\"}',1);
INSERT INTO `__PREFIX__subadmin2` (`code`, `country_code`, `subadmin1_code`, `name`, `active`) VALUES ('JM.11.1112','JM','JM.11','{\"en\":\"Siloah\"}',1);
INSERT INTO `__PREFIX__subadmin2` (`code`, `country_code`, `subadmin1_code`, `name`, `active`) VALUES ('JM.04.1264','JM','JM.04','{\"en\":\"Snowdon\"}',1);
INSERT INTO `__PREFIX__subadmin2` (`code`, `country_code`, `subadmin1_code`, `name`, `active`) VALUES ('JM.04.1212','JM','JM.04','{\"en\":\"Spring Ground\"}',1);
INSERT INTO `__PREFIX__subadmin2` (`code`, `country_code`, `subadmin1_code`, `name`, `active`) VALUES ('JM.04.1236','JM','JM.04','{\"en\":\"Somerset\"}',1);
INSERT INTO `__PREFIX__subadmin2` (`code`, `country_code`, `subadmin1_code`, `name`, `active`) VALUES ('JM.12.826','JM','JM.12','{\"en\":\"Somerton\"}',1);
INSERT INTO `__PREFIX__subadmin2` (`code`, `country_code`, `subadmin1_code`, `name`, `active`) VALUES ('JM.01.1374','JM','JM.01','{\"en\":\"Sedgepond\"}',1);
INSERT INTO `__PREFIX__subadmin2` (`code`, `country_code`, `subadmin1_code`, `name`, `active`) VALUES ('JM.15.707','JM','JM.15','{\"en\":\"Spicy Hill\"}',1);
INSERT INTO `__PREFIX__subadmin2` (`code`, `country_code`, `subadmin1_code`, `name`, `active`) VALUES ('JM.12.810','JM','JM.12','{\"en\":\"Spot Valley\"}',1);
INSERT INTO `__PREFIX__subadmin2` (`code`, `country_code`, `subadmin1_code`, `name`, `active`) VALUES ('JM.07.436','JM','JM.07','{\"en\":\"Shirley Castle\"}',1);
INSERT INTO `__PREFIX__subadmin2` (`code`, `country_code`, `subadmin1_code`, `name`, `active`) VALUES ('JM.07.437','JM','JM.07','{\"en\":\"Skibo\"}',1);
INSERT INTO `__PREFIX__subadmin2` (`code`, `country_code`, `subadmin1_code`, `name`, `active`) VALUES ('JM.11.1102','JM','JM.11','{\"en\":\"Springfield\"}',1);
INSERT INTO `__PREFIX__subadmin2` (`code`, `country_code`, `subadmin1_code`, `name`, `active`) VALUES ('JM.15.730','JM','JM.15','{\"en\":\"Spring Garden\"}',1);
INSERT INTO `__PREFIX__subadmin2` (`code`, `country_code`, `subadmin1_code`, `name`, `active`) VALUES ('JM.04.1257','JM','JM.04','{\"en\":\"Spur Tree\"}',1);
INSERT INTO `__PREFIX__subadmin2` (`code`, `country_code`, `subadmin1_code`, `name`, `active`) VALUES ('JM.09.621','JM','JM.09','{\"en\":\"Sturge Town\"}',1);
INSERT INTO `__PREFIX__subadmin2` (`code`, `country_code`, `subadmin1_code`, `name`, `active`) VALUES ('JM.09.606','JM','JM.09','{\"en\":\"St. Ann\'s Bay\"}',1);
INSERT INTO `__PREFIX__subadmin2` (`code`, `country_code`, `subadmin1_code`, `name`, `active`) VALUES ('JM.09.626','JM','JM.09','{\"en\":\"St. D\'Acre\"}',1);
INSERT INTO `__PREFIX__subadmin2` (`code`, `country_code`, `subadmin1_code`, `name`, `active`) VALUES ('JM.09.607','JM','JM.09','{\"en\":\"Steer Town\"}',1);
INSERT INTO `__PREFIX__subadmin2` (`code`, `country_code`, `subadmin1_code`, `name`, `active`) VALUES ('JM.15.731','JM','JM.15','{\"en\":\"Stettin\"}',1);
INSERT INTO `__PREFIX__subadmin2` (`code`, `country_code`, `subadmin1_code`, `name`, `active`) VALUES ('JM.15.721','JM','JM.15','{\"en\":\"Stewart Town\"}',1);
INSERT INTO `__PREFIX__subadmin2` (`code`, `country_code`, `subadmin1_code`, `name`, `active`) VALUES ('JM.04.1220','JM','JM.04','{\"en\":\"St. Paul\'s\"}',1);
INSERT INTO `__PREFIX__subadmin2` (`code`, `country_code`, `subadmin1_code`, `name`, `active`) VALUES ('JM.07.409','JM','JM.07','{\"en\":\"St. Margaret\'s Bay\"}',1);
INSERT INTO `__PREFIX__subadmin2` (`code`, `country_code`, `subadmin1_code`, `name`, `active`) VALUES ('JM.02.917','JM','JM.02','{\"en\":\"Success\"}',1);
INSERT INTO `__PREFIX__subadmin2` (`code`, `country_code`, `subadmin1_code`, `name`, `active`) VALUES ('JM.12.861','JM','JM.12','{\"en\":\"Summer Hill\"}',1);
INSERT INTO `__PREFIX__subadmin2` (`code`, `country_code`, `subadmin1_code`, `name`, `active`) VALUES ('JM.14.311','JM','JM.14','{\"en\":\"Sunning Hill\"}',1);
INSERT INTO `__PREFIX__subadmin2` (`code`, `country_code`, `subadmin1_code`, `name`, `active`) VALUES ('JM.04.1262','JM','JM.04','{\"en\":\"Swaby\'s Hope\"}',1);
INSERT INTO `__PREFIX__subadmin2` (`code`, `country_code`, `subadmin1_code`, `name`, `active`) VALUES ('JM.12.867','JM','JM.12','{\"en\":\"Tangle River\"}',1);
INSERT INTO `__PREFIX__subadmin2` (`code`, `country_code`, `subadmin1_code`, `name`, `active`) VALUES ('JM.04.1224','JM','JM.04','{\"en\":\"Top Hill\"}',1);
INSERT INTO `__PREFIX__subadmin2` (`code`, `country_code`, `subadmin1_code`, `name`, `active`) VALUES ('JM.11.1159','JM','JM.11','{\"en\":\"Top Hill\"}',1);
INSERT INTO `__PREFIX__subadmin2` (`code`, `country_code`, `subadmin1_code`, `name`, `active`) VALUES ('JM.10.1408','JM','JM.10','{\"en\":\"Troja\"}',1);
INSERT INTO `__PREFIX__subadmin2` (`code`, `country_code`, `subadmin1_code`, `name`, `active`) VALUES ('JM.14.308','JM','JM.14','{\"en\":\"Trinityville\"}',1);
INSERT INTO `__PREFIX__subadmin2` (`code`, `country_code`, `subadmin1_code`, `name`, `active`) VALUES ('JM.07.440','JM','JM.07','{\"en\":\"Tranquility\"}',1);
INSERT INTO `__PREFIX__subadmin2` (`code`, `country_code`, `subadmin1_code`, `name`, `active`) VALUES ('JM.15.733','JM','JM.15','{\"en\":\"Ulster Spring\"}',1);
INSERT INTO `__PREFIX__subadmin2` (`code`, `country_code`, `subadmin1_code`, `name`, `active`) VALUES ('JM.12.852','JM','JM.12','{\"en\":\"Unity Hall\"}',1);
INSERT INTO `__PREFIX__subadmin2` (`code`, `country_code`, `subadmin1_code`, `name`, `active`) VALUES ('JM.04.1274','JM','JM.04','{\"en\":\"Victoria Town\"}',1);
INSERT INTO `__PREFIX__subadmin2` (`code`, `country_code`, `subadmin1_code`, `name`, `active`) VALUES ('JM.15.737','JM','JM.15','{\"en\":\"Wait-A-Bit\"}',1);
INSERT INTO `__PREFIX__subadmin2` (`code`, `country_code`, `subadmin1_code`, `name`, `active`) VALUES ('JM.01.1330','JM','JM.01','{\"en\":\"Turners\"}',1);
INSERT INTO `__PREFIX__subadmin2` (`code`, `country_code`, `subadmin1_code`, `name`, `active`) VALUES ('JM.15.714','JM','JM.15','{\"en\":\"Wakefield\"}',1);
INSERT INTO `__PREFIX__subadmin2` (`code`, `country_code`, `subadmin1_code`, `name`, `active`) VALUES ('JM.11.1145','JM','JM.11','{\"en\":\"Warminister\"}',1);
INSERT INTO `__PREFIX__subadmin2` (`code`, `country_code`, `subadmin1_code`, `name`, `active`) VALUES ('JM.12.863','JM','JM.12','{\"en\":\"Vaughnsfield\"}',1);
INSERT INTO `__PREFIX__subadmin2` (`code`, `country_code`, `subadmin1_code`, `name`, `active`) VALUES ('JM.15.729','JM','JM.15','{\"en\":\"Warsop\"}',1);
INSERT INTO `__PREFIX__subadmin2` (`code`, `country_code`, `subadmin1_code`, `name`, `active`) VALUES ('JM.11.1155','JM','JM.11','{\"en\":\"Watchwell\"}',1);
INSERT INTO `__PREFIX__subadmin2` (`code`, `country_code`, `subadmin1_code`, `name`, `active`) VALUES ('JM.10.1441','JM','JM.10','{\"en\":\"Waterford\"}',1);
INSERT INTO `__PREFIX__subadmin2` (`code`, `country_code`, `subadmin1_code`, `name`, `active`) VALUES ('JM.10.1423','JM','JM.10','{\"en\":\"Watermount\"}',1);
INSERT INTO `__PREFIX__subadmin2` (`code`, `country_code`, `subadmin1_code`, `name`, `active`) VALUES ('JM.04.1255','JM','JM.04','{\"en\":\"Watham\"}',1);
INSERT INTO `__PREFIX__subadmin2` (`code`, `country_code`, `subadmin1_code`, `name`, `active`) VALUES ('JM.12.836','JM','JM.12','{\"en\":\"West Green\"}',1);
INSERT INTO `__PREFIX__subadmin2` (`code`, `country_code`, `subadmin1_code`, `name`, `active`) VALUES ('JM.12.860','JM','JM.12','{\"en\":\"Welcome Hall\"}',1);
INSERT INTO `__PREFIX__subadmin2` (`code`, `country_code`, `subadmin1_code`, `name`, `active`) VALUES ('JM.16.1031','JM','JM.16','{\"en\":\"Whithorn\"}',1);
INSERT INTO `__PREFIX__subadmin2` (`code`, `country_code`, `subadmin1_code`, `name`, `active`) VALUES ('JM.10.1447','JM','JM.10','{\"en\":\"West Cumberland\"}',1);
INSERT INTO `__PREFIX__subadmin2` (`code`, `country_code`, `subadmin1_code`, `name`, `active`) VALUES ('JM.01.1377','JM','JM.01','{\"en\":\"Water Lane\"}',1);
INSERT INTO `__PREFIX__subadmin2` (`code`, `country_code`, `subadmin1_code`, `name`, `active`) VALUES ('JM.14.315','JM','JM.14','{\"en\":\"Wheelerfield\"}',1);
INSERT INTO `__PREFIX__subadmin2` (`code`, `country_code`, `subadmin1_code`, `name`, `active`) VALUES ('JM.09.640','JM','JM.09','{\"en\":\"Watt Town\"}',1);
INSERT INTO `__PREFIX__subadmin2` (`code`, `country_code`, `subadmin1_code`, `name`, `active`) VALUES ('JM.16.1010','JM','JM.16','{\"en\":\"Williamsfield\"}',1);
INSERT INTO `__PREFIX__subadmin2` (`code`, `country_code`, `subadmin1_code`, `name`, `active`) VALUES ('JM.04.1233','JM','JM.04','{\"en\":\"Williamsfield\"}',1);
INSERT INTO `__PREFIX__subadmin2` (`code`, `country_code`, `subadmin1_code`, `name`, `active`) VALUES ('JM.14.322','JM','JM.14','{\"en\":\"Winchester\"}',1);
INSERT INTO `__PREFIX__subadmin2` (`code`, `country_code`, `subadmin1_code`, `name`, `active`) VALUES ('JM.15.736','JM','JM.15','{\"en\":\"Wirefence\"}',1);
INSERT INTO `__PREFIX__subadmin2` (`code`, `country_code`, `subadmin1_code`, `name`, `active`) VALUES ('JM.02.909','JM','JM.02','{\"en\":\"Woodlands\"}',1);
INSERT INTO `__PREFIX__subadmin2` (`code`, `country_code`, `subadmin1_code`, `name`, `active`) VALUES ('JM.13.526','JM','JM.13','{\"en\":\"Woodside\"}',1);
INSERT INTO `__PREFIX__subadmin2` (`code`, `country_code`, `subadmin1_code`, `name`, `active`) VALUES ('JM.02.919','JM','JM.02','{\"en\":\"Woodsville\"}',1);
INSERT INTO `__PREFIX__subadmin2` (`code`, `country_code`, `subadmin1_code`, `name`, `active`) VALUES ('JM.14.328','JM','JM.14','{\"en\":\"York\"}',1);
INSERT INTO `__PREFIX__subadmin2` (`code`, `country_code`, `subadmin1_code`, `name`, `active`) VALUES ('JM.07.431','JM','JM.07','{\"en\":\"Windsor\"}',1);
INSERT INTO `__PREFIX__subadmin2` (`code`, `country_code`, `subadmin1_code`, `name`, `active`) VALUES ('JM.07.422','JM','JM.07','{\"en\":\"Windsor Forest\"}',1);
INSERT INTO `__PREFIX__subadmin2` (`code`, `country_code`, `subadmin1_code`, `name`, `active`) VALUES ('JM.09.650','JM','JM.09','{\"en\":\"York Castle\"}',1);
INSERT INTO `__PREFIX__subadmin2` (`code`, `country_code`, `subadmin1_code`, `name`, `active`) VALUES ('JM.14.342','JM','JM.14','{\"en\":\"Baptist\"}',1);
INSERT INTO `__PREFIX__subadmin2` (`code`, `country_code`, `subadmin1_code`, `name`, `active`) VALUES ('JM.01.1375','JM','JM.01','{\"en\":\"Banks\"}',1);
INSERT INTO `__PREFIX__subadmin2` (`code`, `country_code`, `subadmin1_code`, `name`, `active`) VALUES ('JM.01.1345','JM','JM.01','{\"en\":\"Bucknor\"}',1);
INSERT INTO `__PREFIX__subadmin2` (`code`, `country_code`, `subadmin1_code`, `name`, `active`) VALUES ('JM.07.439','JM','JM.07','{\"en\":\"Bybrook\"}',1);
INSERT INTO `__PREFIX__subadmin2` (`code`, `country_code`, `subadmin1_code`, `name`, `active`) VALUES ('JM.14.347','JM','JM.14','{\"en\":\"Church Corner\"}',1);
INSERT INTO `__PREFIX__subadmin2` (`code`, `country_code`, `subadmin1_code`, `name`, `active`) VALUES ('JM.04.1243','JM','JM.04','{\"en\":\"Heartease\"}',1);
INSERT INTO `__PREFIX__subadmin2` (`code`, `country_code`, `subadmin1_code`, `name`, `active`) VALUES ('JM.04.1227','JM','JM.04','{\"en\":\"Bombay\"}',1);
INSERT INTO `__PREFIX__subadmin2` (`code`, `country_code`, `subadmin1_code`, `name`, `active`) VALUES ('JM.14.306','JM','JM.14','{\"en\":\"Mount Lebanus\"}',1);
INSERT INTO `__PREFIX__subadmin2` (`code`, `country_code`, `subadmin1_code`, `name`, `active`) VALUES ('JM.02.929','JM','JM.02','{\"en\":\"Pell River\"}',1);
INSERT INTO `__PREFIX__subadmin2` (`code`, `country_code`, `subadmin1_code`, `name`, `active`) VALUES ('JM.12.846','JM','JM.12','{\"en\":\"Pitfour\"}',1);
INSERT INTO `__PREFIX__subadmin2` (`code`, `country_code`, `subadmin1_code`, `name`, `active`) VALUES ('JM.04.1258','JM','JM.04','{\"en\":\"Prospect\"}',1);
INSERT INTO `__PREFIX__subadmin2` (`code`, `country_code`, `subadmin1_code`, `name`, `active`) VALUES ('JM.11.1107','JM','JM.11','{\"en\":\"Retirement\"}',1);
INSERT INTO `__PREFIX__subadmin2` (`code`, `country_code`, `subadmin1_code`, `name`, `active`) VALUES ('JM.13.540','JM','JM.13','{\"en\":\"Brainerd\"}',1);
INSERT INTO `__PREFIX__subadmin2` (`code`, `country_code`, `subadmin1_code`, `name`, `active`) VALUES ('JM.15.732','JM','JM.15','{\"en\":\"Albert Town\"}',1);
/*!40000 ALTER TABLE `__PREFIX__subadmin2` ENABLE KEYS */;

--
-- Dumping data for table `__PREFIX__cities`
--

/*!40000 ALTER TABLE `__PREFIX__cities` DISABLE KEYS */;
INSERT INTO `__PREFIX__cities` (`country_code`, `name`, `longitude`, `latitude`, `feature_class`, `feature_code`, `subadmin1_code`, `subadmin2_code`, `population`, `time_zone`, `active`, `created_at`, `updated_at`) VALUES ('JM','{\"en\":\"Yallahs\"}',-76.56,17.87,'P','PPL','JM.14','JM.14.343',7644,'America/Jamaica',1,'2017-03-13 23:00:00','2017-03-13 23:00:00');
INSERT INTO `__PREFIX__cities` (`country_code`, `name`, `longitude`, `latitude`, `feature_class`, `feature_code`, `subadmin1_code`, `subadmin2_code`, `population`, `time_zone`, `active`, `created_at`, `updated_at`) VALUES ('JM','{\"en\":\"Stony Hill\"}',-76.78,18.08,'P','PPL','JM.08','JM.08.15024',8551,'America/Jamaica',1,'2017-03-13 23:00:00','2017-03-13 23:00:00');
INSERT INTO `__PREFIX__cities` (`country_code`, `name`, `longitude`, `latitude`, `feature_class`, `feature_code`, `subadmin1_code`, `subadmin2_code`, `population`, `time_zone`, `active`, `created_at`, `updated_at`) VALUES ('JM','{\"en\":\"Spanish Town\"}',-76.96,17.99,'P','PPLA','JM.10','JM.10.1438',145018,'America/Jamaica',1,'2017-03-13 23:00:00','2017-03-13 23:00:00');
INSERT INTO `__PREFIX__cities` (`country_code`, `name`, `longitude`, `latitude`, `feature_class`, `feature_code`, `subadmin1_code`, `subadmin2_code`, `population`, `time_zone`, `active`, `created_at`, `updated_at`) VALUES ('JM','{\"en\":\"Savanna-la-Mar\"}',-78.13,18.22,'P','PPLA','JM.16','JM.16.1057',16553,'America/Jamaica',1,'2017-03-13 23:00:00','2017-03-13 23:00:00');
INSERT INTO `__PREFIX__cities` (`country_code`, `name`, `longitude`, `latitude`, `feature_class`, `feature_code`, `subadmin1_code`, `subadmin2_code`, `population`, `time_zone`, `active`, `created_at`, `updated_at`) VALUES ('JM','{\"en\":\"Santa Cruz\"}',-77.70,18.05,'P','PPL','JM.11','JM.11.1134',8217,'America/Jamaica',1,'2017-03-13 23:00:00','2017-03-13 23:00:00');
INSERT INTO `__PREFIX__cities` (`country_code`, `name`, `longitude`, `latitude`, `feature_class`, `feature_code`, `subadmin1_code`, `subadmin2_code`, `population`, `time_zone`, `active`, `created_at`, `updated_at`) VALUES ('JM','{\"en\":\"Saint Ann’s Bay\"}',-77.20,18.44,'P','PPLA','JM.09','JM.09.606',13671,'America/Jamaica',1,'2020-06-08 23:00:00','2020-06-08 23:00:00');
INSERT INTO `__PREFIX__cities` (`country_code`, `name`, `longitude`, `latitude`, `feature_class`, `feature_code`, `subadmin1_code`, `subadmin2_code`, `population`, `time_zone`, `active`, `created_at`, `updated_at`) VALUES ('JM','{\"en\":\"Runaway Bay\"}',-77.34,18.46,'P','PPL','JM.09','JM.09.602',6517,'America/Jamaica',1,'2017-03-13 23:00:00','2017-03-13 23:00:00');
INSERT INTO `__PREFIX__cities` (`country_code`, `name`, `longitude`, `latitude`, `feature_class`, `feature_code`, `subadmin1_code`, `subadmin2_code`, `population`, `time_zone`, `active`, `created_at`, `updated_at`) VALUES ('JM','{\"en\":\"Porus\"}',-77.41,18.04,'P','PPL','JM.04','JM.04.1245',5923,'America/Jamaica',1,'2017-03-13 23:00:00','2017-03-13 23:00:00');
INSERT INTO `__PREFIX__cities` (`country_code`, `name`, `longitude`, `latitude`, `feature_class`, `feature_code`, `subadmin1_code`, `subadmin2_code`, `population`, `time_zone`, `active`, `created_at`, `updated_at`) VALUES ('JM','{\"en\":\"Portmore\"}',-76.88,17.95,'P','PPL','JM.10','JM.10.1449',102861,'America/Jamaica',1,'2017-03-13 23:00:00','2017-03-13 23:00:00');
INSERT INTO `__PREFIX__cities` (`country_code`, `name`, `longitude`, `latitude`, `feature_class`, `feature_code`, `subadmin1_code`, `subadmin2_code`, `population`, `time_zone`, `active`, `created_at`, `updated_at`) VALUES ('JM','{\"en\":\"Port Maria\"}',-76.89,18.37,'P','PPLA','JM.13','JM.13.510',7906,'America/Jamaica',1,'2017-03-13 23:00:00','2017-03-13 23:00:00');
INSERT INTO `__PREFIX__cities` (`country_code`, `name`, `longitude`, `latitude`, `feature_class`, `feature_code`, `subadmin1_code`, `subadmin2_code`, `population`, `time_zone`, `active`, `created_at`, `updated_at`) VALUES ('JM','{\"en\":\"Port Antonio\"}',-76.45,18.18,'P','PPLA','JM.07','JM.07.415',14400,'America/Jamaica',1,'2017-03-13 23:00:00','2017-03-13 23:00:00');
INSERT INTO `__PREFIX__cities` (`country_code`, `name`, `longitude`, `latitude`, `feature_class`, `feature_code`, `subadmin1_code`, `subadmin2_code`, `population`, `time_zone`, `active`, `created_at`, `updated_at`) VALUES ('JM','{\"en\":\"Point Hill\"}',-77.11,18.09,'P','PPL','JM.10','JM.10.1424',5344,'America/Jamaica',1,'2018-04-04 23:00:00','2018-04-04 23:00:00');
INSERT INTO `__PREFIX__cities` (`country_code`, `name`, `longitude`, `latitude`, `feature_class`, `feature_code`, `subadmin1_code`, `subadmin2_code`, `population`, `time_zone`, `active`, `created_at`, `updated_at`) VALUES ('JM','{\"en\":\"Old Harbour Bay\"}',-77.10,17.91,'P','PPL','JM.10','JM.10.1430',7912,'America/Jamaica',1,'2018-04-04 23:00:00','2018-04-04 23:00:00');
INSERT INTO `__PREFIX__cities` (`country_code`, `name`, `longitude`, `latitude`, `feature_class`, `feature_code`, `subadmin1_code`, `subadmin2_code`, `population`, `time_zone`, `active`, `created_at`, `updated_at`) VALUES ('JM','{\"en\":\"Old Harbour\"}',-77.11,17.94,'P','PPL','JM.10','JM.10.1429',26024,'America/Jamaica',1,'2019-02-27 23:00:00','2019-02-27 23:00:00');
INSERT INTO `__PREFIX__cities` (`country_code`, `name`, `longitude`, `latitude`, `feature_class`, `feature_code`, `subadmin1_code`, `subadmin2_code`, `population`, `time_zone`, `active`, `created_at`, `updated_at`) VALUES ('JM','{\"en\":\"Ocho Rios\"}',-77.10,18.41,'P','PPL','JM.09','JM.09.608',9450,'America/Jamaica',1,'2019-08-07 23:00:00','2019-08-07 23:00:00');
INSERT INTO `__PREFIX__cities` (`country_code`, `name`, `longitude`, `latitude`, `feature_class`, `feature_code`, `subadmin1_code`, `subadmin2_code`, `population`, `time_zone`, `active`, `created_at`, `updated_at`) VALUES ('JM','{\"en\":\"New Kingston\"}',-76.78,18.01,'P','PPLX','JM.08','JM.08.15017',583958,'America/Jamaica',1,'2019-02-26 23:00:00','2019-02-26 23:00:00');
INSERT INTO `__PREFIX__cities` (`country_code`, `name`, `longitude`, `latitude`, `feature_class`, `feature_code`, `subadmin1_code`, `subadmin2_code`, `population`, `time_zone`, `active`, `created_at`, `updated_at`) VALUES ('JM','{\"en\":\"Morant Bay\"}',-76.41,17.88,'P','PPLA','JM.14','JM.14.348',9368,'America/Jamaica',1,'2017-03-13 23:00:00','2017-03-13 23:00:00');
INSERT INTO `__PREFIX__cities` (`country_code`, `name`, `longitude`, `latitude`, `feature_class`, `feature_code`, `subadmin1_code`, `subadmin2_code`, `population`, `time_zone`, `active`, `created_at`, `updated_at`) VALUES ('JM','{\"en\":\"Montego Bay\"}',-77.92,18.47,'P','PPLA','JM.12','JM.12.816',82867,'America/Jamaica',1,'2017-03-13 23:00:00','2017-03-13 23:00:00');
INSERT INTO `__PREFIX__cities` (`country_code`, `name`, `longitude`, `latitude`, `feature_class`, `feature_code`, `subadmin1_code`, `subadmin2_code`, `population`, `time_zone`, `active`, `created_at`, `updated_at`) VALUES ('JM','{\"en\":\"May Pen\"}',-77.25,17.96,'P','PPLA','JM.01','JM.01.1351',44755,'America/Jamaica',1,'2017-03-13 23:00:00','2017-03-13 23:00:00');
INSERT INTO `__PREFIX__cities` (`country_code`, `name`, `longitude`, `latitude`, `feature_class`, `feature_code`, `subadmin1_code`, `subadmin2_code`, `population`, `time_zone`, `active`, `created_at`, `updated_at`) VALUES ('JM','{\"en\":\"Mandeville\"}',-77.51,18.04,'P','PPLA','JM.04','JM.04.1242',47115,'America/Jamaica',1,'2017-03-13 23:00:00','2017-03-13 23:00:00');
INSERT INTO `__PREFIX__cities` (`country_code`, `name`, `longitude`, `latitude`, `feature_class`, `feature_code`, `subadmin1_code`, `subadmin2_code`, `population`, `time_zone`, `active`, `created_at`, `updated_at`) VALUES ('JM','{\"en\":\"Lucea\"}',-78.17,18.45,'P','PPLA','JM.02','JM.02.904',6289,'America/Jamaica',1,'2017-03-13 23:00:00','2017-03-13 23:00:00');
INSERT INTO `__PREFIX__cities` (`country_code`, `name`, `longitude`, `latitude`, `feature_class`, `feature_code`, `subadmin1_code`, `subadmin2_code`, `population`, `time_zone`, `active`, `created_at`, `updated_at`) VALUES ('JM','{\"en\":\"Lionel Town\"}',-77.24,17.81,'P','PPL','JM.01','JM.01.1380',5362,'America/Jamaica',1,'2017-03-13 23:00:00','2017-03-13 23:00:00');
INSERT INTO `__PREFIX__cities` (`country_code`, `name`, `longitude`, `latitude`, `feature_class`, `feature_code`, `subadmin1_code`, `subadmin2_code`, `population`, `time_zone`, `active`, `created_at`, `updated_at`) VALUES ('JM','{\"en\":\"Linstead\"}',-77.03,18.14,'P','PPL','JM.10','JM.10.1403',20660,'America/Jamaica',1,'2017-03-13 23:00:00','2017-03-13 23:00:00');
INSERT INTO `__PREFIX__cities` (`country_code`, `name`, `longitude`, `latitude`, `feature_class`, `feature_code`, `subadmin1_code`, `subadmin2_code`, `population`, `time_zone`, `active`, `created_at`, `updated_at`) VALUES ('JM','{\"en\":\"Kingston\"}',-76.79,18.00,'P','PPLC','JM.17',NULL,937700,'America/Jamaica',1,'2021-07-31 23:00:00','2021-07-31 23:00:00');
INSERT INTO `__PREFIX__cities` (`country_code`, `name`, `longitude`, `latitude`, `feature_class`, `feature_code`, `subadmin1_code`, `subadmin2_code`, `population`, `time_zone`, `active`, `created_at`, `updated_at`) VALUES ('JM','{\"en\":\"Hayes\"}',-77.24,17.88,'P','PPL','JM.01','JM.01.1372',9701,'America/Jamaica',1,'2017-03-13 23:00:00','2017-03-13 23:00:00');
INSERT INTO `__PREFIX__cities` (`country_code`, `name`, `longitude`, `latitude`, `feature_class`, `feature_code`, `subadmin1_code`, `subadmin2_code`, `population`, `time_zone`, `active`, `created_at`, `updated_at`) VALUES ('JM','{\"en\":\"Half Way Tree\"}',-76.80,18.01,'P','PPLA','JM.08','JM.08.15018',18552,'America/Jamaica',1,'2017-03-13 23:00:00','2017-03-13 23:00:00');
INSERT INTO `__PREFIX__cities` (`country_code`, `name`, `longitude`, `latitude`, `feature_class`, `feature_code`, `subadmin1_code`, `subadmin2_code`, `population`, `time_zone`, `active`, `created_at`, `updated_at`) VALUES ('JM','{\"en\":\"Falmouth\"}',-77.66,18.49,'P','PPLA','JM.15','JM.15.702',7779,'America/Jamaica',1,'2017-03-13 23:00:00','2017-03-13 23:00:00');
INSERT INTO `__PREFIX__cities` (`country_code`, `name`, `longitude`, `latitude`, `feature_class`, `feature_code`, `subadmin1_code`, `subadmin2_code`, `population`, `time_zone`, `active`, `created_at`, `updated_at`) VALUES ('JM','{\"en\":\"Ewarton\"}',-77.09,18.18,'P','PPL','JM.10','JM.10.1402',12797,'America/Jamaica',1,'2018-04-02 23:00:00','2018-04-02 23:00:00');
INSERT INTO `__PREFIX__cities` (`country_code`, `name`, `longitude`, `latitude`, `feature_class`, `feature_code`, `subadmin1_code`, `subadmin2_code`, `population`, `time_zone`, `active`, `created_at`, `updated_at`) VALUES ('JM','{\"en\":\"Constant Spring\"}',-76.79,18.05,'P','PPL','JM.08','JM.08.15025',12830,'America/Jamaica',1,'2017-03-13 23:00:00','2017-03-13 23:00:00');
INSERT INTO `__PREFIX__cities` (`country_code`, `name`, `longitude`, `latitude`, `feature_class`, `feature_code`, `subadmin1_code`, `subadmin2_code`, `population`, `time_zone`, `active`, `created_at`, `updated_at`) VALUES ('JM','{\"en\":\"Bull Savanna\"}',-77.59,17.89,'P','PPL','JM.11','JM.11.1161',6962,'America/Jamaica',1,'2018-04-04 23:00:00','2018-04-04 23:00:00');
INSERT INTO `__PREFIX__cities` (`country_code`, `name`, `longitude`, `latitude`, `feature_class`, `feature_code`, `subadmin1_code`, `subadmin2_code`, `population`, `time_zone`, `active`, `created_at`, `updated_at`) VALUES ('JM','{\"en\":\"Bog Walk\"}',-77.01,18.10,'P','PPL','JM.10','JM.10.1413',12873,'America/Jamaica',1,'2017-03-13 23:00:00','2017-03-13 23:00:00');
INSERT INTO `__PREFIX__cities` (`country_code`, `name`, `longitude`, `latitude`, `feature_class`, `feature_code`, `subadmin1_code`, `subadmin2_code`, `population`, `time_zone`, `active`, `created_at`, `updated_at`) VALUES ('JM','{\"en\":\"Black River\"}',-77.85,18.03,'P','PPLA','JM.11','JM.11.1124',4229,'America/Jamaica',1,'2017-03-13 23:00:00','2017-03-13 23:00:00');
INSERT INTO `__PREFIX__cities` (`country_code`, `name`, `longitude`, `latitude`, `feature_class`, `feature_code`, `subadmin1_code`, `subadmin2_code`, `population`, `time_zone`, `active`, `created_at`, `updated_at`) VALUES ('JM','{\"en\":\"Annotto Bay\"}',-76.77,18.27,'P','PPL','JM.13','JM.13.534',5504,'America/Jamaica',1,'2017-03-13 23:00:00','2017-03-13 23:00:00');
/*!40000 ALTER TABLE `__PREFIX__cities` ENABLE KEYS */;
/*!40103 SET TIME_ZONE=@OLD_TIME_ZONE */;

/*!40101 SET SQL_MODE=@OLD_SQL_MODE */;
/*!40014 SET FOREIGN_KEY_CHECKS=@OLD_FOREIGN_KEY_CHECKS */;
/*!40014 SET UNIQUE_CHECKS=@OLD_UNIQUE_CHECKS */;
/*!40101 SET CHARACTER_SET_CLIENT=@OLD_CHARACTER_SET_CLIENT */;
/*!40101 SET CHARACTER_SET_RESULTS=@OLD_CHARACTER_SET_RESULTS */;
/*!40101 SET COLLATION_CONNECTION=@OLD_COLLATION_CONNECTION */;
/*!40111 SET SQL_NOTES=@OLD_SQL_NOTES */;

-- Dump completed
