-- MySQL dump 10.13  Distrib 5.7.34, for osx10.12 (x86_64)
--
-- Host: 127.0.0.1    Database: laraclassifier
-- ------------------------------------------------------
-- Server version	5.7.34

/*!40101 SET @OLD_CHARACTER_SET_CLIENT=@@CHARACTER_SET_CLIENT */;
/*!40101 SET @OLD_CHARACTER_SET_RESULTS=@@CHARACTER_SET_RESULTS */;
/*!40101 SET @OLD_COLLATION_CONNECTION=@@COLLATION_CONNECTION */;
/*!40101 SET NAMES utf8 */;
/*!40103 SET @OLD_TIME_ZONE=@@TIME_ZONE */;
/*!40103 SET TIME_ZONE='+00:00' */;
/*!40014 SET @OLD_UNIQUE_CHECKS=@@UNIQUE_CHECKS, UNIQUE_CHECKS=0 */;
/*!40014 SET @OLD_FOREIGN_KEY_CHECKS=@@FOREIGN_KEY_CHECKS, FOREIGN_KEY_CHECKS=0 */;
/*!40101 SET @OLD_SQL_MODE=@@SQL_MODE, SQL_MODE='NO_AUTO_VALUE_ON_ZERO' */;
/*!40111 SET @OLD_SQL_NOTES=@@SQL_NOTES, SQL_NOTES=0 */;

--
-- Dumping data for table `__PREFIX__subadmin1`
--

/*!40000 ALTER TABLE `__PREFIX__subadmin1` DISABLE KEYS */;
INSERT INTO `__PREFIX__subadmin1` (`code`, `country_code`, `name`, `active`) VALUES ('KE.55','KE','{\"en\":\"West Pokot\"}',1);
INSERT INTO `__PREFIX__subadmin1` (`code`, `country_code`, `name`, `active`) VALUES ('KE.54','KE','{\"en\":\"Wajir\"}',1);
INSERT INTO `__PREFIX__subadmin1` (`code`, `country_code`, `name`, `active`) VALUES ('KE.52','KE','{\"en\":\"Uasin Gishu\"}',1);
INSERT INTO `__PREFIX__subadmin1` (`code`, `country_code`, `name`, `active`) VALUES ('KE.51','KE','{\"en\":\"Turkana\"}',1);
INSERT INTO `__PREFIX__subadmin1` (`code`, `country_code`, `name`, `active`) VALUES ('KE.50','KE','{\"en\":\"Trans Nzoia\"}',1);
INSERT INTO `__PREFIX__subadmin1` (`code`, `country_code`, `name`, `active`) VALUES ('KE.49','KE','{\"en\":\"Tharaka - Nithi\"}',1);
INSERT INTO `__PREFIX__subadmin1` (`code`, `country_code`, `name`, `active`) VALUES ('KE.48','KE','{\"en\":\"Tana River\"}',1);
INSERT INTO `__PREFIX__subadmin1` (`code`, `country_code`, `name`, `active`) VALUES ('KE.46','KE','{\"en\":\"Siaya\"}',1);
INSERT INTO `__PREFIX__subadmin1` (`code`, `country_code`, `name`, `active`) VALUES ('KE.45','KE','{\"en\":\"Samburu\"}',1);
INSERT INTO `__PREFIX__subadmin1` (`code`, `country_code`, `name`, `active`) VALUES ('KE.05','KE','{\"en\":\"Nairobi Area\"}',1);
INSERT INTO `__PREFIX__subadmin1` (`code`, `country_code`, `name`, `active`) VALUES ('KE.38','KE','{\"en\":\"Murang\'A\"}',1);
INSERT INTO `__PREFIX__subadmin1` (`code`, `country_code`, `name`, `active`) VALUES ('KE.37','KE','{\"en\":\"Mombasa\"}',1);
INSERT INTO `__PREFIX__subadmin1` (`code`, `country_code`, `name`, `active`) VALUES ('KE.35','KE','{\"en\":\"Meru\"}',1);
INSERT INTO `__PREFIX__subadmin1` (`code`, `country_code`, `name`, `active`) VALUES ('KE.34','KE','{\"en\":\"Marsabit\"}',1);
INSERT INTO `__PREFIX__subadmin1` (`code`, `country_code`, `name`, `active`) VALUES ('KE.33','KE','{\"en\":\"Mandera\"}',1);
INSERT INTO `__PREFIX__subadmin1` (`code`, `country_code`, `name`, `active`) VALUES ('KE.29','KE','{\"en\":\"Laikipia\"}',1);
INSERT INTO `__PREFIX__subadmin1` (`code`, `country_code`, `name`, `active`) VALUES ('KE.28','KE','{\"en\":\"Kwale\"}',1);
INSERT INTO `__PREFIX__subadmin1` (`code`, `country_code`, `name`, `active`) VALUES ('KE.27','KE','{\"en\":\"Kitui\"}',1);
INSERT INTO `__PREFIX__subadmin1` (`code`, `country_code`, `name`, `active`) VALUES ('KE.26','KE','{\"en\":\"Kisumu\"}',1);
INSERT INTO `__PREFIX__subadmin1` (`code`, `country_code`, `name`, `active`) VALUES ('KE.25','KE','{\"en\":\"Kisii\"}',1);
INSERT INTO `__PREFIX__subadmin1` (`code`, `country_code`, `name`, `active`) VALUES ('KE.24','KE','{\"en\":\"Kirinyaga\"}',1);
INSERT INTO `__PREFIX__subadmin1` (`code`, `country_code`, `name`, `active`) VALUES ('KE.23','KE','{\"en\":\"Kilifi\"}',1);
INSERT INTO `__PREFIX__subadmin1` (`code`, `country_code`, `name`, `active`) VALUES ('KE.22','KE','{\"en\":\"Kiambu\"}',1);
INSERT INTO `__PREFIX__subadmin1` (`code`, `country_code`, `name`, `active`) VALUES ('KE.21','KE','{\"en\":\"Kericho\"}',1);
INSERT INTO `__PREFIX__subadmin1` (`code`, `country_code`, `name`, `active`) VALUES ('KE.20','KE','{\"en\":\"Kakamega\"}',1);
INSERT INTO `__PREFIX__subadmin1` (`code`, `country_code`, `name`, `active`) VALUES ('KE.18','KE','{\"en\":\"Isiolo\"}',1);
INSERT INTO `__PREFIX__subadmin1` (`code`, `country_code`, `name`, `active`) VALUES ('KE.16','KE','{\"en\":\"Garissa\"}',1);
INSERT INTO `__PREFIX__subadmin1` (`code`, `country_code`, `name`, `active`) VALUES ('KE.15','KE','{\"en\":\"Embu\"}',1);
INSERT INTO `__PREFIX__subadmin1` (`code`, `country_code`, `name`, `active`) VALUES ('KE.13','KE','{\"en\":\"Busia\"}',1);
INSERT INTO `__PREFIX__subadmin1` (`code`, `country_code`, `name`, `active`) VALUES ('KE.12','KE','{\"en\":\"Bungoma\"}',1);
INSERT INTO `__PREFIX__subadmin1` (`code`, `country_code`, `name`, `active`) VALUES ('KE.10','KE','{\"en\":\"Baringo\"}',1);
INSERT INTO `__PREFIX__subadmin1` (`code`, `country_code`, `name`, `active`) VALUES ('KE.43','KE','{\"en\":\"Nyandarua\"}',1);
INSERT INTO `__PREFIX__subadmin1` (`code`, `country_code`, `name`, `active`) VALUES ('KE.53','KE','{\"en\":\"Vihiga\"}',1);
INSERT INTO `__PREFIX__subadmin1` (`code`, `country_code`, `name`, `active`) VALUES ('KE.30','KE','{\"en\":\"Lamu\"}',1);
INSERT INTO `__PREFIX__subadmin1` (`code`, `country_code`, `name`, `active`) VALUES ('KE.31','KE','{\"en\":\"Machakos\"}',1);
INSERT INTO `__PREFIX__subadmin1` (`code`, `country_code`, `name`, `active`) VALUES ('KE.32','KE','{\"en\":\"Makueni\"}',1);
INSERT INTO `__PREFIX__subadmin1` (`code`, `country_code`, `name`, `active`) VALUES ('KE.14','KE','{\"en\":\"Elegeyo-Marakwet\"}',1);
INSERT INTO `__PREFIX__subadmin1` (`code`, `country_code`, `name`, `active`) VALUES ('KE.47','KE','{\"en\":\"Taita Taveta\"}',1);
INSERT INTO `__PREFIX__subadmin1` (`code`, `country_code`, `name`, `active`) VALUES ('KE.19','KE','{\"en\":\"Kajiado\"}',1);
INSERT INTO `__PREFIX__subadmin1` (`code`, `country_code`, `name`, `active`) VALUES ('KE.44','KE','{\"en\":\"Nyeri\"}',1);
INSERT INTO `__PREFIX__subadmin1` (`code`, `country_code`, `name`, `active`) VALUES ('KE.17','KE','{\"en\":\"Homa Bay\"}',1);
INSERT INTO `__PREFIX__subadmin1` (`code`, `country_code`, `name`, `active`) VALUES ('KE.11','KE','{\"en\":\"Bomet\"}',1);
INSERT INTO `__PREFIX__subadmin1` (`code`, `country_code`, `name`, `active`) VALUES ('KE.36','KE','{\"en\":\"Migori\"}',1);
INSERT INTO `__PREFIX__subadmin1` (`code`, `country_code`, `name`, `active`) VALUES ('KE.39','KE','{\"en\":\"Nakuru\"}',1);
INSERT INTO `__PREFIX__subadmin1` (`code`, `country_code`, `name`, `active`) VALUES ('KE.41','KE','{\"en\":\"Narok\"}',1);
INSERT INTO `__PREFIX__subadmin1` (`code`, `country_code`, `name`, `active`) VALUES ('KE.42','KE','{\"en\":\"Nyamira\"}',1);
INSERT INTO `__PREFIX__subadmin1` (`code`, `country_code`, `name`, `active`) VALUES ('KE.40','KE','{\"en\":\"Nandi\"}',1);
/*!40000 ALTER TABLE `__PREFIX__subadmin1` ENABLE KEYS */;

--
-- Dumping data for table `__PREFIX__subadmin2`
--

/*!40000 ALTER TABLE `__PREFIX__subadmin2` DISABLE KEYS */;
INSERT INTO `__PREFIX__subadmin2` (`code`, `country_code`, `subadmin1_code`, `name`, `active`) VALUES ('KE.22.179328','KE','KE.22','{\"en\":\"Thika District\"}',1);
INSERT INTO `__PREFIX__subadmin2` (`code`, `country_code`, `subadmin1_code`, `name`, `active`) VALUES ('KE.31.187246','KE','KE.31','{\"en\":\"Matungulu Location\"}',1);
INSERT INTO `__PREFIX__subadmin2` (`code`, `country_code`, `subadmin1_code`, `name`, `active`) VALUES ('KE.30.189739','KE','KE.30','{\"en\":\"Lamu District\"}',1);
INSERT INTO `__PREFIX__subadmin2` (`code`, `country_code`, `subadmin1_code`, `name`, `active`) VALUES ('KE.26.7602531','KE','KE.26','{\"en\":\"Nyando District\"}',1);
INSERT INTO `__PREFIX__subadmin2` (`code`, `country_code`, `subadmin1_code`, `name`, `active`) VALUES ('KE.13.7602535','KE','KE.13','{\"en\":\"Teso District\"}',1);
INSERT INTO `__PREFIX__subadmin2` (`code`, `country_code`, `subadmin1_code`, `name`, `active`) VALUES ('KE.40.7602644','KE','KE.40','{\"en\":\"Nandi North District\"}',1);
INSERT INTO `__PREFIX__subadmin2` (`code`, `country_code`, `subadmin1_code`, `name`, `active`) VALUES ('KE.20.7667626','KE','KE.20','{\"en\":\"Butere/Mumias District\"}',1);
INSERT INTO `__PREFIX__subadmin2` (`code`, `country_code`, `subadmin1_code`, `name`, `active`) VALUES ('KE.20.7667629','KE','KE.20','{\"en\":\"Lugari District\"}',1);
INSERT INTO `__PREFIX__subadmin2` (`code`, `country_code`, `subadmin1_code`, `name`, `active`) VALUES ('KE.23.7667639','KE','KE.23','{\"en\":\"Malindi District\"}',1);
INSERT INTO `__PREFIX__subadmin2` (`code`, `country_code`, `subadmin1_code`, `name`, `active`) VALUES ('KE.05.7667649','KE','KE.05','{\"en\":\"Nairobi District\"}',1);
INSERT INTO `__PREFIX__subadmin2` (`code`, `country_code`, `subadmin1_code`, `name`, `active`) VALUES ('KE.18.7667663','KE','KE.18','{\"en\":\"Meru North District\"}',1);
INSERT INTO `__PREFIX__subadmin2` (`code`, `country_code`, `subadmin1_code`, `name`, `active`) VALUES ('KE.25.7667668','KE','KE.25','{\"en\":\"Gucha District\"}',1);
INSERT INTO `__PREFIX__subadmin2` (`code`, `country_code`, `subadmin1_code`, `name`, `active`) VALUES ('KE.27.7667670','KE','KE.27','{\"en\":\"Mwingi\"}',1);
INSERT INTO `__PREFIX__subadmin2` (`code`, `country_code`, `subadmin1_code`, `name`, `active`) VALUES ('KE.23.7667674','KE','KE.23','{\"en\":\"Kisii Central\"}',1);
INSERT INTO `__PREFIX__subadmin2` (`code`, `country_code`, `subadmin1_code`, `name`, `active`) VALUES ('KE.15.7667992','KE','KE.15','{\"en\":\"Mbeere District\"}',1);
INSERT INTO `__PREFIX__subadmin2` (`code`, `country_code`, `subadmin1_code`, `name`, `active`) VALUES ('KE.55.7668897','KE','KE.55','{\"en\":\"West Potok\"}',1);
INSERT INTO `__PREFIX__subadmin2` (`code`, `country_code`, `subadmin1_code`, `name`, `active`) VALUES ('KE.38.7669154','KE','KE.38','{\"en\":\"Maragua District\"}',1);
INSERT INTO `__PREFIX__subadmin2` (`code`, `country_code`, `subadmin1_code`, `name`, `active`) VALUES ('KE.34.7733024','KE','KE.34','{\"en\":\"Moyale District\"}',1);
INSERT INTO `__PREFIX__subadmin2` (`code`, `country_code`, `subadmin1_code`, `name`, `active`) VALUES ('KE.49.7733025','KE','KE.49','{\"en\":\"Meru South District\"}',1);
INSERT INTO `__PREFIX__subadmin2` (`code`, `country_code`, `subadmin1_code`, `name`, `active`) VALUES ('KE.17.7800141','KE','KE.17','{\"en\":\"Suba District\"}',1);
INSERT INTO `__PREFIX__subadmin2` (`code`, `country_code`, `subadmin1_code`, `name`, `active`) VALUES ('KE.17.7802748','KE','KE.17','{\"en\":\"Rachuonyo District\"}',1);
INSERT INTO `__PREFIX__subadmin2` (`code`, `country_code`, `subadmin1_code`, `name`, `active`) VALUES ('KE.36.7909895','KE','KE.36','{\"en\":\"Kuria\"}',1);
INSERT INTO `__PREFIX__subadmin2` (`code`, `country_code`, `subadmin1_code`, `name`, `active`) VALUES ('KE.25.8051335','KE','KE.25','{\"en\":\"Central Kisii\"}',1);
INSERT INTO `__PREFIX__subadmin2` (`code`, `country_code`, `subadmin1_code`, `name`, `active`) VALUES ('KE.34.8298605','KE','KE.34','{\"en\":\"Oloitokitok District\"}',1);
INSERT INTO `__PREFIX__subadmin2` (`code`, `country_code`, `subadmin1_code`, `name`, `active`) VALUES ('KE.16.8299464','KE','KE.16','{\"en\":\"Ijara District\"}',1);
INSERT INTO `__PREFIX__subadmin2` (`code`, `country_code`, `subadmin1_code`, `name`, `active`) VALUES ('KE.22.8693007','KE','KE.22','{\"en\":\"Kiambu County\"}',1);
INSERT INTO `__PREFIX__subadmin2` (`code`, `country_code`, `subadmin1_code`, `name`, `active`) VALUES ('KE.35.8693009','KE','KE.35','{\"en\":\"Meru County\"}',1);
INSERT INTO `__PREFIX__subadmin2` (`code`, `country_code`, `subadmin1_code`, `name`, `active`) VALUES ('KE.27.11170827','KE','KE.27','{\"en\":\"Kyuso sub-county\"}',1);
INSERT INTO `__PREFIX__subadmin2` (`code`, `country_code`, `subadmin1_code`, `name`, `active`) VALUES ('KE.53.11239665','KE','KE.53','{\"en\":\"Emuhaya\"}',1);
INSERT INTO `__PREFIX__subadmin2` (`code`, `country_code`, `subadmin1_code`, `name`, `active`) VALUES ('KE.41.11257923','KE','KE.41','{\"en\":\"Trans Mara District\"}',1);
INSERT INTO `__PREFIX__subadmin2` (`code`, `country_code`, `subadmin1_code`, `name`, `active`) VALUES ('KE.19.11258224','KE','KE.19','{\"en\":\"Rarieda\"}',1);
INSERT INTO `__PREFIX__subadmin2` (`code`, `country_code`, `subadmin1_code`, `name`, `active`) VALUES ('KE.35.11258464','KE','KE.35','{\"en\":\"South Imenti\"}',1);
/*!40000 ALTER TABLE `__PREFIX__subadmin2` ENABLE KEYS */;

--
-- Dumping data for table `__PREFIX__cities`
--

/*!40000 ALTER TABLE `__PREFIX__cities` DISABLE KEYS */;
INSERT INTO `__PREFIX__cities` (`country_code`, `name`, `longitude`, `latitude`, `feature_class`, `feature_code`, `subadmin1_code`, `subadmin2_code`, `population`, `time_zone`, `active`, `created_at`, `updated_at`) VALUES ('KE','{\"en\":\"Wundanyi\"}',38.36,-3.40,'P','PPL','KE.47',NULL,12501,'Africa/Nairobi',1,'2018-06-07 23:00:00','2018-06-07 23:00:00');
INSERT INTO `__PREFIX__cities` (`country_code`, `name`, `longitude`, `latitude`, `feature_class`, `feature_code`, `subadmin1_code`, `subadmin2_code`, `population`, `time_zone`, `active`, `created_at`, `updated_at`) VALUES ('KE','{\"en\":\"Wote\"}',37.63,-1.78,'P','PPLA','KE.32',NULL,6133,'Africa/Nairobi',1,'2013-06-26 23:00:00','2013-06-26 23:00:00');
INSERT INTO `__PREFIX__cities` (`country_code`, `name`, `longitude`, `latitude`, `feature_class`, `feature_code`, `subadmin1_code`, `subadmin2_code`, `population`, `time_zone`, `active`, `created_at`, `updated_at`) VALUES ('KE','{\"en\":\"Witu\"}',40.44,-2.39,'P','PPL','KE.30',NULL,5380,'Africa/Nairobi',1,'2017-05-06 23:00:00','2017-05-06 23:00:00');
INSERT INTO `__PREFIX__cities` (`country_code`, `name`, `longitude`, `latitude`, `feature_class`, `feature_code`, `subadmin1_code`, `subadmin2_code`, `population`, `time_zone`, `active`, `created_at`, `updated_at`) VALUES ('KE','{\"en\":\"Webuye\"}',34.77,0.60,'P','PPL','KE.12',NULL,22507,'Africa/Nairobi',1,'2018-05-08 23:00:00','2018-05-08 23:00:00');
INSERT INTO `__PREFIX__cities` (`country_code`, `name`, `longitude`, `latitude`, `feature_class`, `feature_code`, `subadmin1_code`, `subadmin2_code`, `population`, `time_zone`, `active`, `created_at`, `updated_at`) VALUES ('KE','{\"en\":\"Wajir\"}',40.06,1.75,'P','PPLA','KE.54',NULL,45771,'Africa/Nairobi',1,'2013-06-27 23:00:00','2013-06-27 23:00:00');
INSERT INTO `__PREFIX__cities` (`country_code`, `name`, `longitude`, `latitude`, `feature_class`, `feature_code`, `subadmin1_code`, `subadmin2_code`, `population`, `time_zone`, `active`, `created_at`, `updated_at`) VALUES ('KE','{\"en\":\"Voi\"}',38.56,-3.40,'P','PPL','KE.47',NULL,45483,'Africa/Nairobi',1,'2013-10-29 23:00:00','2013-10-29 23:00:00');
INSERT INTO `__PREFIX__cities` (`country_code`, `name`, `longitude`, `latitude`, `feature_class`, `feature_code`, `subadmin1_code`, `subadmin2_code`, `population`, `time_zone`, `active`, `created_at`, `updated_at`) VALUES ('KE','{\"en\":\"Thika\"}',37.07,-1.03,'P','PPL','KE.05',NULL,200000,'Africa/Nairobi',1,'2013-08-16 23:00:00','2013-08-16 23:00:00');
INSERT INTO `__PREFIX__cities` (`country_code`, `name`, `longitude`, `latitude`, `feature_class`, `feature_code`, `subadmin1_code`, `subadmin2_code`, `population`, `time_zone`, `active`, `created_at`, `updated_at`) VALUES ('KE','{\"en\":\"Taveta\"}',37.68,-3.40,'P','PPL','KE.47',NULL,13377,'Africa/Nairobi',1,'2018-02-16 23:00:00','2018-02-16 23:00:00');
INSERT INTO `__PREFIX__cities` (`country_code`, `name`, `longitude`, `latitude`, `feature_class`, `feature_code`, `subadmin1_code`, `subadmin2_code`, `population`, `time_zone`, `active`, `created_at`, `updated_at`) VALUES ('KE','{\"en\":\"Takaungu\"}',39.86,-3.68,'P','PPL','KE.23',NULL,10760,'Africa/Nairobi',1,'2018-08-06 23:00:00','2018-08-06 23:00:00');
INSERT INTO `__PREFIX__cities` (`country_code`, `name`, `longitude`, `latitude`, `feature_class`, `feature_code`, `subadmin1_code`, `subadmin2_code`, `population`, `time_zone`, `active`, `created_at`, `updated_at`) VALUES ('KE','{\"en\":\"Sawa Sawa\"}',39.48,-4.47,'P','PPL','KE.28',NULL,12975,'Africa/Nairobi',1,'2013-09-05 23:00:00','2013-09-05 23:00:00');
INSERT INTO `__PREFIX__cities` (`country_code`, `name`, `longitude`, `latitude`, `feature_class`, `feature_code`, `subadmin1_code`, `subadmin2_code`, `population`, `time_zone`, `active`, `created_at`, `updated_at`) VALUES ('KE','{\"en\":\"Sagana\"}',37.21,-0.67,'P','PPL','KE.24',NULL,13000,'Africa/Nairobi',1,'2021-12-11 23:00:00','2021-12-11 23:00:00');
INSERT INTO `__PREFIX__cities` (`country_code`, `name`, `longitude`, `latitude`, `feature_class`, `feature_code`, `subadmin1_code`, `subadmin2_code`, `population`, `time_zone`, `active`, `created_at`, `updated_at`) VALUES ('KE','{\"en\":\"Rumuruti\"}',36.54,0.27,'P','PPLA','KE.29',NULL,4501,'Africa/Nairobi',1,'2017-12-06 23:00:00','2017-12-06 23:00:00');
INSERT INTO `__PREFIX__cities` (`country_code`, `name`, `longitude`, `latitude`, `feature_class`, `feature_code`, `subadmin1_code`, `subadmin2_code`, `population`, `time_zone`, `active`, `created_at`, `updated_at`) VALUES ('KE','{\"en\":\"Ruiru\"}',36.96,-1.15,'P','PPL','KE.22',NULL,490120,'Africa/Nairobi',1,'2021-12-11 23:00:00','2021-12-11 23:00:00');
INSERT INTO `__PREFIX__cities` (`country_code`, `name`, `longitude`, `latitude`, `feature_class`, `feature_code`, `subadmin1_code`, `subadmin2_code`, `population`, `time_zone`, `active`, `created_at`, `updated_at`) VALUES ('KE','{\"en\":\"Rongai\"}',35.86,-0.17,'P','PPL','KE.39',NULL,30471,'Africa/Nairobi',1,'2018-11-05 23:00:00','2018-11-05 23:00:00');
INSERT INTO `__PREFIX__cities` (`country_code`, `name`, `longitude`, `latitude`, `feature_class`, `feature_code`, `subadmin1_code`, `subadmin2_code`, `population`, `time_zone`, `active`, `created_at`, `updated_at`) VALUES ('KE','{\"en\":\"Pumwani\"}',36.85,-1.28,'P','PPLX','KE.05',NULL,29616,'Africa/Nairobi',1,'2013-05-04 23:00:00','2013-05-04 23:00:00');
INSERT INTO `__PREFIX__cities` (`country_code`, `name`, `longitude`, `latitude`, `feature_class`, `feature_code`, `subadmin1_code`, `subadmin2_code`, `population`, `time_zone`, `active`, `created_at`, `updated_at`) VALUES ('KE','{\"en\":\"Oyugis\"}',34.73,-0.51,'P','PPL','KE.17',NULL,10116,'Africa/Nairobi',1,'2018-11-05 23:00:00','2018-11-05 23:00:00');
INSERT INTO `__PREFIX__cities` (`country_code`, `name`, `longitude`, `latitude`, `feature_class`, `feature_code`, `subadmin1_code`, `subadmin2_code`, `population`, `time_zone`, `active`, `created_at`, `updated_at`) VALUES ('KE','{\"en\":\"Ogembo\"}',34.73,-0.80,'P','PPL','KE.25',NULL,20000,'Africa/Nairobi',1,'2021-12-12 23:00:00','2021-12-12 23:00:00');
INSERT INTO `__PREFIX__cities` (`country_code`, `name`, `longitude`, `latitude`, `feature_class`, `feature_code`, `subadmin1_code`, `subadmin2_code`, `population`, `time_zone`, `active`, `created_at`, `updated_at`) VALUES ('KE','{\"en\":\"Nyeri\"}',36.95,-0.42,'P','PPLA','KE.44',NULL,51084,'Africa/Nairobi',1,'2013-05-05 23:00:00','2013-05-05 23:00:00');
INSERT INTO `__PREFIX__cities` (`country_code`, `name`, `longitude`, `latitude`, `feature_class`, `feature_code`, `subadmin1_code`, `subadmin2_code`, `population`, `time_zone`, `active`, `created_at`, `updated_at`) VALUES ('KE','{\"en\":\"Nyamira\"}',34.94,-0.56,'P','PPLA','KE.42',NULL,10000,'Africa/Nairobi',1,'2017-11-18 23:00:00','2017-11-18 23:00:00');
INSERT INTO `__PREFIX__cities` (`country_code`, `name`, `longitude`, `latitude`, `feature_class`, `feature_code`, `subadmin1_code`, `subadmin2_code`, `population`, `time_zone`, `active`, `created_at`, `updated_at`) VALUES ('KE','{\"en\":\"Nyahururu\"}',36.36,0.04,'P','PPL','KE.29',NULL,31978,'Africa/Nairobi',1,'2018-09-04 23:00:00','2018-09-04 23:00:00');
INSERT INTO `__PREFIX__cities` (`country_code`, `name`, `longitude`, `latitude`, `feature_class`, `feature_code`, `subadmin1_code`, `subadmin2_code`, `population`, `time_zone`, `active`, `created_at`, `updated_at`) VALUES ('KE','{\"en\":\"Ngong\"}',36.67,-1.35,'P','PPL','KE.19',NULL,9519,'Africa/Nairobi',1,'2018-04-05 23:00:00','2018-04-05 23:00:00');
INSERT INTO `__PREFIX__cities` (`country_code`, `name`, `longitude`, `latitude`, `feature_class`, `feature_code`, `subadmin1_code`, `subadmin2_code`, `population`, `time_zone`, `active`, `created_at`, `updated_at`) VALUES ('KE','{\"en\":\"Naro Moru\"}',37.02,-0.16,'P','PPL','KE.44',NULL,9018,'Africa/Nairobi',1,'2018-03-05 23:00:00','2018-03-05 23:00:00');
INSERT INTO `__PREFIX__cities` (`country_code`, `name`, `longitude`, `latitude`, `feature_class`, `feature_code`, `subadmin1_code`, `subadmin2_code`, `population`, `time_zone`, `active`, `created_at`, `updated_at`) VALUES ('KE','{\"en\":\"Narok\"}',35.87,-1.08,'P','PPLA','KE.41',NULL,36061,'Africa/Nairobi',1,'2017-11-06 23:00:00','2017-11-06 23:00:00');
INSERT INTO `__PREFIX__cities` (`country_code`, `name`, `longitude`, `latitude`, `feature_class`, `feature_code`, `subadmin1_code`, `subadmin2_code`, `population`, `time_zone`, `active`, `created_at`, `updated_at`) VALUES ('KE','{\"en\":\"Nanyuki\"}',37.07,0.01,'P','PPL','KE.29',NULL,36142,'Africa/Nairobi',1,'2018-09-04 23:00:00','2018-09-04 23:00:00');
INSERT INTO `__PREFIX__cities` (`country_code`, `name`, `longitude`, `latitude`, `feature_class`, `feature_code`, `subadmin1_code`, `subadmin2_code`, `population`, `time_zone`, `active`, `created_at`, `updated_at`) VALUES ('KE','{\"en\":\"Nakuru\"}',36.07,-0.31,'P','PPLA','KE.39',NULL,259903,'Africa/Nairobi',1,'2019-09-04 23:00:00','2019-09-04 23:00:00');
INSERT INTO `__PREFIX__cities` (`country_code`, `name`, `longitude`, `latitude`, `feature_class`, `feature_code`, `subadmin1_code`, `subadmin2_code`, `population`, `time_zone`, `active`, `created_at`, `updated_at`) VALUES ('KE','{\"en\":\"Naivasha\"}',36.43,-0.71,'P','PPL','KE.39',NULL,38366,'Africa/Nairobi',1,'2018-03-05 23:00:00','2018-03-05 23:00:00');
INSERT INTO `__PREFIX__cities` (`country_code`, `name`, `longitude`, `latitude`, `feature_class`, `feature_code`, `subadmin1_code`, `subadmin2_code`, `population`, `time_zone`, `active`, `created_at`, `updated_at`) VALUES ('KE','{\"en\":\"Nairobi\"}',36.82,-1.28,'P','PPLC','KE.05',NULL,2750547,'Africa/Nairobi',1,'2021-07-28 23:00:00','2021-07-28 23:00:00');
INSERT INTO `__PREFIX__cities` (`country_code`, `name`, `longitude`, `latitude`, `feature_class`, `feature_code`, `subadmin1_code`, `subadmin2_code`, `population`, `time_zone`, `active`, `created_at`, `updated_at`) VALUES ('KE','{\"en\":\"Mwingi\"}',38.06,-0.94,'P','PPL','KE.27',NULL,11219,'Africa/Nairobi',1,'2018-12-03 23:00:00','2018-12-03 23:00:00');
INSERT INTO `__PREFIX__cities` (`country_code`, `name`, `longitude`, `latitude`, `feature_class`, `feature_code`, `subadmin1_code`, `subadmin2_code`, `population`, `time_zone`, `active`, `created_at`, `updated_at`) VALUES ('KE','{\"en\":\"Mwatate\"}',38.38,-3.50,'P','PPLA','KE.47',NULL,0,'Africa/Nairobi',1,'2017-11-06 23:00:00','2017-11-06 23:00:00');
INSERT INTO `__PREFIX__cities` (`country_code`, `name`, `longitude`, `latitude`, `feature_class`, `feature_code`, `subadmin1_code`, `subadmin2_code`, `population`, `time_zone`, `active`, `created_at`, `updated_at`) VALUES ('KE','{\"en\":\"Murang’a\"}',37.15,-0.72,'P','PPLA','KE.38',NULL,11987,'Africa/Nairobi',1,'2020-06-09 23:00:00','2020-06-09 23:00:00');
INSERT INTO `__PREFIX__cities` (`country_code`, `name`, `longitude`, `latitude`, `feature_class`, `feature_code`, `subadmin1_code`, `subadmin2_code`, `population`, `time_zone`, `active`, `created_at`, `updated_at`) VALUES ('KE','{\"en\":\"Mumias\"}',34.49,0.33,'P','PPL','KE.20',NULL,45485,'Africa/Nairobi',1,'2018-09-04 23:00:00','2018-09-04 23:00:00');
INSERT INTO `__PREFIX__cities` (`country_code`, `name`, `longitude`, `latitude`, `feature_class`, `feature_code`, `subadmin1_code`, `subadmin2_code`, `population`, `time_zone`, `active`, `created_at`, `updated_at`) VALUES ('KE','{\"en\":\"Muhoroni\"}',35.20,-0.16,'P','PPL','KE.26',NULL,15217,'Africa/Nairobi',1,'2018-11-05 23:00:00','2018-11-05 23:00:00');
INSERT INTO `__PREFIX__cities` (`country_code`, `name`, `longitude`, `latitude`, `feature_class`, `feature_code`, `subadmin1_code`, `subadmin2_code`, `population`, `time_zone`, `active`, `created_at`, `updated_at`) VALUES ('KE','{\"en\":\"Moyale\"}',39.06,3.53,'P','PPL','KE.34',NULL,34314,'Africa/Nairobi',1,'2018-11-08 23:00:00','2018-11-08 23:00:00');
INSERT INTO `__PREFIX__cities` (`country_code`, `name`, `longitude`, `latitude`, `feature_class`, `feature_code`, `subadmin1_code`, `subadmin2_code`, `population`, `time_zone`, `active`, `created_at`, `updated_at`) VALUES ('KE','{\"en\":\"Mombasa\"}',39.66,-4.05,'P','PPLA','KE.37',NULL,799668,'Africa/Nairobi',1,'2021-09-18 23:00:00','2021-09-18 23:00:00');
INSERT INTO `__PREFIX__cities` (`country_code`, `name`, `longitude`, `latitude`, `feature_class`, `feature_code`, `subadmin1_code`, `subadmin2_code`, `population`, `time_zone`, `active`, `created_at`, `updated_at`) VALUES ('KE','{\"en\":\"Molo\"}',35.73,-0.25,'P','PPL','KE.39',NULL,27896,'Africa/Nairobi',1,'2018-11-05 23:00:00','2018-11-05 23:00:00');
INSERT INTO `__PREFIX__cities` (`country_code`, `name`, `longitude`, `latitude`, `feature_class`, `feature_code`, `subadmin1_code`, `subadmin2_code`, `population`, `time_zone`, `active`, `created_at`, `updated_at`) VALUES ('KE','{\"en\":\"Migori\"}',34.47,-1.06,'P','PPLA','KE.36',NULL,35240,'Africa/Nairobi',1,'2016-12-09 23:00:00','2016-12-09 23:00:00');
INSERT INTO `__PREFIX__cities` (`country_code`, `name`, `longitude`, `latitude`, `feature_class`, `feature_code`, `subadmin1_code`, `subadmin2_code`, `population`, `time_zone`, `active`, `created_at`, `updated_at`) VALUES ('KE','{\"en\":\"Meru\"}',37.66,0.05,'P','PPLA','KE.35',NULL,47226,'Africa/Nairobi',1,'2021-08-07 23:00:00','2021-08-07 23:00:00');
INSERT INTO `__PREFIX__cities` (`country_code`, `name`, `longitude`, `latitude`, `feature_class`, `feature_code`, `subadmin1_code`, `subadmin2_code`, `population`, `time_zone`, `active`, `created_at`, `updated_at`) VALUES ('KE','{\"en\":\"Mbale\"}',34.72,0.08,'P','PPLA','KE.53',NULL,0,'Africa/Nairobi',1,'2017-12-06 23:00:00','2017-12-06 23:00:00');
INSERT INTO `__PREFIX__cities` (`country_code`, `name`, `longitude`, `latitude`, `feature_class`, `feature_code`, `subadmin1_code`, `subadmin2_code`, `population`, `time_zone`, `active`, `created_at`, `updated_at`) VALUES ('KE','{\"en\":\"Maua\"}',37.94,0.23,'P','PPL','KE.35',NULL,10804,'Africa/Nairobi',1,'2018-06-07 23:00:00','2018-06-07 23:00:00');
INSERT INTO `__PREFIX__cities` (`country_code`, `name`, `longitude`, `latitude`, `feature_class`, `feature_code`, `subadmin1_code`, `subadmin2_code`, `population`, `time_zone`, `active`, `created_at`, `updated_at`) VALUES ('KE','{\"en\":\"Marsabit\"}',37.99,2.33,'P','PPLA','KE.34',NULL,15361,'Africa/Nairobi',1,'2017-11-06 23:00:00','2017-11-06 23:00:00');
INSERT INTO `__PREFIX__cities` (`country_code`, `name`, `longitude`, `latitude`, `feature_class`, `feature_code`, `subadmin1_code`, `subadmin2_code`, `population`, `time_zone`, `active`, `created_at`, `updated_at`) VALUES ('KE','{\"en\":\"Mariakani\"}',39.47,-3.86,'P','PPL','KE.23',NULL,12786,'Africa/Nairobi',1,'2018-08-06 23:00:00','2018-08-06 23:00:00');
INSERT INTO `__PREFIX__cities` (`country_code`, `name`, `longitude`, `latitude`, `feature_class`, `feature_code`, `subadmin1_code`, `subadmin2_code`, `population`, `time_zone`, `active`, `created_at`, `updated_at`) VALUES ('KE','{\"en\":\"Maralal\"}',36.70,1.10,'P','PPLA','KE.45',NULL,20841,'Africa/Nairobi',1,'2017-11-06 23:00:00','2017-11-06 23:00:00');
INSERT INTO `__PREFIX__cities` (`country_code`, `name`, `longitude`, `latitude`, `feature_class`, `feature_code`, `subadmin1_code`, `subadmin2_code`, `population`, `time_zone`, `active`, `created_at`, `updated_at`) VALUES ('KE','{\"en\":\"Mandera\"}',41.86,3.94,'P','PPLA','KE.33',NULL,36076,'Africa/Nairobi',1,'2013-06-26 23:00:00','2013-06-26 23:00:00');
INSERT INTO `__PREFIX__cities` (`country_code`, `name`, `longitude`, `latitude`, `feature_class`, `feature_code`, `subadmin1_code`, `subadmin2_code`, `population`, `time_zone`, `active`, `created_at`, `updated_at`) VALUES ('KE','{\"en\":\"Malindi\"}',40.12,-3.22,'P','PPL','KE.23',NULL,118265,'Africa/Nairobi',1,'2013-08-16 23:00:00','2013-08-16 23:00:00');
INSERT INTO `__PREFIX__cities` (`country_code`, `name`, `longitude`, `latitude`, `feature_class`, `feature_code`, `subadmin1_code`, `subadmin2_code`, `population`, `time_zone`, `active`, `created_at`, `updated_at`) VALUES ('KE','{\"en\":\"Malaba\"}',34.28,0.64,'P','PPL','KE.13',NULL,8383,'Africa/Nairobi',1,'2021-06-28 23:00:00','2021-06-28 23:00:00');
INSERT INTO `__PREFIX__cities` (`country_code`, `name`, `longitude`, `latitude`, `feature_class`, `feature_code`, `subadmin1_code`, `subadmin2_code`, `population`, `time_zone`, `active`, `created_at`, `updated_at`) VALUES ('KE','{\"en\":\"Makueni Boma\"}',37.62,-1.80,'P','PPL','KE.32',NULL,20681,'Africa/Nairobi',1,'2018-05-08 23:00:00','2018-05-08 23:00:00');
INSERT INTO `__PREFIX__cities` (`country_code`, `name`, `longitude`, `latitude`, `feature_class`, `feature_code`, `subadmin1_code`, `subadmin2_code`, `population`, `time_zone`, `active`, `created_at`, `updated_at`) VALUES ('KE','{\"en\":\"Magadi\"}',36.29,-1.90,'P','PPL','KE.19',NULL,14529,'Africa/Nairobi',1,'2013-09-05 23:00:00','2013-09-05 23:00:00');
INSERT INTO `__PREFIX__cities` (`country_code`, `name`, `longitude`, `latitude`, `feature_class`, `feature_code`, `subadmin1_code`, `subadmin2_code`, `population`, `time_zone`, `active`, `created_at`, `updated_at`) VALUES ('KE','{\"en\":\"Machakos\"}',37.27,-1.52,'P','PPLA','KE.31',NULL,31971,'Africa/Nairobi',1,'2017-11-06 23:00:00','2017-11-06 23:00:00');
INSERT INTO `__PREFIX__cities` (`country_code`, `name`, `longitude`, `latitude`, `feature_class`, `feature_code`, `subadmin1_code`, `subadmin2_code`, `population`, `time_zone`, `active`, `created_at`, `updated_at`) VALUES ('KE','{\"en\":\"Lugulu\"}',34.30,0.39,'P','PPL','KE.13',NULL,40894,'Africa/Nairobi',1,'2018-09-04 23:00:00','2018-09-04 23:00:00');
INSERT INTO `__PREFIX__cities` (`country_code`, `name`, `longitude`, `latitude`, `feature_class`, `feature_code`, `subadmin1_code`, `subadmin2_code`, `population`, `time_zone`, `active`, `created_at`, `updated_at`) VALUES ('KE','{\"en\":\"Luanda\"}',34.07,0.31,'P','PPL','KE.13',NULL,10053,'Africa/Nairobi',1,'2018-09-04 23:00:00','2018-09-04 23:00:00');
INSERT INTO `__PREFIX__cities` (`country_code`, `name`, `longitude`, `latitude`, `feature_class`, `feature_code`, `subadmin1_code`, `subadmin2_code`, `population`, `time_zone`, `active`, `created_at`, `updated_at`) VALUES ('KE','{\"en\":\"Lodwar\"}',35.60,3.12,'P','PPLA','KE.51',NULL,20219,'Africa/Nairobi',1,'2017-11-06 23:00:00','2017-11-06 23:00:00');
INSERT INTO `__PREFIX__cities` (`country_code`, `name`, `longitude`, `latitude`, `feature_class`, `feature_code`, `subadmin1_code`, `subadmin2_code`, `population`, `time_zone`, `active`, `created_at`, `updated_at`) VALUES ('KE','{\"en\":\"Limuru\"}',36.64,-1.11,'P','PPL','KE.22',NULL,159314,'Africa/Nairobi',1,'2021-12-11 23:00:00','2021-12-11 23:00:00');
INSERT INTO `__PREFIX__cities` (`country_code`, `name`, `longitude`, `latitude`, `feature_class`, `feature_code`, `subadmin1_code`, `subadmin2_code`, `population`, `time_zone`, `active`, `created_at`, `updated_at`) VALUES ('KE','{\"en\":\"Lamu\"}',40.90,-2.27,'P','PPLA','KE.30',NULL,24525,'Africa/Nairobi',1,'2019-09-04 23:00:00','2019-09-04 23:00:00');
INSERT INTO `__PREFIX__cities` (`country_code`, `name`, `longitude`, `latitude`, `feature_class`, `feature_code`, `subadmin1_code`, `subadmin2_code`, `population`, `time_zone`, `active`, `created_at`, `updated_at`) VALUES ('KE','{\"en\":\"Kwale\"}',39.45,-4.17,'P','PPLA','KE.28',NULL,4883,'Africa/Nairobi',1,'2013-06-26 23:00:00','2013-06-26 23:00:00');
INSERT INTO `__PREFIX__cities` (`country_code`, `name`, `longitude`, `latitude`, `feature_class`, `feature_code`, `subadmin1_code`, `subadmin2_code`, `population`, `time_zone`, `active`, `created_at`, `updated_at`) VALUES ('KE','{\"en\":\"Kitui\"}',38.01,-1.37,'P','PPLA','KE.27',NULL,15954,'Africa/Nairobi',1,'2013-06-26 23:00:00','2013-06-26 23:00:00');
INSERT INTO `__PREFIX__cities` (`country_code`, `name`, `longitude`, `latitude`, `feature_class`, `feature_code`, `subadmin1_code`, `subadmin2_code`, `population`, `time_zone`, `active`, `created_at`, `updated_at`) VALUES ('KE','{\"en\":\"Kitale\"}',35.01,1.02,'P','PPLA','KE.50',NULL,75123,'Africa/Nairobi',1,'2013-06-27 23:00:00','2013-06-27 23:00:00');
INSERT INTO `__PREFIX__cities` (`country_code`, `name`, `longitude`, `latitude`, `feature_class`, `feature_code`, `subadmin1_code`, `subadmin2_code`, `population`, `time_zone`, `active`, `created_at`, `updated_at`) VALUES ('KE','{\"en\":\"Kisumu\"}',34.76,-0.10,'P','PPLA','KE.26',NULL,216479,'Africa/Nairobi',1,'2019-09-04 23:00:00','2019-09-04 23:00:00');
INSERT INTO `__PREFIX__cities` (`country_code`, `name`, `longitude`, `latitude`, `feature_class`, `feature_code`, `subadmin1_code`, `subadmin2_code`, `population`, `time_zone`, `active`, `created_at`, `updated_at`) VALUES ('KE','{\"en\":\"Kisii\"}',34.77,-0.68,'P','PPLA','KE.25',NULL,28547,'Africa/Nairobi',1,'2013-06-26 23:00:00','2013-06-26 23:00:00');
INSERT INTO `__PREFIX__cities` (`country_code`, `name`, `longitude`, `latitude`, `feature_class`, `feature_code`, `subadmin1_code`, `subadmin2_code`, `population`, `time_zone`, `active`, `created_at`, `updated_at`) VALUES ('KE','{\"en\":\"Kinango\"}',39.32,-4.14,'P','PPL','KE.28',NULL,8070,'Africa/Nairobi',1,'2013-09-05 23:00:00','2013-09-05 23:00:00');
INSERT INTO `__PREFIX__cities` (`country_code`, `name`, `longitude`, `latitude`, `feature_class`, `feature_code`, `subadmin1_code`, `subadmin2_code`, `population`, `time_zone`, `active`, `created_at`, `updated_at`) VALUES ('KE','{\"en\":\"Kihancha\"}',34.62,-1.19,'P','PPL','KE.36',NULL,13162,'Africa/Nairobi',1,'2018-12-03 23:00:00','2018-12-03 23:00:00');
INSERT INTO `__PREFIX__cities` (`country_code`, `name`, `longitude`, `latitude`, `feature_class`, `feature_code`, `subadmin1_code`, `subadmin2_code`, `population`, `time_zone`, `active`, `created_at`, `updated_at`) VALUES ('KE','{\"en\":\"Kilifi\"}',39.85,-3.63,'P','PPLA','KE.23',NULL,46118,'Africa/Nairobi',1,'2020-10-31 23:00:00','2020-10-31 23:00:00');
INSERT INTO `__PREFIX__cities` (`country_code`, `name`, `longitude`, `latitude`, `feature_class`, `feature_code`, `subadmin1_code`, `subadmin2_code`, `population`, `time_zone`, `active`, `created_at`, `updated_at`) VALUES ('KE','{\"en\":\"Kikuyu\"}',36.66,-1.25,'P','PPL','KE.22',NULL,323881,'Africa/Nairobi',1,'2021-12-12 23:00:00','2021-12-12 23:00:00');
INSERT INTO `__PREFIX__cities` (`country_code`, `name`, `longitude`, `latitude`, `feature_class`, `feature_code`, `subadmin1_code`, `subadmin2_code`, `population`, `time_zone`, `active`, `created_at`, `updated_at`) VALUES ('KE','{\"en\":\"Kiambu\"}',36.84,-1.17,'P','PPLA','KE.22',NULL,21234,'Africa/Nairobi',1,'2017-11-06 23:00:00','2017-11-06 23:00:00');
INSERT INTO `__PREFIX__cities` (`country_code`, `name`, `longitude`, `latitude`, `feature_class`, `feature_code`, `subadmin1_code`, `subadmin2_code`, `population`, `time_zone`, `active`, `created_at`, `updated_at`) VALUES ('KE','{\"en\":\"Kerugoya\"}',37.28,-0.50,'P','PPLA','KE.24',NULL,15287,'Africa/Nairobi',1,'2017-11-06 23:00:00','2017-11-06 23:00:00');
INSERT INTO `__PREFIX__cities` (`country_code`, `name`, `longitude`, `latitude`, `feature_class`, `feature_code`, `subadmin1_code`, `subadmin2_code`, `population`, `time_zone`, `active`, `created_at`, `updated_at`) VALUES ('KE','{\"en\":\"Kericho\"}',35.28,-0.37,'P','PPLA','KE.21',NULL,35748,'Africa/Nairobi',1,'2017-11-06 23:00:00','2017-11-06 23:00:00');
INSERT INTO `__PREFIX__cities` (`country_code`, `name`, `longitude`, `latitude`, `feature_class`, `feature_code`, `subadmin1_code`, `subadmin2_code`, `population`, `time_zone`, `active`, `created_at`, `updated_at`) VALUES ('KE','{\"en\":\"Karuri\"}',37.18,-0.70,'P','PPL','KE.38',NULL,21476,'Africa/Nairobi',1,'2019-02-20 23:00:00','2019-02-20 23:00:00');
INSERT INTO `__PREFIX__cities` (`country_code`, `name`, `longitude`, `latitude`, `feature_class`, `feature_code`, `subadmin1_code`, `subadmin2_code`, `population`, `time_zone`, `active`, `created_at`, `updated_at`) VALUES ('KE','{\"en\":\"Kapsowar\"}',35.56,0.98,'P','PPL','KE.14',NULL,9152,'Africa/Nairobi',1,'2018-05-08 23:00:00','2018-05-08 23:00:00');
INSERT INTO `__PREFIX__cities` (`country_code`, `name`, `longitude`, `latitude`, `feature_class`, `feature_code`, `subadmin1_code`, `subadmin2_code`, `population`, `time_zone`, `active`, `created_at`, `updated_at`) VALUES ('KE','{\"en\":\"Kapsabet\"}',35.10,0.20,'P','PPLA','KE.40',NULL,3758,'Africa/Nairobi',1,'2013-06-26 23:00:00','2013-06-26 23:00:00');
INSERT INTO `__PREFIX__cities` (`country_code`, `name`, `longitude`, `latitude`, `feature_class`, `feature_code`, `subadmin1_code`, `subadmin2_code`, `population`, `time_zone`, `active`, `created_at`, `updated_at`) VALUES ('KE','{\"en\":\"Kapenguria\"}',35.11,1.24,'P','PPLA','KE.55',NULL,56000,'Africa/Nairobi',1,'2017-11-06 23:00:00','2017-11-06 23:00:00');
INSERT INTO `__PREFIX__cities` (`country_code`, `name`, `longitude`, `latitude`, `feature_class`, `feature_code`, `subadmin1_code`, `subadmin2_code`, `population`, `time_zone`, `active`, `created_at`, `updated_at`) VALUES ('KE','{\"en\":\"Kangundo\"}',37.35,-1.30,'P','PPL','KE.31',NULL,10094,'Africa/Nairobi',1,'2018-04-05 23:00:00','2018-04-05 23:00:00');
INSERT INTO `__PREFIX__cities` (`country_code`, `name`, `longitude`, `latitude`, `feature_class`, `feature_code`, `subadmin1_code`, `subadmin2_code`, `population`, `time_zone`, `active`, `created_at`, `updated_at`) VALUES ('KE','{\"en\":\"Kakamega\"}',34.75,0.28,'P','PPLA','KE.20',NULL,63426,'Africa/Nairobi',1,'2013-05-05 23:00:00','2013-05-05 23:00:00');
INSERT INTO `__PREFIX__cities` (`country_code`, `name`, `longitude`, `latitude`, `feature_class`, `feature_code`, `subadmin1_code`, `subadmin2_code`, `population`, `time_zone`, `active`, `created_at`, `updated_at`) VALUES ('KE','{\"en\":\"Kajiado\"}',36.78,-1.85,'P','PPLA','KE.19',NULL,11198,'Africa/Nairobi',1,'2013-06-27 23:00:00','2013-06-27 23:00:00');
INSERT INTO `__PREFIX__cities` (`country_code`, `name`, `longitude`, `latitude`, `feature_class`, `feature_code`, `subadmin1_code`, `subadmin2_code`, `population`, `time_zone`, `active`, `created_at`, `updated_at`) VALUES ('KE','{\"en\":\"Kabarnet\"}',35.74,0.49,'P','PPLA','KE.10',NULL,24661,'Africa/Nairobi',1,'2013-07-02 23:00:00','2013-07-02 23:00:00');
INSERT INTO `__PREFIX__cities` (`country_code`, `name`, `longitude`, `latitude`, `feature_class`, `feature_code`, `subadmin1_code`, `subadmin2_code`, `population`, `time_zone`, `active`, `created_at`, `updated_at`) VALUES ('KE','{\"en\":\"Iten\"}',35.51,0.67,'P','PPLA','KE.14',NULL,42000,'Africa/Nairobi',1,'2017-12-06 23:00:00','2017-12-06 23:00:00');
INSERT INTO `__PREFIX__cities` (`country_code`, `name`, `longitude`, `latitude`, `feature_class`, `feature_code`, `subadmin1_code`, `subadmin2_code`, `population`, `time_zone`, `active`, `created_at`, `updated_at`) VALUES ('KE','{\"en\":\"Isiolo\"}',37.58,0.35,'P','PPLA','KE.18',NULL,33207,'Africa/Nairobi',1,'2013-06-26 23:00:00','2013-06-26 23:00:00');
INSERT INTO `__PREFIX__cities` (`country_code`, `name`, `longitude`, `latitude`, `feature_class`, `feature_code`, `subadmin1_code`, `subadmin2_code`, `population`, `time_zone`, `active`, `created_at`, `updated_at`) VALUES ('KE','{\"en\":\"Homa Bay\"}',34.46,-0.53,'P','PPLA','KE.17',NULL,40319,'Africa/Nairobi',1,'2013-06-26 23:00:00','2013-06-26 23:00:00');
INSERT INTO `__PREFIX__cities` (`country_code`, `name`, `longitude`, `latitude`, `feature_class`, `feature_code`, `subadmin1_code`, `subadmin2_code`, `population`, `time_zone`, `active`, `created_at`, `updated_at`) VALUES ('KE','{\"en\":\"Hola\"}',40.03,-1.48,'P','PPLA','KE.48',NULL,6932,'Africa/Nairobi',1,'2015-11-25 23:00:00','2015-11-25 23:00:00');
INSERT INTO `__PREFIX__cities` (`country_code`, `name`, `longitude`, `latitude`, `feature_class`, `feature_code`, `subadmin1_code`, `subadmin2_code`, `population`, `time_zone`, `active`, `created_at`, `updated_at`) VALUES ('KE','{\"en\":\"Gazi\"}',39.51,-4.42,'P','PPL','KE.28',NULL,5222,'Africa/Nairobi',1,'2013-09-05 23:00:00','2013-09-05 23:00:00');
INSERT INTO `__PREFIX__cities` (`country_code`, `name`, `longitude`, `latitude`, `feature_class`, `feature_code`, `subadmin1_code`, `subadmin2_code`, `population`, `time_zone`, `active`, `created_at`, `updated_at`) VALUES ('KE','{\"en\":\"Garissa\"}',39.65,-0.45,'P','PPLA','KE.16',NULL,67861,'Africa/Nairobi',1,'2013-05-05 23:00:00','2013-05-05 23:00:00');
INSERT INTO `__PREFIX__cities` (`country_code`, `name`, `longitude`, `latitude`, `feature_class`, `feature_code`, `subadmin1_code`, `subadmin2_code`, `population`, `time_zone`, `active`, `created_at`, `updated_at`) VALUES ('KE','{\"en\":\"Embu\"}',37.46,-0.54,'P','PPLA','KE.15',NULL,34922,'Africa/Nairobi',1,'2018-03-05 23:00:00','2018-03-05 23:00:00');
INSERT INTO `__PREFIX__cities` (`country_code`, `name`, `longitude`, `latitude`, `feature_class`, `feature_code`, `subadmin1_code`, `subadmin2_code`, `population`, `time_zone`, `active`, `created_at`, `updated_at`) VALUES ('KE','{\"en\":\"Eldoret\"}',35.27,0.52,'P','PPLA','KE.52',NULL,218446,'Africa/Nairobi',1,'2013-06-27 23:00:00','2013-06-27 23:00:00');
INSERT INTO `__PREFIX__cities` (`country_code`, `name`, `longitude`, `latitude`, `feature_class`, `feature_code`, `subadmin1_code`, `subadmin2_code`, `population`, `time_zone`, `active`, `created_at`, `updated_at`) VALUES ('KE','{\"en\":\"Eldama Ravine\"}',35.73,0.05,'P','PPL','KE.10',NULL,12524,'Africa/Nairobi',1,'2018-05-08 23:00:00','2018-05-08 23:00:00');
INSERT INTO `__PREFIX__cities` (`country_code`, `name`, `longitude`, `latitude`, `feature_class`, `feature_code`, `subadmin1_code`, `subadmin2_code`, `population`, `time_zone`, `active`, `created_at`, `updated_at`) VALUES ('KE','{\"en\":\"Chuka\"}',37.65,-0.33,'P','PPLA2','KE.49',NULL,9347,'Africa/Nairobi',1,'2013-11-11 23:00:00','2013-11-11 23:00:00');
INSERT INTO `__PREFIX__cities` (`country_code`, `name`, `longitude`, `latitude`, `feature_class`, `feature_code`, `subadmin1_code`, `subadmin2_code`, `population`, `time_zone`, `active`, `created_at`, `updated_at`) VALUES ('KE','{\"en\":\"Butere\"}',34.49,0.21,'P','PPL','KE.20',NULL,11205,'Africa/Nairobi',1,'2018-09-04 23:00:00','2018-09-04 23:00:00');
INSERT INTO `__PREFIX__cities` (`country_code`, `name`, `longitude`, `latitude`, `feature_class`, `feature_code`, `subadmin1_code`, `subadmin2_code`, `population`, `time_zone`, `active`, `created_at`, `updated_at`) VALUES ('KE','{\"en\":\"Busia\"}',34.11,0.46,'P','PPLA','KE.13',NULL,51981,'Africa/Nairobi',1,'2013-08-03 23:00:00','2013-08-03 23:00:00');
INSERT INTO `__PREFIX__cities` (`country_code`, `name`, `longitude`, `latitude`, `feature_class`, `feature_code`, `subadmin1_code`, `subadmin2_code`, `population`, `time_zone`, `active`, `created_at`, `updated_at`) VALUES ('KE','{\"en\":\"Port Victoria\"}',33.97,0.10,'P','PPL','KE.13',NULL,6793,'Africa/Nairobi',1,'2018-09-04 23:00:00','2018-09-04 23:00:00');
INSERT INTO `__PREFIX__cities` (`country_code`, `name`, `longitude`, `latitude`, `feature_class`, `feature_code`, `subadmin1_code`, `subadmin2_code`, `population`, `time_zone`, `active`, `created_at`, `updated_at`) VALUES ('KE','{\"en\":\"Bungoma\"}',34.56,0.56,'P','PPLA','KE.12',NULL,55962,'Africa/Nairobi',1,'2013-06-26 23:00:00','2013-06-26 23:00:00');
INSERT INTO `__PREFIX__cities` (`country_code`, `name`, `longitude`, `latitude`, `feature_class`, `feature_code`, `subadmin1_code`, `subadmin2_code`, `population`, `time_zone`, `active`, `created_at`, `updated_at`) VALUES ('KE','{\"en\":\"Bondo\"}',34.28,0.24,'P','PPL','KE.46',NULL,8683,'Africa/Nairobi',1,'2018-09-04 23:00:00','2018-09-04 23:00:00');
INSERT INTO `__PREFIX__cities` (`country_code`, `name`, `longitude`, `latitude`, `feature_class`, `feature_code`, `subadmin1_code`, `subadmin2_code`, `population`, `time_zone`, `active`, `created_at`, `updated_at`) VALUES ('KE','{\"en\":\"Sotik Post\"}',35.34,-0.78,'P','PPLA','KE.11',NULL,5270,'Africa/Nairobi',1,'2018-11-05 23:00:00','2018-11-05 23:00:00');
INSERT INTO `__PREFIX__cities` (`country_code`, `name`, `longitude`, `latitude`, `feature_class`, `feature_code`, `subadmin1_code`, `subadmin2_code`, `population`, `time_zone`, `active`, `created_at`, `updated_at`) VALUES ('KE','{\"en\":\"Baringo\"}',35.97,0.47,'P','PPL','KE.10',NULL,7656,'Africa/Nairobi',1,'2013-09-05 23:00:00','2013-09-05 23:00:00');
INSERT INTO `__PREFIX__cities` (`country_code`, `name`, `longitude`, `latitude`, `feature_class`, `feature_code`, `subadmin1_code`, `subadmin2_code`, `population`, `time_zone`, `active`, `created_at`, `updated_at`) VALUES ('KE','{\"en\":\"Athi River\"}',36.98,-1.46,'P','PPL','KE.31',NULL,24530,'Africa/Nairobi',1,'2013-11-03 23:00:00','2013-11-03 23:00:00');
INSERT INTO `__PREFIX__cities` (`country_code`, `name`, `longitude`, `latitude`, `feature_class`, `feature_code`, `subadmin1_code`, `subadmin2_code`, `population`, `time_zone`, `active`, `created_at`, `updated_at`) VALUES ('KE','{\"en\":\"Ahero\"}',34.92,-0.17,'P','PPL','KE.26',NULL,8788,'Africa/Nairobi',1,'2018-11-05 23:00:00','2018-11-05 23:00:00');
INSERT INTO `__PREFIX__cities` (`country_code`, `name`, `longitude`, `latitude`, `feature_class`, `feature_code`, `subadmin1_code`, `subadmin2_code`, `population`, `time_zone`, `active`, `created_at`, `updated_at`) VALUES ('KE','{\"en\":\"Siaya\"}',34.29,0.06,'P','PPLA','KE.46',NULL,15354,'Africa/Nairobi',1,'2018-09-04 23:00:00','2018-09-04 23:00:00');
INSERT INTO `__PREFIX__cities` (`country_code`, `name`, `longitude`, `latitude`, `feature_class`, `feature_code`, `subadmin1_code`, `subadmin2_code`, `population`, `time_zone`, `active`, `created_at`, `updated_at`) VALUES ('KE','{\"en\":\"Ol Kalou\"}',36.38,-0.27,'P','PPLA','KE.43',NULL,47795,'Africa/Nairobi',1,'2013-08-03 23:00:00','2013-08-03 23:00:00');
INSERT INTO `__PREFIX__cities` (`country_code`, `name`, `longitude`, `latitude`, `feature_class`, `feature_code`, `subadmin1_code`, `subadmin2_code`, `population`, `time_zone`, `active`, `created_at`, `updated_at`) VALUES ('KE','{\"en\":\"Kathwana\"}',37.87,-0.33,'P','PPLA','KE.49',NULL,0,'Africa/Nairobi',1,'2017-11-09 23:00:00','2017-11-09 23:00:00');
/*!40000 ALTER TABLE `__PREFIX__cities` ENABLE KEYS */;
/*!40103 SET TIME_ZONE=@OLD_TIME_ZONE */;

/*!40101 SET SQL_MODE=@OLD_SQL_MODE */;
/*!40014 SET FOREIGN_KEY_CHECKS=@OLD_FOREIGN_KEY_CHECKS */;
/*!40014 SET UNIQUE_CHECKS=@OLD_UNIQUE_CHECKS */;
/*!40101 SET CHARACTER_SET_CLIENT=@OLD_CHARACTER_SET_CLIENT */;
/*!40101 SET CHARACTER_SET_RESULTS=@OLD_CHARACTER_SET_RESULTS */;
/*!40101 SET COLLATION_CONNECTION=@OLD_COLLATION_CONNECTION */;
/*!40111 SET SQL_NOTES=@OLD_SQL_NOTES */;

-- Dump completed
