-- MySQL dump 10.13  Distrib 5.7.34, for osx10.12 (x86_64)
--
-- Host: 127.0.0.1    Database: laraclassifier
-- ------------------------------------------------------
-- Server version	5.7.34

/*!40101 SET @OLD_CHARACTER_SET_CLIENT=@@CHARACTER_SET_CLIENT */;
/*!40101 SET @OLD_CHARACTER_SET_RESULTS=@@CHARACTER_SET_RESULTS */;
/*!40101 SET @OLD_COLLATION_CONNECTION=@@COLLATION_CONNECTION */;
/*!40101 SET NAMES utf8 */;
/*!40103 SET @OLD_TIME_ZONE=@@TIME_ZONE */;
/*!40103 SET TIME_ZONE='+00:00' */;
/*!40014 SET @OLD_UNIQUE_CHECKS=@@UNIQUE_CHECKS, UNIQUE_CHECKS=0 */;
/*!40014 SET @OLD_FOREIGN_KEY_CHECKS=@@FOREIGN_KEY_CHECKS, FOREIGN_KEY_CHECKS=0 */;
/*!40101 SET @OLD_SQL_MODE=@@SQL_MODE, SQL_MODE='NO_AUTO_VALUE_ON_ZERO' */;
/*!40111 SET @OLD_SQL_NOTES=@@SQL_NOTES, SQL_NOTES=0 */;

--
-- Dumping data for table `__PREFIX__subadmin1`
--

/*!40000 ALTER TABLE `__PREFIX__subadmin1` DISABLE KEYS */;
INSERT INTO `__PREFIX__subadmin1` (`code`, `country_code`, `name`, `active`) VALUES ('KH.12','KH','{\"en\":\"Pursat\"}',1);
INSERT INTO `__PREFIX__subadmin1` (`code`, `country_code`, `name`, `active`) VALUES ('KH.29','KH','{\"en\":\"Battambang\"}',1);
INSERT INTO `__PREFIX__subadmin1` (`code`, `country_code`, `name`, `active`) VALUES ('KH.19','KH','{\"en\":\"Takeo\"}',1);
INSERT INTO `__PREFIX__subadmin1` (`code`, `country_code`, `name`, `active`) VALUES ('KH.18','KH','{\"en\":\"Svay Rieng\"}',1);
INSERT INTO `__PREFIX__subadmin1` (`code`, `country_code`, `name`, `active`) VALUES ('KH.17','KH','{\"en\":\"Stung Treng\"}',1);
INSERT INTO `__PREFIX__subadmin1` (`code`, `country_code`, `name`, `active`) VALUES ('KH.27','KH','{\"en\":\"Ŏtâr Méanchey\"}',1);
INSERT INTO `__PREFIX__subadmin1` (`code`, `country_code`, `name`, `active`) VALUES ('KH.24','KH','{\"en\":\"Siem Reap\"}',1);
INSERT INTO `__PREFIX__subadmin1` (`code`, `country_code`, `name`, `active`) VALUES ('KH.23','KH','{\"en\":\"Ratanakiri\"}',1);
INSERT INTO `__PREFIX__subadmin1` (`code`, `country_code`, `name`, `active`) VALUES ('KH.14','KH','{\"en\":\"Prey Veng\"}',1);
INSERT INTO `__PREFIX__subadmin1` (`code`, `country_code`, `name`, `active`) VALUES ('KH.13','KH','{\"en\":\"Preah Vihear\"}',1);
INSERT INTO `__PREFIX__subadmin1` (`code`, `country_code`, `name`, `active`) VALUES ('KH.22','KH','{\"en\":\"Phnom Penh\"}',1);
INSERT INTO `__PREFIX__subadmin1` (`code`, `country_code`, `name`, `active`) VALUES ('KH.30','KH','{\"en\":\"Pailin\"}',1);
INSERT INTO `__PREFIX__subadmin1` (`code`, `country_code`, `name`, `active`) VALUES ('KH.10','KH','{\"en\":\"Mondolkiri\"}',1);
INSERT INTO `__PREFIX__subadmin1` (`code`, `country_code`, `name`, `active`) VALUES ('KH.09','KH','{\"en\":\"Kratie\"}',1);
INSERT INTO `__PREFIX__subadmin1` (`code`, `country_code`, `name`, `active`) VALUES ('KH.26','KH','{\"en\":\"Kep\"}',1);
INSERT INTO `__PREFIX__subadmin1` (`code`, `country_code`, `name`, `active`) VALUES ('KH.08','KH','{\"en\":\"Koh Kong\"}',1);
INSERT INTO `__PREFIX__subadmin1` (`code`, `country_code`, `name`, `active`) VALUES ('KH.07','KH','{\"en\":\"Kandal\"}',1);
INSERT INTO `__PREFIX__subadmin1` (`code`, `country_code`, `name`, `active`) VALUES ('KH.21','KH','{\"en\":\"Kampot\"}',1);
INSERT INTO `__PREFIX__subadmin1` (`code`, `country_code`, `name`, `active`) VALUES ('KH.05','KH','{\"en\":\"Kampong Thom\"}',1);
INSERT INTO `__PREFIX__subadmin1` (`code`, `country_code`, `name`, `active`) VALUES ('KH.04','KH','{\"en\":\"Kampong Speu\"}',1);
INSERT INTO `__PREFIX__subadmin1` (`code`, `country_code`, `name`, `active`) VALUES ('KH.03','KH','{\"en\":\"Kampong Chhnang\"}',1);
INSERT INTO `__PREFIX__subadmin1` (`code`, `country_code`, `name`, `active`) VALUES ('KH.02','KH','{\"en\":\"Kampong Cham\"}',1);
INSERT INTO `__PREFIX__subadmin1` (`code`, `country_code`, `name`, `active`) VALUES ('KH.28','KH','{\"en\":\"Preah Sihanouk\"}',1);
INSERT INTO `__PREFIX__subadmin1` (`code`, `country_code`, `name`, `active`) VALUES ('KH.25','KH','{\"en\":\"Banteay Meanchey\"}',1);
INSERT INTO `__PREFIX__subadmin1` (`code`, `country_code`, `name`, `active`) VALUES ('KH.31','KH','{\"en\":\"Tboung Khmum\"}',1);
/*!40000 ALTER TABLE `__PREFIX__subadmin1` ENABLE KEYS */;

--
-- Dumping data for table `__PREFIX__subadmin2`
--

/*!40000 ALTER TABLE `__PREFIX__subadmin2` DISABLE KEYS */;
INSERT INTO `__PREFIX__subadmin2` (`code`, `country_code`, `subadmin1_code`, `name`, `active`) VALUES ('KH.25.0107','KH','KH.25','{\"en\":\"Srŏk Thmâ Pôk\"}',1);
INSERT INTO `__PREFIX__subadmin2` (`code`, `country_code`, `subadmin1_code`, `name`, `active`) VALUES ('KH.31.2507','KH','KH.31','{\"en\":\"Srŏk Tbong Khmŭm\"}',1);
INSERT INTO `__PREFIX__subadmin2` (`code`, `country_code`, `subadmin1_code`, `name`, `active`) VALUES ('KH.05.0608','KH','KH.05','{\"en\":\"Srŏk Stoŭng\"}',1);
INSERT INTO `__PREFIX__subadmin2` (`code`, `country_code`, `subadmin1_code`, `name`, `active`) VALUES ('KH.27.2204','KH','KH.27','{\"en\":\"Srŏk Sâmraông\"}',1);
INSERT INTO `__PREFIX__subadmin2` (`code`, `country_code`, `subadmin1_code`, `name`, `active`) VALUES ('KH.19.2107','KH','KH.19','{\"en\":\"Samraong\"}',1);
INSERT INTO `__PREFIX__subadmin2` (`code`, `country_code`, `subadmin1_code`, `name`, `active`) VALUES ('KH.13.1305','KH','KH.13','{\"en\":\"Srŏk Rôviĕng\"}',1);
INSERT INTO `__PREFIX__subadmin2` (`code`, `country_code`, `subadmin1_code`, `name`, `active`) VALUES ('KH.24.1707','KH','KH.24','{\"en\":\"Srŏk Puŏk\"}',1);
INSERT INTO `__PREFIX__subadmin2` (`code`, `country_code`, `subadmin1_code`, `name`, `active`) VALUES ('KH.04.0505','KH','KH.04','{\"en\":\"Srŏk Ŏdŏngk\"}',1);
INSERT INTO `__PREFIX__subadmin2` (`code`, `country_code`, `subadmin1_code`, `name`, `active`) VALUES ('KH.31.2503','KH','KH.31','{\"en\":\"Srŏk Mémót\"}',1);
INSERT INTO `__PREFIX__subadmin2` (`code`, `country_code`, `subadmin1_code`, `name`, `active`) VALUES ('KH.31.2502','KH','KH.31','{\"en\":\"Srŏk Kroch Chhmar\"}',1);
INSERT INTO `__PREFIX__subadmin2` (`code`, `country_code`, `subadmin1_code`, `name`, `active`) VALUES ('KH.04.0503','KH','KH.04','{\"en\":\"Srŏk Kông Pĭsei\"}',1);
INSERT INTO `__PREFIX__subadmin2` (`code`, `country_code`, `subadmin1_code`, `name`, `active`) VALUES ('KH.08.0903','KH','KH.08','{\"en\":\"Koh Kong\"}',1);
INSERT INTO `__PREFIX__subadmin2` (`code`, `country_code`, `subadmin1_code`, `name`, `active`) VALUES ('KH.19.2105','KH','KH.19','{\"en\":\"Kaoh Andaet\"}',1);
INSERT INTO `__PREFIX__subadmin2` (`code`, `country_code`, `subadmin1_code`, `name`, `active`) VALUES ('KH.07.0801','KH','KH.07','{\"en\":\"Kandal Stueng\"}',1);
INSERT INTO `__PREFIX__subadmin2` (`code`, `country_code`, `subadmin1_code`, `name`, `active`) VALUES ('KH.05.0602','KH','KH.05','{\"en\":\"Srŏk Kâmpóng Svay\"}',1);
INSERT INTO `__PREFIX__subadmin2` (`code`, `country_code`, `subadmin1_code`, `name`, `active`) VALUES ('KH.13.1302','KH','KH.13','{\"en\":\"Srŏk Chhêb\"}',1);
INSERT INTO `__PREFIX__subadmin2` (`code`, `country_code`, `subadmin1_code`, `name`, `active`) VALUES ('KH.08.0901','KH','KH.08','{\"en\":\"Srŏk Batum Sakôr\"}',1);
INSERT INTO `__PREFIX__subadmin2` (`code`, `country_code`, `subadmin1_code`, `name`, `active`) VALUES ('KH.29.0203','KH','KH.29','{\"en\":\"Krong Battambang\"}',1);
INSERT INTO `__PREFIX__subadmin2` (`code`, `country_code`, `subadmin1_code`, `name`, `active`) VALUES ('KH.27.2202','KH','KH.27','{\"en\":\"Srŏk Bântéay Âmpĭl\"}',1);
INSERT INTO `__PREFIX__subadmin2` (`code`, `country_code`, `subadmin1_code`, `name`, `active`) VALUES ('KH.03.0403','KH','KH.03','{\"en\":\"Kampong Chhnang\"}',1);
INSERT INTO `__PREFIX__subadmin2` (`code`, `country_code`, `subadmin1_code`, `name`, `active`) VALUES ('KH.05.0603','KH','KH.05','{\"en\":\"Stueng Saen\"}',1);
INSERT INTO `__PREFIX__subadmin2` (`code`, `country_code`, `subadmin1_code`, `name`, `active`) VALUES ('KH.29.0208','KH','KH.29','{\"en\":\"Sangkae\"}',1);
INSERT INTO `__PREFIX__subadmin2` (`code`, `country_code`, `subadmin1_code`, `name`, `active`) VALUES ('KH.29.0206','KH','KH.29','{\"en\":\"Moung Ruessei\"}',1);
INSERT INTO `__PREFIX__subadmin2` (`code`, `country_code`, `subadmin1_code`, `name`, `active`) VALUES ('KH.12.1501','KH','KH.12','{\"en\":\"Bakan\"}',1);
INSERT INTO `__PREFIX__subadmin2` (`code`, `country_code`, `subadmin1_code`, `name`, `active`) VALUES ('KH.12.1505','KH','KH.12','{\"en\":\"Pursat\"}',1);
INSERT INTO `__PREFIX__subadmin2` (`code`, `country_code`, `subadmin1_code`, `name`, `active`) VALUES ('KH.12.1503','KH','KH.12','{\"en\":\"Krakor\"}',1);
INSERT INTO `__PREFIX__subadmin2` (`code`, `country_code`, `subadmin1_code`, `name`, `active`) VALUES ('KH.03.0401','KH','KH.03','{\"en\":\"Baribour\"}',1);
INSERT INTO `__PREFIX__subadmin2` (`code`, `country_code`, `subadmin1_code`, `name`, `active`) VALUES ('KH.03.0406','KH','KH.03','{\"en\":\"Rolea B\'ier\"}',1);
INSERT INTO `__PREFIX__subadmin2` (`code`, `country_code`, `subadmin1_code`, `name`, `active`) VALUES ('KH.09.1002','KH','KH.09','{\"en\":\"Kracheh\"}',1);
INSERT INTO `__PREFIX__subadmin2` (`code`, `country_code`, `subadmin1_code`, `name`, `active`) VALUES ('KH.02.0303','KH','KH.02','{\"en\":\"Cheung Prey\"}',1);
INSERT INTO `__PREFIX__subadmin2` (`code`, `country_code`, `subadmin1_code`, `name`, `active`) VALUES ('KH.05.0601','KH','KH.05','{\"en\":\"Baray\"}',1);
INSERT INTO `__PREFIX__subadmin2` (`code`, `country_code`, `subadmin1_code`, `name`, `active`) VALUES ('KH.05.0607','KH','KH.05','{\"en\":\"Santuk\"}',1);
INSERT INTO `__PREFIX__subadmin2` (`code`, `country_code`, `subadmin1_code`, `name`, `active`) VALUES ('KH.24.1710','KH','KH.24','{\"en\":\"Siem Reap\"}',1);
INSERT INTO `__PREFIX__subadmin2` (`code`, `country_code`, `subadmin1_code`, `name`, `active`) VALUES ('KH.02.0305','KH','KH.02','{\"en\":\"Kampong Cham\"}',1);
INSERT INTO `__PREFIX__subadmin2` (`code`, `country_code`, `subadmin1_code`, `name`, `active`) VALUES ('KH.17.1904','KH','KH.17','{\"en\":\"Stueng Traeng\"}',1);
INSERT INTO `__PREFIX__subadmin2` (`code`, `country_code`, `subadmin1_code`, `name`, `active`) VALUES ('KH.24.1701','KH','KH.24','{\"en\":\"Angkor Chum\"}',1);
INSERT INTO `__PREFIX__subadmin2` (`code`, `country_code`, `subadmin1_code`, `name`, `active`) VALUES ('KH.24.1714','KH','KH.24','{\"en\":\"Varin\"}',1);
INSERT INTO `__PREFIX__subadmin2` (`code`, `country_code`, `subadmin1_code`, `name`, `active`) VALUES ('KH.24.1713','KH','KH.24','{\"en\":\"Svay Leu\"}',1);
INSERT INTO `__PREFIX__subadmin2` (`code`, `country_code`, `subadmin1_code`, `name`, `active`) VALUES ('KH.05.0604','KH','KH.05','{\"en\":\"Prasat Balangk\"}',1);
INSERT INTO `__PREFIX__subadmin2` (`code`, `country_code`, `subadmin1_code`, `name`, `active`) VALUES ('KH.13.1306','KH','KH.13','{\"en\":\"Sangkom Thmei\"}',1);
INSERT INTO `__PREFIX__subadmin2` (`code`, `country_code`, `subadmin1_code`, `name`, `active`) VALUES ('KH.18.2005','KH','KH.18','{\"en\":\"Srŏk Svay Chrŭm\"}',1);
INSERT INTO `__PREFIX__subadmin2` (`code`, `country_code`, `subadmin1_code`, `name`, `active`) VALUES ('KH.25.0108','KH','KH.25','{\"en\":\"Srŏk Svay Chék\"}',1);
INSERT INTO `__PREFIX__subadmin2` (`code`, `country_code`, `subadmin1_code`, `name`, `active`) VALUES ('KH.25.0109','KH','KH.25','{\"en\":\"Srŏk Malai\"}',1);
INSERT INTO `__PREFIX__subadmin2` (`code`, `country_code`, `subadmin1_code`, `name`, `active`) VALUES ('KH.29.0202','KH','KH.29','{\"en\":\"Srŏk Thmâ Koŭl\"}',1);
INSERT INTO `__PREFIX__subadmin2` (`code`, `country_code`, `subadmin1_code`, `name`, `active`) VALUES ('KH.29.0204','KH','KH.29','{\"en\":\"Srŏk Bâvĭl\"}',1);
INSERT INTO `__PREFIX__subadmin2` (`code`, `country_code`, `subadmin1_code`, `name`, `active`) VALUES ('KH.29.0207','KH','KH.29','{\"en\":\"Srŏk Rotanak Mondol\"}',1);
INSERT INTO `__PREFIX__subadmin2` (`code`, `country_code`, `subadmin1_code`, `name`, `active`) VALUES ('KH.29.0209','KH','KH.29','{\"en\":\"Srŏk Sâmlot\"}',1);
INSERT INTO `__PREFIX__subadmin2` (`code`, `country_code`, `subadmin1_code`, `name`, `active`) VALUES ('KH.29.0210','KH','KH.29','{\"en\":\"Srŏk Sâmpŏu Lun\"}',1);
INSERT INTO `__PREFIX__subadmin2` (`code`, `country_code`, `subadmin1_code`, `name`, `active`) VALUES ('KH.29.0212','KH','KH.29','{\"en\":\"Srŏk Kâmriĕng\"}',1);
INSERT INTO `__PREFIX__subadmin2` (`code`, `country_code`, `subadmin1_code`, `name`, `active`) VALUES ('KH.29.0213','KH','KH.29','{\"en\":\"Srŏk Koăs Krâlâ\"}',1);
INSERT INTO `__PREFIX__subadmin2` (`code`, `country_code`, `subadmin1_code`, `name`, `active`) VALUES ('KH.29.0214','KH','KH.29','{\"en\":\"Srŏk Rukh Kiri\"}',1);
INSERT INTO `__PREFIX__subadmin2` (`code`, `country_code`, `subadmin1_code`, `name`, `active`) VALUES ('KH.30.2402','KH','KH.30','{\"en\":\"Khan Sala Krau\"}',1);
INSERT INTO `__PREFIX__subadmin2` (`code`, `country_code`, `subadmin1_code`, `name`, `active`) VALUES ('KH.30.2401','KH','KH.30','{\"en\":\"Khan Pailĭn\"}',1);
INSERT INTO `__PREFIX__subadmin2` (`code`, `country_code`, `subadmin1_code`, `name`, `active`) VALUES ('KH.02.0301','KH','KH.02','{\"en\":\"Srŏk Bathéay\"}',1);
INSERT INTO `__PREFIX__subadmin2` (`code`, `country_code`, `subadmin1_code`, `name`, `active`) VALUES ('KH.31.2501','KH','KH.31','{\"en\":\"Srŏk Dâmbê\"}',1);
INSERT INTO `__PREFIX__subadmin2` (`code`, `country_code`, `subadmin1_code`, `name`, `active`) VALUES ('KH.31.2504','KH','KH.31','{\"en\":\"Srŏk O Reăng Âu\"}',1);
INSERT INTO `__PREFIX__subadmin2` (`code`, `country_code`, `subadmin1_code`, `name`, `active`) VALUES ('KH.31.2505','KH','KH.31','{\"en\":\"Srŏk Pônhê Krêk\"}',1);
INSERT INTO `__PREFIX__subadmin2` (`code`, `country_code`, `subadmin1_code`, `name`, `active`) VALUES ('KH.31.2506','KH','KH.31','{\"en\":\"Krŏng Suŏng\"}',1);
INSERT INTO `__PREFIX__subadmin2` (`code`, `country_code`, `subadmin1_code`, `name`, `active`) VALUES ('KH.25.0110','KH','KH.25','{\"en\":\"Krŏng Paôy Pêt\"}',1);
INSERT INTO `__PREFIX__subadmin2` (`code`, `country_code`, `subadmin1_code`, `name`, `active`) VALUES ('KH.24.1709','KH','KH.24','{\"en\":\"Srŏk Prasat Bakong\"}',1);
INSERT INTO `__PREFIX__subadmin2` (`code`, `country_code`, `subadmin1_code`, `name`, `active`) VALUES ('KH.27.2201','KH','KH.27','{\"en\":\"Srŏk Ânlóng Vêng\"}',1);
INSERT INTO `__PREFIX__subadmin2` (`code`, `country_code`, `subadmin1_code`, `name`, `active`) VALUES ('KH.27.2205','KH','KH.27','{\"en\":\"Srŏk Trâpeăng Prasat\"}',1);
INSERT INTO `__PREFIX__subadmin2` (`code`, `country_code`, `subadmin1_code`, `name`, `active`) VALUES ('KH.13.1301','KH','KH.13','{\"en\":\"Srŏk Ch’êh Sên\"}',1);
INSERT INTO `__PREFIX__subadmin2` (`code`, `country_code`, `subadmin1_code`, `name`, `active`) VALUES ('KH.13.1304','KH','KH.13','{\"en\":\"Srŏk Kulén\"}',1);
INSERT INTO `__PREFIX__subadmin2` (`code`, `country_code`, `subadmin1_code`, `name`, `active`) VALUES ('KH.13.1307','KH','KH.13','{\"en\":\"Srŏk Tbêng Méanchey\"}',1);
INSERT INTO `__PREFIX__subadmin2` (`code`, `country_code`, `subadmin1_code`, `name`, `active`) VALUES ('KH.13.1308','KH','KH.13','{\"en\":\"Krŏng Preăh Vĭhéar\"}',1);
INSERT INTO `__PREFIX__subadmin2` (`code`, `country_code`, `subadmin1_code`, `name`, `active`) VALUES ('KH.17.1901','KH','KH.17','{\"en\":\"Srŏk Srêsén\"}',1);
INSERT INTO `__PREFIX__subadmin2` (`code`, `country_code`, `subadmin1_code`, `name`, `active`) VALUES ('KH.23.1601','KH','KH.23','{\"en\":\"Srŏk Ândong Méas\"}',1);
INSERT INTO `__PREFIX__subadmin2` (`code`, `country_code`, `subadmin1_code`, `name`, `active`) VALUES ('KH.23.1602','KH','KH.23','{\"en\":\"Srŏk Ban Lŭng\"}',1);
INSERT INTO `__PREFIX__subadmin2` (`code`, `country_code`, `subadmin1_code`, `name`, `active`) VALUES ('KH.23.1603','KH','KH.23','{\"en\":\"Srŏk Bâ Kêv\"}',1);
INSERT INTO `__PREFIX__subadmin2` (`code`, `country_code`, `subadmin1_code`, `name`, `active`) VALUES ('KH.23.1604','KH','KH.23','{\"en\":\"Srŏk Koun Mom\"}',1);
INSERT INTO `__PREFIX__subadmin2` (`code`, `country_code`, `subadmin1_code`, `name`, `active`) VALUES ('KH.23.1606','KH','KH.23','{\"en\":\"Srŏk Ou Chum\"}',1);
INSERT INTO `__PREFIX__subadmin2` (`code`, `country_code`, `subadmin1_code`, `name`, `active`) VALUES ('KH.23.1607','KH','KH.23','{\"en\":\"Srŏk Ou Ya Dav\"}',1);
INSERT INTO `__PREFIX__subadmin2` (`code`, `country_code`, `subadmin1_code`, `name`, `active`) VALUES ('KH.23.1608','KH','KH.23','{\"en\":\"Srŏk Ta Vêng\"}',1);
INSERT INTO `__PREFIX__subadmin2` (`code`, `country_code`, `subadmin1_code`, `name`, `active`) VALUES ('KH.10.1101','KH','KH.10','{\"en\":\"Srŏk Kaev Seima\"}',1);
INSERT INTO `__PREFIX__subadmin2` (`code`, `country_code`, `subadmin1_code`, `name`, `active`) VALUES ('KH.10.1104','KH','KH.10','{\"en\":\"Srŏk Pech Chreada\"}',1);
INSERT INTO `__PREFIX__subadmin2` (`code`, `country_code`, `subadmin1_code`, `name`, `active`) VALUES ('KH.10.1105','KH','KH.10','{\"en\":\"Krŏng Sênmônoŭrôm\"}',1);
INSERT INTO `__PREFIX__subadmin2` (`code`, `country_code`, `subadmin1_code`, `name`, `active`) VALUES ('KH.09.1006','KH','KH.09','{\"en\":\"Srŏk Chĕt Bŭri\"}',1);
INSERT INTO `__PREFIX__subadmin2` (`code`, `country_code`, `subadmin1_code`, `name`, `active`) VALUES ('KH.12.1502','KH','KH.12','{\"en\":\"Srŏk Kândiĕng\"}',1);
INSERT INTO `__PREFIX__subadmin2` (`code`, `country_code`, `subadmin1_code`, `name`, `active`) VALUES ('KH.12.1506','KH','KH.12','{\"en\":\"Srŏk Véal Vêng\"}',1);
INSERT INTO `__PREFIX__subadmin2` (`code`, `country_code`, `subadmin1_code`, `name`, `active`) VALUES ('KH.08.0904','KH','KH.08','{\"en\":\"Krŏng Khémârâ Phumĭn\"}',1);
INSERT INTO `__PREFIX__subadmin2` (`code`, `country_code`, `subadmin1_code`, `name`, `active`) VALUES ('KH.08.0905','KH','KH.08','{\"en\":\"Srŏk Môndôl Seima\"}',1);
INSERT INTO `__PREFIX__subadmin2` (`code`, `country_code`, `subadmin1_code`, `name`, `active`) VALUES ('KH.28.1803','KH','KH.28','{\"en\":\"Srŏk Stœ̆ng Hav\"}',1);
INSERT INTO `__PREFIX__subadmin2` (`code`, `country_code`, `subadmin1_code`, `name`, `active`) VALUES ('KH.04.0501','KH','KH.04','{\"en\":\"Srŏk Basedth\"}',1);
INSERT INTO `__PREFIX__subadmin2` (`code`, `country_code`, `subadmin1_code`, `name`, `active`) VALUES ('KH.04.0502','KH','KH.04','{\"en\":\"Krŏng Chbar Mon\"}',1);
INSERT INTO `__PREFIX__subadmin2` (`code`, `country_code`, `subadmin1_code`, `name`, `active`) VALUES ('KH.03.0402','KH','KH.03','{\"en\":\"Srŏk Chol Kiri\"}',1);
INSERT INTO `__PREFIX__subadmin2` (`code`, `country_code`, `subadmin1_code`, `name`, `active`) VALUES ('KH.03.0407','KH','KH.03','{\"en\":\"Srŏk Sameakki Mean Chey\"}',1);
INSERT INTO `__PREFIX__subadmin2` (`code`, `country_code`, `subadmin1_code`, `name`, `active`) VALUES ('KH.19.2101','KH','KH.19','{\"en\":\"Srŏk Ângkôr Borei\"}',1);
INSERT INTO `__PREFIX__subadmin2` (`code`, `country_code`, `subadmin1_code`, `name`, `active`) VALUES ('KH.19.2103','KH','KH.19','{\"en\":\"Srŏk Borei Cholsar\"}',1);
INSERT INTO `__PREFIX__subadmin2` (`code`, `country_code`, `subadmin1_code`, `name`, `active`) VALUES ('KH.19.2108','KH','KH.19','{\"en\":\"Krŏng Doun Kaev\"}',1);
INSERT INTO `__PREFIX__subadmin2` (`code`, `country_code`, `subadmin1_code`, `name`, `active`) VALUES ('KH.26.2301','KH','KH.26','{\"en\":\"Srŏk Dâmnăk Châng’aeur\"}',1);
INSERT INTO `__PREFIX__subadmin2` (`code`, `country_code`, `subadmin1_code`, `name`, `active`) VALUES ('KH.21.0704','KH','KH.21','{\"en\":\"Srŏk Chŭm Kiri\"}',1);
INSERT INTO `__PREFIX__subadmin2` (`code`, `country_code`, `subadmin1_code`, `name`, `active`) VALUES ('KH.21.0705','KH','KH.21','{\"en\":\"Srŏk Dângtóng\"}',1);
INSERT INTO `__PREFIX__subadmin2` (`code`, `country_code`, `subadmin1_code`, `name`, `active`) VALUES ('KH.21.0707','KH','KH.21','{\"en\":\"Srŏk Tœ̆k Chhu\"}',1);
INSERT INTO `__PREFIX__subadmin2` (`code`, `country_code`, `subadmin1_code`, `name`, `active`) VALUES ('KH.07.0803','KH','KH.07','{\"en\":\"Srŏk Khsăch Kândal\"}',1);
INSERT INTO `__PREFIX__subadmin2` (`code`, `country_code`, `subadmin1_code`, `name`, `active`) VALUES ('KH.07.0811','KH','KH.07','{\"en\":\"Krŏng Ta Khmau\"}',1);
INSERT INTO `__PREFIX__subadmin2` (`code`, `country_code`, `subadmin1_code`, `name`, `active`) VALUES ('KH.22.1207','KH','KH.22','{\"en\":\"Khan Rœssei Kêv\"}',1);
INSERT INTO `__PREFIX__subadmin2` (`code`, `country_code`, `subadmin1_code`, `name`, `active`) VALUES ('KH.22.1202','KH','KH.22','{\"en\":\"Khan Duŏn Pénh\"}',1);
INSERT INTO `__PREFIX__subadmin2` (`code`, `country_code`, `subadmin1_code`, `name`, `active`) VALUES ('KH.22.1204','KH','KH.22','{\"en\":\"Khan Tuŏl Koŭk\"}',1);
INSERT INTO `__PREFIX__subadmin2` (`code`, `country_code`, `subadmin1_code`, `name`, `active`) VALUES ('KH.22.1203','KH','KH.22','{\"en\":\"Khan 7 Makara\"}',1);
INSERT INTO `__PREFIX__subadmin2` (`code`, `country_code`, `subadmin1_code`, `name`, `active`) VALUES ('KH.22.1201','KH','KH.22','{\"en\":\"Khan Châmkar Mon\"}',1);
INSERT INTO `__PREFIX__subadmin2` (`code`, `country_code`, `subadmin1_code`, `name`, `active`) VALUES ('KH.22.1208','KH','KH.22','{\"en\":\"Khan Saen Sokh\"}',1);
INSERT INTO `__PREFIX__subadmin2` (`code`, `country_code`, `subadmin1_code`, `name`, `active`) VALUES ('KH.22.1206','KH','KH.22','{\"en\":\"Khan Méan Chey\"}',1);
INSERT INTO `__PREFIX__subadmin2` (`code`, `country_code`, `subadmin1_code`, `name`, `active`) VALUES ('KH.22.1209','KH','KH.22','{\"en\":\"Khan Chey Por Senchey\"}',1);
INSERT INTO `__PREFIX__subadmin2` (`code`, `country_code`, `subadmin1_code`, `name`, `active`) VALUES ('KH.22.1205','KH','KH.22','{\"en\":\"Khan Dângkaô\"}',1);
INSERT INTO `__PREFIX__subadmin2` (`code`, `country_code`, `subadmin1_code`, `name`, `active`) VALUES ('KH.14.1405','KH','KH.14','{\"en\":\"Srŏk Mésang\"}',1);
INSERT INTO `__PREFIX__subadmin2` (`code`, `country_code`, `subadmin1_code`, `name`, `active`) VALUES ('KH.14.1409','KH','KH.14','{\"en\":\"Srŏk Preăh Sdéch\"}',1);
INSERT INTO `__PREFIX__subadmin2` (`code`, `country_code`, `subadmin1_code`, `name`, `active`) VALUES ('KH.14.1411','KH','KH.14','{\"en\":\"Srŏk Kâmpóng Léav\"}',1);
INSERT INTO `__PREFIX__subadmin2` (`code`, `country_code`, `subadmin1_code`, `name`, `active`) VALUES ('KH.14.1413','KH','KH.14','{\"en\":\"Srŏk Svay Ântôr\"}',1);
INSERT INTO `__PREFIX__subadmin2` (`code`, `country_code`, `subadmin1_code`, `name`, `active`) VALUES ('KH.18.2008','KH','KH.18','{\"en\":\"Krŏng Bavĕt\"}',1);
INSERT INTO `__PREFIX__subadmin2` (`code`, `country_code`, `subadmin1_code`, `name`, `active`) VALUES ('KH.29.0201','KH','KH.29','{\"en\":\"Srŏk Banăn\"}',1);
INSERT INTO `__PREFIX__subadmin2` (`code`, `country_code`, `subadmin1_code`, `name`, `active`) VALUES ('KH.29.0205','KH','KH.29','{\"en\":\"Srŏk Âk Phnŭm\"}',1);
INSERT INTO `__PREFIX__subadmin2` (`code`, `country_code`, `subadmin1_code`, `name`, `active`) VALUES ('KH.29.0211','KH','KH.29','{\"en\":\"Srok Phnum Proek\"}',1);
INSERT INTO `__PREFIX__subadmin2` (`code`, `country_code`, `subadmin1_code`, `name`, `active`) VALUES ('KH.24.1702','KH','KH.24','{\"en\":\"Srŏk Ângkôr Thum\"}',1);
INSERT INTO `__PREFIX__subadmin2` (`code`, `country_code`, `subadmin1_code`, `name`, `active`) VALUES ('KH.05.0605','KH','KH.05','{\"en\":\"Srŏk Prâsat Sâmbor\"}',1);
INSERT INTO `__PREFIX__subadmin2` (`code`, `country_code`, `subadmin1_code`, `name`, `active`) VALUES ('KH.25.0105','KH','KH.25','{\"en\":\"Ou Chrov District\"}',1);
INSERT INTO `__PREFIX__subadmin2` (`code`, `country_code`, `subadmin1_code`, `name`, `active`) VALUES ('KH.08.0906','KH','KH.08','{\"en\":\"Srae Ambel\"}',1);
INSERT INTO `__PREFIX__subadmin2` (`code`, `country_code`, `subadmin1_code`, `name`, `active`) VALUES ('KH.25.0106','KH','KH.25','{\"en\":\"Serei Saophoan\"}',1);
INSERT INTO `__PREFIX__subadmin2` (`code`, `country_code`, `subadmin1_code`, `name`, `active`) VALUES ('KH.28.1801','KH','KH.28','{\"en\":\"Krong Preah Sihanouk\"}',1);
INSERT INTO `__PREFIX__subadmin2` (`code`, `country_code`, `subadmin1_code`, `name`, `active`) VALUES ('KH.21.0708','KH','KH.21','{\"en\":\"Kampong Bay\"}',1);
INSERT INTO `__PREFIX__subadmin2` (`code`, `country_code`, `subadmin1_code`, `name`, `active`) VALUES ('KH.21.0706','KH','KH.21','{\"en\":\"Kampong Tranch\"}',1);
INSERT INTO `__PREFIX__subadmin2` (`code`, `country_code`, `subadmin1_code`, `name`, `active`) VALUES ('KH.21.0702','KH','KH.21','{\"en\":\"Banteay Meas\"}',1);
INSERT INTO `__PREFIX__subadmin2` (`code`, `country_code`, `subadmin1_code`, `name`, `active`) VALUES ('KH.21.0701','KH','KH.21','{\"en\":\"Angkor Chey\"}',1);
INSERT INTO `__PREFIX__subadmin2` (`code`, `country_code`, `subadmin1_code`, `name`, `active`) VALUES ('KH.21.0703','KH','KH.21','{\"en\":\"Chhouk District\"}',1);
INSERT INTO `__PREFIX__subadmin2` (`code`, `country_code`, `subadmin1_code`, `name`, `active`) VALUES ('KH.25.0102','KH','KH.25','{\"en\":\"Mongkol Borei\"}',1);
INSERT INTO `__PREFIX__subadmin2` (`code`, `country_code`, `subadmin1_code`, `name`, `active`) VALUES ('KH.25.0103','KH','KH.25','{\"en\":\"Phnom Srok\"}',1);
INSERT INTO `__PREFIX__subadmin2` (`code`, `country_code`, `subadmin1_code`, `name`, `active`) VALUES ('KH.25.0104','KH','KH.25','{\"en\":\"Preah Netr Preah\"}',1);
INSERT INTO `__PREFIX__subadmin2` (`code`, `country_code`, `subadmin1_code`, `name`, `active`) VALUES ('KH.02.0302','KH','KH.02','{\"en\":\"Chamkar Leu\"}',1);
INSERT INTO `__PREFIX__subadmin2` (`code`, `country_code`, `subadmin1_code`, `name`, `active`) VALUES ('KH.02.0306','KH','KH.02','{\"en\":\"Kampong Siem\"}',1);
INSERT INTO `__PREFIX__subadmin2` (`code`, `country_code`, `subadmin1_code`, `name`, `active`) VALUES ('KH.02.0307','KH','KH.02','{\"en\":\"Kang Meas\"}',1);
INSERT INTO `__PREFIX__subadmin2` (`code`, `country_code`, `subadmin1_code`, `name`, `active`) VALUES ('KH.02.0308','KH','KH.02','{\"en\":\"Kaoh Soutin\"}',1);
INSERT INTO `__PREFIX__subadmin2` (`code`, `country_code`, `subadmin1_code`, `name`, `active`) VALUES ('KH.02.0313','KH','KH.02','{\"en\":\"Prey Chhor\"}',1);
INSERT INTO `__PREFIX__subadmin2` (`code`, `country_code`, `subadmin1_code`, `name`, `active`) VALUES ('KH.02.0314','KH','KH.02','{\"en\":\"Srei Santhor\"}',1);
INSERT INTO `__PREFIX__subadmin2` (`code`, `country_code`, `subadmin1_code`, `name`, `active`) VALUES ('KH.02.0315','KH','KH.02','{\"en\":\"Steung Trang\"}',1);
INSERT INTO `__PREFIX__subadmin2` (`code`, `country_code`, `subadmin1_code`, `name`, `active`) VALUES ('KH.03.0404','KH','KH.03','{\"en\":\"Kampong Leaeng\"}',1);
INSERT INTO `__PREFIX__subadmin2` (`code`, `country_code`, `subadmin1_code`, `name`, `active`) VALUES ('KH.03.0405','KH','KH.03','{\"en\":\"Kampong Tralach\"}',1);
INSERT INTO `__PREFIX__subadmin2` (`code`, `country_code`, `subadmin1_code`, `name`, `active`) VALUES ('KH.03.0408','KH','KH.03','{\"en\":\"Tuek Phos\"}',1);
INSERT INTO `__PREFIX__subadmin2` (`code`, `country_code`, `subadmin1_code`, `name`, `active`) VALUES ('KH.04.0504','KH','KH.04','{\"en\":\"Aoral\"}',1);
INSERT INTO `__PREFIX__subadmin2` (`code`, `country_code`, `subadmin1_code`, `name`, `active`) VALUES ('KH.04.0506','KH','KH.04','{\"en\":\"Phnum Sruoch\"}',1);
INSERT INTO `__PREFIX__subadmin2` (`code`, `country_code`, `subadmin1_code`, `name`, `active`) VALUES ('KH.04.0507','KH','KH.04','{\"en\":\"Samraong Tong\"}',1);
INSERT INTO `__PREFIX__subadmin2` (`code`, `country_code`, `subadmin1_code`, `name`, `active`) VALUES ('KH.04.0508','KH','KH.04','{\"en\":\"Thpong\"}',1);
INSERT INTO `__PREFIX__subadmin2` (`code`, `country_code`, `subadmin1_code`, `name`, `active`) VALUES ('KH.05.0606','KH','KH.05','{\"en\":\"Sandan\"}',1);
INSERT INTO `__PREFIX__subadmin2` (`code`, `country_code`, `subadmin1_code`, `name`, `active`) VALUES ('KH.07.0804','KH','KH.07','{\"en\":\"Kaoh Thum\"}',1);
INSERT INTO `__PREFIX__subadmin2` (`code`, `country_code`, `subadmin1_code`, `name`, `active`) VALUES ('KH.07.0802','KH','KH.07','{\"en\":\"Kien Svay\"}',1);
INSERT INTO `__PREFIX__subadmin2` (`code`, `country_code`, `subadmin1_code`, `name`, `active`) VALUES ('KH.07.0805','KH','KH.07','{\"en\":\"Leuk Daek\"}',1);
INSERT INTO `__PREFIX__subadmin2` (`code`, `country_code`, `subadmin1_code`, `name`, `active`) VALUES ('KH.07.0806','KH','KH.07','{\"en\":\"Lvea Aem\"}',1);
INSERT INTO `__PREFIX__subadmin2` (`code`, `country_code`, `subadmin1_code`, `name`, `active`) VALUES ('KH.07.0807','KH','KH.07','{\"en\":\"Mukh Kampul\"}',1);
INSERT INTO `__PREFIX__subadmin2` (`code`, `country_code`, `subadmin1_code`, `name`, `active`) VALUES ('KH.07.0809','KH','KH.07','{\"en\":\"Popnhea Lueu\"}',1);
INSERT INTO `__PREFIX__subadmin2` (`code`, `country_code`, `subadmin1_code`, `name`, `active`) VALUES ('KH.07.0810','KH','KH.07','{\"en\":\"S\'ang\"}',1);
INSERT INTO `__PREFIX__subadmin2` (`code`, `country_code`, `subadmin1_code`, `name`, `active`) VALUES ('KH.28.1804','KH','KH.28','{\"en\":\"Kampong Seila\"}',1);
INSERT INTO `__PREFIX__subadmin2` (`code`, `country_code`, `subadmin1_code`, `name`, `active`) VALUES ('KH.08.0902','KH','KH.08','{\"en\":\"Kiri Sakor\"}',1);
INSERT INTO `__PREFIX__subadmin2` (`code`, `country_code`, `subadmin1_code`, `name`, `active`) VALUES ('KH.08.0907','KH','KH.08','{\"en\":\"Thma Bang\"}',1);
INSERT INTO `__PREFIX__subadmin2` (`code`, `country_code`, `subadmin1_code`, `name`, `active`) VALUES ('KH.09.1001','KH','KH.09','{\"en\":\"Chhloung\"}',1);
INSERT INTO `__PREFIX__subadmin2` (`code`, `country_code`, `subadmin1_code`, `name`, `active`) VALUES ('KH.09.1003','KH','KH.09','{\"en\":\"Preaek Prasab\"}',1);
INSERT INTO `__PREFIX__subadmin2` (`code`, `country_code`, `subadmin1_code`, `name`, `active`) VALUES ('KH.09.1004','KH','KH.09','{\"en\":\"Sambour\"}',1);
INSERT INTO `__PREFIX__subadmin2` (`code`, `country_code`, `subadmin1_code`, `name`, `active`) VALUES ('KH.09.1005','KH','KH.09','{\"en\":\"Snuol\"}',1);
INSERT INTO `__PREFIX__subadmin2` (`code`, `country_code`, `subadmin1_code`, `name`, `active`) VALUES ('KH.10.1102','KH','KH.10','{\"en\":\"Khaoh Neaek\"}',1);
INSERT INTO `__PREFIX__subadmin2` (`code`, `country_code`, `subadmin1_code`, `name`, `active`) VALUES ('KH.10.1103','KH','KH.10','{\"en\":\"Ou Reang\"}',1);
INSERT INTO `__PREFIX__subadmin2` (`code`, `country_code`, `subadmin1_code`, `name`, `active`) VALUES ('KH.27.2203','KH','KH.27','{\"en\":\"Chong Kal\"}',1);
INSERT INTO `__PREFIX__subadmin2` (`code`, `country_code`, `subadmin1_code`, `name`, `active`) VALUES ('KH.28.1802','KH','KH.28','{\"en\":\"Prey Nob\"}',1);
INSERT INTO `__PREFIX__subadmin2` (`code`, `country_code`, `subadmin1_code`, `name`, `active`) VALUES ('KH.13.1303','KH','KH.13','{\"en\":\"Choam Khsant\"}',1);
INSERT INTO `__PREFIX__subadmin2` (`code`, `country_code`, `subadmin1_code`, `name`, `active`) VALUES ('KH.14.1401','KH','KH.14','{\"en\":\"Ba Phnum\"}',1);
INSERT INTO `__PREFIX__subadmin2` (`code`, `country_code`, `subadmin1_code`, `name`, `active`) VALUES ('KH.14.1402','KH','KH.14','{\"en\":\"Kamchay Mear\"}',1);
INSERT INTO `__PREFIX__subadmin2` (`code`, `country_code`, `subadmin1_code`, `name`, `active`) VALUES ('KH.14.1403','KH','KH.14','{\"en\":\"Kampong Trabaek\"}',1);
INSERT INTO `__PREFIX__subadmin2` (`code`, `country_code`, `subadmin1_code`, `name`, `active`) VALUES ('KH.14.1404','KH','KH.14','{\"en\":\"Kanhchriech\"}',1);
INSERT INTO `__PREFIX__subadmin2` (`code`, `country_code`, `subadmin1_code`, `name`, `active`) VALUES ('KH.14.1408','KH','KH.14','{\"en\":\"Pea Reang\"}',1);
INSERT INTO `__PREFIX__subadmin2` (`code`, `country_code`, `subadmin1_code`, `name`, `active`) VALUES ('KH.14.1406','KH','KH.14','{\"en\":\"Peam Chor\"}',1);
INSERT INTO `__PREFIX__subadmin2` (`code`, `country_code`, `subadmin1_code`, `name`, `active`) VALUES ('KH.14.1407','KH','KH.14','{\"en\":\"Peam Ro\"}',1);
INSERT INTO `__PREFIX__subadmin2` (`code`, `country_code`, `subadmin1_code`, `name`, `active`) VALUES ('KH.14.1412','KH','KH.14','{\"en\":\"Sithor Kandal\"}',1);
INSERT INTO `__PREFIX__subadmin2` (`code`, `country_code`, `subadmin1_code`, `name`, `active`) VALUES ('KH.12.1504','KH','KH.12','{\"en\":\"Phnum Kravanh\"}',1);
INSERT INTO `__PREFIX__subadmin2` (`code`, `country_code`, `subadmin1_code`, `name`, `active`) VALUES ('KH.23.1605','KH','KH.23','{\"en\":\"Lumphat\"}',1);
INSERT INTO `__PREFIX__subadmin2` (`code`, `country_code`, `subadmin1_code`, `name`, `active`) VALUES ('KH.23.1609','KH','KH.23','{\"en\":\"Veun Sai\"}',1);
INSERT INTO `__PREFIX__subadmin2` (`code`, `country_code`, `subadmin1_code`, `name`, `active`) VALUES ('KH.24.1703','KH','KH.24','{\"en\":\"Banteay Srei\"}',1);
INSERT INTO `__PREFIX__subadmin2` (`code`, `country_code`, `subadmin1_code`, `name`, `active`) VALUES ('KH.24.1704','KH','KH.24','{\"en\":\"Chi Kraeng\"}',1);
INSERT INTO `__PREFIX__subadmin2` (`code`, `country_code`, `subadmin1_code`, `name`, `active`) VALUES ('KH.24.1706','KH','KH.24','{\"en\":\"Kralanh\"}',1);
INSERT INTO `__PREFIX__subadmin2` (`code`, `country_code`, `subadmin1_code`, `name`, `active`) VALUES ('KH.24.1711','KH','KH.24','{\"en\":\"Soutr Nkom\"}',1);
INSERT INTO `__PREFIX__subadmin2` (`code`, `country_code`, `subadmin1_code`, `name`, `active`) VALUES ('KH.24.1712','KH','KH.24','{\"en\":\"Srei Snam\"}',1);
INSERT INTO `__PREFIX__subadmin2` (`code`, `country_code`, `subadmin1_code`, `name`, `active`) VALUES ('KH.17.1902','KH','KH.17','{\"en\":\"Siem Bouk\"}',1);
INSERT INTO `__PREFIX__subadmin2` (`code`, `country_code`, `subadmin1_code`, `name`, `active`) VALUES ('KH.17.1903','KH','KH.17','{\"en\":\"Siem Pang\"}',1);
INSERT INTO `__PREFIX__subadmin2` (`code`, `country_code`, `subadmin1_code`, `name`, `active`) VALUES ('KH.17.1905','KH','KH.17','{\"en\":\"Thala Barivat\"}',1);
INSERT INTO `__PREFIX__subadmin2` (`code`, `country_code`, `subadmin1_code`, `name`, `active`) VALUES ('KH.18.2001','KH','KH.18','{\"en\":\"Chantrea\"}',1);
INSERT INTO `__PREFIX__subadmin2` (`code`, `country_code`, `subadmin1_code`, `name`, `active`) VALUES ('KH.18.2004','KH','KH.18','{\"en\":\"Romeas Haek\"}',1);
INSERT INTO `__PREFIX__subadmin2` (`code`, `country_code`, `subadmin1_code`, `name`, `active`) VALUES ('KH.18.2003','KH','KH.18','{\"en\":\"Rumduol\"}',1);
INSERT INTO `__PREFIX__subadmin2` (`code`, `country_code`, `subadmin1_code`, `name`, `active`) VALUES ('KH.19.2102','KH','KH.19','{\"en\":\"Bati\"}',1);
INSERT INTO `__PREFIX__subadmin2` (`code`, `country_code`, `subadmin1_code`, `name`, `active`) VALUES ('KH.19.2104','KH','KH.19','{\"en\":\"Kiri Vong\"}',1);
INSERT INTO `__PREFIX__subadmin2` (`code`, `country_code`, `subadmin1_code`, `name`, `active`) VALUES ('KH.19.2106','KH','KH.19','{\"en\":\"Prey Kabbas\"}',1);
INSERT INTO `__PREFIX__subadmin2` (`code`, `country_code`, `subadmin1_code`, `name`, `active`) VALUES ('KH.19.2109','KH','KH.19','{\"en\":\"Tram Kak\"}',1);
INSERT INTO `__PREFIX__subadmin2` (`code`, `country_code`, `subadmin1_code`, `name`, `active`) VALUES ('KH.19.2110','KH','KH.19','{\"en\":\"Treang\"}',1);
INSERT INTO `__PREFIX__subadmin2` (`code`, `country_code`, `subadmin1_code`, `name`, `active`) VALUES ('KH.18.2002','KH','KH.18','{\"en\":\"Kampong Rou\"}',1);
INSERT INTO `__PREFIX__subadmin2` (`code`, `country_code`, `subadmin1_code`, `name`, `active`) VALUES ('KH.18.2007','KH','KH.18','{\"en\":\"Svay Teab\"}',1);
INSERT INTO `__PREFIX__subadmin2` (`code`, `country_code`, `subadmin1_code`, `name`, `active`) VALUES ('KH.14.1410','KH','KH.14','{\"en\":\"Krong Prey Veng\"}',1);
INSERT INTO `__PREFIX__subadmin2` (`code`, `country_code`, `subadmin1_code`, `name`, `active`) VALUES ('KH.07.0808','KH','KH.07','{\"en\":\"Angk Snuol\"}',1);
INSERT INTO `__PREFIX__subadmin2` (`code`, `country_code`, `subadmin1_code`, `name`, `active`) VALUES ('KH.18.2006','KH','KH.18','{\"en\":\"Krong Svay Rieng\"}',1);
INSERT INTO `__PREFIX__subadmin2` (`code`, `country_code`, `subadmin1_code`, `name`, `active`) VALUES ('KH.26.2302','KH','KH.26','{\"en\":\"Krong Kaeb\"}',1);
INSERT INTO `__PREFIX__subadmin2` (`code`, `country_code`, `subadmin1_code`, `name`, `active`) VALUES ('KH.22.1214','KH','KH.22','{\"en\":\"Khan Kamboul\"}',1);
INSERT INTO `__PREFIX__subadmin2` (`code`, `country_code`, `subadmin1_code`, `name`, `active`) VALUES ('KH.22.1210','KH','KH.22','{\"en\":\"Chraoy Chongvar\"}',1);
INSERT INTO `__PREFIX__subadmin2` (`code`, `country_code`, `subadmin1_code`, `name`, `active`) VALUES ('KH.22.1211','KH','KH.22','{\"en\":\"Praek Pnov\"}',1);
INSERT INTO `__PREFIX__subadmin2` (`code`, `country_code`, `subadmin1_code`, `name`, `active`) VALUES ('KH.22.1212','KH','KH.22','{\"en\":\"Chbar Ampov\"}',1);
INSERT INTO `__PREFIX__subadmin2` (`code`, `country_code`, `subadmin1_code`, `name`, `active`) VALUES ('KH.22.1213','KH','KH.22','{\"en\":\"Boeng Keng Kang\"}',1);
/*!40000 ALTER TABLE `__PREFIX__subadmin2` ENABLE KEYS */;

--
-- Dumping data for table `__PREFIX__cities`
--

/*!40000 ALTER TABLE `__PREFIX__cities` DISABLE KEYS */;
INSERT INTO `__PREFIX__cities` (`country_code`, `name`, `longitude`, `latitude`, `feature_class`, `feature_code`, `subadmin1_code`, `subadmin2_code`, `population`, `time_zone`, `active`, `created_at`, `updated_at`) VALUES ('KH','{\"en\":\"Phnom Penh\"}',104.92,11.56,'P','PPLC','KH.22',NULL,1573544,'Asia/Phnom_Penh',1,'2021-08-03 23:00:00','2021-08-03 23:00:00');
INSERT INTO `__PREFIX__cities` (`country_code`, `name`, `longitude`, `latitude`, `feature_class`, `feature_code`, `subadmin1_code`, `subadmin2_code`, `population`, `time_zone`, `active`, `created_at`, `updated_at`) VALUES ('KH','{\"en\":\"Ta Khmau\"}',104.95,11.48,'P','PPLA','KH.07','KH.07.0811',52066,'Asia/Phnom_Penh',1,'2021-01-01 23:00:00','2021-01-01 23:00:00');
INSERT INTO `__PREFIX__cities` (`country_code`, `name`, `longitude`, `latitude`, `feature_class`, `feature_code`, `subadmin1_code`, `subadmin2_code`, `population`, `time_zone`, `active`, `created_at`, `updated_at`) VALUES ('KH','{\"en\":\"Takeo\"}',104.78,10.99,'P','PPLA','KH.19','KH.19.2108',843931,'Asia/Phnom_Penh',1,'2021-01-01 23:00:00','2021-01-01 23:00:00');
INSERT INTO `__PREFIX__cities` (`country_code`, `name`, `longitude`, `latitude`, `feature_class`, `feature_code`, `subadmin1_code`, `subadmin2_code`, `population`, `time_zone`, `active`, `created_at`, `updated_at`) VALUES ('KH','{\"en\":\"Svay Rieng\"}',105.80,11.09,'P','PPLA','KH.18','KH.18.2006',23956,'Asia/Phnom_Penh',1,'2021-01-01 23:00:00','2021-01-01 23:00:00');
INSERT INTO `__PREFIX__cities` (`country_code`, `name`, `longitude`, `latitude`, `feature_class`, `feature_code`, `subadmin1_code`, `subadmin2_code`, `population`, `time_zone`, `active`, `created_at`, `updated_at`) VALUES ('KH','{\"en\":\"Suong\"}',105.66,11.91,'P','PPLA','KH.31','KH.31.2506',30000,'Asia/Phnom_Penh',1,'2021-01-01 23:00:00','2021-01-01 23:00:00');
INSERT INTO `__PREFIX__cities` (`country_code`, `name`, `longitude`, `latitude`, `feature_class`, `feature_code`, `subadmin1_code`, `subadmin2_code`, `population`, `time_zone`, `active`, `created_at`, `updated_at`) VALUES ('KH','{\"en\":\"Stung Treng\"}',105.97,13.53,'P','PPLA','KH.17','KH.17.1904',25000,'Asia/Phnom_Penh',1,'2021-01-01 23:00:00','2021-01-01 23:00:00');
INSERT INTO `__PREFIX__cities` (`country_code`, `name`, `longitude`, `latitude`, `feature_class`, `feature_code`, `subadmin1_code`, `subadmin2_code`, `population`, `time_zone`, `active`, `created_at`, `updated_at`) VALUES ('KH','{\"en\":\"Sisophon\"}',102.97,13.59,'P','PPLA','KH.25','KH.25.0106',23218,'Asia/Phnom_Penh',1,'2021-01-01 23:00:00','2021-01-01 23:00:00');
INSERT INTO `__PREFIX__cities` (`country_code`, `name`, `longitude`, `latitude`, `feature_class`, `feature_code`, `subadmin1_code`, `subadmin2_code`, `population`, `time_zone`, `active`, `created_at`, `updated_at`) VALUES ('KH','{\"en\":\"Siem Reap\"}',103.86,13.36,'P','PPLA','KH.24','KH.24.1710',139458,'Asia/Phnom_Penh',1,'2021-01-01 23:00:00','2021-01-01 23:00:00');
INSERT INTO `__PREFIX__cities` (`country_code`, `name`, `longitude`, `latitude`, `feature_class`, `feature_code`, `subadmin1_code`, `subadmin2_code`, `population`, `time_zone`, `active`, `created_at`, `updated_at`) VALUES ('KH','{\"en\":\"Sen Monorom\"}',107.19,12.46,'P','PPLA','KH.10','KH.10.1105',7944,'Asia/Phnom_Penh',1,'2021-01-01 23:00:00','2021-01-01 23:00:00');
INSERT INTO `__PREFIX__cities` (`country_code`, `name`, `longitude`, `latitude`, `feature_class`, `feature_code`, `subadmin1_code`, `subadmin2_code`, `population`, `time_zone`, `active`, `created_at`, `updated_at`) VALUES ('KH','{\"en\":\"Prey Veng\"}',105.33,11.49,'P','PPLA','KH.14','KH.14.1410',33079,'Asia/Phnom_Penh',1,'2020-12-29 23:00:00','2020-12-29 23:00:00');
INSERT INTO `__PREFIX__cities` (`country_code`, `name`, `longitude`, `latitude`, `feature_class`, `feature_code`, `subadmin1_code`, `subadmin2_code`, `population`, `time_zone`, `active`, `created_at`, `updated_at`) VALUES ('KH','{\"en\":\"Pursat\"}',103.92,12.54,'P','PPLA','KH.12','KH.12.1505',52476,'Asia/Phnom_Penh',1,'2021-01-01 23:00:00','2021-01-01 23:00:00');
INSERT INTO `__PREFIX__cities` (`country_code`, `name`, `longitude`, `latitude`, `feature_class`, `feature_code`, `subadmin1_code`, `subadmin2_code`, `population`, `time_zone`, `active`, `created_at`, `updated_at`) VALUES ('KH','{\"en\":\"Phumĭ Véal Srê\"}',104.78,10.98,'P','PPL','KH.19','KH.19.2108',44270,'Asia/Phnom_Penh',1,'2020-12-29 23:00:00','2020-12-29 23:00:00');
INSERT INTO `__PREFIX__cities` (`country_code`, `name`, `longitude`, `latitude`, `feature_class`, `feature_code`, `subadmin1_code`, `subadmin2_code`, `population`, `time_zone`, `active`, `created_at`, `updated_at`) VALUES ('KH','{\"en\":\"Samraong\"}',103.52,14.18,'P','PPLA','KH.27','KH.27.2204',18694,'Asia/Phnom_Penh',1,'2020-12-29 23:00:00','2020-12-29 23:00:00');
INSERT INTO `__PREFIX__cities` (`country_code`, `name`, `longitude`, `latitude`, `feature_class`, `feature_code`, `subadmin1_code`, `subadmin2_code`, `population`, `time_zone`, `active`, `created_at`, `updated_at`) VALUES ('KH','{\"en\":\"Tbeng Meanchey\"}',104.98,13.81,'P','PPLA','KH.13','KH.13.1308',24380,'Asia/Phnom_Penh',1,'2020-12-29 23:00:00','2020-12-29 23:00:00');
INSERT INTO `__PREFIX__cities` (`country_code`, `name`, `longitude`, `latitude`, `feature_class`, `feature_code`, `subadmin1_code`, `subadmin2_code`, `population`, `time_zone`, `active`, `created_at`, `updated_at`) VALUES ('KH','{\"en\":\"Paoy Paet\"}',102.56,13.66,'P','PPL','KH.25','KH.25.0110',79000,'Asia/Phnom_Penh',1,'2020-12-29 23:00:00','2020-12-29 23:00:00');
INSERT INTO `__PREFIX__cities` (`country_code`, `name`, `longitude`, `latitude`, `feature_class`, `feature_code`, `subadmin1_code`, `subadmin2_code`, `population`, `time_zone`, `active`, `created_at`, `updated_at`) VALUES ('KH','{\"en\":\"Pailin\"}',102.61,12.85,'P','PPLA','KH.30','KH.30.2401',17850,'Asia/Phnom_Penh',1,'2021-01-01 23:00:00','2021-01-01 23:00:00');
INSERT INTO `__PREFIX__cities` (`country_code`, `name`, `longitude`, `latitude`, `feature_class`, `feature_code`, `subadmin1_code`, `subadmin2_code`, `population`, `time_zone`, `active`, `created_at`, `updated_at`) VALUES ('KH','{\"en\":\"Lumphat\"}',106.98,13.49,'P','PPLA2','KH.23','KH.23.1605',19205,'Asia/Phnom_Penh',1,'2020-12-29 23:00:00','2020-12-29 23:00:00');
INSERT INTO `__PREFIX__cities` (`country_code`, `name`, `longitude`, `latitude`, `feature_class`, `feature_code`, `subadmin1_code`, `subadmin2_code`, `population`, `time_zone`, `active`, `created_at`, `updated_at`) VALUES ('KH','{\"en\":\"Krong Kep\"}',104.32,10.48,'P','PPLA','KH.26','KH.26.2302',11658,'Asia/Phnom_Penh',1,'2020-12-29 23:00:00','2020-12-29 23:00:00');
INSERT INTO `__PREFIX__cities` (`country_code`, `name`, `longitude`, `latitude`, `feature_class`, `feature_code`, `subadmin1_code`, `subadmin2_code`, `population`, `time_zone`, `active`, `created_at`, `updated_at`) VALUES ('KH','{\"en\":\"Koh Kong\"}',102.98,11.62,'P','PPLA','KH.08','KH.08.0904',33134,'Asia/Phnom_Penh',1,'2020-12-29 23:00:00','2020-12-29 23:00:00');
INSERT INTO `__PREFIX__cities` (`country_code`, `name`, `longitude`, `latitude`, `feature_class`, `feature_code`, `subadmin1_code`, `subadmin2_code`, `population`, `time_zone`, `active`, `created_at`, `updated_at`) VALUES ('KH','{\"en\":\"Kratié\"}',106.02,12.49,'P','PPLA','KH.09','KH.09.1002',19975,'Asia/Phnom_Penh',1,'2021-01-01 23:00:00','2021-01-01 23:00:00');
INSERT INTO `__PREFIX__cities` (`country_code`, `name`, `longitude`, `latitude`, `feature_class`, `feature_code`, `subadmin1_code`, `subadmin2_code`, `population`, `time_zone`, `active`, `created_at`, `updated_at`) VALUES ('KH','{\"en\":\"Kampot\"}',104.18,10.61,'P','PPLA','KH.21','KH.21.0708',22691,'Asia/Phnom_Penh',1,'2020-12-29 23:00:00','2020-12-29 23:00:00');
INSERT INTO `__PREFIX__cities` (`country_code`, `name`, `longitude`, `latitude`, `feature_class`, `feature_code`, `subadmin1_code`, `subadmin2_code`, `population`, `time_zone`, `active`, `created_at`, `updated_at`) VALUES ('KH','{\"en\":\"Kampong Thom\"}',104.89,12.71,'P','PPLA','KH.05','KH.05.0603',19951,'Asia/Phnom_Penh',1,'2021-01-01 23:00:00','2021-01-01 23:00:00');
INSERT INTO `__PREFIX__cities` (`country_code`, `name`, `longitude`, `latitude`, `feature_class`, `feature_code`, `subadmin1_code`, `subadmin2_code`, `population`, `time_zone`, `active`, `created_at`, `updated_at`) VALUES ('KH','{\"en\":\"Kampong Speu\"}',104.52,11.45,'P','PPLA','KH.04','KH.04.0502',33231,'Asia/Phnom_Penh',1,'2021-01-01 23:00:00','2021-01-01 23:00:00');
INSERT INTO `__PREFIX__cities` (`country_code`, `name`, `longitude`, `latitude`, `feature_class`, `feature_code`, `subadmin1_code`, `subadmin2_code`, `population`, `time_zone`, `active`, `created_at`, `updated_at`) VALUES ('KH','{\"en\":\"Sihanoukville\"}',103.53,10.61,'P','PPLA','KH.28','KH.28.1801',156691,'Asia/Phnom_Penh',1,'2021-01-01 23:00:00','2021-01-01 23:00:00');
INSERT INTO `__PREFIX__cities` (`country_code`, `name`, `longitude`, `latitude`, `feature_class`, `feature_code`, `subadmin1_code`, `subadmin2_code`, `population`, `time_zone`, `active`, `created_at`, `updated_at`) VALUES ('KH','{\"en\":\"Kampong Chhnang\"}',104.67,12.25,'P','PPLA','KH.03','KH.03.0403',75244,'Asia/Phnom_Penh',1,'2021-01-01 23:00:00','2021-01-01 23:00:00');
INSERT INTO `__PREFIX__cities` (`country_code`, `name`, `longitude`, `latitude`, `feature_class`, `feature_code`, `subadmin1_code`, `subadmin2_code`, `population`, `time_zone`, `active`, `created_at`, `updated_at`) VALUES ('KH','{\"en\":\"Kampong Cham\"}',105.46,11.99,'P','PPLA','KH.02','KH.02.0305',61750,'Asia/Phnom_Penh',1,'2021-01-01 23:00:00','2021-01-01 23:00:00');
INSERT INTO `__PREFIX__cities` (`country_code`, `name`, `longitude`, `latitude`, `feature_class`, `feature_code`, `subadmin1_code`, `subadmin2_code`, `population`, `time_zone`, `active`, `created_at`, `updated_at`) VALUES ('KH','{\"en\":\"Banlung\"}',106.99,13.74,'P','PPLA','KH.23','KH.23.1602',17000,'Asia/Phnom_Penh',1,'2021-01-01 23:00:00','2021-01-01 23:00:00');
INSERT INTO `__PREFIX__cities` (`country_code`, `name`, `longitude`, `latitude`, `feature_class`, `feature_code`, `subadmin1_code`, `subadmin2_code`, `population`, `time_zone`, `active`, `created_at`, `updated_at`) VALUES ('KH','{\"en\":\"Battambang\"}',103.20,13.10,'P','PPLA','KH.29','KH.29.0203',150444,'Asia/Phnom_Penh',1,'2021-01-01 23:00:00','2021-01-01 23:00:00');
INSERT INTO `__PREFIX__cities` (`country_code`, `name`, `longitude`, `latitude`, `feature_class`, `feature_code`, `subadmin1_code`, `subadmin2_code`, `population`, `time_zone`, `active`, `created_at`, `updated_at`) VALUES ('KH','{\"en\":\"Smach Mean Chey\"}',103.04,11.55,'P','PPLA2','KH.08','KH.08.0904',29329,'Asia/Phnom_Penh',1,'2020-12-29 23:00:00','2020-12-29 23:00:00');
/*!40000 ALTER TABLE `__PREFIX__cities` ENABLE KEYS */;
/*!40103 SET TIME_ZONE=@OLD_TIME_ZONE */;

/*!40101 SET SQL_MODE=@OLD_SQL_MODE */;
/*!40014 SET FOREIGN_KEY_CHECKS=@OLD_FOREIGN_KEY_CHECKS */;
/*!40014 SET UNIQUE_CHECKS=@OLD_UNIQUE_CHECKS */;
/*!40101 SET CHARACTER_SET_CLIENT=@OLD_CHARACTER_SET_CLIENT */;
/*!40101 SET CHARACTER_SET_RESULTS=@OLD_CHARACTER_SET_RESULTS */;
/*!40101 SET COLLATION_CONNECTION=@OLD_COLLATION_CONNECTION */;
/*!40111 SET SQL_NOTES=@OLD_SQL_NOTES */;

-- Dump completed
