-- MySQL dump 10.13  Distrib 5.7.34, for osx10.12 (x86_64)
--
-- Host: 127.0.0.1    Database: laraclassifier
-- ------------------------------------------------------
-- Server version	5.7.34

/*!40101 SET @OLD_CHARACTER_SET_CLIENT=@@CHARACTER_SET_CLIENT */;
/*!40101 SET @OLD_CHARACTER_SET_RESULTS=@@CHARACTER_SET_RESULTS */;
/*!40101 SET @OLD_COLLATION_CONNECTION=@@COLLATION_CONNECTION */;
/*!40101 SET NAMES utf8 */;
/*!40103 SET @OLD_TIME_ZONE=@@TIME_ZONE */;
/*!40103 SET TIME_ZONE='+00:00' */;
/*!40014 SET @OLD_UNIQUE_CHECKS=@@UNIQUE_CHECKS, UNIQUE_CHECKS=0 */;
/*!40014 SET @OLD_FOREIGN_KEY_CHECKS=@@FOREIGN_KEY_CHECKS, FOREIGN_KEY_CHECKS=0 */;
/*!40101 SET @OLD_SQL_MODE=@@SQL_MODE, SQL_MODE='NO_AUTO_VALUE_ON_ZERO' */;
/*!40111 SET @OLD_SQL_NOTES=@@SQL_NOTES, SQL_NOTES=0 */;

--
-- Dumping data for table `__PREFIX__subadmin1`
--

/*!40000 ALTER TABLE `__PREFIX__subadmin1` DISABLE KEYS */;
INSERT INTO `__PREFIX__subadmin1` (`code`, `country_code`, `name`, `active`) VALUES ('KP.12','KP','{\"en\":\"Pyongyang\"}',1);
INSERT INTO `__PREFIX__subadmin1` (`code`, `country_code`, `name`, `active`) VALUES ('KP.15','KP','{\"en\":\"South Pyongan\"}',1);
INSERT INTO `__PREFIX__subadmin1` (`code`, `country_code`, `name`, `active`) VALUES ('KP.11','KP','{\"en\":\"P\'yŏngan-bukto\"}',1);
INSERT INTO `__PREFIX__subadmin1` (`code`, `country_code`, `name`, `active`) VALUES ('KP.09','KP','{\"en\":\"Kangwŏn-do\"}',1);
INSERT INTO `__PREFIX__subadmin1` (`code`, `country_code`, `name`, `active`) VALUES ('KP.06','KP','{\"en\":\"Hwanghae-namdo\"}',1);
INSERT INTO `__PREFIX__subadmin1` (`code`, `country_code`, `name`, `active`) VALUES ('KP.07','KP','{\"en\":\"Hwanghae-bukto\"}',1);
INSERT INTO `__PREFIX__subadmin1` (`code`, `country_code`, `name`, `active`) VALUES ('KP.03','KP','{\"en\":\"Hamgyŏng-namdo\"}',1);
INSERT INTO `__PREFIX__subadmin1` (`code`, `country_code`, `name`, `active`) VALUES ('KP.13','KP','{\"en\":\"Yanggang-do\"}',1);
INSERT INTO `__PREFIX__subadmin1` (`code`, `country_code`, `name`, `active`) VALUES ('KP.17','KP','{\"en\":\"Hamgyŏng-bukto\"}',1);
INSERT INTO `__PREFIX__subadmin1` (`code`, `country_code`, `name`, `active`) VALUES ('KP.01','KP','{\"en\":\"Chagang-do\"}',1);
INSERT INTO `__PREFIX__subadmin1` (`code`, `country_code`, `name`, `active`) VALUES ('KP.18','KP','{\"en\":\"Rason\"}',1);
/*!40000 ALTER TABLE `__PREFIX__subadmin1` ENABLE KEYS */;

--
-- Dumping data for table `__PREFIX__subadmin2`
--

/*!40000 ALTER TABLE `__PREFIX__subadmin2` DISABLE KEYS */;
INSERT INTO `__PREFIX__subadmin2` (`code`, `country_code`, `subadmin1_code`, `name`, `active`) VALUES ('KP.11.1865779','KP','KP.11','{\"en\":\"Yongch’ŏn-gun\"}',1);
INSERT INTO `__PREFIX__subadmin2` (`code`, `country_code`, `subadmin1_code`, `name`, `active`) VALUES ('KP.15.1865781','KP','KP.15','{\"en\":\"Tŏkch’ŏn-si\"}',1);
INSERT INTO `__PREFIX__subadmin2` (`code`, `country_code`, `subadmin1_code`, `name`, `active`) VALUES ('KP.15.1865786','KP','KP.15','{\"en\":\"Kangsŏ-guyŏk\"}',1);
INSERT INTO `__PREFIX__subadmin2` (`code`, `country_code`, `subadmin1_code`, `name`, `active`) VALUES ('KP.07.1865966','KP','KP.07','{\"en\":\"Yŏnt’an-gun\"}',1);
INSERT INTO `__PREFIX__subadmin2` (`code`, `country_code`, `subadmin1_code`, `name`, `active`) VALUES ('KP.07.1865975','KP','KP.07','{\"en\":\"Yŏnsan-gun\"}',1);
INSERT INTO `__PREFIX__subadmin2` (`code`, `country_code`, `subadmin1_code`, `name`, `active`) VALUES ('KP.15.1866047','KP','KP.15','{\"en\":\"Nyŏngwŏn-gun\"}',1);
INSERT INTO `__PREFIX__subadmin2` (`code`, `country_code`, `subadmin1_code`, `name`, `active`) VALUES ('KP.12.1866090','KP','KP.12','{\"en\":\"Ryongsŏng-guyŏk\"}',1);
INSERT INTO `__PREFIX__subadmin2` (`code`, `country_code`, `subadmin1_code`, `name`, `active`) VALUES ('KP.15.1866367','KP','KP.15','{\"en\":\"Yonggang-gun\"}',1);
INSERT INTO `__PREFIX__subadmin2` (`code`, `country_code`, `subadmin1_code`, `name`, `active`) VALUES ('KP.11.1866454','KP','KP.11','{\"en\":\"Nyŏngbyŏn-gun\"}',1);
INSERT INTO `__PREFIX__subadmin2` (`code`, `country_code`, `subadmin1_code`, `name`, `active`) VALUES ('KP.06.1866571','KP','KP.06','{\"en\":\"Yŏnan-gun\"}',1);
INSERT INTO `__PREFIX__subadmin2` (`code`, `country_code`, `subadmin1_code`, `name`, `active`) VALUES ('KP.11.1866590','KP','KP.11','{\"en\":\"Yŏmju-gun\"}',1);
INSERT INTO `__PREFIX__subadmin2` (`code`, `country_code`, `subadmin1_code`, `name`, `active`) VALUES ('KP.12.1866614','KP','KP.12','{\"en\":\"Ryŏkp’o-guyŏk\"}',1);
INSERT INTO `__PREFIX__subadmin2` (`code`, `country_code`, `subadmin1_code`, `name`, `active`) VALUES ('KP.03.1866638','KP','KP.03','{\"en\":\"Yodŏk-kun\"}',1);
INSERT INTO `__PREFIX__subadmin2` (`code`, `country_code`, `subadmin1_code`, `name`, `active`) VALUES ('KP.15.1866790','KP','KP.15','{\"en\":\"Yangdŏk-kun\"}',1);
INSERT INTO `__PREFIX__subadmin2` (`code`, `country_code`, `subadmin1_code`, `name`, `active`) VALUES ('KP.09.1866905','KP','KP.09','{\"en\":\"Wŏnsan-si\"}',1);
INSERT INTO `__PREFIX__subadmin2` (`code`, `country_code`, `subadmin1_code`, `name`, `active`) VALUES ('KP.07.1867256','KP','KP.07','{\"en\":\"Ŭnp’a-gun\"}',1);
INSERT INTO `__PREFIX__subadmin2` (`code`, `country_code`, `subadmin1_code`, `name`, `active`) VALUES ('KP.11.1867275','KP','KP.11','{\"en\":\"Unjŏn-gun\"}',1);
INSERT INTO `__PREFIX__subadmin2` (`code`, `country_code`, `subadmin1_code`, `name`, `active`) VALUES ('KP.06.1867379','KP','KP.06','{\"en\":\"Ŭnch’ŏn-gun\"}',1);
INSERT INTO `__PREFIX__subadmin2` (`code`, `country_code`, `subadmin1_code`, `name`, `active`) VALUES ('KP.06.1867428','KP','KP.06','{\"en\":\"Ŭllyul-gun\"}',1);
INSERT INTO `__PREFIX__subadmin2` (`code`, `country_code`, `subadmin1_code`, `name`, `active`) VALUES ('KP.07.1867627','KP','KP.07','{\"en\":\"T’osan-gun\"}',1);
INSERT INTO `__PREFIX__subadmin2` (`code`, `country_code`, `subadmin1_code`, `name`, `active`) VALUES ('KP.11.1867778','KP','KP.11','{\"en\":\"Tongnim-gun\"}',1);
INSERT INTO `__PREFIX__subadmin2` (`code`, `country_code`, `subadmin1_code`, `name`, `active`) VALUES ('KP.12.1867918','KP','KP.12','{\"en\":\"Tongdaewŏn-guyŏk\"}',1);
INSERT INTO `__PREFIX__subadmin2` (`code`, `country_code`, `subadmin1_code`, `name`, `active`) VALUES ('KP.09.1867930','KP','KP.09','{\"en\":\"T’ongch’ŏn-gun\"}',1);
INSERT INTO `__PREFIX__subadmin2` (`code`, `country_code`, `subadmin1_code`, `name`, `active`) VALUES ('KP.06.1868579','KP','KP.06','{\"en\":\"T’aet’an-gun\"}',1);
INSERT INTO `__PREFIX__subadmin2` (`code`, `country_code`, `subadmin1_code`, `name`, `active`) VALUES ('KP.12.1868593','KP','KP.12','{\"en\":\"Taesŏng-guyŏk\"}',1);
INSERT INTO `__PREFIX__subadmin2` (`code`, `country_code`, `subadmin1_code`, `name`, `active`) VALUES ('KP.15.1868812','KP','KP.15','{\"en\":\"Taedong-gun\"}',1);
INSERT INTO `__PREFIX__subadmin2` (`code`, `country_code`, `subadmin1_code`, `name`, `active`) VALUES ('KP.12.1868813','KP','KP.12','{\"en\":\"Taedonggang\"}',1);
INSERT INTO `__PREFIX__subadmin2` (`code`, `country_code`, `subadmin1_code`, `name`, `active`) VALUES ('KP.11.1868849','KP','KP.11','{\"en\":\"T’aech’ŏn-gun\"}',1);
INSERT INTO `__PREFIX__subadmin2` (`code`, `country_code`, `subadmin1_code`, `name`, `active`) VALUES ('KP.12.1868997','KP','KP.12','{\"en\":\"Sŭngho-gun\"}',1);
INSERT INTO `__PREFIX__subadmin2` (`code`, `country_code`, `subadmin1_code`, `name`, `active`) VALUES ('KP.15.1869013','KP','KP.15','{\"en\":\"Sunch’ŏn-si\"}',1);
INSERT INTO `__PREFIX__subadmin2` (`code`, `country_code`, `subadmin1_code`, `name`, `active`) VALUES ('KP.12.1869019','KP','KP.12','{\"en\":\"Sunan\"}',1);
INSERT INTO `__PREFIX__subadmin2` (`code`, `country_code`, `subadmin1_code`, `name`, `active`) VALUES ('KP.15.1869039','KP','KP.15','{\"en\":\"Sukch’ŏn-gun\"}',1);
INSERT INTO `__PREFIX__subadmin2` (`code`, `country_code`, `subadmin1_code`, `name`, `active`) VALUES ('KP.07.1869140','KP','KP.07','{\"en\":\"Suan-gun\"}',1);
INSERT INTO `__PREFIX__subadmin2` (`code`, `country_code`, `subadmin1_code`, `name`, `active`) VALUES ('KP.12.1869227','KP','KP.12','{\"en\":\"Sŏsŏng-guyŏk\"}',1);
INSERT INTO `__PREFIX__subadmin2` (`code`, `country_code`, `subadmin1_code`, `name`, `active`) VALUES ('KP.12.1869345','KP','KP.12','{\"en\":\"Sŏn’gyo-guyŏk\"}',1);
INSERT INTO `__PREFIX__subadmin2` (`code`, `country_code`, `subadmin1_code`, `name`, `active`) VALUES ('KP.07.1869433','KP','KP.07','{\"en\":\"Songnim-si\"}',1);
INSERT INTO `__PREFIX__subadmin2` (`code`, `country_code`, `subadmin1_code`, `name`, `active`) VALUES ('KP.06.1869582','KP','KP.06','{\"en\":\"Songhwa-gun\"}',1);
INSERT INTO `__PREFIX__subadmin2` (`code`, `country_code`, `subadmin1_code`, `name`, `active`) VALUES ('KP.15.1869676','KP','KP.15','{\"en\":\"Sŏngch’ŏn-gun\"}',1);
INSERT INTO `__PREFIX__subadmin2` (`code`, `country_code`, `subadmin1_code`, `name`, `active`) VALUES ('KP.11.1869746','KP','KP.11','{\"en\":\"Sŏnch’ŏn-gun\"}',1);
INSERT INTO `__PREFIX__subadmin2` (`code`, `country_code`, `subadmin1_code`, `name`, `active`) VALUES ('KP.07.1870041','KP','KP.07','{\"en\":\"Sŏhŭng-gun\"}',1);
INSERT INTO `__PREFIX__subadmin2` (`code`, `country_code`, `subadmin1_code`, `name`, `active`) VALUES ('KP.15.1870271','KP','KP.15','{\"en\":\"Sinyang-gun\"}',1);
INSERT INTO `__PREFIX__subadmin2` (`code`, `country_code`, `subadmin1_code`, `name`, `active`) VALUES ('KP.06.1870278','KP','KP.06','{\"en\":\"Sinwŏn-gun\"}',1);
INSERT INTO `__PREFIX__subadmin2` (`code`, `country_code`, `subadmin1_code`, `name`, `active`) VALUES ('KP.07.1870370','KP','KP.07','{\"en\":\"Sinp’yŏng-gun\"}',1);
INSERT INTO `__PREFIX__subadmin2` (`code`, `country_code`, `subadmin1_code`, `name`, `active`) VALUES ('KP.07.1870544','KP','KP.07','{\"en\":\"Sin’gye-gun\"}',1);
INSERT INTO `__PREFIX__subadmin2` (`code`, `country_code`, `subadmin1_code`, `name`, `active`) VALUES ('KP.06.1870659','KP','KP.06','{\"en\":\"Sinch’ŏn-gun\"}',1);
INSERT INTO `__PREFIX__subadmin2` (`code`, `country_code`, `subadmin1_code`, `name`, `active`) VALUES ('KP.09.1870827','KP','KP.09','{\"en\":\"Sep’o-gun\"}',1);
INSERT INTO `__PREFIX__subadmin2` (`code`, `country_code`, `subadmin1_code`, `name`, `active`) VALUES ('KP.07.1870881','KP','KP.07','{\"en\":\"Sariwŏn-si\"}',1);
INSERT INTO `__PREFIX__subadmin2` (`code`, `country_code`, `subadmin1_code`, `name`, `active`) VALUES ('KP.12.1870984','KP','KP.12','{\"en\":\"Sangwŏn-gun\"}',1);
INSERT INTO `__PREFIX__subadmin2` (`code`, `country_code`, `subadmin1_code`, `name`, `active`) VALUES ('KP.12.1871416','KP','KP.12','{\"en\":\"Samsŏk-kuyŏk\"}',1);
INSERT INTO `__PREFIX__subadmin2` (`code`, `country_code`, `subadmin1_code`, `name`, `active`) VALUES ('KP.06.1871541','KP','KP.06','{\"en\":\"Samch’ŏn-gun\"}',1);
INSERT INTO `__PREFIX__subadmin2` (`code`, `country_code`, `subadmin1_code`, `name`, `active`) VALUES ('KP.12.1871810','KP','KP.12','{\"en\":\"Sadong-guyŏk\"}',1);
INSERT INTO `__PREFIX__subadmin2` (`code`, `country_code`, `subadmin1_code`, `name`, `active`) VALUES ('KP.15.1871865','KP','KP.15','{\"en\":\"P’yŏngwŏn-gun\"}',1);
INSERT INTO `__PREFIX__subadmin2` (`code`, `country_code`, `subadmin1_code`, `name`, `active`) VALUES ('KP.15.1871869','KP','KP.15','{\"en\":\"P’yŏngsŏng-si\"}',1);
INSERT INTO `__PREFIX__subadmin2` (`code`, `country_code`, `subadmin1_code`, `name`, `active`) VALUES ('KP.07.1871875','KP','KP.07','{\"en\":\"P’yŏngsan-gun\"}',1);
INSERT INTO `__PREFIX__subadmin2` (`code`, `country_code`, `subadmin1_code`, `name`, `active`) VALUES ('KP.09.1871928','KP','KP.09','{\"en\":\"P’yŏnggang-gun\"}',1);
INSERT INTO `__PREFIX__subadmin2` (`code`, `country_code`, `subadmin1_code`, `name`, `active`) VALUES ('KP.12.1871937','KP','KP.12','{\"en\":\"P’yŏngch’ŏn-guyŏk\"}',1);
INSERT INTO `__PREFIX__subadmin2` (`code`, `country_code`, `subadmin1_code`, `name`, `active`) VALUES ('KP.06.1871938','KP','KP.06','{\"en\":\"Pongch’ŏn-gun\"}',1);
INSERT INTO `__PREFIX__subadmin2` (`code`, `country_code`, `subadmin1_code`, `name`, `active`) VALUES ('KP.06.1871968','KP','KP.06','{\"en\":\"Pyŏksŏng-gun\"}',1);
INSERT INTO `__PREFIX__subadmin2` (`code`, `country_code`, `subadmin1_code`, `name`, `active`) VALUES ('KP.15.1872201','KP','KP.15','{\"en\":\"Pukch’ang-gun\"}',1);
INSERT INTO `__PREFIX__subadmin2` (`code`, `country_code`, `subadmin1_code`, `name`, `active`) VALUES ('KP.12.1872260','KP','KP.12','{\"en\":\"Pot’onggang-guyŏk\"}',1);
INSERT INTO `__PREFIX__subadmin2` (`code`, `country_code`, `subadmin1_code`, `name`, `active`) VALUES ('KP.09.1872294','KP','KP.09','{\"en\":\"Pŏptong-gun\"}',1);
INSERT INTO `__PREFIX__subadmin2` (`code`, `country_code`, `subadmin1_code`, `name`, `active`) VALUES ('KP.07.1872337','KP','KP.07','{\"en\":\"Pongsan-gun\"}',1);
INSERT INTO `__PREFIX__subadmin2` (`code`, `country_code`, `subadmin1_code`, `name`, `active`) VALUES ('KP.11.1872626','KP','KP.11','{\"en\":\"P’ihyŏn-gun\"}',1);
INSERT INTO `__PREFIX__subadmin2` (`code`, `country_code`, `subadmin1_code`, `name`, `active`) VALUES ('KP.07.1872688','KP','KP.07','{\"en\":\"P’anmun-gun\"}',1);
INSERT INTO `__PREFIX__subadmin2` (`code`, `country_code`, `subadmin1_code`, `name`, `active`) VALUES ('KP.09.1872704','KP','KP.09','{\"en\":\"P’an’gyo-gun\"}',1);
INSERT INTO `__PREFIX__subadmin2` (`code`, `country_code`, `subadmin1_code`, `name`, `active`) VALUES ('KP.11.1872819','KP','KP.11','{\"en\":\"Pakch’ŏn-gun\"}',1);
INSERT INTO `__PREFIX__subadmin2` (`code`, `country_code`, `subadmin1_code`, `name`, `active`) VALUES ('KP.06.1873016','KP','KP.06','{\"en\":\"Paech’ŏn-gun\"}',1);
INSERT INTO `__PREFIX__subadmin2` (`code`, `country_code`, `subadmin1_code`, `name`, `active`) VALUES ('KP.06.1873174','KP','KP.06','{\"en\":\"Ongjin-gun\"}',1);
INSERT INTO `__PREFIX__subadmin2` (`code`, `country_code`, `subadmin1_code`, `name`, `active`) VALUES ('KP.15.1873193','KP','KP.15','{\"en\":\"Onch’ŏn-gun\"}',1);
INSERT INTO `__PREFIX__subadmin2` (`code`, `country_code`, `subadmin1_code`, `name`, `active`) VALUES ('KP.12.1873641','KP','KP.12','{\"en\":\"Nangnang\"}',1);
INSERT INTO `__PREFIX__subadmin2` (`code`, `country_code`, `subadmin1_code`, `name`, `active`) VALUES ('KP.03.1873885','KP','KP.03','{\"en\":\"Nagwŏn-gun\"}',1);
INSERT INTO `__PREFIX__subadmin2` (`code`, `country_code`, `subadmin1_code`, `name`, `active`) VALUES ('KP.15.1874222','KP','KP.15','{\"en\":\"Mundŏk-kun\"}',1);
INSERT INTO `__PREFIX__subadmin2` (`code`, `country_code`, `subadmin1_code`, `name`, `active`) VALUES ('KP.09.1874228','KP','KP.09','{\"en\":\"Munch’ŏn-si\"}',1);
INSERT INTO `__PREFIX__subadmin2` (`code`, `country_code`, `subadmin1_code`, `name`, `active`) VALUES ('KP.12.1874339','KP','KP.12','{\"en\":\"Moranbong\"}',1);
INSERT INTO `__PREFIX__subadmin2` (`code`, `country_code`, `subadmin1_code`, `name`, `active`) VALUES ('KP.12.1874534','KP','KP.12','{\"en\":\"Man’gyŏngdae\"}',1);
INSERT INTO `__PREFIX__subadmin2` (`code`, `country_code`, `subadmin1_code`, `name`, `active`) VALUES ('KP.15.1874668','KP','KP.15','{\"en\":\"Maengsan-gun\"}',1);
INSERT INTO `__PREFIX__subadmin2` (`code`, `country_code`, `subadmin1_code`, `name`, `active`) VALUES ('KP.11.1875055','KP','KP.11','{\"en\":\"Kwaksan-gun\"}',1);
INSERT INTO `__PREFIX__subadmin2` (`code`, `country_code`, `subadmin1_code`, `name`, `active`) VALUES ('KP.06.1875061','KP','KP.06','{\"en\":\"Kwail-gun\"}',1);
INSERT INTO `__PREFIX__subadmin2` (`code`, `country_code`, `subadmin1_code`, `name`, `active`) VALUES ('KP.11.1875101','KP','KP.11','{\"en\":\"Kusŏng-si\"}',1);
INSERT INTO `__PREFIX__subadmin2` (`code`, `country_code`, `subadmin1_code`, `name`, `active`) VALUES ('KP.03.1875280','KP','KP.03','{\"en\":\"Kŭmya-gun\"}',1);
INSERT INTO `__PREFIX__subadmin2` (`code`, `country_code`, `subadmin1_code`, `name`, `active`) VALUES ('KP.09.1875385','KP','KP.09','{\"en\":\"Kŭmgang-gun\"}',1);
INSERT INTO `__PREFIX__subadmin2` (`code`, `country_code`, `subadmin1_code`, `name`, `active`) VALUES ('KP.07.1875414','KP','KP.07','{\"en\":\"Kŭmch’ŏn-gun\"}',1);
INSERT INTO `__PREFIX__subadmin2` (`code`, `country_code`, `subadmin1_code`, `name`, `active`) VALUES ('KP.11.1875509','KP','KP.11','{\"en\":\"Kujang-gun\"}',1);
INSERT INTO `__PREFIX__subadmin2` (`code`, `country_code`, `subadmin1_code`, `name`, `active`) VALUES ('KP.03.1875589','KP','KP.03','{\"en\":\"Kowŏn-gun\"}',1);
INSERT INTO `__PREFIX__subadmin2` (`code`, `country_code`, `subadmin1_code`, `name`, `active`) VALUES ('KP.09.1875619','KP','KP.09','{\"en\":\"Kosŏng-gun\"}',1);
INSERT INTO `__PREFIX__subadmin2` (`code`, `country_code`, `subadmin1_code`, `name`, `active`) VALUES ('KP.09.1875637','KP','KP.09','{\"en\":\"Kosan-gun\"}',1);
INSERT INTO `__PREFIX__subadmin2` (`code`, `country_code`, `subadmin1_code`, `name`, `active`) VALUES ('KP.07.1875793','KP','KP.07','{\"en\":\"Koksan-gun\"}',1);
INSERT INTO `__PREFIX__subadmin2` (`code`, `country_code`, `subadmin1_code`, `name`, `active`) VALUES ('KP.09.1875980','KP','KP.09','{\"en\":\"Kimhwa-gun\"}',1);
INSERT INTO `__PREFIX__subadmin2` (`code`, `country_code`, `subadmin1_code`, `name`, `active`) VALUES ('KP.06.1876125','KP','KP.06','{\"en\":\"Kangnyŏng-gun\"}',1);
INSERT INTO `__PREFIX__subadmin2` (`code`, `country_code`, `subadmin1_code`, `name`, `active`) VALUES ('KP.12.1876132','KP','KP.12','{\"en\":\"Kangnam-gun\"}',1);
INSERT INTO `__PREFIX__subadmin2` (`code`, `country_code`, `subadmin1_code`, `name`, `active`) VALUES ('KP.12.1876156','KP','KP.12','{\"en\":\"Kangdong-gun\"}',1);
INSERT INTO `__PREFIX__subadmin2` (`code`, `country_code`, `subadmin1_code`, `name`, `active`) VALUES ('KP.06.1876370','KP','KP.06','{\"en\":\"Kaesŏng-si\"}',1);
INSERT INTO `__PREFIX__subadmin2` (`code`, `country_code`, `subadmin1_code`, `name`, `active`) VALUES ('KP.06.1876380','KP','KP.06','{\"en\":\"Kaep’ung-gun\"}',1);
INSERT INTO `__PREFIX__subadmin2` (`code`, `country_code`, `subadmin1_code`, `name`, `active`) VALUES ('KP.15.1876403','KP','KP.15','{\"en\":\"Kaech’ŏn-si\"}',1);
INSERT INTO `__PREFIX__subadmin2` (`code`, `country_code`, `subadmin1_code`, `name`, `active`) VALUES ('KP.07.1876510','KP','KP.07','{\"en\":\"Insan-gun\"}',1);
INSERT INTO `__PREFIX__subadmin2` (`code`, `country_code`, `subadmin1_code`, `name`, `active`) VALUES ('KP.09.1876674','KP','KP.09','{\"en\":\"Ich’ŏn-gun\"}',1);
INSERT INTO `__PREFIX__subadmin2` (`code`, `country_code`, `subadmin1_code`, `name`, `active`) VALUES ('KP.12.1876737','KP','KP.12','{\"en\":\"Hyŏngjesan-guyŏk\"}',1);
INSERT INTO `__PREFIX__subadmin2` (`code`, `country_code`, `subadmin1_code`, `name`, `active`) VALUES ('KP.11.1876770','KP','KP.11','{\"en\":\"Hyangsan-gun\"}',1);
INSERT INTO `__PREFIX__subadmin2` (`code`, `country_code`, `subadmin1_code`, `name`, `active`) VALUES ('KP.07.1876874','KP','KP.07','{\"en\":\"Hwangju-gun\"}',1);
INSERT INTO `__PREFIX__subadmin2` (`code`, `country_code`, `subadmin1_code`, `name`, `active`) VALUES ('KP.09.1877150','KP','KP.09','{\"en\":\"Hoeyang-gun\"}',1);
INSERT INTO `__PREFIX__subadmin2` (`code`, `country_code`, `subadmin1_code`, `name`, `active`) VALUES ('KP.15.1877192','KP','KP.15','{\"en\":\"Hoech’ang-gun\"}',1);
INSERT INTO `__PREFIX__subadmin2` (`code`, `country_code`, `subadmin1_code`, `name`, `active`) VALUES ('KP.03.1877442','KP','KP.03','{\"en\":\"Hamju-gun\"}',1);
INSERT INTO `__PREFIX__subadmin2` (`code`, `country_code`, `subadmin1_code`, `name`, `active`) VALUES ('KP.03.1877447','KP','KP.03','{\"en\":\"Hamhŭng-si\"}',1);
INSERT INTO `__PREFIX__subadmin2` (`code`, `country_code`, `subadmin1_code`, `name`, `active`) VALUES ('KP.06.1877609','KP','KP.06','{\"en\":\"Haeju-si\"}',1);
INSERT INTO `__PREFIX__subadmin2` (`code`, `country_code`, `subadmin1_code`, `name`, `active`) VALUES ('KP.15.1877796','KP','KP.15','{\"en\":\"Chŭngsan-gun\"}',1);
INSERT INTO `__PREFIX__subadmin2` (`code`, `country_code`, `subadmin1_code`, `name`, `active`) VALUES ('KP.12.1877859','KP','KP.12','{\"en\":\"Chung\"}',1);
INSERT INTO `__PREFIX__subadmin2` (`code`, `country_code`, `subadmin1_code`, `name`, `active`) VALUES ('KP.12.1877875','KP','KP.12','{\"en\":\"Chunghwa-gun\"}',1);
INSERT INTO `__PREFIX__subadmin2` (`code`, `country_code`, `subadmin1_code`, `name`, `active`) VALUES ('KP.09.1878166','KP','KP.09','{\"en\":\"Ch’ŏrwŏn-gun\"}',1);
INSERT INTO `__PREFIX__subadmin2` (`code`, `country_code`, `subadmin1_code`, `name`, `active`) VALUES ('KP.09.1878230','KP','KP.09','{\"en\":\"Ch’ŏnnae-gun\"}',1);
INSERT INTO `__PREFIX__subadmin2` (`code`, `country_code`, `subadmin1_code`, `name`, `active`) VALUES ('KP.03.1878321','KP','KP.03','{\"en\":\"Chongpyong County\"}',1);
INSERT INTO `__PREFIX__subadmin2` (`code`, `country_code`, `subadmin1_code`, `name`, `active`) VALUES ('KP.15.1878380','KP','KP.15','{\"en\":\"Ch’ŏngnam-gu\"}',1);
INSERT INTO `__PREFIX__subadmin2` (`code`, `country_code`, `subadmin1_code`, `name`, `active`) VALUES ('KP.11.1878391','KP','KP.11','{\"en\":\"Chŏngju-gun\"}',1);
INSERT INTO `__PREFIX__subadmin2` (`code`, `country_code`, `subadmin1_code`, `name`, `active`) VALUES ('KP.06.1878459','KP','KP.06','{\"en\":\"Ch’ŏngdan-gun\"}',1);
INSERT INTO `__PREFIX__subadmin2` (`code`, `country_code`, `subadmin1_code`, `name`, `active`) VALUES ('KP.11.1878581','KP','KP.11','{\"en\":\"Ch’ŏlsan-gun\"}',1);
INSERT INTO `__PREFIX__subadmin2` (`code`, `country_code`, `subadmin1_code`, `name`, `active`) VALUES ('KP.06.1879031','KP','KP.06','{\"en\":\"Changyŏn-gun\"}',1);
INSERT INTO `__PREFIX__subadmin2` (`code`, `country_code`, `subadmin1_code`, `name`, `active`) VALUES ('KP.06.1879105','KP','KP.06','{\"en\":\"Changp’ung-gun\"}',1);
INSERT INTO `__PREFIX__subadmin2` (`code`, `country_code`, `subadmin1_code`, `name`, `active`) VALUES ('KP.09.1879312','KP','KP.09','{\"en\":\"Ch’angdo-gun\"}',1);
INSERT INTO `__PREFIX__subadmin2` (`code`, `country_code`, `subadmin1_code`, `name`, `active`) VALUES ('KP.06.1879491','KP','KP.06','{\"en\":\"Chaeryŏng-gun\"}',1);
INSERT INTO `__PREFIX__subadmin2` (`code`, `country_code`, `subadmin1_code`, `name`, `active`) VALUES ('KP.15.1879614','KP','KP.15','{\"en\":\"Anju-si\"}',1);
INSERT INTO `__PREFIX__subadmin2` (`code`, `country_code`, `subadmin1_code`, `name`, `active`) VALUES ('KP.09.1879673','KP','KP.09','{\"en\":\"Anbyŏn-gun\"}',1);
INSERT INTO `__PREFIX__subadmin2` (`code`, `country_code`, `subadmin1_code`, `name`, `active`) VALUES ('KP.06.1879681','KP','KP.06','{\"en\":\"Anak-kun\"}',1);
INSERT INTO `__PREFIX__subadmin2` (`code`, `country_code`, `subadmin1_code`, `name`, `active`) VALUES ('KP.15.1883585','KP','KP.15','{\"en\":\"Hanggu-guyŏk\"}',1);
INSERT INTO `__PREFIX__subadmin2` (`code`, `country_code`, `subadmin1_code`, `name`, `active`) VALUES ('KP.15.1883586','KP','KP.15','{\"en\":\"Waudo-guyŏk\"}',1);
INSERT INTO `__PREFIX__subadmin2` (`code`, `country_code`, `subadmin1_code`, `name`, `active`) VALUES ('KP.17.2038910','KP','KP.17','{\"en\":\"Yŏnsa-gun\"}',1);
INSERT INTO `__PREFIX__subadmin2` (`code`, `country_code`, `subadmin1_code`, `name`, `active`) VALUES ('KP.01.2039045','KP','KP.01','{\"en\":\"Yongnim-gun\"}',1);
INSERT INTO `__PREFIX__subadmin2` (`code`, `country_code`, `subadmin1_code`, `name`, `active`) VALUES ('KP.03.2039115','KP','KP.03','{\"en\":\"Yŏnggwang-gun\"}',1);
INSERT INTO `__PREFIX__subadmin2` (`code`, `country_code`, `subadmin1_code`, `name`, `active`) VALUES ('KP.01.2039456','KP','KP.01','{\"en\":\"Wiwŏn-gun\"}',1);
INSERT INTO `__PREFIX__subadmin2` (`code`, `country_code`, `subadmin1_code`, `name`, `active`) VALUES ('KP.01.2039499','KP','KP.01','{\"en\":\"Usi-gun\"}',1);
INSERT INTO `__PREFIX__subadmin2` (`code`, `country_code`, `subadmin1_code`, `name`, `active`) VALUES ('KP.11.2039522','KP','KP.11','{\"en\":\"Unsan-gun\"}',1);
INSERT INTO `__PREFIX__subadmin2` (`code`, `country_code`, `subadmin1_code`, `name`, `active`) VALUES ('KP.13.2039548','KP','KP.13','{\"en\":\"Unhŭng-gun\"}',1);
INSERT INTO `__PREFIX__subadmin2` (`code`, `country_code`, `subadmin1_code`, `name`, `active`) VALUES ('KP.17.2039588','KP','KP.17','{\"en\":\"Kyŏnghŭng\"}',1);
INSERT INTO `__PREFIX__subadmin2` (`code`, `country_code`, `subadmin1_code`, `name`, `active`) VALUES ('KP.11.2039624','KP','KP.11','{\"en\":\"Uiju County\"}',1);
INSERT INTO `__PREFIX__subadmin2` (`code`, `country_code`, `subadmin1_code`, `name`, `active`) VALUES ('KP.01.2039727','KP','KP.01','{\"en\":\"Tongsin-gun\"}',1);
INSERT INTO `__PREFIX__subadmin2` (`code`, `country_code`, `subadmin1_code`, `name`, `active`) VALUES ('KP.11.2039860','KP','KP.11','{\"en\":\"Tongch’ang-gun\"}',1);
INSERT INTO `__PREFIX__subadmin2` (`code`, `country_code`, `subadmin1_code`, `name`, `active`) VALUES ('KP.03.2039905','KP','KP.03','{\"en\":\"Tŏksŏng-gun\"}',1);
INSERT INTO `__PREFIX__subadmin2` (`code`, `country_code`, `subadmin1_code`, `name`, `active`) VALUES ('KP.03.2040063','KP','KP.03','{\"en\":\"Tanch’ŏn-gun\"}',1);
INSERT INTO `__PREFIX__subadmin2` (`code`, `country_code`, `subadmin1_code`, `name`, `active`) VALUES ('KP.15.2040178','KP','KP.15','{\"en\":\"Taehŭng-gun\"}',1);
INSERT INTO `__PREFIX__subadmin2` (`code`, `country_code`, `subadmin1_code`, `name`, `active`) VALUES ('KP.13.2040183','KP','KP.13','{\"en\":\"Taehongdan-gun\"}',1);
INSERT INTO `__PREFIX__subadmin2` (`code`, `country_code`, `subadmin1_code`, `name`, `active`) VALUES ('KP.11.2040192','KP','KP.11','{\"en\":\"Taegwan-gun\"}',1);
INSERT INTO `__PREFIX__subadmin2` (`code`, `country_code`, `subadmin1_code`, `name`, `active`) VALUES ('KP.01.2040482','KP','KP.01','{\"en\":\"Songwŏn-gun\"}',1);
INSERT INTO `__PREFIX__subadmin2` (`code`, `country_code`, `subadmin1_code`, `name`, `active`) VALUES ('KP.01.2040630','KP','KP.01','{\"en\":\"Sŏnggan-gun\"}',1);
INSERT INTO `__PREFIX__subadmin2` (`code`, `country_code`, `subadmin1_code`, `name`, `active`) VALUES ('KP.18.2040675','KP','KP.18','{\"en\":\"Sŏnbong-gun\"}',1);
INSERT INTO `__PREFIX__subadmin2` (`code`, `country_code`, `subadmin1_code`, `name`, `active`) VALUES ('KP.11.2040892','KP','KP.11','{\"en\":\"Sinŭiju-si\"}',1);
INSERT INTO `__PREFIX__subadmin2` (`code`, `country_code`, `subadmin1_code`, `name`, `active`) VALUES ('KP.03.2040953','KP','KP.03','{\"en\":\"Sinp’o-si\"}',1);
INSERT INTO `__PREFIX__subadmin2` (`code`, `country_code`, `subadmin1_code`, `name`, `active`) VALUES ('KP.03.2041012','KP','KP.03','{\"en\":\"Sinhŭng-gun\"}',1);
INSERT INTO `__PREFIX__subadmin2` (`code`, `country_code`, `subadmin1_code`, `name`, `active`) VALUES ('KP.01.2041138','KP','KP.01','{\"en\":\"Sijung-gun\"}',1);
INSERT INTO `__PREFIX__subadmin2` (`code`, `country_code`, `subadmin1_code`, `name`, `active`) VALUES ('KP.13.2041411','KP','KP.13','{\"en\":\"Samsu-gun\"}',1);
INSERT INTO `__PREFIX__subadmin2` (`code`, `country_code`, `subadmin1_code`, `name`, `active`) VALUES ('KP.13.2041443','KP','KP.13','{\"en\":\"Samjiyŏn-gun\"}',1);
INSERT INTO `__PREFIX__subadmin2` (`code`, `country_code`, `subadmin1_code`, `name`, `active`) VALUES ('KP.11.2041535','KP','KP.11','{\"en\":\"Sakchu-gun\"}',1);
INSERT INTO `__PREFIX__subadmin2` (`code`, `country_code`, `subadmin1_code`, `name`, `active`) VALUES ('KP.17.2041593','KP','KP.17','{\"en\":\"Kyŏngwŏn\"}',1);
INSERT INTO `__PREFIX__subadmin2` (`code`, `country_code`, `subadmin1_code`, `name`, `active`) VALUES ('KP.11.2041678','KP','KP.11','{\"en\":\"Pyŏktong-gun\"}',1);
INSERT INTO `__PREFIX__subadmin2` (`code`, `country_code`, `subadmin1_code`, `name`, `active`) VALUES ('KP.17.2041700','KP','KP.17','{\"en\":\"Puryŏng-gun\"}',1);
INSERT INTO `__PREFIX__subadmin2` (`code`, `country_code`, `subadmin1_code`, `name`, `active`) VALUES ('KP.13.2041726','KP','KP.13','{\"en\":\"P’ungsŏ-gun\"}',1);
INSERT INTO `__PREFIX__subadmin2` (`code`, `country_code`, `subadmin1_code`, `name`, `active`) VALUES ('KP.13.2041732','KP','KP.13','{\"en\":\"Kimhyŏnggwŏn-gun\"}',1);
INSERT INTO `__PREFIX__subadmin2` (`code`, `country_code`, `subadmin1_code`, `name`, `active`) VALUES ('KP.03.2041812','KP','KP.03','{\"en\":\"Pukch’ŏng-gun\"}',1);
INSERT INTO `__PREFIX__subadmin2` (`code`, `country_code`, `subadmin1_code`, `name`, `active`) VALUES ('KP.03.2041826','KP','KP.03','{\"en\":\"Pujŏn-gun\"}',1);
INSERT INTO `__PREFIX__subadmin2` (`code`, `country_code`, `subadmin1_code`, `name`, `active`) VALUES ('KP.13.2041997','KP','KP.13','{\"en\":\"Poch’ŏn-gun\"}',1);
INSERT INTO `__PREFIX__subadmin2` (`code`, `country_code`, `subadmin1_code`, `name`, `active`) VALUES ('KP.13.2042211','KP','KP.13','{\"en\":\"Paegam-gun\"}',1);
INSERT INTO `__PREFIX__subadmin2` (`code`, `country_code`, `subadmin1_code`, `name`, `active`) VALUES ('KP.17.2042256','KP','KP.17','{\"en\":\"Ŏrang-gun\"}',1);
INSERT INTO `__PREFIX__subadmin2` (`code`, `country_code`, `subadmin1_code`, `name`, `active`) VALUES ('KP.17.2042268','KP','KP.17','{\"en\":\"Onsŏng-gun\"}',1);
INSERT INTO `__PREFIX__subadmin2` (`code`, `country_code`, `subadmin1_code`, `name`, `active`) VALUES ('KP.01.2042491','KP','KP.01','{\"en\":\"Nangnim-gun\"}',1);
INSERT INTO `__PREFIX__subadmin2` (`code`, `country_code`, `subadmin1_code`, `name`, `active`) VALUES ('KP.18.2042641','KP','KP.18','{\"en\":\"Rajin\"}',1);
INSERT INTO `__PREFIX__subadmin2` (`code`, `country_code`, `subadmin1_code`, `name`, `active`) VALUES ('KP.17.2042710','KP','KP.17','{\"en\":\"Hwasŏng-gun\"}',1);
INSERT INTO `__PREFIX__subadmin2` (`code`, `country_code`, `subadmin1_code`, `name`, `active`) VALUES ('KP.17.2042719','KP','KP.17','{\"en\":\"Myŏngch’ŏn-gun\"}',1);
INSERT INTO `__PREFIX__subadmin2` (`code`, `country_code`, `subadmin1_code`, `name`, `active`) VALUES ('KP.17.2042740','KP','KP.17','{\"en\":\"Musan-gun\"}',1);
INSERT INTO `__PREFIX__subadmin2` (`code`, `country_code`, `subadmin1_code`, `name`, `active`) VALUES ('KP.01.2042891','KP','KP.01','{\"en\":\"Manp’o-si\"}',1);
INSERT INTO `__PREFIX__subadmin2` (`code`, `country_code`, `subadmin1_code`, `name`, `active`) VALUES ('KP.17.2042989','KP','KP.17','{\"en\":\"Kyŏngsŏng-gun\"}',1);
INSERT INTO `__PREFIX__subadmin2` (`code`, `country_code`, `subadmin1_code`, `name`, `active`) VALUES ('KP.01.2043336','KP','KP.01','{\"en\":\"Kop’ung-gun\"}',1);
INSERT INTO `__PREFIX__subadmin2` (`code`, `country_code`, `subadmin1_code`, `name`, `active`) VALUES ('KP.13.2043475','KP','KP.13','{\"en\":\"Kimjŏngsuk-kun\"}',1);
INSERT INTO `__PREFIX__subadmin2` (`code`, `country_code`, `subadmin1_code`, `name`, `active`) VALUES ('KP.17.2043476','KP','KP.17','{\"en\":\"Kimch’aek-si\"}',1);
INSERT INTO `__PREFIX__subadmin2` (`code`, `country_code`, `subadmin1_code`, `name`, `active`) VALUES ('KP.17.2043486','KP','KP.17','{\"en\":\"Kilchu-gun\"}',1);
INSERT INTO `__PREFIX__subadmin2` (`code`, `country_code`, `subadmin1_code`, `name`, `active`) VALUES ('KP.13.2043532','KP','KP.13','{\"en\":\"Kapsan-gun\"}',1);
INSERT INTO `__PREFIX__subadmin2` (`code`, `country_code`, `subadmin1_code`, `name`, `active`) VALUES ('KP.01.2043568','KP','KP.01','{\"en\":\"Kanggye-si\"}',1);
INSERT INTO `__PREFIX__subadmin2` (`code`, `country_code`, `subadmin1_code`, `name`, `active`) VALUES ('KP.03.2043679','KP','KP.03','{\"en\":\"Iwŏn-gun\"}',1);
INSERT INTO `__PREFIX__subadmin2` (`code`, `country_code`, `subadmin1_code`, `name`, `active`) VALUES ('KP.13.2043834','KP','KP.13','{\"en\":\"Hyesan-si\"}',1);
INSERT INTO `__PREFIX__subadmin2` (`code`, `country_code`, `subadmin1_code`, `name`, `active`) VALUES ('KP.01.2043879','KP','KP.01','{\"en\":\"Hwap’yŏng-gun\"}',1);
INSERT INTO `__PREFIX__subadmin2` (`code`, `country_code`, `subadmin1_code`, `name`, `active`) VALUES ('KP.17.2043963','KP','KP.17','{\"en\":\"Hwadae-gun\"}',1);
INSERT INTO `__PREFIX__subadmin2` (`code`, `country_code`, `subadmin1_code`, `name`, `active`) VALUES ('KP.01.2044013','KP','KP.01','{\"en\":\"Hŭich’ŏn-si\"}',1);
INSERT INTO `__PREFIX__subadmin2` (`code`, `country_code`, `subadmin1_code`, `name`, `active`) VALUES ('KP.13.2044027','KP','KP.13','{\"en\":\"Kimhyŏngjik-kun\"}',1);
INSERT INTO `__PREFIX__subadmin2` (`code`, `country_code`, `subadmin1_code`, `name`, `active`) VALUES ('KP.03.2044051','KP','KP.03','{\"en\":\"Hongwŏn-gun\"}',1);
INSERT INTO `__PREFIX__subadmin2` (`code`, `country_code`, `subadmin1_code`, `name`, `active`) VALUES ('KP.17.2044094','KP','KP.17','{\"en\":\"Hoeryŏng\"}',1);
INSERT INTO `__PREFIX__subadmin2` (`code`, `country_code`, `subadmin1_code`, `name`, `active`) VALUES ('KP.03.2044126','KP','KP.03','{\"en\":\"Hŏch’ŏn-gun\"}',1);
INSERT INTO `__PREFIX__subadmin2` (`code`, `country_code`, `subadmin1_code`, `name`, `active`) VALUES ('KP.01.2044491','KP','KP.01','{\"en\":\"Chunggang-gun\"}',1);
INSERT INTO `__PREFIX__subadmin2` (`code`, `country_code`, `subadmin1_code`, `name`, `active`) VALUES ('KP.01.2044602','KP','KP.01','{\"en\":\"Ch’osan-gun\"}',1);
INSERT INTO `__PREFIX__subadmin2` (`code`, `country_code`, `subadmin1_code`, `name`, `active`) VALUES ('KP.11.2044670','KP','KP.11','{\"en\":\"Ch’ŏnma-gun\"}',1);
INSERT INTO `__PREFIX__subadmin2` (`code`, `country_code`, `subadmin1_code`, `name`, `active`) VALUES ('KP.17.2044754','KP','KP.17','{\"en\":\"Ch’ŏngjin-si\"}',1);
INSERT INTO `__PREFIX__subadmin2` (`code`, `country_code`, `subadmin1_code`, `name`, `active`) VALUES ('KP.01.2044803','KP','KP.01','{\"en\":\"Chŏnch’ŏn-gun\"}',1);
INSERT INTO `__PREFIX__subadmin2` (`code`, `country_code`, `subadmin1_code`, `name`, `active`) VALUES ('KP.01.2045006','KP','KP.01','{\"en\":\"Chasŏng-gun\"}',1);
INSERT INTO `__PREFIX__subadmin2` (`code`, `country_code`, `subadmin1_code`, `name`, `active`) VALUES ('KP.11.2045038','KP','KP.11','{\"en\":\"Ch’angsŏng-gun\"}',1);
INSERT INTO `__PREFIX__subadmin2` (`code`, `country_code`, `subadmin1_code`, `name`, `active`) VALUES ('KP.03.2045125','KP','KP.03','{\"en\":\"Changjin-gun\"}',1);
INSERT INTO `__PREFIX__subadmin2` (`code`, `country_code`, `subadmin1_code`, `name`, `active`) VALUES ('KP.01.2045178','KP','KP.01','{\"en\":\"Changgang-gun\"}',1);
INSERT INTO `__PREFIX__subadmin2` (`code`, `country_code`, `subadmin1_code`, `name`, `active`) VALUES ('KP.15.6258672','KP','KP.15','{\"en\":\"Ŭnsan-gun\"}',1);
INSERT INTO `__PREFIX__subadmin2` (`code`, `country_code`, `subadmin1_code`, `name`, `active`) VALUES ('KP.15.6258673','KP','KP.15','{\"en\":\"Ch’ŏllima-guyŏk\"}',1);
INSERT INTO `__PREFIX__subadmin2` (`code`, `country_code`, `subadmin1_code`, `name`, `active`) VALUES ('KP.15.6258674','KP','KP.15','{\"en\":\"Taean-guyŏk\"}',1);
INSERT INTO `__PREFIX__subadmin2` (`code`, `country_code`, `subadmin1_code`, `name`, `active`) VALUES ('KP.03.6258675','KP','KP.03','{\"en\":\"Sudong-gu\"}',1);
INSERT INTO `__PREFIX__subadmin2` (`code`, `country_code`, `subadmin1_code`, `name`, `active`) VALUES ('KP.11.6279118','KP','KP.11','{\"en\":\"Sindo-gun\"}',1);
INSERT INTO `__PREFIX__subadmin2` (`code`, `country_code`, `subadmin1_code`, `name`, `active`) VALUES ('KP.06.8594115','KP','KP.06','{\"en\":\"Yongyŏn-gun\"}',1);
INSERT INTO `__PREFIX__subadmin2` (`code`, `country_code`, `subadmin1_code`, `name`, `active`) VALUES ('KP.12.11791938','KP','KP.12','{\"en\":\"Ŭnjŏng-guyŏk\"}',1);
/*!40000 ALTER TABLE `__PREFIX__subadmin2` ENABLE KEYS */;

--
-- Dumping data for table `__PREFIX__cities`
--

/*!40000 ALTER TABLE `__PREFIX__cities` DISABLE KEYS */;
INSERT INTO `__PREFIX__cities` (`country_code`, `name`, `longitude`, `latitude`, `feature_class`, `feature_code`, `subadmin1_code`, `subadmin2_code`, `population`, `time_zone`, `active`, `created_at`, `updated_at`) VALUES ('KP','{\"en\":\"Yonggang-ŭp\"}',125.42,38.86,'P','PPL','KP.15',NULL,13440,'Asia/Pyongyang',1,'2020-06-10 23:00:00','2020-06-10 23:00:00');
INSERT INTO `__PREFIX__cities` (`country_code`, `name`, `longitude`, `latitude`, `feature_class`, `feature_code`, `subadmin1_code`, `subadmin2_code`, `population`, `time_zone`, `active`, `created_at`, `updated_at`) VALUES ('KP','{\"en\":\"Yŏngbyŏn\"}',125.80,39.81,'P','PPL','KP.11',NULL,9584,'Asia/Pyongyang',1,'2020-06-10 23:00:00','2020-06-10 23:00:00');
INSERT INTO `__PREFIX__cities` (`country_code`, `name`, `longitude`, `latitude`, `feature_class`, `feature_code`, `subadmin1_code`, `subadmin2_code`, `population`, `time_zone`, `active`, `created_at`, `updated_at`) VALUES ('KP','{\"en\":\"Yŏnan-ŭp\"}',126.16,37.91,'P','PPL','KP.06','KP.06.YŎNAN-GUN',22665,'Asia/Pyongyang',1,'2020-06-10 23:00:00','2020-06-10 23:00:00');
INSERT INTO `__PREFIX__cities` (`country_code`, `name`, `longitude`, `latitude`, `feature_class`, `feature_code`, `subadmin1_code`, `subadmin2_code`, `population`, `time_zone`, `active`, `created_at`, `updated_at`) VALUES ('KP','{\"en\":\"Yŏmju-ŭp\"}',124.60,39.89,'P','PPL','KP.11',NULL,9437,'Asia/Pyongyang',1,'2020-06-10 23:00:00','2020-06-10 23:00:00');
INSERT INTO `__PREFIX__cities` (`country_code`, `name`, `longitude`, `latitude`, `feature_class`, `feature_code`, `subadmin1_code`, `subadmin2_code`, `population`, `time_zone`, `active`, `created_at`, `updated_at`) VALUES ('KP','{\"en\":\"Wŏnsan\"}',127.44,39.15,'P','PPLA','KP.09',NULL,329207,'Asia/Pyongyang',1,'2020-06-10 23:00:00','2020-06-10 23:00:00');
INSERT INTO `__PREFIX__cities` (`country_code`, `name`, `longitude`, `latitude`, `feature_class`, `feature_code`, `subadmin1_code`, `subadmin2_code`, `population`, `time_zone`, `active`, `created_at`, `updated_at`) VALUES ('KP','{\"en\":\"T’ongch’ŏn-ŭp\"}',127.89,38.95,'P','PPL','KP.09','KP.09.T’ONGCH’ŰN-GUN',20575,'Asia/Pyongyang',1,'2020-06-10 23:00:00','2020-06-10 23:00:00');
INSERT INTO `__PREFIX__cities` (`country_code`, `name`, `longitude`, `latitude`, `feature_class`, `feature_code`, `subadmin1_code`, `subadmin2_code`, `population`, `time_zone`, `active`, `created_at`, `updated_at`) VALUES ('KP','{\"en\":\"Sŭngho 1-tong\"}',125.98,38.99,'P','PPL','KP.12',NULL,39841,'Asia/Pyongyang',1,'2012-01-18 23:00:00','2012-01-18 23:00:00');
INSERT INTO `__PREFIX__cities` (`country_code`, `name`, `longitude`, `latitude`, `feature_class`, `feature_code`, `subadmin1_code`, `subadmin2_code`, `population`, `time_zone`, `active`, `created_at`, `updated_at`) VALUES ('KP','{\"en\":\"Sunch’ŏn\"}',125.93,39.43,'P','PPLA3','KP.15','KP.15.1869013',437000,'Asia/Pyongyang',1,'2019-02-26 23:00:00','2019-02-26 23:00:00');
INSERT INTO `__PREFIX__cities` (`country_code`, `name`, `longitude`, `latitude`, `feature_class`, `feature_code`, `subadmin1_code`, `subadmin2_code`, `population`, `time_zone`, `active`, `created_at`, `updated_at`) VALUES ('KP','{\"en\":\"Sunan\"}',125.69,39.20,'P','PPL','KP.12',NULL,36671,'Asia/Pyongyang',1,'2021-09-07 23:00:00','2021-09-07 23:00:00');
INSERT INTO `__PREFIX__cities` (`country_code`, `name`, `longitude`, `latitude`, `feature_class`, `feature_code`, `subadmin1_code`, `subadmin2_code`, `population`, `time_zone`, `active`, `created_at`, `updated_at`) VALUES ('KP','{\"en\":\"Songnim-ni\"}',125.64,38.76,'P','PPL','KP.07',NULL,152425,'Asia/Pyongyang',1,'2021-08-05 23:00:00','2021-08-05 23:00:00');
INSERT INTO `__PREFIX__cities` (`country_code`, `name`, `longitude`, `latitude`, `feature_class`, `feature_code`, `subadmin1_code`, `subadmin2_code`, `population`, `time_zone`, `active`, `created_at`, `updated_at`) VALUES ('KP','{\"en\":\"Sil-li\"}',125.47,39.49,'P','PPL','KP.15','KP.15.MUNDŎK-KUN',19463,'Asia/Pyongyang',1,'2012-01-18 23:00:00','2012-01-18 23:00:00');
INSERT INTO `__PREFIX__cities` (`country_code`, `name`, `longitude`, `latitude`, `feature_class`, `feature_code`, `subadmin1_code`, `subadmin2_code`, `population`, `time_zone`, `active`, `created_at`, `updated_at`) VALUES ('KP','{\"en\":\"Sinmak\"}',126.23,38.42,'P','PPL','KP.07',NULL,18669,'Asia/Pyongyang',1,'2016-12-02 23:00:00','2016-12-02 23:00:00');
INSERT INTO `__PREFIX__cities` (`country_code`, `name`, `longitude`, `latitude`, `feature_class`, `feature_code`, `subadmin1_code`, `subadmin2_code`, `population`, `time_zone`, `active`, `created_at`, `updated_at`) VALUES ('KP','{\"en\":\"Sinanju\"}',125.61,39.60,'P','PPL','KP.15',NULL,15693,'Asia/Pyongyang',1,'2012-01-18 23:00:00','2012-01-18 23:00:00');
INSERT INTO `__PREFIX__cities` (`country_code`, `name`, `longitude`, `latitude`, `feature_class`, `feature_code`, `subadmin1_code`, `subadmin2_code`, `population`, `time_zone`, `active`, `created_at`, `updated_at`) VALUES ('KP','{\"en\":\"Sariwŏn\"}',125.76,38.51,'P','PPLA','KP.07',NULL,310100,'Asia/Pyongyang',1,'2020-06-10 23:00:00','2020-06-10 23:00:00');
INSERT INTO `__PREFIX__cities` (`country_code`, `name`, `longitude`, `latitude`, `feature_class`, `feature_code`, `subadmin1_code`, `subadmin2_code`, `population`, `time_zone`, `active`, `created_at`, `updated_at`) VALUES ('KP','{\"en\":\"Sangsŏng-ni\"}',126.89,39.17,'P','PPL','KP.15','KP.15.1866790',9888,'Asia/Pyongyang',1,'2020-06-10 23:00:00','2020-06-10 23:00:00');
INSERT INTO `__PREFIX__cities` (`country_code`, `name`, `longitude`, `latitude`, `feature_class`, `feature_code`, `subadmin1_code`, `subadmin2_code`, `population`, `time_zone`, `active`, `created_at`, `updated_at`) VALUES ('KP','{\"en\":\"Samho-rodongjagu\"}',127.87,39.95,'P','PPL','KP.03',NULL,19025,'Asia/Pyongyang',1,'2012-01-18 23:00:00','2012-01-18 23:00:00');
INSERT INTO `__PREFIX__cities` (`country_code`, `name`, `longitude`, `latitude`, `feature_class`, `feature_code`, `subadmin1_code`, `subadmin2_code`, `population`, `time_zone`, `active`, `created_at`, `updated_at`) VALUES ('KP','{\"en\":\"Pyongyang\"}',125.75,39.03,'P','PPLC','KP.12',NULL,3222000,'Asia/Pyongyang',1,'2019-09-04 23:00:00','2019-09-04 23:00:00');
INSERT INTO `__PREFIX__cities` (`country_code`, `name`, `longitude`, `latitude`, `feature_class`, `feature_code`, `subadmin1_code`, `subadmin2_code`, `population`, `time_zone`, `active`, `created_at`, `updated_at`) VALUES ('KP','{\"en\":\"P’yŏngsŏng\"}',125.87,39.25,'P','PPLA','KP.15',NULL,100000,'Asia/Pyongyang',1,'2020-06-10 23:00:00','2020-06-10 23:00:00');
INSERT INTO `__PREFIX__cities` (`country_code`, `name`, `longitude`, `latitude`, `feature_class`, `feature_code`, `subadmin1_code`, `subadmin2_code`, `population`, `time_zone`, `active`, `created_at`, `updated_at`) VALUES ('KP','{\"en\":\"Pyŏksŏng-ŭp\"}',125.56,38.05,'P','PPL','KP.06',NULL,12937,'Asia/Pyongyang',1,'2020-06-10 23:00:00','2020-06-10 23:00:00');
INSERT INTO `__PREFIX__cities` (`country_code`, `name`, `longitude`, `latitude`, `feature_class`, `feature_code`, `subadmin1_code`, `subadmin2_code`, `population`, `time_zone`, `active`, `created_at`, `updated_at`) VALUES ('KP','{\"en\":\"Panghyŏn-dong\"}',125.24,39.89,'P','PPL','KP.11',NULL,11026,'Asia/Pyongyang',1,'2021-07-08 23:00:00','2021-07-08 23:00:00');
INSERT INTO `__PREFIX__cities` (`country_code`, `name`, `longitude`, `latitude`, `feature_class`, `feature_code`, `subadmin1_code`, `subadmin2_code`, `population`, `time_zone`, `active`, `created_at`, `updated_at`) VALUES ('KP','{\"en\":\"Ongjin\"}',125.36,37.93,'P','PPL','KP.06',NULL,64247,'Asia/Pyongyang',1,'2012-01-18 23:00:00','2012-01-18 23:00:00');
INSERT INTO `__PREFIX__cities` (`country_code`, `name`, `longitude`, `latitude`, `feature_class`, `feature_code`, `subadmin1_code`, `subadmin2_code`, `population`, `time_zone`, `active`, `created_at`, `updated_at`) VALUES ('KP','{\"en\":\"Namp’o\"}',125.41,38.74,'P','PPLA2','KP.15',NULL,455000,'Asia/Pyongyang',1,'2010-08-02 23:00:00','2010-08-02 23:00:00');
INSERT INTO `__PREFIX__cities` (`country_code`, `name`, `longitude`, `latitude`, `feature_class`, `feature_code`, `subadmin1_code`, `subadmin2_code`, `population`, `time_zone`, `active`, `created_at`, `updated_at`) VALUES ('KP','{\"en\":\"Kwaksan\"}',125.08,39.69,'P','PPL','KP.11',NULL,10478,'Asia/Pyongyang',1,'2012-01-18 23:00:00','2012-01-18 23:00:00');
INSERT INTO `__PREFIX__cities` (`country_code`, `name`, `longitude`, `latitude`, `feature_class`, `feature_code`, `subadmin1_code`, `subadmin2_code`, `population`, `time_zone`, `active`, `created_at`, `updated_at`) VALUES ('KP','{\"en\":\"Kusŏng\"}',125.24,39.98,'P','PPL','KP.11',NULL,30902,'Asia/Pyongyang',1,'2021-07-08 23:00:00','2021-07-08 23:00:00');
INSERT INTO `__PREFIX__cities` (`country_code`, `name`, `longitude`, `latitude`, `feature_class`, `feature_code`, `subadmin1_code`, `subadmin2_code`, `population`, `time_zone`, `active`, `created_at`, `updated_at`) VALUES ('KP','{\"en\":\"Kujang-ŭp\"}',126.03,39.87,'P','PPL','KP.11',NULL,19522,'Asia/Pyongyang',1,'2012-01-18 23:00:00','2012-01-18 23:00:00');
INSERT INTO `__PREFIX__cities` (`country_code`, `name`, `longitude`, `latitude`, `feature_class`, `feature_code`, `subadmin1_code`, `subadmin2_code`, `population`, `time_zone`, `active`, `created_at`, `updated_at`) VALUES ('KP','{\"en\":\"Kowŏn-ŭp\"}',127.24,39.44,'P','PPL','KP.03',NULL,21490,'Asia/Pyongyang',1,'2012-01-18 23:00:00','2012-01-18 23:00:00');
INSERT INTO `__PREFIX__cities` (`country_code`, `name`, `longitude`, `latitude`, `feature_class`, `feature_code`, `subadmin1_code`, `subadmin2_code`, `population`, `time_zone`, `active`, `created_at`, `updated_at`) VALUES ('KP','{\"en\":\"Kosan\"}',127.42,38.86,'P','PPL','KP.09',NULL,24822,'Asia/Pyongyang',1,'2012-01-18 23:00:00','2012-01-18 23:00:00');
INSERT INTO `__PREFIX__cities` (`country_code`, `name`, `longitude`, `latitude`, `feature_class`, `feature_code`, `subadmin1_code`, `subadmin2_code`, `population`, `time_zone`, `active`, `created_at`, `updated_at`) VALUES ('KP','{\"en\":\"Koksan\"}',126.67,38.78,'P','PPL','KP.07',NULL,12923,'Asia/Pyongyang',1,'2012-01-18 23:00:00','2012-01-18 23:00:00');
INSERT INTO `__PREFIX__cities` (`country_code`, `name`, `longitude`, `latitude`, `feature_class`, `feature_code`, `subadmin1_code`, `subadmin2_code`, `population`, `time_zone`, `active`, `created_at`, `updated_at`) VALUES ('KP','{\"en\":\"Kangdong-ŭp\"}',126.10,39.14,'P','PPL','KP.12',NULL,28922,'Asia/Pyongyang',1,'2012-01-18 23:00:00','2012-01-18 23:00:00');
INSERT INTO `__PREFIX__cities` (`country_code`, `name`, `longitude`, `latitude`, `feature_class`, `feature_code`, `subadmin1_code`, `subadmin2_code`, `population`, `time_zone`, `active`, `created_at`, `updated_at`) VALUES ('KP','{\"en\":\"Kaesŏng\"}',126.55,37.97,'P','PPLA2','KP.06',NULL,338155,'Asia/Pyongyang',1,'2020-06-10 23:00:00','2020-06-10 23:00:00');
INSERT INTO `__PREFIX__cities` (`country_code`, `name`, `longitude`, `latitude`, `feature_class`, `feature_code`, `subadmin1_code`, `subadmin2_code`, `population`, `time_zone`, `active`, `created_at`, `updated_at`) VALUES ('KP','{\"en\":\"Hwangju-ŭp\"}',125.78,38.67,'P','PPL','KP.07',NULL,35641,'Asia/Pyongyang',1,'2020-06-10 23:00:00','2020-06-10 23:00:00');
INSERT INTO `__PREFIX__cities` (`country_code`, `name`, `longitude`, `latitude`, `feature_class`, `feature_code`, `subadmin1_code`, `subadmin2_code`, `population`, `time_zone`, `active`, `created_at`, `updated_at`) VALUES ('KP','{\"en\":\"Hŭngnam\"}',127.62,39.83,'P','PPL','KP.03',NULL,346082,'Asia/Pyongyang',1,'2020-06-10 23:00:00','2020-06-10 23:00:00');
INSERT INTO `__PREFIX__cities` (`country_code`, `name`, `longitude`, `latitude`, `feature_class`, `feature_code`, `subadmin1_code`, `subadmin2_code`, `population`, `time_zone`, `active`, `created_at`, `updated_at`) VALUES ('KP','{\"en\":\"Hŭkkyo-ri\"}',125.79,38.80,'P','PPL','KP.07',NULL,25437,'Asia/Pyongyang',1,'2020-06-10 23:00:00','2020-06-10 23:00:00');
INSERT INTO `__PREFIX__cities` (`country_code`, `name`, `longitude`, `latitude`, `feature_class`, `feature_code`, `subadmin1_code`, `subadmin2_code`, `population`, `time_zone`, `active`, `created_at`, `updated_at`) VALUES ('KP','{\"en\":\"Hoeyang\"}',127.60,38.71,'P','PPL','KP.09',NULL,21111,'Asia/Pyongyang',1,'2012-02-27 23:00:00','2012-02-27 23:00:00');
INSERT INTO `__PREFIX__cities` (`country_code`, `name`, `longitude`, `latitude`, `feature_class`, `feature_code`, `subadmin1_code`, `subadmin2_code`, `population`, `time_zone`, `active`, `created_at`, `updated_at`) VALUES ('KP','{\"en\":\"Hamhŭng\"}',127.54,39.92,'P','PPLA','KP.03',NULL,559056,'Asia/Pyongyang',1,'2020-06-10 23:00:00','2020-06-10 23:00:00');
INSERT INTO `__PREFIX__cities` (`country_code`, `name`, `longitude`, `latitude`, `feature_class`, `feature_code`, `subadmin1_code`, `subadmin2_code`, `population`, `time_zone`, `active`, `created_at`, `updated_at`) VALUES ('KP','{\"en\":\"Haeju\"}',125.71,38.04,'P','PPLA','KP.06',NULL,222396,'Asia/Pyongyang',1,'2017-02-03 23:00:00','2017-02-03 23:00:00');
INSERT INTO `__PREFIX__cities` (`country_code`, `name`, `longitude`, `latitude`, `feature_class`, `feature_code`, `subadmin1_code`, `subadmin2_code`, `population`, `time_zone`, `active`, `created_at`, `updated_at`) VALUES ('KP','{\"en\":\"Chunghwa\"}',125.80,38.86,'P','PPL','KP.12',NULL,19346,'Asia/Pyongyang',1,'2012-01-18 23:00:00','2012-01-18 23:00:00');
INSERT INTO `__PREFIX__cities` (`country_code`, `name`, `longitude`, `latitude`, `feature_class`, `feature_code`, `subadmin1_code`, `subadmin2_code`, `population`, `time_zone`, `active`, `created_at`, `updated_at`) VALUES ('KP','{\"en\":\"Chŏngju\"}',125.21,39.69,'P','PPL','KP.11',NULL,29065,'Asia/Pyongyang',1,'2012-01-18 23:00:00','2012-01-18 23:00:00');
INSERT INTO `__PREFIX__cities` (`country_code`, `name`, `longitude`, `latitude`, `feature_class`, `feature_code`, `subadmin1_code`, `subadmin2_code`, `population`, `time_zone`, `active`, `created_at`, `updated_at`) VALUES ('KP','{\"en\":\"Changyŏn\"}',125.10,38.25,'P','PPL','KP.06',NULL,39368,'Asia/Pyongyang',1,'2012-01-18 23:00:00','2012-01-18 23:00:00');
INSERT INTO `__PREFIX__cities` (`country_code`, `name`, `longitude`, `latitude`, `feature_class`, `feature_code`, `subadmin1_code`, `subadmin2_code`, `population`, `time_zone`, `active`, `created_at`, `updated_at`) VALUES ('KP','{\"en\":\"Chaeryŏng-ŭp\"}',125.62,38.40,'P','PPLA2','KP.06',NULL,53330,'Asia/Pyongyang',1,'2020-06-10 23:00:00','2020-06-10 23:00:00');
INSERT INTO `__PREFIX__cities` (`country_code`, `name`, `longitude`, `latitude`, `feature_class`, `feature_code`, `subadmin1_code`, `subadmin2_code`, `population`, `time_zone`, `active`, `created_at`, `updated_at`) VALUES ('KP','{\"en\":\"Ayang-ni\"}',125.79,38.25,'P','PPL','KP.06',NULL,16104,'Asia/Pyongyang',1,'2021-11-10 23:00:00','2021-11-10 23:00:00');
INSERT INTO `__PREFIX__cities` (`country_code`, `name`, `longitude`, `latitude`, `feature_class`, `feature_code`, `subadmin1_code`, `subadmin2_code`, `population`, `time_zone`, `active`, `created_at`, `updated_at`) VALUES ('KP','{\"en\":\"Anju\"}',125.66,39.62,'P','PPL','KP.15',NULL,50196,'Asia/Pyongyang',1,'2012-01-18 23:00:00','2012-01-18 23:00:00');
INSERT INTO `__PREFIX__cities` (`country_code`, `name`, `longitude`, `latitude`, `feature_class`, `feature_code`, `subadmin1_code`, `subadmin2_code`, `population`, `time_zone`, `active`, `created_at`, `updated_at`) VALUES ('KP','{\"en\":\"Anbyŏn-ŭp\"}',127.52,39.04,'P','PPL','KP.09',NULL,31845,'Asia/Pyongyang',1,'2012-01-18 23:00:00','2012-01-18 23:00:00');
INSERT INTO `__PREFIX__cities` (`country_code`, `name`, `longitude`, `latitude`, `feature_class`, `feature_code`, `subadmin1_code`, `subadmin2_code`, `population`, `time_zone`, `active`, `created_at`, `updated_at`) VALUES ('KP','{\"en\":\"Anak\"}',125.49,38.51,'P','PPL','KP.07',NULL,19995,'Asia/Pyongyang',1,'2012-01-18 23:00:00','2012-01-18 23:00:00');
INSERT INTO `__PREFIX__cities` (`country_code`, `name`, `longitude`, `latitude`, `feature_class`, `feature_code`, `subadmin1_code`, `subadmin2_code`, `population`, `time_zone`, `active`, `created_at`, `updated_at`) VALUES ('KP','{\"en\":\"Sinsang-ni\"}',127.41,39.65,'P','PPL','KP.03',NULL,14960,'Asia/Pyongyang',1,'2012-01-18 23:00:00','2012-01-18 23:00:00');
INSERT INTO `__PREFIX__cities` (`country_code`, `name`, `longitude`, `latitude`, `feature_class`, `feature_code`, `subadmin1_code`, `subadmin2_code`, `population`, `time_zone`, `active`, `created_at`, `updated_at`) VALUES ('KP','{\"en\":\"Yuktae-dong\"}',128.16,40.02,'P','PPL','KP.03',NULL,76427,'Asia/Pyongyang',1,'2012-01-18 23:00:00','2012-01-18 23:00:00');
INSERT INTO `__PREFIX__cities` (`country_code`, `name`, `longitude`, `latitude`, `feature_class`, `feature_code`, `subadmin1_code`, `subadmin2_code`, `population`, `time_zone`, `active`, `created_at`, `updated_at`) VALUES ('KP','{\"en\":\"Ungsang-nodongjagu\"}',130.46,42.36,'P','PPLL','KP.18','KP.18.SŎNBONG-GUN',8410,'Asia/Pyongyang',1,'2012-01-18 23:00:00','2012-01-18 23:00:00');
INSERT INTO `__PREFIX__cities` (`country_code`, `name`, `longitude`, `latitude`, `feature_class`, `feature_code`, `subadmin1_code`, `subadmin2_code`, `population`, `time_zone`, `active`, `created_at`, `updated_at`) VALUES ('KP','{\"en\":\"Uiju\"}',124.53,40.20,'P','PPL','KP.11','KP.11.2039624',50081,'Asia/Pyongyang',1,'2020-06-17 23:00:00','2020-06-17 23:00:00');
INSERT INTO `__PREFIX__cities` (`country_code`, `name`, `longitude`, `latitude`, `feature_class`, `feature_code`, `subadmin1_code`, `subadmin2_code`, `population`, `time_zone`, `active`, `created_at`, `updated_at`) VALUES ('KP','{\"en\":\"Sŭngam-nodongjagu\"}',129.67,41.67,'P','PPL','KP.17',NULL,11406,'Asia/Pyongyang',1,'2012-01-18 23:00:00','2012-01-18 23:00:00');
INSERT INTO `__PREFIX__cities` (`country_code`, `name`, `longitude`, `latitude`, `feature_class`, `feature_code`, `subadmin1_code`, `subadmin2_code`, `population`, `time_zone`, `active`, `created_at`, `updated_at`) VALUES ('KP','{\"en\":\"Sŏnbong\"}',130.38,42.35,'P','PPLA2','KP.18',NULL,27331,'Asia/Pyongyang',1,'2020-06-10 23:00:00','2020-06-10 23:00:00');
INSERT INTO `__PREFIX__cities` (`country_code`, `name`, `longitude`, `latitude`, `feature_class`, `feature_code`, `subadmin1_code`, `subadmin2_code`, `population`, `time_zone`, `active`, `created_at`, `updated_at`) VALUES ('KP','{\"en\":\"Sinŭiju\"}',124.40,40.10,'P','PPLA','KP.11','KP.11.2039624',288112,'Asia/Pyongyang',1,'2020-06-10 23:00:00','2020-06-10 23:00:00');
INSERT INTO `__PREFIX__cities` (`country_code`, `name`, `longitude`, `latitude`, `feature_class`, `feature_code`, `subadmin1_code`, `subadmin2_code`, `population`, `time_zone`, `active`, `created_at`, `updated_at`) VALUES ('KP','{\"en\":\"Sakchu-ŭp\"}',125.05,40.39,'P','PPL','KP.11',NULL,18001,'Asia/Pyongyang',1,'2020-06-10 23:00:00','2020-06-10 23:00:00');
INSERT INTO `__PREFIX__cities` (`country_code`, `name`, `longitude`, `latitude`, `feature_class`, `feature_code`, `subadmin1_code`, `subadmin2_code`, `population`, `time_zone`, `active`, `created_at`, `updated_at`) VALUES ('KP','{\"en\":\"Puryŏng\"}',129.71,42.06,'P','PPL','KP.17',NULL,12267,'Asia/Pyongyang',1,'2012-01-18 23:00:00','2012-01-18 23:00:00');
INSERT INTO `__PREFIX__cities` (`country_code`, `name`, `longitude`, `latitude`, `feature_class`, `feature_code`, `subadmin1_code`, `subadmin2_code`, `population`, `time_zone`, `active`, `created_at`, `updated_at`) VALUES ('KP','{\"en\":\"Pukchil-lodongjagu\"}',125.75,40.20,'P','PPL','KP.11',NULL,14129,'Asia/Pyongyang',1,'2012-01-18 23:00:00','2012-01-18 23:00:00');
INSERT INTO `__PREFIX__cities` (`country_code`, `name`, `longitude`, `latitude`, `feature_class`, `feature_code`, `subadmin1_code`, `subadmin2_code`, `population`, `time_zone`, `active`, `created_at`, `updated_at`) VALUES ('KP','{\"en\":\"Yŏnggwang-ŭp\"}',127.45,40.02,'P','PPL','KP.03',NULL,21882,'Asia/Pyongyang',1,'2020-06-10 23:00:00','2020-06-10 23:00:00');
INSERT INTO `__PREFIX__cities` (`country_code`, `name`, `longitude`, `latitude`, `feature_class`, `feature_code`, `subadmin1_code`, `subadmin2_code`, `population`, `time_zone`, `active`, `created_at`, `updated_at`) VALUES ('KP','{\"en\":\"Onsŏng\"}',129.99,42.96,'P','PPL','KP.17',NULL,19806,'Asia/Pyongyang',1,'2012-01-18 23:00:00','2012-01-18 23:00:00');
INSERT INTO `__PREFIX__cities` (`country_code`, `name`, `longitude`, `latitude`, `feature_class`, `feature_code`, `subadmin1_code`, `subadmin2_code`, `population`, `time_zone`, `active`, `created_at`, `updated_at`) VALUES ('KP','{\"en\":\"Ranam\"}',129.68,41.71,'P','PPLA3','KP.17',NULL,34055,'Asia/Pyongyang',1,'2020-01-08 23:00:00','2020-01-08 23:00:00');
INSERT INTO `__PREFIX__cities` (`country_code`, `name`, `longitude`, `latitude`, `feature_class`, `feature_code`, `subadmin1_code`, `subadmin2_code`, `population`, `time_zone`, `active`, `created_at`, `updated_at`) VALUES ('KP','{\"en\":\"Namyang\"}',129.86,42.95,'P','PPLA3','KP.17',NULL,22218,'Asia/Pyongyang',1,'2019-10-09 23:00:00','2019-10-09 23:00:00');
INSERT INTO `__PREFIX__cities` (`country_code`, `name`, `longitude`, `latitude`, `feature_class`, `feature_code`, `subadmin1_code`, `subadmin2_code`, `population`, `time_zone`, `active`, `created_at`, `updated_at`) VALUES ('KP','{\"en\":\"Rajin\"}',130.28,42.26,'P','PPLA','KP.18',NULL,66224,'Asia/Pyongyang',1,'2019-09-04 23:00:00','2019-09-04 23:00:00');
INSERT INTO `__PREFIX__cities` (`country_code`, `name`, `longitude`, `latitude`, `feature_class`, `feature_code`, `subadmin1_code`, `subadmin2_code`, `population`, `time_zone`, `active`, `created_at`, `updated_at`) VALUES ('KP','{\"en\":\"Musan-ŭp\"}',129.21,42.23,'P','PPL','KP.17',NULL,21739,'Asia/Pyongyang',1,'2012-01-18 23:00:00','2012-01-18 23:00:00');
INSERT INTO `__PREFIX__cities` (`country_code`, `name`, `longitude`, `latitude`, `feature_class`, `feature_code`, `subadmin1_code`, `subadmin2_code`, `population`, `time_zone`, `active`, `created_at`, `updated_at`) VALUES ('KP','{\"en\":\"Manp’o\"}',126.29,41.15,'P','PPL','KP.01',NULL,116760,'Asia/Pyongyang',1,'2020-06-10 23:00:00','2020-06-10 23:00:00');
INSERT INTO `__PREFIX__cities` (`country_code`, `name`, `longitude`, `latitude`, `feature_class`, `feature_code`, `subadmin1_code`, `subadmin2_code`, `population`, `time_zone`, `active`, `created_at`, `updated_at`) VALUES ('KP','{\"en\":\"Kyŏngwŏn\"}',130.17,42.81,'P','PPL','KP.17',NULL,12650,'Asia/Pyongyang',1,'2020-06-10 23:00:00','2020-06-10 23:00:00');
INSERT INTO `__PREFIX__cities` (`country_code`, `name`, `longitude`, `latitude`, `feature_class`, `feature_code`, `subadmin1_code`, `subadmin2_code`, `population`, `time_zone`, `active`, `created_at`, `updated_at`) VALUES ('KP','{\"en\":\"Kyŏngsŏng\"}',129.61,41.59,'P','PPL','KP.17',NULL,35604,'Asia/Pyongyang',1,'2012-01-18 23:00:00','2012-01-18 23:00:00');
INSERT INTO `__PREFIX__cities` (`country_code`, `name`, `longitude`, `latitude`, `feature_class`, `feature_code`, `subadmin1_code`, `subadmin2_code`, `population`, `time_zone`, `active`, `created_at`, `updated_at`) VALUES ('KP','{\"en\":\"Kilju\"}',129.33,40.96,'P','PPL','KP.17',NULL,63652,'Asia/Pyongyang',1,'2012-01-18 23:00:00','2012-01-18 23:00:00');
INSERT INTO `__PREFIX__cities` (`country_code`, `name`, `longitude`, `latitude`, `feature_class`, `feature_code`, `subadmin1_code`, `subadmin2_code`, `population`, `time_zone`, `active`, `created_at`, `updated_at`) VALUES ('KP','{\"en\":\"Kapsan-ŭp\"}',128.29,41.09,'P','PPL','KP.13',NULL,20406,'Asia/Pyongyang',1,'2020-06-10 23:00:00','2020-06-10 23:00:00');
INSERT INTO `__PREFIX__cities` (`country_code`, `name`, `longitude`, `latitude`, `feature_class`, `feature_code`, `subadmin1_code`, `subadmin2_code`, `population`, `time_zone`, `active`, `created_at`, `updated_at`) VALUES ('KP','{\"en\":\"Kanggye\"}',126.59,40.97,'P','PPLA','KP.01',NULL,209530,'Asia/Pyongyang',1,'2017-01-04 23:00:00','2017-01-04 23:00:00');
INSERT INTO `__PREFIX__cities` (`country_code`, `name`, `longitude`, `latitude`, `feature_class`, `feature_code`, `subadmin1_code`, `subadmin2_code`, `population`, `time_zone`, `active`, `created_at`, `updated_at`) VALUES ('KP','{\"en\":\"Iwŏn-ŭp\"}',128.66,40.32,'P','PPL','KP.03',NULL,26364,'Asia/Pyongyang',1,'2020-06-10 23:00:00','2020-06-10 23:00:00');
INSERT INTO `__PREFIX__cities` (`country_code`, `name`, `longitude`, `latitude`, `feature_class`, `feature_code`, `subadmin1_code`, `subadmin2_code`, `population`, `time_zone`, `active`, `created_at`, `updated_at`) VALUES ('KP','{\"en\":\"Hyesan-dong\"}',128.19,41.40,'P','PPL','KP.13',NULL,97794,'Asia/Pyongyang',1,'2020-01-08 23:00:00','2020-01-08 23:00:00');
INSERT INTO `__PREFIX__cities` (`country_code`, `name`, `longitude`, `latitude`, `feature_class`, `feature_code`, `subadmin1_code`, `subadmin2_code`, `population`, `time_zone`, `active`, `created_at`, `updated_at`) VALUES ('KP','{\"en\":\"Hyesan\"}',128.18,41.40,'P','PPLA2','KP.13',NULL,192680,'Asia/Pyongyang',1,'2020-01-08 23:00:00','2020-01-08 23:00:00');
INSERT INTO `__PREFIX__cities` (`country_code`, `name`, `longitude`, `latitude`, `feature_class`, `feature_code`, `subadmin1_code`, `subadmin2_code`, `population`, `time_zone`, `active`, `created_at`, `updated_at`) VALUES ('KP','{\"en\":\"Hongwŏn\"}',127.96,40.03,'P','PPL','KP.03',NULL,70923,'Asia/Pyongyang',1,'2020-06-10 23:00:00','2020-06-10 23:00:00');
INSERT INTO `__PREFIX__cities` (`country_code`, `name`, `longitude`, `latitude`, `feature_class`, `feature_code`, `subadmin1_code`, `subadmin2_code`, `population`, `time_zone`, `active`, `created_at`, `updated_at`) VALUES ('KP','{\"en\":\"Hoeryŏng\"}',129.75,42.44,'P','PPLA2','KP.17',NULL,43831,'Asia/Pyongyang',1,'2020-06-10 23:00:00','2020-06-10 23:00:00');
INSERT INTO `__PREFIX__cities` (`country_code`, `name`, `longitude`, `latitude`, `feature_class`, `feature_code`, `subadmin1_code`, `subadmin2_code`, `population`, `time_zone`, `active`, `created_at`, `updated_at`) VALUES ('KP','{\"en\":\"Hoemul-li\"}',129.67,41.43,'P','PPLL','KP.17',NULL,11681,'Asia/Pyongyang',1,'2012-01-18 23:00:00','2012-01-18 23:00:00');
INSERT INTO `__PREFIX__cities` (`country_code`, `name`, `longitude`, `latitude`, `feature_class`, `feature_code`, `subadmin1_code`, `subadmin2_code`, `population`, `time_zone`, `active`, `created_at`, `updated_at`) VALUES ('KP','{\"en\":\"Hau-ri\"}',129.47,41.20,'P','PPLL','KP.17',NULL,13581,'Asia/Pyongyang',1,'2012-01-18 23:00:00','2012-01-18 23:00:00');
INSERT INTO `__PREFIX__cities` (`country_code`, `name`, `longitude`, `latitude`, `feature_class`, `feature_code`, `subadmin1_code`, `subadmin2_code`, `population`, `time_zone`, `active`, `created_at`, `updated_at`) VALUES ('KP','{\"en\":\"Chongjin\"}',129.78,41.80,'P','PPLA','KP.17',NULL,327000,'Asia/Pyongyang',1,'2013-05-21 23:00:00','2013-05-21 23:00:00');
INSERT INTO `__PREFIX__cities` (`country_code`, `name`, `longitude`, `latitude`, `feature_class`, `feature_code`, `subadmin1_code`, `subadmin2_code`, `population`, `time_zone`, `active`, `created_at`, `updated_at`) VALUES ('KP','{\"en\":\"Chasŏng\"}',126.64,41.46,'P','PPL','KP.01',NULL,12736,'Asia/Pyongyang',1,'2012-01-18 23:00:00','2012-01-18 23:00:00');
INSERT INTO `__PREFIX__cities` (`country_code`, `name`, `longitude`, `latitude`, `feature_class`, `feature_code`, `subadmin1_code`, `subadmin2_code`, `population`, `time_zone`, `active`, `created_at`, `updated_at`) VALUES ('KP','{\"en\":\"Aoji\"}',130.40,42.52,'P','PPL','KP.17',NULL,34248,'Asia/Pyongyang',1,'2019-09-04 23:00:00','2019-09-04 23:00:00');
INSERT INTO `__PREFIX__cities` (`country_code`, `name`, `longitude`, `latitude`, `feature_class`, `feature_code`, `subadmin1_code`, `subadmin2_code`, `population`, `time_zone`, `active`, `created_at`, `updated_at`) VALUES ('KP','{\"en\":\"Sŭngjibaegam\"}',128.80,41.24,'P','PPL','KP.13','KP.13.PAEGAM-GUN',11786,'Asia/Pyongyang',1,'2020-06-10 23:00:00','2020-06-10 23:00:00');
INSERT INTO `__PREFIX__cities` (`country_code`, `name`, `longitude`, `latitude`, `feature_class`, `feature_code`, `subadmin1_code`, `subadmin2_code`, `population`, `time_zone`, `active`, `created_at`, `updated_at`) VALUES ('KP','{\"en\":\"Komusan Il-tong\"}',129.70,42.11,'P','PPL','KP.17',NULL,12242,'Asia/Pyongyang',1,'2019-09-04 23:00:00','2019-09-04 23:00:00');
/*!40000 ALTER TABLE `__PREFIX__cities` ENABLE KEYS */;
/*!40103 SET TIME_ZONE=@OLD_TIME_ZONE */;

/*!40101 SET SQL_MODE=@OLD_SQL_MODE */;
/*!40014 SET FOREIGN_KEY_CHECKS=@OLD_FOREIGN_KEY_CHECKS */;
/*!40014 SET UNIQUE_CHECKS=@OLD_UNIQUE_CHECKS */;
/*!40101 SET CHARACTER_SET_CLIENT=@OLD_CHARACTER_SET_CLIENT */;
/*!40101 SET CHARACTER_SET_RESULTS=@OLD_CHARACTER_SET_RESULTS */;
/*!40101 SET COLLATION_CONNECTION=@OLD_COLLATION_CONNECTION */;
/*!40111 SET SQL_NOTES=@OLD_SQL_NOTES */;

-- Dump completed
