-- MySQL dump 10.13  Distrib 5.7.34, for osx10.12 (x86_64)
--
-- Host: 127.0.0.1    Database: laraclassifier
-- ------------------------------------------------------
-- Server version	5.7.34

/*!40101 SET @OLD_CHARACTER_SET_CLIENT=@@CHARACTER_SET_CLIENT */;
/*!40101 SET @OLD_CHARACTER_SET_RESULTS=@@CHARACTER_SET_RESULTS */;
/*!40101 SET @OLD_COLLATION_CONNECTION=@@COLLATION_CONNECTION */;
/*!40101 SET NAMES utf8 */;
/*!40103 SET @OLD_TIME_ZONE=@@TIME_ZONE */;
/*!40103 SET TIME_ZONE='+00:00' */;
/*!40014 SET @OLD_UNIQUE_CHECKS=@@UNIQUE_CHECKS, UNIQUE_CHECKS=0 */;
/*!40014 SET @OLD_FOREIGN_KEY_CHECKS=@@FOREIGN_KEY_CHECKS, FOREIGN_KEY_CHECKS=0 */;
/*!40101 SET @OLD_SQL_MODE=@@SQL_MODE, SQL_MODE='NO_AUTO_VALUE_ON_ZERO' */;
/*!40111 SET @OLD_SQL_NOTES=@@SQL_NOTES, SQL_NOTES=0 */;

--
-- Dumping data for table `__PREFIX__subadmin1`
--

/*!40000 ALTER TABLE `__PREFIX__subadmin1` DISABLE KEYS */;
INSERT INTO `__PREFIX__subadmin1` (`code`, `country_code`, `name`, `active`) VALUES ('KR.21','KR','{\"en\":\"Ulsan\"}',1);
INSERT INTO `__PREFIX__subadmin1` (`code`, `country_code`, `name`, `active`) VALUES ('KR.19','KR','{\"en\":\"Daejeon\"}',1);
INSERT INTO `__PREFIX__subadmin1` (`code`, `country_code`, `name`, `active`) VALUES ('KR.15','KR','{\"en\":\"Daegu\"}',1);
INSERT INTO `__PREFIX__subadmin1` (`code`, `country_code`, `name`, `active`) VALUES ('KR.11','KR','{\"en\":\"Seoul\"}',1);
INSERT INTO `__PREFIX__subadmin1` (`code`, `country_code`, `name`, `active`) VALUES ('KR.10','KR','{\"en\":\"Busan\"}',1);
INSERT INTO `__PREFIX__subadmin1` (`code`, `country_code`, `name`, `active`) VALUES ('KR.14','KR','{\"en\":\"Gyeongsangbuk-do\"}',1);
INSERT INTO `__PREFIX__subadmin1` (`code`, `country_code`, `name`, `active`) VALUES ('KR.13','KR','{\"en\":\"Gyeonggi-do\"}',1);
INSERT INTO `__PREFIX__subadmin1` (`code`, `country_code`, `name`, `active`) VALUES ('KR.18','KR','{\"en\":\"Gwangju\"}',1);
INSERT INTO `__PREFIX__subadmin1` (`code`, `country_code`, `name`, `active`) VALUES ('KR.06','KR','{\"en\":\"Gangwon-do\"}',1);
INSERT INTO `__PREFIX__subadmin1` (`code`, `country_code`, `name`, `active`) VALUES ('KR.12','KR','{\"en\":\"Incheon\"}',1);
INSERT INTO `__PREFIX__subadmin1` (`code`, `country_code`, `name`, `active`) VALUES ('KR.17','KR','{\"en\":\"Chungcheongnam-do\"}',1);
INSERT INTO `__PREFIX__subadmin1` (`code`, `country_code`, `name`, `active`) VALUES ('KR.05','KR','{\"en\":\"North Chungcheong\"}',1);
INSERT INTO `__PREFIX__subadmin1` (`code`, `country_code`, `name`, `active`) VALUES ('KR.16','KR','{\"en\":\"Jeollanam-do\"}',1);
INSERT INTO `__PREFIX__subadmin1` (`code`, `country_code`, `name`, `active`) VALUES ('KR.03','KR','{\"en\":\"Jeollabuk-do\"}',1);
INSERT INTO `__PREFIX__subadmin1` (`code`, `country_code`, `name`, `active`) VALUES ('KR.01','KR','{\"en\":\"Jeju-do\"}',1);
INSERT INTO `__PREFIX__subadmin1` (`code`, `country_code`, `name`, `active`) VALUES ('KR.20','KR','{\"en\":\"Gyeongsangnam-do\"}',1);
INSERT INTO `__PREFIX__subadmin1` (`code`, `country_code`, `name`, `active`) VALUES ('KR.22','KR','{\"en\":\"Sejong-si\"}',1);
/*!40000 ALTER TABLE `__PREFIX__subadmin1` ENABLE KEYS */;

--
-- Dumping data for table `__PREFIX__subadmin2`
--

/*!40000 ALTER TABLE `__PREFIX__subadmin2` DISABLE KEYS */;
INSERT INTO `__PREFIX__subadmin2` (`code`, `country_code`, `subadmin1_code`, `name`, `active`) VALUES ('KR.06.32330','KR','KR.06','{\"en\":\"Yeongwol-gun\"}',1);
INSERT INTO `__PREFIX__subadmin2` (`code`, `country_code`, `subadmin1_code`, `name`, `active`) VALUES ('KR.11.11030','KR','KR.11','{\"en\":\"Yongsan-gu\"}',1);
INSERT INTO `__PREFIX__subadmin2` (`code`, `country_code`, `subadmin1_code`, `name`, `active`) VALUES ('KR.13.31190','KR','KR.13','{\"en\":\"Yongin-si\"}',1);
INSERT INTO `__PREFIX__subadmin2` (`code`, `country_code`, `subadmin1_code`, `name`, `active`) VALUES ('KR.16.36440','KR','KR.16','{\"en\":\"Yeonggwang-gun\"}',1);
INSERT INTO `__PREFIX__subadmin2` (`code`, `country_code`, `subadmin1_code`, `name`, `active`) VALUES ('KR.11.11190','KR','KR.11','{\"en\":\"Yeongdeungpo-gu\"}',1);
INSERT INTO `__PREFIX__subadmin2` (`code`, `country_code`, `subadmin1_code`, `name`, `active`) VALUES ('KR.05.33340','KR','KR.05','{\"en\":\"Yeongdong-gun\"}',1);
INSERT INTO `__PREFIX__subadmin2` (`code`, `country_code`, `subadmin1_code`, `name`, `active`) VALUES ('KR.14.37350','KR','KR.14','{\"en\":\"Yeongdeok-gun\"}',1);
INSERT INTO `__PREFIX__subadmin2` (`code`, `country_code`, `subadmin1_code`, `name`, `active`) VALUES ('KR.10.21040','KR','KR.10','{\"en\":\"Yeongdo-gu\"}',1);
INSERT INTO `__PREFIX__subadmin2` (`code`, `country_code`, `subadmin1_code`, `name`, `active`) VALUES ('KR.14.37070','KR','KR.14','{\"en\":\"Yeongcheon-si\"}',1);
INSERT INTO `__PREFIX__subadmin2` (`code`, `country_code`, `subadmin1_code`, `name`, `active`) VALUES ('KR.16.36410','KR','KR.16','{\"en\":\"Yeongam-gun\"}',1);
INSERT INTO `__PREFIX__subadmin2` (`code`, `country_code`, `subadmin1_code`, `name`, `active`) VALUES ('KR.13.31350','KR','KR.13','{\"en\":\"Yeoncheon-gun\"}',1);
INSERT INTO `__PREFIX__subadmin2` (`code`, `country_code`, `subadmin1_code`, `name`, `active`) VALUES ('KR.13.31280','KR','KR.13','{\"en\":\"Yeoju-si\"}',1);
INSERT INTO `__PREFIX__subadmin2` (`code`, `country_code`, `subadmin1_code`, `name`, `active`) VALUES ('KR.16.36020','KR','KR.16','{\"en\":\"Yeosu-si\"}',1);
INSERT INTO `__PREFIX__subadmin2` (`code`, `country_code`, `subadmin1_code`, `name`, `active`) VALUES ('KR.17.34370','KR','KR.17','{\"en\":\"Yesan-gun\"}',1);
INSERT INTO `__PREFIX__subadmin2` (`code`, `country_code`, `subadmin1_code`, `name`, `active`) VALUES ('KR.14.37400','KR','KR.14','{\"en\":\"Yecheon-gun\"}',1);
INSERT INTO `__PREFIX__subadmin2` (`code`, `country_code`, `subadmin1_code`, `name`, `active`) VALUES ('KR.06.32410','KR','KR.06','{\"en\":\"Yangyang-gun\"}',1);
INSERT INTO `__PREFIX__subadmin2` (`code`, `country_code`, `subadmin1_code`, `name`, `active`) VALUES ('KR.20.38100','KR','KR.20','{\"en\":\"Yangsan-si\"}',1);
INSERT INTO `__PREFIX__subadmin2` (`code`, `country_code`, `subadmin1_code`, `name`, `active`) VALUES ('KR.13.31380','KR','KR.13','{\"en\":\"Yangpyeong-gun\"}',1);
INSERT INTO `__PREFIX__subadmin2` (`code`, `country_code`, `subadmin1_code`, `name`, `active`) VALUES ('KR.06.32380','KR','KR.06','{\"en\":\"Yanggu-gun\"}',1);
INSERT INTO `__PREFIX__subadmin2` (`code`, `country_code`, `subadmin1_code`, `name`, `active`) VALUES ('KR.06.32020','KR','KR.06','{\"en\":\"Wonju-si\"}',1);
INSERT INTO `__PREFIX__subadmin2` (`code`, `country_code`, `subadmin1_code`, `name`, `active`) VALUES ('KR.14.37020','KR','KR.14','{\"en\":\"Gyeongju\"}',1);
INSERT INTO `__PREFIX__subadmin2` (`code`, `country_code`, `subadmin1_code`, `name`, `active`) VALUES ('KR.16.36460','KR','KR.16','{\"en\":\"Wando-gun\"}',1);
INSERT INTO `__PREFIX__subadmin2` (`code`, `country_code`, `subadmin1_code`, `name`, `active`) VALUES ('KR.11.11120','KR','KR.11','{\"en\":\"Eunpyeong-gu\"}',1);
INSERT INTO `__PREFIX__subadmin2` (`code`, `country_code`, `subadmin1_code`, `name`, `active`) VALUES ('KR.05.33370','KR','KR.05','{\"en\":\"Eumseong-gun\"}',1);
INSERT INTO `__PREFIX__subadmin2` (`code`, `country_code`, `subadmin1_code`, `name`, `active`) VALUES ('KR.14.37430','KR','KR.14','{\"en\":\"Ulleung-gun\"}',1);
INSERT INTO `__PREFIX__subadmin2` (`code`, `country_code`, `subadmin1_code`, `name`, `active`) VALUES ('KR.21.26310','KR','KR.21','{\"en\":\"Ulju-gun\"}',1);
INSERT INTO `__PREFIX__subadmin2` (`code`, `country_code`, `subadmin1_code`, `name`, `active`) VALUES ('KR.14.37420','KR','KR.14','{\"en\":\"Uljin-gun\"}',1);
INSERT INTO `__PREFIX__subadmin2` (`code`, `country_code`, `subadmin1_code`, `name`, `active`) VALUES ('KR.14.37320','KR','KR.14','{\"en\":\"Uiseong-gun\"}',1);
INSERT INTO `__PREFIX__subadmin2` (`code`, `country_code`, `subadmin1_code`, `name`, `active`) VALUES ('KR.20.38310','KR','KR.20','{\"en\":\"Uiryeong-gun\"}',1);
INSERT INTO `__PREFIX__subadmin2` (`code`, `country_code`, `subadmin1_code`, `name`, `active`) VALUES ('KR.13.31030','KR','KR.13','{\"en\":\"Uijeongbu-si\"}',1);
INSERT INTO `__PREFIX__subadmin2` (`code`, `country_code`, `subadmin1_code`, `name`, `active`) VALUES ('KR.10.21060','KR','KR.10','{\"en\":\"Dongnae-gu\"}',1);
INSERT INTO `__PREFIX__subadmin2` (`code`, `country_code`, `subadmin1_code`, `name`, `active`) VALUES ('KR.11.11200','KR','KR.11','{\"en\":\"Dongjak-gu\"}',1);
INSERT INTO `__PREFIX__subadmin2` (`code`, `country_code`, `subadmin1_code`, `name`, `active`) VALUES ('KR.06.32040','KR','KR.06','{\"en\":\"Donghae-si\"}',1);
INSERT INTO `__PREFIX__subadmin2` (`code`, `country_code`, `subadmin1_code`, `name`, `active`) VALUES ('KR.10.21030','KR','KR.10','{\"en\":\"Dong-gu\"}',1);
INSERT INTO `__PREFIX__subadmin2` (`code`, `country_code`, `subadmin1_code`, `name`, `active`) VALUES ('KR.13.31080','KR','KR.13','{\"en\":\"Dongducheon\"}',1);
INSERT INTO `__PREFIX__subadmin2` (`code`, `country_code`, `subadmin1_code`, `name`, `active`) VALUES ('KR.11.11060','KR','KR.11','{\"en\":\"Dongdaemun-gu\"}',1);
INSERT INTO `__PREFIX__subadmin2` (`code`, `country_code`, `subadmin1_code`, `name`, `active`) VALUES ('KR.11.11100','KR','KR.11','{\"en\":\"Dobong-gu\"}',1);
INSERT INTO `__PREFIX__subadmin2` (`code`, `country_code`, `subadmin1_code`, `name`, `active`) VALUES ('KR.05.33380','KR','KR.05','{\"en\":\"Danyang-gun\"}',1);
INSERT INTO `__PREFIX__subadmin2` (`code`, `country_code`, `subadmin1_code`, `name`, `active`) VALUES ('KR.17.34080','KR','KR.17','{\"en\":\"Dangjin-si\"}',1);
INSERT INTO `__PREFIX__subadmin2` (`code`, `country_code`, `subadmin1_code`, `name`, `active`) VALUES ('KR.16.36310','KR','KR.16','{\"en\":\"Damyang-gun\"}',1);
INSERT INTO `__PREFIX__subadmin2` (`code`, `country_code`, `subadmin1_code`, `name`, `active`) VALUES ('KR.15.22310','KR','KR.15','{\"en\":\"Dalseong-gun\"}',1);
INSERT INTO `__PREFIX__subadmin2` (`code`, `country_code`, `subadmin1_code`, `name`, `active`) VALUES ('KR.19.25050','KR','KR.19','{\"en\":\"Daedeok-gu\"}',1);
INSERT INTO `__PREFIX__subadmin2` (`code`, `country_code`, `subadmin1_code`, `name`, `active`) VALUES ('KR.13.31010','KR','KR.13','{\"en\":\"Suwon-si\"}',1);
INSERT INTO `__PREFIX__subadmin2` (`code`, `country_code`, `subadmin1_code`, `name`, `active`) VALUES ('KR.16.36030','KR','KR.16','{\"en\":\"Suncheon-si\"}',1);
INSERT INTO `__PREFIX__subadmin2` (`code`, `country_code`, `subadmin1_code`, `name`, `active`) VALUES ('KR.03.35360','KR','KR.03','{\"en\":\"Sunchang-gun\"}',1);
INSERT INTO `__PREFIX__subadmin2` (`code`, `country_code`, `subadmin1_code`, `name`, `active`) VALUES ('KR.17.34050','KR','KR.17','{\"en\":\"Seosan-si\"}',1);
INSERT INTO `__PREFIX__subadmin2` (`code`, `country_code`, `subadmin1_code`, `name`, `active`) VALUES ('KR.13.31020','KR','KR.13','{\"en\":\"Seongnam-si\"}',1);
INSERT INTO `__PREFIX__subadmin2` (`code`, `country_code`, `subadmin1_code`, `name`, `active`) VALUES ('KR.14.37380','KR','KR.14','{\"en\":\"Seongju-gun\"}',1);
INSERT INTO `__PREFIX__subadmin2` (`code`, `country_code`, `subadmin1_code`, `name`, `active`) VALUES ('KR.11.11250','KR','KR.11','{\"en\":\"Gangdong-gu\"}',1);
INSERT INTO `__PREFIX__subadmin2` (`code`, `country_code`, `subadmin1_code`, `name`, `active`) VALUES ('KR.11.11090','KR','KR.11','{\"en\":\"Gangbuk-gu\"}',1);
INSERT INTO `__PREFIX__subadmin2` (`code`, `country_code`, `subadmin1_code`, `name`, `active`) VALUES ('KR.06.32060','KR','KR.06','{\"en\":\"Sokcho-si\"}',1);
INSERT INTO `__PREFIX__subadmin2` (`code`, `country_code`, `subadmin1_code`, `name`, `active`) VALUES ('KR.01.39020','KR','KR.01','{\"en\":\"Seogwipo-si\"}',1);
INSERT INTO `__PREFIX__subadmin2` (`code`, `country_code`, `subadmin1_code`, `name`, `active`) VALUES ('KR.10.21020','KR','KR.10','{\"en\":\"Seo-gu\"}',1);
INSERT INTO `__PREFIX__subadmin2` (`code`, `country_code`, `subadmin1_code`, `name`, `active`) VALUES ('KR.11.11130','KR','KR.11','{\"en\":\"Seodaemun-gu\"}',1);
INSERT INTO `__PREFIX__subadmin2` (`code`, `country_code`, `subadmin1_code`, `name`, `active`) VALUES ('KR.17.34340','KR','KR.17','{\"en\":\"Seocheon-gun\"}',1);
INSERT INTO `__PREFIX__subadmin2` (`code`, `country_code`, `subadmin1_code`, `name`, `active`) VALUES ('KR.16.36480','KR','KR.16','{\"en\":\"Sinan-gun\"}',1);
INSERT INTO `__PREFIX__subadmin2` (`code`, `country_code`, `subadmin1_code`, `name`, `active`) VALUES ('KR.13.31150','KR','KR.13','{\"en\":\"Siheung\"}',1);
INSERT INTO `__PREFIX__subadmin2` (`code`, `country_code`, `subadmin1_code`, `name`, `active`) VALUES ('KR.14.37080','KR','KR.14','{\"en\":\"Sangju-si\"}',1);
INSERT INTO `__PREFIX__subadmin2` (`code`, `country_code`, `subadmin1_code`, `name`, `active`) VALUES ('KR.20.38370','KR','KR.20','{\"en\":\"Sancheong-gun\"}',1);
INSERT INTO `__PREFIX__subadmin2` (`code`, `country_code`, `subadmin1_code`, `name`, `active`) VALUES ('KR.13.31070','KR','KR.13','{\"en\":\"Pyeongtaek\"}',1);
INSERT INTO `__PREFIX__subadmin2` (`code`, `country_code`, `subadmin1_code`, `name`, `active`) VALUES ('KR.06.32340','KR','KR.06','{\"en\":\"Pyeongchang-gun\"}',1);
INSERT INTO `__PREFIX__subadmin2` (`code`, `country_code`, `subadmin1_code`, `name`, `active`) VALUES ('KR.17.34330','KR','KR.17','{\"en\":\"Buyeo-gun\"}',1);
INSERT INTO `__PREFIX__subadmin2` (`code`, `country_code`, `subadmin1_code`, `name`, `active`) VALUES ('KR.13.31050','KR','KR.13','{\"en\":\"Bucheon-si\"}',1);
INSERT INTO `__PREFIX__subadmin2` (`code`, `country_code`, `subadmin1_code`, `name`, `active`) VALUES ('KR.03.35380','KR','KR.03','{\"en\":\"Buan-gun\"}',1);
INSERT INTO `__PREFIX__subadmin2` (`code`, `country_code`, `subadmin1_code`, `name`, `active`) VALUES ('KR.05.33320','KR','KR.05','{\"en\":\"Boeun-gun\"}',1);
INSERT INTO `__PREFIX__subadmin2` (`code`, `country_code`, `subadmin1_code`, `name`, `active`) VALUES ('KR.16.36360','KR','KR.16','{\"en\":\"Boseong-gun\"}',1);
INSERT INTO `__PREFIX__subadmin2` (`code`, `country_code`, `subadmin1_code`, `name`, `active`) VALUES ('KR.17.34030','KR','KR.17','{\"en\":\"Boryeong-si\"}',1);
INSERT INTO `__PREFIX__subadmin2` (`code`, `country_code`, `subadmin1_code`, `name`, `active`) VALUES ('KR.14.37410','KR','KR.14','{\"en\":\"Bonghwa-gun\"}',1);
INSERT INTO `__PREFIX__subadmin2` (`code`, `country_code`, `subadmin1_code`, `name`, `active`) VALUES ('KR.14.37010','KR','KR.14','{\"en\":\"Pohang-si\"}',1);
INSERT INTO `__PREFIX__subadmin2` (`code`, `country_code`, `subadmin1_code`, `name`, `active`) VALUES ('KR.13.31270','KR','KR.13','{\"en\":\"Pocheon-si\"}',1);
INSERT INTO `__PREFIX__subadmin2` (`code`, `country_code`, `subadmin1_code`, `name`, `active`) VALUES ('KR.13.31200','KR','KR.13','{\"en\":\"Paju-si\"}',1);
INSERT INTO `__PREFIX__subadmin2` (`code`, `country_code`, `subadmin1_code`, `name`, `active`) VALUES ('KR.05.33330','KR','KR.05','{\"en\":\"Okcheon-gun\"}',1);
INSERT INTO `__PREFIX__subadmin2` (`code`, `country_code`, `subadmin1_code`, `name`, `active`) VALUES ('KR.17.34060','KR','KR.17','{\"en\":\"Nonsan-si\"}',1);
INSERT INTO `__PREFIX__subadmin2` (`code`, `country_code`, `subadmin1_code`, `name`, `active`) VALUES ('KR.13.31130','KR','KR.13','{\"en\":\"Namyangju-si\"}',1);
INSERT INTO `__PREFIX__subadmin2` (`code`, `country_code`, `subadmin1_code`, `name`, `active`) VALUES ('KR.03.35050','KR','KR.03','{\"en\":\"Namwon\"}',1);
INSERT INTO `__PREFIX__subadmin2` (`code`, `country_code`, `subadmin1_code`, `name`, `active`) VALUES ('KR.20.38350','KR','KR.20','{\"en\":\"Namhae-gun\"}',1);
INSERT INTO `__PREFIX__subadmin2` (`code`, `country_code`, `subadmin1_code`, `name`, `active`) VALUES ('KR.16.36040','KR','KR.16','{\"en\":\"Naju-si\"}',1);
INSERT INTO `__PREFIX__subadmin2` (`code`, `country_code`, `subadmin1_code`, `name`, `active`) VALUES ('KR.03.35330','KR','KR.03','{\"en\":\"Muju-gun\"}',1);
INSERT INTO `__PREFIX__subadmin2` (`code`, `country_code`, `subadmin1_code`, `name`, `active`) VALUES ('KR.16.36420','KR','KR.16','{\"en\":\"Muan-gun\"}',1);
INSERT INTO `__PREFIX__subadmin2` (`code`, `country_code`, `subadmin1_code`, `name`, `active`) VALUES ('KR.16.36010','KR','KR.16','{\"en\":\"Mokpo-si\"}',1);
INSERT INTO `__PREFIX__subadmin2` (`code`, `country_code`, `subadmin1_code`, `name`, `active`) VALUES ('KR.20.38080','KR','KR.20','{\"en\":\"Miryang-si\"}',1);
INSERT INTO `__PREFIX__subadmin2` (`code`, `country_code`, `subadmin1_code`, `name`, `active`) VALUES ('KR.11.11140','KR','KR.11','{\"en\":\"Mapo-gu\"}',1);
INSERT INTO `__PREFIX__subadmin2` (`code`, `country_code`, `subadmin1_code`, `name`, `active`) VALUES ('KR.14.37100','KR','KR.14','{\"en\":\"Gyeongsan-si\"}',1);
INSERT INTO `__PREFIX__subadmin2` (`code`, `country_code`, `subadmin1_code`, `name`, `active`) VALUES ('KR.16.36060','KR','KR.16','{\"en\":\"Gwangyang-si\"}',1);
INSERT INTO `__PREFIX__subadmin2` (`code`, `country_code`, `subadmin1_code`, `name`, `active`) VALUES ('KR.18.24050','KR','KR.18','{\"en\":\"Gwangsan-gu\"}',1);
INSERT INTO `__PREFIX__subadmin2` (`code`, `country_code`, `subadmin1_code`, `name`, `active`) VALUES ('KR.13.31250','KR','KR.13','{\"en\":\"Gwangju-si\"}',1);
INSERT INTO `__PREFIX__subadmin2` (`code`, `country_code`, `subadmin1_code`, `name`, `active`) VALUES ('KR.11.11210','KR','KR.11','{\"en\":\"Gwanak-gu\"}',1);
INSERT INTO `__PREFIX__subadmin2` (`code`, `country_code`, `subadmin1_code`, `name`, `active`) VALUES ('KR.16.36330','KR','KR.16','{\"en\":\"Gurye-gun\"}',1);
INSERT INTO `__PREFIX__subadmin2` (`code`, `country_code`, `subadmin1_code`, `name`, `active`) VALUES ('KR.11.11170','KR','KR.11','{\"en\":\"Guro-gu\"}',1);
INSERT INTO `__PREFIX__subadmin2` (`code`, `country_code`, `subadmin1_code`, `name`, `active`) VALUES ('KR.14.37310','KR','KR.14','{\"en\":\"Gunwi-gun\"}',1);
INSERT INTO `__PREFIX__subadmin2` (`code`, `country_code`, `subadmin1_code`, `name`, `active`) VALUES ('KR.03.35020','KR','KR.03','{\"en\":\"Gunsan-si\"}',1);
INSERT INTO `__PREFIX__subadmin2` (`code`, `country_code`, `subadmin1_code`, `name`, `active`) VALUES ('KR.17.34310','KR','KR.17','{\"en\":\"Geumsan-gun\"}',1);
INSERT INTO `__PREFIX__subadmin2` (`code`, `country_code`, `subadmin1_code`, `name`, `active`) VALUES ('KR.13.31230','KR','KR.13','{\"en\":\"Gimpo-si\"}',1);
INSERT INTO `__PREFIX__subadmin2` (`code`, `country_code`, `subadmin1_code`, `name`, `active`) VALUES ('KR.03.35060','KR','KR.03','{\"en\":\"Gimje-si\"}',1);
INSERT INTO `__PREFIX__subadmin2` (`code`, `country_code`, `subadmin1_code`, `name`, `active`) VALUES ('KR.14.37050','KR','KR.14','{\"en\":\"Gumi-si\"}',1);
INSERT INTO `__PREFIX__subadmin2` (`code`, `country_code`, `subadmin1_code`, `name`, `active`) VALUES ('KR.13.31100','KR','KR.13','{\"en\":\"Goyang-si\"}',1);
INSERT INTO `__PREFIX__subadmin2` (`code`, `country_code`, `subadmin1_code`, `name`, `active`) VALUES ('KR.06.32400','KR','KR.06','{\"en\":\"Goseong-gun\"}',1);
INSERT INTO `__PREFIX__subadmin2` (`code`, `country_code`, `subadmin1_code`, `name`, `active`) VALUES ('KR.20.38340','KR','KR.20','{\"en\":\"Goseong-gun\"}',1);
INSERT INTO `__PREFIX__subadmin2` (`code`, `country_code`, `subadmin1_code`, `name`, `active`) VALUES ('KR.14.37370','KR','KR.14','{\"en\":\"Goryeong-gun\"}',1);
INSERT INTO `__PREFIX__subadmin2` (`code`, `country_code`, `subadmin1_code`, `name`, `active`) VALUES ('KR.17.34020','KR','KR.17','{\"en\":\"Gongju-si\"}',1);
INSERT INTO `__PREFIX__subadmin2` (`code`, `country_code`, `subadmin1_code`, `name`, `active`) VALUES ('KR.16.36320','KR','KR.16','{\"en\":\"Gokseong-gun\"}',1);
INSERT INTO `__PREFIX__subadmin2` (`code`, `country_code`, `subadmin1_code`, `name`, `active`) VALUES ('KR.20.38090','KR','KR.20','{\"en\":\"Geoje-si\"}',1);
INSERT INTO `__PREFIX__subadmin2` (`code`, `country_code`, `subadmin1_code`, `name`, `active`) VALUES ('KR.16.36350','KR','KR.16','{\"en\":\"Goheung-gun\"}',1);
INSERT INTO `__PREFIX__subadmin2` (`code`, `country_code`, `subadmin1_code`, `name`, `active`) VALUES ('KR.05.33360','KR','KR.05','{\"en\":\"Goesan-gun\"}',1);
INSERT INTO `__PREFIX__subadmin2` (`code`, `country_code`, `subadmin1_code`, `name`, `active`) VALUES ('KR.20.38390','KR','KR.20','{\"en\":\"Geochang-gun\"}',1);
INSERT INTO `__PREFIX__subadmin2` (`code`, `country_code`, `subadmin1_code`, `name`, `active`) VALUES ('KR.03.35370','KR','KR.03','{\"en\":\"Gochang-gun\"}',1);
INSERT INTO `__PREFIX__subadmin2` (`code`, `country_code`, `subadmin1_code`, `name`, `active`) VALUES ('KR.20.38070','KR','KR.20','{\"en\":\"Gimhae-si\"}',1);
INSERT INTO `__PREFIX__subadmin2` (`code`, `country_code`, `subadmin1_code`, `name`, `active`) VALUES ('KR.11.11160','KR','KR.11','{\"en\":\"Gangseo-gu\"}',1);
INSERT INTO `__PREFIX__subadmin2` (`code`, `country_code`, `subadmin1_code`, `name`, `active`) VALUES ('KR.06.32030','KR','KR.06','{\"en\":\"Gangneung-si\"}',1);
INSERT INTO `__PREFIX__subadmin2` (`code`, `country_code`, `subadmin1_code`, `name`, `active`) VALUES ('KR.11.11230','KR','KR.11','{\"en\":\"Gangnam-gu\"}',1);
INSERT INTO `__PREFIX__subadmin2` (`code`, `country_code`, `subadmin1_code`, `name`, `active`) VALUES ('KR.16.36390','KR','KR.16','{\"en\":\"Gangjin-gun\"}',1);
INSERT INTO `__PREFIX__subadmin2` (`code`, `country_code`, `subadmin1_code`, `name`, `active`) VALUES ('KR.12.23310','KR','KR.12','{\"en\":\"Ganghwa-gun\"}',1);
INSERT INTO `__PREFIX__subadmin2` (`code`, `country_code`, `subadmin1_code`, `name`, `active`) VALUES ('KR.06.32390','KR','KR.06','{\"en\":\"Inje-gun\"}',1);
INSERT INTO `__PREFIX__subadmin2` (`code`, `country_code`, `subadmin1_code`, `name`, `active`) VALUES ('KR.03.35350','KR','KR.03','{\"en\":\"Imsil-gun\"}',1);
INSERT INTO `__PREFIX__subadmin2` (`code`, `country_code`, `subadmin1_code`, `name`, `active`) VALUES ('KR.03.35030','KR','KR.03','{\"en\":\"Iksan-si\"}',1);
INSERT INTO `__PREFIX__subadmin2` (`code`, `country_code`, `subadmin1_code`, `name`, `active`) VALUES ('KR.13.31210','KR','KR.13','{\"en\":\"Icheon-si\"}',1);
INSERT INTO `__PREFIX__subadmin2` (`code`, `country_code`, `subadmin1_code`, `name`, `active`) VALUES ('KR.16.36370','KR','KR.16','{\"en\":\"Hwasun-gun\"}',1);
INSERT INTO `__PREFIX__subadmin2` (`code`, `country_code`, `subadmin1_code`, `name`, `active`) VALUES ('KR.17.34360','KR','KR.17','{\"en\":\"Hongseong-gun\"}',1);
INSERT INTO `__PREFIX__subadmin2` (`code`, `country_code`, `subadmin1_code`, `name`, `active`) VALUES ('KR.06.32310','KR','KR.06','{\"en\":\"Hongcheon-gun\"}',1);
INSERT INTO `__PREFIX__subadmin2` (`code`, `country_code`, `subadmin1_code`, `name`, `active`) VALUES ('KR.06.32320','KR','KR.06','{\"en\":\"Hoengseong-gun\"}',1);
INSERT INTO `__PREFIX__subadmin2` (`code`, `country_code`, `subadmin1_code`, `name`, `active`) VALUES ('KR.20.38400','KR','KR.20','{\"en\":\"Hapcheon-gun\"}',1);
INSERT INTO `__PREFIX__subadmin2` (`code`, `country_code`, `subadmin1_code`, `name`, `active`) VALUES ('KR.20.38380','KR','KR.20','{\"en\":\"Hamyang-gun\"}',1);
INSERT INTO `__PREFIX__subadmin2` (`code`, `country_code`, `subadmin1_code`, `name`, `active`) VALUES ('KR.16.36430','KR','KR.16','{\"en\":\"Hampyeong-gun\"}',1);
INSERT INTO `__PREFIX__subadmin2` (`code`, `country_code`, `subadmin1_code`, `name`, `active`) VALUES ('KR.20.38320','KR','KR.20','{\"en\":\"Haman-gun\"}',1);
INSERT INTO `__PREFIX__subadmin2` (`code`, `country_code`, `subadmin1_code`, `name`, `active`) VALUES ('KR.16.36400','KR','KR.16','{\"en\":\"Haenam-gun\"}',1);
INSERT INTO `__PREFIX__subadmin2` (`code`, `country_code`, `subadmin1_code`, `name`, `active`) VALUES ('KR.20.38360','KR','KR.20','{\"en\":\"Hadong-gun\"}',1);
INSERT INTO `__PREFIX__subadmin2` (`code`, `country_code`, `subadmin1_code`, `name`, `active`) VALUES ('KR.14.37060','KR','KR.14','{\"en\":\"Yeongju-si\"}',1);
INSERT INTO `__PREFIX__subadmin2` (`code`, `country_code`, `subadmin1_code`, `name`, `active`) VALUES ('KR.20.38050','KR','KR.20','{\"en\":\"Tongyeong-si\"}',1);
INSERT INTO `__PREFIX__subadmin2` (`code`, `country_code`, `subadmin1_code`, `name`, `active`) VALUES ('KR.05.33020','KR','KR.05','{\"en\":\"Chungju-si\"}',1);
INSERT INTO `__PREFIX__subadmin2` (`code`, `country_code`, `subadmin1_code`, `name`, `active`) VALUES ('KR.11.11020','KR','KR.11','{\"en\":\"Jung-gu\"}',1);
INSERT INTO `__PREFIX__subadmin2` (`code`, `country_code`, `subadmin1_code`, `name`, `active`) VALUES ('KR.10.21010','KR','KR.10','{\"en\":\"Jung-gu\"}',1);
INSERT INTO `__PREFIX__subadmin2` (`code`, `country_code`, `subadmin1_code`, `name`, `active`) VALUES ('KR.06.32010','KR','KR.06','{\"en\":\"Chuncheon-si\"}',1);
INSERT INTO `__PREFIX__subadmin2` (`code`, `country_code`, `subadmin1_code`, `name`, `active`) VALUES ('KR.06.32360','KR','KR.06','{\"en\":\"Cheorwon-gun\"}',1);
INSERT INTO `__PREFIX__subadmin2` (`code`, `country_code`, `subadmin1_code`, `name`, `active`) VALUES ('KR.03.35010','KR','KR.03','{\"en\":\"Jeonju-si\"}',1);
INSERT INTO `__PREFIX__subadmin2` (`code`, `country_code`, `subadmin1_code`, `name`, `active`) VALUES ('KR.17.34350','KR','KR.17','{\"en\":\"Cheongyang-gun\"}',1);
INSERT INTO `__PREFIX__subadmin2` (`code`, `country_code`, `subadmin1_code`, `name`, `active`) VALUES ('KR.03.35040','KR','KR.03','{\"en\":\"Jeongeup-si\"}',1);
INSERT INTO `__PREFIX__subadmin2` (`code`, `country_code`, `subadmin1_code`, `name`, `active`) VALUES ('KR.06.32350','KR','KR.06','{\"en\":\"Jeongseon-gun\"}',1);
INSERT INTO `__PREFIX__subadmin2` (`code`, `country_code`, `subadmin1_code`, `name`, `active`) VALUES ('KR.11.11010','KR','KR.11','{\"en\":\"Jongno-gu\"}',1);
INSERT INTO `__PREFIX__subadmin2` (`code`, `country_code`, `subadmin1_code`, `name`, `active`) VALUES ('KR.05.33010','KR','KR.05','{\"en\":\"Cheongju-si\"}',1);
INSERT INTO `__PREFIX__subadmin2` (`code`, `country_code`, `subadmin1_code`, `name`, `active`) VALUES ('KR.14.37360','KR','KR.14','{\"en\":\"Cheongdo-gun\"}',1);
INSERT INTO `__PREFIX__subadmin2` (`code`, `country_code`, `subadmin1_code`, `name`, `active`) VALUES ('KR.17.34010','KR','KR.17','{\"en\":\"Cheonan-si\"}',1);
INSERT INTO `__PREFIX__subadmin2` (`code`, `country_code`, `subadmin1_code`, `name`, `active`) VALUES ('KR.20.38030','KR','KR.20','{\"en\":\"Jinju-si\"}',1);
INSERT INTO `__PREFIX__subadmin2` (`code`, `country_code`, `subadmin1_code`, `name`, `active`) VALUES ('KR.16.36470','KR','KR.16','{\"en\":\"Jindo-gun\"}',1);
INSERT INTO `__PREFIX__subadmin2` (`code`, `country_code`, `subadmin1_code`, `name`, `active`) VALUES ('KR.05.33350','KR','KR.05','{\"en\":\"Jincheon-gun\"}',1);
INSERT INTO `__PREFIX__subadmin2` (`code`, `country_code`, `subadmin1_code`, `name`, `active`) VALUES ('KR.03.35320','KR','KR.03','{\"en\":\"Jinan-gun\"}',1);
INSERT INTO `__PREFIX__subadmin2` (`code`, `country_code`, `subadmin1_code`, `name`, `active`) VALUES ('KR.14.37390','KR','KR.14','{\"en\":\"Chilgok-gun\"}',1);
INSERT INTO `__PREFIX__subadmin2` (`code`, `country_code`, `subadmin1_code`, `name`, `active`) VALUES ('KR.01.39010','KR','KR.01','{\"en\":\"Jeju-si\"}',1);
INSERT INTO `__PREFIX__subadmin2` (`code`, `country_code`, `subadmin1_code`, `name`, `active`) VALUES ('KR.05.33030','KR','KR.05','{\"en\":\"Jecheon-si\"}',1);
INSERT INTO `__PREFIX__subadmin2` (`code`, `country_code`, `subadmin1_code`, `name`, `active`) VALUES ('KR.20.38110','KR','KR.20','{\"en\":\"Changwon-si\"}',1);
INSERT INTO `__PREFIX__subadmin2` (`code`, `country_code`, `subadmin1_code`, `name`, `active`) VALUES ('KR.03.35340','KR','KR.03','{\"en\":\"Jangsu-gun\"}',1);
INSERT INTO `__PREFIX__subadmin2` (`code`, `country_code`, `subadmin1_code`, `name`, `active`) VALUES ('KR.16.36450','KR','KR.16','{\"en\":\"Jangseong-gun\"}',1);
INSERT INTO `__PREFIX__subadmin2` (`code`, `country_code`, `subadmin1_code`, `name`, `active`) VALUES ('KR.20.38330','KR','KR.20','{\"en\":\"Changnyeong-gun\"}',1);
INSERT INTO `__PREFIX__subadmin2` (`code`, `country_code`, `subadmin1_code`, `name`, `active`) VALUES ('KR.16.36380','KR','KR.16','{\"en\":\"Jangheung-gun\"}',1);
INSERT INTO `__PREFIX__subadmin2` (`code`, `country_code`, `subadmin1_code`, `name`, `active`) VALUES ('KR.17.34040','KR','KR.17','{\"en\":\"Asan-si\"}',1);
INSERT INTO `__PREFIX__subadmin2` (`code`, `country_code`, `subadmin1_code`, `name`, `active`) VALUES ('KR.13.31040','KR','KR.13','{\"en\":\"Anyang-si\"}',1);
INSERT INTO `__PREFIX__subadmin2` (`code`, `country_code`, `subadmin1_code`, `name`, `active`) VALUES ('KR.13.31220','KR','KR.13','{\"en\":\"Anseong\"}',1);
INSERT INTO `__PREFIX__subadmin2` (`code`, `country_code`, `subadmin1_code`, `name`, `active`) VALUES ('KR.14.37040','KR','KR.14','{\"en\":\"Andong-si\"}',1);
INSERT INTO `__PREFIX__subadmin2` (`code`, `country_code`, `subadmin1_code`, `name`, `active`) VALUES ('KR.10.21100','KR','KR.10','{\"en\":\"Saha-gu\"}',1);
INSERT INTO `__PREFIX__subadmin2` (`code`, `country_code`, `subadmin1_code`, `name`, `active`) VALUES ('KR.11.11040','KR','KR.11','{\"en\":\"Seongdong-gu\"}',1);
INSERT INTO `__PREFIX__subadmin2` (`code`, `country_code`, `subadmin1_code`, `name`, `active`) VALUES ('KR.11.11050','KR','KR.11','{\"en\":\"Gwangjin-gu\"}',1);
INSERT INTO `__PREFIX__subadmin2` (`code`, `country_code`, `subadmin1_code`, `name`, `active`) VALUES ('KR.11.11070','KR','KR.11','{\"en\":\"Jungnang-gu\"}',1);
INSERT INTO `__PREFIX__subadmin2` (`code`, `country_code`, `subadmin1_code`, `name`, `active`) VALUES ('KR.11.11110','KR','KR.11','{\"en\":\"Nowon-gu\"}',1);
INSERT INTO `__PREFIX__subadmin2` (`code`, `country_code`, `subadmin1_code`, `name`, `active`) VALUES ('KR.11.11080','KR','KR.11','{\"en\":\"Seongbuk-gu\"}',1);
INSERT INTO `__PREFIX__subadmin2` (`code`, `country_code`, `subadmin1_code`, `name`, `active`) VALUES ('KR.11.11150','KR','KR.11','{\"en\":\"Yangcheon-gu\"}',1);
INSERT INTO `__PREFIX__subadmin2` (`code`, `country_code`, `subadmin1_code`, `name`, `active`) VALUES ('KR.11.11180','KR','KR.11','{\"en\":\"Geumcheon-gu\"}',1);
INSERT INTO `__PREFIX__subadmin2` (`code`, `country_code`, `subadmin1_code`, `name`, `active`) VALUES ('KR.11.11220','KR','KR.11','{\"en\":\"Seocho-gu\"}',1);
INSERT INTO `__PREFIX__subadmin2` (`code`, `country_code`, `subadmin1_code`, `name`, `active`) VALUES ('KR.11.11240','KR','KR.11','{\"en\":\"Songpa-gu\"}',1);
INSERT INTO `__PREFIX__subadmin2` (`code`, `country_code`, `subadmin1_code`, `name`, `active`) VALUES ('KR.06.32370','KR','KR.06','{\"en\":\"Hwacheon-gun\"}',1);
INSERT INTO `__PREFIX__subadmin2` (`code`, `country_code`, `subadmin1_code`, `name`, `active`) VALUES ('KR.06.32050','KR','KR.06','{\"en\":\"Taebaek-si\"}',1);
INSERT INTO `__PREFIX__subadmin2` (`code`, `country_code`, `subadmin1_code`, `name`, `active`) VALUES ('KR.13.31180','KR','KR.13','{\"en\":\"Hanam-si\"}',1);
INSERT INTO `__PREFIX__subadmin2` (`code`, `country_code`, `subadmin1_code`, `name`, `active`) VALUES ('KR.13.31090','KR','KR.13','{\"en\":\"Ansan-si\"}',1);
INSERT INTO `__PREFIX__subadmin2` (`code`, `country_code`, `subadmin1_code`, `name`, `active`) VALUES ('KR.13.31160','KR','KR.13','{\"en\":\"Gunpo-si\"}',1);
INSERT INTO `__PREFIX__subadmin2` (`code`, `country_code`, `subadmin1_code`, `name`, `active`) VALUES ('KR.13.31060','KR','KR.13','{\"en\":\"Gwangmyeong-si\"}',1);
INSERT INTO `__PREFIX__subadmin2` (`code`, `country_code`, `subadmin1_code`, `name`, `active`) VALUES ('KR.13.31140','KR','KR.13','{\"en\":\"Osan-si\"}',1);
INSERT INTO `__PREFIX__subadmin2` (`code`, `country_code`, `subadmin1_code`, `name`, `active`) VALUES ('KR.13.31170','KR','KR.13','{\"en\":\"Uiwang-si\"}',1);
INSERT INTO `__PREFIX__subadmin2` (`code`, `country_code`, `subadmin1_code`, `name`, `active`) VALUES ('KR.13.31110','KR','KR.13','{\"en\":\"Gwacheon-si\"}',1);
INSERT INTO `__PREFIX__subadmin2` (`code`, `country_code`, `subadmin1_code`, `name`, `active`) VALUES ('KR.13.31120','KR','KR.13','{\"en\":\"Guri-si\"}',1);
INSERT INTO `__PREFIX__subadmin2` (`code`, `country_code`, `subadmin1_code`, `name`, `active`) VALUES ('KR.13.31260','KR','KR.13','{\"en\":\"Yangju-si\"}',1);
INSERT INTO `__PREFIX__subadmin2` (`code`, `country_code`, `subadmin1_code`, `name`, `active`) VALUES ('KR.12.23080','KR','KR.12','{\"en\":\"Seo-gu\"}',1);
INSERT INTO `__PREFIX__subadmin2` (`code`, `country_code`, `subadmin1_code`, `name`, `active`) VALUES ('KR.12.23070','KR','KR.12','{\"en\":\"Gyeyang-gu\"}',1);
INSERT INTO `__PREFIX__subadmin2` (`code`, `country_code`, `subadmin1_code`, `name`, `active`) VALUES ('KR.12.23060','KR','KR.12','{\"en\":\"Bupyeong-gu\"}',1);
INSERT INTO `__PREFIX__subadmin2` (`code`, `country_code`, `subadmin1_code`, `name`, `active`) VALUES ('KR.12.23050','KR','KR.12','{\"en\":\"Namdong-gu\"}',1);
INSERT INTO `__PREFIX__subadmin2` (`code`, `country_code`, `subadmin1_code`, `name`, `active`) VALUES ('KR.12.23040','KR','KR.12','{\"en\":\"Yeonsu-gu\"}',1);
INSERT INTO `__PREFIX__subadmin2` (`code`, `country_code`, `subadmin1_code`, `name`, `active`) VALUES ('KR.12.23020','KR','KR.12','{\"en\":\"Dong-gu\"}',1);
INSERT INTO `__PREFIX__subadmin2` (`code`, `country_code`, `subadmin1_code`, `name`, `active`) VALUES ('KR.17.34380','KR','KR.17','{\"en\":\"Taean-gun\"}',1);
INSERT INTO `__PREFIX__subadmin2` (`code`, `country_code`, `subadmin1_code`, `name`, `active`) VALUES ('KR.17.34070','KR','KR.17','{\"en\":\"Gyeryong-si\"}',1);
INSERT INTO `__PREFIX__subadmin2` (`code`, `country_code`, `subadmin1_code`, `name`, `active`) VALUES ('KR.05.33390','KR','KR.05','{\"en\":\"Jeungpyeong-gun\"}',1);
INSERT INTO `__PREFIX__subadmin2` (`code`, `country_code`, `subadmin1_code`, `name`, `active`) VALUES ('KR.19.25040','KR','KR.19','{\"en\":\"Yuseong-gu\"}',1);
INSERT INTO `__PREFIX__subadmin2` (`code`, `country_code`, `subadmin1_code`, `name`, `active`) VALUES ('KR.19.25030','KR','KR.19','{\"en\":\"Seo-gu\"}',1);
INSERT INTO `__PREFIX__subadmin2` (`code`, `country_code`, `subadmin1_code`, `name`, `active`) VALUES ('KR.19.25020','KR','KR.19','{\"en\":\"Jung-gu\"}',1);
INSERT INTO `__PREFIX__subadmin2` (`code`, `country_code`, `subadmin1_code`, `name`, `active`) VALUES ('KR.19.25010','KR','KR.19','{\"en\":\"Dong-gu\"}',1);
INSERT INTO `__PREFIX__subadmin2` (`code`, `country_code`, `subadmin1_code`, `name`, `active`) VALUES ('KR.14.37340','KR','KR.14','{\"en\":\"Yeongyang-gun\"}',1);
INSERT INTO `__PREFIX__subadmin2` (`code`, `country_code`, `subadmin1_code`, `name`, `active`) VALUES ('KR.15.22070','KR','KR.15','{\"en\":\"Dalseo-gu\"}',1);
INSERT INTO `__PREFIX__subadmin2` (`code`, `country_code`, `subadmin1_code`, `name`, `active`) VALUES ('KR.15.22030','KR','KR.15','{\"en\":\"Seo-gu\"}',1);
INSERT INTO `__PREFIX__subadmin2` (`code`, `country_code`, `subadmin1_code`, `name`, `active`) VALUES ('KR.15.22040','KR','KR.15','{\"en\":\"Nam-gu\"}',1);
INSERT INTO `__PREFIX__subadmin2` (`code`, `country_code`, `subadmin1_code`, `name`, `active`) VALUES ('KR.15.22010','KR','KR.15','{\"en\":\"Jung-gu\"}',1);
INSERT INTO `__PREFIX__subadmin2` (`code`, `country_code`, `subadmin1_code`, `name`, `active`) VALUES ('KR.15.22050','KR','KR.15','{\"en\":\"Buk-gu\"}',1);
INSERT INTO `__PREFIX__subadmin2` (`code`, `country_code`, `subadmin1_code`, `name`, `active`) VALUES ('KR.15.22020','KR','KR.15','{\"en\":\"Dong-gu\"}',1);
INSERT INTO `__PREFIX__subadmin2` (`code`, `country_code`, `subadmin1_code`, `name`, `active`) VALUES ('KR.15.22060','KR','KR.15','{\"en\":\"Suseong-gu\"}',1);
INSERT INTO `__PREFIX__subadmin2` (`code`, `country_code`, `subadmin1_code`, `name`, `active`) VALUES ('KR.18.24020','KR','KR.18','{\"en\":\"Seo-gu\"}',1);
INSERT INTO `__PREFIX__subadmin2` (`code`, `country_code`, `subadmin1_code`, `name`, `active`) VALUES ('KR.18.24030','KR','KR.18','{\"en\":\"Nam-gu\"}',1);
INSERT INTO `__PREFIX__subadmin2` (`code`, `country_code`, `subadmin1_code`, `name`, `active`) VALUES ('KR.18.24040','KR','KR.18','{\"en\":\"Buk-gu\"}',1);
INSERT INTO `__PREFIX__subadmin2` (`code`, `country_code`, `subadmin1_code`, `name`, `active`) VALUES ('KR.18.24010','KR','KR.18','{\"en\":\"Dong-gu\"}',1);
INSERT INTO `__PREFIX__subadmin2` (`code`, `country_code`, `subadmin1_code`, `name`, `active`) VALUES ('KR.10.21150','KR','KR.10','{\"en\":\"Sasang-gu\"}',1);
INSERT INTO `__PREFIX__subadmin2` (`code`, `country_code`, `subadmin1_code`, `name`, `active`) VALUES ('KR.10.21130','KR','KR.10','{\"en\":\"Yeonje-gu\"}',1);
INSERT INTO `__PREFIX__subadmin2` (`code`, `country_code`, `subadmin1_code`, `name`, `active`) VALUES ('KR.10.21090','KR','KR.10','{\"en\":\"Haeundae-gu\"}',1);
INSERT INTO `__PREFIX__subadmin2` (`code`, `country_code`, `subadmin1_code`, `name`, `active`) VALUES ('KR.10.21120','KR','KR.10','{\"en\":\"Gangseo-gu\"}',1);
INSERT INTO `__PREFIX__subadmin2` (`code`, `country_code`, `subadmin1_code`, `name`, `active`) VALUES ('KR.10.21110','KR','KR.10','{\"en\":\"Geumjeong-gu\"}',1);
INSERT INTO `__PREFIX__subadmin2` (`code`, `country_code`, `subadmin1_code`, `name`, `active`) VALUES ('KR.10.21310','KR','KR.10','{\"en\":\"Gijang-gun\"}',1);
INSERT INTO `__PREFIX__subadmin2` (`code`, `country_code`, `subadmin1_code`, `name`, `active`) VALUES ('KR.12.23320','KR','KR.12','{\"en\":\"Ongjin-gun\"}',1);
INSERT INTO `__PREFIX__subadmin2` (`code`, `country_code`, `subadmin1_code`, `name`, `active`) VALUES ('KR.10.21140','KR','KR.10','{\"en\":\"Suyeong-gu\"}',1);
INSERT INTO `__PREFIX__subadmin2` (`code`, `country_code`, `subadmin1_code`, `name`, `active`) VALUES ('KR.14.37030','KR','KR.14','{\"en\":\"Gimcheon-si\"}',1);
INSERT INTO `__PREFIX__subadmin2` (`code`, `country_code`, `subadmin1_code`, `name`, `active`) VALUES ('KR.13.31240','KR','KR.13','{\"en\":\"Hwaseong-si\"}',1);
INSERT INTO `__PREFIX__subadmin2` (`code`, `country_code`, `subadmin1_code`, `name`, `active`) VALUES ('KR.14.37090','KR','KR.14','{\"en\":\"Mungyeong-si\"}',1);
INSERT INTO `__PREFIX__subadmin2` (`code`, `country_code`, `subadmin1_code`, `name`, `active`) VALUES ('KR.20.38060','KR','KR.20','{\"en\":\"Sacheon-si\"}',1);
INSERT INTO `__PREFIX__subadmin2` (`code`, `country_code`, `subadmin1_code`, `name`, `active`) VALUES ('KR.06.32070','KR','KR.06','{\"en\":\"Samcheok-si\"}',1);
INSERT INTO `__PREFIX__subadmin2` (`code`, `country_code`, `subadmin1_code`, `name`, `active`) VALUES ('KR.03.35310','KR','KR.03','{\"en\":\"Wanju-gun\"}',1);
INSERT INTO `__PREFIX__subadmin2` (`code`, `country_code`, `subadmin1_code`, `name`, `active`) VALUES ('KR.14.37330','KR','KR.14','{\"en\":\"Cheongsong-gun\"}',1);
INSERT INTO `__PREFIX__subadmin2` (`code`, `country_code`, `subadmin1_code`, `name`, `active`) VALUES ('KR.13.31370','KR','KR.13','{\"en\":\"Gapyeong-gun\"}',1);
INSERT INTO `__PREFIX__subadmin2` (`code`, `country_code`, `subadmin1_code`, `name`, `active`) VALUES ('KR.10.21050','KR','KR.10','{\"en\":\"Busanjin-gu\"}',1);
INSERT INTO `__PREFIX__subadmin2` (`code`, `country_code`, `subadmin1_code`, `name`, `active`) VALUES ('KR.12.23010','KR','KR.12','{\"en\":\"Jung-gu\"}',1);
INSERT INTO `__PREFIX__subadmin2` (`code`, `country_code`, `subadmin1_code`, `name`, `active`) VALUES ('KR.12.23030','KR','KR.12','{\"en\":\"Michuhol\"}',1);
INSERT INTO `__PREFIX__subadmin2` (`code`, `country_code`, `subadmin1_code`, `name`, `active`) VALUES ('KR.21.26020','KR','KR.21','{\"en\":\"Nam-gu\"}',1);
INSERT INTO `__PREFIX__subadmin2` (`code`, `country_code`, `subadmin1_code`, `name`, `active`) VALUES ('KR.21.26030','KR','KR.21','{\"en\":\"Dong-gu\"}',1);
INSERT INTO `__PREFIX__subadmin2` (`code`, `country_code`, `subadmin1_code`, `name`, `active`) VALUES ('KR.21.26010','KR','KR.21','{\"en\":\"Jung-gu\"}',1);
INSERT INTO `__PREFIX__subadmin2` (`code`, `country_code`, `subadmin1_code`, `name`, `active`) VALUES ('KR.21.26040','KR','KR.21','{\"en\":\"Buk-gu\"}',1);
INSERT INTO `__PREFIX__subadmin2` (`code`, `country_code`, `subadmin1_code`, `name`, `active`) VALUES ('KR.10.21080','KR','KR.10','{\"en\":\"Buk-gu\"}',1);
INSERT INTO `__PREFIX__subadmin2` (`code`, `country_code`, `subadmin1_code`, `name`, `active`) VALUES ('KR.10.21070','KR','KR.10','{\"en\":\"Nam-gu\"}',1);
INSERT INTO `__PREFIX__subadmin2` (`code`, `country_code`, `subadmin1_code`, `name`, `active`) VALUES ('KR.22.29010','KR','KR.22','{\"en\":\"Sejong-Si\"}',1);
/*!40000 ALTER TABLE `__PREFIX__subadmin2` ENABLE KEYS */;

--
-- Dumping data for table `__PREFIX__cities`
--

/*!40000 ALTER TABLE `__PREFIX__cities` DISABLE KEYS */;
INSERT INTO `__PREFIX__cities` (`country_code`, `name`, `longitude`, `latitude`, `feature_class`, `feature_code`, `subadmin1_code`, `subadmin2_code`, `population`, `time_zone`, `active`, `created_at`, `updated_at`) VALUES ('KR','{\"en\":\"Heunghae\"}',129.35,36.11,'P','PPLA3','KR.14',NULL,36080,'Asia/Seoul',1,'2016-09-08 23:00:00','2016-09-08 23:00:00');
INSERT INTO `__PREFIX__cities` (`country_code`, `name`, `longitude`, `latitude`, `feature_class`, `feature_code`, `subadmin1_code`, `subadmin2_code`, `population`, `time_zone`, `active`, `created_at`, `updated_at`) VALUES ('KR','{\"en\":\"Yeonil\"}',129.35,36.00,'P','PPL','KR.14',NULL,34560,'Asia/Seoul',1,'2021-12-02 23:00:00','2021-12-02 23:00:00');
INSERT INTO `__PREFIX__cities` (`country_code`, `name`, `longitude`, `latitude`, `feature_class`, `feature_code`, `subadmin1_code`, `subadmin2_code`, `population`, `time_zone`, `active`, `created_at`, `updated_at`) VALUES ('KR','{\"en\":\"Neietsu\"}',128.47,37.18,'P','PPL','KR.06',NULL,25413,'Asia/Seoul',1,'2012-01-17 23:00:00','2012-01-17 23:00:00');
INSERT INTO `__PREFIX__cities` (`country_code`, `name`, `longitude`, `latitude`, `feature_class`, `feature_code`, `subadmin1_code`, `subadmin2_code`, `population`, `time_zone`, `active`, `created_at`, `updated_at`) VALUES ('KR','{\"en\":\"Eisen\"}',128.63,36.82,'P','PPL','KR.14',NULL,84625,'Asia/Seoul',1,'2021-11-09 23:00:00','2021-11-09 23:00:00');
INSERT INTO `__PREFIX__cities` (`country_code`, `name`, `longitude`, `latitude`, `feature_class`, `feature_code`, `subadmin1_code`, `subadmin2_code`, `population`, `time_zone`, `active`, `created_at`, `updated_at`) VALUES ('KR','{\"en\":\"Yeonggwang\"}',126.51,35.28,'P','PPLA3','KR.16',NULL,19909,'Asia/Seoul',1,'2018-08-07 23:00:00','2018-08-07 23:00:00');
INSERT INTO `__PREFIX__cities` (`country_code`, `name`, `longitude`, `latitude`, `feature_class`, `feature_code`, `subadmin1_code`, `subadmin2_code`, `population`, `time_zone`, `active`, `created_at`, `updated_at`) VALUES ('KR','{\"en\":\"Yeongdong\"}',127.78,36.17,'P','PPLA2','KR.05',NULL,24154,'Asia/Seoul',1,'2019-09-04 23:00:00','2019-09-04 23:00:00');
INSERT INTO `__PREFIX__cities` (`country_code`, `name`, `longitude`, `latitude`, `feature_class`, `feature_code`, `subadmin1_code`, `subadmin2_code`, `population`, `time_zone`, `active`, `created_at`, `updated_at`) VALUES ('KR','{\"en\":\"Eisen\"}',128.93,35.97,'P','PPL','KR.14',NULL,56006,'Asia/Seoul',1,'2012-01-17 23:00:00','2012-01-17 23:00:00');
INSERT INTO `__PREFIX__cities` (`country_code`, `name`, `longitude`, `latitude`, `feature_class`, `feature_code`, `subadmin1_code`, `subadmin2_code`, `population`, `time_zone`, `active`, `created_at`, `updated_at`) VALUES ('KR','{\"en\":\"Yeoju\"}',127.63,37.30,'P','PPL','KR.13',NULL,37490,'Asia/Seoul',1,'2021-12-01 23:00:00','2021-12-01 23:00:00');
INSERT INTO `__PREFIX__cities` (`country_code`, `name`, `longitude`, `latitude`, `feature_class`, `feature_code`, `subadmin1_code`, `subadmin2_code`, `population`, `time_zone`, `active`, `created_at`, `updated_at`) VALUES ('KR','{\"en\":\"Yesan\"}',126.84,36.68,'P','PPL','KR.17',NULL,39409,'Asia/Seoul',1,'2021-12-02 23:00:00','2021-12-02 23:00:00');
INSERT INTO `__PREFIX__cities` (`country_code`, `name`, `longitude`, `latitude`, `feature_class`, `feature_code`, `subadmin1_code`, `subadmin2_code`, `population`, `time_zone`, `active`, `created_at`, `updated_at`) VALUES ('KR','{\"en\":\"Yangsan\"}',129.03,35.34,'P','PPLA2','KR.20',NULL,71936,'Asia/Seoul',1,'2016-03-09 23:00:00','2016-03-09 23:00:00');
INSERT INTO `__PREFIX__cities` (`country_code`, `name`, `longitude`, `latitude`, `feature_class`, `feature_code`, `subadmin1_code`, `subadmin2_code`, `population`, `time_zone`, `active`, `created_at`, `updated_at`) VALUES ('KR','{\"en\":\"Yangp\'yŏng\"}',127.49,37.49,'P','PPL','KR.13',NULL,83367,'Asia/Seoul',1,'2010-08-11 23:00:00','2010-08-11 23:00:00');
INSERT INTO `__PREFIX__cities` (`country_code`, `name`, `longitude`, `latitude`, `feature_class`, `feature_code`, `subadmin1_code`, `subadmin2_code`, `population`, `time_zone`, `active`, `created_at`, `updated_at`) VALUES ('KR','{\"en\":\"Yangju\"}',127.06,37.83,'P','PPL','KR.13',NULL,179923,'Asia/Seoul',1,'2021-12-02 23:00:00','2021-12-02 23:00:00');
INSERT INTO `__PREFIX__cities` (`country_code`, `name`, `longitude`, `latitude`, `feature_class`, `feature_code`, `subadmin1_code`, `subadmin2_code`, `population`, `time_zone`, `active`, `created_at`, `updated_at`) VALUES ('KR','{\"en\":\"Yanggu\"}',127.99,38.11,'P','PPL','KR.06',NULL,24027,'Asia/Seoul',1,'2012-01-17 23:00:00','2012-01-17 23:00:00');
INSERT INTO `__PREFIX__cities` (`country_code`, `name`, `longitude`, `latitude`, `feature_class`, `feature_code`, `subadmin1_code`, `subadmin2_code`, `population`, `time_zone`, `active`, `created_at`, `updated_at`) VALUES ('KR','{\"en\":\"Wŏnju\"}',127.95,37.35,'P','PPL','KR.06',NULL,332849,'Asia/Seoul',1,'2021-12-02 23:00:00','2021-12-02 23:00:00');
INSERT INTO `__PREFIX__cities` (`country_code`, `name`, `longitude`, `latitude`, `feature_class`, `feature_code`, `subadmin1_code`, `subadmin2_code`, `population`, `time_zone`, `active`, `created_at`, `updated_at`) VALUES ('KR','{\"en\":\"Wanju\"}',127.15,35.85,'P','PPL','KR.03',NULL,84009,'Asia/Seoul',1,'2010-07-10 23:00:00','2010-07-10 23:00:00');
INSERT INTO `__PREFIX__cities` (`country_code`, `name`, `longitude`, `latitude`, `feature_class`, `feature_code`, `subadmin1_code`, `subadmin2_code`, `population`, `time_zone`, `active`, `created_at`, `updated_at`) VALUES ('KR','{\"en\":\"Waegwan\"}',128.40,35.99,'P','PPLA3','KR.14',NULL,29691,'Asia/Seoul',1,'2015-12-05 23:00:00','2015-12-05 23:00:00');
INSERT INTO `__PREFIX__cities` (`country_code`, `name`, `longitude`, `latitude`, `feature_class`, `feature_code`, `subadmin1_code`, `subadmin2_code`, `population`, `time_zone`, `active`, `created_at`, `updated_at`) VALUES ('KR','{\"en\":\"Ulsan\"}',129.32,35.54,'P','PPLA','KR.21',NULL,962865,'Asia/Seoul',1,'2021-09-18 23:00:00','2021-09-18 23:00:00');
INSERT INTO `__PREFIX__cities` (`country_code`, `name`, `longitude`, `latitude`, `feature_class`, `feature_code`, `subadmin1_code`, `subadmin2_code`, `population`, `time_zone`, `active`, `created_at`, `updated_at`) VALUES ('KR','{\"en\":\"Uijeongbu-si\"}',127.05,37.74,'P','PPL','KR.13',NULL,479141,'Asia/Seoul',1,'2014-01-18 23:00:00','2014-01-18 23:00:00');
INSERT INTO `__PREFIX__cities` (`country_code`, `name`, `longitude`, `latitude`, `feature_class`, `feature_code`, `subadmin1_code`, `subadmin2_code`, `population`, `time_zone`, `active`, `created_at`, `updated_at`) VALUES ('KR','{\"en\":\"Tangjin\"}',126.63,36.89,'P','PPL','KR.17',NULL,32778,'Asia/Seoul',1,'2021-12-02 23:00:00','2021-12-02 23:00:00');
INSERT INTO `__PREFIX__cities` (`country_code`, `name`, `longitude`, `latitude`, `feature_class`, `feature_code`, `subadmin1_code`, `subadmin2_code`, `population`, `time_zone`, `active`, `created_at`, `updated_at`) VALUES ('KR','{\"en\":\"Taesal-li\"}',126.45,36.97,'P','PPL','KR.17',NULL,23149,'Asia/Seoul',1,'2012-01-17 23:00:00','2012-01-17 23:00:00');
INSERT INTO `__PREFIX__cities` (`country_code`, `name`, `longitude`, `latitude`, `feature_class`, `feature_code`, `subadmin1_code`, `subadmin2_code`, `population`, `time_zone`, `active`, `created_at`, `updated_at`) VALUES ('KR','{\"en\":\"Daejeon\"}',127.38,36.35,'P','PPLA','KR.19',NULL,1475221,'Asia/Seoul',1,'2021-08-19 23:00:00','2021-08-19 23:00:00');
INSERT INTO `__PREFIX__cities` (`country_code`, `name`, `longitude`, `latitude`, `feature_class`, `feature_code`, `subadmin1_code`, `subadmin2_code`, `population`, `time_zone`, `active`, `created_at`, `updated_at`) VALUES ('KR','{\"en\":\"Daegu\"}',128.59,35.87,'P','PPLA','KR.15',NULL,2566540,'Asia/Seoul',1,'2016-02-08 23:00:00','2016-02-08 23:00:00');
INSERT INTO `__PREFIX__cities` (`country_code`, `name`, `longitude`, `latitude`, `feature_class`, `feature_code`, `subadmin1_code`, `subadmin2_code`, `population`, `time_zone`, `active`, `created_at`, `updated_at`) VALUES ('KR','{\"en\":\"Boryeong\"}',126.60,36.35,'P','PPLA2','KR.17',NULL,62039,'Asia/Seoul',1,'2019-08-07 23:00:00','2019-08-07 23:00:00');
INSERT INTO `__PREFIX__cities` (`country_code`, `name`, `longitude`, `latitude`, `feature_class`, `feature_code`, `subadmin1_code`, `subadmin2_code`, `population`, `time_zone`, `active`, `created_at`, `updated_at`) VALUES ('KR','{\"en\":\"T’aebaek\"}',128.99,37.18,'P','PPL','KR.06',NULL,48962,'Asia/Seoul',1,'2012-01-17 23:00:00','2012-01-17 23:00:00');
INSERT INTO `__PREFIX__cities` (`country_code`, `name`, `longitude`, `latitude`, `feature_class`, `feature_code`, `subadmin1_code`, `subadmin2_code`, `population`, `time_zone`, `active`, `created_at`, `updated_at`) VALUES ('KR','{\"en\":\"Suwon\"}',127.01,37.29,'P','PPLA','KR.13',NULL,1242724,'Asia/Seoul',1,'2017-10-03 23:00:00','2017-10-03 23:00:00');
INSERT INTO `__PREFIX__cities` (`country_code`, `name`, `longitude`, `latitude`, `feature_class`, `feature_code`, `subadmin1_code`, `subadmin2_code`, `population`, `time_zone`, `active`, `created_at`, `updated_at`) VALUES ('KR','{\"en\":\"Suncheon\"}',127.49,34.95,'P','PPLA2','KR.16',NULL,230796,'Asia/Seoul',1,'2018-04-05 23:00:00','2018-04-05 23:00:00');
INSERT INTO `__PREFIX__cities` (`country_code`, `name`, `longitude`, `latitude`, `feature_class`, `feature_code`, `subadmin1_code`, `subadmin2_code`, `population`, `time_zone`, `active`, `created_at`, `updated_at`) VALUES ('KR','{\"en\":\"Seoul\"}',126.98,37.57,'P','PPLC','KR.11',NULL,10349312,'Asia/Seoul',1,'2019-09-04 23:00:00','2019-09-04 23:00:00');
INSERT INTO `__PREFIX__cities` (`country_code`, `name`, `longitude`, `latitude`, `feature_class`, `feature_code`, `subadmin1_code`, `subadmin2_code`, `population`, `time_zone`, `active`, `created_at`, `updated_at`) VALUES ('KR','{\"en\":\"Seosan\"}',126.45,36.78,'P','PPL','KR.17',NULL,74208,'Asia/Seoul',1,'2021-12-01 23:00:00','2021-12-01 23:00:00');
INSERT INTO `__PREFIX__cities` (`country_code`, `name`, `longitude`, `latitude`, `feature_class`, `feature_code`, `subadmin1_code`, `subadmin2_code`, `population`, `time_zone`, `active`, `created_at`, `updated_at`) VALUES ('KR','{\"en\":\"Jenzan\"}',128.30,36.24,'P','PPL','KR.14',NULL,20673,'Asia/Seoul',1,'2013-03-01 23:00:00','2013-03-01 23:00:00');
INSERT INTO `__PREFIX__cities` (`country_code`, `name`, `longitude`, `latitude`, `feature_class`, `feature_code`, `subadmin1_code`, `subadmin2_code`, `population`, `time_zone`, `active`, `created_at`, `updated_at`) VALUES ('KR','{\"en\":\"Seonghwan\"}',127.13,36.92,'P','PPL','KR.17',NULL,29239,'Asia/Seoul',1,'2015-02-06 23:00:00','2015-02-06 23:00:00');
INSERT INTO `__PREFIX__cities` (`country_code`, `name`, `longitude`, `latitude`, `feature_class`, `feature_code`, `subadmin1_code`, `subadmin2_code`, `population`, `time_zone`, `active`, `created_at`, `updated_at`) VALUES ('KR','{\"en\":\"Sokcho\"}',128.59,38.21,'P','PPLA2','KR.06',NULL,89047,'Asia/Seoul',1,'2014-11-04 23:00:00','2014-11-04 23:00:00');
INSERT INTO `__PREFIX__cities` (`country_code`, `name`, `longitude`, `latitude`, `feature_class`, `feature_code`, `subadmin1_code`, `subadmin2_code`, `population`, `time_zone`, `active`, `created_at`, `updated_at`) VALUES ('KR','{\"en\":\"Sintansin\"}',127.43,36.45,'P','PPL','KR.19',NULL,15000,'Asia/Seoul',1,'2013-01-12 23:00:00','2013-01-12 23:00:00');
INSERT INTO `__PREFIX__cities` (`country_code`, `name`, `longitude`, `latitude`, `feature_class`, `feature_code`, `subadmin1_code`, `subadmin2_code`, `population`, `time_zone`, `active`, `created_at`, `updated_at`) VALUES ('KR','{\"en\":\"Sangju\"}',128.16,36.42,'P','PPL','KR.14',NULL,101267,'Asia/Seoul',1,'2021-11-09 23:00:00','2021-11-09 23:00:00');
INSERT INTO `__PREFIX__cities` (`country_code`, `name`, `longitude`, `latitude`, `feature_class`, `feature_code`, `subadmin1_code`, `subadmin2_code`, `population`, `time_zone`, `active`, `created_at`, `updated_at`) VALUES ('KR','{\"en\":\"Santyoku\"}',129.17,37.44,'P','PPL','KR.06',NULL,42145,'Asia/Seoul',1,'2015-06-15 23:00:00','2015-06-15 23:00:00');
INSERT INTO `__PREFIX__cities` (`country_code`, `name`, `longitude`, `latitude`, `feature_class`, `feature_code`, `subadmin1_code`, `subadmin2_code`, `population`, `time_zone`, `active`, `created_at`, `updated_at`) VALUES ('KR','{\"en\":\"Pyeongchang\"}',128.39,37.37,'P','PPL','KR.06',NULL,9940,'Asia/Seoul',1,'2018-01-09 23:00:00','2018-01-09 23:00:00');
INSERT INTO `__PREFIX__cities` (`country_code`, `name`, `longitude`, `latitude`, `feature_class`, `feature_code`, `subadmin1_code`, `subadmin2_code`, `population`, `time_zone`, `active`, `created_at`, `updated_at`) VALUES ('KR','{\"en\":\"Buyeo\"}',126.91,36.27,'P','PPLA2','KR.17',NULL,32642,'Asia/Seoul',1,'2019-02-20 23:00:00','2019-02-20 23:00:00');
INSERT INTO `__PREFIX__cities` (`country_code`, `name`, `longitude`, `latitude`, `feature_class`, `feature_code`, `subadmin1_code`, `subadmin2_code`, `population`, `time_zone`, `active`, `created_at`, `updated_at`) VALUES ('KR','{\"en\":\"Busan\"}',129.03,35.10,'P','PPLA','KR.10',NULL,3678555,'Asia/Seoul',1,'2019-04-29 23:00:00','2019-04-29 23:00:00');
INSERT INTO `__PREFIX__cities` (`country_code`, `name`, `longitude`, `latitude`, `feature_class`, `feature_code`, `subadmin1_code`, `subadmin2_code`, `population`, `time_zone`, `active`, `created_at`, `updated_at`) VALUES ('KR','{\"en\":\"Bucheon-si\"}',126.78,37.50,'P','PPL','KR.13',NULL,850731,'Asia/Seoul',1,'2014-01-18 23:00:00','2014-01-18 23:00:00');
INSERT INTO `__PREFIX__cities` (`country_code`, `name`, `longitude`, `latitude`, `feature_class`, `feature_code`, `subadmin1_code`, `subadmin2_code`, `population`, `time_zone`, `active`, `created_at`, `updated_at`) VALUES ('KR','{\"en\":\"Puan\"}',126.73,35.73,'P','PPL','KR.03',NULL,22267,'Asia/Seoul',1,'2012-01-17 23:00:00','2012-01-17 23:00:00');
INSERT INTO `__PREFIX__cities` (`country_code`, `name`, `longitude`, `latitude`, `feature_class`, `feature_code`, `subadmin1_code`, `subadmin2_code`, `population`, `time_zone`, `active`, `created_at`, `updated_at`) VALUES ('KR','{\"en\":\"Beolgyo\"}',127.34,34.85,'P','PPLA3','KR.16',NULL,19842,'Asia/Seoul',1,'2018-03-06 23:00:00','2018-03-06 23:00:00');
INSERT INTO `__PREFIX__cities` (`country_code`, `name`, `longitude`, `latitude`, `feature_class`, `feature_code`, `subadmin1_code`, `subadmin2_code`, `population`, `time_zone`, `active`, `created_at`, `updated_at`) VALUES ('KR','{\"en\":\"Pohang\"}',129.36,36.03,'P','PPLA2','KR.14','KR.14.37010',500000,'Asia/Seoul',1,'2019-04-14 23:00:00','2019-04-14 23:00:00');
INSERT INTO `__PREFIX__cities` (`country_code`, `name`, `longitude`, `latitude`, `feature_class`, `feature_code`, `subadmin1_code`, `subadmin2_code`, `population`, `time_zone`, `active`, `created_at`, `updated_at`) VALUES ('KR','{\"en\":\"Osan\"}',127.07,37.15,'P','PPL','KR.13',NULL,158978,'Asia/Seoul',1,'2017-04-11 23:00:00','2017-04-11 23:00:00');
INSERT INTO `__PREFIX__cities` (`country_code`, `name`, `longitude`, `latitude`, `feature_class`, `feature_code`, `subadmin1_code`, `subadmin2_code`, `population`, `time_zone`, `active`, `created_at`, `updated_at`) VALUES ('KR','{\"en\":\"Asan\"}',127.00,36.78,'P','PPL','KR.17',NULL,97749,'Asia/Seoul',1,'2021-12-01 23:00:00','2021-12-01 23:00:00');
INSERT INTO `__PREFIX__cities` (`country_code`, `name`, `longitude`, `latitude`, `feature_class`, `feature_code`, `subadmin1_code`, `subadmin2_code`, `population`, `time_zone`, `active`, `created_at`, `updated_at`) VALUES ('KR','{\"en\":\"Okcheon\"}',127.57,36.30,'P','PPL','KR.05',NULL,56634,'Asia/Seoul',1,'2013-03-02 23:00:00','2013-03-02 23:00:00');
INSERT INTO `__PREFIX__cities` (`country_code`, `name`, `longitude`, `latitude`, `feature_class`, `feature_code`, `subadmin1_code`, `subadmin2_code`, `population`, `time_zone`, `active`, `created_at`, `updated_at`) VALUES ('KR','{\"en\":\"Kosong\"}',128.47,38.38,'P','PPL','KR.06',NULL,62446,'Asia/Seoul',1,'2010-07-27 23:00:00','2010-07-27 23:00:00');
INSERT INTO `__PREFIX__cities` (`country_code`, `name`, `longitude`, `latitude`, `feature_class`, `feature_code`, `subadmin1_code`, `subadmin2_code`, `population`, `time_zone`, `active`, `created_at`, `updated_at`) VALUES ('KR','{\"en\":\"Nonsan\"}',127.08,36.20,'P','PPL','KR.17',NULL,43845,'Asia/Seoul',1,'2012-01-17 23:00:00','2012-01-17 23:00:00');
INSERT INTO `__PREFIX__cities` (`country_code`, `name`, `longitude`, `latitude`, `feature_class`, `feature_code`, `subadmin1_code`, `subadmin2_code`, `population`, `time_zone`, `active`, `created_at`, `updated_at`) VALUES ('KR','{\"en\":\"Nangen\"}',127.39,35.41,'P','PPL','KR.03',NULL,81257,'Asia/Seoul',1,'2021-11-09 23:00:00','2021-11-09 23:00:00');
INSERT INTO `__PREFIX__cities` (`country_code`, `name`, `longitude`, `latitude`, `feature_class`, `feature_code`, `subadmin1_code`, `subadmin2_code`, `population`, `time_zone`, `active`, `created_at`, `updated_at`) VALUES ('KR','{\"en\":\"Naju\"}',126.72,35.03,'P','PPLA2','KR.16',NULL,42459,'Asia/Seoul',1,'2016-06-03 23:00:00','2016-06-03 23:00:00');
INSERT INTO `__PREFIX__cities` (`country_code`, `name`, `longitude`, `latitude`, `feature_class`, `feature_code`, `subadmin1_code`, `subadmin2_code`, `population`, `time_zone`, `active`, `created_at`, `updated_at`) VALUES ('KR','{\"en\":\"Munsan\"}',126.78,37.86,'P','PPL','KR.13',NULL,43208,'Asia/Seoul',1,'2012-01-17 23:00:00','2012-01-17 23:00:00');
INSERT INTO `__PREFIX__cities` (`country_code`, `name`, `longitude`, `latitude`, `feature_class`, `feature_code`, `subadmin1_code`, `subadmin2_code`, `population`, `time_zone`, `active`, `created_at`, `updated_at`) VALUES ('KR','{\"en\":\"Mungyeong\"}',128.20,36.59,'P','PPL','KR.14',NULL,77304,'Asia/Seoul',1,'2021-11-09 23:00:00','2021-11-09 23:00:00');
INSERT INTO `__PREFIX__cities` (`country_code`, `name`, `longitude`, `latitude`, `feature_class`, `feature_code`, `subadmin1_code`, `subadmin2_code`, `population`, `time_zone`, `active`, `created_at`, `updated_at`) VALUES ('KR','{\"en\":\"Muan\"}',126.48,34.99,'P','PPLA','KR.16',NULL,75718,'Asia/Seoul',1,'2013-08-03 23:00:00','2013-08-03 23:00:00');
INSERT INTO `__PREFIX__cities` (`country_code`, `name`, `longitude`, `latitude`, `feature_class`, `feature_code`, `subadmin1_code`, `subadmin2_code`, `population`, `time_zone`, `active`, `created_at`, `updated_at`) VALUES ('KR','{\"en\":\"Mokpo\"}',126.39,34.81,'P','PPLA2','KR.16',NULL,268402,'Asia/Seoul',1,'2017-11-15 23:00:00','2017-11-15 23:00:00');
INSERT INTO `__PREFIX__cities` (`country_code`, `name`, `longitude`, `latitude`, `feature_class`, `feature_code`, `subadmin1_code`, `subadmin2_code`, `population`, `time_zone`, `active`, `created_at`, `updated_at`) VALUES ('KR','{\"en\":\"Miryang\"}',128.75,35.49,'P','PPL','KR.20',NULL,53103,'Asia/Seoul',1,'2021-12-01 23:00:00','2021-12-01 23:00:00');
INSERT INTO `__PREFIX__cities` (`country_code`, `name`, `longitude`, `latitude`, `feature_class`, `feature_code`, `subadmin1_code`, `subadmin2_code`, `population`, `time_zone`, `active`, `created_at`, `updated_at`) VALUES ('KR','{\"en\":\"Masan\"}',126.83,35.13,'P','PPL','KR.18',NULL,434371,'Asia/Seoul',1,'2017-04-17 23:00:00','2017-04-17 23:00:00');
INSERT INTO `__PREFIX__cities` (`country_code`, `name`, `longitude`, `latitude`, `feature_class`, `feature_code`, `subadmin1_code`, `subadmin2_code`, `population`, `time_zone`, `active`, `created_at`, `updated_at`) VALUES ('KR','{\"en\":\"Gyeongsan-si\"}',128.74,35.82,'P','PPL','KR.14',NULL,129903,'Asia/Seoul',1,'2021-12-01 23:00:00','2021-12-01 23:00:00');
INSERT INTO `__PREFIX__cities` (`country_code`, `name`, `longitude`, `latitude`, `feature_class`, `feature_code`, `subadmin1_code`, `subadmin2_code`, `population`, `time_zone`, `active`, `created_at`, `updated_at`) VALUES ('KR','{\"en\":\"Gyeongju\"}',129.21,35.84,'P','PPL','KR.14',NULL,155237,'Asia/Seoul',1,'2021-12-02 23:00:00','2021-12-02 23:00:00');
INSERT INTO `__PREFIX__cities` (`country_code`, `name`, `longitude`, `latitude`, `feature_class`, `feature_code`, `subadmin1_code`, `subadmin2_code`, `population`, `time_zone`, `active`, `created_at`, `updated_at`) VALUES ('KR','{\"en\":\"Kwangyang\"}',127.59,34.98,'P','PPL','KR.16',NULL,89281,'Asia/Seoul',1,'2012-01-17 23:00:00','2012-01-17 23:00:00');
INSERT INTO `__PREFIX__cities` (`country_code`, `name`, `longitude`, `latitude`, `feature_class`, `feature_code`, `subadmin1_code`, `subadmin2_code`, `population`, `time_zone`, `active`, `created_at`, `updated_at`) VALUES ('KR','{\"en\":\"Gwangju\"}',127.26,37.41,'P','PPL','KR.13',NULL,81780,'Asia/Seoul',1,'2021-12-02 23:00:00','2021-12-02 23:00:00');
INSERT INTO `__PREFIX__cities` (`country_code`, `name`, `longitude`, `latitude`, `feature_class`, `feature_code`, `subadmin1_code`, `subadmin2_code`, `population`, `time_zone`, `active`, `created_at`, `updated_at`) VALUES ('KR','{\"en\":\"Gwangju\"}',126.92,35.15,'P','PPLA','KR.18',NULL,1416938,'Asia/Seoul',1,'2019-09-04 23:00:00','2019-09-04 23:00:00');
INSERT INTO `__PREFIX__cities` (`country_code`, `name`, `longitude`, `latitude`, `feature_class`, `feature_code`, `subadmin1_code`, `subadmin2_code`, `population`, `time_zone`, `active`, `created_at`, `updated_at`) VALUES ('KR','{\"en\":\"Kurye\"}',127.46,35.21,'P','PPL','KR.16',NULL,30000,'Asia/Seoul',1,'2012-01-17 23:00:00','2012-01-17 23:00:00');
INSERT INTO `__PREFIX__cities` (`country_code`, `name`, `longitude`, `latitude`, `feature_class`, `feature_code`, `subadmin1_code`, `subadmin2_code`, `population`, `time_zone`, `active`, `created_at`, `updated_at`) VALUES ('KR','{\"en\":\"Guri-si\"}',127.14,37.60,'P','PPL','KR.13',NULL,195236,'Asia/Seoul',1,'2014-01-05 23:00:00','2014-01-05 23:00:00');
INSERT INTO `__PREFIX__cities` (`country_code`, `name`, `longitude`, `latitude`, `feature_class`, `feature_code`, `subadmin1_code`, `subadmin2_code`, `population`, `time_zone`, `active`, `created_at`, `updated_at`) VALUES ('KR','{\"en\":\"Kunwi\"}',128.57,36.23,'P','PPL','KR.14',NULL,34293,'Asia/Seoul',1,'2012-01-17 23:00:00','2012-01-17 23:00:00');
INSERT INTO `__PREFIX__cities` (`country_code`, `name`, `longitude`, `latitude`, `feature_class`, `feature_code`, `subadmin1_code`, `subadmin2_code`, `population`, `time_zone`, `active`, `created_at`, `updated_at`) VALUES ('KR','{\"en\":\"Gunsan\"}',126.71,35.98,'P','PPL','KR.03',NULL,243406,'Asia/Seoul',1,'2019-10-23 23:00:00','2019-10-23 23:00:00');
INSERT INTO `__PREFIX__cities` (`country_code`, `name`, `longitude`, `latitude`, `feature_class`, `feature_code`, `subadmin1_code`, `subadmin2_code`, `population`, `time_zone`, `active`, `created_at`, `updated_at`) VALUES ('KR','{\"en\":\"Gunpo\"}',126.95,37.37,'P','PPL','KR.13',NULL,286485,'Asia/Seoul',1,'2021-12-02 23:00:00','2021-12-02 23:00:00');
INSERT INTO `__PREFIX__cities` (`country_code`, `name`, `longitude`, `latitude`, `feature_class`, `feature_code`, `subadmin1_code`, `subadmin2_code`, `population`, `time_zone`, `active`, `created_at`, `updated_at`) VALUES ('KR','{\"en\":\"Kinzan\"}',127.49,36.10,'P','PPL','KR.17',NULL,25243,'Asia/Seoul',1,'2012-01-17 23:00:00','2012-01-17 23:00:00');
INSERT INTO `__PREFIX__cities` (`country_code`, `name`, `longitude`, `latitude`, `feature_class`, `feature_code`, `subadmin1_code`, `subadmin2_code`, `population`, `time_zone`, `active`, `created_at`, `updated_at`) VALUES ('KR','{\"en\":\"Gumi\"}',128.34,36.11,'P','PPL','KR.14',NULL,427770,'Asia/Seoul',1,'2021-12-01 23:00:00','2021-12-01 23:00:00');
INSERT INTO `__PREFIX__cities` (`country_code`, `name`, `longitude`, `latitude`, `feature_class`, `feature_code`, `subadmin1_code`, `subadmin2_code`, `population`, `time_zone`, `active`, `created_at`, `updated_at`) VALUES ('KR','{\"en\":\"Goyang-si\"}',126.83,37.66,'P','PPL','KR.13',NULL,1073069,'Asia/Seoul',1,'2014-01-29 23:00:00','2014-01-29 23:00:00');
INSERT INTO `__PREFIX__cities` (`country_code`, `name`, `longitude`, `latitude`, `feature_class`, `feature_code`, `subadmin1_code`, `subadmin2_code`, `population`, `time_zone`, `active`, `created_at`, `updated_at`) VALUES ('KR','{\"en\":\"Goseong\"}',128.32,34.98,'P','PPL','KR.20',NULL,26704,'Asia/Seoul',1,'2012-01-17 23:00:00','2012-01-17 23:00:00');
INSERT INTO `__PREFIX__cities` (`country_code`, `name`, `longitude`, `latitude`, `feature_class`, `feature_code`, `subadmin1_code`, `subadmin2_code`, `population`, `time_zone`, `active`, `created_at`, `updated_at`) VALUES ('KR','{\"en\":\"Gongju\"}',127.12,36.46,'P','PPL','KR.17',NULL,72435,'Asia/Seoul',1,'2014-04-22 23:00:00','2014-04-22 23:00:00');
INSERT INTO `__PREFIX__cities` (`country_code`, `name`, `longitude`, `latitude`, `feature_class`, `feature_code`, `subadmin1_code`, `subadmin2_code`, `population`, `time_zone`, `active`, `created_at`, `updated_at`) VALUES ('KR','{\"en\":\"Kyosai\"}',128.59,34.85,'P','PPL','KR.20',NULL,72124,'Asia/Seoul',1,'2012-01-17 23:00:00','2012-01-17 23:00:00');
INSERT INTO `__PREFIX__cities` (`country_code`, `name`, `longitude`, `latitude`, `feature_class`, `feature_code`, `subadmin1_code`, `subadmin2_code`, `population`, `time_zone`, `active`, `created_at`, `updated_at`) VALUES ('KR','{\"en\":\"Koesan\"}',127.79,36.81,'P','PPL','KR.05',NULL,44461,'Asia/Seoul',1,'2012-01-17 23:00:00','2012-01-17 23:00:00');
INSERT INTO `__PREFIX__cities` (`country_code`, `name`, `longitude`, `latitude`, `feature_class`, `feature_code`, `subadmin1_code`, `subadmin2_code`, `population`, `time_zone`, `active`, `created_at`, `updated_at`) VALUES ('KR','{\"en\":\"Koch\'ang\"}',126.70,35.43,'P','PPL','KR.03',NULL,72996,'Asia/Seoul',1,'2010-08-13 23:00:00','2010-08-13 23:00:00');
INSERT INTO `__PREFIX__cities` (`country_code`, `name`, `longitude`, `latitude`, `feature_class`, `feature_code`, `subadmin1_code`, `subadmin2_code`, `population`, `time_zone`, `active`, `created_at`, `updated_at`) VALUES ('KR','{\"en\":\"Kimje\"}',126.89,35.80,'P','PPL','KR.03',NULL,44894,'Asia/Seoul',1,'2012-01-17 23:00:00','2012-01-17 23:00:00');
INSERT INTO `__PREFIX__cities` (`country_code`, `name`, `longitude`, `latitude`, `feature_class`, `feature_code`, `subadmin1_code`, `subadmin2_code`, `population`, `time_zone`, `active`, `created_at`, `updated_at`) VALUES ('KR','{\"en\":\"Kimhae\"}',128.88,35.23,'P','PPL','KR.20',NULL,550758,'Asia/Seoul',1,'2021-12-02 23:00:00','2021-12-02 23:00:00');
INSERT INTO `__PREFIX__cities` (`country_code`, `name`, `longitude`, `latitude`, `feature_class`, `feature_code`, `subadmin1_code`, `subadmin2_code`, `population`, `time_zone`, `active`, `created_at`, `updated_at`) VALUES ('KR','{\"en\":\"Gimcheon\"}',128.12,36.12,'P','PPL','KR.14',NULL,150000,'Asia/Seoul',1,'2021-12-02 23:00:00','2021-12-02 23:00:00');
INSERT INTO `__PREFIX__cities` (`country_code`, `name`, `longitude`, `latitude`, `feature_class`, `feature_code`, `subadmin1_code`, `subadmin2_code`, `population`, `time_zone`, `active`, `created_at`, `updated_at`) VALUES ('KR','{\"en\":\"Gijang\"}',129.21,35.24,'P','PPLA3','KR.10',NULL,43064,'Asia/Seoul',1,'2015-05-05 23:00:00','2015-05-05 23:00:00');
INSERT INTO `__PREFIX__cities` (`country_code`, `name`, `longitude`, `latitude`, `feature_class`, `feature_code`, `subadmin1_code`, `subadmin2_code`, `population`, `time_zone`, `active`, `created_at`, `updated_at`) VALUES ('KR','{\"en\":\"Gapyeong\"}',127.51,37.83,'P','PPL','KR.13',NULL,55415,'Asia/Seoul',1,'2016-01-10 23:00:00','2016-01-10 23:00:00');
INSERT INTO `__PREFIX__cities` (`country_code`, `name`, `longitude`, `latitude`, `feature_class`, `feature_code`, `subadmin1_code`, `subadmin2_code`, `population`, `time_zone`, `active`, `created_at`, `updated_at`) VALUES ('KR','{\"en\":\"Gangneung\"}',128.87,37.75,'P','PPLA3','KR.06',NULL,180611,'Asia/Seoul',1,'2018-02-05 23:00:00','2018-02-05 23:00:00');
INSERT INTO `__PREFIX__cities` (`country_code`, `name`, `longitude`, `latitude`, `feature_class`, `feature_code`, `subadmin1_code`, `subadmin2_code`, `population`, `time_zone`, `active`, `created_at`, `updated_at`) VALUES ('KR','{\"en\":\"Ganghwa-gun\"}',126.49,37.75,'P','PPLA3','KR.12',NULL,25535,'Asia/Seoul',1,'2014-01-18 23:00:00','2014-01-18 23:00:00');
INSERT INTO `__PREFIX__cities` (`country_code`, `name`, `longitude`, `latitude`, `feature_class`, `feature_code`, `subadmin1_code`, `subadmin2_code`, `population`, `time_zone`, `active`, `created_at`, `updated_at`) VALUES ('KR','{\"en\":\"Iksan\"}',126.95,35.94,'P','PPL','KR.03',NULL,307000,'Asia/Seoul',1,'2021-12-02 23:00:00','2021-12-02 23:00:00');
INSERT INTO `__PREFIX__cities` (`country_code`, `name`, `longitude`, `latitude`, `feature_class`, `feature_code`, `subadmin1_code`, `subadmin2_code`, `population`, `time_zone`, `active`, `created_at`, `updated_at`) VALUES ('KR','{\"en\":\"Incheon\"}',126.71,37.46,'P','PPLA','KR.12',NULL,2628000,'Asia/Seoul',1,'2021-07-30 23:00:00','2021-07-30 23:00:00');
INSERT INTO `__PREFIX__cities` (`country_code`, `name`, `longitude`, `latitude`, `feature_class`, `feature_code`, `subadmin1_code`, `subadmin2_code`, `population`, `time_zone`, `active`, `created_at`, `updated_at`) VALUES ('KR','{\"en\":\"Imsil\"}',127.28,35.61,'P','PPLA3','KR.03',NULL,37514,'Asia/Seoul',1,'2019-01-09 23:00:00','2019-01-09 23:00:00');
INSERT INTO `__PREFIX__cities` (`country_code`, `name`, `longitude`, `latitude`, `feature_class`, `feature_code`, `subadmin1_code`, `subadmin2_code`, `population`, `time_zone`, `active`, `created_at`, `updated_at`) VALUES ('KR','{\"en\":\"Icheon-si\"}',127.44,37.28,'P','PPL','KR.13',NULL,196230,'Asia/Seoul',1,'2014-03-07 23:00:00','2014-03-07 23:00:00');
INSERT INTO `__PREFIX__cities` (`country_code`, `name`, `longitude`, `latitude`, `feature_class`, `feature_code`, `subadmin1_code`, `subadmin2_code`, `population`, `time_zone`, `active`, `created_at`, `updated_at`) VALUES ('KR','{\"en\":\"Hwasun\"}',126.99,35.06,'P','PPLA2','KR.16',NULL,59914,'Asia/Seoul',1,'2016-07-04 23:00:00','2016-07-04 23:00:00');
INSERT INTO `__PREFIX__cities` (`country_code`, `name`, `longitude`, `latitude`, `feature_class`, `feature_code`, `subadmin1_code`, `subadmin2_code`, `population`, `time_zone`, `active`, `created_at`, `updated_at`) VALUES ('KR','{\"en\":\"Hwaseong-si\"}',126.82,37.21,'P','PPL','KR.13',NULL,640890,'Asia/Seoul',1,'2021-12-02 23:00:00','2021-12-02 23:00:00');
INSERT INTO `__PREFIX__cities` (`country_code`, `name`, `longitude`, `latitude`, `feature_class`, `feature_code`, `subadmin1_code`, `subadmin2_code`, `population`, `time_zone`, `active`, `created_at`, `updated_at`) VALUES ('KR','{\"en\":\"Hwacheon\"}',127.71,38.11,'P','PPLA2','KR.06',NULL,23822,'Asia/Seoul',1,'2016-10-07 23:00:00','2016-10-07 23:00:00');
INSERT INTO `__PREFIX__cities` (`country_code`, `name`, `longitude`, `latitude`, `feature_class`, `feature_code`, `subadmin1_code`, `subadmin2_code`, `population`, `time_zone`, `active`, `created_at`, `updated_at`) VALUES ('KR','{\"en\":\"Hongseong\"}',126.67,36.60,'P','PPLA','KR.17',NULL,89174,'Asia/Seoul',1,'2017-10-03 23:00:00','2017-10-03 23:00:00');
INSERT INTO `__PREFIX__cities` (`country_code`, `name`, `longitude`, `latitude`, `feature_class`, `feature_code`, `subadmin1_code`, `subadmin2_code`, `population`, `time_zone`, `active`, `created_at`, `updated_at`) VALUES ('KR','{\"en\":\"Hongch’ŏn\"}',127.89,37.69,'P','PPL','KR.06',NULL,75251,'Asia/Seoul',1,'2012-01-17 23:00:00','2012-01-17 23:00:00');
INSERT INTO `__PREFIX__cities` (`country_code`, `name`, `longitude`, `latitude`, `feature_class`, `feature_code`, `subadmin1_code`, `subadmin2_code`, `population`, `time_zone`, `active`, `created_at`, `updated_at`) VALUES ('KR','{\"en\":\"Hayang\"}',128.82,35.91,'P','PPL','KR.14',NULL,27236,'Asia/Seoul',1,'2021-12-02 23:00:00','2021-12-02 23:00:00');
INSERT INTO `__PREFIX__cities` (`country_code`, `name`, `longitude`, `latitude`, `feature_class`, `feature_code`, `subadmin1_code`, `subadmin2_code`, `population`, `time_zone`, `active`, `created_at`, `updated_at`) VALUES ('KR','{\"en\":\"Haenam\"}',126.60,34.57,'P','PPL','KR.16',NULL,23928,'Asia/Seoul',1,'2012-01-17 23:00:00','2012-01-17 23:00:00');
INSERT INTO `__PREFIX__cities` (`country_code`, `name`, `longitude`, `latitude`, `feature_class`, `feature_code`, `subadmin1_code`, `subadmin2_code`, `population`, `time_zone`, `active`, `created_at`, `updated_at`) VALUES ('KR','{\"en\":\"Chungju\"}',127.93,36.98,'P','PPL','KR.05',NULL,209483,'Asia/Seoul',1,'2021-12-02 23:00:00','2021-12-02 23:00:00');
INSERT INTO `__PREFIX__cities` (`country_code`, `name`, `longitude`, `latitude`, `feature_class`, `feature_code`, `subadmin1_code`, `subadmin2_code`, `population`, `time_zone`, `active`, `created_at`, `updated_at`) VALUES ('KR','{\"en\":\"Chuncheon\"}',127.73,37.87,'P','PPLA','KR.06',NULL,209746,'Asia/Seoul',1,'2015-03-07 23:00:00','2015-03-07 23:00:00');
INSERT INTO `__PREFIX__cities` (`country_code`, `name`, `longitude`, `latitude`, `feature_class`, `feature_code`, `subadmin1_code`, `subadmin2_code`, `population`, `time_zone`, `active`, `created_at`, `updated_at`) VALUES ('KR','{\"en\":\"Jumunjin\"}',128.83,37.89,'P','PPL','KR.06',NULL,20600,'Asia/Seoul',1,'2021-12-02 23:00:00','2021-12-02 23:00:00');
INSERT INTO `__PREFIX__cities` (`country_code`, `name`, `longitude`, `latitude`, `feature_class`, `feature_code`, `subadmin1_code`, `subadmin2_code`, `population`, `time_zone`, `active`, `created_at`, `updated_at`) VALUES ('KR','{\"en\":\"Jeonju\"}',127.15,35.82,'P','PPLA','KR.03',NULL,711424,'Asia/Seoul',1,'2021-08-05 23:00:00','2021-08-05 23:00:00');
INSERT INTO `__PREFIX__cities` (`country_code`, `name`, `longitude`, `latitude`, `feature_class`, `feature_code`, `subadmin1_code`, `subadmin2_code`, `population`, `time_zone`, `active`, `created_at`, `updated_at`) VALUES ('KR','{\"en\":\"Cheongsong gun\"}',129.06,36.43,'P','PPL','KR.14',NULL,31313,'Asia/Seoul',1,'2010-07-10 23:00:00','2010-07-10 23:00:00');
INSERT INTO `__PREFIX__cities` (`country_code`, `name`, `longitude`, `latitude`, `feature_class`, `feature_code`, `subadmin1_code`, `subadmin2_code`, `population`, `time_zone`, `active`, `created_at`, `updated_at`) VALUES ('KR','{\"en\":\"Cheongju-si\"}',127.49,36.64,'P','PPLA','KR.05',NULL,634596,'Asia/Seoul',1,'2014-08-17 23:00:00','2014-08-17 23:00:00');
INSERT INTO `__PREFIX__cities` (`country_code`, `name`, `longitude`, `latitude`, `feature_class`, `feature_code`, `subadmin1_code`, `subadmin2_code`, `population`, `time_zone`, `active`, `created_at`, `updated_at`) VALUES ('KR','{\"en\":\"Cheonan\"}',127.15,36.81,'P','PPL','KR.17',NULL,666417,'Asia/Seoul',1,'2021-12-02 23:00:00','2021-12-02 23:00:00');
INSERT INTO `__PREFIX__cities` (`country_code`, `name`, `longitude`, `latitude`, `feature_class`, `feature_code`, `subadmin1_code`, `subadmin2_code`, `population`, `time_zone`, `active`, `created_at`, `updated_at`) VALUES ('KR','{\"en\":\"Chinju\"}',128.08,35.19,'P','PPL','KR.20',NULL,307242,'Asia/Seoul',1,'2015-06-02 23:00:00','2015-06-02 23:00:00');
INSERT INTO `__PREFIX__cities` (`country_code`, `name`, `longitude`, `latitude`, `feature_class`, `feature_code`, `subadmin1_code`, `subadmin2_code`, `population`, `time_zone`, `active`, `created_at`, `updated_at`) VALUES ('KR','{\"en\":\"Chinch\'ŏn\"}',127.44,36.86,'P','PPL','KR.05',NULL,60964,'Asia/Seoul',1,'2010-08-11 23:00:00','2010-08-11 23:00:00');
INSERT INTO `__PREFIX__cities` (`country_code`, `name`, `longitude`, `latitude`, `feature_class`, `feature_code`, `subadmin1_code`, `subadmin2_code`, `population`, `time_zone`, `active`, `created_at`, `updated_at`) VALUES ('KR','{\"en\":\"Jinan-gun\"}',127.43,35.79,'P','PPL','KR.03',NULL,31273,'Asia/Seoul',1,'2014-01-05 23:00:00','2014-01-05 23:00:00');
INSERT INTO `__PREFIX__cities` (`country_code`, `name`, `longitude`, `latitude`, `feature_class`, `feature_code`, `subadmin1_code`, `subadmin2_code`, `population`, `time_zone`, `active`, `created_at`, `updated_at`) VALUES ('KR','{\"en\":\"Jeju City\"}',126.52,33.51,'P','PPLA','KR.01',NULL,486306,'Asia/Seoul',1,'2021-12-12 23:00:00','2021-12-12 23:00:00');
INSERT INTO `__PREFIX__cities` (`country_code`, `name`, `longitude`, `latitude`, `feature_class`, `feature_code`, `subadmin1_code`, `subadmin2_code`, `population`, `time_zone`, `active`, `created_at`, `updated_at`) VALUES ('KR','{\"en\":\"Changwon\"}',128.68,35.23,'P','PPLA','KR.20',NULL,550000,'Asia/Seoul',1,'2021-08-07 23:00:00','2021-08-07 23:00:00');
INSERT INTO `__PREFIX__cities` (`country_code`, `name`, `longitude`, `latitude`, `feature_class`, `feature_code`, `subadmin1_code`, `subadmin2_code`, `population`, `time_zone`, `active`, `created_at`, `updated_at`) VALUES ('KR','{\"en\":\"Changsu\"}',127.52,35.65,'P','PPL','KR.03',NULL,26463,'Asia/Seoul',1,'2012-01-17 23:00:00','2012-01-17 23:00:00');
INSERT INTO `__PREFIX__cities` (`country_code`, `name`, `longitude`, `latitude`, `feature_class`, `feature_code`, `subadmin1_code`, `subadmin2_code`, `population`, `time_zone`, `active`, `created_at`, `updated_at`) VALUES ('KR','{\"en\":\"Anyang-si\"}',126.93,37.39,'P','PPL','KR.13',NULL,595644,'Asia/Seoul',1,'2021-12-02 23:00:00','2021-12-02 23:00:00');
INSERT INTO `__PREFIX__cities` (`country_code`, `name`, `longitude`, `latitude`, `feature_class`, `feature_code`, `subadmin1_code`, `subadmin2_code`, `population`, `time_zone`, `active`, `created_at`, `updated_at`) VALUES ('KR','{\"en\":\"Anseong\"}',127.27,37.01,'P','PPL','KR.13','KR.13.ANSŎNG-SI',69255,'Asia/Seoul',1,'2015-01-17 23:00:00','2015-01-17 23:00:00');
INSERT INTO `__PREFIX__cities` (`country_code`, `name`, `longitude`, `latitude`, `feature_class`, `feature_code`, `subadmin1_code`, `subadmin2_code`, `population`, `time_zone`, `active`, `created_at`, `updated_at`) VALUES ('KR','{\"en\":\"Ansan-si\"}',126.82,37.32,'P','PPL','KR.13',NULL,716785,'Asia/Seoul',1,'2021-12-02 23:00:00','2021-12-02 23:00:00');
INSERT INTO `__PREFIX__cities` (`country_code`, `name`, `longitude`, `latitude`, `feature_class`, `feature_code`, `subadmin1_code`, `subadmin2_code`, `population`, `time_zone`, `active`, `created_at`, `updated_at`) VALUES ('KR','{\"en\":\"Andong\"}',128.72,36.57,'P','PPLA','KR.14',NULL,129319,'Asia/Seoul',1,'2017-10-03 23:00:00','2017-10-03 23:00:00');
INSERT INTO `__PREFIX__cities` (`country_code`, `name`, `longitude`, `latitude`, `feature_class`, `feature_code`, `subadmin1_code`, `subadmin2_code`, `population`, `time_zone`, `active`, `created_at`, `updated_at`) VALUES ('KR','{\"en\":\"Gaigeturi\"}',126.32,33.46,'P','PPL','KR.01',NULL,23717,'Asia/Seoul',1,'2012-01-17 23:00:00','2012-01-17 23:00:00');
INSERT INTO `__PREFIX__cities` (`country_code`, `name`, `longitude`, `latitude`, `feature_class`, `feature_code`, `subadmin1_code`, `subadmin2_code`, `population`, `time_zone`, `active`, `created_at`, `updated_at`) VALUES ('KR','{\"en\":\"Sinhyeon\"}',128.63,34.88,'P','PPL','KR.20',NULL,82560,'Asia/Seoul',1,'2012-01-18 23:00:00','2012-01-18 23:00:00');
INSERT INTO `__PREFIX__cities` (`country_code`, `name`, `longitude`, `latitude`, `feature_class`, `feature_code`, `subadmin1_code`, `subadmin2_code`, `population`, `time_zone`, `active`, `created_at`, `updated_at`) VALUES ('KR','{\"en\":\"Yeosu\"}',127.66,34.76,'P','PPLA2','KR.16','KR.16.36020',295538,'Asia/Seoul',1,'2019-04-14 23:00:00','2019-04-14 23:00:00');
INSERT INTO `__PREFIX__cities` (`country_code`, `name`, `longitude`, `latitude`, `feature_class`, `feature_code`, `subadmin1_code`, `subadmin2_code`, `population`, `time_zone`, `active`, `created_at`, `updated_at`) VALUES ('KR','{\"en\":\"Yŏnmu\"}',127.10,36.13,'P','PPL','KR.17',NULL,25015,'Asia/Seoul',1,'2006-01-16 23:00:00','2006-01-16 23:00:00');
INSERT INTO `__PREFIX__cities` (`country_code`, `name`, `longitude`, `latitude`, `feature_class`, `feature_code`, `subadmin1_code`, `subadmin2_code`, `population`, `time_zone`, `active`, `created_at`, `updated_at`) VALUES ('KR','{\"en\":\"Tonghae\"}',129.11,37.54,'P','PPL','KR.06',NULL,101128,'Asia/Seoul',1,'2018-07-03 23:00:00','2018-07-03 23:00:00');
INSERT INTO `__PREFIX__cities` (`country_code`, `name`, `longitude`, `latitude`, `feature_class`, `feature_code`, `subadmin1_code`, `subadmin2_code`, `population`, `time_zone`, `active`, `created_at`, `updated_at`) VALUES ('KR','{\"en\":\"Pubal\"}',127.51,37.29,'P','PPL','KR.13',NULL,63026,'Asia/Seoul',1,'2018-12-04 23:00:00','2018-12-04 23:00:00');
INSERT INTO `__PREFIX__cities` (`country_code`, `name`, `longitude`, `latitude`, `feature_class`, `feature_code`, `subadmin1_code`, `subadmin2_code`, `population`, `time_zone`, `active`, `created_at`, `updated_at`) VALUES ('KR','{\"en\":\"Seongnam-si\"}',127.14,37.44,'P','PPL','KR.13',NULL,1031935,'Asia/Seoul',1,'2014-01-18 23:00:00','2014-01-18 23:00:00');
INSERT INTO `__PREFIX__cities` (`country_code`, `name`, `longitude`, `latitude`, `feature_class`, `feature_code`, `subadmin1_code`, `subadmin2_code`, `population`, `time_zone`, `active`, `created_at`, `updated_at`) VALUES ('KR','{\"en\":\"Hanam\"}',127.21,37.54,'P','PPL','KR.13',NULL,254415,'Asia/Seoul',1,'2021-12-02 23:00:00','2021-12-02 23:00:00');
INSERT INTO `__PREFIX__cities` (`country_code`, `name`, `longitude`, `latitude`, `feature_class`, `feature_code`, `subadmin1_code`, `subadmin2_code`, `population`, `time_zone`, `active`, `created_at`, `updated_at`) VALUES ('KR','{\"en\":\"Hwado\"}',127.31,37.65,'P','PPL','KR.13',NULL,106358,'Asia/Seoul',1,'2018-12-04 23:00:00','2018-12-04 23:00:00');
INSERT INTO `__PREFIX__cities` (`country_code`, `name`, `longitude`, `latitude`, `feature_class`, `feature_code`, `subadmin1_code`, `subadmin2_code`, `population`, `time_zone`, `active`, `created_at`, `updated_at`) VALUES ('KR','{\"en\":\"Namyangju\"}',127.21,37.64,'P','PPL','KR.13',NULL,90798,'Asia/Seoul',1,'2021-12-02 23:00:00','2021-12-02 23:00:00');
INSERT INTO `__PREFIX__cities` (`country_code`, `name`, `longitude`, `latitude`, `feature_class`, `feature_code`, `subadmin1_code`, `subadmin2_code`, `population`, `time_zone`, `active`, `created_at`, `updated_at`) VALUES ('KR','{\"en\":\"Ungsang\"}',129.17,35.41,'P','PPL','KR.20',NULL,83360,'Asia/Seoul',1,'2018-12-04 23:00:00','2018-12-04 23:00:00');
INSERT INTO `__PREFIX__cities` (`country_code`, `name`, `longitude`, `latitude`, `feature_class`, `feature_code`, `subadmin1_code`, `subadmin2_code`, `population`, `time_zone`, `active`, `created_at`, `updated_at`) VALUES ('KR','{\"en\":\"Wabu\"}',127.22,37.59,'P','PPL','KR.13',NULL,96775,'Asia/Seoul',1,'2015-07-02 23:00:00','2015-07-02 23:00:00');
INSERT INTO `__PREFIX__cities` (`country_code`, `name`, `longitude`, `latitude`, `feature_class`, `feature_code`, `subadmin1_code`, `subadmin2_code`, `population`, `time_zone`, `active`, `created_at`, `updated_at`) VALUES ('KR','{\"en\":\"Naesŏ\"}',128.52,35.25,'P','PPL','KR.20',NULL,80987,'Asia/Seoul',1,'2006-01-16 23:00:00','2006-01-16 23:00:00');
INSERT INTO `__PREFIX__cities` (`country_code`, `name`, `longitude`, `latitude`, `feature_class`, `feature_code`, `subadmin1_code`, `subadmin2_code`, `population`, `time_zone`, `active`, `created_at`, `updated_at`) VALUES ('KR','{\"en\":\"Hwawŏn\"}',128.50,35.80,'P','PPL','KR.15',NULL,64718,'Asia/Seoul',1,'2006-01-16 23:00:00','2006-01-16 23:00:00');
INSERT INTO `__PREFIX__cities` (`country_code`, `name`, `longitude`, `latitude`, `feature_class`, `feature_code`, `subadmin1_code`, `subadmin2_code`, `population`, `time_zone`, `active`, `created_at`, `updated_at`) VALUES ('KR','{\"en\":\"Gwangmyeong\"}',126.87,37.48,'P','PPL','KR.13',NULL,357545,'Asia/Seoul',1,'2021-11-22 23:00:00','2021-11-22 23:00:00');
INSERT INTO `__PREFIX__cities` (`country_code`, `name`, `longitude`, `latitude`, `feature_class`, `feature_code`, `subadmin1_code`, `subadmin2_code`, `population`, `time_zone`, `active`, `created_at`, `updated_at`) VALUES ('KR','{\"en\":\"Sinan\"}',126.11,34.83,'P','PPL','KR.16',NULL,53150,'Asia/Seoul',1,'2010-08-01 23:00:00','2010-08-01 23:00:00');
INSERT INTO `__PREFIX__cities` (`country_code`, `name`, `longitude`, `latitude`, `feature_class`, `feature_code`, `subadmin1_code`, `subadmin2_code`, `population`, `time_zone`, `active`, `created_at`, `updated_at`) VALUES ('KR','{\"en\":\"Seogwipo\"}',126.56,33.25,'P','PPL','KR.01',NULL,178552,'Asia/Seoul',1,'2021-12-12 23:00:00','2021-12-12 23:00:00');
INSERT INTO `__PREFIX__cities` (`country_code`, `name`, `longitude`, `latitude`, `feature_class`, `feature_code`, `subadmin1_code`, `subadmin2_code`, `population`, `time_zone`, `active`, `created_at`, `updated_at`) VALUES ('KR','{\"en\":\"Yongsan-dong\"}',126.98,37.54,'P','PPL','KR.11',NULL,12612,'Asia/Seoul',1,'2017-12-12 23:00:00','2017-12-12 23:00:00');
INSERT INTO `__PREFIX__cities` (`country_code`, `name`, `longitude`, `latitude`, `feature_class`, `feature_code`, `subadmin1_code`, `subadmin2_code`, `population`, `time_zone`, `active`, `created_at`, `updated_at`) VALUES ('KR','{\"en\":\"Songgangdong\"}',127.38,36.43,'P','PPLX','KR.19',NULL,10000,'Asia/Seoul',1,'2019-09-04 23:00:00','2019-09-04 23:00:00');
INSERT INTO `__PREFIX__cities` (`country_code`, `name`, `longitude`, `latitude`, `feature_class`, `feature_code`, `subadmin1_code`, `subadmin2_code`, `population`, `time_zone`, `active`, `created_at`, `updated_at`) VALUES ('KR','{\"en\":\"Changnyeong\"}',128.50,35.54,'P','PPL','KR.20',NULL,74668,'Asia/Seoul',1,'2010-07-25 23:00:00','2010-07-25 23:00:00');
INSERT INTO `__PREFIX__cities` (`country_code`, `name`, `longitude`, `latitude`, `feature_class`, `feature_code`, `subadmin1_code`, `subadmin2_code`, `population`, `time_zone`, `active`, `created_at`, `updated_at`) VALUES ('KR','{\"en\":\"Sejong\"}',127.29,36.59,'P','PPLA','KR.22','KR.22.29010',230327,'Asia/Seoul',1,'2017-04-10 23:00:00','2017-04-10 23:00:00');
INSERT INTO `__PREFIX__cities` (`country_code`, `name`, `longitude`, `latitude`, `feature_class`, `feature_code`, `subadmin1_code`, `subadmin2_code`, `population`, `time_zone`, `active`, `created_at`, `updated_at`) VALUES ('KR','{\"en\":\"Jeongeup\"}',126.92,35.60,'P','PPL','KR.03','KR.03.35040',139876,'Asia/Seoul',1,'2021-12-01 23:00:00','2021-12-01 23:00:00');
INSERT INTO `__PREFIX__cities` (`country_code`, `name`, `longitude`, `latitude`, `feature_class`, `feature_code`, `subadmin1_code`, `subadmin2_code`, `population`, `time_zone`, `active`, `created_at`, `updated_at`) VALUES ('KR','{\"en\":\"Yeongam\"}',126.70,34.80,'P','PPLA2','KR.16','KR.16.36410',55000,'Asia/Seoul',1,'2018-02-17 23:00:00','2018-02-17 23:00:00');
/*!40000 ALTER TABLE `__PREFIX__cities` ENABLE KEYS */;
/*!40103 SET TIME_ZONE=@OLD_TIME_ZONE */;

/*!40101 SET SQL_MODE=@OLD_SQL_MODE */;
/*!40014 SET FOREIGN_KEY_CHECKS=@OLD_FOREIGN_KEY_CHECKS */;
/*!40014 SET UNIQUE_CHECKS=@OLD_UNIQUE_CHECKS */;
/*!40101 SET CHARACTER_SET_CLIENT=@OLD_CHARACTER_SET_CLIENT */;
/*!40101 SET CHARACTER_SET_RESULTS=@OLD_CHARACTER_SET_RESULTS */;
/*!40101 SET COLLATION_CONNECTION=@OLD_COLLATION_CONNECTION */;
/*!40111 SET SQL_NOTES=@OLD_SQL_NOTES */;

-- Dump completed
