-- MySQL dump 10.13  Distrib 5.7.34, for osx10.12 (x86_64)
--
-- Host: 127.0.0.1    Database: laraclassifier
-- ------------------------------------------------------
-- Server version	5.7.34

/*!40101 SET @OLD_CHARACTER_SET_CLIENT=@@CHARACTER_SET_CLIENT */;
/*!40101 SET @OLD_CHARACTER_SET_RESULTS=@@CHARACTER_SET_RESULTS */;
/*!40101 SET @OLD_COLLATION_CONNECTION=@@COLLATION_CONNECTION */;
/*!40101 SET NAMES utf8 */;
/*!40103 SET @OLD_TIME_ZONE=@@TIME_ZONE */;
/*!40103 SET TIME_ZONE='+00:00' */;
/*!40014 SET @OLD_UNIQUE_CHECKS=@@UNIQUE_CHECKS, UNIQUE_CHECKS=0 */;
/*!40014 SET @OLD_FOREIGN_KEY_CHECKS=@@FOREIGN_KEY_CHECKS, FOREIGN_KEY_CHECKS=0 */;
/*!40101 SET @OLD_SQL_MODE=@@SQL_MODE, SQL_MODE='NO_AUTO_VALUE_ON_ZERO' */;
/*!40111 SET @OLD_SQL_NOTES=@@SQL_NOTES, SQL_NOTES=0 */;

--
-- Dumping data for table `__PREFIX__subadmin1`
--

/*!40000 ALTER TABLE `__PREFIX__subadmin1` DISABLE KEYS */;
INSERT INTO `__PREFIX__subadmin1` (`code`, `country_code`, `name`, `active`) VALUES ('KZ.07','KZ','{\"en\":\"Batys Qazaqstan\"}',1);
INSERT INTO `__PREFIX__subadmin1` (`code`, `country_code`, `name`, `active`) VALUES ('KZ.09','KZ','{\"en\":\"Mangghystaū\"}',1);
INSERT INTO `__PREFIX__subadmin1` (`code`, `country_code`, `name`, `active`) VALUES ('KZ.06','KZ','{\"en\":\"Atyraū\"}',1);
INSERT INTO `__PREFIX__subadmin1` (`code`, `country_code`, `name`, `active`) VALUES ('KZ.04','KZ','{\"en\":\"Aqtöbe\"}',1);
INSERT INTO `__PREFIX__subadmin1` (`code`, `country_code`, `name`, `active`) VALUES ('KZ.15','KZ','{\"en\":\"East Kazakhstan\"}',1);
INSERT INTO `__PREFIX__subadmin1` (`code`, `country_code`, `name`, `active`) VALUES ('KZ.03','KZ','{\"en\":\"Aqmola\"}',1);
INSERT INTO `__PREFIX__subadmin1` (`code`, `country_code`, `name`, `active`) VALUES ('KZ.16','KZ','{\"en\":\"North Kazakhstan\"}',1);
INSERT INTO `__PREFIX__subadmin1` (`code`, `country_code`, `name`, `active`) VALUES ('KZ.11','KZ','{\"en\":\"Pavlodar Region\"}',1);
INSERT INTO `__PREFIX__subadmin1` (`code`, `country_code`, `name`, `active`) VALUES ('KZ.14','KZ','{\"en\":\"Qyzylorda\"}',1);
INSERT INTO `__PREFIX__subadmin1` (`code`, `country_code`, `name`, `active`) VALUES ('KZ.13','KZ','{\"en\":\"Qostanay\"}',1);
INSERT INTO `__PREFIX__subadmin1` (`code`, `country_code`, `name`, `active`) VALUES ('KZ.12','KZ','{\"en\":\"Karaganda\"}',1);
INSERT INTO `__PREFIX__subadmin1` (`code`, `country_code`, `name`, `active`) VALUES ('KZ.17','KZ','{\"en\":\"Zhambyl\"}',1);
INSERT INTO `__PREFIX__subadmin1` (`code`, `country_code`, `name`, `active`) VALUES ('KZ.10','KZ','{\"en\":\"South Kazakhstan\"}',1);
INSERT INTO `__PREFIX__subadmin1` (`code`, `country_code`, `name`, `active`) VALUES ('KZ.02','KZ','{\"en\":\"Almaty\"}',1);
INSERT INTO `__PREFIX__subadmin1` (`code`, `country_code`, `name`, `active`) VALUES ('KZ.01','KZ','{\"en\":\"Almaty Oblysy\"}',1);
INSERT INTO `__PREFIX__subadmin1` (`code`, `country_code`, `name`, `active`) VALUES ('KZ.1537272','KZ','{\"en\":\"Shymkent\"}',1);
INSERT INTO `__PREFIX__subadmin1` (`code`, `country_code`, `name`, `active`) VALUES ('KZ.08','KZ','{\"en\":\"Baikonur\"}',1);
INSERT INTO `__PREFIX__subadmin1` (`code`, `country_code`, `name`, `active`) VALUES ('KZ.05','KZ','{\"en\":\"Nur-Sultan\"}',1);
/*!40000 ALTER TABLE `__PREFIX__subadmin1` ENABLE KEYS */;

--
-- Dumping data for table `__PREFIX__subadmin2`
--

/*!40000 ALTER TABLE `__PREFIX__subadmin2` DISABLE KEYS */;
INSERT INTO `__PREFIX__subadmin2` (`code`, `country_code`, `subadmin1_code`, `name`, `active`) VALUES ('KZ.07.607687','KZ','KZ.07','{\"en\":\"Zelenov Aūdany\"}',1);
INSERT INTO `__PREFIX__subadmin2` (`code`, `country_code`, `subadmin1_code`, `name`, `active`) VALUES ('KZ.09.607726','KZ','KZ.09','{\"en\":\"Qaraqīya Aūdany\"}',1);
INSERT INTO `__PREFIX__subadmin2` (`code`, `country_code`, `subadmin1_code`, `name`, `active`) VALUES ('KZ.07.607842','KZ','KZ.07','{\"en\":\"Urdinskiy Rayon\"}',1);
INSERT INTO `__PREFIX__subadmin2` (`code`, `country_code`, `subadmin1_code`, `name`, `active`) VALUES ('KZ.04.607866','KZ','KZ.04','{\"en\":\"Oyyl Aūdany\"}',1);
INSERT INTO `__PREFIX__subadmin2` (`code`, `country_code`, `subadmin1_code`, `name`, `active`) VALUES ('KZ.07.608022','KZ','KZ.07','{\"en\":\"Terekti Aūdany\"}',1);
INSERT INTO `__PREFIX__subadmin2` (`code`, `country_code`, `subadmin1_code`, `name`, `active`) VALUES ('KZ.04.608031','KZ','KZ.04','{\"en\":\"Temir Aūdany\"}',1);
INSERT INTO `__PREFIX__subadmin2` (`code`, `country_code`, `subadmin1_code`, `name`, `active`) VALUES ('KZ.07.608048','KZ','KZ.07','{\"en\":\"Taypakskiy Rayon\"}',1);
INSERT INTO `__PREFIX__subadmin2` (`code`, `country_code`, `subadmin1_code`, `name`, `active`) VALUES ('KZ.07.608573','KZ','KZ.07','{\"en\":\"Prīūral’e Aūdany\"}',1);
INSERT INTO `__PREFIX__subadmin2` (`code`, `country_code`, `subadmin1_code`, `name`, `active`) VALUES ('KZ.04.608677','KZ','KZ.04','{\"en\":\"Temirskiy Rayon\"}',1);
INSERT INTO `__PREFIX__subadmin2` (`code`, `country_code`, `subadmin1_code`, `name`, `active`) VALUES ('KZ.04.608707','KZ','KZ.04','{\"en\":\"Khromtaū Aūdany\"}',1);
INSERT INTO `__PREFIX__subadmin2` (`code`, `country_code`, `subadmin1_code`, `name`, `active`) VALUES ('KZ.06.608723','KZ','KZ.06','{\"en\":\"Īsatay Aūdany\"}',1);
INSERT INTO `__PREFIX__subadmin2` (`code`, `country_code`, `subadmin1_code`, `name`, `active`) VALUES ('KZ.04.608796','KZ','KZ.04','{\"en\":\"Mughalzhar Aūdany\"}',1);
INSERT INTO `__PREFIX__subadmin2` (`code`, `country_code`, `subadmin1_code`, `name`, `active`) VALUES ('KZ.04.608866','KZ','KZ.04','{\"en\":\"Märtök Aūdany\"}',1);
INSERT INTO `__PREFIX__subadmin2` (`code`, `country_code`, `subadmin1_code`, `name`, `active`) VALUES ('KZ.09.608878','KZ','KZ.09','{\"en\":\"Mangghystaū Aūdany\"}',1);
INSERT INTO `__PREFIX__subadmin2` (`code`, `country_code`, `subadmin1_code`, `name`, `active`) VALUES ('KZ.06.608914','KZ','KZ.06','{\"en\":\"Makhambet Aūdany\"}',1);
INSERT INTO `__PREFIX__subadmin2` (`code`, `country_code`, `subadmin1_code`, `name`, `active`) VALUES ('KZ.06.608919','KZ','KZ.06','{\"en\":\"Maqat Aūdany\"}',1);
INSERT INTO `__PREFIX__subadmin2` (`code`, `country_code`, `subadmin1_code`, `name`, `active`) VALUES ('KZ.04.608948','KZ','KZ.04','{\"en\":\"Leninskiy Rayon\"}',1);
INSERT INTO `__PREFIX__subadmin2` (`code`, `country_code`, `subadmin1_code`, `name`, `active`) VALUES ('KZ.06.608966','KZ','KZ.06','{\"en\":\"Qyzylqogha Aūdany\"}',1);
INSERT INTO `__PREFIX__subadmin2` (`code`, `country_code`, `subadmin1_code`, `name`, `active`) VALUES ('KZ.04.609408','KZ','KZ.04','{\"en\":\"Qobda Aūdany\"}',1);
INSERT INTO `__PREFIX__subadmin2` (`code`, `country_code`, `subadmin1_code`, `name`, `active`) VALUES ('KZ.07.609453','KZ','KZ.07','{\"en\":\"Kaztalov Aūdany\"}',1);
INSERT INTO `__PREFIX__subadmin2` (`code`, `country_code`, `subadmin1_code`, `name`, `active`) VALUES ('KZ.07.609541','KZ','KZ.07','{\"en\":\"Qaratöbe Aūdany\"}',1);
INSERT INTO `__PREFIX__subadmin2` (`code`, `country_code`, `subadmin1_code`, `name`, `active`) VALUES ('KZ.07.609717','KZ','KZ.07','{\"en\":\"Tasqala Aūdany\"}',1);
INSERT INTO `__PREFIX__subadmin2` (`code`, `country_code`, `subadmin1_code`, `name`, `active`) VALUES ('KZ.04.609786','KZ','KZ.04','{\"en\":\"Isatayskiy Rayon\"}',1);
INSERT INTO `__PREFIX__subadmin2` (`code`, `country_code`, `subadmin1_code`, `name`, `active`) VALUES ('KZ.06.609795','KZ','KZ.06','{\"en\":\"Īnder Aūdany\"}',1);
INSERT INTO `__PREFIX__subadmin2` (`code`, `country_code`, `subadmin1_code`, `name`, `active`) VALUES ('KZ.07.609902','KZ','KZ.07','{\"en\":\"Furmanovskiy Rayon\"}',1);
INSERT INTO `__PREFIX__subadmin2` (`code`, `country_code`, `subadmin1_code`, `name`, `active`) VALUES ('KZ.06.609923','KZ','KZ.06','{\"en\":\"Zhylyoy Aūdany\"}',1);
INSERT INTO `__PREFIX__subadmin2` (`code`, `country_code`, `subadmin1_code`, `name`, `active`) VALUES ('KZ.07.609952','KZ','KZ.07','{\"en\":\"Zhänibek Aūdany\"}',1);
INSERT INTO `__PREFIX__subadmin2` (`code`, `country_code`, `subadmin1_code`, `name`, `active`) VALUES ('KZ.07.609964','KZ','KZ.07','{\"en\":\"Zhangaqala Aūdany\"}',1);
INSERT INTO `__PREFIX__subadmin2` (`code`, `country_code`, `subadmin1_code`, `name`, `active`) VALUES ('KZ.07.609978','KZ','KZ.07','{\"en\":\"Dzhambeytinskiy Rayon\"}',1);
INSERT INTO `__PREFIX__subadmin2` (`code`, `country_code`, `subadmin1_code`, `name`, `active`) VALUES ('KZ.06.610044','KZ','KZ.06','{\"en\":\"Kurmanghazy Aūdany\"}',1);
INSERT INTO `__PREFIX__subadmin2` (`code`, `country_code`, `subadmin1_code`, `name`, `active`) VALUES ('KZ.07.610089','KZ','KZ.07','{\"en\":\"Shyngghyrlaū Aūdany\"}',1);
INSERT INTO `__PREFIX__subadmin2` (`code`, `country_code`, `subadmin1_code`, `name`, `active`) VALUES ('KZ.04.610114','KZ','KZ.04','{\"en\":\"Shalqar Aūdany\"}',1);
INSERT INTO `__PREFIX__subadmin2` (`code`, `country_code`, `subadmin1_code`, `name`, `active`) VALUES ('KZ.07.610130','KZ','KZ.07','{\"en\":\"Chapaev Aūdany\"}',1);
INSERT INTO `__PREFIX__subadmin2` (`code`, `country_code`, `subadmin1_code`, `name`, `active`) VALUES ('KZ.07.610162','KZ','KZ.07','{\"en\":\"Börili Aūdany\"}',1);
INSERT INTO `__PREFIX__subadmin2` (`code`, `country_code`, `subadmin1_code`, `name`, `active`) VALUES ('KZ.09.610297','KZ','KZ.09','{\"en\":\"Beyneū Aūdany\"}',1);
INSERT INTO `__PREFIX__subadmin2` (`code`, `country_code`, `subadmin1_code`, `name`, `active`) VALUES ('KZ.04.610385','KZ','KZ.04','{\"en\":\"Bayghanīn Aūdany\"}',1);
INSERT INTO `__PREFIX__subadmin2` (`code`, `country_code`, `subadmin1_code`, `name`, `active`) VALUES ('KZ.06.610444','KZ','KZ.06','{\"en\":\"Balyqshy Aūdany\"}',1);
INSERT INTO `__PREFIX__subadmin2` (`code`, `country_code`, `subadmin1_code`, `name`, `active`) VALUES ('KZ.04.610656','KZ','KZ.04','{\"en\":\"Algha Aūdany\"}',1);
INSERT INTO `__PREFIX__subadmin2` (`code`, `country_code`, `subadmin1_code`, `name`, `active`) VALUES ('KZ.07.610685','KZ','KZ.07','{\"en\":\"Aqzhayyq Aūdany\"}',1);
INSERT INTO `__PREFIX__subadmin2` (`code`, `country_code`, `subadmin1_code`, `name`, `active`) VALUES ('KZ.04.610687','KZ','KZ.04','{\"en\":\"Aqtöbe Aūdany\"}',1);
INSERT INTO `__PREFIX__subadmin2` (`code`, `country_code`, `subadmin1_code`, `name`, `active`) VALUES ('KZ.07.828320','KZ','KZ.07','{\"en\":\"Oral Qalasy\"}',1);
INSERT INTO `__PREFIX__subadmin2` (`code`, `country_code`, `subadmin1_code`, `name`, `active`) VALUES ('KZ.06.828321','KZ','KZ.06','{\"en\":\"Atyraū Qalasy\"}',1);
INSERT INTO `__PREFIX__subadmin2` (`code`, `country_code`, `subadmin1_code`, `name`, `active`) VALUES ('KZ.09.828323','KZ','KZ.09','{\"en\":\"Tupqaraghan Aūdany\"}',1);
INSERT INTO `__PREFIX__subadmin2` (`code`, `country_code`, `subadmin1_code`, `name`, `active`) VALUES ('KZ.09.828324','KZ','KZ.09','{\"en\":\"Aqtaū Qalasy\"}',1);
INSERT INTO `__PREFIX__subadmin2` (`code`, `country_code`, `subadmin1_code`, `name`, `active`) VALUES ('KZ.09.828325','KZ','KZ.09','{\"en\":\"Zhangaözen Qalasy\"}',1);
INSERT INTO `__PREFIX__subadmin2` (`code`, `country_code`, `subadmin1_code`, `name`, `active`) VALUES ('KZ.04.828331','KZ','KZ.04','{\"en\":\"Aqtöbe Qalasy\"}',1);
INSERT INTO `__PREFIX__subadmin2` (`code`, `country_code`, `subadmin1_code`, `name`, `active`) VALUES ('KZ.15.1516437','KZ','KZ.15','{\"en\":\"Zyryanovsk Aūdany\"}',1);
INSERT INTO `__PREFIX__subadmin2` (`code`, `country_code`, `subadmin1_code`, `name`, `active`) VALUES ('KZ.11.1516632','KZ','KZ.11','{\"en\":\"Zhelezīn Aūdany\"}',1);
INSERT INTO `__PREFIX__subadmin2` (`code`, `country_code`, `subadmin1_code`, `name`, `active`) VALUES ('KZ.15.1516713','KZ','KZ.15','{\"en\":\"Zharma Aūdany\"}',1);
INSERT INTO `__PREFIX__subadmin2` (`code`, `country_code`, `subadmin1_code`, `name`, `active`) VALUES ('KZ.15.1516846','KZ','KZ.15','{\"en\":\"Zhangasemey Aūdany\"}',1);
INSERT INTO `__PREFIX__subadmin2` (`code`, `country_code`, `subadmin1_code`, `name`, `active`) VALUES ('KZ.03.1516873','KZ','KZ.03','{\"en\":\"Zhanadalinskiy Rayon\"}',1);
INSERT INTO `__PREFIX__subadmin2` (`code`, `country_code`, `subadmin1_code`, `name`, `active`) VALUES ('KZ.12.1516894','KZ','KZ.12','{\"en\":\"Zhangaarqa Aūdany\"}',1);
INSERT INTO `__PREFIX__subadmin2` (`code`, `country_code`, `subadmin1_code`, `name`, `active`) VALUES ('KZ.03.1517012','KZ','KZ.03','{\"en\":\"Zhaksy\"}',1);
INSERT INTO `__PREFIX__subadmin2` (`code`, `country_code`, `subadmin1_code`, `name`, `active`) VALUES ('KZ.03.1517044','KZ','KZ.03','{\"en\":\"Zerendi\"}',1);
INSERT INTO `__PREFIX__subadmin2` (`code`, `country_code`, `subadmin1_code`, `name`, `active`) VALUES ('KZ.15.1517057','KZ','KZ.15','{\"en\":\"Zaysan Aūdany\"}',1);
INSERT INTO `__PREFIX__subadmin2` (`code`, `country_code`, `subadmin1_code`, `name`, `active`) VALUES ('KZ.03.1517166','KZ','KZ.03','{\"en\":\"Esil\"}',1);
INSERT INTO `__PREFIX__subadmin2` (`code`, `country_code`, `subadmin1_code`, `name`, `active`) VALUES ('KZ.03.1517189','KZ','KZ.03','{\"en\":\"Ereymentau\"}',1);
INSERT INTO `__PREFIX__subadmin2` (`code`, `country_code`, `subadmin1_code`, `name`, `active`) VALUES ('KZ.11.1517194','KZ','KZ.11','{\"en\":\"Aqsū Aūdany\"}',1);
INSERT INTO `__PREFIX__subadmin2` (`code`, `country_code`, `subadmin1_code`, `name`, `active`) VALUES ('KZ.12.1517288','KZ','KZ.12','{\"en\":\"Qazybek Bī Aūdany\"}',1);
INSERT INTO `__PREFIX__subadmin2` (`code`, `country_code`, `subadmin1_code`, `name`, `active`) VALUES ('KZ.14.1517322','KZ','KZ.14','{\"en\":\"Zhangaqorghan Aūdany\"}',1);
INSERT INTO `__PREFIX__subadmin2` (`code`, `country_code`, `subadmin1_code`, `name`, `active`) VALUES ('KZ.16.1517353','KZ','KZ.16','{\"en\":\"Vozvyshenka Aūdany\"}',1);
INSERT INTO `__PREFIX__subadmin2` (`code`, `country_code`, `subadmin1_code`, `name`, `active`) VALUES ('KZ.16.1517412','KZ','KZ.16','{\"en\":\"Ayyrtaū Aūdany\"}',1);
INSERT INTO `__PREFIX__subadmin2` (`code`, `country_code`, `subadmin1_code`, `name`, `active`) VALUES ('KZ.03.1517439','KZ','KZ.03','{\"en\":\"Arshaly\"}',1);
INSERT INTO `__PREFIX__subadmin2` (`code`, `country_code`, `subadmin1_code`, `name`, `active`) VALUES ('KZ.16.1517502','KZ','KZ.16','{\"en\":\"Ūälīkhanov Aūdany\"}',1);
INSERT INTO `__PREFIX__subadmin2` (`code`, `country_code`, `subadmin1_code`, `name`, `active`) VALUES ('KZ.01.1517577','KZ','KZ.01','{\"en\":\"Üyghyr Aūdany\"}',1);
INSERT INTO `__PREFIX__subadmin2` (`code`, `country_code`, `subadmin1_code`, `name`, `active`) VALUES ('KZ.11.1517619','KZ','KZ.11','{\"en\":\"Ūspenka Aūdany\"}',1);
INSERT INTO `__PREFIX__subadmin2` (`code`, `country_code`, `subadmin1_code`, `name`, `active`) VALUES ('KZ.13.1517715','KZ','KZ.13','{\"en\":\"Ūrītskīy Aūdany\"}',1);
INSERT INTO `__PREFIX__subadmin2` (`code`, `country_code`, `subadmin1_code`, `name`, `active`) VALUES ('KZ.15.1517718','KZ','KZ.15','{\"en\":\"Ürzhar Aūdany\"}',1);
INSERT INTO `__PREFIX__subadmin2` (`code`, `country_code`, `subadmin1_code`, `name`, `active`) VALUES ('KZ.12.1517740','KZ','KZ.12','{\"en\":\"Ulytaū Aūdany\"}',1);
INSERT INTO `__PREFIX__subadmin2` (`code`, `country_code`, `subadmin1_code`, `name`, `active`) VALUES ('KZ.11.1517745','KZ','KZ.11','{\"en\":\"Ūl’yanov Aūdany\"}',1);
INSERT INTO `__PREFIX__subadmin2` (`code`, `country_code`, `subadmin1_code`, `name`, `active`) VALUES ('KZ.15.1517810','KZ','KZ.15','{\"en\":\"Ulan Aūdany\"}',1);
INSERT INTO `__PREFIX__subadmin2` (`code`, `country_code`, `subadmin1_code`, `name`, `active`) VALUES ('KZ.10.1517878','KZ','KZ.10','{\"en\":\"Tülkibas Aūdany\"}',1);
INSERT INTO `__PREFIX__subadmin2` (`code`, `country_code`, `subadmin1_code`, `name`, `active`) VALUES ('KZ.10.1517946','KZ','KZ.10','{\"en\":\"Türkistan Aūdany\"}',1);
INSERT INTO `__PREFIX__subadmin2` (`code`, `country_code`, `subadmin1_code`, `name`, `active`) VALUES ('KZ.03.1518002','KZ','KZ.03','{\"en\":\"Tselinograd\"}',1);
INSERT INTO `__PREFIX__subadmin2` (`code`, `country_code`, `subadmin1_code`, `name`, `active`) VALUES ('KZ.16.1518161','KZ','KZ.16','{\"en\":\"Tīmīryazev Aūdany\"}',1);
INSERT INTO `__PREFIX__subadmin2` (`code`, `country_code`, `subadmin1_code`, `name`, `active`) VALUES ('KZ.14.1518202','KZ','KZ.14','{\"en\":\"Terengözek Aūdany\"}',1);
INSERT INTO `__PREFIX__subadmin2` (`code`, `country_code`, `subadmin1_code`, `name`, `active`) VALUES ('KZ.12.1518252','KZ','KZ.12','{\"en\":\"Tengiz Aūdany\"}',1);
INSERT INTO `__PREFIX__subadmin2` (`code`, `country_code`, `subadmin1_code`, `name`, `active`) VALUES ('KZ.12.1518281','KZ','KZ.12','{\"en\":\"Tel’man Aūdany\"}',1);
INSERT INTO `__PREFIX__subadmin2` (`code`, `country_code`, `subadmin1_code`, `name`, `active`) VALUES ('KZ.15.1518334','KZ','KZ.15','{\"en\":\"Tavrīya Aūdany\"}',1);
INSERT INTO `__PREFIX__subadmin2` (`code`, `country_code`, `subadmin1_code`, `name`, `active`) VALUES ('KZ.15.1518415','KZ','KZ.15','{\"en\":\"Taskesken Aūdany\"}',1);
INSERT INTO `__PREFIX__subadmin2` (`code`, `country_code`, `subadmin1_code`, `name`, `active`) VALUES ('KZ.15.1518456','KZ','KZ.15','{\"en\":\"Tarbaghatay Aūdany\"}',1);
INSERT INTO `__PREFIX__subadmin2` (`code`, `country_code`, `subadmin1_code`, `name`, `active`) VALUES ('KZ.13.1518463','KZ','KZ.13','{\"en\":\"Taranovskiy Rayon\"}',1);
INSERT INTO `__PREFIX__subadmin2` (`code`, `country_code`, `subadmin1_code`, `name`, `active`) VALUES ('KZ.01.1518519','KZ','KZ.01','{\"en\":\"Talghar Aūdany\"}',1);
INSERT INTO `__PREFIX__subadmin2` (`code`, `country_code`, `subadmin1_code`, `name`, `active`) VALUES ('KZ.01.1518545','KZ','KZ.01','{\"en\":\"Taldyqorghan Aūdany\"}',1);
INSERT INTO `__PREFIX__subadmin2` (`code`, `country_code`, `subadmin1_code`, `name`, `active`) VALUES ('KZ.17.1518589','KZ','KZ.17','{\"en\":\"Talas Aūdany\"}',1);
INSERT INTO `__PREFIX__subadmin2` (`code`, `country_code`, `subadmin1_code`, `name`, `active`) VALUES ('KZ.14.1518650','KZ','KZ.14','{\"en\":\"Syrdarīya Aūdany\"}',1);
INSERT INTO `__PREFIX__subadmin2` (`code`, `country_code`, `subadmin1_code`, `name`, `active`) VALUES ('KZ.17.1518673','KZ','KZ.17','{\"en\":\"Sverdlov Aūdany\"}',1);
INSERT INTO `__PREFIX__subadmin2` (`code`, `country_code`, `subadmin1_code`, `name`, `active`) VALUES ('KZ.10.1518678','KZ','KZ.10','{\"en\":\"Sozaq Aūdany\"}',1);
INSERT INTO `__PREFIX__subadmin2` (`code`, `country_code`, `subadmin1_code`, `name`, `active`) VALUES ('KZ.16.1518835','KZ','KZ.16','{\"en\":\"Sovet Aūdany\"}',1);
INSERT INTO `__PREFIX__subadmin2` (`code`, `country_code`, `subadmin1_code`, `name`, `active`) VALUES ('KZ.16.1518912','KZ','KZ.16','{\"en\":\"Sokolovka Aūdany\"}',1);
INSERT INTO `__PREFIX__subadmin2` (`code`, `country_code`, `subadmin1_code`, `name`, `active`) VALUES ('KZ.03.1519052','KZ','KZ.03','{\"en\":\"Shortandy\"}',1);
INSERT INTO `__PREFIX__subadmin2` (`code`, `country_code`, `subadmin1_code`, `name`, `active`) VALUES ('KZ.12.1519197','KZ','KZ.12','{\"en\":\"Shet Aūdany\"}',1);
INSERT INTO `__PREFIX__subadmin2` (`code`, `country_code`, `subadmin1_code`, `name`, `active`) VALUES ('KZ.15.1519224','KZ','KZ.15','{\"en\":\"Shemonaīkha Aūdany\"}',1);
INSERT INTO `__PREFIX__subadmin2` (`code`, `country_code`, `subadmin1_code`, `name`, `active`) VALUES ('KZ.03.1519241','KZ','KZ.03','{\"en\":\"Burabay\"}',1);
INSERT INTO `__PREFIX__subadmin2` (`code`, `country_code`, `subadmin1_code`, `name`, `active`) VALUES ('KZ.11.1519247','KZ','KZ.11','{\"en\":\"Sharbaqty Aūdany\"}',1);
INSERT INTO `__PREFIX__subadmin2` (`code`, `country_code`, `subadmin1_code`, `name`, `active`) VALUES ('KZ.16.1519383','KZ','KZ.16','{\"en\":\"Sergeevka Aūdany\"}',1);
INSERT INTO `__PREFIX__subadmin2` (`code`, `country_code`, `subadmin1_code`, `name`, `active`) VALUES ('KZ.13.1519416','KZ','KZ.13','{\"en\":\"Semiozërnyy Rayon\"}',1);
INSERT INTO `__PREFIX__subadmin2` (`code`, `country_code`, `subadmin1_code`, `name`, `active`) VALUES ('KZ.03.1519433','KZ','KZ.03','{\"en\":\"Sileti Aūdany\"}',1);
INSERT INTO `__PREFIX__subadmin2` (`code`, `country_code`, `subadmin1_code`, `name`, `active`) VALUES ('KZ.10.1519452','KZ','KZ.10','{\"en\":\"Sayram Aūdany\"}',1);
INSERT INTO `__PREFIX__subadmin2` (`code`, `country_code`, `subadmin1_code`, `name`, `active`) VALUES ('KZ.17.1519552','KZ','KZ.17','{\"en\":\"Sarysū Aūdany\"}',1);
INSERT INTO `__PREFIX__subadmin2` (`code`, `country_code`, `subadmin1_code`, `name`, `active`) VALUES ('KZ.10.1519675','KZ','KZ.10','{\"en\":\"Saryaghash Aūdany\"}',1);
INSERT INTO `__PREFIX__subadmin2` (`code`, `country_code`, `subadmin1_code`, `name`, `active`) VALUES ('KZ.01.1519704','KZ','KZ.01','{\"en\":\"Sarqan Aūdany\"}',1);
INSERT INTO `__PREFIX__subadmin2` (`code`, `country_code`, `subadmin1_code`, `name`, `active`) VALUES ('KZ.15.1519757','KZ','KZ.15','{\"en\":\"Samarskoe Aūdany\"}',1);
INSERT INTO `__PREFIX__subadmin2` (`code`, `country_code`, `subadmin1_code`, `name`, `active`) VALUES ('KZ.16.1519834','KZ','KZ.16','{\"en\":\"Rūzaevka Aūdany\"}',1);
INSERT INTO `__PREFIX__subadmin2` (`code`, `country_code`, `subadmin1_code`, `name`, `active`) VALUES ('KZ.16.1520047','KZ','KZ.16','{\"en\":\"Presnovka Aūdany\"}',1);
INSERT INTO `__PREFIX__subadmin2` (`code`, `country_code`, `subadmin1_code`, `name`, `active`) VALUES ('KZ.11.1520238','KZ','KZ.11','{\"en\":\"Pavlodar Aūdany\"}',1);
INSERT INTO `__PREFIX__subadmin2` (`code`, `country_code`, `subadmin1_code`, `name`, `active`) VALUES ('KZ.01.1520251','KZ','KZ.01','{\"en\":\"Panfīlov Aūdany\"}',1);
INSERT INTO `__PREFIX__subadmin2` (`code`, `country_code`, `subadmin1_code`, `name`, `active`) VALUES ('KZ.10.1520258','KZ','KZ.10','{\"en\":\"Maqtaaral Aūdany\"}',1);
INSERT INTO `__PREFIX__subadmin2` (`code`, `country_code`, `subadmin1_code`, `name`, `active`) VALUES ('KZ.12.1520325','KZ','KZ.12','{\"en\":\"Osakarovka Aūdany\"}',1);
INSERT INTO `__PREFIX__subadmin2` (`code`, `country_code`, `subadmin1_code`, `name`, `active`) VALUES ('KZ.12.1520378','KZ','KZ.12','{\"en\":\"Ordzhonīkīdze Aūdany\"}',1);
INSERT INTO `__PREFIX__subadmin2` (`code`, `country_code`, `subadmin1_code`, `name`, `active`) VALUES ('KZ.12.1520497','KZ','KZ.12','{\"en\":\"Nura Aūdany\"}',1);
INSERT INTO `__PREFIX__subadmin2` (`code`, `country_code`, `subadmin1_code`, `name`, `active`) VALUES ('KZ.15.1520548','KZ','KZ.15','{\"en\":\"Novoshūl’ba Aūdany\"}',1);
INSERT INTO `__PREFIX__subadmin2` (`code`, `country_code`, `subadmin1_code`, `name`, `active`) VALUES ('KZ.13.1520735','KZ','KZ.13','{\"en\":\"Naūryzym Aūdany\"}',1);
INSERT INTO `__PREFIX__subadmin2` (`code`, `country_code`, `subadmin1_code`, `name`, `active`) VALUES ('KZ.01.1520746','KZ','KZ.01','{\"en\":\"Rayymbek Aūdany\"}',1);
INSERT INTO `__PREFIX__subadmin2` (`code`, `country_code`, `subadmin1_code`, `name`, `active`) VALUES ('KZ.17.1520845','KZ','KZ.17','{\"en\":\"Moyynqum Aūdany\"}',1);
INSERT INTO `__PREFIX__subadmin2` (`code`, `country_code`, `subadmin1_code`, `name`, `active`) VALUES ('KZ.16.1520854','KZ','KZ.16','{\"en\":\"Moskva Aūdany\"}',1);
INSERT INTO `__PREFIX__subadmin2` (`code`, `country_code`, `subadmin1_code`, `name`, `active`) VALUES ('KZ.12.1520873','KZ','KZ.12','{\"en\":\"Molodezhnyy Aūdany\"}',1);
INSERT INTO `__PREFIX__subadmin2` (`code`, `country_code`, `subadmin1_code`, `name`, `active`) VALUES ('KZ.12.1520952','KZ','KZ.12','{\"en\":\"Mīchūrīn Aūdany\"}',1);
INSERT INTO `__PREFIX__subadmin2` (`code`, `country_code`, `subadmin1_code`, `name`, `active`) VALUES ('KZ.17.1520965','KZ','KZ.17','{\"en\":\"Merke Aūdany\"}',1);
INSERT INTO `__PREFIX__subadmin2` (`code`, `country_code`, `subadmin1_code`, `name`, `active`) VALUES ('KZ.11.1521012','KZ','KZ.11','{\"en\":\"May Aūdany\"}',1);
INSERT INTO `__PREFIX__subadmin2` (`code`, `country_code`, `subadmin1_code`, `name`, `active`) VALUES ('KZ.15.1521109','KZ','KZ.15','{\"en\":\"Marqaköl Aūdany\"}',1);
INSERT INTO `__PREFIX__subadmin2` (`code`, `country_code`, `subadmin1_code`, `name`, `active`) VALUES ('KZ.16.1521151','KZ','KZ.16','{\"en\":\"Mamlyutka Aūdany\"}',1);
INSERT INTO `__PREFIX__subadmin2` (`code`, `country_code`, `subadmin1_code`, `name`, `active`) VALUES ('KZ.03.1521227','KZ','KZ.03','{\"en\":\"Bulandy\"}',1);
INSERT INTO `__PREFIX__subadmin2` (`code`, `country_code`, `subadmin1_code`, `name`, `active`) VALUES ('KZ.15.1521244','KZ','KZ.15','{\"en\":\"Maqanshy Aūdany\"}',1);
INSERT INTO `__PREFIX__subadmin2` (`code`, `country_code`, `subadmin1_code`, `name`, `active`) VALUES ('KZ.17.1521288','KZ','KZ.17','{\"en\":\"Lūgovoe Aūdany\"}',1);
INSERT INTO `__PREFIX__subadmin2` (`code`, `country_code`, `subadmin1_code`, `name`, `active`) VALUES ('KZ.16.1521352','KZ','KZ.16','{\"en\":\"Esil District\"}',1);
INSERT INTO `__PREFIX__subadmin2` (`code`, `country_code`, `subadmin1_code`, `name`, `active`) VALUES ('KZ.10.1521354','KZ','KZ.10','{\"en\":\"Qazyqurt Aūdany\"}',1);
INSERT INTO `__PREFIX__subadmin2` (`code`, `country_code`, `subadmin1_code`, `name`, `active`) VALUES ('KZ.13.1521358','KZ','KZ.13','{\"en\":\"Lenīn Aūdany\"}',1);
INSERT INTO `__PREFIX__subadmin2` (`code`, `country_code`, `subadmin1_code`, `name`, `active`) VALUES ('KZ.16.1521375','KZ','KZ.16','{\"en\":\"Lenīngrad Aūdany\"}',1);
INSERT INTO `__PREFIX__subadmin2` (`code`, `country_code`, `subadmin1_code`, `name`, `active`) VALUES ('KZ.10.1521378','KZ','KZ.10','{\"en\":\"Töle Bī Aūdany\"}',1);
INSERT INTO `__PREFIX__subadmin2` (`code`, `country_code`, `subadmin1_code`, `name`, `active`) VALUES ('KZ.11.1521382','KZ','KZ.11','{\"en\":\"Lebyazh’e Aūdany\"}',1);
INSERT INTO `__PREFIX__subadmin2` (`code`, `country_code`, `subadmin1_code`, `name`, `active`) VALUES ('KZ.16.1521400','KZ','KZ.16','{\"en\":\"Qyzyltū Aūdany\"}',1);
INSERT INTO `__PREFIX__subadmin2` (`code`, `country_code`, `subadmin1_code`, `name`, `active`) VALUES ('KZ.10.1521407','KZ','KZ.10','{\"en\":\"Otyrar Aūdany\"}',1);
INSERT INTO `__PREFIX__subadmin2` (`code`, `country_code`, `subadmin1_code`, `name`, `active`) VALUES ('KZ.16.1521634','KZ','KZ.16','{\"en\":\"Kūybyshev Aūdany\"}',1);
INSERT INTO `__PREFIX__subadmin2` (`code`, `country_code`, `subadmin1_code`, `name`, `active`) VALUES ('KZ.13.1521667','KZ','KZ.13','{\"en\":\"Kustanayskiy Rayon\"}',1);
INSERT INTO `__PREFIX__subadmin2` (`code`, `country_code`, `subadmin1_code`, `name`, `active`) VALUES ('KZ.01.1521711','KZ','KZ.01','{\"en\":\"Kürti Aūdany\"}',1);
INSERT INTO `__PREFIX__subadmin2` (`code`, `country_code`, `subadmin1_code`, `name`, `active`) VALUES ('KZ.03.1521748','KZ','KZ.03','{\"en\":\"Korgalzhyn\"}',1);
INSERT INTO `__PREFIX__subadmin2` (`code`, `country_code`, `subadmin1_code`, `name`, `active`) VALUES ('KZ.17.1521754','KZ','KZ.17','{\"en\":\"Qorday Aūdany\"}',1);
INSERT INTO `__PREFIX__subadmin2` (`code`, `country_code`, `subadmin1_code`, `name`, `active`) VALUES ('KZ.15.1521759','KZ','KZ.15','{\"en\":\"Kürshim Aūdany\"}',1);
INSERT INTO `__PREFIX__subadmin2` (`code`, `country_code`, `subadmin1_code`, `name`, `active`) VALUES ('KZ.03.1521995','KZ','KZ.03','{\"en\":\"Egindikol\"}',1);
INSERT INTO `__PREFIX__subadmin2` (`code`, `country_code`, `subadmin1_code`, `name`, `active`) VALUES ('KZ.11.1522019','KZ','KZ.11','{\"en\":\"Aqtoghay Aūdany\"}',1);
INSERT INTO `__PREFIX__subadmin2` (`code`, `country_code`, `subadmin1_code`, `name`, `active`) VALUES ('KZ.16.1522032','KZ','KZ.16','{\"en\":\"Krasnoarmeysk Aūdany\"}',1);
INSERT INTO `__PREFIX__subadmin2` (`code`, `country_code`, `subadmin1_code`, `name`, `active`) VALUES ('KZ.13.1522333','KZ','KZ.13','{\"en\":\"Komsomol Aūdany\"}',1);
INSERT INTO `__PREFIX__subadmin2` (`code`, `country_code`, `subadmin1_code`, `name`, `active`) VALUES ('KZ.04.1522334','KZ','KZ.04','{\"en\":\"Bögetköl Aūdany\"}',1);
INSERT INTO `__PREFIX__subadmin2` (`code`, `country_code`, `subadmin1_code`, `name`, `active`) VALUES ('KZ.15.1522504','KZ','KZ.15','{\"en\":\"Kökpekti Aūdany\"}',1);
INSERT INTO `__PREFIX__subadmin2` (`code`, `country_code`, `subadmin1_code`, `name`, `active`) VALUES ('KZ.16.1522531','KZ','KZ.16','{\"en\":\"Kökshetaū Aūdany\"}',1);
INSERT INTO `__PREFIX__subadmin2` (`code`, `country_code`, `subadmin1_code`, `name`, `active`) VALUES ('KZ.03.1522599','KZ','KZ.03','{\"en\":\"Qīma Aūdany\"}',1);
INSERT INTO `__PREFIX__subadmin2` (`code`, `country_code`, `subadmin1_code`, `name`, `active`) VALUES ('KZ.01.1522636','KZ','KZ.01','{\"en\":\"Köksū Aūdany\"}',1);
INSERT INTO `__PREFIX__subadmin2` (`code`, `country_code`, `subadmin1_code`, `name`, `active`) VALUES ('KZ.10.1522640','KZ','KZ.10','{\"en\":\"Kīrov Aūdany\"}',1);
INSERT INTO `__PREFIX__subadmin2` (`code`, `country_code`, `subadmin1_code`, `name`, `active`) VALUES ('KZ.01.1522739','KZ','KZ.01','{\"en\":\"Kerbulaq Aūdany\"}',1);
INSERT INTO `__PREFIX__subadmin2` (`code`, `country_code`, `subadmin1_code`, `name`, `active`) VALUES ('KZ.16.1522808','KZ','KZ.16','{\"en\":\"Kellerovka Aūdany\"}',1);
INSERT INTO `__PREFIX__subadmin2` (`code`, `country_code`, `subadmin1_code`, `name`, `active`) VALUES ('KZ.10.1522812','KZ','KZ.10','{\"en\":\"Keles Aūdany\"}',1);
INSERT INTO `__PREFIX__subadmin2` (`code`, `country_code`, `subadmin1_code`, `name`, `active`) VALUES ('KZ.01.1522816','KZ','KZ.01','{\"en\":\"Kegen Aūdany\"}',1);
INSERT INTO `__PREFIX__subadmin2` (`code`, `country_code`, `subadmin1_code`, `name`, `active`) VALUES ('KZ.11.1522859','KZ','KZ.11','{\"en\":\"Qazaly Aūdany\"}',1);
INSERT INTO `__PREFIX__subadmin2` (`code`, `country_code`, `subadmin1_code`, `name`, `active`) VALUES ('KZ.15.1522926','KZ','KZ.15','{\"en\":\"Qotanqaraghay Aūdany\"}',1);
INSERT INTO `__PREFIX__subadmin2` (`code`, `country_code`, `subadmin1_code`, `name`, `active`) VALUES ('KZ.01.1522943','KZ','KZ.01','{\"en\":\"Qaskeleng Aūdany\"}',1);
INSERT INTO `__PREFIX__subadmin2` (`code`, `country_code`, `subadmin1_code`, `name`, `active`) VALUES ('KZ.14.1522998','KZ','KZ.14','{\"en\":\"Qarmaqshy Aūdany\"}',1);
INSERT INTO `__PREFIX__subadmin2` (`code`, `country_code`, `subadmin1_code`, `name`, `active`) VALUES ('KZ.12.1523004','KZ','KZ.12','{\"en\":\"Qarqaraly Aūdany\"}',1);
INSERT INTO `__PREFIX__subadmin2` (`code`, `country_code`, `subadmin1_code`, `name`, `active`) VALUES ('KZ.01.1523101','KZ','KZ.01','{\"en\":\"Qaratal Aūdany\"}',1);
INSERT INTO `__PREFIX__subadmin2` (`code`, `country_code`, `subadmin1_code`, `name`, `active`) VALUES ('KZ.13.1523115','KZ','KZ.13','{\"en\":\"Qarasū Aūdany\"}',1);
INSERT INTO `__PREFIX__subadmin2` (`code`, `country_code`, `subadmin1_code`, `name`, `active`) VALUES ('KZ.04.1523423','KZ','KZ.04','{\"en\":\"Äyteke Bī Aūdany\"}',1);
INSERT INTO `__PREFIX__subadmin2` (`code`, `country_code`, `subadmin1_code`, `name`, `active`) VALUES ('KZ.01.1523500','KZ','KZ.01','{\"en\":\"Qapal Aūdany\"}',1);
INSERT INTO `__PREFIX__subadmin2` (`code`, `country_code`, `subadmin1_code`, `name`, `active`) VALUES ('KZ.13.1523544','KZ','KZ.13','{\"en\":\"Qamysty Aūdany\"}',1);
INSERT INTO `__PREFIX__subadmin2` (`code`, `country_code`, `subadmin1_code`, `name`, `active`) VALUES ('KZ.11.1523663','KZ','KZ.11','{\"en\":\"Qashyr Aūdany\"}',1);
INSERT INTO `__PREFIX__subadmin2` (`code`, `country_code`, `subadmin1_code`, `name`, `active`) VALUES ('KZ.11.1523767','KZ','KZ.11','{\"en\":\"Ertis Aūdany\"}',1);
INSERT INTO `__PREFIX__subadmin2` (`code`, `country_code`, `subadmin1_code`, `name`, `active`) VALUES ('KZ.04.1523782','KZ','KZ.04','{\"en\":\"Yrghyz Aūdany\"}',1);
INSERT INTO `__PREFIX__subadmin2` (`code`, `country_code`, `subadmin1_code`, `name`, `active`) VALUES ('KZ.01.1524128','KZ','KZ.01','{\"en\":\"Ile Aūdany\"}',1);
INSERT INTO `__PREFIX__subadmin2` (`code`, `country_code`, `subadmin1_code`, `name`, `active`) VALUES ('KZ.01.1524156','KZ','KZ.01','{\"en\":\"Kugalinskiy Rayon\"}',1);
INSERT INTO `__PREFIX__subadmin2` (`code`, `country_code`, `subadmin1_code`, `name`, `active`) VALUES ('KZ.15.1524226','KZ','KZ.15','{\"en\":\"Glūbokoe Aūdany\"}',1);
INSERT INTO `__PREFIX__subadmin2` (`code`, `country_code`, `subadmin1_code`, `name`, `active`) VALUES ('KZ.13.1524278','KZ','KZ.13','{\"en\":\"Fëdorovskiy Rayon\"}',1);
INSERT INTO `__PREFIX__subadmin2` (`code`, `country_code`, `subadmin1_code`, `name`, `active`) VALUES ('KZ.03.1524313','KZ','KZ.03','{\"en\":\"Birzhan sal\"}',1);
INSERT INTO `__PREFIX__subadmin2` (`code`, `country_code`, `subadmin1_code`, `name`, `active`) VALUES ('KZ.01.1524315','KZ','KZ.01','{\"en\":\"Engbekshiqazaq Aūdany\"}',1);
INSERT INTO `__PREFIX__subadmin2` (`code`, `country_code`, `subadmin1_code`, `name`, `active`) VALUES ('KZ.11.1524322','KZ','KZ.11','{\"en\":\"Ekibastuz Aūdany\"}',1);
INSERT INTO `__PREFIX__subadmin2` (`code`, `country_code`, `subadmin1_code`, `name`, `active`) VALUES ('KZ.17.1524333','KZ','KZ.17','{\"en\":\"Zhūaly Aūdany\"}',1);
INSERT INTO `__PREFIX__subadmin2` (`code`, `country_code`, `subadmin1_code`, `name`, `active`) VALUES ('KZ.12.1524382','KZ','KZ.12','{\"en\":\"Zhezdi Aūdany\"}',1);
INSERT INTO `__PREFIX__subadmin2` (`code`, `country_code`, `subadmin1_code`, `name`, `active`) VALUES ('KZ.10.1524384','KZ','KZ.10','{\"en\":\"Zhetisay Aūdany\"}',1);
INSERT INTO `__PREFIX__subadmin2` (`code`, `country_code`, `subadmin1_code`, `name`, `active`) VALUES ('KZ.13.1524388','KZ','KZ.13','{\"en\":\"Zhetiqara Aūdany\"}',1);
INSERT INTO `__PREFIX__subadmin2` (`code`, `country_code`, `subadmin1_code`, `name`, `active`) VALUES ('KZ.13.1524425','KZ','KZ.13','{\"en\":\"Zhangeldīn Aūdany\"}',1);
INSERT INTO `__PREFIX__subadmin2` (`code`, `country_code`, `subadmin1_code`, `name`, `active`) VALUES ('KZ.01.1524438','KZ','KZ.01','{\"en\":\"Zhambyl Aūdany\"}',1);
INSERT INTO `__PREFIX__subadmin2` (`code`, `country_code`, `subadmin1_code`, `name`, `active`) VALUES ('KZ.17.1524439','KZ','KZ.17','{\"en\":\"Zhambyl Aūdany\"}',1);
INSERT INTO `__PREFIX__subadmin2` (`code`, `country_code`, `subadmin1_code`, `name`, `active`) VALUES ('KZ.16.1524440','KZ','KZ.16','{\"en\":\"Zhambyl Aūdany\"}',1);
INSERT INTO `__PREFIX__subadmin2` (`code`, `country_code`, `subadmin1_code`, `name`, `active`) VALUES ('KZ.14.1524477','KZ','KZ.14','{\"en\":\"Zhalaghash Aūdany\"}',1);
INSERT INTO `__PREFIX__subadmin2` (`code`, `country_code`, `subadmin1_code`, `name`, `active`) VALUES ('KZ.03.1524603','KZ','KZ.03','{\"en\":\"Zharkain\"}',1);
INSERT INTO `__PREFIX__subadmin2` (`code`, `country_code`, `subadmin1_code`, `name`, `active`) VALUES ('KZ.17.1524678','KZ','KZ.17','{\"en\":\"Shū Aūdany\"}',1);
INSERT INTO `__PREFIX__subadmin2` (`code`, `country_code`, `subadmin1_code`, `name`, `active`) VALUES ('KZ.15.1524717','KZ','KZ.15','{\"en\":\"Shubartaū Aūdany\"}',1);
INSERT INTO `__PREFIX__subadmin2` (`code`, `country_code`, `subadmin1_code`, `name`, `active`) VALUES ('KZ.16.1524749','KZ','KZ.16','{\"en\":\"Chkalov Aūdany\"}',1);
INSERT INTO `__PREFIX__subadmin2` (`code`, `country_code`, `subadmin1_code`, `name`, `active`) VALUES ('KZ.16.1524766','KZ','KZ.16','{\"en\":\"Chīstopol’e Aūdany\"}',1);
INSERT INTO `__PREFIX__subadmin2` (`code`, `country_code`, `subadmin1_code`, `name`, `active`) VALUES ('KZ.01.1524792','KZ','KZ.01','{\"en\":\"Shelek Aūdany\"}',1);
INSERT INTO `__PREFIX__subadmin2` (`code`, `country_code`, `subadmin1_code`, `name`, `active`) VALUES ('KZ.14.1524798','KZ','KZ.14','{\"en\":\"Shīeli Aūdany\"}',1);
INSERT INTO `__PREFIX__subadmin2` (`code`, `country_code`, `subadmin1_code`, `name`, `active`) VALUES ('KZ.15.1524882','KZ','KZ.15','{\"en\":\"Shar Aūdany\"}',1);
INSERT INTO `__PREFIX__subadmin2` (`code`, `country_code`, `subadmin1_code`, `name`, `active`) VALUES ('KZ.10.1524885','KZ','KZ.10','{\"en\":\"Shardara Aūdany\"}',1);
INSERT INTO `__PREFIX__subadmin2` (`code`, `country_code`, `subadmin1_code`, `name`, `active`) VALUES ('KZ.01.1524969','KZ','KZ.01','{\"en\":\"Burlyutobinskiy Rayon\"}',1);
INSERT INTO `__PREFIX__subadmin2` (`code`, `country_code`, `subadmin1_code`, `name`, `active`) VALUES ('KZ.16.1525010','KZ','KZ.16','{\"en\":\"Būlaevo Aūdany\"}',1);
INSERT INTO `__PREFIX__subadmin2` (`code`, `country_code`, `subadmin1_code`, `name`, `active`) VALUES ('KZ.10.1525042','KZ','KZ.10','{\"en\":\"Ordabasy Aūdany\"}',1);
INSERT INTO `__PREFIX__subadmin2` (`code`, `country_code`, `subadmin1_code`, `name`, `active`) VALUES ('KZ.13.1525120','KZ','KZ.13','{\"en\":\"Mendykarinskiy Rayon\"}',1);
INSERT INTO `__PREFIX__subadmin2` (`code`, `country_code`, `subadmin1_code`, `name`, `active`) VALUES ('KZ.15.1525133','KZ','KZ.15','{\"en\":\"Borodūlīkha Aūdany\"}',1);
INSERT INTO `__PREFIX__subadmin2` (`code`, `country_code`, `subadmin1_code`, `name`, `active`) VALUES ('KZ.15.1525198','KZ','KZ.15','{\"en\":\"Ülkennaryn Aūdany\"}',1);
INSERT INTO `__PREFIX__subadmin2` (`code`, `country_code`, `subadmin1_code`, `name`, `active`) VALUES ('KZ.16.1525293','KZ','KZ.16','{\"en\":\"Besköl Aūdany\"}',1);
INSERT INTO `__PREFIX__subadmin2` (`code`, `country_code`, `subadmin1_code`, `name`, `active`) VALUES ('KZ.15.1525406','KZ','KZ.15','{\"en\":\"Besqaraghay Aūdany\"}',1);
INSERT INTO `__PREFIX__subadmin2` (`code`, `country_code`, `subadmin1_code`, `name`, `active`) VALUES ('KZ.11.1525651','KZ','KZ.11','{\"en\":\"Bayanaūyl Aūdany\"}',1);
INSERT INTO `__PREFIX__subadmin2` (`code`, `country_code`, `subadmin1_code`, `name`, `active`) VALUES ('KZ.01.1525804','KZ','KZ.01','{\"en\":\"Balqash Aūdany\"}',1);
INSERT INTO `__PREFIX__subadmin2` (`code`, `country_code`, `subadmin1_code`, `name`, `active`) VALUES ('KZ.03.1525806','KZ','KZ.03','{\"en\":\"Sandyktau\"}',1);
INSERT INTO `__PREFIX__subadmin2` (`code`, `country_code`, `subadmin1_code`, `name`, `active`) VALUES ('KZ.15.1525986','KZ','KZ.15','{\"en\":\"Ayaköz Qalasy\"}',1);
INSERT INTO `__PREFIX__subadmin2` (`code`, `country_code`, `subadmin1_code`, `name`, `active`) VALUES ('KZ.02.1526020','KZ','KZ.02','{\"en\":\"Auezovskiy Rayon\"}',1);
INSERT INTO `__PREFIX__subadmin2` (`code`, `country_code`, `subadmin1_code`, `name`, `active`) VALUES ('KZ.03.1526033','KZ','KZ.03','{\"en\":\"Atbasar\"}',1);
INSERT INTO `__PREFIX__subadmin2` (`code`, `country_code`, `subadmin1_code`, `name`, `active`) VALUES ('KZ.03.1526056','KZ','KZ.03','{\"en\":\"Astrakhan\"}',1);
INSERT INTO `__PREFIX__subadmin2` (`code`, `country_code`, `subadmin1_code`, `name`, `active`) VALUES ('KZ.16.1526177','KZ','KZ.16','{\"en\":\"Aryqbalyq Aūdany\"}',1);
INSERT INTO `__PREFIX__subadmin2` (`code`, `country_code`, `subadmin1_code`, `name`, `active`) VALUES ('KZ.13.1526209','KZ','KZ.13','{\"en\":\"Arqalyq Aūdany\"}',1);
INSERT INTO `__PREFIX__subadmin2` (`code`, `country_code`, `subadmin1_code`, `name`, `active`) VALUES ('KZ.14.1526248','KZ','KZ.14','{\"en\":\"Aral Aūdany\"}',1);
INSERT INTO `__PREFIX__subadmin2` (`code`, `country_code`, `subadmin1_code`, `name`, `active`) VALUES ('KZ.01.1526298','KZ','KZ.01','{\"en\":\"Üygentas Aūdany\"}',1);
INSERT INTO `__PREFIX__subadmin2` (`code`, `country_code`, `subadmin1_code`, `name`, `active`) VALUES ('KZ.13.1526321','KZ','KZ.13','{\"en\":\"Amantoghay Aūdany\"}',1);
INSERT INTO `__PREFIX__subadmin2` (`code`, `country_code`, `subadmin1_code`, `name`, `active`) VALUES ('KZ.13.1526340','KZ','KZ.13','{\"en\":\"Amangeldi Aūdany\"}',1);
INSERT INTO `__PREFIX__subadmin2` (`code`, `country_code`, `subadmin1_code`, `name`, `active`) VALUES ('KZ.10.1526412','KZ','KZ.10','{\"en\":\"Alghabas Aūdany\"}',1);
INSERT INTO `__PREFIX__subadmin2` (`code`, `country_code`, `subadmin1_code`, `name`, `active`) VALUES ('KZ.03.1526436','KZ','KZ.03','{\"en\":\"Akkol\"}',1);
INSERT INTO `__PREFIX__subadmin2` (`code`, `country_code`, `subadmin1_code`, `name`, `active`) VALUES ('KZ.01.1526489','KZ','KZ.01','{\"en\":\"Alakol District\"}',1);
INSERT INTO `__PREFIX__subadmin2` (`code`, `country_code`, `subadmin1_code`, `name`, `active`) VALUES ('KZ.12.1526570','KZ','KZ.12','{\"en\":\"Aqtoghay Aūdany\"}',1);
INSERT INTO `__PREFIX__subadmin2` (`code`, `country_code`, `subadmin1_code`, `name`, `active`) VALUES ('KZ.01.1526631','KZ','KZ.01','{\"en\":\"Aqsū Aūdany\"}',1);
INSERT INTO `__PREFIX__subadmin2` (`code`, `country_code`, `subadmin1_code`, `name`, `active`) VALUES ('KZ.15.1526637','KZ','KZ.15','{\"en\":\"Aqsūat Aūdany\"}',1);
INSERT INTO `__PREFIX__subadmin2` (`code`, `country_code`, `subadmin1_code`, `name`, `active`) VALUES ('KZ.12.1526940','KZ','KZ.12','{\"en\":\"Agadyrskiy Rayon\"}',1);
INSERT INTO `__PREFIX__subadmin2` (`code`, `country_code`, `subadmin1_code`, `name`, `active`) VALUES ('KZ.15.1526967','KZ','KZ.15','{\"en\":\"Abay Aūdany\"}',1);
INSERT INTO `__PREFIX__subadmin2` (`code`, `country_code`, `subadmin1_code`, `name`, `active`) VALUES ('KZ.13.1537245','KZ','KZ.13','{\"en\":\"Altynsarinskiy Rayon\"}',1);
INSERT INTO `__PREFIX__subadmin2` (`code`, `country_code`, `subadmin1_code`, `name`, `active`) VALUES ('KZ.13.1537246','KZ','KZ.13','{\"en\":\"Qostanay Qalasy\"}',1);
INSERT INTO `__PREFIX__subadmin2` (`code`, `country_code`, `subadmin1_code`, `name`, `active`) VALUES ('KZ.13.1537247','KZ','KZ.13','{\"en\":\"Zhetiqara Qalasy\"}',1);
INSERT INTO `__PREFIX__subadmin2` (`code`, `country_code`, `subadmin1_code`, `name`, `active`) VALUES ('KZ.13.1537248','KZ','KZ.13','{\"en\":\"Līsakovsk Qalasy\"}',1);
INSERT INTO `__PREFIX__subadmin2` (`code`, `country_code`, `subadmin1_code`, `name`, `active`) VALUES ('KZ.13.1537249','KZ','KZ.13','{\"en\":\"Rūdnyy Qalasy\"}',1);
INSERT INTO `__PREFIX__subadmin2` (`code`, `country_code`, `subadmin1_code`, `name`, `active`) VALUES ('KZ.13.1537251','KZ','KZ.13','{\"en\":\"Oktyabr’ Aūdany\"}',1);
INSERT INTO `__PREFIX__subadmin2` (`code`, `country_code`, `subadmin1_code`, `name`, `active`) VALUES ('KZ.12.1537252','KZ','KZ.12','{\"en\":\"Toqyraūyn Aūdany\"}',1);
INSERT INTO `__PREFIX__subadmin2` (`code`, `country_code`, `subadmin1_code`, `name`, `active`) VALUES ('KZ.12.1537254','KZ','KZ.12','{\"en\":\"Zhezqazghan Qalalyk Äkimshilik\"}',1);
INSERT INTO `__PREFIX__subadmin2` (`code`, `country_code`, `subadmin1_code`, `name`, `active`) VALUES ('KZ.12.1537255','KZ','KZ.12','{\"en\":\"Balqash Qalasy\"}',1);
INSERT INTO `__PREFIX__subadmin2` (`code`, `country_code`, `subadmin1_code`, `name`, `active`) VALUES ('KZ.12.1537256','KZ','KZ.12','{\"en\":\"Qarazhal Qalasy\"}',1);
INSERT INTO `__PREFIX__subadmin2` (`code`, `country_code`, `subadmin1_code`, `name`, `active`) VALUES ('KZ.12.1537257','KZ','KZ.12','{\"en\":\"Qalasy Sätbaev\"}',1);
INSERT INTO `__PREFIX__subadmin2` (`code`, `country_code`, `subadmin1_code`, `name`, `active`) VALUES ('KZ.03.1537265','KZ','KZ.03','{\"en\":\"Stepnogorsk Qalasy\"}',1);
INSERT INTO `__PREFIX__subadmin2` (`code`, `country_code`, `subadmin1_code`, `name`, `active`) VALUES ('KZ.12.1537266','KZ','KZ.12','{\"en\":\"Qaraghandy Qalasy\"}',1);
INSERT INTO `__PREFIX__subadmin2` (`code`, `country_code`, `subadmin1_code`, `name`, `active`) VALUES ('KZ.12.1537267','KZ','KZ.12','{\"en\":\"Abay Qalasy\"}',1);
INSERT INTO `__PREFIX__subadmin2` (`code`, `country_code`, `subadmin1_code`, `name`, `active`) VALUES ('KZ.12.1537268','KZ','KZ.12','{\"en\":\"Sorang Qalasy\"}',1);
INSERT INTO `__PREFIX__subadmin2` (`code`, `country_code`, `subadmin1_code`, `name`, `active`) VALUES ('KZ.12.1537269','KZ','KZ.12','{\"en\":\"Temirtaū Qalasy\"}',1);
INSERT INTO `__PREFIX__subadmin2` (`code`, `country_code`, `subadmin1_code`, `name`, `active`) VALUES ('KZ.12.1537270','KZ','KZ.12','{\"en\":\"Shakhtīnsk Qalasy\"}',1);
INSERT INTO `__PREFIX__subadmin2` (`code`, `country_code`, `subadmin1_code`, `name`, `active`) VALUES ('KZ.10.1537271','KZ','KZ.10','{\"en\":\"Arys Aūdany\"}',1);
INSERT INTO `__PREFIX__subadmin2` (`code`, `country_code`, `subadmin1_code`, `name`, `active`) VALUES ('KZ.10.1537273','KZ','KZ.10','{\"en\":\"Arys Qalasy\"}',1);
INSERT INTO `__PREFIX__subadmin2` (`code`, `country_code`, `subadmin1_code`, `name`, `active`) VALUES ('KZ.10.1537274','KZ','KZ.10','{\"en\":\"Kentaū Qalasy\"}',1);
INSERT INTO `__PREFIX__subadmin2` (`code`, `country_code`, `subadmin1_code`, `name`, `active`) VALUES ('KZ.10.1537276','KZ','KZ.10','{\"en\":\"Türkistan Qalasy\"}',1);
INSERT INTO `__PREFIX__subadmin2` (`code`, `country_code`, `subadmin1_code`, `name`, `active`) VALUES ('KZ.17.1537277','KZ','KZ.17','{\"en\":\"Zhambyl Qalasy\"}',1);
INSERT INTO `__PREFIX__subadmin2` (`code`, `country_code`, `subadmin1_code`, `name`, `active`) VALUES ('KZ.17.1537278','KZ','KZ.17','{\"en\":\"Zhangatas Qalasy\"}',1);
INSERT INTO `__PREFIX__subadmin2` (`code`, `country_code`, `subadmin1_code`, `name`, `active`) VALUES ('KZ.17.1537279','KZ','KZ.17','{\"en\":\"Qarataū Qalasy\"}',1);
INSERT INTO `__PREFIX__subadmin2` (`code`, `country_code`, `subadmin1_code`, `name`, `active`) VALUES ('KZ.17.1537280','KZ','KZ.17','{\"en\":\"Shū Qalasy\"}',1);
INSERT INTO `__PREFIX__subadmin2` (`code`, `country_code`, `subadmin1_code`, `name`, `active`) VALUES ('KZ.01.1537281','KZ','KZ.01','{\"en\":\"Kapshagay city\"}',1);
INSERT INTO `__PREFIX__subadmin2` (`code`, `country_code`, `subadmin1_code`, `name`, `active`) VALUES ('KZ.01.1537282','KZ','KZ.01','{\"en\":\"Talghar Qalasy\"}',1);
INSERT INTO `__PREFIX__subadmin2` (`code`, `country_code`, `subadmin1_code`, `name`, `active`) VALUES ('KZ.01.1537283','KZ','KZ.01','{\"en\":\"Taldyqorghan Qalasy\"}',1);
INSERT INTO `__PREFIX__subadmin2` (`code`, `country_code`, `subadmin1_code`, `name`, `active`) VALUES ('KZ.01.1537284','KZ','KZ.01','{\"en\":\"Tekeli Qalasy\"}',1);
INSERT INTO `__PREFIX__subadmin2` (`code`, `country_code`, `subadmin1_code`, `name`, `active`) VALUES ('KZ.15.1537285','KZ','KZ.15','{\"en\":\"Semey Qalasy\"}',1);
INSERT INTO `__PREFIX__subadmin2` (`code`, `country_code`, `subadmin1_code`, `name`, `active`) VALUES ('KZ.15.1537286','KZ','KZ.15','{\"en\":\"Öskemen Qalasy\"}',1);
INSERT INTO `__PREFIX__subadmin2` (`code`, `country_code`, `subadmin1_code`, `name`, `active`) VALUES ('KZ.15.1537287','KZ','KZ.15','{\"en\":\"Zyryanovsk Qalasy\"}',1);
INSERT INTO `__PREFIX__subadmin2` (`code`, `country_code`, `subadmin1_code`, `name`, `active`) VALUES ('KZ.15.1537288','KZ','KZ.15','{\"en\":\"Lenīnogorsk Qalasy\"}',1);
INSERT INTO `__PREFIX__subadmin2` (`code`, `country_code`, `subadmin1_code`, `name`, `active`) VALUES ('KZ.15.1537289','KZ','KZ.15','{\"en\":\"Serebryansk Qalasy\"}',1);
INSERT INTO `__PREFIX__subadmin2` (`code`, `country_code`, `subadmin1_code`, `name`, `active`) VALUES ('KZ.11.1537290','KZ','KZ.11','{\"en\":\"Pavlodar Qalasy\"}',1);
INSERT INTO `__PREFIX__subadmin2` (`code`, `country_code`, `subadmin1_code`, `name`, `active`) VALUES ('KZ.11.1537291','KZ','KZ.11','{\"en\":\"Gorod Aksu\"}',1);
INSERT INTO `__PREFIX__subadmin2` (`code`, `country_code`, `subadmin1_code`, `name`, `active`) VALUES ('KZ.11.1537292','KZ','KZ.11','{\"en\":\"Ekibastuz Qalasy\"}',1);
INSERT INTO `__PREFIX__subadmin2` (`code`, `country_code`, `subadmin1_code`, `name`, `active`) VALUES ('KZ.15.1537309','KZ','KZ.15','{\"en\":\"Abyraly Aūdany\"}',1);
INSERT INTO `__PREFIX__subadmin2` (`code`, `country_code`, `subadmin1_code`, `name`, `active`) VALUES ('KZ.10.8739752','KZ','KZ.10','{\"en\":\"Kazygurt District\"}',1);
INSERT INTO `__PREFIX__subadmin2` (`code`, `country_code`, `subadmin1_code`, `name`, `active`) VALUES ('KZ.17.8739769','KZ','KZ.17','{\"en\":\"Bayzak District\"}',1);
INSERT INTO `__PREFIX__subadmin2` (`code`, `country_code`, `subadmin1_code`, `name`, `active`) VALUES ('KZ.17.8739777','KZ','KZ.17','{\"en\":\"Korday\"}',1);
INSERT INTO `__PREFIX__subadmin2` (`code`, `country_code`, `subadmin1_code`, `name`, `active`) VALUES ('KZ.12.9072845','KZ','KZ.12','{\"en\":\"Bukhar-Zhyrau\"}',1);
INSERT INTO `__PREFIX__subadmin2` (`code`, `country_code`, `subadmin1_code`, `name`, `active`) VALUES ('KZ.01.11184241','KZ','KZ.01','{\"en\":\"Zhambyl District\"}',1);
INSERT INTO `__PREFIX__subadmin2` (`code`, `country_code`, `subadmin1_code`, `name`, `active`) VALUES ('KZ.09.11886715','KZ','KZ.09','{\"en\":\"Munaily\"}',1);
INSERT INTO `__PREFIX__subadmin2` (`code`, `country_code`, `subadmin1_code`, `name`, `active`) VALUES ('KZ.06.11886716','KZ','KZ.06','{\"en\":\"Zhylyoi\"}',1);
INSERT INTO `__PREFIX__subadmin2` (`code`, `country_code`, `subadmin1_code`, `name`, `active`) VALUES ('KZ.06.11886717','KZ','KZ.06','{\"en\":\"Kyzylkoga\"}',1);
INSERT INTO `__PREFIX__subadmin2` (`code`, `country_code`, `subadmin1_code`, `name`, `active`) VALUES ('KZ.01.11886905','KZ','KZ.01','{\"en\":\"Karasay\"}',1);
/*!40000 ALTER TABLE `__PREFIX__subadmin2` ENABLE KEYS */;

--
-- Dumping data for table `__PREFIX__cities`
--

/*!40000 ALTER TABLE `__PREFIX__cities` DISABLE KEYS */;
INSERT INTO `__PREFIX__cities` (`country_code`, `name`, `longitude`, `latitude`, `feature_class`, `feature_code`, `subadmin1_code`, `subadmin2_code`, `population`, `time_zone`, `active`, `created_at`, `updated_at`) VALUES ('KZ','{\"en\":\"Zhumysker\"}',49.40,49.33,'P','PPL','KZ.00',NULL,6834,'Asia/Oral',1,'2018-12-03 23:00:00','2018-12-03 23:00:00');
INSERT INTO `__PREFIX__cities` (`country_code`, `name`, `longitude`, `latitude`, `feature_class`, `feature_code`, `subadmin1_code`, `subadmin2_code`, `population`, `time_zone`, `active`, `created_at`, `updated_at`) VALUES ('KZ','{\"en\":\"Zhetybay\"}',52.10,43.59,'P','PPL','KZ.09',NULL,11731,'Asia/Aqtau',1,'2020-04-07 23:00:00','2020-04-07 23:00:00');
INSERT INTO `__PREFIX__cities` (`country_code`, `name`, `longitude`, `latitude`, `feature_class`, `feature_code`, `subadmin1_code`, `subadmin2_code`, `population`, `time_zone`, `active`, `created_at`, `updated_at`) VALUES ('KZ','{\"en\":\"Zhanaozen\"}',52.86,43.34,'P','PPL','KZ.09',NULL,103598,'Asia/Aqtau',1,'2016-12-01 23:00:00','2016-12-01 23:00:00');
INSERT INTO `__PREFIX__cities` (`country_code`, `name`, `longitude`, `latitude`, `feature_class`, `feature_code`, `subadmin1_code`, `subadmin2_code`, `population`, `time_zone`, `active`, `created_at`, `updated_at`) VALUES ('KZ','{\"en\":\"Shubarshi\"}',57.18,48.58,'P','PPL','KZ.04',NULL,8651,'Asia/Aqtobe',1,'2012-07-03 23:00:00','2012-07-03 23:00:00');
INSERT INTO `__PREFIX__cities` (`country_code`, `name`, `longitude`, `latitude`, `feature_class`, `feature_code`, `subadmin1_code`, `subadmin2_code`, `population`, `time_zone`, `active`, `created_at`, `updated_at`) VALUES ('KZ','{\"en\":\"Shubarkuduk\"}',56.48,49.14,'P','PPL','KZ.04',NULL,11733,'Asia/Aqtobe',1,'2014-06-26 23:00:00','2014-06-26 23:00:00');
INSERT INTO `__PREFIX__cities` (`country_code`, `name`, `longitude`, `latitude`, `feature_class`, `feature_code`, `subadmin1_code`, `subadmin2_code`, `population`, `time_zone`, `active`, `created_at`, `updated_at`) VALUES ('KZ','{\"en\":\"Shetpe\"}',52.15,44.14,'P','PPL','KZ.09',NULL,11836,'Asia/Aqtau',1,'2020-03-06 23:00:00','2020-03-06 23:00:00');
INSERT INTO `__PREFIX__cities` (`country_code`, `name`, `longitude`, `latitude`, `feature_class`, `feature_code`, `subadmin1_code`, `subadmin2_code`, `population`, `time_zone`, `active`, `created_at`, `updated_at`) VALUES ('KZ','{\"en\":\"Shalqar\"}',59.62,47.83,'P','PPL','KZ.04',NULL,27399,'Asia/Aqtobe',1,'2021-03-12 23:00:00','2021-03-12 23:00:00');
INSERT INTO `__PREFIX__cities` (`country_code`, `name`, `longitude`, `latitude`, `feature_class`, `feature_code`, `subadmin1_code`, `subadmin2_code`, `population`, `time_zone`, `active`, `created_at`, `updated_at`) VALUES ('KZ','{\"en\":\"Shalkar\"}',48.90,48.03,'P','PPL','KZ.06',NULL,27072,'Asia/Atyrau',1,'2013-05-06 23:00:00','2013-05-06 23:00:00');
INSERT INTO `__PREFIX__cities` (`country_code`, `name`, `longitude`, `latitude`, `feature_class`, `feature_code`, `subadmin1_code`, `subadmin2_code`, `population`, `time_zone`, `active`, `created_at`, `updated_at`) VALUES ('KZ','{\"en\":\"Oral\"}',51.37,51.23,'P','PPLA','KZ.07',NULL,200000,'Asia/Oral',1,'2019-09-04 23:00:00','2019-09-04 23:00:00');
INSERT INTO `__PREFIX__cities` (`country_code`, `name`, `longitude`, `latitude`, `feature_class`, `feature_code`, `subadmin1_code`, `subadmin2_code`, `population`, `time_zone`, `active`, `created_at`, `updated_at`) VALUES ('KZ','{\"en\":\"Kandyagash\"}',57.42,49.47,'P','PPL','KZ.04',NULL,28196,'Asia/Aqtobe',1,'2018-08-01 23:00:00','2018-08-01 23:00:00');
INSERT INTO `__PREFIX__cities` (`country_code`, `name`, `longitude`, `latitude`, `feature_class`, `feature_code`, `subadmin1_code`, `subadmin2_code`, `population`, `time_zone`, `active`, `created_at`, `updated_at`) VALUES ('KZ','{\"en\":\"Miyaly\"}',53.79,48.88,'P','PPL','KZ.06',NULL,6213,'Asia/Atyrau',1,'2021-10-05 23:00:00','2021-10-05 23:00:00');
INSERT INTO `__PREFIX__cities` (`country_code`, `name`, `longitude`, `latitude`, `feature_class`, `feature_code`, `subadmin1_code`, `subadmin2_code`, `population`, `time_zone`, `active`, `created_at`, `updated_at`) VALUES ('KZ','{\"en\":\"Martuk\"}',56.51,50.75,'P','PPLA2','KZ.04',NULL,7756,'Asia/Aqtobe',1,'2021-10-05 23:00:00','2021-10-05 23:00:00');
INSERT INTO `__PREFIX__cities` (`country_code`, `name`, `longitude`, `latitude`, `feature_class`, `feature_code`, `subadmin1_code`, `subadmin2_code`, `population`, `time_zone`, `active`, `created_at`, `updated_at`) VALUES ('KZ','{\"en\":\"Maqat\"}',53.34,47.65,'P','PPLA2','KZ.06',NULL,14082,'Asia/Atyrau',1,'2021-02-04 23:00:00','2021-02-04 23:00:00');
INSERT INTO `__PREFIX__cities` (`country_code`, `name`, `longitude`, `latitude`, `feature_class`, `feature_code`, `subadmin1_code`, `subadmin2_code`, `population`, `time_zone`, `active`, `created_at`, `updated_at`) VALUES ('KZ','{\"en\":\"Maloye Ganyushkino\"}',49.27,46.60,'P','PPLX','KZ.06',NULL,8387,'Asia/Atyrau',1,'2013-05-06 23:00:00','2013-05-06 23:00:00');
INSERT INTO `__PREFIX__cities` (`country_code`, `name`, `longitude`, `latitude`, `feature_class`, `feature_code`, `subadmin1_code`, `subadmin2_code`, `population`, `time_zone`, `active`, `created_at`, `updated_at`) VALUES ('KZ','{\"en\":\"Makhambet\"}',51.59,47.67,'P','PPLA2','KZ.04',NULL,8905,'Asia/Atyrau',1,'2021-01-06 23:00:00','2021-01-06 23:00:00');
INSERT INTO `__PREFIX__cities` (`country_code`, `name`, `longitude`, `latitude`, `feature_class`, `feature_code`, `subadmin1_code`, `subadmin2_code`, `population`, `time_zone`, `active`, `created_at`, `updated_at`) VALUES ('KZ','{\"en\":\"Qulsary\"}',54.02,46.95,'P','PPL','KZ.06',NULL,51216,'Asia/Atyrau',1,'2018-08-01 23:00:00','2018-08-01 23:00:00');
INSERT INTO `__PREFIX__cities` (`country_code`, `name`, `longitude`, `latitude`, `feature_class`, `feature_code`, `subadmin1_code`, `subadmin2_code`, `population`, `time_zone`, `active`, `created_at`, `updated_at`) VALUES ('KZ','{\"en\":\"Khromtau\"}',58.44,50.25,'P','PPL','KZ.04',NULL,23715,'Asia/Aqtobe',1,'2021-11-10 23:00:00','2021-11-10 23:00:00');
INSERT INTO `__PREFIX__cities` (`country_code`, `name`, `longitude`, `latitude`, `feature_class`, `feature_code`, `subadmin1_code`, `subadmin2_code`, `population`, `time_zone`, `active`, `created_at`, `updated_at`) VALUES ('KZ','{\"en\":\"Karaton\"}',53.49,46.44,'P','PPL','KZ.06',NULL,8905,'Asia/Atyrau',1,'2020-03-06 23:00:00','2020-03-06 23:00:00');
INSERT INTO `__PREFIX__cities` (`country_code`, `name`, `longitude`, `latitude`, `feature_class`, `feature_code`, `subadmin1_code`, `subadmin2_code`, `population`, `time_zone`, `active`, `created_at`, `updated_at`) VALUES ('KZ','{\"en\":\"Karagandy\"}',73.10,49.80,'P','PPLA','KZ.12','KZ.12.1537266',451800,'Asia/Almaty',1,'2019-09-18 23:00:00','2019-09-18 23:00:00');
INSERT INTO `__PREFIX__cities` (`country_code`, `name`, `longitude`, `latitude`, `feature_class`, `feature_code`, `subadmin1_code`, `subadmin2_code`, `population`, `time_zone`, `active`, `created_at`, `updated_at`) VALUES ('KZ','{\"en\":\"Tasqala\"}',50.29,51.11,'P','PPL','KZ.07',NULL,6980,'Asia/Oral',1,'2018-05-17 23:00:00','2018-05-17 23:00:00');
INSERT INTO `__PREFIX__cities` (`country_code`, `name`, `longitude`, `latitude`, `feature_class`, `feature_code`, `subadmin1_code`, `subadmin2_code`, `population`, `time_zone`, `active`, `created_at`, `updated_at`) VALUES ('KZ','{\"en\":\"Inderbor\"}',51.78,48.55,'P','PPL','KZ.06',NULL,13254,'Asia/Atyrau',1,'2018-08-01 23:00:00','2018-08-01 23:00:00');
INSERT INTO `__PREFIX__cities` (`country_code`, `name`, `longitude`, `latitude`, `feature_class`, `feature_code`, `subadmin1_code`, `subadmin2_code`, `population`, `time_zone`, `active`, `created_at`, `updated_at`) VALUES ('KZ','{\"en\":\"Fort-Shevchenko\"}',50.26,44.51,'P','PPL','KZ.09',NULL,5213,'Asia/Aqtau',1,'2020-03-06 23:00:00','2020-03-06 23:00:00');
INSERT INTO `__PREFIX__cities` (`country_code`, `name`, `longitude`, `latitude`, `feature_class`, `feature_code`, `subadmin1_code`, `subadmin2_code`, `population`, `time_zone`, `active`, `created_at`, `updated_at`) VALUES ('KZ','{\"en\":\"Fyodorovka\"}',51.95,51.22,'P','PPL','KZ.07',NULL,5338,'Asia/Oral',1,'2021-09-06 23:00:00','2021-09-06 23:00:00');
INSERT INTO `__PREFIX__cities` (`country_code`, `name`, `longitude`, `latitude`, `feature_class`, `feature_code`, `subadmin1_code`, `subadmin2_code`, `population`, `time_zone`, `active`, `created_at`, `updated_at`) VALUES ('KZ','{\"en\":\"Yeraliyev\"}',51.68,43.18,'P','PPL','KZ.09',NULL,11836,'Asia/Aqtau',1,'2015-11-07 23:00:00','2015-11-07 23:00:00');
INSERT INTO `__PREFIX__cities` (`country_code`, `name`, `longitude`, `latitude`, `feature_class`, `feature_code`, `subadmin1_code`, `subadmin2_code`, `population`, `time_zone`, `active`, `created_at`, `updated_at`) VALUES ('KZ','{\"en\":\"Embi\"}',58.15,48.83,'P','PPL','KZ.04',NULL,18760,'Asia/Aqtobe',1,'2014-06-26 23:00:00','2014-06-26 23:00:00');
INSERT INTO `__PREFIX__cities` (`country_code`, `name`, `longitude`, `latitude`, `feature_class`, `feature_code`, `subadmin1_code`, `subadmin2_code`, `population`, `time_zone`, `active`, `created_at`, `updated_at`) VALUES ('KZ','{\"en\":\"Dzhanybek\"}',46.85,49.42,'P','PPL','KZ.07',NULL,8212,'Asia/Oral',1,'2021-06-08 23:00:00','2021-06-08 23:00:00');
INSERT INTO `__PREFIX__cities` (`country_code`, `name`, `longitude`, `latitude`, `feature_class`, `feature_code`, `subadmin1_code`, `subadmin2_code`, `population`, `time_zone`, `active`, `created_at`, `updated_at`) VALUES ('KZ','{\"en\":\"Dzhangala\"}',50.33,49.22,'P','PPL','KZ.00',NULL,5954,'Asia/Oral',1,'2021-10-05 23:00:00','2021-10-05 23:00:00');
INSERT INTO `__PREFIX__cities` (`country_code`, `name`, `longitude`, `latitude`, `feature_class`, `feature_code`, `subadmin1_code`, `subadmin2_code`, `population`, `time_zone`, `active`, `created_at`, `updated_at`) VALUES ('KZ','{\"en\":\"Dzhambeyty\"}',52.59,50.26,'P','PPL','KZ.07',NULL,6262,'Asia/Oral',1,'2021-10-05 23:00:00','2021-10-05 23:00:00');
INSERT INTO `__PREFIX__cities` (`country_code`, `name`, `longitude`, `latitude`, `feature_class`, `feature_code`, `subadmin1_code`, `subadmin2_code`, `population`, `time_zone`, `active`, `created_at`, `updated_at`) VALUES ('KZ','{\"en\":\"Dossor\"}',52.97,47.53,'P','PPL','KZ.06',NULL,9526,'Asia/Atyrau',1,'2021-01-06 23:00:00','2021-01-06 23:00:00');
INSERT INTO `__PREFIX__cities` (`country_code`, `name`, `longitude`, `latitude`, `feature_class`, `feature_code`, `subadmin1_code`, `subadmin2_code`, `population`, `time_zone`, `active`, `created_at`, `updated_at`) VALUES ('KZ','{\"en\":\"Chingarlau\"}',54.09,51.10,'P','PPL','KZ.07',NULL,6218,'Asia/Oral',1,'2021-10-05 23:00:00','2021-10-05 23:00:00');
INSERT INTO `__PREFIX__cities` (`country_code`, `name`, `longitude`, `latitude`, `feature_class`, `feature_code`, `subadmin1_code`, `subadmin2_code`, `population`, `time_zone`, `active`, `created_at`, `updated_at`) VALUES ('KZ','{\"en\":\"Chapayev\"}',51.18,50.19,'P','PPL','KZ.07',NULL,6000,'Asia/Oral',1,'2021-09-06 23:00:00','2021-09-06 23:00:00');
INSERT INTO `__PREFIX__cities` (`country_code`, `name`, `longitude`, `latitude`, `feature_class`, `feature_code`, `subadmin1_code`, `subadmin2_code`, `population`, `time_zone`, `active`, `created_at`, `updated_at`) VALUES ('KZ','{\"en\":\"Beyneu\"}',55.20,45.32,'P','PPL','KZ.09',NULL,14245,'Asia/Aqtau',1,'2020-03-06 23:00:00','2020-03-06 23:00:00');
INSERT INTO `__PREFIX__cities` (`country_code`, `name`, `longitude`, `latitude`, `feature_class`, `feature_code`, `subadmin1_code`, `subadmin2_code`, `population`, `time_zone`, `active`, `created_at`, `updated_at`) VALUES ('KZ','{\"en\":\"Bayganin\"}',55.88,48.69,'P','PPL','KZ.04',NULL,7657,'Asia/Aqtobe',1,'2018-08-01 23:00:00','2018-08-01 23:00:00');
INSERT INTO `__PREFIX__cities` (`country_code`, `name`, `longitude`, `latitude`, `feature_class`, `feature_code`, `subadmin1_code`, `subadmin2_code`, `population`, `time_zone`, `active`, `created_at`, `updated_at`) VALUES ('KZ','{\"en\":\"Batamshinskiy\"}',58.28,50.56,'P','PPLA2','KZ.04',NULL,5668,'Asia/Aqtobe',1,'2021-11-10 23:00:00','2021-11-10 23:00:00');
INSERT INTO `__PREFIX__cities` (`country_code`, `name`, `longitude`, `latitude`, `feature_class`, `feature_code`, `subadmin1_code`, `subadmin2_code`, `population`, `time_zone`, `active`, `created_at`, `updated_at`) VALUES ('KZ','{\"en\":\"Balykshi\"}',51.87,47.07,'P','PPL','KZ.06',NULL,19260,'Asia/Atyrau',1,'2017-11-06 23:00:00','2017-11-06 23:00:00');
INSERT INTO `__PREFIX__cities` (`country_code`, `name`, `longitude`, `latitude`, `feature_class`, `feature_code`, `subadmin1_code`, `subadmin2_code`, `population`, `time_zone`, `active`, `created_at`, `updated_at`) VALUES ('KZ','{\"en\":\"Atyrau\"}',51.88,47.12,'P','PPLA','KZ.06',NULL,180000,'Asia/Atyrau',1,'2019-09-04 23:00:00','2019-09-04 23:00:00');
INSERT INTO `__PREFIX__cities` (`country_code`, `name`, `longitude`, `latitude`, `feature_class`, `feature_code`, `subadmin1_code`, `subadmin2_code`, `population`, `time_zone`, `active`, `created_at`, `updated_at`) VALUES ('KZ','{\"en\":\"Aktobe\"}',57.21,50.28,'P','PPLA','KZ.04','KZ.04.828331',262457,'Asia/Aqtobe',1,'2019-09-18 23:00:00','2019-09-18 23:00:00');
INSERT INTO `__PREFIX__cities` (`country_code`, `name`, `longitude`, `latitude`, `feature_class`, `feature_code`, `subadmin1_code`, `subadmin2_code`, `population`, `time_zone`, `active`, `created_at`, `updated_at`) VALUES ('KZ','{\"en\":\"Shevchenko\"}',51.17,43.65,'P','PPLA','KZ.09',NULL,147443,'Asia/Aqtau',1,'2020-04-07 23:00:00','2020-04-07 23:00:00');
INSERT INTO `__PREFIX__cities` (`country_code`, `name`, `longitude`, `latitude`, `feature_class`, `feature_code`, `subadmin1_code`, `subadmin2_code`, `population`, `time_zone`, `active`, `created_at`, `updated_at`) VALUES ('KZ','{\"en\":\"Aqsay\"}',53.00,51.17,'P','PPL','KZ.07',NULL,34799,'Asia/Oral',1,'2018-08-06 23:00:00','2018-08-06 23:00:00');
INSERT INTO `__PREFIX__cities` (`country_code`, `name`, `longitude`, `latitude`, `feature_class`, `feature_code`, `subadmin1_code`, `subadmin2_code`, `population`, `time_zone`, `active`, `created_at`, `updated_at`) VALUES ('KZ','{\"en\":\"Zyryanovsk\"}',84.27,49.73,'P','PPL','KZ.15',NULL,44929,'Asia/Almaty',1,'2017-01-03 23:00:00','2017-01-03 23:00:00');
INSERT INTO `__PREFIX__cities` (`country_code`, `name`, `longitude`, `latitude`, `feature_class`, `feature_code`, `subadmin1_code`, `subadmin2_code`, `population`, `time_zone`, `active`, `created_at`, `updated_at`) VALUES ('KZ','{\"en\":\"Zhosaly\"}',64.08,45.49,'P','PPL','KZ.14',NULL,20065,'Asia/Qyzylorda',1,'2020-03-06 23:00:00','2020-03-06 23:00:00');
INSERT INTO `__PREFIX__cities` (`country_code`, `name`, `longitude`, `latitude`, `feature_class`, `feature_code`, `subadmin1_code`, `subadmin2_code`, `population`, `time_zone`, `active`, `created_at`, `updated_at`) VALUES ('KZ','{\"en\":\"Zholymbet\"}',71.71,51.74,'P','PPL','KZ.03',NULL,6876,'Asia/Almaty',1,'2021-12-14 23:00:00','2021-12-14 23:00:00');
INSERT INTO `__PREFIX__cities` (`country_code`, `name`, `longitude`, `latitude`, `feature_class`, `feature_code`, `subadmin1_code`, `subadmin2_code`, `population`, `time_zone`, `active`, `created_at`, `updated_at`) VALUES ('KZ','{\"en\":\"Zhezqazghan\"}',67.71,47.79,'P','PPL','KZ.12',NULL,104357,'Asia/Almaty',1,'2021-04-08 23:00:00','2021-04-08 23:00:00');
INSERT INTO `__PREFIX__cities` (`country_code`, `name`, `longitude`, `latitude`, `feature_class`, `feature_code`, `subadmin1_code`, `subadmin2_code`, `population`, `time_zone`, `active`, `created_at`, `updated_at`) VALUES ('KZ','{\"en\":\"Zhezkent\"}',81.36,50.93,'P','PPL','KZ.15',NULL,8896,'Asia/Almaty',1,'2017-04-05 23:00:00','2017-04-05 23:00:00');
INSERT INTO `__PREFIX__cities` (`country_code`, `name`, `longitude`, `latitude`, `feature_class`, `feature_code`, `subadmin1_code`, `subadmin2_code`, `population`, `time_zone`, `active`, `created_at`, `updated_at`) VALUES ('KZ','{\"en\":\"Dzhetygara\"}',61.20,52.19,'P','PPL','KZ.13',NULL,43104,'Asia/Qostanay',1,'2018-01-09 23:00:00','2018-01-09 23:00:00');
INSERT INTO `__PREFIX__cities` (`country_code`, `name`, `longitude`, `latitude`, `feature_class`, `feature_code`, `subadmin1_code`, `subadmin2_code`, `population`, `time_zone`, `active`, `created_at`, `updated_at`) VALUES ('KZ','{\"en\":\"Zhelezinka\"}',75.31,53.54,'P','PPL','KZ.11',NULL,5225,'Asia/Almaty',1,'2015-12-04 23:00:00','2015-12-04 23:00:00');
INSERT INTO `__PREFIX__cities` (`country_code`, `name`, `longitude`, `latitude`, `feature_class`, `feature_code`, `subadmin1_code`, `subadmin2_code`, `population`, `time_zone`, `active`, `created_at`, `updated_at`) VALUES ('KZ','{\"en\":\"Zhangatas\"}',69.73,43.56,'P','PPL','KZ.17',NULL,33492,'Asia/Almaty',1,'2015-08-06 23:00:00','2015-08-06 23:00:00');
INSERT INTO `__PREFIX__cities` (`country_code`, `name`, `longitude`, `latitude`, `feature_class`, `feature_code`, `subadmin1_code`, `subadmin2_code`, `population`, `time_zone`, `active`, `created_at`, `updated_at`) VALUES ('KZ','{\"en\":\"Novokazalinsk\"}',62.15,45.85,'P','PPL','KZ.14',NULL,35883,'Asia/Qyzylorda',1,'2020-03-06 23:00:00','2020-03-06 23:00:00');
INSERT INTO `__PREFIX__cities` (`country_code`, `name`, `longitude`, `latitude`, `feature_class`, `feature_code`, `subadmin1_code`, `subadmin2_code`, `population`, `time_zone`, `active`, `created_at`, `updated_at`) VALUES ('KZ','{\"en\":\"Taraz\"}',71.37,42.90,'P','PPLA','KZ.17',NULL,358153,'Asia/Almaty',1,'2019-09-04 23:00:00','2019-09-04 23:00:00');
INSERT INTO `__PREFIX__cities` (`country_code`, `name`, `longitude`, `latitude`, `feature_class`, `feature_code`, `subadmin1_code`, `subadmin2_code`, `population`, `time_zone`, `active`, `created_at`, `updated_at`) VALUES ('KZ','{\"en\":\"Zhaqsy\"}',67.32,51.91,'P','PPL','KZ.03',NULL,5001,'Asia/Almaty',1,'2019-04-09 23:00:00','2019-04-09 23:00:00');
INSERT INTO `__PREFIX__cities` (`country_code`, `name`, `longitude`, `latitude`, `feature_class`, `feature_code`, `subadmin1_code`, `subadmin2_code`, `population`, `time_zone`, `active`, `created_at`, `updated_at`) VALUES ('KZ','{\"en\":\"Zaysan\"}',84.87,47.47,'P','PPL','KZ.15',NULL,17600,'Asia/Almaty',1,'2013-06-01 23:00:00','2013-06-01 23:00:00');
INSERT INTO `__PREFIX__cities` (`country_code`, `name`, `longitude`, `latitude`, `feature_class`, `feature_code`, `subadmin1_code`, `subadmin2_code`, `population`, `time_zone`, `active`, `created_at`, `updated_at`) VALUES ('KZ','{\"en\":\"Yanykurgan\"}',67.25,43.91,'P','PPL','KZ.14',NULL,21339,'Asia/Qyzylorda',1,'2015-11-07 23:00:00','2015-11-07 23:00:00');
INSERT INTO `__PREFIX__cities` (`country_code`, `name`, `longitude`, `latitude`, `feature_class`, `feature_code`, `subadmin1_code`, `subadmin2_code`, `population`, `time_zone`, `active`, `created_at`, `updated_at`) VALUES ('KZ','{\"en\":\"Turar Ryskulov\"}',70.35,42.53,'P','PPL','KZ.10',NULL,18421,'Asia/Almaty',1,'2017-12-05 23:00:00','2017-12-05 23:00:00');
INSERT INTO `__PREFIX__cities` (`country_code`, `name`, `longitude`, `latitude`, `feature_class`, `feature_code`, `subadmin1_code`, `subadmin2_code`, `population`, `time_zone`, `active`, `created_at`, `updated_at`) VALUES ('KZ','{\"en\":\"Ūst’-Talovka\"}',81.85,50.55,'P','PPL','KZ.15',NULL,6122,'Asia/Almaty',1,'2012-02-27 23:00:00','2012-02-27 23:00:00');
INSERT INTO `__PREFIX__cities` (`country_code`, `name`, `longitude`, `latitude`, `feature_class`, `feature_code`, `subadmin1_code`, `subadmin2_code`, `population`, `time_zone`, `active`, `created_at`, `updated_at`) VALUES ('KZ','{\"en\":\"Ushtobe\"}',77.98,45.25,'P','PPL','KZ.01',NULL,20492,'Asia/Almaty',1,'2020-04-07 23:00:00','2020-04-07 23:00:00');
INSERT INTO `__PREFIX__cities` (`country_code`, `name`, `longitude`, `latitude`, `feature_class`, `feature_code`, `subadmin1_code`, `subadmin2_code`, `population`, `time_zone`, `active`, `created_at`, `updated_at`) VALUES ('KZ','{\"en\":\"Urzhar\"}',81.63,47.09,'P','PPL','KZ.15',NULL,14826,'Asia/Almaty',1,'2018-01-02 23:00:00','2018-01-02 23:00:00');
INSERT INTO `__PREFIX__cities` (`country_code`, `name`, `longitude`, `latitude`, `feature_class`, `feature_code`, `subadmin1_code`, `subadmin2_code`, `population`, `time_zone`, `active`, `created_at`, `updated_at`) VALUES ('KZ','{\"en\":\"Tyul’kubas\"}',70.30,42.49,'P','PPL','KZ.10',NULL,10802,'Asia/Almaty',1,'2019-08-17 23:00:00','2019-08-17 23:00:00');
INSERT INTO `__PREFIX__cities` (`country_code`, `name`, `longitude`, `latitude`, `feature_class`, `feature_code`, `subadmin1_code`, `subadmin2_code`, `population`, `time_zone`, `active`, `created_at`, `updated_at`) VALUES ('KZ','{\"en\":\"Turkestan\"}',68.25,43.30,'P','PPLA','KZ.10',NULL,97360,'Asia/Almaty',1,'2018-07-07 23:00:00','2018-07-07 23:00:00');
INSERT INTO `__PREFIX__cities` (`country_code`, `name`, `longitude`, `latitude`, `feature_class`, `feature_code`, `subadmin1_code`, `subadmin2_code`, `population`, `time_zone`, `active`, `created_at`, `updated_at`) VALUES ('KZ','{\"en\":\"Turgen\"}',77.59,43.40,'P','PPL','KZ.01',NULL,13000,'Asia/Almaty',1,'2017-12-06 23:00:00','2017-12-06 23:00:00');
INSERT INTO `__PREFIX__cities` (`country_code`, `name`, `longitude`, `latitude`, `feature_class`, `feature_code`, `subadmin1_code`, `subadmin2_code`, `population`, `time_zone`, `active`, `created_at`, `updated_at`) VALUES ('KZ','{\"en\":\"Turgay\"}',63.49,49.63,'P','PPL','KZ.13',NULL,5277,'Asia/Qostanay',1,'2021-12-14 23:00:00','2021-12-14 23:00:00');
INSERT INTO `__PREFIX__cities` (`country_code`, `name`, `longitude`, `latitude`, `feature_class`, `feature_code`, `subadmin1_code`, `subadmin2_code`, `population`, `time_zone`, `active`, `created_at`, `updated_at`) VALUES ('KZ','{\"en\":\"Tobol\"}',62.59,52.69,'P','PPL','KZ.13',NULL,7155,'Asia/Qostanay',1,'2017-04-05 23:00:00','2017-04-05 23:00:00');
INSERT INTO `__PREFIX__cities` (`country_code`, `name`, `longitude`, `latitude`, `feature_class`, `feature_code`, `subadmin1_code`, `subadmin2_code`, `population`, `time_zone`, `active`, `created_at`, `updated_at`) VALUES ('KZ','{\"en\":\"Terenozek\"}',64.98,45.05,'P','PPL','KZ.14',NULL,9661,'Asia/Qyzylorda',1,'2020-04-07 23:00:00','2020-04-07 23:00:00');
INSERT INTO `__PREFIX__cities` (`country_code`, `name`, `longitude`, `latitude`, `feature_class`, `feature_code`, `subadmin1_code`, `subadmin2_code`, `population`, `time_zone`, `active`, `created_at`, `updated_at`) VALUES ('KZ','{\"en\":\"Temirtau\"}',72.96,50.05,'P','PPL','KZ.12',NULL,170600,'Asia/Almaty',1,'2016-05-06 23:00:00','2016-05-06 23:00:00');
INSERT INTO `__PREFIX__cities` (`country_code`, `name`, `longitude`, `latitude`, `feature_class`, `feature_code`, `subadmin1_code`, `subadmin2_code`, `population`, `time_zone`, `active`, `created_at`, `updated_at`) VALUES ('KZ','{\"en\":\"Temirlanovka\"}',69.26,42.60,'P','PPL','KZ.10',NULL,12245,'Asia/Almaty',1,'2016-04-09 23:00:00','2016-04-09 23:00:00');
INSERT INTO `__PREFIX__cities` (`country_code`, `name`, `longitude`, `latitude`, `feature_class`, `feature_code`, `subadmin1_code`, `subadmin2_code`, `population`, `time_zone`, `active`, `created_at`, `updated_at`) VALUES ('KZ','{\"en\":\"Tekeli\"}',78.73,44.87,'P','PPLX','KZ.01',NULL,26678,'Asia/Almaty',1,'2021-06-08 23:00:00','2021-06-08 23:00:00');
INSERT INTO `__PREFIX__cities` (`country_code`, `name`, `longitude`, `latitude`, `feature_class`, `feature_code`, `subadmin1_code`, `subadmin2_code`, `population`, `time_zone`, `active`, `created_at`, `updated_at`) VALUES ('KZ','{\"en\":\"Tasbuget\"}',65.55,44.77,'P','PPL','KZ.14',NULL,16455,'Asia/Qyzylorda',1,'2020-03-06 23:00:00','2020-03-06 23:00:00');
INSERT INTO `__PREFIX__cities` (`country_code`, `name`, `longitude`, `latitude`, `feature_class`, `feature_code`, `subadmin1_code`, `subadmin2_code`, `population`, `time_zone`, `active`, `created_at`, `updated_at`) VALUES ('KZ','{\"en\":\"Talghar\"}',77.24,43.30,'P','PPL','KZ.01',NULL,42194,'Asia/Almaty',1,'2020-04-07 23:00:00','2020-04-07 23:00:00');
INSERT INTO `__PREFIX__cities` (`country_code`, `name`, `longitude`, `latitude`, `feature_class`, `feature_code`, `subadmin1_code`, `subadmin2_code`, `population`, `time_zone`, `active`, `created_at`, `updated_at`) VALUES ('KZ','{\"en\":\"Taldykorgan\"}',78.37,45.02,'P','PPLA','KZ.01',NULL,116558,'Asia/Almaty',1,'2021-07-29 23:00:00','2021-07-29 23:00:00');
INSERT INTO `__PREFIX__cities` (`country_code`, `name`, `longitude`, `latitude`, `feature_class`, `feature_code`, `subadmin1_code`, `subadmin2_code`, `population`, `time_zone`, `active`, `created_at`, `updated_at`) VALUES ('KZ','{\"en\":\"Smirnovo\"}',69.43,54.51,'P','PPL','KZ.16',NULL,5742,'Asia/Almaty',1,'2015-10-03 23:00:00','2015-10-03 23:00:00');
INSERT INTO `__PREFIX__cities` (`country_code`, `name`, `longitude`, `latitude`, `feature_class`, `feature_code`, `subadmin1_code`, `subadmin2_code`, `population`, `time_zone`, `active`, `created_at`, `updated_at`) VALUES ('KZ','{\"en\":\"Myrzakent\"}',68.55,40.66,'P','PPL','KZ.10',NULL,9752,'Asia/Almaty',1,'2018-08-01 23:00:00','2018-08-01 23:00:00');
INSERT INTO `__PREFIX__cities` (`country_code`, `name`, `longitude`, `latitude`, `feature_class`, `feature_code`, `subadmin1_code`, `subadmin2_code`, `population`, `time_zone`, `active`, `created_at`, `updated_at`) VALUES ('KZ','{\"en\":\"Shymkent\"}',69.60,42.30,'P','PPLA','KZ.1537272',NULL,414032,'Asia/Almaty',1,'2019-09-18 23:00:00','2019-09-18 23:00:00');
INSERT INTO `__PREFIX__cities` (`country_code`, `name`, `longitude`, `latitude`, `feature_class`, `feature_code`, `subadmin1_code`, `subadmin2_code`, `population`, `time_zone`, `active`, `created_at`, `updated_at`) VALUES ('KZ','{\"en\":\"Chu\"}',73.76,43.60,'P','PPL','KZ.17',NULL,39785,'Asia/Almaty',1,'2015-12-04 23:00:00','2015-12-04 23:00:00');
INSERT INTO `__PREFIX__cities` (`country_code`, `name`, `longitude`, `latitude`, `feature_class`, `feature_code`, `subadmin1_code`, `subadmin2_code`, `population`, `time_zone`, `active`, `created_at`, `updated_at`) VALUES ('KZ','{\"en\":\"Shortandy\"}',70.99,51.70,'P','PPLA2','KZ.03',NULL,6980,'Asia/Almaty',1,'2021-12-14 23:00:00','2021-12-14 23:00:00');
INSERT INTO `__PREFIX__cities` (`country_code`, `name`, `longitude`, `latitude`, `feature_class`, `feature_code`, `subadmin1_code`, `subadmin2_code`, `population`, `time_zone`, `active`, `created_at`, `updated_at`) VALUES ('KZ','{\"en\":\"Shemonaīkha\"}',81.91,50.63,'P','PPL','KZ.15',NULL,20087,'Asia/Almaty',1,'2014-06-26 23:00:00','2014-06-26 23:00:00');
INSERT INTO `__PREFIX__cities` (`country_code`, `name`, `longitude`, `latitude`, `feature_class`, `feature_code`, `subadmin1_code`, `subadmin2_code`, `population`, `time_zone`, `active`, `created_at`, `updated_at`) VALUES ('KZ','{\"en\":\"Shchuchinsk\"}',70.19,52.94,'P','PPLA2','KZ.03','KZ.03.1519241',47290,'Asia/Almaty',1,'2019-04-15 23:00:00','2019-04-15 23:00:00');
INSERT INTO `__PREFIX__cities` (`country_code`, `name`, `longitude`, `latitude`, `feature_class`, `feature_code`, `subadmin1_code`, `subadmin2_code`, `population`, `time_zone`, `active`, `created_at`, `updated_at`) VALUES ('KZ','{\"en\":\"Shar\"}',81.05,49.59,'P','PPL','KZ.15',NULL,9087,'Asia/Almaty',1,'2017-04-05 23:00:00','2017-04-05 23:00:00');
INSERT INTO `__PREFIX__cities` (`country_code`, `name`, `longitude`, `latitude`, `feature_class`, `feature_code`, `subadmin1_code`, `subadmin2_code`, `population`, `time_zone`, `active`, `created_at`, `updated_at`) VALUES ('KZ','{\"en\":\"Shantobe\"}',68.17,52.45,'P','PPL','KZ.03',NULL,5626,'Asia/Almaty',1,'2016-05-06 23:00:00','2016-05-06 23:00:00');
INSERT INTO `__PREFIX__cities` (`country_code`, `name`, `longitude`, `latitude`, `feature_class`, `feature_code`, `subadmin1_code`, `subadmin2_code`, `population`, `time_zone`, `active`, `created_at`, `updated_at`) VALUES ('KZ','{\"en\":\"Shakhtinsk\"}',72.59,49.71,'P','PPL','KZ.12',NULL,41602,'Asia/Almaty',1,'2017-12-13 23:00:00','2017-12-13 23:00:00');
INSERT INTO `__PREFIX__cities` (`country_code`, `name`, `longitude`, `latitude`, `feature_class`, `feature_code`, `subadmin1_code`, `subadmin2_code`, `population`, `time_zone`, `active`, `created_at`, `updated_at`) VALUES ('KZ','{\"en\":\"Shakhan\"}',72.65,49.82,'P','PPL','KZ.12',NULL,13273,'Asia/Almaty',1,'2017-03-03 23:00:00','2017-03-03 23:00:00');
INSERT INTO `__PREFIX__cities` (`country_code`, `name`, `longitude`, `latitude`, `feature_class`, `feature_code`, `subadmin1_code`, `subadmin2_code`, `population`, `time_zone`, `active`, `created_at`, `updated_at`) VALUES ('KZ','{\"en\":\"Sergeyevka\"}',67.41,53.88,'P','PPL','KZ.16',NULL,8845,'Asia/Almaty',1,'2015-12-04 23:00:00','2015-12-04 23:00:00');
INSERT INTO `__PREFIX__cities` (`country_code`, `name`, `longitude`, `latitude`, `feature_class`, `feature_code`, `subadmin1_code`, `subadmin2_code`, `population`, `time_zone`, `active`, `created_at`, `updated_at`) VALUES ('KZ','{\"en\":\"Semey\"}',80.27,50.43,'P','PPL','KZ.15',NULL,292780,'Asia/Almaty',1,'2017-04-06 23:00:00','2017-04-06 23:00:00');
INSERT INTO `__PREFIX__cities` (`country_code`, `name`, `longitude`, `latitude`, `feature_class`, `feature_code`, `subadmin1_code`, `subadmin2_code`, `population`, `time_zone`, `active`, `created_at`, `updated_at`) VALUES ('KZ','{\"en\":\"Sastobe\"}',70.00,42.55,'P','PPL','KZ.10',NULL,6827,'Asia/Almaty',1,'2016-04-09 23:00:00','2016-04-09 23:00:00');
INSERT INTO `__PREFIX__cities` (`country_code`, `name`, `longitude`, `latitude`, `feature_class`, `feature_code`, `subadmin1_code`, `subadmin2_code`, `population`, `time_zone`, `active`, `created_at`, `updated_at`) VALUES ('KZ','{\"en\":\"Saryozek\"}',77.97,44.36,'P','PPL','KZ.01',NULL,13930,'Asia/Almaty',1,'2016-02-05 23:00:00','2016-02-05 23:00:00');
INSERT INTO `__PREFIX__cities` (`country_code`, `name`, `longitude`, `latitude`, `feature_class`, `feature_code`, `subadmin1_code`, `subadmin2_code`, `population`, `time_zone`, `active`, `created_at`, `updated_at`) VALUES ('KZ','{\"en\":\"Saryaghash\"}',69.17,41.46,'P','PPL','KZ.10',NULL,25139,'Asia/Almaty',1,'2015-12-04 23:00:00','2015-12-04 23:00:00');
INSERT INTO `__PREFIX__cities` (`country_code`, `name`, `longitude`, `latitude`, `feature_class`, `feature_code`, `subadmin1_code`, `subadmin2_code`, `population`, `time_zone`, `active`, `created_at`, `updated_at`) VALUES ('KZ','{\"en\":\"Sarkand\"}',79.92,45.41,'P','PPL','KZ.01',NULL,76919,'Asia/Almaty',1,'2020-04-07 23:00:00','2020-04-07 23:00:00');
INSERT INTO `__PREFIX__cities` (`country_code`, `name`, `longitude`, `latitude`, `feature_class`, `feature_code`, `subadmin1_code`, `subadmin2_code`, `population`, `time_zone`, `active`, `created_at`, `updated_at`) VALUES ('KZ','{\"en\":\"Soran\"}',72.84,49.79,'P','PPL','KZ.12',NULL,42552,'Asia/Almaty',1,'2017-03-03 23:00:00','2017-03-03 23:00:00');
INSERT INTO `__PREFIX__cities` (`country_code`, `name`, `longitude`, `latitude`, `feature_class`, `feature_code`, `subadmin1_code`, `subadmin2_code`, `population`, `time_zone`, `active`, `created_at`, `updated_at`) VALUES ('KZ','{\"en\":\"Saksaul’skiy\"}',61.15,47.08,'P','PPL','KZ.14',NULL,9296,'Asia/Qyzylorda',1,'2020-06-09 23:00:00','2020-06-09 23:00:00');
INSERT INTO `__PREFIX__cities` (`country_code`, `name`, `longitude`, `latitude`, `feature_class`, `feature_code`, `subadmin1_code`, `subadmin2_code`, `population`, `time_zone`, `active`, `created_at`, `updated_at`) VALUES ('KZ','{\"en\":\"Rudnyy\"}',63.12,52.97,'P','PPL','KZ.13',NULL,124000,'Asia/Qostanay',1,'2012-06-04 23:00:00','2012-06-04 23:00:00');
INSERT INTO `__PREFIX__cities` (`country_code`, `name`, `longitude`, `latitude`, `feature_class`, `feature_code`, `subadmin1_code`, `subadmin2_code`, `population`, `time_zone`, `active`, `created_at`, `updated_at`) VALUES ('KZ','{\"en\":\"Kyzylorda\"}',65.51,44.85,'P','PPLA','KZ.14',NULL,300000,'Asia/Qyzylorda',1,'2019-09-04 23:00:00','2019-09-04 23:00:00');
INSERT INTO `__PREFIX__cities` (`country_code`, `name`, `longitude`, `latitude`, `feature_class`, `feature_code`, `subadmin1_code`, `subadmin2_code`, `population`, `time_zone`, `active`, `created_at`, `updated_at`) VALUES ('KZ','{\"en\":\"Qusmuryn\"}',64.62,52.45,'P','PPL','KZ.13',NULL,8049,'Asia/Qostanay',1,'2012-07-03 23:00:00','2012-07-03 23:00:00');
INSERT INTO `__PREFIX__cities` (`country_code`, `name`, `longitude`, `latitude`, `feature_class`, `feature_code`, `subadmin1_code`, `subadmin2_code`, `population`, `time_zone`, `active`, `created_at`, `updated_at`) VALUES ('KZ','{\"en\":\"Kostanay\"}',63.62,53.21,'P','PPLA','KZ.13','KZ.13.1537246',210000,'Asia/Qostanay',1,'2016-10-22 23:00:00','2016-10-22 23:00:00');
INSERT INTO `__PREFIX__cities` (`country_code`, `name`, `longitude`, `latitude`, `feature_class`, `feature_code`, `subadmin1_code`, `subadmin2_code`, `population`, `time_zone`, `active`, `created_at`, `updated_at`) VALUES ('KZ','{\"en\":\"Qashar\"}',62.87,53.37,'P','PPL','KZ.13',NULL,10285,'Asia/Qostanay',1,'2017-01-03 23:00:00','2017-01-03 23:00:00');
INSERT INTO `__PREFIX__cities` (`country_code`, `name`, `longitude`, `latitude`, `feature_class`, `feature_code`, `subadmin1_code`, `subadmin2_code`, `population`, `time_zone`, `active`, `created_at`, `updated_at`) VALUES ('KZ','{\"en\":\"Qarqaraly\"}',75.47,49.41,'P','PPL','KZ.12',NULL,8195,'Asia/Almaty',1,'2017-01-03 23:00:00','2017-01-03 23:00:00');
INSERT INTO `__PREFIX__cities` (`country_code`, `name`, `longitude`, `latitude`, `feature_class`, `feature_code`, `subadmin1_code`, `subadmin2_code`, `population`, `time_zone`, `active`, `created_at`, `updated_at`) VALUES ('KZ','{\"en\":\"Qarazhal\"}',70.80,48.01,'P','PPL','KZ.12',NULL,13807,'Asia/Almaty',1,'2017-02-02 23:00:00','2017-02-02 23:00:00');
INSERT INTO `__PREFIX__cities` (`country_code`, `name`, `longitude`, `latitude`, `feature_class`, `feature_code`, `subadmin1_code`, `subadmin2_code`, `population`, `time_zone`, `active`, `created_at`, `updated_at`) VALUES ('KZ','{\"en\":\"Qaraūyl\"}',79.26,48.95,'P','PPL','KZ.15',NULL,5261,'Asia/Almaty',1,'2020-06-09 23:00:00','2020-06-09 23:00:00');
INSERT INTO `__PREFIX__cities` (`country_code`, `name`, `longitude`, `latitude`, `feature_class`, `feature_code`, `subadmin1_code`, `subadmin2_code`, `population`, `time_zone`, `active`, `created_at`, `updated_at`) VALUES ('KZ','{\"en\":\"Karatau\"}',70.47,43.18,'P','PPL','KZ.17',NULL,37881,'Asia/Almaty',1,'2015-10-03 23:00:00','2015-10-03 23:00:00');
INSERT INTO `__PREFIX__cities` (`country_code`, `name`, `longitude`, `latitude`, `feature_class`, `feature_code`, `subadmin1_code`, `subadmin2_code`, `population`, `time_zone`, `active`, `created_at`, `updated_at`) VALUES ('KZ','{\"en\":\"Kapshagay\"}',77.06,43.87,'P','PPL','KZ.01',NULL,42167,'Asia/Almaty',1,'2013-11-10 23:00:00','2013-11-10 23:00:00');
INSERT INTO `__PREFIX__cities` (`country_code`, `name`, `longitude`, `latitude`, `feature_class`, `feature_code`, `subadmin1_code`, `subadmin2_code`, `population`, `time_zone`, `active`, `created_at`, `updated_at`) VALUES ('KZ','{\"en\":\"Tughyl\"}',84.21,47.72,'P','PPL','KZ.15',NULL,6696,'Asia/Almaty',1,'2021-06-08 23:00:00','2021-06-08 23:00:00');
INSERT INTO `__PREFIX__cities` (`country_code`, `name`, `longitude`, `latitude`, `feature_class`, `feature_code`, `subadmin1_code`, `subadmin2_code`, `population`, `time_zone`, `active`, `created_at`, `updated_at`) VALUES ('KZ','{\"en\":\"Petropavl\"}',69.15,54.87,'P','PPLA','KZ.16',NULL,200920,'Asia/Almaty',1,'2016-01-06 23:00:00','2016-01-06 23:00:00');
INSERT INTO `__PREFIX__cities` (`country_code`, `name`, `longitude`, `latitude`, `feature_class`, `feature_code`, `subadmin1_code`, `subadmin2_code`, `population`, `time_zone`, `active`, `created_at`, `updated_at`) VALUES ('KZ','{\"en\":\"Pervomayka\"}',76.94,43.37,'P','PPL','KZ.01',NULL,7874,'Asia/Almaty',1,'2017-05-06 23:00:00','2017-05-06 23:00:00');
INSERT INTO `__PREFIX__cities` (`country_code`, `name`, `longitude`, `latitude`, `feature_class`, `feature_code`, `subadmin1_code`, `subadmin2_code`, `population`, `time_zone`, `active`, `created_at`, `updated_at`) VALUES ('KZ','{\"en\":\"Pavlodar\"}',76.97,52.28,'P','PPLA','KZ.11',NULL,329002,'Asia/Almaty',1,'2019-09-04 23:00:00','2019-09-04 23:00:00');
INSERT INTO `__PREFIX__cities` (`country_code`, `name`, `longitude`, `latitude`, `feature_class`, `feature_code`, `subadmin1_code`, `subadmin2_code`, `population`, `time_zone`, `active`, `created_at`, `updated_at`) VALUES ('KZ','{\"en\":\"Zharkent\"}',80.01,44.17,'P','PPL','KZ.01',NULL,34422,'Asia/Almaty',1,'2017-04-05 23:00:00','2017-04-05 23:00:00');
INSERT INTO `__PREFIX__cities` (`country_code`, `name`, `longitude`, `latitude`, `feature_class`, `feature_code`, `subadmin1_code`, `subadmin2_code`, `population`, `time_zone`, `active`, `created_at`, `updated_at`) VALUES ('KZ','{\"en\":\"Oytal\"}',73.27,42.91,'P','PPL','KZ.17',NULL,9821,'Asia/Almaty',1,'2017-03-03 23:00:00','2017-03-03 23:00:00');
INSERT INTO `__PREFIX__cities` (`country_code`, `name`, `longitude`, `latitude`, `feature_class`, `feature_code`, `subadmin1_code`, `subadmin2_code`, `population`, `time_zone`, `active`, `created_at`, `updated_at`) VALUES ('KZ','{\"en\":\"Ust-Kamenogorsk\"}',82.61,49.97,'P','PPLA','KZ.15',NULL,319067,'Asia/Almaty',1,'2017-09-18 23:00:00','2017-09-18 23:00:00');
INSERT INTO `__PREFIX__cities` (`country_code`, `name`, `longitude`, `latitude`, `feature_class`, `feature_code`, `subadmin1_code`, `subadmin2_code`, `population`, `time_zone`, `active`, `created_at`, `updated_at`) VALUES ('KZ','{\"en\":\"Osakarovka\"}',72.57,50.56,'P','PPL','KZ.12',NULL,7305,'Asia/Almaty',1,'2016-05-06 23:00:00','2016-05-06 23:00:00');
INSERT INTO `__PREFIX__cities` (`country_code`, `name`, `longitude`, `latitude`, `feature_class`, `feature_code`, `subadmin1_code`, `subadmin2_code`, `population`, `time_zone`, `active`, `created_at`, `updated_at`) VALUES ('KZ','{\"en\":\"Novodolinskiy\"}',72.71,49.71,'P','PPL','KZ.12',NULL,5167,'Asia/Almaty',1,'2017-03-03 23:00:00','2017-03-03 23:00:00');
INSERT INTO `__PREFIX__cities` (`country_code`, `name`, `longitude`, `latitude`, `feature_class`, `feature_code`, `subadmin1_code`, `subadmin2_code`, `population`, `time_zone`, `active`, `created_at`, `updated_at`) VALUES ('KZ','{\"en\":\"Zhanga Buqtyrma\"}',83.52,49.63,'P','PPL','KZ.15',NULL,6026,'Asia/Almaty',1,'2014-06-25 23:00:00','2014-06-25 23:00:00');
INSERT INTO `__PREFIX__cities` (`country_code`, `name`, `longitude`, `latitude`, `feature_class`, `feature_code`, `subadmin1_code`, `subadmin2_code`, `population`, `time_zone`, `active`, `created_at`, `updated_at`) VALUES ('KZ','{\"en\":\"Kurchatov\"}',78.54,50.76,'P','PPL','KZ.15',NULL,10747,'Asia/Almaty',1,'2017-02-02 23:00:00','2017-02-02 23:00:00');
INSERT INTO `__PREFIX__cities` (`country_code`, `name`, `longitude`, `latitude`, `feature_class`, `feature_code`, `subadmin1_code`, `subadmin2_code`, `population`, `time_zone`, `active`, `created_at`, `updated_at`) VALUES ('KZ','{\"en\":\"Sarykemer\"}',71.50,43.00,'P','PPL','KZ.17',NULL,15132,'Asia/Almaty',1,'2019-03-27 23:00:00','2019-03-27 23:00:00');
INSERT INTO `__PREFIX__cities` (`country_code`, `name`, `longitude`, `latitude`, `feature_class`, `feature_code`, `subadmin1_code`, `subadmin2_code`, `population`, `time_zone`, `active`, `created_at`, `updated_at`) VALUES ('KZ','{\"en\":\"Merke\"}',73.18,42.87,'P','PPL','KZ.17',NULL,15934,'Asia/Almaty',1,'2018-08-01 23:00:00','2018-08-01 23:00:00');
INSERT INTO `__PREFIX__cities` (`country_code`, `name`, `longitude`, `latitude`, `feature_class`, `feature_code`, `subadmin1_code`, `subadmin2_code`, `population`, `time_zone`, `active`, `created_at`, `updated_at`) VALUES ('KZ','{\"en\":\"Mayqayyng\"}',75.80,51.46,'P','PPL','KZ.11',NULL,7695,'Asia/Almaty',1,'2017-01-03 23:00:00','2017-01-03 23:00:00');
INSERT INTO `__PREFIX__cities` (`country_code`, `name`, `longitude`, `latitude`, `feature_class`, `feature_code`, `subadmin1_code`, `subadmin2_code`, `population`, `time_zone`, `active`, `created_at`, `updated_at`) VALUES ('KZ','{\"en\":\"Makinsk\"}',70.42,52.63,'P','PPL','KZ.03',NULL,17711,'Asia/Almaty',1,'2016-05-06 23:00:00','2016-05-06 23:00:00');
INSERT INTO `__PREFIX__cities` (`country_code`, `name`, `longitude`, `latitude`, `feature_class`, `feature_code`, `subadmin1_code`, `subadmin2_code`, `population`, `time_zone`, `active`, `created_at`, `updated_at`) VALUES ('KZ','{\"en\":\"Lugovoye\"}',72.72,42.91,'P','PPL','KZ.17',NULL,13128,'Asia/Almaty',1,'2016-01-06 23:00:00','2016-01-06 23:00:00');
INSERT INTO `__PREFIX__cities` (`country_code`, `name`, `longitude`, `latitude`, `feature_class`, `feature_code`, `subadmin1_code`, `subadmin2_code`, `population`, `time_zone`, `active`, `created_at`, `updated_at`) VALUES ('KZ','{\"en\":\"Lugovoy\"}',72.76,42.94,'P','PPL','KZ.17',NULL,10422,'Asia/Almaty',1,'2012-06-04 23:00:00','2012-06-04 23:00:00');
INSERT INTO `__PREFIX__cities` (`country_code`, `name`, `longitude`, `latitude`, `feature_class`, `feature_code`, `subadmin1_code`, `subadmin2_code`, `population`, `time_zone`, `active`, `created_at`, `updated_at`) VALUES ('KZ','{\"en\":\"Lisakovsk\"}',62.50,52.55,'P','PPL','KZ.13',NULL,40000,'Asia/Qostanay',1,'2019-08-13 23:00:00','2019-08-13 23:00:00');
INSERT INTO `__PREFIX__cities` (`country_code`, `name`, `longitude`, `latitude`, `feature_class`, `feature_code`, `subadmin1_code`, `subadmin2_code`, `population`, `time_zone`, `active`, `created_at`, `updated_at`) VALUES ('KZ','{\"en\":\"Lepsy\"}',78.94,46.23,'P','PPL','KZ.01',NULL,5350,'Asia/Almaty',1,'2021-05-05 23:00:00','2021-05-05 23:00:00');
INSERT INTO `__PREFIX__cities` (`country_code`, `name`, `longitude`, `latitude`, `feature_class`, `feature_code`, `subadmin1_code`, `subadmin2_code`, `population`, `time_zone`, `active`, `created_at`, `updated_at`) VALUES ('KZ','{\"en\":\"Leninskoye\"}',69.38,41.76,'P','PPL','KZ.10',NULL,14737,'Asia/Almaty',1,'2017-12-06 23:00:00','2017-12-06 23:00:00');
INSERT INTO `__PREFIX__cities` (`country_code`, `name`, `longitude`, `latitude`, `feature_class`, `feature_code`, `subadmin1_code`, `subadmin2_code`, `population`, `time_zone`, `active`, `created_at`, `updated_at`) VALUES ('KZ','{\"en\":\"Leninskiy\"}',76.78,52.25,'P','PPL','KZ.11',NULL,8646,'Asia/Almaty',1,'2015-10-03 23:00:00','2015-10-03 23:00:00');
INSERT INTO `__PREFIX__cities` (`country_code`, `name`, `longitude`, `latitude`, `feature_class`, `feature_code`, `subadmin1_code`, `subadmin2_code`, `population`, `time_zone`, `active`, `created_at`, `updated_at`) VALUES ('KZ','{\"en\":\"Baikonur\"}',63.32,45.62,'P','PPLA','KZ.08',NULL,70000,'Asia/Qostanay',1,'2021-07-26 23:00:00','2021-07-26 23:00:00');
INSERT INTO `__PREFIX__cities` (`country_code`, `name`, `longitude`, `latitude`, `feature_class`, `feature_code`, `subadmin1_code`, `subadmin2_code`, `population`, `time_zone`, `active`, `created_at`, `updated_at`) VALUES ('KZ','{\"en\":\"Ridder\"}',83.51,50.34,'P','PPL','KZ.15',NULL,52664,'Asia/Almaty',1,'2014-06-25 23:00:00','2014-06-25 23:00:00');
INSERT INTO `__PREFIX__cities` (`country_code`, `name`, `longitude`, `latitude`, `feature_class`, `feature_code`, `subadmin1_code`, `subadmin2_code`, `population`, `time_zone`, `active`, `created_at`, `updated_at`) VALUES ('KZ','{\"en\":\"Lenger\"}',69.89,42.18,'P','PPLA2','KZ.10','KZ.10.1521378',21238,'Asia/Almaty',1,'2019-03-13 23:00:00','2019-03-13 23:00:00');
INSERT INTO `__PREFIX__cities` (`country_code`, `name`, `longitude`, `latitude`, `feature_class`, `feature_code`, `subadmin1_code`, `subadmin2_code`, `population`, `time_zone`, `active`, `created_at`, `updated_at`) VALUES ('KZ','{\"en\":\"Kzyltu\"}',72.34,53.64,'P','PPL','KZ.16',NULL,6779,'Asia/Almaty',1,'2018-01-09 23:00:00','2018-01-09 23:00:00');
INSERT INTO `__PREFIX__cities` (`country_code`, `name`, `longitude`, `latitude`, `feature_class`, `feature_code`, `subadmin1_code`, `subadmin2_code`, `population`, `time_zone`, `active`, `created_at`, `updated_at`) VALUES ('KZ','{\"en\":\"Kurchum\"}',83.66,48.57,'P','PPL','KZ.15',NULL,8800,'Asia/Almaty',1,'2012-04-04 23:00:00','2012-04-04 23:00:00');
INSERT INTO `__PREFIX__cities` (`country_code`, `name`, `longitude`, `latitude`, `feature_class`, `feature_code`, `subadmin1_code`, `subadmin2_code`, `population`, `time_zone`, `active`, `created_at`, `updated_at`) VALUES ('KZ','{\"en\":\"Taiynsha\"}',69.77,53.85,'P','PPL','KZ.16',NULL,13148,'Asia/Almaty',1,'2014-06-25 23:00:00','2014-06-25 23:00:00');
INSERT INTO `__PREFIX__cities` (`country_code`, `name`, `longitude`, `latitude`, `feature_class`, `feature_code`, `subadmin1_code`, `subadmin2_code`, `population`, `time_zone`, `active`, `created_at`, `updated_at`) VALUES ('KZ','{\"en\":\"Kokshetau\"}',69.40,53.28,'P','PPLA','KZ.03',NULL,124444,'Asia/Almaty',1,'2019-04-09 23:00:00','2019-04-09 23:00:00');
INSERT INTO `__PREFIX__cities` (`country_code`, `name`, `longitude`, `latitude`, `feature_class`, `feature_code`, `subadmin1_code`, `subadmin2_code`, `population`, `time_zone`, `active`, `created_at`, `updated_at`) VALUES ('KZ','{\"en\":\"Komsomolets\"}',62.06,53.75,'P','PPL','KZ.13',NULL,9838,'Asia/Qostanay',1,'2017-01-03 23:00:00','2017-01-03 23:00:00');
INSERT INTO `__PREFIX__cities` (`country_code`, `name`, `longitude`, `latitude`, `feature_class`, `feature_code`, `subadmin1_code`, `subadmin2_code`, `population`, `time_zone`, `active`, `created_at`, `updated_at`) VALUES ('KZ','{\"en\":\"Kokpekty\"}',82.40,48.75,'P','PPL','KZ.00',NULL,5165,'Asia/Almaty',1,'2006-01-16 23:00:00','2006-01-16 23:00:00');
INSERT INTO `__PREFIX__cities` (`country_code`, `name`, `longitude`, `latitude`, `feature_class`, `feature_code`, `subadmin1_code`, `subadmin2_code`, `population`, `time_zone`, `active`, `created_at`, `updated_at`) VALUES ('KZ','{\"en\":\"Kīevka\"}',71.55,50.26,'P','PPL','KZ.12',NULL,7037,'Asia/Almaty',1,'2020-06-09 23:00:00','2020-06-09 23:00:00');
INSERT INTO `__PREFIX__cities` (`country_code`, `name`, `longitude`, `latitude`, `feature_class`, `feature_code`, `subadmin1_code`, `subadmin2_code`, `population`, `time_zone`, `active`, `created_at`, `updated_at`) VALUES ('KZ','{\"en\":\"Kirovskiy\"}',78.23,44.90,'P','PPL','KZ.01',NULL,11810,'Asia/Almaty',1,'2021-06-08 23:00:00','2021-06-08 23:00:00');
INSERT INTO `__PREFIX__cities` (`country_code`, `name`, `longitude`, `latitude`, `feature_class`, `feature_code`, `subadmin1_code`, `subadmin2_code`, `population`, `time_zone`, `active`, `created_at`, `updated_at`) VALUES ('KZ','{\"en\":\"Asyqata\"}',68.36,40.89,'P','PPL','KZ.10',NULL,11378,'Asia/Almaty',1,'2015-12-04 23:00:00','2015-12-04 23:00:00');
INSERT INTO `__PREFIX__cities` (`country_code`, `name`, `longitude`, `latitude`, `feature_class`, `feature_code`, `subadmin1_code`, `subadmin2_code`, `population`, `time_zone`, `active`, `created_at`, `updated_at`) VALUES ('KZ','{\"en\":\"Kentau\"}',68.50,43.52,'P','PPL','KZ.10',NULL,57408,'Asia/Almaty',1,'2016-02-05 23:00:00','2016-02-05 23:00:00');
INSERT INTO `__PREFIX__cities` (`country_code`, `name`, `longitude`, `latitude`, `feature_class`, `feature_code`, `subadmin1_code`, `subadmin2_code`, `population`, `time_zone`, `active`, `created_at`, `updated_at`) VALUES ('KZ','{\"en\":\"Kegen\"}',79.22,43.02,'P','PPL','KZ.01',NULL,9993,'Asia/Almaty',1,'2017-04-05 23:00:00','2017-04-05 23:00:00');
INSERT INTO `__PREFIX__cities` (`country_code`, `name`, `longitude`, `latitude`, `feature_class`, `feature_code`, `subadmin1_code`, `subadmin2_code`, `population`, `time_zone`, `active`, `created_at`, `updated_at`) VALUES ('KZ','{\"en\":\"Kazalinsk\"}',62.10,45.76,'P','PPL','KZ.14',NULL,7686,'Asia/Qyzylorda',1,'2020-03-06 23:00:00','2020-03-06 23:00:00');
INSERT INTO `__PREFIX__cities` (`country_code`, `name`, `longitude`, `latitude`, `feature_class`, `feature_code`, `subadmin1_code`, `subadmin2_code`, `population`, `time_zone`, `active`, `created_at`, `updated_at`) VALUES ('KZ','{\"en\":\"Kantagi\"}',68.58,43.53,'P','PPLX','KZ.10',NULL,10186,'Asia/Almaty',1,'2016-02-05 23:00:00','2016-02-05 23:00:00');
INSERT INTO `__PREFIX__cities` (`country_code`, `name`, `longitude`, `latitude`, `feature_class`, `feature_code`, `subadmin1_code`, `subadmin2_code`, `population`, `time_zone`, `active`, `created_at`, `updated_at`) VALUES ('KZ','{\"en\":\"Kalkaman\"}',76.03,51.95,'P','PPL','KZ.11',NULL,5415,'Asia/Almaty',1,'2017-03-03 23:00:00','2017-03-03 23:00:00');
INSERT INTO `__PREFIX__cities` (`country_code`, `name`, `longitude`, `latitude`, `feature_class`, `feature_code`, `subadmin1_code`, `subadmin2_code`, `population`, `time_zone`, `active`, `created_at`, `updated_at`) VALUES ('KZ','{\"en\":\"Qashyr\"}',76.10,53.07,'P','PPL','KZ.11',NULL,8931,'Asia/Almaty',1,'2020-03-06 23:00:00','2020-03-06 23:00:00');
INSERT INTO `__PREFIX__cities` (`country_code`, `name`, `longitude`, `latitude`, `feature_class`, `feature_code`, `subadmin1_code`, `subadmin2_code`, `population`, `time_zone`, `active`, `created_at`, `updated_at`) VALUES ('KZ','{\"en\":\"Esik\"}',77.45,43.36,'P','PPL','KZ.01',NULL,32995,'Asia/Almaty',1,'2010-10-06 23:00:00','2010-10-06 23:00:00');
INSERT INTO `__PREFIX__cities` (`country_code`, `name`, `longitude`, `latitude`, `feature_class`, `feature_code`, `subadmin1_code`, `subadmin2_code`, `population`, `time_zone`, `active`, `created_at`, `updated_at`) VALUES ('KZ','{\"en\":\"Irtyshsk\"}',75.46,53.33,'P','PPL','KZ.11',NULL,9216,'Asia/Almaty',1,'2015-12-04 23:00:00','2015-12-04 23:00:00');
INSERT INTO `__PREFIX__cities` (`country_code`, `name`, `longitude`, `latitude`, `feature_class`, `feature_code`, `subadmin1_code`, `subadmin2_code`, `population`, `time_zone`, `active`, `created_at`, `updated_at`) VALUES ('KZ','{\"en\":\"Atakent\"}',68.51,40.85,'P','PPL','KZ.10',NULL,12895,'Asia/Almaty',1,'2015-12-04 23:00:00','2015-12-04 23:00:00');
INSERT INTO `__PREFIX__cities` (`country_code`, `name`, `longitude`, `latitude`, `feature_class`, `feature_code`, `subadmin1_code`, `subadmin2_code`, `population`, `time_zone`, `active`, `created_at`, `updated_at`) VALUES ('KZ','{\"en\":\"Glubokoye\"}',82.31,50.14,'P','PPL','KZ.15',NULL,11192,'Asia/Almaty',1,'2017-04-05 23:00:00','2017-04-05 23:00:00');
INSERT INTO `__PREFIX__cities` (`country_code`, `name`, `longitude`, `latitude`, `feature_class`, `feature_code`, `subadmin1_code`, `subadmin2_code`, `population`, `time_zone`, `active`, `created_at`, `updated_at`) VALUES ('KZ','{\"en\":\"Korday\"}',74.71,43.04,'P','PPL','KZ.17',NULL,9821,'Asia/Almaty',1,'2020-12-07 23:00:00','2020-12-07 23:00:00');
INSERT INTO `__PREFIX__cities` (`country_code`, `name`, `longitude`, `latitude`, `feature_class`, `feature_code`, `subadmin1_code`, `subadmin2_code`, `population`, `time_zone`, `active`, `created_at`, `updated_at`) VALUES ('KZ','{\"en\":\"Georgīevka\"}',81.57,49.33,'P','PPL','KZ.15',NULL,22047,'Asia/Almaty',1,'2020-06-09 23:00:00','2020-06-09 23:00:00');
INSERT INTO `__PREFIX__cities` (`country_code`, `name`, `longitude`, `latitude`, `feature_class`, `feature_code`, `subadmin1_code`, `subadmin2_code`, `population`, `time_zone`, `active`, `created_at`, `updated_at`) VALUES ('KZ','{\"en\":\"Moyynkum\"}',72.94,44.28,'P','PPL','KZ.17',NULL,10923,'Asia/Almaty',1,'2012-06-04 23:00:00','2012-06-04 23:00:00');
INSERT INTO `__PREFIX__cities` (`country_code`, `name`, `longitude`, `latitude`, `feature_class`, `feature_code`, `subadmin1_code`, `subadmin2_code`, `population`, `time_zone`, `active`, `created_at`, `updated_at`) VALUES ('KZ','{\"en\":\"Fyodorovka\"}',62.70,53.64,'P','PPL','KZ.13',NULL,8317,'Asia/Qostanay',1,'2017-01-03 23:00:00','2017-01-03 23:00:00');
INSERT INTO `__PREFIX__cities` (`country_code`, `name`, `longitude`, `latitude`, `feature_class`, `feature_code`, `subadmin1_code`, `subadmin2_code`, `population`, `time_zone`, `active`, `created_at`, `updated_at`) VALUES ('KZ','{\"en\":\"Esil\"}',66.41,51.95,'P','PPLA2','KZ.03',NULL,13504,'Asia/Almaty',1,'2021-12-14 23:00:00','2021-12-14 23:00:00');
INSERT INTO `__PREFIX__cities` (`country_code`, `name`, `longitude`, `latitude`, `feature_class`, `feature_code`, `subadmin1_code`, `subadmin2_code`, `population`, `time_zone`, `active`, `created_at`, `updated_at`) VALUES ('KZ','{\"en\":\"Aksu\"}',76.93,52.04,'P','PPL','KZ.11',NULL,44808,'Asia/Almaty',1,'2019-05-05 23:00:00','2019-05-05 23:00:00');
INSERT INTO `__PREFIX__cities` (`country_code`, `name`, `longitude`, `latitude`, `feature_class`, `feature_code`, `subadmin1_code`, `subadmin2_code`, `population`, `time_zone`, `active`, `created_at`, `updated_at`) VALUES ('KZ','{\"en\":\"Yermentau\"}',73.10,51.62,'P','PPL','KZ.03',NULL,14169,'Asia/Almaty',1,'2017-01-03 23:00:00','2017-01-03 23:00:00');
INSERT INTO `__PREFIX__cities` (`country_code`, `name`, `longitude`, `latitude`, `feature_class`, `feature_code`, `subadmin1_code`, `subadmin2_code`, `population`, `time_zone`, `active`, `created_at`, `updated_at`) VALUES ('KZ','{\"en\":\"Otegen Batyra\"}',77.02,43.42,'P','PPL','KZ.01',NULL,18864,'Asia/Almaty',1,'2017-12-06 23:00:00','2017-12-06 23:00:00');
INSERT INTO `__PREFIX__cities` (`country_code`, `name`, `longitude`, `latitude`, `feature_class`, `feature_code`, `subadmin1_code`, `subadmin2_code`, `population`, `time_zone`, `active`, `created_at`, `updated_at`) VALUES ('KZ','{\"en\":\"Ekibastuz\"}',75.32,51.72,'P','PPL','KZ.11',NULL,121470,'Asia/Almaty',1,'2019-09-04 23:00:00','2019-09-04 23:00:00');
INSERT INTO `__PREFIX__cities` (`country_code`, `name`, `longitude`, `latitude`, `feature_class`, `feature_code`, `subadmin1_code`, `subadmin2_code`, `population`, `time_zone`, `active`, `created_at`, `updated_at`) VALUES ('KZ','{\"en\":\"Dzhalagash\"}',64.67,45.08,'P','PPL','KZ.14',NULL,14226,'Asia/Qyzylorda',1,'2020-04-07 23:00:00','2020-04-07 23:00:00');
INSERT INTO `__PREFIX__cities` (`country_code`, `name`, `longitude`, `latitude`, `feature_class`, `feature_code`, `subadmin1_code`, `subadmin2_code`, `population`, `time_zone`, `active`, `created_at`, `updated_at`) VALUES ('KZ','{\"en\":\"Derzhavinsk\"}',66.32,51.10,'P','PPL','KZ.03',NULL,13856,'Asia/Almaty',1,'2021-12-14 23:00:00','2021-12-14 23:00:00');
INSERT INTO `__PREFIX__cities` (`country_code`, `name`, `longitude`, `latitude`, `feature_class`, `feature_code`, `subadmin1_code`, `subadmin2_code`, `population`, `time_zone`, `active`, `created_at`, `updated_at`) VALUES ('KZ','{\"en\":\"Chulakkurgan\"}',69.18,43.76,'P','PPL','KZ.10',NULL,10836,'Asia/Almaty',1,'2015-08-06 23:00:00','2015-08-06 23:00:00');
INSERT INTO `__PREFIX__cities` (`country_code`, `name`, `longitude`, `latitude`, `feature_class`, `feature_code`, `subadmin1_code`, `subadmin2_code`, `population`, `time_zone`, `active`, `created_at`, `updated_at`) VALUES ('KZ','{\"en\":\"Chiili\"}',66.73,44.17,'P','PPL','KZ.14',NULL,29832,'Asia/Qyzylorda',1,'2020-04-07 23:00:00','2020-04-07 23:00:00');
INSERT INTO `__PREFIX__cities` (`country_code`, `name`, `longitude`, `latitude`, `feature_class`, `feature_code`, `subadmin1_code`, `subadmin2_code`, `population`, `time_zone`, `active`, `created_at`, `updated_at`) VALUES ('KZ','{\"en\":\"Chayan\"}',69.38,43.03,'P','PPL','KZ.10',NULL,9536,'Asia/Almaty',1,'2015-09-05 23:00:00','2015-09-05 23:00:00');
INSERT INTO `__PREFIX__cities` (`country_code`, `name`, `longitude`, `latitude`, `feature_class`, `feature_code`, `subadmin1_code`, `subadmin2_code`, `population`, `time_zone`, `active`, `created_at`, `updated_at`) VALUES ('KZ','{\"en\":\"Chardara\"}',67.97,41.26,'P','PPL','KZ.10',NULL,25356,'Asia/Almaty',1,'2016-05-06 23:00:00','2016-05-06 23:00:00');
INSERT INTO `__PREFIX__cities` (`country_code`, `name`, `longitude`, `latitude`, `feature_class`, `feature_code`, `subadmin1_code`, `subadmin2_code`, `population`, `time_zone`, `active`, `created_at`, `updated_at`) VALUES ('KZ','{\"en\":\"Burunday\"}',76.85,43.36,'P','PPL','KZ.01',NULL,20996,'Asia/Almaty',1,'2017-05-06 23:00:00','2017-05-06 23:00:00');
INSERT INTO `__PREFIX__cities` (`country_code`, `name`, `longitude`, `latitude`, `feature_class`, `feature_code`, `subadmin1_code`, `subadmin2_code`, `population`, `time_zone`, `active`, `created_at`, `updated_at`) VALUES ('KZ','{\"en\":\"Bulayevo\"}',70.44,54.91,'P','PPL','KZ.16',NULL,9886,'Asia/Almaty',1,'2015-10-03 23:00:00','2015-10-03 23:00:00');
INSERT INTO `__PREFIX__cities` (`country_code`, `name`, `longitude`, `latitude`, `feature_class`, `feature_code`, `subadmin1_code`, `subadmin2_code`, `population`, `time_zone`, `active`, `created_at`, `updated_at`) VALUES ('KZ','{\"en\":\"Borovskoy\"}',64.18,53.79,'P','PPL','KZ.13',NULL,9659,'Asia/Qostanay',1,'2017-01-03 23:00:00','2017-01-03 23:00:00');
INSERT INTO `__PREFIX__cities` (`country_code`, `name`, `longitude`, `latitude`, `feature_class`, `feature_code`, `subadmin1_code`, `subadmin2_code`, `population`, `time_zone`, `active`, `created_at`, `updated_at`) VALUES ('KZ','{\"en\":\"Būrabay\"}',70.31,53.08,'P','PPL','KZ.16',NULL,6500,'Asia/Almaty',1,'2010-07-12 23:00:00','2010-07-12 23:00:00');
INSERT INTO `__PREFIX__cities` (`country_code`, `name`, `longitude`, `latitude`, `feature_class`, `feature_code`, `subadmin1_code`, `subadmin2_code`, `population`, `time_zone`, `active`, `created_at`, `updated_at`) VALUES ('KZ','{\"en\":\"Borodulikha\"}',80.93,50.72,'P','PPL','KZ.15',NULL,5931,'Asia/Almaty',1,'2017-02-02 23:00:00','2017-02-02 23:00:00');
INSERT INTO `__PREFIX__cities` (`country_code`, `name`, `longitude`, `latitude`, `feature_class`, `feature_code`, `subadmin1_code`, `subadmin2_code`, `population`, `time_zone`, `active`, `created_at`, `updated_at`) VALUES ('KZ','{\"en\":\"Bishkul\"}',69.10,54.78,'P','PPL','KZ.16',NULL,5423,'Asia/Almaty',1,'2014-04-15 23:00:00','2014-04-15 23:00:00');
INSERT INTO `__PREFIX__cities` (`country_code`, `name`, `longitude`, `latitude`, `feature_class`, `feature_code`, `subadmin1_code`, `subadmin2_code`, `population`, `time_zone`, `active`, `created_at`, `updated_at`) VALUES ('KZ','{\"en\":\"Bestobe\"}',73.10,52.50,'P','PPL','KZ.03',NULL,7189,'Asia/Almaty',1,'2016-04-09 23:00:00','2016-04-09 23:00:00');
INSERT INTO `__PREFIX__cities` (`country_code`, `name`, `longitude`, `latitude`, `feature_class`, `feature_code`, `subadmin1_code`, `subadmin2_code`, `population`, `time_zone`, `active`, `created_at`, `updated_at`) VALUES ('KZ','{\"en\":\"Belyye Vody\"}',69.83,42.42,'P','PPL','KZ.10',NULL,26115,'Asia/Almaty',1,'2016-04-09 23:00:00','2016-04-09 23:00:00');
INSERT INTO `__PREFIX__cities` (`country_code`, `name`, `longitude`, `latitude`, `feature_class`, `feature_code`, `subadmin1_code`, `subadmin2_code`, `population`, `time_zone`, `active`, `created_at`, `updated_at`) VALUES ('KZ','{\"en\":\"Belousovka\"}',82.52,50.13,'P','PPL','KZ.15',NULL,9948,'Asia/Almaty',1,'2017-04-05 23:00:00','2017-04-05 23:00:00');
INSERT INTO `__PREFIX__cities` (`country_code`, `name`, `longitude`, `latitude`, `feature_class`, `feature_code`, `subadmin1_code`, `subadmin2_code`, `population`, `time_zone`, `active`, `created_at`, `updated_at`) VALUES ('KZ','{\"en\":\"Bayanaul\"}',75.70,50.79,'P','PPL','KZ.11',NULL,5700,'Asia/Almaty',1,'2016-06-03 23:00:00','2016-06-03 23:00:00');
INSERT INTO `__PREFIX__cities` (`country_code`, `name`, `longitude`, `latitude`, `feature_class`, `feature_code`, `subadmin1_code`, `subadmin2_code`, `population`, `time_zone`, `active`, `created_at`, `updated_at`) VALUES ('KZ','{\"en\":\"Balqash\"}',75.00,46.85,'P','PPL','KZ.12',NULL,81364,'Asia/Almaty',1,'2020-04-07 23:00:00','2020-04-07 23:00:00');
INSERT INTO `__PREFIX__cities` (`country_code`, `name`, `longitude`, `latitude`, `feature_class`, `feature_code`, `subadmin1_code`, `subadmin2_code`, `population`, `time_zone`, `active`, `created_at`, `updated_at`) VALUES ('KZ','{\"en\":\"Balkashino\"}',68.75,52.52,'P','PPL','KZ.03',NULL,6147,'Asia/Almaty',1,'2016-05-06 23:00:00','2016-05-06 23:00:00');
INSERT INTO `__PREFIX__cities` (`country_code`, `name`, `longitude`, `latitude`, `feature_class`, `feature_code`, `subadmin1_code`, `subadmin2_code`, `population`, `time_zone`, `active`, `created_at`, `updated_at`) VALUES ('KZ','{\"en\":\"Bakanas\"}',76.27,44.81,'P','PPL','KZ.01',NULL,6965,'Asia/Almaty',1,'2020-04-07 23:00:00','2020-04-07 23:00:00');
INSERT INTO `__PREFIX__cities` (`country_code`, `name`, `longitude`, `latitude`, `feature_class`, `feature_code`, `subadmin1_code`, `subadmin2_code`, `population`, `time_zone`, `active`, `created_at`, `updated_at`) VALUES ('KZ','{\"en\":\"Ayaguz\"}',80.43,47.96,'P','PPL','KZ.15',NULL,33479,'Asia/Almaty',1,'2020-04-07 23:00:00','2020-04-07 23:00:00');
INSERT INTO `__PREFIX__cities` (`country_code`, `name`, `longitude`, `latitude`, `feature_class`, `feature_code`, `subadmin1_code`, `subadmin2_code`, `population`, `time_zone`, `active`, `created_at`, `updated_at`) VALUES ('KZ','{\"en\":\"Atbasar\"}',68.36,51.81,'P','PPLA2','KZ.03',NULL,34797,'Asia/Almaty',1,'2021-12-14 23:00:00','2021-12-14 23:00:00');
INSERT INTO `__PREFIX__cities` (`country_code`, `name`, `longitude`, `latitude`, `feature_class`, `feature_code`, `subadmin1_code`, `subadmin2_code`, `population`, `time_zone`, `active`, `created_at`, `updated_at`) VALUES ('KZ','{\"en\":\"Atasū\"}',71.64,48.69,'P','PPL','KZ.12',NULL,13184,'Asia/Almaty',1,'2020-06-09 23:00:00','2020-06-09 23:00:00');
INSERT INTO `__PREFIX__cities` (`country_code`, `name`, `longitude`, `latitude`, `feature_class`, `feature_code`, `subadmin1_code`, `subadmin2_code`, `population`, `time_zone`, `active`, `created_at`, `updated_at`) VALUES ('KZ','{\"en\":\"Asūbulaq\"}',83.06,49.56,'P','PPL','KZ.15',NULL,5644,'Asia/Almaty',1,'2020-06-09 23:00:00','2020-06-09 23:00:00');
INSERT INTO `__PREFIX__cities` (`country_code`, `name`, `longitude`, `latitude`, `feature_class`, `feature_code`, `subadmin1_code`, `subadmin2_code`, `population`, `time_zone`, `active`, `created_at`, `updated_at`) VALUES ('KZ','{\"en\":\"Astrakhanka\"}',69.80,51.53,'P','PPLA2','KZ.03',NULL,6459,'Asia/Almaty',1,'2021-12-14 23:00:00','2021-12-14 23:00:00');
INSERT INTO `__PREFIX__cities` (`country_code`, `name`, `longitude`, `latitude`, `feature_class`, `feature_code`, `subadmin1_code`, `subadmin2_code`, `population`, `time_zone`, `active`, `created_at`, `updated_at`) VALUES ('KZ','{\"en\":\"Ashchysay\"}',68.90,43.55,'P','PPL','KZ.10',NULL,5635,'Asia/Almaty',1,'2016-02-05 23:00:00','2016-02-05 23:00:00');
INSERT INTO `__PREFIX__cities` (`country_code`, `name`, `longitude`, `latitude`, `feature_class`, `feature_code`, `subadmin1_code`, `subadmin2_code`, `population`, `time_zone`, `active`, `created_at`, `updated_at`) VALUES ('KZ','{\"en\":\"Arys\"}',68.81,42.43,'P','PPL','KZ.10',NULL,36285,'Asia/Almaty',1,'2018-08-06 23:00:00','2018-08-06 23:00:00');
INSERT INTO `__PREFIX__cities` (`country_code`, `name`, `longitude`, `latitude`, `feature_class`, `feature_code`, `subadmin1_code`, `subadmin2_code`, `population`, `time_zone`, `active`, `created_at`, `updated_at`) VALUES ('KZ','{\"en\":\"Arkalyk\"}',66.92,50.25,'P','PPL','KZ.13',NULL,42000,'Asia/Qostanay',1,'2012-06-04 23:00:00','2012-06-04 23:00:00');
INSERT INTO `__PREFIX__cities` (`country_code`, `name`, `longitude`, `latitude`, `feature_class`, `feature_code`, `subadmin1_code`, `subadmin2_code`, `population`, `time_zone`, `active`, `created_at`, `updated_at`) VALUES ('KZ','{\"en\":\"Aral\"}',61.66,46.80,'P','PPL','KZ.14',NULL,33017,'Asia/Qyzylorda',1,'2020-03-06 23:00:00','2020-03-06 23:00:00');
INSERT INTO `__PREFIX__cities` (`country_code`, `name`, `longitude`, `latitude`, `feature_class`, `feature_code`, `subadmin1_code`, `subadmin2_code`, `population`, `time_zone`, `active`, `created_at`, `updated_at`) VALUES ('KZ','{\"en\":\"Aktau\"}',73.07,50.23,'P','PPL','KZ.12',NULL,9500,'Asia/Almaty',1,'2017-02-03 23:00:00','2017-02-03 23:00:00');
INSERT INTO `__PREFIX__cities` (`country_code`, `name`, `longitude`, `latitude`, `feature_class`, `feature_code`, `subadmin1_code`, `subadmin2_code`, `population`, `time_zone`, `active`, `created_at`, `updated_at`) VALUES ('KZ','{\"en\":\"Aksu\"}',71.96,52.44,'P','PPL','KZ.03',NULL,8543,'Asia/Almaty',1,'2016-05-06 23:00:00','2016-05-06 23:00:00');
INSERT INTO `__PREFIX__cities` (`country_code`, `name`, `longitude`, `latitude`, `feature_class`, `feature_code`, `subadmin1_code`, `subadmin2_code`, `population`, `time_zone`, `active`, `created_at`, `updated_at`) VALUES ('KZ','{\"en\":\"Nur-Sultan\"}',71.45,51.18,'P','PPLC','KZ.05',NULL,345604,'Asia/Almaty',1,'2021-04-07 23:00:00','2021-04-07 23:00:00');
INSERT INTO `__PREFIX__cities` (`country_code`, `name`, `longitude`, `latitude`, `feature_class`, `feature_code`, `subadmin1_code`, `subadmin2_code`, `population`, `time_zone`, `active`, `created_at`, `updated_at`) VALUES ('KZ','{\"en\":\"Aqadyr\"}',72.86,48.26,'P','PPL','KZ.12',NULL,9710,'Asia/Almaty',1,'2017-04-05 23:00:00','2017-04-05 23:00:00');
INSERT INTO `__PREFIX__cities` (`country_code`, `name`, `longitude`, `latitude`, `feature_class`, `feature_code`, `subadmin1_code`, `subadmin2_code`, `population`, `time_zone`, `active`, `created_at`, `updated_at`) VALUES ('KZ','{\"en\":\"Almaty\"}',76.92,43.25,'P','PPLA','KZ.02',NULL,2000900,'Asia/Almaty',1,'2021-12-14 23:00:00','2021-12-14 23:00:00');
INSERT INTO `__PREFIX__cities` (`country_code`, `name`, `longitude`, `latitude`, `feature_class`, `feature_code`, `subadmin1_code`, `subadmin2_code`, `population`, `time_zone`, `active`, `created_at`, `updated_at`) VALUES ('KZ','{\"en\":\"Aktau\"}',72.83,48.03,'P','PPL','KZ.12',NULL,9977,'Asia/Almaty',1,'2013-05-06 23:00:00','2013-05-06 23:00:00');
INSERT INTO `__PREFIX__cities` (`country_code`, `name`, `longitude`, `latitude`, `feature_class`, `feature_code`, `subadmin1_code`, `subadmin2_code`, `population`, `time_zone`, `active`, `created_at`, `updated_at`) VALUES ('KZ','{\"en\":\"Aktas\"}',72.96,49.78,'P','PPL','KZ.12',NULL,9888,'Asia/Almaty',1,'2017-03-03 23:00:00','2017-03-03 23:00:00');
INSERT INTO `__PREFIX__cities` (`country_code`, `name`, `longitude`, `latitude`, `feature_class`, `feature_code`, `subadmin1_code`, `subadmin2_code`, `population`, `time_zone`, `active`, `created_at`, `updated_at`) VALUES ('KZ','{\"en\":\"Aksuat\"}',83.70,48.72,'P','PPL','KZ.00',NULL,6696,'Asia/Almaty',1,'2006-01-16 23:00:00','2006-01-16 23:00:00');
INSERT INTO `__PREFIX__cities` (`country_code`, `name`, `longitude`, `latitude`, `feature_class`, `feature_code`, `subadmin1_code`, `subadmin2_code`, `population`, `time_zone`, `active`, `created_at`, `updated_at`) VALUES ('KZ','{\"en\":\"Akkol’\"}',69.60,53.30,'P','PPL','KZ.03','KZ.03.1526436',16773,'Asia/Almaty',1,'2019-04-03 23:00:00','2019-04-03 23:00:00');
INSERT INTO `__PREFIX__cities` (`country_code`, `name`, `longitude`, `latitude`, `feature_class`, `feature_code`, `subadmin1_code`, `subadmin2_code`, `population`, `time_zone`, `active`, `created_at`, `updated_at`) VALUES ('KZ','{\"en\":\"Abay\"}',72.86,49.64,'P','PPL','KZ.12',NULL,35454,'Asia/Almaty',1,'2017-03-03 23:00:00','2017-03-03 23:00:00');
INSERT INTO `__PREFIX__cities` (`country_code`, `name`, `longitude`, `latitude`, `feature_class`, `feature_code`, `subadmin1_code`, `subadmin2_code`, `population`, `time_zone`, `active`, `created_at`, `updated_at`) VALUES ('KZ','{\"en\":\"Novoishimskiy\"}',66.77,53.20,'P','PPL','KZ.16',NULL,6062,'Asia/Almaty',1,'2014-06-25 23:00:00','2014-06-25 23:00:00');
INSERT INTO `__PREFIX__cities` (`country_code`, `name`, `longitude`, `latitude`, `feature_class`, `feature_code`, `subadmin1_code`, `subadmin2_code`, `population`, `time_zone`, `active`, `created_at`, `updated_at`) VALUES ('KZ','{\"en\":\"Stepnogorsk\"}',71.88,52.35,'P','PPL','KZ.03',NULL,46736,'Asia/Almaty',1,'2016-05-08 23:00:00','2016-05-08 23:00:00');
INSERT INTO `__PREFIX__cities` (`country_code`, `name`, `longitude`, `latitude`, `feature_class`, `feature_code`, `subadmin1_code`, `subadmin2_code`, `population`, `time_zone`, `active`, `created_at`, `updated_at`) VALUES ('KZ','{\"en\":\"Zavodskoy\"}',72.02,52.47,'P','PPL','KZ.03',NULL,6043,'Asia/Almaty',1,'2015-10-04 23:00:00','2015-10-04 23:00:00');
INSERT INTO `__PREFIX__cities` (`country_code`, `name`, `longitude`, `latitude`, `feature_class`, `feature_code`, `subadmin1_code`, `subadmin2_code`, `population`, `time_zone`, `active`, `created_at`, `updated_at`) VALUES ('KZ','{\"en\":\"Chemolgan\"}',76.62,43.38,'P','PPL','KZ.01',NULL,13616,'Asia/Almaty',1,'2017-12-12 23:00:00','2017-12-12 23:00:00');
INSERT INTO `__PREFIX__cities` (`country_code`, `name`, `longitude`, `latitude`, `feature_class`, `feature_code`, `subadmin1_code`, `subadmin2_code`, `population`, `time_zone`, `active`, `created_at`, `updated_at`) VALUES ('KZ','{\"en\":\"Priozersk\"}',73.70,46.03,'P','PPL','KZ.12',NULL,13457,'Asia/Almaty',1,'2018-02-16 23:00:00','2018-02-16 23:00:00');
INSERT INTO `__PREFIX__cities` (`country_code`, `name`, `longitude`, `latitude`, `feature_class`, `feature_code`, `subadmin1_code`, `subadmin2_code`, `population`, `time_zone`, `active`, `created_at`, `updated_at`) VALUES ('KZ','{\"en\":\"Tyuratam\"}',63.31,45.65,'P','PPL','KZ.08',NULL,9548,'Asia/Qostanay',1,'2021-07-26 23:00:00','2021-07-26 23:00:00');
/*!40000 ALTER TABLE `__PREFIX__cities` ENABLE KEYS */;
/*!40103 SET TIME_ZONE=@OLD_TIME_ZONE */;

/*!40101 SET SQL_MODE=@OLD_SQL_MODE */;
/*!40014 SET FOREIGN_KEY_CHECKS=@OLD_FOREIGN_KEY_CHECKS */;
/*!40014 SET UNIQUE_CHECKS=@OLD_UNIQUE_CHECKS */;
/*!40101 SET CHARACTER_SET_CLIENT=@OLD_CHARACTER_SET_CLIENT */;
/*!40101 SET CHARACTER_SET_RESULTS=@OLD_CHARACTER_SET_RESULTS */;
/*!40101 SET COLLATION_CONNECTION=@OLD_COLLATION_CONNECTION */;
/*!40111 SET SQL_NOTES=@OLD_SQL_NOTES */;

-- Dump completed
