-- MySQL dump 10.13  Distrib 5.7.34, for osx10.12 (x86_64)
--
-- Host: 127.0.0.1    Database: laraclassifier
-- ------------------------------------------------------
-- Server version	5.7.34

/*!40101 SET @OLD_CHARACTER_SET_CLIENT=@@CHARACTER_SET_CLIENT */;
/*!40101 SET @OLD_CHARACTER_SET_RESULTS=@@CHARACTER_SET_RESULTS */;
/*!40101 SET @OLD_COLLATION_CONNECTION=@@COLLATION_CONNECTION */;
/*!40101 SET NAMES utf8 */;
/*!40103 SET @OLD_TIME_ZONE=@@TIME_ZONE */;
/*!40103 SET TIME_ZONE='+00:00' */;
/*!40014 SET @OLD_UNIQUE_CHECKS=@@UNIQUE_CHECKS, UNIQUE_CHECKS=0 */;
/*!40014 SET @OLD_FOREIGN_KEY_CHECKS=@@FOREIGN_KEY_CHECKS, FOREIGN_KEY_CHECKS=0 */;
/*!40101 SET @OLD_SQL_MODE=@@SQL_MODE, SQL_MODE='NO_AUTO_VALUE_ON_ZERO' */;
/*!40111 SET @OLD_SQL_NOTES=@@SQL_NOTES, SQL_NOTES=0 */;

--
-- Dumping data for table `__PREFIX__subadmin1`
--

/*!40000 ALTER TABLE `__PREFIX__subadmin1` DISABLE KEYS */;
INSERT INTO `__PREFIX__subadmin1` (`code`, `country_code`, `name`, `active`) VALUES ('LC.10','LC','{\"en\":\"Vieux-Fort\"}',1);
INSERT INTO `__PREFIX__subadmin1` (`code`, `country_code`, `name`, `active`) VALUES ('LC.09','LC','{\"en\":\"Soufrière\"}',1);
INSERT INTO `__PREFIX__subadmin1` (`code`, `country_code`, `name`, `active`) VALUES ('LC.08','LC','{\"en\":\"Micoud\"}',1);
INSERT INTO `__PREFIX__subadmin1` (`code`, `country_code`, `name`, `active`) VALUES ('LC.07','LC','{\"en\":\"Laborie\"}',1);
INSERT INTO `__PREFIX__subadmin1` (`code`, `country_code`, `name`, `active`) VALUES ('LC.06','LC','{\"en\":\"Gros-Islet\"}',1);
INSERT INTO `__PREFIX__subadmin1` (`code`, `country_code`, `name`, `active`) VALUES ('LC.05','LC','{\"en\":\"Dennery\"}',1);
INSERT INTO `__PREFIX__subadmin1` (`code`, `country_code`, `name`, `active`) VALUES ('LC.04','LC','{\"en\":\"Choiseul\"}',1);
INSERT INTO `__PREFIX__subadmin1` (`code`, `country_code`, `name`, `active`) VALUES ('LC.03','LC','{\"en\":\"Castries\"}',1);
INSERT INTO `__PREFIX__subadmin1` (`code`, `country_code`, `name`, `active`) VALUES ('LC.01','LC','{\"en\":\"Anse-la-Raye\"}',1);
INSERT INTO `__PREFIX__subadmin1` (`code`, `country_code`, `name`, `active`) VALUES ('LC.12','LC','{\"en\":\"Canaries\"}',1);
/*!40000 ALTER TABLE `__PREFIX__subadmin1` ENABLE KEYS */;

--
-- Dumping data for table `__PREFIX__subadmin2`
--

/*!40000 ALTER TABLE `__PREFIX__subadmin2` DISABLE KEYS */;
INSERT INTO `__PREFIX__subadmin2` (`code`, `country_code`, `subadmin1_code`, `name`, `active`) VALUES ('LC.03.30031101','LC','LC.03','{\"en\":\"En Pois Doux/Babonneau\"}',1);
INSERT INTO `__PREFIX__subadmin2` (`code`, `country_code`, `subadmin1_code`, `name`, `active`) VALUES ('LC.08.100140000','LC','LC.08','{\"en\":\"Cazuca\"}',1);
INSERT INTO `__PREFIX__subadmin2` (`code`, `country_code`, `subadmin1_code`, `name`, `active`) VALUES ('LC.10.90270000','LC','LC.10','{\"en\":\"La Retraite\"}',1);
INSERT INTO `__PREFIX__subadmin2` (`code`, `country_code`, `subadmin1_code`, `name`, `active`) VALUES ('LC.04.70370000','LC','LC.04','{\"en\":\"Reunion\"}',1);
INSERT INTO `__PREFIX__subadmin2` (`code`, `country_code`, `subadmin1_code`, `name`, `active`) VALUES ('LC.08.100430000','LC','LC.08','{\"en\":\"Patience\"}',1);
INSERT INTO `__PREFIX__subadmin2` (`code`, `country_code`, `subadmin1_code`, `name`, `active`) VALUES ('LC.08.100540000','LC','LC.08','{\"en\":\"Troumassee\"}',1);
INSERT INTO `__PREFIX__subadmin2` (`code`, `country_code`, `subadmin1_code`, `name`, `active`) VALUES ('LC.04.70310000','LC','LC.04','{\"en\":\"Morne Sion\"}',1);
INSERT INTO `__PREFIX__subadmin2` (`code`, `country_code`, `subadmin1_code`, `name`, `active`) VALUES ('LC.06.120060000','LC','LC.06','{\"en\":\"Boguis\"}',1);
INSERT INTO `__PREFIX__subadmin2` (`code`, `country_code`, `subadmin1_code`, `name`, `active`) VALUES ('LC.06.120390000','LC','LC.06','{\"en\":\"Pigeon Island\"}',1);
INSERT INTO `__PREFIX__subadmin2` (`code`, `country_code`, `subadmin1_code`, `name`, `active`) VALUES ('LC.08.100570000','LC','LC.08','{\"en\":\"Village\"}',1);
INSERT INTO `__PREFIX__subadmin2` (`code`, `country_code`, `subadmin1_code`, `name`, `active`) VALUES ('LC.08.100640000','LC','LC.08','{\"en\":\"Bois Canot\"}',1);
INSERT INTO `__PREFIX__subadmin2` (`code`, `country_code`, `subadmin1_code`, `name`, `active`) VALUES ('LC.12.50140000','LC','LC.12','{\"en\":\"Village\"}',1);
INSERT INTO `__PREFIX__subadmin2` (`code`, `country_code`, `subadmin1_code`, `name`, `active`) VALUES ('LC.08.100360000','LC','LC.08','{\"en\":\"Mamiku\"}',1);
INSERT INTO `__PREFIX__subadmin2` (`code`, `country_code`, `subadmin1_code`, `name`, `active`) VALUES ('LC.03.30050000','LC','LC.03','{\"en\":\"Balata\"}',1);
INSERT INTO `__PREFIX__subadmin2` (`code`, `country_code`, `subadmin1_code`, `name`, `active`) VALUES ('LC.06.120520000','LC','LC.06','{\"en\":\"Union\"}',1);
INSERT INTO `__PREFIX__subadmin2` (`code`, `country_code`, `subadmin1_code`, `name`, `active`) VALUES ('LC.04.70020000','LC','LC.04','{\"en\":\"Marche Gaye\"}',1);
INSERT INTO `__PREFIX__subadmin2` (`code`, `country_code`, `subadmin1_code`, `name`, `active`) VALUES ('LC.04.70320000','LC','LC.04','{\"en\":\"Morne Palama\"}',1);
INSERT INTO `__PREFIX__subadmin2` (`code`, `country_code`, `subadmin1_code`, `name`, `active`) VALUES ('LC.03.10940000','LC','LC.03','{\"en\":\"Forest Reserve\"}',1);
INSERT INTO `__PREFIX__subadmin2` (`code`, `country_code`, `subadmin1_code`, `name`, `active`) VALUES ('LC.03.30610000','LC','LC.03','{\"en\":\"Marigot\"}',1);
INSERT INTO `__PREFIX__subadmin2` (`code`, `country_code`, `subadmin1_code`, `name`, `active`) VALUES ('LC.04.70030000','LC','LC.04','{\"en\":\"Bois Dinde\"}',1);
INSERT INTO `__PREFIX__subadmin2` (`code`, `country_code`, `subadmin1_code`, `name`, `active`) VALUES ('LC.08.100110000','LC','LC.08','{\"en\":\"Calypso\"}',1);
INSERT INTO `__PREFIX__subadmin2` (`code`, `country_code`, `subadmin1_code`, `name`, `active`) VALUES ('LC.10.90440100','LC','LC.10','{\"en\":\"Viancelle\"}',1);
INSERT INTO `__PREFIX__subadmin2` (`code`, `country_code`, `subadmin1_code`, `name`, `active`) VALUES ('LC.03.20010000','LC','LC.03','{\"en\":\"Almondale\"}',1);
INSERT INTO `__PREFIX__subadmin2` (`code`, `country_code`, `subadmin1_code`, `name`, `active`) VALUES ('LC.09.60470000','LC','LC.09','{\"en\":\"Ti Boug\"}',1);
INSERT INTO `__PREFIX__subadmin2` (`code`, `country_code`, `subadmin1_code`, `name`, `active`) VALUES ('LC.09.60040000','LC','LC.09','{\"en\":\"Belle Plaine\"}',1);
INSERT INTO `__PREFIX__subadmin2` (`code`, `country_code`, `subadmin1_code`, `name`, `active`) VALUES ('LC.06.120331300','LC','LC.06','{\"en\":\"Monchy/Malgretoute\"}',1);
INSERT INTO `__PREFIX__subadmin2` (`code`, `country_code`, `subadmin1_code`, `name`, `active`) VALUES ('LC.09.60270000','LC','LC.09','{\"en\":\"Migny\"}',1);
INSERT INTO `__PREFIX__subadmin2` (`code`, `country_code`, `subadmin1_code`, `name`, `active`) VALUES ('LC.06.120190000','LC','LC.06','{\"en\":\"Des Barras\"}',1);
INSERT INTO `__PREFIX__subadmin2` (`code`, `country_code`, `subadmin1_code`, `name`, `active`) VALUES ('LC.01.40230000','LC','LC.01','{\"en\":\"St Lawrence\"}',1);
INSERT INTO `__PREFIX__subadmin2` (`code`, `country_code`, `subadmin1_code`, `name`, `active`) VALUES ('LC.04.70120000','LC','LC.04','{\"en\":\"Dupre\"}',1);
INSERT INTO `__PREFIX__subadmin2` (`code`, `country_code`, `subadmin1_code`, `name`, `active`) VALUES ('LC.06.120150000','LC','LC.06','{\"en\":\"Cas En Bas\"}',1);
INSERT INTO `__PREFIX__subadmin2` (`code`, `country_code`, `subadmin1_code`, `name`, `active`) VALUES ('LC.06.120170000','LC','LC.06','{\"en\":\"Corinth\"}',1);
INSERT INTO `__PREFIX__subadmin2` (`code`, `country_code`, `subadmin1_code`, `name`, `active`) VALUES ('LC.06.120190100','LC','LC.06','{\"en\":\"Des Barras/Cacolie\"}',1);
INSERT INTO `__PREFIX__subadmin2` (`code`, `country_code`, `subadmin1_code`, `name`, `active`) VALUES ('LC.06.120450000','LC','LC.06','{\"en\":\"Rodney Bay\"}',1);
INSERT INTO `__PREFIX__subadmin2` (`code`, `country_code`, `subadmin1_code`, `name`, `active`) VALUES ('LC.06.120300000','LC','LC.06','{\"en\":\"Marquis Estate\"}',1);
INSERT INTO `__PREFIX__subadmin2` (`code`, `country_code`, `subadmin1_code`, `name`, `active`) VALUES ('LC.03.30410200','LC','LC.03','{\"en\":\"Piton Flore\"}',1);
INSERT INTO `__PREFIX__subadmin2` (`code`, `country_code`, `subadmin1_code`, `name`, `active`) VALUES ('LC.08.100740000','LC','LC.08','{\"en\":\"Choucomel\"}',1);
INSERT INTO `__PREFIX__subadmin2` (`code`, `country_code`, `subadmin1_code`, `name`, `active`) VALUES ('LC.08.100470000','LC','LC.08','{\"en\":\"Praslin\"}',1);
INSERT INTO `__PREFIX__subadmin2` (`code`, `country_code`, `subadmin1_code`, `name`, `active`) VALUES ('LC.12.50130000','LC','LC.12','{\"en\":\"Theodrine\"}',1);
INSERT INTO `__PREFIX__subadmin2` (`code`, `country_code`, `subadmin1_code`, `name`, `active`) VALUES ('LC.08.100430100','LC','LC.08','{\"en\":\"Coolie Town\"}',1);
INSERT INTO `__PREFIX__subadmin2` (`code`, `country_code`, `subadmin1_code`, `name`, `active`) VALUES ('LC.08.100480000','LC','LC.08','{\"en\":\"Rouarne\"}',1);
INSERT INTO `__PREFIX__subadmin2` (`code`, `country_code`, `subadmin1_code`, `name`, `active`) VALUES ('LC.08.100490000','LC','LC.08','{\"en\":\"Savannes\"}',1);
INSERT INTO `__PREFIX__subadmin2` (`code`, `country_code`, `subadmin1_code`, `name`, `active`) VALUES ('LC.08.100510000','LC','LC.08','{\"en\":\"Saint Marie Road\"}',1);
INSERT INTO `__PREFIX__subadmin2` (`code`, `country_code`, `subadmin1_code`, `name`, `active`) VALUES ('LC.08.100530000','LC','LC.08','{\"en\":\"Ti Rocher\"}',1);
INSERT INTO `__PREFIX__subadmin2` (`code`, `country_code`, `subadmin1_code`, `name`, `active`) VALUES ('LC.08.100590000','LC','LC.08','{\"en\":\"St Helen Estate\"}',1);
INSERT INTO `__PREFIX__subadmin2` (`code`, `country_code`, `subadmin1_code`, `name`, `active`) VALUES ('LC.03.10470000','LC','LC.03','{\"en\":\"Hospital Road\"}',1);
INSERT INTO `__PREFIX__subadmin2` (`code`, `country_code`, `subadmin1_code`, `name`, `active`) VALUES ('LC.08.100370000','LC','LC.08','{\"en\":\"Mon Repos\"}',1);
INSERT INTO `__PREFIX__subadmin2` (`code`, `country_code`, `subadmin1_code`, `name`, `active`) VALUES ('LC.09.60720000','LC','LC.09','{\"en\":\"Ti Delcer\"}',1);
INSERT INTO `__PREFIX__subadmin2` (`code`, `country_code`, `subadmin1_code`, `name`, `active`) VALUES ('LC.10.90060000','LC','LC.10','{\"en\":\"Black Bay\"}',1);
INSERT INTO `__PREFIX__subadmin2` (`code`, `country_code`, `subadmin1_code`, `name`, `active`) VALUES ('LC.10.90260000','LC','LC.10','{\"en\":\"La Resource\"}',1);
INSERT INTO `__PREFIX__subadmin2` (`code`, `country_code`, `subadmin1_code`, `name`, `active`) VALUES ('LC.03.30300000','LC','LC.03','{\"en\":\"Cul De Sac\"}',1);
INSERT INTO `__PREFIX__subadmin2` (`code`, `country_code`, `subadmin1_code`, `name`, `active`) VALUES ('LC.04.70350000','LC','LC.04','{\"en\":\"Ponyon\"}',1);
INSERT INTO `__PREFIX__subadmin2` (`code`, `country_code`, `subadmin1_code`, `name`, `active`) VALUES ('LC.09.60640000','LC','LC.09','{\"en\":\"Compar\"}',1);
INSERT INTO `__PREFIX__subadmin2` (`code`, `country_code`, `subadmin1_code`, `name`, `active`) VALUES ('LC.05.110280000','LC','LC.05','{\"en\":\"La Pelle\"}',1);
INSERT INTO `__PREFIX__subadmin2` (`code`, `country_code`, `subadmin1_code`, `name`, `active`) VALUES ('LC.09.60630000','LC','LC.09','{\"en\":\"St Remy Estate\"}',1);
INSERT INTO `__PREFIX__subadmin2` (`code`, `country_code`, `subadmin1_code`, `name`, `active`) VALUES ('LC.09.60290000','LC','LC.09','{\"en\":\"Morne Bonin\"}',1);
INSERT INTO `__PREFIX__subadmin2` (`code`, `country_code`, `subadmin1_code`, `name`, `active`) VALUES ('LC.03.30030500','LC','LC.03','{\"en\":\"Fond Assau/Babonneau\"}',1);
INSERT INTO `__PREFIX__subadmin2` (`code`, `country_code`, `subadmin1_code`, `name`, `active`) VALUES ('LC.08.100620000','LC','LC.08','{\"en\":\"Raillon Road\"}',1);
INSERT INTO `__PREFIX__subadmin2` (`code`, `country_code`, `subadmin1_code`, `name`, `active`) VALUES ('LC.10.90510000','LC','LC.10','{\"en\":\"Vige\'\"}',1);
INSERT INTO `__PREFIX__subadmin2` (`code`, `country_code`, `subadmin1_code`, `name`, `active`) VALUES ('LC.03.10070000','LC','LC.03','{\"en\":\"Barnard Hill\"}',1);
INSERT INTO `__PREFIX__subadmin2` (`code`, `country_code`, `subadmin1_code`, `name`, `active`) VALUES ('LC.01.40180300','LC','LC.01','{\"en\":\"Tete Chemin\"}',1);
INSERT INTO `__PREFIX__subadmin2` (`code`, `country_code`, `subadmin1_code`, `name`, `active`) VALUES ('LC.07.80360000','LC','LC.07','{\"en\":\"Saphire\"}',1);
INSERT INTO `__PREFIX__subadmin2` (`code`, `country_code`, `subadmin1_code`, `name`, `active`) VALUES ('LC.05.110390100','LC','LC.05','{\"en\":\"Thomazo/Tournesse\"}',1);
INSERT INTO `__PREFIX__subadmin2` (`code`, `country_code`, `subadmin1_code`, `name`, `active`) VALUES ('LC.08.100030000','LC','LC.08','{\"en\":\"Anse Ger\"}',1);
INSERT INTO `__PREFIX__subadmin2` (`code`, `country_code`, `subadmin1_code`, `name`, `active`) VALUES ('LC.03.20230000','LC','LC.03','{\"en\":\"Ciceron\"}',1);
INSERT INTO `__PREFIX__subadmin2` (`code`, `country_code`, `subadmin1_code`, `name`, `active`) VALUES ('LC.05.110220000','LC','LC.05','{\"en\":\"Gadette\"}',1);
INSERT INTO `__PREFIX__subadmin2` (`code`, `country_code`, `subadmin1_code`, `name`, `active`) VALUES ('LC.12.50030000','LC','LC.12','{\"en\":\"Anse La Verdue\"}',1);
INSERT INTO `__PREFIX__subadmin2` (`code`, `country_code`, `subadmin1_code`, `name`, `active`) VALUES ('LC.06.120130000','LC','LC.06','{\"en\":\"Cap Estate\"}',1);
INSERT INTO `__PREFIX__subadmin2` (`code`, `country_code`, `subadmin1_code`, `name`, `active`) VALUES ('LC.06.120290000','LC','LC.06','{\"en\":\"Marisule\"}',1);
INSERT INTO `__PREFIX__subadmin2` (`code`, `country_code`, `subadmin1_code`, `name`, `active`) VALUES ('LC.06.120330400','LC','LC.06','{\"en\":\"Monchy/La Borne\"}',1);
INSERT INTO `__PREFIX__subadmin2` (`code`, `country_code`, `subadmin1_code`, `name`, `active`) VALUES ('LC.07.80140000','LC','LC.07','{\"en\":\"Getrine\"}',1);
INSERT INTO `__PREFIX__subadmin2` (`code`, `country_code`, `subadmin1_code`, `name`, `active`) VALUES ('LC.01.40260100','LC','LC.01','{\"en\":\"Village/Petite Bourgh\"}',1);
INSERT INTO `__PREFIX__subadmin2` (`code`, `country_code`, `subadmin1_code`, `name`, `active`) VALUES ('LC.04.70280000','LC','LC.04','{\"en\":\"Motete\"}',1);
INSERT INTO `__PREFIX__subadmin2` (`code`, `country_code`, `subadmin1_code`, `name`, `active`) VALUES ('LC.03.10244800','LC','LC.03','{\"en\":\"Peart\'S Gap\"}',1);
INSERT INTO `__PREFIX__subadmin2` (`code`, `country_code`, `subadmin1_code`, `name`, `active`) VALUES ('LC.06.120200000','LC','LC.06','{\"en\":\"Garrand\"}',1);
INSERT INTO `__PREFIX__subadmin2` (`code`, `country_code`, `subadmin1_code`, `name`, `active`) VALUES ('LC.06.120110000','LC','LC.06','{\"en\":\"Caille Des\"}',1);
INSERT INTO `__PREFIX__subadmin2` (`code`, `country_code`, `subadmin1_code`, `name`, `active`) VALUES ('LC.10.90160000','LC','LC.10','{\"en\":\"Eau Piquant/St Urbain\"}',1);
INSERT INTO `__PREFIX__subadmin2` (`code`, `country_code`, `subadmin1_code`, `name`, `active`) VALUES ('LC.08.100680000','LC','LC.08','{\"en\":\"Mine\"}',1);
INSERT INTO `__PREFIX__subadmin2` (`code`, `country_code`, `subadmin1_code`, `name`, `active`) VALUES ('LC.03.30460000','LC','LC.03','{\"en\":\"Guesneau\"}',1);
INSERT INTO `__PREFIX__subadmin2` (`code`, `country_code`, `subadmin1_code`, `name`, `active`) VALUES ('LC.03.30030200','LC','LC.03','{\"en\":\"Cacoa/Babonneau\"}',1);
INSERT INTO `__PREFIX__subadmin2` (`code`, `country_code`, `subadmin1_code`, `name`, `active`) VALUES ('LC.05.110110000','LC','LC.05','{\"en\":\"Bosquet D\'Or\"}',1);
INSERT INTO `__PREFIX__subadmin2` (`code`, `country_code`, `subadmin1_code`, `name`, `active`) VALUES ('LC.05.110090000','LC','LC.05','{\"en\":\"Belmont\"}',1);
INSERT INTO `__PREFIX__subadmin2` (`code`, `country_code`, `subadmin1_code`, `name`, `active`) VALUES ('LC.05.110100000','LC','LC.05','{\"en\":\"Bois Joli\"}',1);
INSERT INTO `__PREFIX__subadmin2` (`code`, `country_code`, `subadmin1_code`, `name`, `active`) VALUES ('LC.06.120230000','LC','LC.06','{\"en\":\"Grand Riviere\"}',1);
INSERT INTO `__PREFIX__subadmin2` (`code`, `country_code`, `subadmin1_code`, `name`, `active`) VALUES ('LC.10.90350000','LC','LC.10','{\"en\":\"Moule A Chique\"}',1);
INSERT INTO `__PREFIX__subadmin2` (`code`, `country_code`, `subadmin1_code`, `name`, `active`) VALUES ('LC.08.100330000','LC','LC.08','{\"en\":\"Lombard\"}',1);
INSERT INTO `__PREFIX__subadmin2` (`code`, `country_code`, `subadmin1_code`, `name`, `active`) VALUES ('LC.03.20820100','LC','LC.03','{\"en\":\"Capital Hill\"}',1);
INSERT INTO `__PREFIX__subadmin2` (`code`, `country_code`, `subadmin1_code`, `name`, `active`) VALUES ('LC.03.30110700','LC','LC.03','{\"en\":\"Odsan\"}',1);
INSERT INTO `__PREFIX__subadmin2` (`code`, `country_code`, `subadmin1_code`, `name`, `active`) VALUES ('LC.06.120331600','LC','LC.06','{\"en\":\"Monchy/Mount Layau\"}',1);
INSERT INTO `__PREFIX__subadmin2` (`code`, `country_code`, `subadmin1_code`, `name`, `active`) VALUES ('LC.05.110410000','LC','LC.05','{\"en\":\"Louvet\"}',1);
INSERT INTO `__PREFIX__subadmin2` (`code`, `country_code`, `subadmin1_code`, `name`, `active`) VALUES ('LC.08.100120000','LC','LC.08','{\"en\":\"Canelles\"}',1);
INSERT INTO `__PREFIX__subadmin2` (`code`, `country_code`, `subadmin1_code`, `name`, `active`) VALUES ('LC.08.100320000','LC','LC.08','{\"en\":\"L\'Eau Mineau\"}',1);
INSERT INTO `__PREFIX__subadmin2` (`code`, `country_code`, `subadmin1_code`, `name`, `active`) VALUES ('LC.08.100090000','LC','LC.08','{\"en\":\"Blanchard\"}',1);
INSERT INTO `__PREFIX__subadmin2` (`code`, `country_code`, `subadmin1_code`, `name`, `active`) VALUES ('LC.08.100180000','LC','LC.08','{\"en\":\"Dugard\"}',1);
INSERT INTO `__PREFIX__subadmin2` (`code`, `country_code`, `subadmin1_code`, `name`, `active`) VALUES ('LC.03.10090000','LC','LC.03','{\"en\":\"Bella Rosa\"}',1);
INSERT INTO `__PREFIX__subadmin2` (`code`, `country_code`, `subadmin1_code`, `name`, `active`) VALUES ('LC.03.10480000','LC','LC.03','{\"en\":\"John Compton Highway\"}',1);
INSERT INTO `__PREFIX__subadmin2` (`code`, `country_code`, `subadmin1_code`, `name`, `active`) VALUES ('LC.03.20750100','LC','LC.03','{\"en\":\"Ravine Touterelle\"}',1);
INSERT INTO `__PREFIX__subadmin2` (`code`, `country_code`, `subadmin1_code`, `name`, `active`) VALUES ('LC.06.120180000','LC','LC.06','{\"en\":\"Dauphin\"}',1);
INSERT INTO `__PREFIX__subadmin2` (`code`, `country_code`, `subadmin1_code`, `name`, `active`) VALUES ('LC.03.20280000','LC','LC.03','{\"en\":\"Coubaril\"}',1);
INSERT INTO `__PREFIX__subadmin2` (`code`, `country_code`, `subadmin1_code`, `name`, `active`) VALUES ('LC.04.70270000','LC','LC.04','{\"en\":\"Mongouge\"}',1);
INSERT INTO `__PREFIX__subadmin2` (`code`, `country_code`, `subadmin1_code`, `name`, `active`) VALUES ('LC.05.110240000','LC','LC.05','{\"en\":\"Grande Ravine\"}',1);
INSERT INTO `__PREFIX__subadmin2` (`code`, `country_code`, `subadmin1_code`, `name`, `active`) VALUES ('LC.03.10570000','LC','LC.03','{\"en\":\"La Toc\"}',1);
INSERT INTO `__PREFIX__subadmin2` (`code`, `country_code`, `subadmin1_code`, `name`, `active`) VALUES ('LC.03.30110600','LC','LC.03','{\"en\":\"Miami/Bexon\"}',1);
INSERT INTO `__PREFIX__subadmin2` (`code`, `country_code`, `subadmin1_code`, `name`, `active`) VALUES ('LC.08.100670000','LC','LC.08','{\"en\":\"Mount Erole\"}',1);
INSERT INTO `__PREFIX__subadmin2` (`code`, `country_code`, `subadmin1_code`, `name`, `active`) VALUES ('LC.03.30390000','LC','LC.03','{\"en\":\"Fond Canie\"}',1);
INSERT INTO `__PREFIX__subadmin2` (`code`, `country_code`, `subadmin1_code`, `name`, `active`) VALUES ('LC.03.30030400','LC','LC.03','{\"en\":\"Chassin/Babonneau\"}',1);
INSERT INTO `__PREFIX__subadmin2` (`code`, `country_code`, `subadmin1_code`, `name`, `active`) VALUES ('LC.03.30031100','LC','LC.03','{\"en\":\"Talvern\"}',1);
INSERT INTO `__PREFIX__subadmin2` (`code`, `country_code`, `subadmin1_code`, `name`, `active`) VALUES ('LC.03.30030000','LC','LC.03','{\"en\":\"Babonneau Proper\"}',1);
INSERT INTO `__PREFIX__subadmin2` (`code`, `country_code`, `subadmin1_code`, `name`, `active`) VALUES ('LC.03.30030100','LC','LC.03','{\"en\":\"Cabiche/Babonneau\"}',1);
INSERT INTO `__PREFIX__subadmin2` (`code`, `country_code`, `subadmin1_code`, `name`, `active`) VALUES ('LC.03.30030201','LC','LC.03','{\"en\":\"Girard\"}',1);
INSERT INTO `__PREFIX__subadmin2` (`code`, `country_code`, `subadmin1_code`, `name`, `active`) VALUES ('LC.04.70010000','LC','LC.04','{\"en\":\"Belle Vue\"}',1);
INSERT INTO `__PREFIX__subadmin2` (`code`, `country_code`, `subadmin1_code`, `name`, `active`) VALUES ('LC.04.70080000','LC','LC.04','{\"en\":\"Debreuil\"}',1);
INSERT INTO `__PREFIX__subadmin2` (`code`, `country_code`, `subadmin1_code`, `name`, `active`) VALUES ('LC.05.110450000','LC','LC.05','{\"en\":\"Central Forest Reserve\"}',1);
INSERT INTO `__PREFIX__subadmin2` (`code`, `country_code`, `subadmin1_code`, `name`, `active`) VALUES ('LC.06.120330500','LC','LC.06','{\"en\":\"Monchy/Lafeuillee\"}',1);
INSERT INTO `__PREFIX__subadmin2` (`code`, `country_code`, `subadmin1_code`, `name`, `active`) VALUES ('LC.05.110140400','LC','LC.05','{\"en\":\"Derniere Riviere/Fond Petit\"}',1);
INSERT INTO `__PREFIX__subadmin2` (`code`, `country_code`, `subadmin1_code`, `name`, `active`) VALUES ('LC.09.60120000','LC','LC.09','{\"en\":\"Cresslands\"}',1);
INSERT INTO `__PREFIX__subadmin2` (`code`, `country_code`, `subadmin1_code`, `name`, `active`) VALUES ('LC.10.90540000','LC','LC.10','{\"en\":\"Cacoa\"}',1);
INSERT INTO `__PREFIX__subadmin2` (`code`, `country_code`, `subadmin1_code`, `name`, `active`) VALUES ('LC.09.60130000','LC','LC.09','{\"en\":\"Morne Lastic/Desruisseaux\"}',1);
INSERT INTO `__PREFIX__subadmin2` (`code`, `country_code`, `subadmin1_code`, `name`, `active`) VALUES ('LC.03.20680000','LC','LC.03','{\"en\":\"Parker\'S Hill\"}',1);
INSERT INTO `__PREFIX__subadmin2` (`code`, `country_code`, `subadmin1_code`, `name`, `active`) VALUES ('LC.06.120260100','LC','LC.06','{\"en\":\"La Guerre/Chicken Back Street\"}',1);
INSERT INTO `__PREFIX__subadmin2` (`code`, `country_code`, `subadmin1_code`, `name`, `active`) VALUES ('LC.03.10160000','LC','LC.03','{\"en\":\"Bois Catchet\"}',1);
INSERT INTO `__PREFIX__subadmin2` (`code`, `country_code`, `subadmin1_code`, `name`, `active`) VALUES ('LC.07.80010000','LC','LC.07','{\"en\":\"Annus\"}',1);
INSERT INTO `__PREFIX__subadmin2` (`code`, `country_code`, `subadmin1_code`, `name`, `active`) VALUES ('LC.09.60430000','LC','LC.09','{\"en\":\"Sapphire\"}',1);
INSERT INTO `__PREFIX__subadmin2` (`code`, `country_code`, `subadmin1_code`, `name`, `active`) VALUES ('LC.06.120330700','LC','LC.06','{\"en\":\"Monchy/Riviere Mitan\"}',1);
INSERT INTO `__PREFIX__subadmin2` (`code`, `country_code`, `subadmin1_code`, `name`, `active`) VALUES ('LC.03.10400000','LC','LC.03','{\"en\":\"Fond Manger\"}',1);
INSERT INTO `__PREFIX__subadmin2` (`code`, `country_code`, `subadmin1_code`, `name`, `active`) VALUES ('LC.10.90520000','LC','LC.10','{\"en\":\"En Bamboo\"}',1);
INSERT INTO `__PREFIX__subadmin2` (`code`, `country_code`, `subadmin1_code`, `name`, `active`) VALUES ('LC.09.60440000','LC','LC.09','{\"en\":\"Soufriere Estate\"}',1);
INSERT INTO `__PREFIX__subadmin2` (`code`, `country_code`, `subadmin1_code`, `name`, `active`) VALUES ('LC.03.10245500','LC','LC.03','{\"en\":\"Conway/Waterfront\"}',1);
INSERT INTO `__PREFIX__subadmin2` (`code`, `country_code`, `subadmin1_code`, `name`, `active`) VALUES ('LC.03.30330000','LC','LC.03','{\"en\":\"Derierre Fort/Old Victoria Road\"}',1);
INSERT INTO `__PREFIX__subadmin2` (`code`, `country_code`, `subadmin1_code`, `name`, `active`) VALUES ('LC.10.90230000','LC','LC.10','{\"en\":\"Industrial Estate\"}',1);
INSERT INTO `__PREFIX__subadmin2` (`code`, `country_code`, `subadmin1_code`, `name`, `active`) VALUES ('LC.03.20600700','LC','LC.03','{\"en\":\"Trou Rouge\"}',1);
INSERT INTO `__PREFIX__subadmin2` (`code`, `country_code`, `subadmin1_code`, `name`, `active`) VALUES ('LC.09.60370000','LC','LC.09','{\"en\":\"Rabot\"}',1);
INSERT INTO `__PREFIX__subadmin2` (`code`, `country_code`, `subadmin1_code`, `name`, `active`) VALUES ('LC.06.120330000','LC','LC.06','{\"en\":\"Monchy\"}',1);
INSERT INTO `__PREFIX__subadmin2` (`code`, `country_code`, `subadmin1_code`, `name`, `active`) VALUES ('LC.03.20810000','LC','LC.03','{\"en\":\"Tapion\"}',1);
INSERT INTO `__PREFIX__subadmin2` (`code`, `country_code`, `subadmin1_code`, `name`, `active`) VALUES ('LC.07.80050000','LC','LC.07','{\"en\":\"Banse\"}',1);
INSERT INTO `__PREFIX__subadmin2` (`code`, `country_code`, `subadmin1_code`, `name`, `active`) VALUES ('LC.09.60100000','LC','LC.09','{\"en\":\"Chateau Belair\"}',1);
INSERT INTO `__PREFIX__subadmin2` (`code`, `country_code`, `subadmin1_code`, `name`, `active`) VALUES ('LC.07.80280000','LC','LC.07','{\"en\":\"Morne Le Blanc\"}',1);
INSERT INTO `__PREFIX__subadmin2` (`code`, `country_code`, `subadmin1_code`, `name`, `active`) VALUES ('LC.08.100720000','LC','LC.08','{\"en\":\"Pelouze\"}',1);
INSERT INTO `__PREFIX__subadmin2` (`code`, `country_code`, `subadmin1_code`, `name`, `active`) VALUES ('LC.07.80411300','LC','LC.07','{\"en\":\"Kennedy Highway/Laborie Bypass\"}',1);
INSERT INTO `__PREFIX__subadmin2` (`code`, `country_code`, `subadmin1_code`, `name`, `active`) VALUES ('LC.08.100170000','LC','LC.08','{\"en\":\"Desruisseaux\"}',1);
INSERT INTO `__PREFIX__subadmin2` (`code`, `country_code`, `subadmin1_code`, `name`, `active`) VALUES ('LC.08.100170300','LC','LC.08','{\"en\":\"En Mango\"}',1);
INSERT INTO `__PREFIX__subadmin2` (`code`, `country_code`, `subadmin1_code`, `name`, `active`) VALUES ('LC.08.100170500','LC','LC.08','{\"en\":\"London Road\"}',1);
INSERT INTO `__PREFIX__subadmin2` (`code`, `country_code`, `subadmin1_code`, `name`, `active`) VALUES ('LC.08.100530100','LC','LC.08','{\"en\":\"Saut\"}',1);
INSERT INTO `__PREFIX__subadmin2` (`code`, `country_code`, `subadmin1_code`, `name`, `active`) VALUES ('LC.09.60200000','LC','LC.09','{\"en\":\"Fond Doux\"}',1);
INSERT INTO `__PREFIX__subadmin2` (`code`, `country_code`, `subadmin1_code`, `name`, `active`) VALUES ('LC.08.100610000','LC','LC.08','{\"en\":\"Honeymoon Beach\"}',1);
INSERT INTO `__PREFIX__subadmin2` (`code`, `country_code`, `subadmin1_code`, `name`, `active`) VALUES ('LC.08.100630000','LC','LC.08','{\"en\":\"Descatier/Six Miles\"}',1);
INSERT INTO `__PREFIX__subadmin2` (`code`, `country_code`, `subadmin1_code`, `name`, `active`) VALUES ('LC.08.100650000','LC','LC.08','{\"en\":\"L\'Orangerie Road\"}',1);
INSERT INTO `__PREFIX__subadmin2` (`code`, `country_code`, `subadmin1_code`, `name`, `active`) VALUES ('LC.09.60170100','LC','LC.09','{\"en\":\"La Dauphine\"}',1);
INSERT INTO `__PREFIX__subadmin2` (`code`, `country_code`, `subadmin1_code`, `name`, `active`) VALUES ('LC.09.60420000','LC','LC.09','{\"en\":\"Ruby Estate\"}',1);
INSERT INTO `__PREFIX__subadmin2` (`code`, `country_code`, `subadmin1_code`, `name`, `active`) VALUES ('LC.10.90110000','LC','LC.10','{\"en\":\"Catin\"}',1);
INSERT INTO `__PREFIX__subadmin2` (`code`, `country_code`, `subadmin1_code`, `name`, `active`) VALUES ('LC.10.90433300','LC','LC.10','{\"en\":\"Westall Group/The Mangue\"}',1);
INSERT INTO `__PREFIX__subadmin2` (`code`, `country_code`, `subadmin1_code`, `name`, `active`) VALUES ('LC.05.110390000','LC','LC.05','{\"en\":\"Thamazo\"}',1);
INSERT INTO `__PREFIX__subadmin2` (`code`, `country_code`, `subadmin1_code`, `name`, `active`) VALUES ('LC.08.100460000','LC','LC.08','{\"en\":\"Planard\"}',1);
INSERT INTO `__PREFIX__subadmin2` (`code`, `country_code`, `subadmin1_code`, `name`, `active`) VALUES ('LC.04.70160000','LC','LC.04','{\"en\":\"Franciou\"}',1);
INSERT INTO `__PREFIX__subadmin2` (`code`, `country_code`, `subadmin1_code`, `name`, `active`) VALUES ('LC.09.60010000','LC','LC.09','{\"en\":\"Anse Chastanet\"}',1);
INSERT INTO `__PREFIX__subadmin2` (`code`, `country_code`, `subadmin1_code`, `name`, `active`) VALUES ('LC.05.110300000','LC','LC.05','{\"en\":\"Lumiere\"}',1);
INSERT INTO `__PREFIX__subadmin2` (`code`, `country_code`, `subadmin1_code`, `name`, `active`) VALUES ('LC.05.110180000','LC','LC.05','{\"en\":\"Errard\"}',1);
INSERT INTO `__PREFIX__subadmin2` (`code`, `country_code`, `subadmin1_code`, `name`, `active`) VALUES ('LC.09.60070000','LC','LC.09','{\"en\":\"Bouton\"}',1);
INSERT INTO `__PREFIX__subadmin2` (`code`, `country_code`, `subadmin1_code`, `name`, `active`) VALUES ('LC.07.80260000','LC','LC.07','{\"en\":\"Macdomel\"}',1);
INSERT INTO `__PREFIX__subadmin2` (`code`, `country_code`, `subadmin1_code`, `name`, `active`) VALUES ('LC.05.110250500','LC','LC.05','{\"en\":\"Grande Riviere/Morne Caca Cochon\"}',1);
INSERT INTO `__PREFIX__subadmin2` (`code`, `country_code`, `subadmin1_code`, `name`, `active`) VALUES ('LC.08.100420000','LC','LC.08','{\"en\":\"Palmiste Estate\"}',1);
INSERT INTO `__PREFIX__subadmin2` (`code`, `country_code`, `subadmin1_code`, `name`, `active`) VALUES ('LC.03.20630400','LC','LC.03','{\"en\":\"Hillcrest Gardens\"}',1);
INSERT INTO `__PREFIX__subadmin2` (`code`, `country_code`, `subadmin1_code`, `name`, `active`) VALUES ('LC.04.70100000','LC','LC.04','{\"en\":\"Derriere Morne\"}',1);
INSERT INTO `__PREFIX__subadmin2` (`code`, `country_code`, `subadmin1_code`, `name`, `active`) VALUES ('LC.06.120080000','LC','LC.06','{\"en\":\"Bois D\'Orange\"}',1);
INSERT INTO `__PREFIX__subadmin2` (`code`, `country_code`, `subadmin1_code`, `name`, `active`) VALUES ('LC.07.80160000','LC','LC.07','{\"en\":\"H\'Erelle\"}',1);
INSERT INTO `__PREFIX__subadmin2` (`code`, `country_code`, `subadmin1_code`, `name`, `active`) VALUES ('LC.08.100180100','LC','LC.08','{\"en\":\"Fond D\'Lor/Dugard\"}',1);
INSERT INTO `__PREFIX__subadmin2` (`code`, `country_code`, `subadmin1_code`, `name`, `active`) VALUES ('LC.01.40250000','LC','LC.01','{\"en\":\"Venus\"}',1);
INSERT INTO `__PREFIX__subadmin2` (`code`, `country_code`, `subadmin1_code`, `name`, `active`) VALUES ('LC.08.100400000','LC','LC.08','{\"en\":\"Myette Gardens\"}',1);
INSERT INTO `__PREFIX__subadmin2` (`code`, `country_code`, `subadmin1_code`, `name`, `active`) VALUES ('LC.03.20910000','LC','LC.03','{\"en\":\"Vigie\"}',1);
INSERT INTO `__PREFIX__subadmin2` (`code`, `country_code`, `subadmin1_code`, `name`, `active`) VALUES ('LC.03.30740000','LC','LC.03','{\"en\":\"Resinard/Babonneau\"}',1);
INSERT INTO `__PREFIX__subadmin2` (`code`, `country_code`, `subadmin1_code`, `name`, `active`) VALUES ('LC.03.20650000','LC','LC.03','{\"en\":\"Mount Pleasant\"}',1);
INSERT INTO `__PREFIX__subadmin2` (`code`, `country_code`, `subadmin1_code`, `name`, `active`) VALUES ('LC.06.120330403','LC','LC.06','{\"en\":\"Monchy/La Borne/Sans Souci\"}',1);
INSERT INTO `__PREFIX__subadmin2` (`code`, `country_code`, `subadmin1_code`, `name`, `active`) VALUES ('LC.08.100380000','LC','LC.08','{\"en\":\"Moreau\"}',1);
INSERT INTO `__PREFIX__subadmin2` (`code`, `country_code`, `subadmin1_code`, `name`, `active`) VALUES ('LC.05.110170000','LC','LC.05','{\"en\":\"Dubonnaire\"}',1);
INSERT INTO `__PREFIX__subadmin2` (`code`, `country_code`, `subadmin1_code`, `name`, `active`) VALUES ('LC.04.70180100','LC','LC.04','{\"en\":\"Cedars/Chu Tigre\"}',1);
INSERT INTO `__PREFIX__subadmin2` (`code`, `country_code`, `subadmin1_code`, `name`, `active`) VALUES ('LC.03.30410000','LC','LC.03','{\"en\":\"Forestiere\"}',1);
INSERT INTO `__PREFIX__subadmin2` (`code`, `country_code`, `subadmin1_code`, `name`, `active`) VALUES ('LC.03.20600200','LC','LC.03','{\"en\":\"George Charles Boulevard\"}',1);
INSERT INTO `__PREFIX__subadmin2` (`code`, `country_code`, `subadmin1_code`, `name`, `active`) VALUES ('LC.08.100350000','LC','LC.08','{\"en\":\"Malgretoute\"}',1);
INSERT INTO `__PREFIX__subadmin2` (`code`, `country_code`, `subadmin1_code`, `name`, `active`) VALUES ('LC.01.40210000','LC','LC.01','{\"en\":\"Morne D\'Or\"}',1);
INSERT INTO `__PREFIX__subadmin2` (`code`, `country_code`, `subadmin1_code`, `name`, `active`) VALUES ('LC.03.30030501','LC','LC.03','{\"en\":\"Morne Assau/Babonneau\"}',1);
INSERT INTO `__PREFIX__subadmin2` (`code`, `country_code`, `subadmin1_code`, `name`, `active`) VALUES ('LC.05.110070000','LC','LC.05','{\"en\":\"Bazile\"}',1);
INSERT INTO `__PREFIX__subadmin2` (`code`, `country_code`, `subadmin1_code`, `name`, `active`) VALUES ('LC.03.30110504','LC','LC.03','{\"en\":\"Morne Rouge/Marc\"}',1);
INSERT INTO `__PREFIX__subadmin2` (`code`, `country_code`, `subadmin1_code`, `name`, `active`) VALUES ('LC.04.70390000','LC','LC.04','{\"en\":\"Roblot\"}',1);
INSERT INTO `__PREFIX__subadmin2` (`code`, `country_code`, `subadmin1_code`, `name`, `active`) VALUES ('LC.01.40220000','LC','LC.01','{\"en\":\"Roseau Valley\"}',1);
INSERT INTO `__PREFIX__subadmin2` (`code`, `country_code`, `subadmin1_code`, `name`, `active`) VALUES ('LC.03.20220000','LC','LC.03','{\"en\":\"Choc\"}',1);
INSERT INTO `__PREFIX__subadmin2` (`code`, `country_code`, `subadmin1_code`, `name`, `active`) VALUES ('LC.04.70040000','LC','LC.04','{\"en\":\"Caffiere\"}',1);
INSERT INTO `__PREFIX__subadmin2` (`code`, `country_code`, `subadmin1_code`, `name`, `active`) VALUES ('LC.04.70420000','LC','LC.04','{\"en\":\"Victoria\"}',1);
INSERT INTO `__PREFIX__subadmin2` (`code`, `country_code`, `subadmin1_code`, `name`, `active`) VALUES ('LC.06.120540000','LC','LC.06','{\"en\":\"Desrameaux\"}',1);
INSERT INTO `__PREFIX__subadmin2` (`code`, `country_code`, `subadmin1_code`, `name`, `active`) VALUES ('LC.07.80350000','LC','LC.07','{\"en\":\"Saltibus\"}',1);
INSERT INTO `__PREFIX__subadmin2` (`code`, `country_code`, `subadmin1_code`, `name`, `active`) VALUES ('LC.08.100210000','LC','LC.08','{\"en\":\"Escap\"}',1);
INSERT INTO `__PREFIX__subadmin2` (`code`, `country_code`, `subadmin1_code`, `name`, `active`) VALUES ('LC.04.70060000','LC','LC.04','{\"en\":\"Dacretin\"}',1);
INSERT INTO `__PREFIX__subadmin2` (`code`, `country_code`, `subadmin1_code`, `name`, `active`) VALUES ('LC.04.70090000','LC','LC.04','{\"en\":\"Delcer\"}',1);
INSERT INTO `__PREFIX__subadmin2` (`code`, `country_code`, `subadmin1_code`, `name`, `active`) VALUES ('LC.04.70170000','LC','LC.04','{\"en\":\"Industry\"}',1);
INSERT INTO `__PREFIX__subadmin2` (`code`, `country_code`, `subadmin1_code`, `name`, `active`) VALUES ('LC.05.110420000','LC','LC.05','{\"en\":\"La Sociere\"}',1);
INSERT INTO `__PREFIX__subadmin2` (`code`, `country_code`, `subadmin1_code`, `name`, `active`) VALUES ('LC.08.100160000','LC','LC.08','{\"en\":\"Delomel\"}',1);
INSERT INTO `__PREFIX__subadmin2` (`code`, `country_code`, `subadmin1_code`, `name`, `active`) VALUES ('LC.10.90190300','LC','LC.10','{\"en\":\"Woodlands\"}',1);
INSERT INTO `__PREFIX__subadmin2` (`code`, `country_code`, `subadmin1_code`, `name`, `active`) VALUES ('LC.06.120130600','LC','LC.06','{\"en\":\"Cap Estate/Caribbean Park\"}',1);
INSERT INTO `__PREFIX__subadmin2` (`code`, `country_code`, `subadmin1_code`, `name`, `active`) VALUES ('LC.08.100240000','LC','LC.08','{\"en\":\"Fond Estate\"}',1);
INSERT INTO `__PREFIX__subadmin2` (`code`, `country_code`, `subadmin1_code`, `name`, `active`) VALUES ('LC.03.30110501','LC','LC.03','{\"en\":\"Crownlands/Marc\"}',1);
INSERT INTO `__PREFIX__subadmin2` (`code`, `country_code`, `subadmin1_code`, `name`, `active`) VALUES ('LC.04.70260000','LC','LC.04','{\"en\":\"Mavay\"}',1);
INSERT INTO `__PREFIX__subadmin2` (`code`, `country_code`, `subadmin1_code`, `name`, `active`) VALUES ('LC.05.110250100','LC','LC.05','{\"en\":\"Grande Riviere/Des Branch\"}',1);
INSERT INTO `__PREFIX__subadmin2` (`code`, `country_code`, `subadmin1_code`, `name`, `active`) VALUES ('LC.05.110370000','LC','LC.05','{\"en\":\"Riche Fond\"}',1);
INSERT INTO `__PREFIX__subadmin2` (`code`, `country_code`, `subadmin1_code`, `name`, `active`) VALUES ('LC.04.70150000','LC','LC.04','{\"en\":\"New Field/Fiette\"}',1);
INSERT INTO `__PREFIX__subadmin2` (`code`, `country_code`, `subadmin1_code`, `name`, `active`) VALUES ('LC.05.110430000','LC','LC.05','{\"en\":\"Bordelais\"}',1);
INSERT INTO `__PREFIX__subadmin2` (`code`, `country_code`, `subadmin1_code`, `name`, `active`) VALUES ('LC.06.120060100','LC','LC.06','{\"en\":\"Boguis/Desa Blond\"}',1);
INSERT INTO `__PREFIX__subadmin2` (`code`, `country_code`, `subadmin1_code`, `name`, `active`) VALUES ('LC.06.120130700','LC','LC.06','{\"en\":\"Cap Estate/Ranch Site\"}',1);
INSERT INTO `__PREFIX__subadmin2` (`code`, `country_code`, `subadmin1_code`, `name`, `active`) VALUES ('LC.04.70110000','LC','LC.04','{\"en\":\"Dugard\"}',1);
INSERT INTO `__PREFIX__subadmin2` (`code`, `country_code`, `subadmin1_code`, `name`, `active`) VALUES ('LC.03.30110000','LC','LC.03','{\"en\":\"Bexon\"}',1);
INSERT INTO `__PREFIX__subadmin2` (`code`, `country_code`, `subadmin1_code`, `name`, `active`) VALUES ('LC.03.20630000','LC','LC.03','{\"en\":\"Morne Dudon\"}',1);
INSERT INTO `__PREFIX__subadmin2` (`code`, `country_code`, `subadmin1_code`, `name`, `active`) VALUES ('LC.03.30530200','LC','LC.03','{\"en\":\"Barre St.Joseph\"}',1);
INSERT INTO `__PREFIX__subadmin2` (`code`, `country_code`, `subadmin1_code`, `name`, `active`) VALUES ('LC.03.10310000','LC','LC.03','{\"en\":\"Darling Road\"}',1);
INSERT INTO `__PREFIX__subadmin2` (`code`, `country_code`, `subadmin1_code`, `name`, `active`) VALUES ('LC.08.100060000','LC','LC.08','{\"en\":\"Beauchamp\"}',1);
INSERT INTO `__PREFIX__subadmin2` (`code`, `country_code`, `subadmin1_code`, `name`, `active`) VALUES ('LC.06.120080100','LC','LC.06','{\"en\":\"Bois D\'Ornange/Trouya\"}',1);
INSERT INTO `__PREFIX__subadmin2` (`code`, `country_code`, `subadmin1_code`, `name`, `active`) VALUES ('LC.01.40120000','LC','LC.01','{\"en\":\"Invorgoil Estate\"}',1);
INSERT INTO `__PREFIX__subadmin2` (`code`, `country_code`, `subadmin1_code`, `name`, `active`) VALUES ('LC.01.40020000','LC','LC.01','{\"en\":\"Au Tabor\"}',1);
INSERT INTO `__PREFIX__subadmin2` (`code`, `country_code`, `subadmin1_code`, `name`, `active`) VALUES ('LC.01.40020100','LC','LC.01','{\"en\":\"Au Tabor Hill\"}',1);
INSERT INTO `__PREFIX__subadmin2` (`code`, `country_code`, `subadmin1_code`, `name`, `active`) VALUES ('LC.01.40050000','LC','LC.01','{\"en\":\"Bois D\'Inde\"}',1);
INSERT INTO `__PREFIX__subadmin2` (`code`, `country_code`, `subadmin1_code`, `name`, `active`) VALUES ('LC.01.40180100','LC','LC.01','{\"en\":\"Caico/Millet\"}',1);
INSERT INTO `__PREFIX__subadmin2` (`code`, `country_code`, `subadmin1_code`, `name`, `active`) VALUES ('LC.03.30110800','LC','LC.03','{\"en\":\"Ravine Poisson\"}',1);
INSERT INTO `__PREFIX__subadmin2` (`code`, `country_code`, `subadmin1_code`, `name`, `active`) VALUES ('LC.01.40110000','LC','LC.01','{\"en\":\"Fond Eau Rouge\"}',1);
INSERT INTO `__PREFIX__subadmin2` (`code`, `country_code`, `subadmin1_code`, `name`, `active`) VALUES ('LC.03.10380000','LC','LC.03','{\"en\":\"Faux A Chaud\"}',1);
INSERT INTO `__PREFIX__subadmin2` (`code`, `country_code`, `subadmin1_code`, `name`, `active`) VALUES ('LC.01.40060000','LC','LC.01','{\"en\":\"Champen Estate\"}',1);
INSERT INTO `__PREFIX__subadmin2` (`code`, `country_code`, `subadmin1_code`, `name`, `active`) VALUES ('LC.01.40180101','LC','LC.01','{\"en\":\"Enbar Pwin\"}',1);
INSERT INTO `__PREFIX__subadmin2` (`code`, `country_code`, `subadmin1_code`, `name`, `active`) VALUES ('LC.01.40070000','LC','LC.01','{\"en\":\"Dame De Traversay\"}',1);
INSERT INTO `__PREFIX__subadmin2` (`code`, `country_code`, `subadmin1_code`, `name`, `active`) VALUES ('LC.03.10060000','LC','LC.03','{\"en\":\"Banannes Bay\"}',1);
INSERT INTO `__PREFIX__subadmin2` (`code`, `country_code`, `subadmin1_code`, `name`, `active`) VALUES ('LC.01.40170000','LC','LC.01','{\"en\":\"Massacre\"}',1);
INSERT INTO `__PREFIX__subadmin2` (`code`, `country_code`, `subadmin1_code`, `name`, `active`) VALUES ('LC.01.40080000','LC','LC.01','{\"en\":\"Derriere Dos\"}',1);
INSERT INTO `__PREFIX__subadmin2` (`code`, `country_code`, `subadmin1_code`, `name`, `active`) VALUES ('LC.03.10190000','LC','LC.03','{\"en\":\"Cedars\"}',1);
INSERT INTO `__PREFIX__subadmin2` (`code`, `country_code`, `subadmin1_code`, `name`, `active`) VALUES ('LC.01.40090000','LC','LC.01','{\"en\":\"Derriere Lagoon\"}',1);
INSERT INTO `__PREFIX__subadmin2` (`code`, `country_code`, `subadmin1_code`, `name`, `active`) VALUES ('LC.01.40100000','LC','LC.01','{\"en\":\"Durandeau\"}',1);
INSERT INTO `__PREFIX__subadmin2` (`code`, `country_code`, `subadmin1_code`, `name`, `active`) VALUES ('LC.01.40180000','LC','LC.01','{\"en\":\"Millet\"}',1);
INSERT INTO `__PREFIX__subadmin2` (`code`, `country_code`, `subadmin1_code`, `name`, `active`) VALUES ('LC.03.10170000','LC','LC.03','{\"en\":\"Calvary\"}',1);
INSERT INTO `__PREFIX__subadmin2` (`code`, `country_code`, `subadmin1_code`, `name`, `active`) VALUES ('LC.01.40260000','LC','LC.01','{\"en\":\"Village\"}',1);
INSERT INTO `__PREFIX__subadmin2` (`code`, `country_code`, `subadmin1_code`, `name`, `active`) VALUES ('LC.01.40130000','LC','LC.01','{\"en\":\"Jacmel\"}',1);
INSERT INTO `__PREFIX__subadmin2` (`code`, `country_code`, `subadmin1_code`, `name`, `active`) VALUES ('LC.01.40140000','LC','LC.01','{\"en\":\"Jean Baptiste\"}',1);
INSERT INTO `__PREFIX__subadmin2` (`code`, `country_code`, `subadmin1_code`, `name`, `active`) VALUES ('LC.01.40150000','LC','LC.01','{\"en\":\"La Trielle\"}',1);
INSERT INTO `__PREFIX__subadmin2` (`code`, `country_code`, `subadmin1_code`, `name`, `active`) VALUES ('LC.03.10240000','LC','LC.03','{\"en\":\"City\"}',1);
INSERT INTO `__PREFIX__subadmin2` (`code`, `country_code`, `subadmin1_code`, `name`, `active`) VALUES ('LC.03.10243800','LC','LC.03','{\"en\":\"Grass Street\"}',1);
INSERT INTO `__PREFIX__subadmin2` (`code`, `country_code`, `subadmin1_code`, `name`, `active`) VALUES ('LC.01.40240000','LC','LC.01','{\"en\":\"Vanard\"}',1);
INSERT INTO `__PREFIX__subadmin2` (`code`, `country_code`, `subadmin1_code`, `name`, `active`) VALUES ('LC.01.40200000','LC','LC.01','{\"en\":\"Morne Ciseaux\"}',1);
INSERT INTO `__PREFIX__subadmin2` (`code`, `country_code`, `subadmin1_code`, `name`, `active`) VALUES ('LC.01.40230100','LC','LC.01','{\"en\":\"St Lawrence Estate\"}',1);
INSERT INTO `__PREFIX__subadmin2` (`code`, `country_code`, `subadmin1_code`, `name`, `active`) VALUES ('LC.03.10200100','LC','LC.03','{\"en\":\"Sunbilt\"}',1);
INSERT INTO `__PREFIX__subadmin2` (`code`, `country_code`, `subadmin1_code`, `name`, `active`) VALUES ('LC.12.50010000','LC','LC.12','{\"en\":\"Anse Cochon\"}',1);
INSERT INTO `__PREFIX__subadmin2` (`code`, `country_code`, `subadmin1_code`, `name`, `active`) VALUES ('LC.03.10250000','LC','LC.03','{\"en\":\"City Gate/La Clery\"}',1);
INSERT INTO `__PREFIX__subadmin2` (`code`, `country_code`, `subadmin1_code`, `name`, `active`) VALUES ('LC.03.10270000','LC','LC.03','{\"en\":\"Coolie Town\"}',1);
INSERT INTO `__PREFIX__subadmin2` (`code`, `country_code`, `subadmin1_code`, `name`, `active`) VALUES ('LC.12.50020000','LC','LC.12','{\"en\":\"Anse Galet\"}',1);
INSERT INTO `__PREFIX__subadmin2` (`code`, `country_code`, `subadmin1_code`, `name`, `active`) VALUES ('LC.03.10670000','LC','LC.03','{\"en\":\"New Village\"}',1);
INSERT INTO `__PREFIX__subadmin2` (`code`, `country_code`, `subadmin1_code`, `name`, `active`) VALUES ('LC.12.50040000','LC','LC.12','{\"en\":\"Belvedere\"}',1);
INSERT INTO `__PREFIX__subadmin2` (`code`, `country_code`, `subadmin1_code`, `name`, `active`) VALUES ('LC.03.30110200','LC','LC.03','{\"en\":\"Choppin Ridge/Sarot\"}',1);
INSERT INTO `__PREFIX__subadmin2` (`code`, `country_code`, `subadmin1_code`, `name`, `active`) VALUES ('LC.12.50060000','LC','LC.12','{\"en\":\"Chalon\"}',1);
INSERT INTO `__PREFIX__subadmin2` (`code`, `country_code`, `subadmin1_code`, `name`, `active`) VALUES ('LC.03.10580000','LC','LC.03','{\"en\":\"Lastic Hill\"}',1);
INSERT INTO `__PREFIX__subadmin2` (`code`, `country_code`, `subadmin1_code`, `name`, `active`) VALUES ('LC.12.50070000','LC','LC.12','{\"en\":\"Chatin\"}',1);
INSERT INTO `__PREFIX__subadmin2` (`code`, `country_code`, `subadmin1_code`, `name`, `active`) VALUES ('LC.03.30110506','LC','LC.03','{\"en\":\"Trou Florent/Marc\"}',1);
INSERT INTO `__PREFIX__subadmin2` (`code`, `country_code`, `subadmin1_code`, `name`, `active`) VALUES ('LC.12.50080000','LC','LC.12','{\"en\":\"Des Bottes\"}',1);
INSERT INTO `__PREFIX__subadmin2` (`code`, `country_code`, `subadmin1_code`, `name`, `active`) VALUES ('LC.03.10700000','LC','LC.03','{\"en\":\"Pavee\"}',1);
INSERT INTO `__PREFIX__subadmin2` (`code`, `country_code`, `subadmin1_code`, `name`, `active`) VALUES ('LC.03.30430000','LC','LC.03','{\"en\":\"Goodlands\"}',1);
INSERT INTO `__PREFIX__subadmin2` (`code`, `country_code`, `subadmin1_code`, `name`, `active`) VALUES ('LC.12.50110000','LC','LC.12','{\"en\":\"Morne Siquot\"}',1);
INSERT INTO `__PREFIX__subadmin2` (`code`, `country_code`, `subadmin1_code`, `name`, `active`) VALUES ('LC.12.50141100','LC','LC.12','{\"en\":\"Riverside Road\"}',1);
INSERT INTO `__PREFIX__subadmin2` (`code`, `country_code`, `subadmin1_code`, `name`, `active`) VALUES ('LC.03.10690000','LC','LC.03','{\"en\":\"Patterson\'S Gap\"}',1);
INSERT INTO `__PREFIX__subadmin2` (`code`, `country_code`, `subadmin1_code`, `name`, `active`) VALUES ('LC.03.10720000','LC','LC.03','{\"en\":\"Pointe Seraphine\"}',1);
INSERT INTO `__PREFIX__subadmin2` (`code`, `country_code`, `subadmin1_code`, `name`, `active`) VALUES ('LC.03.10760000','LC','LC.03','{\"en\":\"Rose Hill\"}',1);
INSERT INTO `__PREFIX__subadmin2` (`code`, `country_code`, `subadmin1_code`, `name`, `active`) VALUES ('LC.03.20820000','LC','LC.03','{\"en\":\"The Morne\"}',1);
INSERT INTO `__PREFIX__subadmin2` (`code`, `country_code`, `subadmin1_code`, `name`, `active`) VALUES ('LC.03.10920000','LC','LC.03','{\"en\":\"Waterworks\"}',1);
INSERT INTO `__PREFIX__subadmin2` (`code`, `country_code`, `subadmin1_code`, `name`, `active`) VALUES ('LC.03.10930000','LC','LC.03','{\"en\":\"Wilton\'S Yard/Grave Yard\"}',1);
INSERT INTO `__PREFIX__subadmin2` (`code`, `country_code`, `subadmin1_code`, `name`, `active`) VALUES ('LC.03.20020000','LC','LC.03','{\"en\":\"Aurendel Hill\"}',1);
INSERT INTO `__PREFIX__subadmin2` (`code`, `country_code`, `subadmin1_code`, `name`, `active`) VALUES ('LC.03.20600100','LC','LC.03','{\"en\":\"Black Mallet\"}',1);
INSERT INTO `__PREFIX__subadmin2` (`code`, `country_code`, `subadmin1_code`, `name`, `active`) VALUES ('LC.03.20040000','LC','LC.03','{\"en\":\"Bagatelle\"}',1);
INSERT INTO `__PREFIX__subadmin2` (`code`, `country_code`, `subadmin1_code`, `name`, `active`) VALUES ('LC.03.20120000','LC','LC.03','{\"en\":\"Bissee\"}',1);
INSERT INTO `__PREFIX__subadmin2` (`code`, `country_code`, `subadmin1_code`, `name`, `active`) VALUES ('LC.03.20130000','LC','LC.03','{\"en\":\"Bishop\'S Gap\"}',1);
INSERT INTO `__PREFIX__subadmin2` (`code`, `country_code`, `subadmin1_code`, `name`, `active`) VALUES ('LC.03.30340000','LC','LC.03','{\"en\":\"Dubrassay\"}',1);
INSERT INTO `__PREFIX__subadmin2` (`code`, `country_code`, `subadmin1_code`, `name`, `active`) VALUES ('LC.03.20150000','LC','LC.03','{\"en\":\"Bocage\"}',1);
INSERT INTO `__PREFIX__subadmin2` (`code`, `country_code`, `subadmin1_code`, `name`, `active`) VALUES ('LC.03.20180100','LC','LC.03','{\"en\":\"Carellie\"}',1);
INSERT INTO `__PREFIX__subadmin2` (`code`, `country_code`, `subadmin1_code`, `name`, `active`) VALUES ('LC.03.20600400','LC','LC.03','{\"en\":\"Maynard Hill\"}',1);
INSERT INTO `__PREFIX__subadmin2` (`code`, `country_code`, `subadmin1_code`, `name`, `active`) VALUES ('LC.03.20210000','LC','LC.03','{\"en\":\"Ravine Chabot\"}',1);
INSERT INTO `__PREFIX__subadmin2` (`code`, `country_code`, `subadmin1_code`, `name`, `active`) VALUES ('LC.03.20231400','LC','LC.03','{\"en\":\"Monkey Town Ciceron\"}',1);
INSERT INTO `__PREFIX__subadmin2` (`code`, `country_code`, `subadmin1_code`, `name`, `active`) VALUES ('LC.03.20500000','LC','LC.03','{\"en\":\"La Clery\"}',1);
INSERT INTO `__PREFIX__subadmin2` (`code`, `country_code`, `subadmin1_code`, `name`, `active`) VALUES ('LC.03.20370000','LC','LC.03','{\"en\":\"Entrepot\"}',1);
INSERT INTO `__PREFIX__subadmin2` (`code`, `country_code`, `subadmin1_code`, `name`, `active`) VALUES ('LC.03.20370400','LC','LC.03','{\"en\":\"Independence City\"}',1);
INSERT INTO `__PREFIX__subadmin2` (`code`, `country_code`, `subadmin1_code`, `name`, `active`) VALUES ('LC.03.20500100','LC','LC.03','{\"en\":\"Active Hill\"}',1);
INSERT INTO `__PREFIX__subadmin2` (`code`, `country_code`, `subadmin1_code`, `name`, `active`) VALUES ('LC.03.20630300','LC','LC.03','{\"en\":\"Bois Patat\"}',1);
INSERT INTO `__PREFIX__subadmin2` (`code`, `country_code`, `subadmin1_code`, `name`, `active`) VALUES ('LC.03.20800000','LC','LC.03','{\"en\":\"Sunny Acres\"}',1);
INSERT INTO `__PREFIX__subadmin2` (`code`, `country_code`, `subadmin1_code`, `name`, `active`) VALUES ('LC.04.70360000','LC','LC.04','{\"en\":\"Raveneau\"}',1);
INSERT INTO `__PREFIX__subadmin2` (`code`, `country_code`, `subadmin1_code`, `name`, `active`) VALUES ('LC.03.20500300','LC','LC.03','{\"en\":\"Chase Gardens\"}',1);
INSERT INTO `__PREFIX__subadmin2` (`code`, `country_code`, `subadmin1_code`, `name`, `active`) VALUES ('LC.03.20501400','LC','LC.03','{\"en\":\"Yorke Hill\"}',1);
INSERT INTO `__PREFIX__subadmin2` (`code`, `country_code`, `subadmin1_code`, `name`, `active`) VALUES ('LC.03.20640000','LC','LC.03','{\"en\":\"Morne Road\"}',1);
INSERT INTO `__PREFIX__subadmin2` (`code`, `country_code`, `subadmin1_code`, `name`, `active`) VALUES ('LC.03.20550000','LC','LC.03','{\"en\":\"La Pansee\"}',1);
INSERT INTO `__PREFIX__subadmin2` (`code`, `country_code`, `subadmin1_code`, `name`, `active`) VALUES ('LC.03.20550100','LC','LC.03','{\"en\":\"Goergeville\"}',1);
INSERT INTO `__PREFIX__subadmin2` (`code`, `country_code`, `subadmin1_code`, `name`, `active`) VALUES ('LC.03.20590000','LC','LC.03','{\"en\":\"Leslie Land\"}',1);
INSERT INTO `__PREFIX__subadmin2` (`code`, `country_code`, `subadmin1_code`, `name`, `active`) VALUES ('LC.03.20600000','LC','LC.03','{\"en\":\"Marchand\"}',1);
INSERT INTO `__PREFIX__subadmin2` (`code`, `country_code`, `subadmin1_code`, `name`, `active`) VALUES ('LC.03.20630100','LC','LC.03','{\"en\":\"Agard Lands/Morne Dudon\"}',1);
INSERT INTO `__PREFIX__subadmin2` (`code`, `country_code`, `subadmin1_code`, `name`, `active`) VALUES ('LC.03.20750000','LC','LC.03','{\"en\":\"Rock Hall\"}',1);
INSERT INTO `__PREFIX__subadmin2` (`code`, `country_code`, `subadmin1_code`, `name`, `active`) VALUES ('LC.03.20780000','LC','LC.03','{\"en\":\"San Soucis\"}',1);
INSERT INTO `__PREFIX__subadmin2` (`code`, `country_code`, `subadmin1_code`, `name`, `active`) VALUES ('LC.03.20781100','LC','LC.03','{\"en\":\"L\'Anse Road\"}',1);
INSERT INTO `__PREFIX__subadmin2` (`code`, `country_code`, `subadmin1_code`, `name`, `active`) VALUES ('LC.03.20790000','LC','LC.03','{\"en\":\"Summersdale\"}',1);
INSERT INTO `__PREFIX__subadmin2` (`code`, `country_code`, `subadmin1_code`, `name`, `active`) VALUES ('LC.03.30030203','LC','LC.03','{\"en\":\"Hill 20/Babonneau\"}',1);
INSERT INTO `__PREFIX__subadmin2` (`code`, `country_code`, `subadmin1_code`, `name`, `active`) VALUES ('LC.03.30110100','LC','LC.03','{\"en\":\"Barre Denis\"}',1);
INSERT INTO `__PREFIX__subadmin2` (`code`, `country_code`, `subadmin1_code`, `name`, `active`) VALUES ('LC.03.30110505','LC','LC.03','{\"en\":\"Trou Cochan/Marc\"}',1);
INSERT INTO `__PREFIX__subadmin2` (`code`, `country_code`, `subadmin1_code`, `name`, `active`) VALUES ('LC.03.30490000','LC','LC.03','{\"en\":\"La Carierre\"}',1);
INSERT INTO `__PREFIX__subadmin2` (`code`, `country_code`, `subadmin1_code`, `name`, `active`) VALUES ('LC.03.20890000','LC','LC.03','{\"en\":\"Vide Bouteille\"}',1);
INSERT INTO `__PREFIX__subadmin2` (`code`, `country_code`, `subadmin1_code`, `name`, `active`) VALUES ('LC.03.30030202','LC','LC.03','{\"en\":\"Green Gold\"}',1);
INSERT INTO `__PREFIX__subadmin2` (`code`, `country_code`, `subadmin1_code`, `name`, `active`) VALUES ('LC.03.30110502','LC','LC.03','{\"en\":\"Floissac/Marc\"}',1);
INSERT INTO `__PREFIX__subadmin2` (`code`, `country_code`, `subadmin1_code`, `name`, `active`) VALUES ('LC.09.60280000','LC','LC.09','{\"en\":\"Mocha\"}',1);
INSERT INTO `__PREFIX__subadmin2` (`code`, `country_code`, `subadmin1_code`, `name`, `active`) VALUES ('LC.03.30110900','LC','LC.03','{\"en\":\"Sarot\"}',1);
INSERT INTO `__PREFIX__subadmin2` (`code`, `country_code`, `subadmin1_code`, `name`, `active`) VALUES ('LC.03.30110901','LC','LC.03','{\"en\":\"Sand De Feu\"}',1);
INSERT INTO `__PREFIX__subadmin2` (`code`, `country_code`, `subadmin1_code`, `name`, `active`) VALUES ('LC.03.30110400','LC','LC.03','{\"en\":\"Labayee\"}',1);
INSERT INTO `__PREFIX__subadmin2` (`code`, `country_code`, `subadmin1_code`, `name`, `active`) VALUES ('LC.03.30110500','LC','LC.03','{\"en\":\"Marc\"}',1);
INSERT INTO `__PREFIX__subadmin2` (`code`, `country_code`, `subadmin1_code`, `name`, `active`) VALUES ('LC.03.30300100','LC','LC.03','{\"en\":\"Ferrand\"}',1);
INSERT INTO `__PREFIX__subadmin2` (`code`, `country_code`, `subadmin1_code`, `name`, `active`) VALUES ('LC.03.30300300','LC','LC.03','{\"en\":\"Soucis\"}',1);
INSERT INTO `__PREFIX__subadmin2` (`code`, `country_code`, `subadmin1_code`, `name`, `active`) VALUES ('LC.03.30530300','LC','LC.03','{\"en\":\"Perou\"}',1);
INSERT INTO `__PREFIX__subadmin2` (`code`, `country_code`, `subadmin1_code`, `name`, `active`) VALUES ('LC.03.30320000','LC','LC.03','{\"en\":\"Deglos\"}',1);
INSERT INTO `__PREFIX__subadmin2` (`code`, `country_code`, `subadmin1_code`, `name`, `active`) VALUES ('LC.03.30530000','LC','LC.03','{\"en\":\"La Croix Maingot\"}',1);
INSERT INTO `__PREFIX__subadmin2` (`code`, `country_code`, `subadmin1_code`, `name`, `active`) VALUES ('LC.03.30530100','LC','LC.03','{\"en\":\"Barre Duchaussee\"}',1);
INSERT INTO `__PREFIX__subadmin2` (`code`, `country_code`, `subadmin1_code`, `name`, `active`) VALUES ('LC.03.30850000','LC','LC.03','{\"en\":\"Tourat/Soucis\"}',1);
INSERT INTO `__PREFIX__subadmin2` (`code`, `country_code`, `subadmin1_code`, `name`, `active`) VALUES ('LC.03.30730000','LC','LC.03','{\"en\":\"Quarte Chemins\"}',1);
INSERT INTO `__PREFIX__subadmin2` (`code`, `country_code`, `subadmin1_code`, `name`, `active`) VALUES ('LC.03.30830000','LC','LC.03','{\"en\":\"Ti Colon\"}',1);
INSERT INTO `__PREFIX__subadmin2` (`code`, `country_code`, `subadmin1_code`, `name`, `active`) VALUES ('LC.03.30840000','LC','LC.03','{\"en\":\"Ti Rocher\"}',1);
INSERT INTO `__PREFIX__subadmin2` (`code`, `country_code`, `subadmin1_code`, `name`, `active`) VALUES ('LC.09.60710000','LC','LC.09','{\"en\":\"Morne Tabac\"}',1);
INSERT INTO `__PREFIX__subadmin2` (`code`, `country_code`, `subadmin1_code`, `name`, `active`) VALUES ('LC.03.30870000','LC','LC.03','{\"en\":\"Trois Piton\"}',1);
INSERT INTO `__PREFIX__subadmin2` (`code`, `country_code`, `subadmin1_code`, `name`, `active`) VALUES ('LC.04.70140000','LC','LC.04','{\"en\":\"Esperance\"}',1);
INSERT INTO `__PREFIX__subadmin2` (`code`, `country_code`, `subadmin1_code`, `name`, `active`) VALUES ('LC.04.70180000','LC','LC.04','{\"en\":\"La Fargue\"}',1);
INSERT INTO `__PREFIX__subadmin2` (`code`, `country_code`, `subadmin1_code`, `name`, `active`) VALUES ('LC.03.30770100','LC','LC.03','{\"en\":\"Belair\"}',1);
INSERT INTO `__PREFIX__subadmin2` (`code`, `country_code`, `subadmin1_code`, `name`, `active`) VALUES ('LC.04.70200000','LC','LC.04','{\"en\":\"Lamaze\"}',1);
INSERT INTO `__PREFIX__subadmin2` (`code`, `country_code`, `subadmin1_code`, `name`, `active`) VALUES ('LC.04.70370200','LC','LC.04','{\"en\":\"Port Alese\"}',1);
INSERT INTO `__PREFIX__subadmin2` (`code`, `country_code`, `subadmin1_code`, `name`, `active`) VALUES ('LC.04.70430000','LC','LC.04','{\"en\":\"Village\"}',1);
INSERT INTO `__PREFIX__subadmin2` (`code`, `country_code`, `subadmin1_code`, `name`, `active`) VALUES ('LC.04.70430100','LC','LC.04','{\"en\":\"Savannesgeorge/Constitution\"}',1);
INSERT INTO `__PREFIX__subadmin2` (`code`, `country_code`, `subadmin1_code`, `name`, `active`) VALUES ('LC.04.70240000','LC','LC.04','{\"en\":\"Mailly Motete\"}',1);
INSERT INTO `__PREFIX__subadmin2` (`code`, `country_code`, `subadmin1_code`, `name`, `active`) VALUES ('LC.09.60580000','LC','LC.09','{\"en\":\"Stonefield\"}',1);
INSERT INTO `__PREFIX__subadmin2` (`code`, `country_code`, `subadmin1_code`, `name`, `active`) VALUES ('LC.04.70440000','LC','LC.04','{\"en\":\"Christian Hill\"}',1);
INSERT INTO `__PREFIX__subadmin2` (`code`, `country_code`, `subadmin1_code`, `name`, `active`) VALUES ('LC.04.70190000','LC','LC.04','{\"en\":\"La Pointe\"}',1);
INSERT INTO `__PREFIX__subadmin2` (`code`, `country_code`, `subadmin1_code`, `name`, `active`) VALUES ('LC.04.70210000','LC','LC.04','{\"en\":\"Le Riche\"}',1);
INSERT INTO `__PREFIX__subadmin2` (`code`, `country_code`, `subadmin1_code`, `name`, `active`) VALUES ('LC.04.70250000','LC','LC.04','{\"en\":\"Martin\"}',1);
INSERT INTO `__PREFIX__subadmin2` (`code`, `country_code`, `subadmin1_code`, `name`, `active`) VALUES ('LC.04.70290000','LC','LC.04','{\"en\":\"Monzie\"}',1);
INSERT INTO `__PREFIX__subadmin2` (`code`, `country_code`, `subadmin1_code`, `name`, `active`) VALUES ('LC.04.70300000','LC','LC.04','{\"en\":\"Morne Jacques\"}',1);
INSERT INTO `__PREFIX__subadmin2` (`code`, `country_code`, `subadmin1_code`, `name`, `active`) VALUES ('LC.04.70380000','LC','LC.04','{\"en\":\"River Doree\"}',1);
INSERT INTO `__PREFIX__subadmin2` (`code`, `country_code`, `subadmin1_code`, `name`, `active`) VALUES ('LC.04.70400000','LC','LC.04','{\"en\":\"Sauzay\"}',1);
INSERT INTO `__PREFIX__subadmin2` (`code`, `country_code`, `subadmin1_code`, `name`, `active`) VALUES ('LC.05.110120100','LC','LC.05','{\"en\":\"Dennery By Pass/Green Mountain\"}',1);
INSERT INTO `__PREFIX__subadmin2` (`code`, `country_code`, `subadmin1_code`, `name`, `active`) VALUES ('LC.05.110040000','LC','LC.05','{\"en\":\"Bara Bara\"}',1);
INSERT INTO `__PREFIX__subadmin2` (`code`, `country_code`, `subadmin1_code`, `name`, `active`) VALUES ('LC.05.110030000','LC','LC.05','{\"en\":\"Au Leon\"}',1);
INSERT INTO `__PREFIX__subadmin2` (`code`, `country_code`, `subadmin1_code`, `name`, `active`) VALUES ('LC.05.110130000','LC','LC.05','{\"en\":\"Delaide\"}',1);
INSERT INTO `__PREFIX__subadmin2` (`code`, `country_code`, `subadmin1_code`, `name`, `active`) VALUES ('LC.05.110120000','LC','LC.05','{\"en\":\"Dennery By Pass\"}',1);
INSERT INTO `__PREFIX__subadmin2` (`code`, `country_code`, `subadmin1_code`, `name`, `active`) VALUES ('LC.05.110010000','LC','LC.05','{\"en\":\"Anse Canot\"}',1);
INSERT INTO `__PREFIX__subadmin2` (`code`, `country_code`, `subadmin1_code`, `name`, `active`) VALUES ('LC.09.60460000','LC','LC.09','{\"en\":\"Sulphur Springs\"}',1);
INSERT INTO `__PREFIX__subadmin2` (`code`, `country_code`, `subadmin1_code`, `name`, `active`) VALUES ('LC.05.110020000','LC','LC.05','{\"en\":\"Athens\"}',1);
INSERT INTO `__PREFIX__subadmin2` (`code`, `country_code`, `subadmin1_code`, `name`, `active`) VALUES ('LC.05.110140200','LC','LC.05','{\"en\":\"Derniere Riviere/Mardi Gras/Morne Caca Cochon\"}',1);
INSERT INTO `__PREFIX__subadmin2` (`code`, `country_code`, `subadmin1_code`, `name`, `active`) VALUES ('LC.05.110370100','LC','LC.05','{\"en\":\"Riche Fond/La Belle Vie\"}',1);
INSERT INTO `__PREFIX__subadmin2` (`code`, `country_code`, `subadmin1_code`, `name`, `active`) VALUES ('LC.05.110370200','LC','LC.05','{\"en\":\"Riche Fond/New Village\"}',1);
INSERT INTO `__PREFIX__subadmin2` (`code`, `country_code`, `subadmin1_code`, `name`, `active`) VALUES ('LC.05.110120200','LC','LC.05','{\"en\":\"Dennery By Pass/Rocky Lane\"}',1);
INSERT INTO `__PREFIX__subadmin2` (`code`, `country_code`, `subadmin1_code`, `name`, `active`) VALUES ('LC.05.110060000','LC','LC.05','{\"en\":\"Barre De L\'Isle\"}',1);
INSERT INTO `__PREFIX__subadmin2` (`code`, `country_code`, `subadmin1_code`, `name`, `active`) VALUES ('LC.05.110080000','LC','LC.05','{\"en\":\"Mount Beaujolais\"}',1);
INSERT INTO `__PREFIX__subadmin2` (`code`, `country_code`, `subadmin1_code`, `name`, `active`) VALUES ('LC.05.110140300','LC','LC.05','{\"en\":\"Derniere Riviere/Fond Maricient\"}',1);
INSERT INTO `__PREFIX__subadmin2` (`code`, `country_code`, `subadmin1_code`, `name`, `active`) VALUES ('LC.05.110120300','LC','LC.05','{\"en\":\"Dennery By Pass/White Rock Gardens\"}',1);
INSERT INTO `__PREFIX__subadmin2` (`code`, `country_code`, `subadmin1_code`, `name`, `active`) VALUES ('LC.05.110250000','LC','LC.05','{\"en\":\"Grande Riviere\"}',1);
INSERT INTO `__PREFIX__subadmin2` (`code`, `country_code`, `subadmin1_code`, `name`, `active`) VALUES ('LC.06.120230600','LC','LC.06','{\"en\":\"Grande Riviere/Norbert\"}',1);
INSERT INTO `__PREFIX__subadmin2` (`code`, `country_code`, `subadmin1_code`, `name`, `active`) VALUES ('LC.05.110250300','LC','LC.05','{\"en\":\"Grande Riviere/En Leur Morne/Discompere\"}',1);
INSERT INTO `__PREFIX__subadmin2` (`code`, `country_code`, `subadmin1_code`, `name`, `active`) VALUES ('LC.05.110250400','LC','LC.05','{\"en\":\"Grande Riviere/Funier\"}',1);
INSERT INTO `__PREFIX__subadmin2` (`code`, `country_code`, `subadmin1_code`, `name`, `active`) VALUES ('LC.05.110330000','LC','LC.05','{\"en\":\"Morne Panache\"}',1);
INSERT INTO `__PREFIX__subadmin2` (`code`, `country_code`, `subadmin1_code`, `name`, `active`) VALUES ('LC.06.120040100','LC','LC.06','{\"en\":\"Beausejour/Fostin\'S Development\"}',1);
INSERT INTO `__PREFIX__subadmin2` (`code`, `country_code`, `subadmin1_code`, `name`, `active`) VALUES ('LC.05.110140000','LC','LC.05','{\"en\":\"Derniere Riviere\"}',1);
INSERT INTO `__PREFIX__subadmin2` (`code`, `country_code`, `subadmin1_code`, `name`, `active`) VALUES ('LC.05.110140100','LC','LC.05','{\"en\":\"Derniere Riviere/Morne Panache\"}',1);
INSERT INTO `__PREFIX__subadmin2` (`code`, `country_code`, `subadmin1_code`, `name`, `active`) VALUES ('LC.05.110150000','LC','LC.05','{\"en\":\"Despinoze\"}',1);
INSERT INTO `__PREFIX__subadmin2` (`code`, `country_code`, `subadmin1_code`, `name`, `active`) VALUES ('LC.06.120100100','LC','LC.06','{\"en\":\"Bonneterre Gardens\"}',1);
INSERT INTO `__PREFIX__subadmin2` (`code`, `country_code`, `subadmin1_code`, `name`, `active`) VALUES ('LC.05.110190000','LC','LC.05','{\"en\":\"Fond D\'Or\"}',1);
INSERT INTO `__PREFIX__subadmin2` (`code`, `country_code`, `subadmin1_code`, `name`, `active`) VALUES ('LC.05.110230000','LC','LC.05','{\"en\":\"Glavier\"}',1);
INSERT INTO `__PREFIX__subadmin2` (`code`, `country_code`, `subadmin1_code`, `name`, `active`) VALUES ('LC.07.80060000','LC','LC.07','{\"en\":\"Banse La Grace\"}',1);
INSERT INTO `__PREFIX__subadmin2` (`code`, `country_code`, `subadmin1_code`, `name`, `active`) VALUES ('LC.05.110360000','LC','LC.05','{\"en\":\"Pascal\"}',1);
INSERT INTO `__PREFIX__subadmin2` (`code`, `country_code`, `subadmin1_code`, `name`, `active`) VALUES ('LC.05.110380000','LC','LC.05','{\"en\":\"St. Joseph Estate\"}',1);
INSERT INTO `__PREFIX__subadmin2` (`code`, `country_code`, `subadmin1_code`, `name`, `active`) VALUES ('LC.05.110270000','LC','LC.05','{\"en\":\"La Caye\"}',1);
INSERT INTO `__PREFIX__subadmin2` (`code`, `country_code`, `subadmin1_code`, `name`, `active`) VALUES ('LC.05.110290000','LC','LC.05','{\"en\":\"La Ressource\"}',1);
INSERT INTO `__PREFIX__subadmin2` (`code`, `country_code`, `subadmin1_code`, `name`, `active`) VALUES ('LC.06.120020100','LC','LC.06','{\"en\":\"Paix Bouche\"}',1);
INSERT INTO `__PREFIX__subadmin2` (`code`, `country_code`, `subadmin1_code`, `name`, `active`) VALUES ('LC.06.120170100','LC','LC.06','{\"en\":\"Corinth Estate\"}',1);
INSERT INTO `__PREFIX__subadmin2` (`code`, `country_code`, `subadmin1_code`, `name`, `active`) VALUES ('LC.05.110400000','LC','LC.05','{\"en\":\"Dennery Village\"}',1);
INSERT INTO `__PREFIX__subadmin2` (`code`, `country_code`, `subadmin1_code`, `name`, `active`) VALUES ('LC.09.60480000','LC','LC.09','{\"en\":\"Toraille\"}',1);
INSERT INTO `__PREFIX__subadmin2` (`code`, `country_code`, `subadmin1_code`, `name`, `active`) VALUES ('LC.05.110401800','LC','LC.05','{\"en\":\"La Pointe\"}',1);
INSERT INTO `__PREFIX__subadmin2` (`code`, `country_code`, `subadmin1_code`, `name`, `active`) VALUES ('LC.09.60530000','LC','LC.09','{\"en\":\"Zenon\"}',1);
INSERT INTO `__PREFIX__subadmin2` (`code`, `country_code`, `subadmin1_code`, `name`, `active`) VALUES ('LC.05.110440000','LC','LC.05','{\"en\":\"Mandele\"}',1);
INSERT INTO `__PREFIX__subadmin2` (`code`, `country_code`, `subadmin1_code`, `name`, `active`) VALUES ('LC.06.120010000','LC','LC.06','{\"en\":\"Americ\"}',1);
INSERT INTO `__PREFIX__subadmin2` (`code`, `country_code`, `subadmin1_code`, `name`, `active`) VALUES ('LC.06.120040000','LC','LC.06','{\"en\":\"Beausejour\"}',1);
INSERT INTO `__PREFIX__subadmin2` (`code`, `country_code`, `subadmin1_code`, `name`, `active`) VALUES ('LC.06.120040200','LC','LC.06','{\"en\":\"Beausejour/Ndc\"}',1);
INSERT INTO `__PREFIX__subadmin2` (`code`, `country_code`, `subadmin1_code`, `name`, `active`) VALUES ('LC.06.120050000','LC','LC.06','{\"en\":\"Bella Rosa\"}',1);
INSERT INTO `__PREFIX__subadmin2` (`code`, `country_code`, `subadmin1_code`, `name`, `active`) VALUES ('LC.06.120100000','LC','LC.06','{\"en\":\"Bonneterre\"}',1);
INSERT INTO `__PREFIX__subadmin2` (`code`, `country_code`, `subadmin1_code`, `name`, `active`) VALUES ('LC.06.120120000','LC','LC.06','{\"en\":\"Caye Manje\'\"}',1);
INSERT INTO `__PREFIX__subadmin2` (`code`, `country_code`, `subadmin1_code`, `name`, `active`) VALUES ('LC.06.120130100','LC','LC.06','{\"en\":\"Cap Estate/Anse Du Cap\"}',1);
INSERT INTO `__PREFIX__subadmin2` (`code`, `country_code`, `subadmin1_code`, `name`, `active`) VALUES ('LC.09.60550000','LC','LC.09','{\"en\":\"La Haut\"}',1);
INSERT INTO `__PREFIX__subadmin2` (`code`, `country_code`, `subadmin1_code`, `name`, `active`) VALUES ('LC.06.120130200','LC','LC.06','{\"en\":\"Cap Estate/Saddlec Back\"}',1);
INSERT INTO `__PREFIX__subadmin2` (`code`, `country_code`, `subadmin1_code`, `name`, `active`) VALUES ('LC.06.120131000','LC','LC.06','{\"en\":\"Cap Estate/Becune Park\"}',1);
INSERT INTO `__PREFIX__subadmin2` (`code`, `country_code`, `subadmin1_code`, `name`, `active`) VALUES ('LC.09.60570000','LC','LC.09','{\"en\":\"Terre Blanche\"}',1);
INSERT INTO `__PREFIX__subadmin2` (`code`, `country_code`, `subadmin1_code`, `name`, `active`) VALUES ('LC.06.120130300','LC','LC.06','{\"en\":\"Cap Estate/Lower Saline Point\"}',1);
INSERT INTO `__PREFIX__subadmin2` (`code`, `country_code`, `subadmin1_code`, `name`, `active`) VALUES ('LC.06.120130400','LC','LC.06','{\"en\":\"Cap Estate/Upper Saline Point\"}',1);
INSERT INTO `__PREFIX__subadmin2` (`code`, `country_code`, `subadmin1_code`, `name`, `active`) VALUES ('LC.06.120230800','LC','LC.06','{\"en\":\"Grande Riviere/White Rock\"}',1);
INSERT INTO `__PREFIX__subadmin2` (`code`, `country_code`, `subadmin1_code`, `name`, `active`) VALUES ('LC.09.60600000','LC','LC.09','{\"en\":\"Fond Gens Libre\"}',1);
INSERT INTO `__PREFIX__subadmin2` (`code`, `country_code`, `subadmin1_code`, `name`, `active`) VALUES ('LC.06.120130500','LC','LC.06','{\"en\":\"Cap Estate/Mon Du Cap\"}',1);
INSERT INTO `__PREFIX__subadmin2` (`code`, `country_code`, `subadmin1_code`, `name`, `active`) VALUES ('LC.06.120130800','LC','LC.06','{\"en\":\"Cap Estate/Golf Park\"}',1);
INSERT INTO `__PREFIX__subadmin2` (`code`, `country_code`, `subadmin1_code`, `name`, `active`) VALUES ('LC.06.120131100','LC','LC.06','{\"en\":\"Cap Estate/Becune Point\"}',1);
INSERT INTO `__PREFIX__subadmin2` (`code`, `country_code`, `subadmin1_code`, `name`, `active`) VALUES ('LC.06.120230900','LC','LC.06','{\"en\":\"Grande Riviere/Postlewaithe\"}',1);
INSERT INTO `__PREFIX__subadmin2` (`code`, `country_code`, `subadmin1_code`, `name`, `active`) VALUES ('LC.06.120170200','LC','LC.06','{\"en\":\"Corinth/La Bel Lair\"}',1);
INSERT INTO `__PREFIX__subadmin2` (`code`, `country_code`, `subadmin1_code`, `name`, `active`) VALUES ('LC.06.120270000','LC','LC.06','{\"en\":\"L\'Hermitage\"}',1);
INSERT INTO `__PREFIX__subadmin2` (`code`, `country_code`, `subadmin1_code`, `name`, `active`) VALUES ('LC.09.60310000','LC','LC.09','{\"en\":\"Coubaril Estate\"}',1);
INSERT INTO `__PREFIX__subadmin2` (`code`, `country_code`, `subadmin1_code`, `name`, `active`) VALUES ('LC.06.120230500','LC','LC.06','{\"en\":\"Grande Riviere/Morne Serpent\"}',1);
INSERT INTO `__PREFIX__subadmin2` (`code`, `country_code`, `subadmin1_code`, `name`, `active`) VALUES ('LC.06.120230100','LC','LC.06','{\"en\":\"Grande Riviere/Assou Canal\"}',1);
INSERT INTO `__PREFIX__subadmin2` (`code`, `country_code`, `subadmin1_code`, `name`, `active`) VALUES ('LC.06.120230200','LC','LC.06','{\"en\":\"Grande Riviere/Ingle Woods\"}',1);
INSERT INTO `__PREFIX__subadmin2` (`code`, `country_code`, `subadmin1_code`, `name`, `active`) VALUES ('LC.06.120230400','LC','LC.06','{\"en\":\"Grande Riviere/Morne Elwin\"}',1);
INSERT INTO `__PREFIX__subadmin2` (`code`, `country_code`, `subadmin1_code`, `name`, `active`) VALUES ('LC.06.120290200','LC','LC.06','{\"en\":\"Marisule/East Winds\"}',1);
INSERT INTO `__PREFIX__subadmin2` (`code`, `country_code`, `subadmin1_code`, `name`, `active`) VALUES ('LC.07.80070000','LC','LC.07','{\"en\":\"Fond Berange\"}',1);
INSERT INTO `__PREFIX__subadmin2` (`code`, `country_code`, `subadmin1_code`, `name`, `active`) VALUES ('LC.06.120331000','LC','LC.06','{\"en\":\"Monchy/Ravine Macock\"}',1);
INSERT INTO `__PREFIX__subadmin2` (`code`, `country_code`, `subadmin1_code`, `name`, `active`) VALUES ('LC.06.120230700','LC','LC.06','{\"en\":\"Grande Riviere/Piat\"}',1);
INSERT INTO `__PREFIX__subadmin2` (`code`, `country_code`, `subadmin1_code`, `name`, `active`) VALUES ('LC.06.120231000','LC','LC.06','{\"en\":\"Grande Riviere/Degazon\"}',1);
INSERT INTO `__PREFIX__subadmin2` (`code`, `country_code`, `subadmin1_code`, `name`, `active`) VALUES ('LC.06.120290300','LC','LC.06','{\"en\":\"Marisule/Top Of The World/Belle Ville\"}',1);
INSERT INTO `__PREFIX__subadmin2` (`code`, `country_code`, `subadmin1_code`, `name`, `active`) VALUES ('LC.06.120250000','LC','LC.06','{\"en\":\"La Croix Chabourgh\"}',1);
INSERT INTO `__PREFIX__subadmin2` (`code`, `country_code`, `subadmin1_code`, `name`, `active`) VALUES ('LC.06.120550000','LC','LC.06','{\"en\":\"Morne Citon\"}',1);
INSERT INTO `__PREFIX__subadmin2` (`code`, `country_code`, `subadmin1_code`, `name`, `active`) VALUES ('LC.06.120260000','LC','LC.06','{\"en\":\"La Guerre\"}',1);
INSERT INTO `__PREFIX__subadmin2` (`code`, `country_code`, `subadmin1_code`, `name`, `active`) VALUES ('LC.06.120290100','LC','LC.06','{\"en\":\"Marisule/Bon Air\"}',1);
INSERT INTO `__PREFIX__subadmin2` (`code`, `country_code`, `subadmin1_code`, `name`, `active`) VALUES ('LC.06.120290400','LC','LC.06','{\"en\":\"Marisule/La Brellotte\"}',1);
INSERT INTO `__PREFIX__subadmin2` (`code`, `country_code`, `subadmin1_code`, `name`, `active`) VALUES ('LC.06.120290500','LC','LC.06','{\"en\":\"Marisule/Top Of The World\"}',1);
INSERT INTO `__PREFIX__subadmin2` (`code`, `country_code`, `subadmin1_code`, `name`, `active`) VALUES ('LC.09.60660000','LC','LC.09','{\"en\":\"Cenac\"}',1);
INSERT INTO `__PREFIX__subadmin2` (`code`, `country_code`, `subadmin1_code`, `name`, `active`) VALUES ('LC.06.120310000','LC','LC.06','{\"en\":\"Massade\"}',1);
INSERT INTO `__PREFIX__subadmin2` (`code`, `country_code`, `subadmin1_code`, `name`, `active`) VALUES ('LC.06.120330900','LC','LC.06','{\"en\":\"Monchy/Moulin A Vent\"}',1);
INSERT INTO `__PREFIX__subadmin2` (`code`, `country_code`, `subadmin1_code`, `name`, `active`) VALUES ('LC.06.120330100','LC','LC.06','{\"en\":\"Monchy/Careffe\"}',1);
INSERT INTO `__PREFIX__subadmin2` (`code`, `country_code`, `subadmin1_code`, `name`, `active`) VALUES ('LC.06.120330200','LC','LC.06','{\"en\":\"Monchy/Cletus Village\"}',1);
INSERT INTO `__PREFIX__subadmin2` (`code`, `country_code`, `subadmin1_code`, `name`, `active`) VALUES ('LC.06.120330600','LC','LC.06','{\"en\":\"Monchy/La Retraite\"}',1);
INSERT INTO `__PREFIX__subadmin2` (`code`, `country_code`, `subadmin1_code`, `name`, `active`) VALUES ('LC.07.80080000','LC','LC.07','{\"en\":\"Bongalo\"}',1);
INSERT INTO `__PREFIX__subadmin2` (`code`, `country_code`, `subadmin1_code`, `name`, `active`) VALUES ('LC.06.120331201','LC','LC.06','{\"en\":\"Monchy/Vieux Sucreic/Careffe\"}',1);
INSERT INTO `__PREFIX__subadmin2` (`code`, `country_code`, `subadmin1_code`, `name`, `active`) VALUES ('LC.06.120410000','LC','LC.06','{\"en\":\"Plateau\"}',1);
INSERT INTO `__PREFIX__subadmin2` (`code`, `country_code`, `subadmin1_code`, `name`, `active`) VALUES ('LC.06.120460000','LC','LC.06','{\"en\":\"Rodney Heights\"}',1);
INSERT INTO `__PREFIX__subadmin2` (`code`, `country_code`, `subadmin1_code`, `name`, `active`) VALUES ('LC.06.120331100','LC','LC.06','{\"en\":\"Monchy/Ti Dauphin\"}',1);
INSERT INTO `__PREFIX__subadmin2` (`code`, `country_code`, `subadmin1_code`, `name`, `active`) VALUES ('LC.06.120331200','LC','LC.06','{\"en\":\"Monchy/Vieux Sucreic\"}',1);
INSERT INTO `__PREFIX__subadmin2` (`code`, `country_code`, `subadmin1_code`, `name`, `active`) VALUES ('LC.06.120331500','LC','LC.06','{\"en\":\"Monchy/Lawi Fwen\"}',1);
INSERT INTO `__PREFIX__subadmin2` (`code`, `country_code`, `subadmin1_code`, `name`, `active`) VALUES ('LC.06.120331202','LC','LC.06','{\"en\":\"Monchy/Vieux Sucreic/Bois D\'Inde\"}',1);
INSERT INTO `__PREFIX__subadmin2` (`code`, `country_code`, `subadmin1_code`, `name`, `active`) VALUES ('LC.06.120340000','LC','LC.06','{\"en\":\"Mongiraud\"}',1);
INSERT INTO `__PREFIX__subadmin2` (`code`, `country_code`, `subadmin1_code`, `name`, `active`) VALUES ('LC.06.120440200','LC','LC.06','{\"en\":\"Reduit Park\"}',1);
INSERT INTO `__PREFIX__subadmin2` (`code`, `country_code`, `subadmin1_code`, `name`, `active`) VALUES ('LC.06.120331400','LC','LC.06','{\"en\":\"Monchy/Cardinal\"}',1);
INSERT INTO `__PREFIX__subadmin2` (`code`, `country_code`, `subadmin1_code`, `name`, `active`) VALUES ('LC.06.120350000','LC','LC.06','{\"en\":\"Monier\"}',1);
INSERT INTO `__PREFIX__subadmin2` (`code`, `country_code`, `subadmin1_code`, `name`, `active`) VALUES ('LC.06.120520300','LC','LC.06','{\"en\":\"Union Terrace\"}',1);
INSERT INTO `__PREFIX__subadmin2` (`code`, `country_code`, `subadmin1_code`, `name`, `active`) VALUES ('LC.06.120440000','LC','LC.06','{\"en\":\"Reduit\"}',1);
INSERT INTO `__PREFIX__subadmin2` (`code`, `country_code`, `subadmin1_code`, `name`, `active`) VALUES ('LC.06.120440100','LC','LC.06','{\"en\":\"Reduit Orchard\"}',1);
INSERT INTO `__PREFIX__subadmin2` (`code`, `country_code`, `subadmin1_code`, `name`, `active`) VALUES ('LC.09.60450000','LC','LC.09','{\"en\":\"St Phillip\"}',1);
INSERT INTO `__PREFIX__subadmin2` (`code`, `country_code`, `subadmin1_code`, `name`, `active`) VALUES ('LC.06.120500000','LC','LC.06','{\"en\":\"Gros Islet Town\"}',1);
INSERT INTO `__PREFIX__subadmin2` (`code`, `country_code`, `subadmin1_code`, `name`, `active`) VALUES ('LC.06.120501100','LC','LC.06','{\"en\":\"Gros Islet/Edge Water\"}',1);
INSERT INTO `__PREFIX__subadmin2` (`code`, `country_code`, `subadmin1_code`, `name`, `active`) VALUES ('LC.06.120530100','LC','LC.06','{\"en\":\"Belle Vue Estate\"}',1);
INSERT INTO `__PREFIX__subadmin2` (`code`, `country_code`, `subadmin1_code`, `name`, `active`) VALUES ('LC.06.120520400','LC','LC.06','{\"en\":\"Union/Ti Morne\"}',1);
INSERT INTO `__PREFIX__subadmin2` (`code`, `country_code`, `subadmin1_code`, `name`, `active`) VALUES ('LC.06.120530000','LC','LC.06','{\"en\":\"Belle Vue\"}',1);
INSERT INTO `__PREFIX__subadmin2` (`code`, `country_code`, `subadmin1_code`, `name`, `active`) VALUES ('LC.07.80020000','LC','LC.07','{\"en\":\"Beyar\"}',1);
INSERT INTO `__PREFIX__subadmin2` (`code`, `country_code`, `subadmin1_code`, `name`, `active`) VALUES ('LC.09.60340000','LC','LC.09','{\"en\":\"New Development\"}',1);
INSERT INTO `__PREFIX__subadmin2` (`code`, `country_code`, `subadmin1_code`, `name`, `active`) VALUES ('LC.07.80030100','LC','LC.07','{\"en\":\"Balca/En Leur Ba\"}',1);
INSERT INTO `__PREFIX__subadmin2` (`code`, `country_code`, `subadmin1_code`, `name`, `active`) VALUES ('LC.07.80030000','LC','LC.07','{\"en\":\"Balca\"}',1);
INSERT INTO `__PREFIX__subadmin2` (`code`, `country_code`, `subadmin1_code`, `name`, `active`) VALUES ('LC.07.80040000','LC','LC.07','{\"en\":\"Balembouche\"}',1);
INSERT INTO `__PREFIX__subadmin2` (`code`, `country_code`, `subadmin1_code`, `name`, `active`) VALUES ('LC.07.80110000','LC','LC.07','{\"en\":\"Daban\"}',1);
INSERT INTO `__PREFIX__subadmin2` (`code`, `country_code`, `subadmin1_code`, `name`, `active`) VALUES ('LC.07.80110100','LC','LC.07','{\"en\":\"Warwick/Daban\"}',1);
INSERT INTO `__PREFIX__subadmin2` (`code`, `country_code`, `subadmin1_code`, `name`, `active`) VALUES ('LC.08.100090500','LC','LC.08','{\"en\":\"Lezy\"}',1);
INSERT INTO `__PREFIX__subadmin2` (`code`, `country_code`, `subadmin1_code`, `name`, `active`) VALUES ('LC.07.80130000','LC','LC.07','{\"en\":\"Gentil\"}',1);
INSERT INTO `__PREFIX__subadmin2` (`code`, `country_code`, `subadmin1_code`, `name`, `active`) VALUES ('LC.07.80120000','LC','LC.07','{\"en\":\"Gayabois\"}',1);
INSERT INTO `__PREFIX__subadmin2` (`code`, `country_code`, `subadmin1_code`, `name`, `active`) VALUES ('LC.09.60320000','LC','LC.09','{\"en\":\"Morne La Croix\"}',1);
INSERT INTO `__PREFIX__subadmin2` (`code`, `country_code`, `subadmin1_code`, `name`, `active`) VALUES ('LC.08.100090600','LC','LC.08','{\"en\":\"Morne Vient\"}',1);
INSERT INTO `__PREFIX__subadmin2` (`code`, `country_code`, `subadmin1_code`, `name`, `active`) VALUES ('LC.07.80150000','LC','LC.07','{\"en\":\"Giraud\"}',1);
INSERT INTO `__PREFIX__subadmin2` (`code`, `country_code`, `subadmin1_code`, `name`, `active`) VALUES ('LC.07.80220000','LC','LC.07','{\"en\":\"La Haut\"}',1);
INSERT INTO `__PREFIX__subadmin2` (`code`, `country_code`, `subadmin1_code`, `name`, `active`) VALUES ('LC.07.80230000','LC','LC.07','{\"en\":\"La Perle\"}',1);
INSERT INTO `__PREFIX__subadmin2` (`code`, `country_code`, `subadmin1_code`, `name`, `active`) VALUES ('LC.08.100310000','LC','LC.08','{\"en\":\"La Tille\"}',1);
INSERT INTO `__PREFIX__subadmin2` (`code`, `country_code`, `subadmin1_code`, `name`, `active`) VALUES ('LC.07.80250000','LC','LC.07','{\"en\":\"Londonderry\"}',1);
INSERT INTO `__PREFIX__subadmin2` (`code`, `country_code`, `subadmin1_code`, `name`, `active`) VALUES ('LC.07.80330000','LC','LC.07','{\"en\":\"Piaye\"}',1);
INSERT INTO `__PREFIX__subadmin2` (`code`, `country_code`, `subadmin1_code`, `name`, `active`) VALUES ('LC.07.80390000','LC','LC.07','{\"en\":\"Tete Morne\"}',1);
INSERT INTO `__PREFIX__subadmin2` (`code`, `country_code`, `subadmin1_code`, `name`, `active`) VALUES ('LC.07.80270000','LC','LC.07','{\"en\":\"Morne Gomier\"}',1);
INSERT INTO `__PREFIX__subadmin2` (`code`, `country_code`, `subadmin1_code`, `name`, `active`) VALUES ('LC.08.100660000','LC','LC.08','{\"en\":\"La Haut\"}',1);
INSERT INTO `__PREFIX__subadmin2` (`code`, `country_code`, `subadmin1_code`, `name`, `active`) VALUES ('LC.10.90030200','LC','LC.10','{\"en\":\"Anse De Sables/Beane Field\"}',1);
INSERT INTO `__PREFIX__subadmin2` (`code`, `country_code`, `subadmin1_code`, `name`, `active`) VALUES ('LC.07.80290000','LC','LC.07','{\"en\":\"Morne Lezard Estate\"}',1);
INSERT INTO `__PREFIX__subadmin2` (`code`, `country_code`, `subadmin1_code`, `name`, `active`) VALUES ('LC.07.80300000','LC','LC.07','{\"en\":\"Morne Paul\"}',1);
INSERT INTO `__PREFIX__subadmin2` (`code`, `country_code`, `subadmin1_code`, `name`, `active`) VALUES ('LC.07.80310000','LC','LC.07','{\"en\":\"Olibo\"}',1);
INSERT INTO `__PREFIX__subadmin2` (`code`, `country_code`, `subadmin1_code`, `name`, `active`) VALUES ('LC.08.100070000','LC','LC.08','{\"en\":\"Catter Beaufond\"}',1);
INSERT INTO `__PREFIX__subadmin2` (`code`, `country_code`, `subadmin1_code`, `name`, `active`) VALUES ('LC.07.80320000','LC','LC.07','{\"en\":\"Parc Estate\"}',1);
INSERT INTO `__PREFIX__subadmin2` (`code`, `country_code`, `subadmin1_code`, `name`, `active`) VALUES ('LC.08.100690000','LC','LC.08','{\"en\":\"La Gwen Ba\"}',1);
INSERT INTO `__PREFIX__subadmin2` (`code`, `country_code`, `subadmin1_code`, `name`, `active`) VALUES ('LC.08.100700000','LC','LC.08','{\"en\":\"La Croix\"}',1);
INSERT INTO `__PREFIX__subadmin2` (`code`, `country_code`, `subadmin1_code`, `name`, `active`) VALUES ('LC.08.100710000','LC','LC.08','{\"en\":\"L\'Union\"}',1);
INSERT INTO `__PREFIX__subadmin2` (`code`, `country_code`, `subadmin1_code`, `name`, `active`) VALUES ('LC.08.100090400','LC','LC.08','{\"en\":\"Gouette\"}',1);
INSERT INTO `__PREFIX__subadmin2` (`code`, `country_code`, `subadmin1_code`, `name`, `active`) VALUES ('LC.08.100170400','LC','LC.08','{\"en\":\"Fond/Desruisseaux\"}',1);
INSERT INTO `__PREFIX__subadmin2` (`code`, `country_code`, `subadmin1_code`, `name`, `active`) VALUES ('LC.07.80410000','LC','LC.07','{\"en\":\"Village\"}',1);
INSERT INTO `__PREFIX__subadmin2` (`code`, `country_code`, `subadmin1_code`, `name`, `active`) VALUES ('LC.08.100010000','LC','LC.08','{\"en\":\"Anbre\"}',1);
INSERT INTO `__PREFIX__subadmin2` (`code`, `country_code`, `subadmin1_code`, `name`, `active`) VALUES ('LC.08.100090200','LC','LC.08','{\"en\":\"Chique/Blanchard\"}',1);
INSERT INTO `__PREFIX__subadmin2` (`code`, `country_code`, `subadmin1_code`, `name`, `active`) VALUES ('LC.08.100090300','LC','LC.08','{\"en\":\"Gomier\"}',1);
INSERT INTO `__PREFIX__subadmin2` (`code`, `country_code`, `subadmin1_code`, `name`, `active`) VALUES ('LC.09.60020000','LC','LC.09','{\"en\":\"Beasejour/Myers Bridge\"}',1);
INSERT INTO `__PREFIX__subadmin2` (`code`, `country_code`, `subadmin1_code`, `name`, `active`) VALUES ('LC.08.100130000','LC','LC.08','{\"en\":\"Carriere\"}',1);
INSERT INTO `__PREFIX__subadmin2` (`code`, `country_code`, `subadmin1_code`, `name`, `active`) VALUES ('LC.09.60030000','LC','LC.09','{\"en\":\"Bellefond\"}',1);
INSERT INTO `__PREFIX__subadmin2` (`code`, `country_code`, `subadmin1_code`, `name`, `active`) VALUES ('LC.08.100260000','LC','LC.08','{\"en\":\"Galba\"}',1);
INSERT INTO `__PREFIX__subadmin2` (`code`, `country_code`, `subadmin1_code`, `name`, `active`) VALUES ('LC.08.100280000','LC','LC.08','{\"en\":\"La Courville\"}',1);
INSERT INTO `__PREFIX__subadmin2` (`code`, `country_code`, `subadmin1_code`, `name`, `active`) VALUES ('LC.08.100290000','LC','LC.08','{\"en\":\"La Fille\"}',1);
INSERT INTO `__PREFIX__subadmin2` (`code`, `country_code`, `subadmin1_code`, `name`, `active`) VALUES ('LC.08.100300000','LC','LC.08','{\"en\":\"La Pointe\"}',1);
INSERT INTO `__PREFIX__subadmin2` (`code`, `country_code`, `subadmin1_code`, `name`, `active`) VALUES ('LC.09.60050000','LC','LC.09','{\"en\":\"Belvedere\"}',1);
INSERT INTO `__PREFIX__subadmin2` (`code`, `country_code`, `subadmin1_code`, `name`, `active`) VALUES ('LC.09.60060000','LC','LC.09','{\"en\":\"Bois D\'Inde\"}',1);
INSERT INTO `__PREFIX__subadmin2` (`code`, `country_code`, `subadmin1_code`, `name`, `active`) VALUES ('LC.08.100410000','LC','LC.08','{\"en\":\"New Village\"}',1);
INSERT INTO `__PREFIX__subadmin2` (`code`, `country_code`, `subadmin1_code`, `name`, `active`) VALUES ('LC.08.100340000','LC','LC.08','{\"en\":\"Mahaut\"}',1);
INSERT INTO `__PREFIX__subadmin2` (`code`, `country_code`, `subadmin1_code`, `name`, `active`) VALUES ('LC.09.60090000','LC','LC.09','{\"en\":\"Calvary/Calvaire\"}',1);
INSERT INTO `__PREFIX__subadmin2` (`code`, `country_code`, `subadmin1_code`, `name`, `active`) VALUES ('LC.09.60110000','LC','LC.09','{\"en\":\"Colombette\"}',1);
INSERT INTO `__PREFIX__subadmin2` (`code`, `country_code`, `subadmin1_code`, `name`, `active`) VALUES ('LC.08.100520000','LC','LC.08','{\"en\":\"Ti Riviere\"}',1);
INSERT INTO `__PREFIX__subadmin2` (`code`, `country_code`, `subadmin1_code`, `name`, `active`) VALUES ('LC.09.60180000','LC','LC.09','{\"en\":\"Fond Bernier\"}',1);
INSERT INTO `__PREFIX__subadmin2` (`code`, `country_code`, `subadmin1_code`, `name`, `active`) VALUES ('LC.08.100530200','LC','LC.08','{\"en\":\"Des Blanchard\"}',1);
INSERT INTO `__PREFIX__subadmin2` (`code`, `country_code`, `subadmin1_code`, `name`, `active`) VALUES ('LC.09.60190000','LC','LC.09','{\"en\":\"Fond Cacoa\"}',1);
INSERT INTO `__PREFIX__subadmin2` (`code`, `country_code`, `subadmin1_code`, `name`, `active`) VALUES ('LC.08.100530400','LC','LC.08','{\"en\":\"Paix Bouche\"}',1);
INSERT INTO `__PREFIX__subadmin2` (`code`, `country_code`, `subadmin1_code`, `name`, `active`) VALUES ('LC.08.100530600','LC','LC.08','{\"en\":\"Tou Cochan/Ti Rocher\"}',1);
INSERT INTO `__PREFIX__subadmin2` (`code`, `country_code`, `subadmin1_code`, `name`, `active`) VALUES ('LC.08.100580000','LC','LC.08','{\"en\":\"Volet\"}',1);
INSERT INTO `__PREFIX__subadmin2` (`code`, `country_code`, `subadmin1_code`, `name`, `active`) VALUES ('LC.08.100600000','LC','LC.08','{\"en\":\"Rameau\"}',1);
INSERT INTO `__PREFIX__subadmin2` (`code`, `country_code`, `subadmin1_code`, `name`, `active`) VALUES ('LC.09.60140000','LC','LC.09','{\"en\":\"Deville\"}',1);
INSERT INTO `__PREFIX__subadmin2` (`code`, `country_code`, `subadmin1_code`, `name`, `active`) VALUES ('LC.09.60150000','LC','LC.09','{\"en\":\"Diamond/Diamond Estate\"}',1);
INSERT INTO `__PREFIX__subadmin2` (`code`, `country_code`, `subadmin1_code`, `name`, `active`) VALUES ('LC.09.60160000','LC','LC.09','{\"en\":\"Esperance\"}',1);
INSERT INTO `__PREFIX__subadmin2` (`code`, `country_code`, `subadmin1_code`, `name`, `active`) VALUES ('LC.09.60170000','LC','LC.09','{\"en\":\"Etangs\"}',1);
INSERT INTO `__PREFIX__subadmin2` (`code`, `country_code`, `subadmin1_code`, `name`, `active`) VALUES ('LC.09.60260100','LC','LC.09','{\"en\":\"Plat Pays\"}',1);
INSERT INTO `__PREFIX__subadmin2` (`code`, `country_code`, `subadmin1_code`, `name`, `active`) VALUES ('LC.09.60230000','LC','LC.09','{\"en\":\"Jalousie\"}',1);
INSERT INTO `__PREFIX__subadmin2` (`code`, `country_code`, `subadmin1_code`, `name`, `active`) VALUES ('LC.09.60240000','LC','LC.09','{\"en\":\"La Pearle\"}',1);
INSERT INTO `__PREFIX__subadmin2` (`code`, `country_code`, `subadmin1_code`, `name`, `active`) VALUES ('LC.09.60670000','LC','LC.09','{\"en\":\"Descolons\"}',1);
INSERT INTO `__PREFIX__subadmin2` (`code`, `country_code`, `subadmin1_code`, `name`, `active`) VALUES ('LC.09.60700000','LC','LC.09','{\"en\":\"Mal Maison\"}',1);
INSERT INTO `__PREFIX__subadmin2` (`code`, `country_code`, `subadmin1_code`, `name`, `active`) VALUES ('LC.09.60260000','LC','LC.09','{\"en\":\"Malgretoute\"}',1);
INSERT INTO `__PREFIX__subadmin2` (`code`, `country_code`, `subadmin1_code`, `name`, `active`) VALUES ('LC.09.60350000','LC','LC.09','{\"en\":\"Palmiste\"}',1);
INSERT INTO `__PREFIX__subadmin2` (`code`, `country_code`, `subadmin1_code`, `name`, `active`) VALUES ('LC.09.60390000','LC','LC.09','{\"en\":\"Ravine Claire\"}',1);
INSERT INTO `__PREFIX__subadmin2` (`code`, `country_code`, `subadmin1_code`, `name`, `active`) VALUES ('LC.09.60490000','LC','LC.09','{\"en\":\"Town\"}',1);
INSERT INTO `__PREFIX__subadmin2` (`code`, `country_code`, `subadmin1_code`, `name`, `active`) VALUES ('LC.09.60490100','LC','LC.09','{\"en\":\"Barons Drive/Coin De L\'Anse\"}',1);
INSERT INTO `__PREFIX__subadmin2` (`code`, `country_code`, `subadmin1_code`, `name`, `active`) VALUES ('LC.09.60490700','LC','LC.09','{\"en\":\"Lenny Hill\"}',1);
INSERT INTO `__PREFIX__subadmin2` (`code`, `country_code`, `subadmin1_code`, `name`, `active`) VALUES ('LC.09.60500000','LC','LC.09','{\"en\":\"Union Vale\"}',1);
INSERT INTO `__PREFIX__subadmin2` (`code`, `country_code`, `subadmin1_code`, `name`, `active`) VALUES ('LC.10.90050000','LC','LC.10','{\"en\":\"Belle Vue\"}',1);
INSERT INTO `__PREFIX__subadmin2` (`code`, `country_code`, `subadmin1_code`, `name`, `active`) VALUES ('LC.10.90120000','LC','LC.10','{\"en\":\"Cocoa Dan\"}',1);
INSERT INTO `__PREFIX__subadmin2` (`code`, `country_code`, `subadmin1_code`, `name`, `active`) VALUES ('LC.10.90010500','LC','LC.10','{\"en\":\"Obrier\"}',1);
INSERT INTO `__PREFIX__subadmin2` (`code`, `country_code`, `subadmin1_code`, `name`, `active`) VALUES ('LC.09.60680000','LC','LC.09','{\"en\":\"Gros Piton\"}',1);
INSERT INTO `__PREFIX__subadmin2` (`code`, `country_code`, `subadmin1_code`, `name`, `active`) VALUES ('LC.10.90010000','LC','LC.10','{\"en\":\"Augier\"}',1);
INSERT INTO `__PREFIX__subadmin2` (`code`, `country_code`, `subadmin1_code`, `name`, `active`) VALUES ('LC.10.90010300','LC','LC.10','{\"en\":\"Derierre Bois\"}',1);
INSERT INTO `__PREFIX__subadmin2` (`code`, `country_code`, `subadmin1_code`, `name`, `active`) VALUES ('LC.10.90100000','LC','LC.10','{\"en\":\"Carierre\"}',1);
INSERT INTO `__PREFIX__subadmin2` (`code`, `country_code`, `subadmin1_code`, `name`, `active`) VALUES ('LC.10.90130000','LC','LC.10','{\"en\":\"Coolie Town\"}',1);
INSERT INTO `__PREFIX__subadmin2` (`code`, `country_code`, `subadmin1_code`, `name`, `active`) VALUES ('LC.10.90030000','LC','LC.10','{\"en\":\"Beane Field\"}',1);
INSERT INTO `__PREFIX__subadmin2` (`code`, `country_code`, `subadmin1_code`, `name`, `active`) VALUES ('LC.10.90040000','LC','LC.10','{\"en\":\"Beausejour\"}',1);
INSERT INTO `__PREFIX__subadmin2` (`code`, `country_code`, `subadmin1_code`, `name`, `active`) VALUES ('LC.10.90090000','LC','LC.10','{\"en\":\"Cantonement\"}',1);
INSERT INTO `__PREFIX__subadmin2` (`code`, `country_code`, `subadmin1_code`, `name`, `active`) VALUES ('LC.10.90170000','LC','LC.10','{\"en\":\"Esperance\"}',1);
INSERT INTO `__PREFIX__subadmin2` (`code`, `country_code`, `subadmin1_code`, `name`, `active`) VALUES ('LC.10.90180000','LC','LC.10','{\"en\":\"Fond Sabot\"}',1);
INSERT INTO `__PREFIX__subadmin2` (`code`, `country_code`, `subadmin1_code`, `name`, `active`) VALUES ('LC.10.90140000','LC','LC.10','{\"en\":\"De Mailly\"}',1);
INSERT INTO `__PREFIX__subadmin2` (`code`, `country_code`, `subadmin1_code`, `name`, `active`) VALUES ('LC.10.90150000','LC','LC.10','{\"en\":\"Derierre Morne\"}',1);
INSERT INTO `__PREFIX__subadmin2` (`code`, `country_code`, `subadmin1_code`, `name`, `active`) VALUES ('LC.10.90220000','LC','LC.10','{\"en\":\"Hope Estate\"}',1);
INSERT INTO `__PREFIX__subadmin2` (`code`, `country_code`, `subadmin1_code`, `name`, `active`) VALUES ('LC.10.90240000','LC','LC.10','{\"en\":\"Hewanorra Orchard\"}',1);
INSERT INTO `__PREFIX__subadmin2` (`code`, `country_code`, `subadmin1_code`, `name`, `active`) VALUES ('LC.10.90250000','LC','LC.10','{\"en\":\"Joyeux\"}',1);
INSERT INTO `__PREFIX__subadmin2` (`code`, `country_code`, `subadmin1_code`, `name`, `active`) VALUES ('LC.10.90260100','LC','LC.10','{\"en\":\"Docamel/La Resource\"}',1);
INSERT INTO `__PREFIX__subadmin2` (`code`, `country_code`, `subadmin1_code`, `name`, `active`) VALUES ('LC.10.90370000','LC','LC.10','{\"en\":\"Plut\"}',1);
INSERT INTO `__PREFIX__subadmin2` (`code`, `country_code`, `subadmin1_code`, `name`, `active`) VALUES ('LC.10.90190000','LC','LC.10','{\"en\":\"Grace\"}',1);
INSERT INTO `__PREFIX__subadmin2` (`code`, `country_code`, `subadmin1_code`, `name`, `active`) VALUES ('LC.10.90280000','LC','LC.10','{\"en\":\"La Tourney/Cedar Heights\"}',1);
INSERT INTO `__PREFIX__subadmin2` (`code`, `country_code`, `subadmin1_code`, `name`, `active`) VALUES ('LC.10.90300000','LC','LC.10','{\"en\":\"Maganier\"}',1);
INSERT INTO `__PREFIX__subadmin2` (`code`, `country_code`, `subadmin1_code`, `name`, `active`) VALUES ('LC.10.90330000','LC','LC.10','{\"en\":\"Morne Cayenne\"}',1);
INSERT INTO `__PREFIX__subadmin2` (`code`, `country_code`, `subadmin1_code`, `name`, `active`) VALUES ('LC.10.90400000','LC','LC.10','{\"en\":\"Bruceville/Shanty Town\"}',1);
INSERT INTO `__PREFIX__subadmin2` (`code`, `country_code`, `subadmin1_code`, `name`, `active`) VALUES ('LC.10.90340000','LC','LC.10','{\"en\":\"Morne Vert\"}',1);
INSERT INTO `__PREFIX__subadmin2` (`code`, `country_code`, `subadmin1_code`, `name`, `active`) VALUES ('LC.10.90360000','LC','LC.10','{\"en\":\"Pierrot\"}',1);
INSERT INTO `__PREFIX__subadmin2` (`code`, `country_code`, `subadmin1_code`, `name`, `active`) VALUES ('LC.10.90360100','LC','LC.10','{\"en\":\"Tete Morne/Morne Andrew\"}',1);
INSERT INTO `__PREFIX__subadmin2` (`code`, `country_code`, `subadmin1_code`, `name`, `active`) VALUES ('LC.10.90380000','LC','LC.10','{\"en\":\"Pomme\"}',1);
INSERT INTO `__PREFIX__subadmin2` (`code`, `country_code`, `subadmin1_code`, `name`, `active`) VALUES ('LC.10.90410000','LC','LC.10','{\"en\":\"St Jude\'S Highway\"}',1);
INSERT INTO `__PREFIX__subadmin2` (`code`, `country_code`, `subadmin1_code`, `name`, `active`) VALUES ('LC.10.90430000','LC','LC.10','{\"en\":\"Town\"}',1);
INSERT INTO `__PREFIX__subadmin2` (`code`, `country_code`, `subadmin1_code`, `name`, `active`) VALUES ('LC.10.90440000','LC','LC.10','{\"en\":\"Vieux Fort/Laborie Highway\"}',1);
INSERT INTO `__PREFIX__subadmin2` (`code`, `country_code`, `subadmin1_code`, `name`, `active`) VALUES ('LC.10.90530000','LC','LC.10','{\"en\":\"Fond Capeche\"}',1);
/*!40000 ALTER TABLE `__PREFIX__subadmin2` ENABLE KEYS */;

--
-- Dumping data for table `__PREFIX__cities`
--

/*!40000 ALTER TABLE `__PREFIX__cities` DISABLE KEYS */;
INSERT INTO `__PREFIX__cities` (`country_code`, `name`, `longitude`, `latitude`, `feature_class`, `feature_code`, `subadmin1_code`, `subadmin2_code`, `population`, `time_zone`, `active`, `created_at`, `updated_at`) VALUES ('LC','{\"en\":\"Vieux Fort\"}',-60.95,13.72,'P','PPLA','LC.10','LC.10.90350000',4574,'America/St_Lucia',1,'2016-11-26 23:00:00','2016-11-26 23:00:00');
INSERT INTO `__PREFIX__cities` (`country_code`, `name`, `longitude`, `latitude`, `feature_class`, `feature_code`, `subadmin1_code`, `subadmin2_code`, `population`, `time_zone`, `active`, `created_at`, `updated_at`) VALUES ('LC','{\"en\":\"Soufrière\"}',-61.06,13.86,'P','PPLA','LC.09','LC.09.60490000',2918,'America/St_Lucia',1,'2016-11-26 23:00:00','2016-11-26 23:00:00');
INSERT INTO `__PREFIX__cities` (`country_code`, `name`, `longitude`, `latitude`, `feature_class`, `feature_code`, `subadmin1_code`, `subadmin2_code`, `population`, `time_zone`, `active`, `created_at`, `updated_at`) VALUES ('LC','{\"en\":\"Micoud\"}',-60.90,13.82,'P','PPLA','LC.08','LC.08.100570000',3406,'America/St_Lucia',1,'2016-11-26 23:00:00','2016-11-26 23:00:00');
INSERT INTO `__PREFIX__cities` (`country_code`, `name`, `longitude`, `latitude`, `feature_class`, `feature_code`, `subadmin1_code`, `subadmin2_code`, `population`, `time_zone`, `active`, `created_at`, `updated_at`) VALUES ('LC','{\"en\":\"Laborie\"}',-60.98,13.75,'P','PPLA','LC.07','LC.07.80160000',1131,'America/St_Lucia',1,'2016-11-26 23:00:00','2016-11-26 23:00:00');
INSERT INTO `__PREFIX__cities` (`country_code`, `name`, `longitude`, `latitude`, `feature_class`, `feature_code`, `subadmin1_code`, `subadmin2_code`, `population`, `time_zone`, `active`, `created_at`, `updated_at`) VALUES ('LC','{\"en\":\"Gros Islet\"}',-60.95,14.07,'P','PPLA','LC.06','LC.06.120460000',2362,'America/St_Lucia',1,'2016-11-26 23:00:00','2016-11-26 23:00:00');
INSERT INTO `__PREFIX__cities` (`country_code`, `name`, `longitude`, `latitude`, `feature_class`, `feature_code`, `subadmin1_code`, `subadmin2_code`, `population`, `time_zone`, `active`, `created_at`, `updated_at`) VALUES ('LC','{\"en\":\"Dennery\"}',-60.89,13.91,'P','PPLA','LC.05','LC.05.110360000',2870,'America/St_Lucia',1,'2019-08-07 23:00:00','2019-08-07 23:00:00');
INSERT INTO `__PREFIX__cities` (`country_code`, `name`, `longitude`, `latitude`, `feature_class`, `feature_code`, `subadmin1_code`, `subadmin2_code`, `population`, `time_zone`, `active`, `created_at`, `updated_at`) VALUES ('LC','{\"en\":\"Choiseul\"}',-61.05,13.77,'P','PPLA','LC.04','LC.04.70180000',346,'America/St_Lucia',1,'2016-11-26 23:00:00','2016-11-26 23:00:00');
INSERT INTO `__PREFIX__cities` (`country_code`, `name`, `longitude`, `latitude`, `feature_class`, `feature_code`, `subadmin1_code`, `subadmin2_code`, `population`, `time_zone`, `active`, `created_at`, `updated_at`) VALUES ('LC','{\"en\":\"Castries\"}',-61.01,14.00,'P','PPLC','LC.03','LC.03.20230000',20000,'America/St_Lucia',1,'2019-09-04 23:00:00','2019-09-04 23:00:00');
INSERT INTO `__PREFIX__cities` (`country_code`, `name`, `longitude`, `latitude`, `feature_class`, `feature_code`, `subadmin1_code`, `subadmin2_code`, `population`, `time_zone`, `active`, `created_at`, `updated_at`) VALUES ('LC','{\"en\":\"Bisee\"}',-60.97,14.02,'P','PPLL','LC.03','LC.03.20120000',12980,'America/St_Lucia',1,'2018-10-04 23:00:00','2018-10-04 23:00:00');
INSERT INTO `__PREFIX__cities` (`country_code`, `name`, `longitude`, `latitude`, `feature_class`, `feature_code`, `subadmin1_code`, `subadmin2_code`, `population`, `time_zone`, `active`, `created_at`, `updated_at`) VALUES ('LC','{\"en\":\"Anse La Raye\"}',-61.04,13.95,'P','PPLA','LC.01','LC.01.40020000',1256,'America/St_Lucia',1,'2016-11-26 23:00:00','2016-11-26 23:00:00');
/*!40000 ALTER TABLE `__PREFIX__cities` ENABLE KEYS */;
/*!40103 SET TIME_ZONE=@OLD_TIME_ZONE */;

/*!40101 SET SQL_MODE=@OLD_SQL_MODE */;
/*!40014 SET FOREIGN_KEY_CHECKS=@OLD_FOREIGN_KEY_CHECKS */;
/*!40014 SET UNIQUE_CHECKS=@OLD_UNIQUE_CHECKS */;
/*!40101 SET CHARACTER_SET_CLIENT=@OLD_CHARACTER_SET_CLIENT */;
/*!40101 SET CHARACTER_SET_RESULTS=@OLD_CHARACTER_SET_RESULTS */;
/*!40101 SET COLLATION_CONNECTION=@OLD_COLLATION_CONNECTION */;
/*!40111 SET SQL_NOTES=@OLD_SQL_NOTES */;

-- Dump completed
