-- MySQL dump 10.13  Distrib 5.7.34, for osx10.12 (x86_64)
--
-- Host: 127.0.0.1    Database: laraclassifier
-- ------------------------------------------------------
-- Server version	5.7.34

/*!40101 SET @OLD_CHARACTER_SET_CLIENT=@@CHARACTER_SET_CLIENT */;
/*!40101 SET @OLD_CHARACTER_SET_RESULTS=@@CHARACTER_SET_RESULTS */;
/*!40101 SET @OLD_COLLATION_CONNECTION=@@COLLATION_CONNECTION */;
/*!40101 SET NAMES utf8 */;
/*!40103 SET @OLD_TIME_ZONE=@@TIME_ZONE */;
/*!40103 SET TIME_ZONE='+00:00' */;
/*!40014 SET @OLD_UNIQUE_CHECKS=@@UNIQUE_CHECKS, UNIQUE_CHECKS=0 */;
/*!40014 SET @OLD_FOREIGN_KEY_CHECKS=@@FOREIGN_KEY_CHECKS, FOREIGN_KEY_CHECKS=0 */;
/*!40101 SET @OLD_SQL_MODE=@@SQL_MODE, SQL_MODE='NO_AUTO_VALUE_ON_ZERO' */;
/*!40111 SET @OLD_SQL_NOTES=@@SQL_NOTES, SQL_NOTES=0 */;

--
-- Dumping data for table `__PREFIX__subadmin1`
--

/*!40000 ALTER TABLE `__PREFIX__subadmin1` DISABLE KEYS */;
INSERT INTO `__PREFIX__subadmin1` (`code`, `country_code`, `name`, `active`) VALUES ('LK.36','LK','{\"en\":\"Western\"}',1);
INSERT INTO `__PREFIX__subadmin1` (`code`, `country_code`, `name`, `active`) VALUES ('LK.35','LK','{\"en\":\"Uva\"}',1);
INSERT INTO `__PREFIX__subadmin1` (`code`, `country_code`, `name`, `active`) VALUES ('LK.34','LK','{\"en\":\"Southern\"}',1);
INSERT INTO `__PREFIX__subadmin1` (`code`, `country_code`, `name`, `active`) VALUES ('LK.33','LK','{\"en\":\"Sabaragamuwa\"}',1);
INSERT INTO `__PREFIX__subadmin1` (`code`, `country_code`, `name`, `active`) VALUES ('LK.32','LK','{\"en\":\"North Western\"}',1);
INSERT INTO `__PREFIX__subadmin1` (`code`, `country_code`, `name`, `active`) VALUES ('LK.30','LK','{\"en\":\"North Central\"}',1);
INSERT INTO `__PREFIX__subadmin1` (`code`, `country_code`, `name`, `active`) VALUES ('LK.29','LK','{\"en\":\"Central\"}',1);
INSERT INTO `__PREFIX__subadmin1` (`code`, `country_code`, `name`, `active`) VALUES ('LK.38','LK','{\"en\":\"Northern Province\"}',1);
INSERT INTO `__PREFIX__subadmin1` (`code`, `country_code`, `name`, `active`) VALUES ('LK.37','LK','{\"en\":\"Eastern Province\"}',1);
/*!40000 ALTER TABLE `__PREFIX__subadmin1` ENABLE KEYS */;

--
-- Dumping data for table `__PREFIX__subadmin2`
--

/*!40000 ALTER TABLE `__PREFIX__subadmin2` DISABLE KEYS */;
INSERT INTO `__PREFIX__subadmin2` (`code`, `country_code`, `subadmin1_code`, `name`, `active`) VALUES ('LK.38.43','LK','LK.38','{\"en\":\"Vavuniya District\"}',1);
INSERT INTO `__PREFIX__subadmin2` (`code`, `country_code`, `subadmin1_code`, `name`, `active`) VALUES ('LK.37.53','LK','LK.37','{\"en\":\"Trincomalee District\"}',1);
INSERT INTO `__PREFIX__subadmin2` (`code`, `country_code`, `subadmin1_code`, `name`, `active`) VALUES ('LK.33.91','LK','LK.33','{\"en\":\"Ratnapura District\"}',1);
INSERT INTO `__PREFIX__subadmin2` (`code`, `country_code`, `subadmin1_code`, `name`, `active`) VALUES ('LK.32.62','LK','LK.32','{\"en\":\"Puttalam District\"}',1);
INSERT INTO `__PREFIX__subadmin2` (`code`, `country_code`, `subadmin1_code`, `name`, `active`) VALUES ('LK.30.72','LK','LK.30','{\"en\":\"Polonnaruwa District\"}',1);
INSERT INTO `__PREFIX__subadmin2` (`code`, `country_code`, `subadmin1_code`, `name`, `active`) VALUES ('LK.29.23','LK','LK.29','{\"en\":\"Nuwara Eliya District\"}',1);
INSERT INTO `__PREFIX__subadmin2` (`code`, `country_code`, `subadmin1_code`, `name`, `active`) VALUES ('LK.38.44','LK','LK.38','{\"en\":\"Mullaitivu District\"}',1);
INSERT INTO `__PREFIX__subadmin2` (`code`, `country_code`, `subadmin1_code`, `name`, `active`) VALUES ('LK.35.82','LK','LK.35','{\"en\":\"Moneragala District\"}',1);
INSERT INTO `__PREFIX__subadmin2` (`code`, `country_code`, `subadmin1_code`, `name`, `active`) VALUES ('LK.34.32','LK','LK.34','{\"en\":\"Matara District\"}',1);
INSERT INTO `__PREFIX__subadmin2` (`code`, `country_code`, `subadmin1_code`, `name`, `active`) VALUES ('LK.29.22','LK','LK.29','{\"en\":\"Matale District\"}',1);
INSERT INTO `__PREFIX__subadmin2` (`code`, `country_code`, `subadmin1_code`, `name`, `active`) VALUES ('LK.38.42','LK','LK.38','{\"en\":\"Mannar District\"}',1);
INSERT INTO `__PREFIX__subadmin2` (`code`, `country_code`, `subadmin1_code`, `name`, `active`) VALUES ('LK.32.61','LK','LK.32','{\"en\":\"Kurunegala District\"}',1);
INSERT INTO `__PREFIX__subadmin2` (`code`, `country_code`, `subadmin1_code`, `name`, `active`) VALUES ('LK.38.45','LK','LK.38','{\"en\":\"Kilinochchi District\"}',1);
INSERT INTO `__PREFIX__subadmin2` (`code`, `country_code`, `subadmin1_code`, `name`, `active`) VALUES ('LK.33.92','LK','LK.33','{\"en\":\"Kegalle District\"}',1);
INSERT INTO `__PREFIX__subadmin2` (`code`, `country_code`, `subadmin1_code`, `name`, `active`) VALUES ('LK.29.21','LK','LK.29','{\"en\":\"Kandy District\"}',1);
INSERT INTO `__PREFIX__subadmin2` (`code`, `country_code`, `subadmin1_code`, `name`, `active`) VALUES ('LK.36.13','LK','LK.36','{\"en\":\"Kalutara District\"}',1);
INSERT INTO `__PREFIX__subadmin2` (`code`, `country_code`, `subadmin1_code`, `name`, `active`) VALUES ('LK.38.41','LK','LK.38','{\"en\":\"Jaffna District\"}',1);
INSERT INTO `__PREFIX__subadmin2` (`code`, `country_code`, `subadmin1_code`, `name`, `active`) VALUES ('LK.34.33','LK','LK.34','{\"en\":\"Hambantota District\"}',1);
INSERT INTO `__PREFIX__subadmin2` (`code`, `country_code`, `subadmin1_code`, `name`, `active`) VALUES ('LK.36.12','LK','LK.36','{\"en\":\"Gampaha District\"}',1);
INSERT INTO `__PREFIX__subadmin2` (`code`, `country_code`, `subadmin1_code`, `name`, `active`) VALUES ('LK.34.31','LK','LK.34','{\"en\":\"Galle District\"}',1);
INSERT INTO `__PREFIX__subadmin2` (`code`, `country_code`, `subadmin1_code`, `name`, `active`) VALUES ('LK.36.11','LK','LK.36','{\"en\":\"Colombo District\"}',1);
INSERT INTO `__PREFIX__subadmin2` (`code`, `country_code`, `subadmin1_code`, `name`, `active`) VALUES ('LK.37.51','LK','LK.37','{\"en\":\"Batticaloa District\"}',1);
INSERT INTO `__PREFIX__subadmin2` (`code`, `country_code`, `subadmin1_code`, `name`, `active`) VALUES ('LK.35.81','LK','LK.35','{\"en\":\"Badulla District\"}',1);
INSERT INTO `__PREFIX__subadmin2` (`code`, `country_code`, `subadmin1_code`, `name`, `active`) VALUES ('LK.30.71','LK','LK.30','{\"en\":\"Anuradhapura District\"}',1);
INSERT INTO `__PREFIX__subadmin2` (`code`, `country_code`, `subadmin1_code`, `name`, `active`) VALUES ('LK.37.52','LK','LK.37','{\"en\":\"Ampara District\"}',1);
/*!40000 ALTER TABLE `__PREFIX__subadmin2` ENABLE KEYS */;

--
-- Dumping data for table `__PREFIX__cities`
--

/*!40000 ALTER TABLE `__PREFIX__cities` DISABLE KEYS */;
INSERT INTO `__PREFIX__cities` (`country_code`, `name`, `longitude`, `latitude`, `feature_class`, `feature_code`, `subadmin1_code`, `subadmin2_code`, `population`, `time_zone`, `active`, `created_at`, `updated_at`) VALUES ('LK','{\"en\":\"Welisara\"}',79.90,7.03,'P','PPL','LK.36','LK.36.12',41306,'Asia/Colombo',1,'2018-12-15 23:00:00','2018-12-15 23:00:00');
INSERT INTO `__PREFIX__cities` (`country_code`, `name`, `longitude`, `latitude`, `feature_class`, `feature_code`, `subadmin1_code`, `subadmin2_code`, `population`, `time_zone`, `active`, `created_at`, `updated_at`) VALUES ('LK','{\"en\":\"Weligama\"}',80.43,5.98,'P','PPL','LK.34','LK.34.32',22179,'Asia/Colombo',1,'2018-12-16 23:00:00','2018-12-16 23:00:00');
INSERT INTO `__PREFIX__cities` (`country_code`, `name`, `longitude`, `latitude`, `feature_class`, `feature_code`, `subadmin1_code`, `subadmin2_code`, `population`, `time_zone`, `active`, `created_at`, `updated_at`) VALUES ('LK','{\"en\":\"Wattegama\"}',81.48,6.80,'P','PPL','LK.35','LK.35.82',8000,'Asia/Colombo',1,'2018-12-16 23:00:00','2018-12-16 23:00:00');
INSERT INTO `__PREFIX__cities` (`country_code`, `name`, `longitude`, `latitude`, `feature_class`, `feature_code`, `subadmin1_code`, `subadmin2_code`, `population`, `time_zone`, `active`, `created_at`, `updated_at`) VALUES ('LK','{\"en\":\"Wattala\"}',79.89,6.99,'P','PPL','LK.36','LK.36.12',30725,'Asia/Colombo',1,'2022-01-09 23:00:00','2022-01-09 23:00:00');
INSERT INTO `__PREFIX__cities` (`country_code`, `name`, `longitude`, `latitude`, `feature_class`, `feature_code`, `subadmin1_code`, `subadmin2_code`, `population`, `time_zone`, `active`, `created_at`, `updated_at`) VALUES ('LK','{\"en\":\"Vavuniya\"}',80.50,8.75,'P','PPL','LK.38','LK.38.43',60176,'Asia/Colombo',1,'2022-01-09 23:00:00','2022-01-09 23:00:00');
INSERT INTO `__PREFIX__cities` (`country_code`, `name`, `longitude`, `latitude`, `feature_class`, `feature_code`, `subadmin1_code`, `subadmin2_code`, `population`, `time_zone`, `active`, `created_at`, `updated_at`) VALUES ('LK','{\"en\":\"Valvedditturai\"}',80.17,9.82,'P','PPL','LK.38','LK.38.41',78205,'Asia/Colombo',1,'2022-01-09 23:00:00','2022-01-09 23:00:00');
INSERT INTO `__PREFIX__cities` (`country_code`, `name`, `longitude`, `latitude`, `feature_class`, `feature_code`, `subadmin1_code`, `subadmin2_code`, `population`, `time_zone`, `active`, `created_at`, `updated_at`) VALUES ('LK','{\"en\":\"Vakarai\"}',81.43,8.13,'P','PPL','LK.37','LK.37.51',21000,'Asia/Colombo',1,'2018-12-15 23:00:00','2018-12-15 23:00:00');
INSERT INTO `__PREFIX__cities` (`country_code`, `name`, `longitude`, `latitude`, `feature_class`, `feature_code`, `subadmin1_code`, `subadmin2_code`, `population`, `time_zone`, `active`, `created_at`, `updated_at`) VALUES ('LK','{\"en\":\"Trincomalee\"}',81.23,8.58,'P','PPLA','LK.37',NULL,108420,'Asia/Colombo',1,'2019-09-04 23:00:00','2019-09-04 23:00:00');
INSERT INTO `__PREFIX__cities` (`country_code`, `name`, `longitude`, `latitude`, `feature_class`, `feature_code`, `subadmin1_code`, `subadmin2_code`, `population`, `time_zone`, `active`, `created_at`, `updated_at`) VALUES ('LK','{\"en\":\"Tangalle\"}',80.80,6.02,'P','PPL','LK.34','LK.34.33',10497,'Asia/Colombo',1,'2019-10-21 23:00:00','2019-10-21 23:00:00');
INSERT INTO `__PREFIX__cities` (`country_code`, `name`, `longitude`, `latitude`, `feature_class`, `feature_code`, `subadmin1_code`, `subadmin2_code`, `population`, `time_zone`, `active`, `created_at`, `updated_at`) VALUES ('LK','{\"en\":\"Ratnapura\"}',80.40,6.69,'P','PPLA','LK.33',NULL,47832,'Asia/Colombo',1,'2019-04-09 23:00:00','2019-04-09 23:00:00');
INSERT INTO `__PREFIX__cities` (`country_code`, `name`, `longitude`, `latitude`, `feature_class`, `feature_code`, `subadmin1_code`, `subadmin2_code`, `population`, `time_zone`, `active`, `created_at`, `updated_at`) VALUES ('LK','{\"en\":\"Puttalam\"}',79.83,8.04,'P','PPL','LK.32','LK.32.62',45661,'Asia/Colombo',1,'2018-12-29 23:00:00','2018-12-29 23:00:00');
INSERT INTO `__PREFIX__cities` (`country_code`, `name`, `longitude`, `latitude`, `feature_class`, `feature_code`, `subadmin1_code`, `subadmin2_code`, `population`, `time_zone`, `active`, `created_at`, `updated_at`) VALUES ('LK','{\"en\":\"Polonnaruwa\"}',81.00,7.94,'P','PPL','LK.30','LK.30.72',13900,'Asia/Colombo',1,'2022-01-09 23:00:00','2022-01-09 23:00:00');
INSERT INTO `__PREFIX__cities` (`country_code`, `name`, `longitude`, `latitude`, `feature_class`, `feature_code`, `subadmin1_code`, `subadmin2_code`, `population`, `time_zone`, `active`, `created_at`, `updated_at`) VALUES ('LK','{\"en\":\"Point Pedro\"}',80.23,9.82,'P','PPL','LK.38','LK.38.41',89810,'Asia/Colombo',1,'2018-12-28 23:00:00','2018-12-28 23:00:00');
INSERT INTO `__PREFIX__cities` (`country_code`, `name`, `longitude`, `latitude`, `feature_class`, `feature_code`, `subadmin1_code`, `subadmin2_code`, `population`, `time_zone`, `active`, `created_at`, `updated_at`) VALUES ('LK','{\"en\":\"Pita Kotte\"}',79.90,6.89,'P','PPL','LK.36','LK.36.11',118179,'Asia/Colombo',1,'2018-12-28 23:00:00','2018-12-28 23:00:00');
INSERT INTO `__PREFIX__cities` (`country_code`, `name`, `longitude`, `latitude`, `feature_class`, `feature_code`, `subadmin1_code`, `subadmin2_code`, `population`, `time_zone`, `active`, `created_at`, `updated_at`) VALUES ('LK','{\"en\":\"Peliyagoda\"}',79.88,6.97,'P','PPL','LK.36','LK.36.12',30717,'Asia/Colombo',1,'2018-12-16 23:00:00','2018-12-16 23:00:00');
INSERT INTO `__PREFIX__cities` (`country_code`, `name`, `longitude`, `latitude`, `feature_class`, `feature_code`, `subadmin1_code`, `subadmin2_code`, `population`, `time_zone`, `active`, `created_at`, `updated_at`) VALUES ('LK','{\"en\":\"Panadura\"}',79.90,6.71,'P','PPL','LK.36','LK.36.13',33735,'Asia/Colombo',1,'2022-01-09 23:00:00','2022-01-09 23:00:00');
INSERT INTO `__PREFIX__cities` (`country_code`, `name`, `longitude`, `latitude`, `feature_class`, `feature_code`, `subadmin1_code`, `subadmin2_code`, `population`, `time_zone`, `active`, `created_at`, `updated_at`) VALUES ('LK','{\"en\":\"Nuwara Eliya\"}',80.78,6.97,'P','PPL','LK.29','LK.29.23',27500,'Asia/Colombo',1,'2022-01-09 23:00:00','2022-01-09 23:00:00');
INSERT INTO `__PREFIX__cities` (`country_code`, `name`, `longitude`, `latitude`, `feature_class`, `feature_code`, `subadmin1_code`, `subadmin2_code`, `population`, `time_zone`, `active`, `created_at`, `updated_at`) VALUES ('LK','{\"en\":\"Negombo\"}',79.84,7.21,'P','PPL','LK.36','LK.36.12',137223,'Asia/Colombo',1,'2022-01-09 23:00:00','2022-01-09 23:00:00');
INSERT INTO `__PREFIX__cities` (`country_code`, `name`, `longitude`, `latitude`, `feature_class`, `feature_code`, `subadmin1_code`, `subadmin2_code`, `population`, `time_zone`, `active`, `created_at`, `updated_at`) VALUES ('LK','{\"en\":\"Mulleriyawa\"}',79.93,6.93,'P','PPL','LK.36','LK.36.11',33540,'Asia/Colombo',1,'2018-12-29 23:00:00','2018-12-29 23:00:00');
INSERT INTO `__PREFIX__cities` (`country_code`, `name`, `longitude`, `latitude`, `feature_class`, `feature_code`, `subadmin1_code`, `subadmin2_code`, `population`, `time_zone`, `active`, `created_at`, `updated_at`) VALUES ('LK','{\"en\":\"Dehiwala-Mount Lavinia\"}',79.87,6.84,'P','PPL','LK.36','LK.36.11',219827,'Asia/Colombo',1,'2022-01-09 23:00:00','2022-01-09 23:00:00');
INSERT INTO `__PREFIX__cities` (`country_code`, `name`, `longitude`, `latitude`, `feature_class`, `feature_code`, `subadmin1_code`, `subadmin2_code`, `population`, `time_zone`, `active`, `created_at`, `updated_at`) VALUES ('LK','{\"en\":\"Moratuwa\"}',79.88,6.77,'P','PPL','LK.36','LK.36.11',168280,'Asia/Colombo',1,'2022-01-09 23:00:00','2022-01-09 23:00:00');
INSERT INTO `__PREFIX__cities` (`country_code`, `name`, `longitude`, `latitude`, `feature_class`, `feature_code`, `subadmin1_code`, `subadmin2_code`, `population`, `time_zone`, `active`, `created_at`, `updated_at`) VALUES ('LK','{\"en\":\"Monaragala\"}',81.35,6.87,'P','PPL','LK.35','LK.35.82',10236,'Asia/Colombo',1,'2018-12-15 23:00:00','2018-12-15 23:00:00');
INSERT INTO `__PREFIX__cities` (`country_code`, `name`, `longitude`, `latitude`, `feature_class`, `feature_code`, `subadmin1_code`, `subadmin2_code`, `population`, `time_zone`, `active`, `created_at`, `updated_at`) VALUES ('LK','{\"en\":\"Minuwangoda\"}',79.95,7.17,'P','PPL','LK.36','LK.36.12',7772,'Asia/Colombo',1,'2022-01-09 23:00:00','2022-01-09 23:00:00');
INSERT INTO `__PREFIX__cities` (`country_code`, `name`, `longitude`, `latitude`, `feature_class`, `feature_code`, `subadmin1_code`, `subadmin2_code`, `population`, `time_zone`, `active`, `created_at`, `updated_at`) VALUES ('LK','{\"en\":\"Matara\"}',80.54,5.95,'P','PPL','LK.34','LK.34.32',76254,'Asia/Colombo',1,'2022-01-09 23:00:00','2022-01-09 23:00:00');
INSERT INTO `__PREFIX__cities` (`country_code`, `name`, `longitude`, `latitude`, `feature_class`, `feature_code`, `subadmin1_code`, `subadmin2_code`, `population`, `time_zone`, `active`, `created_at`, `updated_at`) VALUES ('LK','{\"en\":\"Matale\"}',80.62,7.47,'P','PPL','LK.29','LK.29.22',36462,'Asia/Colombo',1,'2022-01-09 23:00:00','2022-01-09 23:00:00');
INSERT INTO `__PREFIX__cities` (`country_code`, `name`, `longitude`, `latitude`, `feature_class`, `feature_code`, `subadmin1_code`, `subadmin2_code`, `population`, `time_zone`, `active`, `created_at`, `updated_at`) VALUES ('LK','{\"en\":\"Maharagama\"}',79.93,6.85,'P','PPL','LK.36','LK.36.11',195355,'Asia/Colombo',1,'2022-01-09 23:00:00','2022-01-09 23:00:00');
INSERT INTO `__PREFIX__cities` (`country_code`, `name`, `longitude`, `latitude`, `feature_class`, `feature_code`, `subadmin1_code`, `subadmin2_code`, `population`, `time_zone`, `active`, `created_at`, `updated_at`) VALUES ('LK','{\"en\":\"Kurunegala\"}',80.37,7.48,'P','PPLA','LK.32',NULL,28571,'Asia/Colombo',1,'2019-04-09 23:00:00','2019-04-09 23:00:00');
INSERT INTO `__PREFIX__cities` (`country_code`, `name`, `longitude`, `latitude`, `feature_class`, `feature_code`, `subadmin1_code`, `subadmin2_code`, `population`, `time_zone`, `active`, `created_at`, `updated_at`) VALUES ('LK','{\"en\":\"Kuliyapitiya\"}',80.04,7.47,'P','PPL','LK.32','LK.32.61',6877,'Asia/Colombo',1,'2018-12-16 23:00:00','2018-12-16 23:00:00');
INSERT INTO `__PREFIX__cities` (`country_code`, `name`, `longitude`, `latitude`, `feature_class`, `feature_code`, `subadmin1_code`, `subadmin2_code`, `population`, `time_zone`, `active`, `created_at`, `updated_at`) VALUES ('LK','{\"en\":\"Sri Jayewardenepura Kotte\"}',79.91,6.88,'P','PPL','LK.36','LK.36.11',115826,'Asia/Colombo',1,'2018-12-28 23:00:00','2018-12-28 23:00:00');
INSERT INTO `__PREFIX__cities` (`country_code`, `name`, `longitude`, `latitude`, `feature_class`, `feature_code`, `subadmin1_code`, `subadmin2_code`, `population`, `time_zone`, `active`, `created_at`, `updated_at`) VALUES ('LK','{\"en\":\"Kotikawatta\"}',79.91,6.93,'P','PPL','LK.36','LK.36.11',64565,'Asia/Colombo',1,'2018-12-16 23:00:00','2018-12-16 23:00:00');
INSERT INTO `__PREFIX__cities` (`country_code`, `name`, `longitude`, `latitude`, `feature_class`, `feature_code`, `subadmin1_code`, `subadmin2_code`, `population`, `time_zone`, `active`, `created_at`, `updated_at`) VALUES ('LK','{\"en\":\"Kolonnawa\"}',79.88,6.93,'P','PPL','LK.36','LK.36.11',64887,'Asia/Colombo',1,'2022-01-09 23:00:00','2022-01-09 23:00:00');
INSERT INTO `__PREFIX__cities` (`country_code`, `name`, `longitude`, `latitude`, `feature_class`, `feature_code`, `subadmin1_code`, `subadmin2_code`, `population`, `time_zone`, `active`, `created_at`, `updated_at`) VALUES ('LK','{\"en\":\"Kilinochchi\"}',80.40,9.40,'P','PPL','LK.38','LK.38.45',13006,'Asia/Colombo',1,'2018-12-16 23:00:00','2018-12-16 23:00:00');
INSERT INTO `__PREFIX__cities` (`country_code`, `name`, `longitude`, `latitude`, `feature_class`, `feature_code`, `subadmin1_code`, `subadmin2_code`, `population`, `time_zone`, `active`, `created_at`, `updated_at`) VALUES ('LK','{\"en\":\"Kelaniya\"}',79.92,6.96,'P','PPL','LK.36','LK.36.12',28846,'Asia/Colombo',1,'2022-01-09 23:00:00','2022-01-09 23:00:00');
INSERT INTO `__PREFIX__cities` (`country_code`, `name`, `longitude`, `latitude`, `feature_class`, `feature_code`, `subadmin1_code`, `subadmin2_code`, `population`, `time_zone`, `active`, `created_at`, `updated_at`) VALUES ('LK','{\"en\":\"Kegalle\"}',80.34,7.25,'P','PPL','LK.33','LK.33.92',17962,'Asia/Colombo',1,'2018-12-16 23:00:00','2018-12-16 23:00:00');
INSERT INTO `__PREFIX__cities` (`country_code`, `name`, `longitude`, `latitude`, `feature_class`, `feature_code`, `subadmin1_code`, `subadmin2_code`, `population`, `time_zone`, `active`, `created_at`, `updated_at`) VALUES ('LK','{\"en\":\"Katunayaka\"}',79.89,7.17,'P','PPLA3','LK.36',NULL,84643,'Asia/Colombo',1,'2014-08-04 23:00:00','2014-08-04 23:00:00');
INSERT INTO `__PREFIX__cities` (`country_code`, `name`, `longitude`, `latitude`, `feature_class`, `feature_code`, `subadmin1_code`, `subadmin2_code`, `population`, `time_zone`, `active`, `created_at`, `updated_at`) VALUES ('LK','{\"en\":\"Kataragama\"}',81.33,6.41,'P','PPL','LK.35','LK.35.82',20935,'Asia/Colombo',1,'2022-01-09 23:00:00','2022-01-09 23:00:00');
INSERT INTO `__PREFIX__cities` (`country_code`, `name`, `longitude`, `latitude`, `feature_class`, `feature_code`, `subadmin1_code`, `subadmin2_code`, `population`, `time_zone`, `active`, `created_at`, `updated_at`) VALUES ('LK','{\"en\":\"Kandy\"}',80.63,7.29,'P','PPLA','LK.29',NULL,111701,'Asia/Colombo',1,'2019-09-04 23:00:00','2019-09-04 23:00:00');
INSERT INTO `__PREFIX__cities` (`country_code`, `name`, `longitude`, `latitude`, `feature_class`, `feature_code`, `subadmin1_code`, `subadmin2_code`, `population`, `time_zone`, `active`, `created_at`, `updated_at`) VALUES ('LK','{\"en\":\"Kandana\"}',79.89,7.05,'P','PPL','LK.36','LK.36.12',33424,'Asia/Colombo',1,'2022-01-09 23:00:00','2022-01-09 23:00:00');
INSERT INTO `__PREFIX__cities` (`country_code`, `name`, `longitude`, `latitude`, `feature_class`, `feature_code`, `subadmin1_code`, `subadmin2_code`, `population`, `time_zone`, `active`, `created_at`, `updated_at`) VALUES ('LK','{\"en\":\"Kalutara\"}',79.96,6.58,'P','PPL','LK.36','LK.36.13',37081,'Asia/Colombo',1,'2022-01-09 23:00:00','2022-01-09 23:00:00');
INSERT INTO `__PREFIX__cities` (`country_code`, `name`, `longitude`, `latitude`, `feature_class`, `feature_code`, `subadmin1_code`, `subadmin2_code`, `population`, `time_zone`, `active`, `created_at`, `updated_at`) VALUES ('LK','{\"en\":\"Kalmunai\"}',81.83,7.41,'P','PPL','LK.37','LK.37.52',100171,'Asia/Colombo',1,'2022-01-09 23:00:00','2022-01-09 23:00:00');
INSERT INTO `__PREFIX__cities` (`country_code`, `name`, `longitude`, `latitude`, `feature_class`, `feature_code`, `subadmin1_code`, `subadmin2_code`, `population`, `time_zone`, `active`, `created_at`, `updated_at`) VALUES ('LK','{\"en\":\"Jaffna\"}',80.01,9.67,'P','PPLA','LK.38',NULL,169102,'Asia/Colombo',1,'2019-09-04 23:00:00','2019-09-04 23:00:00');
INSERT INTO `__PREFIX__cities` (`country_code`, `name`, `longitude`, `latitude`, `feature_class`, `feature_code`, `subadmin1_code`, `subadmin2_code`, `population`, `time_zone`, `active`, `created_at`, `updated_at`) VALUES ('LK','{\"en\":\"Ja Ela\"}',79.89,7.07,'P','PPL','LK.36','LK.36.12',32175,'Asia/Colombo',1,'2022-01-09 23:00:00','2022-01-09 23:00:00');
INSERT INTO `__PREFIX__cities` (`country_code`, `name`, `longitude`, `latitude`, `feature_class`, `feature_code`, `subadmin1_code`, `subadmin2_code`, `population`, `time_zone`, `active`, `created_at`, `updated_at`) VALUES ('LK','{\"en\":\"Horana South\"}',80.06,6.72,'P','PPL','LK.36','LK.36.13',8982,'Asia/Colombo',1,'2018-12-15 23:00:00','2018-12-15 23:00:00');
INSERT INTO `__PREFIX__cities` (`country_code`, `name`, `longitude`, `latitude`, `feature_class`, `feature_code`, `subadmin1_code`, `subadmin2_code`, `population`, `time_zone`, `active`, `created_at`, `updated_at`) VALUES ('LK','{\"en\":\"Homagama\"}',80.00,6.84,'P','PPL','LK.36','LK.36.11',34664,'Asia/Colombo',1,'2018-12-15 23:00:00','2018-12-15 23:00:00');
INSERT INTO `__PREFIX__cities` (`country_code`, `name`, `longitude`, `latitude`, `feature_class`, `feature_code`, `subadmin1_code`, `subadmin2_code`, `population`, `time_zone`, `active`, `created_at`, `updated_at`) VALUES ('LK','{\"en\":\"Hendala\"}',79.88,6.99,'P','PPL','LK.36','LK.36.12',56978,'Asia/Colombo',1,'2018-12-15 23:00:00','2018-12-15 23:00:00');
INSERT INTO `__PREFIX__cities` (`country_code`, `name`, `longitude`, `latitude`, `feature_class`, `feature_code`, `subadmin1_code`, `subadmin2_code`, `population`, `time_zone`, `active`, `created_at`, `updated_at`) VALUES ('LK','{\"en\":\"Hatton\"}',80.60,6.89,'P','PPL','LK.29','LK.29.23',15073,'Asia/Colombo',1,'2022-01-09 23:00:00','2022-01-09 23:00:00');
INSERT INTO `__PREFIX__cities` (`country_code`, `name`, `longitude`, `latitude`, `feature_class`, `feature_code`, `subadmin1_code`, `subadmin2_code`, `population`, `time_zone`, `active`, `created_at`, `updated_at`) VALUES ('LK','{\"en\":\"Hanwella Ihala\"}',80.09,6.90,'P','PPL','LK.36','LK.36.11',22918,'Asia/Colombo',1,'2022-01-09 23:00:00','2022-01-09 23:00:00');
INSERT INTO `__PREFIX__cities` (`country_code`, `name`, `longitude`, `latitude`, `feature_class`, `feature_code`, `subadmin1_code`, `subadmin2_code`, `population`, `time_zone`, `active`, `created_at`, `updated_at`) VALUES ('LK','{\"en\":\"Gampola\"}',80.57,7.16,'P','PPL','LK.29','LK.29.21',24283,'Asia/Colombo',1,'2022-01-09 23:00:00','2022-01-09 23:00:00');
INSERT INTO `__PREFIX__cities` (`country_code`, `name`, `longitude`, `latitude`, `feature_class`, `feature_code`, `subadmin1_code`, `subadmin2_code`, `population`, `time_zone`, `active`, `created_at`, `updated_at`) VALUES ('LK','{\"en\":\"Gampaha\"}',79.99,7.09,'P','PPL','LK.36','LK.36.12',9350,'Asia/Colombo',1,'2019-09-24 23:00:00','2019-09-24 23:00:00');
INSERT INTO `__PREFIX__cities` (`country_code`, `name`, `longitude`, `latitude`, `feature_class`, `feature_code`, `subadmin1_code`, `subadmin2_code`, `population`, `time_zone`, `active`, `created_at`, `updated_at`) VALUES ('LK','{\"en\":\"Galle\"}',80.21,6.05,'P','PPLA','LK.34',NULL,93118,'Asia/Colombo',1,'2019-09-04 23:00:00','2019-09-04 23:00:00');
INSERT INTO `__PREFIX__cities` (`country_code`, `name`, `longitude`, `latitude`, `feature_class`, `feature_code`, `subadmin1_code`, `subadmin2_code`, `population`, `time_zone`, `active`, `created_at`, `updated_at`) VALUES ('LK','{\"en\":\"Eravur Town\"}',81.60,7.78,'P','PPL','LK.37','LK.37.51',22982,'Asia/Colombo',1,'2022-01-09 23:00:00','2022-01-09 23:00:00');
INSERT INTO `__PREFIX__cities` (`country_code`, `name`, `longitude`, `latitude`, `feature_class`, `feature_code`, `subadmin1_code`, `subadmin2_code`, `population`, `time_zone`, `active`, `created_at`, `updated_at`) VALUES ('LK','{\"en\":\"Devinuwara\"}',80.59,5.93,'P','PPL','LK.34','LK.34.32',45000,'Asia/Colombo',1,'2018-12-28 23:00:00','2018-12-28 23:00:00');
INSERT INTO `__PREFIX__cities` (`country_code`, `name`, `longitude`, `latitude`, `feature_class`, `feature_code`, `subadmin1_code`, `subadmin2_code`, `population`, `time_zone`, `active`, `created_at`, `updated_at`) VALUES ('LK','{\"en\":\"Dambulla\"}',80.65,7.86,'P','PPL','LK.29','LK.29.22',66716,'Asia/Colombo',1,'2019-09-04 23:00:00','2019-09-04 23:00:00');
INSERT INTO `__PREFIX__cities` (`country_code`, `name`, `longitude`, `latitude`, `feature_class`, `feature_code`, `subadmin1_code`, `subadmin2_code`, `population`, `time_zone`, `active`, `created_at`, `updated_at`) VALUES ('LK','{\"en\":\"Colombo\"}',79.85,6.94,'P','PPLC','LK.36','LK.36.11',648034,'Asia/Colombo',1,'2019-09-04 23:00:00','2019-09-04 23:00:00');
INSERT INTO `__PREFIX__cities` (`country_code`, `name`, `longitude`, `latitude`, `feature_class`, `feature_code`, `subadmin1_code`, `subadmin2_code`, `population`, `time_zone`, `active`, `created_at`, `updated_at`) VALUES ('LK','{\"en\":\"Chilaw\"}',79.80,7.58,'P','PPL','LK.32','LK.32.62',24712,'Asia/Colombo',1,'2018-12-15 23:00:00','2018-12-15 23:00:00');
INSERT INTO `__PREFIX__cities` (`country_code`, `name`, `longitude`, `latitude`, `feature_class`, `feature_code`, `subadmin1_code`, `subadmin2_code`, `population`, `time_zone`, `active`, `created_at`, `updated_at`) VALUES ('LK','{\"en\":\"Beruwala\"}',79.98,6.48,'P','PPL','LK.36','LK.36.13',34250,'Asia/Colombo',1,'2018-12-30 23:00:00','2018-12-30 23:00:00');
INSERT INTO `__PREFIX__cities` (`country_code`, `name`, `longitude`, `latitude`, `feature_class`, `feature_code`, `subadmin1_code`, `subadmin2_code`, `population`, `time_zone`, `active`, `created_at`, `updated_at`) VALUES ('LK','{\"en\":\"Bentota\"}',80.00,6.43,'P','PPL','LK.34','LK.34.31',37000,'Asia/Colombo',1,'2018-12-28 23:00:00','2018-12-28 23:00:00');
INSERT INTO `__PREFIX__cities` (`country_code`, `name`, `longitude`, `latitude`, `feature_class`, `feature_code`, `subadmin1_code`, `subadmin2_code`, `population`, `time_zone`, `active`, `created_at`, `updated_at`) VALUES ('LK','{\"en\":\"Batticaloa\"}',81.69,7.71,'P','PPL','LK.37','LK.37.51',86742,'Asia/Colombo',1,'2022-01-09 23:00:00','2022-01-09 23:00:00');
INSERT INTO `__PREFIX__cities` (`country_code`, `name`, `longitude`, `latitude`, `feature_class`, `feature_code`, `subadmin1_code`, `subadmin2_code`, `population`, `time_zone`, `active`, `created_at`, `updated_at`) VALUES ('LK','{\"en\":\"Battaramulla South\"}',79.92,6.90,'P','PPL','LK.36','LK.36.11',75633,'Asia/Colombo',1,'2018-12-15 23:00:00','2018-12-15 23:00:00');
INSERT INTO `__PREFIX__cities` (`country_code`, `name`, `longitude`, `latitude`, `feature_class`, `feature_code`, `subadmin1_code`, `subadmin2_code`, `population`, `time_zone`, `active`, `created_at`, `updated_at`) VALUES ('LK','{\"en\":\"Badulla\"}',81.06,6.98,'P','PPLA','LK.35',NULL,47587,'Asia/Colombo',1,'2019-04-09 23:00:00','2019-04-09 23:00:00');
INSERT INTO `__PREFIX__cities` (`country_code`, `name`, `longitude`, `latitude`, `feature_class`, `feature_code`, `subadmin1_code`, `subadmin2_code`, `population`, `time_zone`, `active`, `created_at`, `updated_at`) VALUES ('LK','{\"en\":\"Anuradhapura\"}',80.41,8.31,'P','PPLA','LK.30',NULL,60943,'Asia/Colombo',1,'2019-09-04 23:00:00','2019-09-04 23:00:00');
INSERT INTO `__PREFIX__cities` (`country_code`, `name`, `longitude`, `latitude`, `feature_class`, `feature_code`, `subadmin1_code`, `subadmin2_code`, `population`, `time_zone`, `active`, `created_at`, `updated_at`) VALUES ('LK','{\"en\":\"Ampara\"}',81.68,7.30,'P','PPL','LK.37','LK.37.52',43720,'Asia/Colombo',1,'2022-01-09 23:00:00','2022-01-09 23:00:00');
INSERT INTO `__PREFIX__cities` (`country_code`, `name`, `longitude`, `latitude`, `feature_class`, `feature_code`, `subadmin1_code`, `subadmin2_code`, `population`, `time_zone`, `active`, `created_at`, `updated_at`) VALUES ('LK','{\"en\":\"Ambalangoda\"}',80.05,6.24,'P','PPL','LK.34','LK.34.31',56783,'Asia/Colombo',1,'2022-01-09 23:00:00','2022-01-09 23:00:00');
INSERT INTO `__PREFIX__cities` (`country_code`, `name`, `longitude`, `latitude`, `feature_class`, `feature_code`, `subadmin1_code`, `subadmin2_code`, `population`, `time_zone`, `active`, `created_at`, `updated_at`) VALUES ('LK','{\"en\":\"Horawala Junction\"}',80.13,6.48,'P','PPL','LK.36','LK.36.13',7500,'Asia/Colombo',1,'2018-12-15 23:00:00','2018-12-15 23:00:00');
INSERT INTO `__PREFIX__cities` (`country_code`, `name`, `longitude`, `latitude`, `feature_class`, `feature_code`, `subadmin1_code`, `subadmin2_code`, `population`, `time_zone`, `active`, `created_at`, `updated_at`) VALUES ('LK','{\"en\":\"Wellawaya\"}',81.10,6.74,'P','PPL','LK.35','LK.35.82',10000,'Asia/Colombo',1,'2018-12-16 23:00:00','2018-12-16 23:00:00');
/*!40000 ALTER TABLE `__PREFIX__cities` ENABLE KEYS */;
/*!40103 SET TIME_ZONE=@OLD_TIME_ZONE */;

/*!40101 SET SQL_MODE=@OLD_SQL_MODE */;
/*!40014 SET FOREIGN_KEY_CHECKS=@OLD_FOREIGN_KEY_CHECKS */;
/*!40014 SET UNIQUE_CHECKS=@OLD_UNIQUE_CHECKS */;
/*!40101 SET CHARACTER_SET_CLIENT=@OLD_CHARACTER_SET_CLIENT */;
/*!40101 SET CHARACTER_SET_RESULTS=@OLD_CHARACTER_SET_RESULTS */;
/*!40101 SET COLLATION_CONNECTION=@OLD_COLLATION_CONNECTION */;
/*!40111 SET SQL_NOTES=@OLD_SQL_NOTES */;

-- Dump completed
