-- MySQL dump 10.13  Distrib 5.7.34, for osx10.12 (x86_64)
--
-- Host: 127.0.0.1    Database: laraclassifier
-- ------------------------------------------------------
-- Server version	5.7.34

/*!40101 SET @OLD_CHARACTER_SET_CLIENT=@@CHARACTER_SET_CLIENT */;
/*!40101 SET @OLD_CHARACTER_SET_RESULTS=@@CHARACTER_SET_RESULTS */;
/*!40101 SET @OLD_COLLATION_CONNECTION=@@COLLATION_CONNECTION */;
/*!40101 SET NAMES utf8 */;
/*!40103 SET @OLD_TIME_ZONE=@@TIME_ZONE */;
/*!40103 SET TIME_ZONE='+00:00' */;
/*!40014 SET @OLD_UNIQUE_CHECKS=@@UNIQUE_CHECKS, UNIQUE_CHECKS=0 */;
/*!40014 SET @OLD_FOREIGN_KEY_CHECKS=@@FOREIGN_KEY_CHECKS, FOREIGN_KEY_CHECKS=0 */;
/*!40101 SET @OLD_SQL_MODE=@@SQL_MODE, SQL_MODE='NO_AUTO_VALUE_ON_ZERO' */;
/*!40111 SET @OLD_SQL_NOTES=@@SQL_NOTES, SQL_NOTES=0 */;

--
-- Dumping data for table `__PREFIX__subadmin1`
--

/*!40000 ALTER TABLE `__PREFIX__subadmin1` DISABLE KEYS */;
INSERT INTO `__PREFIX__subadmin1` (`code`, `country_code`, `name`, `active`) VALUES ('LR.10','LR','{\"en\":\"Sinoe\"}',1);
INSERT INTO `__PREFIX__subadmin1` (`code`, `country_code`, `name`, `active`) VALUES ('LR.09','LR','{\"en\":\"Nimba\"}',1);
INSERT INTO `__PREFIX__subadmin1` (`code`, `country_code`, `name`, `active`) VALUES ('LR.14','LR','{\"en\":\"Montserrado\"}',1);
INSERT INTO `__PREFIX__subadmin1` (`code`, `country_code`, `name`, `active`) VALUES ('LR.13','LR','{\"en\":\"Maryland\"}',1);
INSERT INTO `__PREFIX__subadmin1` (`code`, `country_code`, `name`, `active`) VALUES ('LR.20','LR','{\"en\":\"Lofa\"}',1);
INSERT INTO `__PREFIX__subadmin1` (`code`, `country_code`, `name`, `active`) VALUES ('LR.19','LR','{\"en\":\"Grand Gedeh\"}',1);
INSERT INTO `__PREFIX__subadmin1` (`code`, `country_code`, `name`, `active`) VALUES ('LR.12','LR','{\"en\":\"Grand Cape Mount\"}',1);
INSERT INTO `__PREFIX__subadmin1` (`code`, `country_code`, `name`, `active`) VALUES ('LR.11','LR','{\"en\":\"Grand Bassa\"}',1);
INSERT INTO `__PREFIX__subadmin1` (`code`, `country_code`, `name`, `active`) VALUES ('LR.01','LR','{\"en\":\"Bong\"}',1);
INSERT INTO `__PREFIX__subadmin1` (`code`, `country_code`, `name`, `active`) VALUES ('LR.15','LR','{\"en\":\"Bomi\"}',1);
INSERT INTO `__PREFIX__subadmin1` (`code`, `country_code`, `name`, `active`) VALUES ('LR.16','LR','{\"en\":\"Grand Kru\"}',1);
INSERT INTO `__PREFIX__subadmin1` (`code`, `country_code`, `name`, `active`) VALUES ('LR.17','LR','{\"en\":\"Margibi\"}',1);
INSERT INTO `__PREFIX__subadmin1` (`code`, `country_code`, `name`, `active`) VALUES ('LR.18','LR','{\"en\":\"River Cess\"}',1);
INSERT INTO `__PREFIX__subadmin1` (`code`, `country_code`, `name`, `active`) VALUES ('LR.21','LR','{\"en\":\"Gbarpolu\"}',1);
INSERT INTO `__PREFIX__subadmin1` (`code`, `country_code`, `name`, `active`) VALUES ('LR.22','LR','{\"en\":\"River Gee\"}',1);
/*!40000 ALTER TABLE `__PREFIX__subadmin1` ENABLE KEYS */;

--
-- Dumping data for table `__PREFIX__subadmin2`
--

/*!40000 ALTER TABLE `__PREFIX__subadmin2` DISABLE KEYS */;
INSERT INTO `__PREFIX__subadmin2` (`code`, `country_code`, `subadmin1_code`, `name`, `active`) VALUES ('LR.01.2272532','LR','LR.01','{\"en\":\"Zota\"}',1);
INSERT INTO `__PREFIX__subadmin2` (`code`, `country_code`, `subadmin1_code`, `name`, `active`) VALUES ('LR.09.2272565','LR','LR.09','{\"en\":\"Zo-Ge\"}',1);
INSERT INTO `__PREFIX__subadmin2` (`code`, `country_code`, `subadmin1_code`, `name`, `active`) VALUES ('LR.13.2272794','LR','LR.13','{\"en\":\"Yederabo\"}',1);
INSERT INTO `__PREFIX__subadmin2` (`code`, `country_code`, `subadmin1_code`, `name`, `active`) VALUES ('LR.09.2272804','LR','LR.09','{\"en\":\"Yarwein Mehnsonnoh\"}',1);
INSERT INTO `__PREFIX__subadmin2` (`code`, `country_code`, `subadmin1_code`, `name`, `active`) VALUES ('LR.10.2273181','LR','LR.10','{\"en\":\"Wedjah-Cabade\"}',1);
INSERT INTO `__PREFIX__subadmin2` (`code`, `country_code`, `subadmin1_code`, `name`, `active`) VALUES ('LR.22.2273186','LR','LR.22','{\"en\":\"Webbo District\"}',1);
INSERT INTO `__PREFIX__subadmin2` (`code`, `country_code`, `subadmin1_code`, `name`, `active`) VALUES ('LR.16.2273190','LR','LR.16','{\"en\":\"Webado\"}',1);
INSERT INTO `__PREFIX__subadmin2` (`code`, `country_code`, `subadmin1_code`, `name`, `active`) VALUES ('LR.20.2273272','LR','LR.20','{\"en\":\"Waiglomai-Woniglomai\"}',1);
INSERT INTO `__PREFIX__subadmin2` (`code`, `country_code`, `subadmin1_code`, `name`, `active`) VALUES ('LR.13.2273404','LR','LR.13','{\"en\":\"Tuobo\"}',1);
INSERT INTO `__PREFIX__subadmin2` (`code`, `country_code`, `subadmin1_code`, `name`, `active`) VALUES ('LR.22.2273443','LR','LR.22','{\"en\":\"Tuobo\"}',1);
INSERT INTO `__PREFIX__subadmin2` (`code`, `country_code`, `subadmin1_code`, `name`, `active`) VALUES ('LR.10.2273473','LR','LR.10','{\"en\":\"Toto\"}',1);
INSERT INTO `__PREFIX__subadmin2` (`code`, `country_code`, `subadmin1_code`, `name`, `active`) VALUES ('LR.10.2273482','LR','LR.10','{\"en\":\"Topo\"}',1);
INSERT INTO `__PREFIX__subadmin2` (`code`, `country_code`, `subadmin1_code`, `name`, `active`) VALUES ('LR.12.2273511','LR','LR.12','{\"en\":\"Tombe\"}',1);
INSERT INTO `__PREFIX__subadmin2` (`code`, `country_code`, `subadmin1_code`, `name`, `active`) VALUES ('LR.14.2273549','LR','LR.14','{\"en\":\"Todee\"}',1);
INSERT INTO `__PREFIX__subadmin2` (`code`, `country_code`, `subadmin1_code`, `name`, `active`) VALUES ('LR.22.2273599','LR','LR.22','{\"en\":\"Tienpo\"}',1);
INSERT INTO `__PREFIX__subadmin2` (`code`, `country_code`, `subadmin1_code`, `name`, `active`) VALUES ('LR.11.2273621','LR','LR.11','{\"en\":\"Three B\"}',1);
INSERT INTO `__PREFIX__subadmin2` (`code`, `country_code`, `subadmin1_code`, `name`, `active`) VALUES ('LR.11.2273622','LR','LR.11','{\"en\":\"Three A\"}',1);
INSERT INTO `__PREFIX__subadmin2` (`code`, `country_code`, `subadmin1_code`, `name`, `active`) VALUES ('LR.12.2273632','LR','LR.12','{\"en\":\"Tewor\"}',1);
INSERT INTO `__PREFIX__subadmin2` (`code`, `country_code`, `subadmin1_code`, `name`, `active`) VALUES ('LR.11.2273635','LR','LR.11','{\"en\":\"Tenor\"}',1);
INSERT INTO `__PREFIX__subadmin2` (`code`, `country_code`, `subadmin1_code`, `name`, `active`) VALUES ('LR.19.2273657','LR','LR.19','{\"en\":\"Tchien\"}',1);
INSERT INTO `__PREFIX__subadmin2` (`code`, `country_code`, `subadmin1_code`, `name`, `active`) VALUES ('LR.10.2273679','LR','LR.10','{\"en\":\"Tasu\"}',1);
INSERT INTO `__PREFIX__subadmin2` (`code`, `country_code`, `subadmin1_code`, `name`, `active`) VALUES ('LR.10.2273682','LR','LR.10','{\"en\":\"Tarjuazon\"}',1);
INSERT INTO `__PREFIX__subadmin2` (`code`, `country_code`, `subadmin1_code`, `name`, `active`) VALUES ('LR.13.2273858','LR','LR.13','{\"en\":\"Sodoke\"}',1);
INSERT INTO `__PREFIX__subadmin2` (`code`, `country_code`, `subadmin1_code`, `name`, `active`) VALUES ('LR.10.2274043','LR','LR.10','{\"en\":\"Seedor\"}',1);
INSERT INTO `__PREFIX__subadmin2` (`code`, `country_code`, `subadmin1_code`, `name`, `active`) VALUES ('LR.16.2274101','LR','LR.16','{\"en\":\"Sasstown\"}',1);
INSERT INTO `__PREFIX__subadmin2` (`code`, `country_code`, `subadmin1_code`, `name`, `active`) VALUES ('LR.01.2274124','LR','LR.01','{\"en\":\"Sanoyeah\"}',1);
INSERT INTO `__PREFIX__subadmin2` (`code`, `country_code`, `subadmin1_code`, `name`, `active`) VALUES ('LR.09.2274125','LR','LR.09','{\"en\":\"Sanniquellie Mahn\"}',1);
INSERT INTO `__PREFIX__subadmin2` (`code`, `country_code`, `subadmin1_code`, `name`, `active`) VALUES ('LR.09.2274221','LR','LR.09','{\"en\":\"Sagleipie-Ma\"}',1);
INSERT INTO `__PREFIX__subadmin2` (`code`, `country_code`, `subadmin1_code`, `name`, `active`) VALUES ('LR.22.2274235','LR','LR.22','{\"en\":\"Sarbo\"}',1);
INSERT INTO `__PREFIX__subadmin2` (`code`, `country_code`, `subadmin1_code`, `name`, `active`) VALUES ('LR.13.2274269','LR','LR.13','{\"en\":\"Rock Town\"}',1);
INSERT INTO `__PREFIX__subadmin2` (`code`, `country_code`, `subadmin1_code`, `name`, `active`) VALUES ('LR.18.2274273','LR','LR.18','{\"en\":\"Rock Cess\"}',1);
INSERT INTO `__PREFIX__subadmin2` (`code`, `country_code`, `subadmin1_code`, `name`, `active`) VALUES ('LR.19.2274312','LR','LR.19','{\"en\":\"Putu\"}',1);
INSERT INTO `__PREFIX__subadmin2` (`code`, `country_code`, `subadmin1_code`, `name`, `active`) VALUES ('LR.13.2274336','LR','LR.13','{\"en\":\"Po River\"}',1);
INSERT INTO `__PREFIX__subadmin2` (`code`, `country_code`, `subadmin1_code`, `name`, `active`) VALUES ('LR.12.2274351','LR','LR.12','{\"en\":\"Porkpa District\"}',1);
INSERT INTO `__PREFIX__subadmin2` (`code`, `country_code`, `subadmin1_code`, `name`, `active`) VALUES ('LR.13.2274373','LR','LR.13','{\"en\":\"Pleebo/Sodoken\"}',1);
INSERT INTO `__PREFIX__subadmin2` (`code`, `country_code`, `subadmin1_code`, `name`, `active`) VALUES ('LR.13.2274403','LR','LR.13','{\"en\":\"Picnicess\"}',1);
INSERT INTO `__PREFIX__subadmin2` (`code`, `country_code`, `subadmin1_code`, `name`, `active`) VALUES ('LR.13.2274476','LR','LR.13','{\"en\":\"Pate\"}',1);
INSERT INTO `__PREFIX__subadmin2` (`code`, `country_code`, `subadmin1_code`, `name`, `active`) VALUES ('LR.01.2274491','LR','LR.01','{\"en\":\"Panta\"}',1);
INSERT INTO `__PREFIX__subadmin2` (`code`, `country_code`, `subadmin1_code`, `name`, `active`) VALUES ('LR.22.2274502','LR','LR.22','{\"en\":\"Palipo\"}',1);
INSERT INTO `__PREFIX__subadmin2` (`code`, `country_code`, `subadmin1_code`, `name`, `active`) VALUES ('LR.13.2274569','LR','LR.13','{\"en\":\"Nyanbo\"}',1);
INSERT INTO `__PREFIX__subadmin2` (`code`, `country_code`, `subadmin1_code`, `name`, `active`) VALUES ('LR.01.2274578','LR','LR.01','{\"en\":\"Nyafokole\"}',1);
INSERT INTO `__PREFIX__subadmin2` (`code`, `country_code`, `subadmin1_code`, `name`, `active`) VALUES ('LR.10.2274591','LR','LR.10','{\"en\":\"Nuohn Point\"}',1);
INSERT INTO `__PREFIX__subadmin2` (`code`, `country_code`, `subadmin1_code`, `name`, `active`) VALUES ('LR.10.2274596','LR','LR.10','{\"en\":\"Numo\"}',1);
INSERT INTO `__PREFIX__subadmin2` (`code`, `country_code`, `subadmin1_code`, `name`, `active`) VALUES ('LR.19.2274719','LR','LR.19','{\"en\":\"Niabo\"}',1);
INSERT INTO `__PREFIX__subadmin2` (`code`, `country_code`, `subadmin1_code`, `name`, `active`) VALUES ('LR.13.2274778','LR','LR.13','{\"en\":\"Nemea\"}',1);
INSERT INTO `__PREFIX__subadmin2` (`code`, `country_code`, `subadmin1_code`, `name`, `active`) VALUES ('LR.10.2274818','LR','LR.10','{\"en\":\"Nana Kru\"}',1);
INSERT INTO `__PREFIX__subadmin2` (`code`, `country_code`, `subadmin1_code`, `name`, `active`) VALUES ('LR.10.2274827','LR','LR.10','{\"en\":\"Nake\"}',1);
INSERT INTO `__PREFIX__subadmin2` (`code`, `country_code`, `subadmin1_code`, `name`, `active`) VALUES ('LR.15.2275016','LR','LR.15','{\"en\":\"Suehn Mecca District\"}',1);
INSERT INTO `__PREFIX__subadmin2` (`code`, `country_code`, `subadmin1_code`, `name`, `active`) VALUES ('LR.10.2275067','LR','LR.10','{\"en\":\"Matro\"}',1);
INSERT INTO `__PREFIX__subadmin2` (`code`, `country_code`, `subadmin1_code`, `name`, `active`) VALUES ('LR.17.2275179','LR','LR.17','{\"en\":\"Mambah Kaba\"}',1);
INSERT INTO `__PREFIX__subadmin2` (`code`, `country_code`, `subadmin1_code`, `name`, `active`) VALUES ('LR.13.2275351','LR','LR.13','{\"en\":\"Little Wrebo\"}',1);
INSERT INTO `__PREFIX__subadmin2` (`code`, `country_code`, `subadmin1_code`, `name`, `active`) VALUES ('LR.10.2275592','LR','LR.10','{\"en\":\"Kulu\"}',1);
INSERT INTO `__PREFIX__subadmin2` (`code`, `country_code`, `subadmin1_code`, `name`, `active`) VALUES ('LR.09.2275644','LR','LR.09','{\"en\":\"Keaple\"}',1);
INSERT INTO `__PREFIX__subadmin2` (`code`, `country_code`, `subadmin1_code`, `name`, `active`) VALUES ('LR.19.2275728','LR','LR.19','{\"en\":\"Konobo\"}',1);
INSERT INTO `__PREFIX__subadmin2` (`code`, `country_code`, `subadmin1_code`, `name`, `active`) VALUES ('LR.12.2275757','LR','LR.12','{\"en\":\"Kone\"}',1);
INSERT INTO `__PREFIX__subadmin2` (`code`, `country_code`, `subadmin1_code`, `name`, `active`) VALUES ('LR.21.2275770','LR','LR.21','{\"en\":\"Kongba District\"}',1);
INSERT INTO `__PREFIX__subadmin2` (`code`, `country_code`, `subadmin1_code`, `name`, `active`) VALUES ('LR.01.2275814','LR','LR.01','{\"en\":\"Kokoyah\"}',1);
INSERT INTO `__PREFIX__subadmin2` (`code`, `country_code`, `subadmin1_code`, `name`, `active`) VALUES ('LR.22.2275896','LR','LR.22','{\"en\":\"Kitabo\"}',1);
INSERT INTO `__PREFIX__subadmin2` (`code`, `country_code`, `subadmin1_code`, `name`, `active`) VALUES ('LR.20.2275898','LR','LR.20','{\"en\":\"Kisi\"}',1);
INSERT INTO `__PREFIX__subadmin2` (`code`, `country_code`, `subadmin1_code`, `name`, `active`) VALUES ('LR.20.2276054','LR','LR.20','{\"en\":\"Kambo Hills\"}',1);
INSERT INTO `__PREFIX__subadmin2` (`code`, `country_code`, `subadmin1_code`, `name`, `active`) VALUES ('LR.14.2276087','LR','LR.14','{\"en\":\"Kakata\"}',1);
INSERT INTO `__PREFIX__subadmin2` (`code`, `country_code`, `subadmin1_code`, `name`, `active`) VALUES ('LR.10.2276117','LR','LR.10','{\"en\":\"Kabor\"}',1);
INSERT INTO `__PREFIX__subadmin2` (`code`, `country_code`, `subadmin1_code`, `name`, `active`) VALUES ('LR.10.2276156','LR','LR.10','{\"en\":\"Seekon\"}',1);
INSERT INTO `__PREFIX__subadmin2` (`code`, `country_code`, `subadmin1_code`, `name`, `active`) VALUES ('LR.16.2276161','LR','LR.16','{\"en\":\"Lower Jloh\"}',1);
INSERT INTO `__PREFIX__subadmin2` (`code`, `country_code`, `subadmin1_code`, `name`, `active`) VALUES ('LR.01.2276212','LR','LR.01','{\"en\":\"Jorquelleh\"}',1);
INSERT INTO `__PREFIX__subadmin2` (`code`, `country_code`, `subadmin1_code`, `name`, `active`) VALUES ('LR.10.2276354','LR','LR.10','{\"en\":\"Jeetrah\"}',1);
INSERT INTO `__PREFIX__subadmin2` (`code`, `country_code`, `subadmin1_code`, `name`, `active`) VALUES ('LR.10.2276356','LR','LR.10','{\"en\":\"Jeadepo\"}',1);
INSERT INTO `__PREFIX__subadmin2` (`code`, `country_code`, `subadmin1_code`, `name`, `active`) VALUES ('LR.11.2276367','LR','LR.11','{\"en\":\"Jayah\"}',1);
INSERT INTO `__PREFIX__subadmin2` (`code`, `country_code`, `subadmin1_code`, `name`, `active`) VALUES ('LR.20.2276555','LR','LR.20','{\"en\":\"Guma-Mendi\"}',1);
INSERT INTO `__PREFIX__subadmin2` (`code`, `country_code`, `subadmin1_code`, `name`, `active`) VALUES ('LR.13.2276614','LR','LR.13','{\"en\":\"Grawa\"}',1);
INSERT INTO `__PREFIX__subadmin2` (`code`, `country_code`, `subadmin1_code`, `name`, `active`) VALUES ('LR.16.2276626','LR','LR.16','{\"en\":\"Grand Cess Wedabo\"}',1);
INSERT INTO `__PREFIX__subadmin2` (`code`, `country_code`, `subadmin1_code`, `name`, `active`) VALUES ('LR.12.2276661','LR','LR.12','{\"en\":\"Gola Konneh\"}',1);
INSERT INTO `__PREFIX__subadmin2` (`code`, `country_code`, `subadmin1_code`, `name`, `active`) VALUES ('LR.15.2276737','LR','LR.15','{\"en\":\"Gola\"}',1);
INSERT INTO `__PREFIX__subadmin2` (`code`, `country_code`, `subadmin1_code`, `name`, `active`) VALUES ('LR.21.2276743','LR','LR.21','{\"en\":\"Goije\"}',1);
INSERT INTO `__PREFIX__subadmin2` (`code`, `country_code`, `subadmin1_code`, `name`, `active`) VALUES ('LR.19.2276801','LR','LR.19','{\"en\":\"Glio-Twarbo\"}',1);
INSERT INTO `__PREFIX__subadmin2` (`code`, `country_code`, `subadmin1_code`, `name`, `active`) VALUES ('LR.13.2276816','LR','LR.13','{\"en\":\"Glebo\"}',1);
INSERT INTO `__PREFIX__subadmin2` (`code`, `country_code`, `subadmin1_code`, `name`, `active`) VALUES ('LR.11.2276820','LR','LR.11','{\"en\":\"Glarkon\"}',1);
INSERT INTO `__PREFIX__subadmin2` (`code`, `country_code`, `subadmin1_code`, `name`, `active`) VALUES ('LR.20.2276828','LR','LR.20','{\"en\":\"Gizima-Ziema\"}',1);
INSERT INTO `__PREFIX__subadmin2` (`code`, `country_code`, `subadmin1_code`, `name`, `active`) VALUES ('LR.17.2276853','LR','LR.17','{\"en\":\"Gibi\"}',1);
INSERT INTO `__PREFIX__subadmin2` (`code`, `country_code`, `subadmin1_code`, `name`, `active`) VALUES ('LR.13.2276908','LR','LR.13','{\"en\":\"Gedetarbo\"}',1);
INSERT INTO `__PREFIX__subadmin2` (`code`, `country_code`, `subadmin1_code`, `name`, `active`) VALUES ('LR.13.2276909','LR','LR.13','{\"en\":\"Gedabo\"}',1);
INSERT INTO `__PREFIX__subadmin2` (`code`, `country_code`, `subadmin1_code`, `name`, `active`) VALUES ('LR.22.2276934','LR','LR.22','{\"en\":\"Glaro\"}',1);
INSERT INTO `__PREFIX__subadmin2` (`code`, `country_code`, `subadmin1_code`, `name`, `active`) VALUES ('LR.09.2276973','LR','LR.09','{\"en\":\"Gbokole\"}',1);
INSERT INTO `__PREFIX__subadmin2` (`code`, `country_code`, `subadmin1_code`, `name`, `active`) VALUES ('LR.19.2276983','LR','LR.19','{\"en\":\"Gbobo\"}',1);
INSERT INTO `__PREFIX__subadmin2` (`code`, `country_code`, `subadmin1_code`, `name`, `active`) VALUES ('LR.09.2277003','LR','LR.09','{\"en\":\"Gbi and Doru\"}',1);
INSERT INTO `__PREFIX__subadmin2` (`code`, `country_code`, `subadmin1_code`, `name`, `active`) VALUES ('LR.13.2277011','LR','LR.13','{\"en\":\"Gbeta Klepo\"}',1);
INSERT INTO `__PREFIX__subadmin2` (`code`, `country_code`, `subadmin1_code`, `name`, `active`) VALUES ('LR.09.2277028','LR','LR.09','{\"en\":\"Gbehlay-Geh\"}',1);
INSERT INTO `__PREFIX__subadmin2` (`code`, `country_code`, `subadmin1_code`, `name`, `active`) VALUES ('LR.13.2277030','LR','LR.13','{\"en\":\"Gbelakpo\"}',1);
INSERT INTO `__PREFIX__subadmin2` (`code`, `country_code`, `subadmin1_code`, `name`, `active`) VALUES ('LR.22.2277041','LR','LR.22','{\"en\":\"Gbeapo District\"}',1);
INSERT INTO `__PREFIX__subadmin2` (`code`, `country_code`, `subadmin1_code`, `name`, `active`) VALUES ('LR.19.2277043','LR','LR.19','{\"en\":\"Gbazohn\"}',1);
INSERT INTO `__PREFIX__subadmin2` (`code`, `country_code`, `subadmin1_code`, `name`, `active`) VALUES ('LR.13.2277061','LR','LR.13','{\"en\":\"Gbarlobo\"}',1);
INSERT INTO `__PREFIX__subadmin2` (`code`, `country_code`, `subadmin1_code`, `name`, `active`) VALUES ('LR.20.2277082','LR','LR.20','{\"en\":\"Gbandi\"}',1);
INSERT INTO `__PREFIX__subadmin2` (`code`, `country_code`, `subadmin1_code`, `name`, `active`) VALUES ('LR.20.2277102','LR','LR.20','{\"en\":\"Gbalein Faala\"}',1);
INSERT INTO `__PREFIX__subadmin2` (`code`, `country_code`, `subadmin1_code`, `name`, `active`) VALUES ('LR.12.2277160','LR','LR.12','{\"en\":\"Garwula\"}',1);
INSERT INTO `__PREFIX__subadmin2` (`code`, `country_code`, `subadmin1_code`, `name`, `active`) VALUES ('LR.16.2277191','LR','LR.16','{\"en\":\"Garraway\"}',1);
INSERT INTO `__PREFIX__subadmin2` (`code`, `country_code`, `subadmin1_code`, `name`, `active`) VALUES ('LR.01.2277288','LR','LR.01','{\"en\":\"Fuamah\"}',1);
INSERT INTO `__PREFIX__subadmin2` (`code`, `country_code`, `subadmin1_code`, `name`, `active`) VALUES ('LR.11.2277306','LR','LR.11','{\"en\":\"Trade Town\"}',1);
INSERT INTO `__PREFIX__subadmin2` (`code`, `country_code`, `subadmin1_code`, `name`, `active`) VALUES ('LR.13.2277359','LR','LR.13','{\"en\":\"Flenipo\"}',1);
INSERT INTO `__PREFIX__subadmin2` (`code`, `country_code`, `subadmin1_code`, `name`, `active`) VALUES ('LR.18.2277365','LR','LR.18','{\"en\":\"Mowe\"}',1);
INSERT INTO `__PREFIX__subadmin2` (`code`, `country_code`, `subadmin1_code`, `name`, `active`) VALUES ('LR.11.2277366','LR','LR.11','{\"en\":\"Five A\"}',1);
INSERT INTO `__PREFIX__subadmin2` (`code`, `country_code`, `subadmin1_code`, `name`, `active`) VALUES ('LR.13.2277383','LR','LR.13','{\"en\":\"Firestone\"}',1);
INSERT INTO `__PREFIX__subadmin2` (`code`, `country_code`, `subadmin1_code`, `name`, `active`) VALUES ('LR.13.2277593','LR','LR.13','{\"en\":\"Dorobo\"}',1);
INSERT INTO `__PREFIX__subadmin2` (`code`, `country_code`, `subadmin1_code`, `name`, `active`) VALUES ('LR.14.2277769','LR','LR.14','{\"en\":\"Ding\"}',1);
INSERT INTO `__PREFIX__subadmin2` (`code`, `country_code`, `subadmin1_code`, `name`, `active`) VALUES ('LR.15.2277849','LR','LR.15','{\"en\":\"Dei\"}',1);
INSERT INTO `__PREFIX__subadmin2` (`code`, `country_code`, `subadmin1_code`, `name`, `active`) VALUES ('LR.13.2277859','LR','LR.13','{\"en\":\"Dedabo\"}',1);
INSERT INTO `__PREFIX__subadmin2` (`code`, `country_code`, `subadmin1_code`, `name`, `active`) VALUES ('LR.22.2278019','LR','LR.22','{\"en\":\"Chedepo\"}',1);
INSERT INTO `__PREFIX__subadmin2` (`code`, `country_code`, `subadmin1_code`, `name`, `active`) VALUES ('LR.13.2278062','LR','LR.13','{\"en\":\"Cavalla\"}',1);
INSERT INTO `__PREFIX__subadmin2` (`code`, `country_code`, `subadmin1_code`, `name`, `active`) VALUES ('LR.14.2278073','LR','LR.14','{\"en\":\"Careysburg\"}',1);
INSERT INTO `__PREFIX__subadmin2` (`code`, `country_code`, `subadmin1_code`, `name`, `active`) VALUES ('LR.11.2278080','LR','LR.11','{\"en\":\"Campwood\"}',1);
INSERT INTO `__PREFIX__subadmin2` (`code`, `country_code`, `subadmin1_code`, `name`, `active`) VALUES ('LR.10.2278113','LR','LR.10','{\"en\":\"Butaw\"}',1);
INSERT INTO `__PREFIX__subadmin2` (`code`, `country_code`, `subadmin1_code`, `name`, `active`) VALUES ('LR.16.2278169','LR','LR.16','{\"en\":\"Buah\"}',1);
INSERT INTO `__PREFIX__subadmin2` (`code`, `country_code`, `subadmin1_code`, `name`, `active`) VALUES ('LR.21.2278250','LR','LR.21','{\"en\":\"Bopolu\"}',1);
INSERT INTO `__PREFIX__subadmin2` (`code`, `country_code`, `subadmin1_code`, `name`, `active`) VALUES ('LR.20.2278307','LR','LR.20','{\"en\":\"Bonde-Wubomai\"}',1);
INSERT INTO `__PREFIX__subadmin2` (`code`, `country_code`, `subadmin1_code`, `name`, `active`) VALUES ('LR.13.2278356','LR','LR.13','{\"en\":\"Bolobo\"}',1);
INSERT INTO `__PREFIX__subadmin2` (`code`, `country_code`, `subadmin1_code`, `name`, `active`) VALUES ('LR.16.2278361','LR','LR.16','{\"en\":\"Bolloh District\"}',1);
INSERT INTO `__PREFIX__subadmin2` (`code`, `country_code`, `subadmin1_code`, `name`, `active`) VALUES ('LR.21.2278379','LR','LR.21','{\"en\":\"Bokomu\"}',1);
INSERT INTO `__PREFIX__subadmin2` (`code`, `country_code`, `subadmin1_code`, `name`, `active`) VALUES ('LR.19.2278611','LR','LR.19','{\"en\":\"B’hai District\"}',1);
INSERT INTO `__PREFIX__subadmin2` (`code`, `country_code`, `subadmin1_code`, `name`, `active`) VALUES ('LR.21.2278733','LR','LR.21','{\"en\":\"Belleh\"}',1);
INSERT INTO `__PREFIX__subadmin2` (`code`, `country_code`, `subadmin1_code`, `name`, `active`) VALUES ('LR.13.2278880','LR','LR.13','{\"en\":\"Barobo\"}',1);
INSERT INTO `__PREFIX__subadmin2` (`code`, `country_code`, `subadmin1_code`, `name`, `active`) VALUES ('LR.16.2278890','LR','LR.16','{\"en\":\"Barclayville\"}',1);
INSERT INTO `__PREFIX__subadmin2` (`code`, `country_code`, `subadmin1_code`, `name`, `active`) VALUES ('LR.09.2279133','LR','LR.09','{\"en\":\"Doe\"}',1);
INSERT INTO `__PREFIX__subadmin2` (`code`, `country_code`, `subadmin1_code`, `name`, `active`) VALUES ('LR.20.2569974','LR','LR.20','{\"en\":\"Guma\"}',1);
INSERT INTO `__PREFIX__subadmin2` (`code`, `country_code`, `subadmin1_code`, `name`, `active`) VALUES ('LR.01.7669284','LR','LR.01','{\"en\":\"Suakoko\"}',1);
INSERT INTO `__PREFIX__subadmin2` (`code`, `country_code`, `subadmin1_code`, `name`, `active`) VALUES ('LR.01.7669285','LR','LR.01','{\"en\":\"Salala\"}',1);
INSERT INTO `__PREFIX__subadmin2` (`code`, `country_code`, `subadmin1_code`, `name`, `active`) VALUES ('LR.09.7669286','LR','LR.09','{\"en\":\"Sanniquelleh- Mahn\"}',1);
INSERT INTO `__PREFIX__subadmin2` (`code`, `country_code`, `subadmin1_code`, `name`, `active`) VALUES ('LR.14.7669292','LR','LR.14','{\"en\":\"Topee\"}',1);
INSERT INTO `__PREFIX__subadmin2` (`code`, `country_code`, `subadmin1_code`, `name`, `active`) VALUES ('LR.14.7669297','LR','LR.14','{\"en\":\"Mambah-Kaba\"}',1);
INSERT INTO `__PREFIX__subadmin2` (`code`, `country_code`, `subadmin1_code`, `name`, `active`) VALUES ('LR.14.7669298','LR','LR.14','{\"en\":\"Greater Monrovia\"}',1);
INSERT INTO `__PREFIX__subadmin2` (`code`, `country_code`, `subadmin1_code`, `name`, `active`) VALUES ('LR.09.7669299','LR','LR.09','{\"en\":\"Saclepea-Mah\"}',1);
INSERT INTO `__PREFIX__subadmin2` (`code`, `country_code`, `subadmin1_code`, `name`, `active`) VALUES ('LR.14.7669300','LR','LR.14','{\"en\":\"St. Paul River\"}',1);
INSERT INTO `__PREFIX__subadmin2` (`code`, `country_code`, `subadmin1_code`, `name`, `active`) VALUES ('LR.11.7669301','LR','LR.11','{\"en\":\"District #1\"}',1);
INSERT INTO `__PREFIX__subadmin2` (`code`, `country_code`, `subadmin1_code`, `name`, `active`) VALUES ('LR.11.7669302','LR','LR.11','{\"en\":\"District #2\"}',1);
INSERT INTO `__PREFIX__subadmin2` (`code`, `country_code`, `subadmin1_code`, `name`, `active`) VALUES ('LR.11.7669303','LR','LR.11','{\"en\":\"District #3\"}',1);
INSERT INTO `__PREFIX__subadmin2` (`code`, `country_code`, `subadmin1_code`, `name`, `active`) VALUES ('LR.17.7670839','LR','LR.17','{\"en\":\"Firestone\"}',1);
INSERT INTO `__PREFIX__subadmin2` (`code`, `country_code`, `subadmin1_code`, `name`, `active`) VALUES ('LR.12.7911025','LR','LR.12','{\"en\":\"Robertsport District\"}',1);
INSERT INTO `__PREFIX__subadmin2` (`code`, `country_code`, `subadmin1_code`, `name`, `active`) VALUES ('LR.10.7911028','LR','LR.10','{\"en\":\"Pyneston District\"}',1);
INSERT INTO `__PREFIX__subadmin2` (`code`, `country_code`, `subadmin1_code`, `name`, `active`) VALUES ('LR.13.8260606','LR','LR.13','{\"en\":\"Pleebo/Sodeken District\"}',1);
INSERT INTO `__PREFIX__subadmin2` (`code`, `country_code`, `subadmin1_code`, `name`, `active`) VALUES ('LR.15.8714531','LR','LR.15','{\"en\":\"Klay District\"}',1);
INSERT INTO `__PREFIX__subadmin2` (`code`, `country_code`, `subadmin1_code`, `name`, `active`) VALUES ('LR.09.9295768','LR','LR.09','{\"en\":\"Tappita\"}',1);
INSERT INTO `__PREFIX__subadmin2` (`code`, `country_code`, `subadmin1_code`, `name`, `active`) VALUES ('LR.12.9645004','LR','LR.12','{\"en\":\"Commonwealth District\"}',1);
INSERT INTO `__PREFIX__subadmin2` (`code`, `country_code`, `subadmin1_code`, `name`, `active`) VALUES ('LR.15.9645005','LR','LR.15','{\"en\":\"Senjeh District\"}',1);
INSERT INTO `__PREFIX__subadmin2` (`code`, `country_code`, `subadmin1_code`, `name`, `active`) VALUES ('LR.15.9645006','LR','LR.15','{\"en\":\"Dowein District\"}',1);
INSERT INTO `__PREFIX__subadmin2` (`code`, `country_code`, `subadmin1_code`, `name`, `active`) VALUES ('LR.21.9645007','LR','LR.21','{\"en\":\"Gounwolaila District\"}',1);
INSERT INTO `__PREFIX__subadmin2` (`code`, `country_code`, `subadmin1_code`, `name`, `active`) VALUES ('LR.21.9645008','LR','LR.21','{\"en\":\"Gbarma District\"}',1);
INSERT INTO `__PREFIX__subadmin2` (`code`, `country_code`, `subadmin1_code`, `name`, `active`) VALUES ('LR.20.9645009','LR','LR.20','{\"en\":\"Vahun District\"}',1);
INSERT INTO `__PREFIX__subadmin2` (`code`, `country_code`, `subadmin1_code`, `name`, `active`) VALUES ('LR.20.9645106','LR','LR.20','{\"en\":\"Foya District\"}',1);
INSERT INTO `__PREFIX__subadmin2` (`code`, `country_code`, `subadmin1_code`, `name`, `active`) VALUES ('LR.20.9645107','LR','LR.20','{\"en\":\"Kolahun District\"}',1);
INSERT INTO `__PREFIX__subadmin2` (`code`, `country_code`, `subadmin1_code`, `name`, `active`) VALUES ('LR.20.9645108','LR','LR.20','{\"en\":\"Voinjama District\"}',1);
INSERT INTO `__PREFIX__subadmin2` (`code`, `country_code`, `subadmin1_code`, `name`, `active`) VALUES ('LR.20.9645110','LR','LR.20','{\"en\":\"Zorzor District\"}',1);
INSERT INTO `__PREFIX__subadmin2` (`code`, `country_code`, `subadmin1_code`, `name`, `active`) VALUES ('LR.20.9645111','LR','LR.20','{\"en\":\"Salayea District\"}',1);
INSERT INTO `__PREFIX__subadmin2` (`code`, `country_code`, `subadmin1_code`, `name`, `active`) VALUES ('LR.20.9645112','LR','LR.20','{\"en\":\"Quardu Gboni District\"}',1);
INSERT INTO `__PREFIX__subadmin2` (`code`, `country_code`, `subadmin1_code`, `name`, `active`) VALUES ('LR.01.9645113','LR','LR.01','{\"en\":\"Yeallequelleh District\"}',1);
INSERT INTO `__PREFIX__subadmin2` (`code`, `country_code`, `subadmin1_code`, `name`, `active`) VALUES ('LR.01.9645114','LR','LR.01','{\"en\":\"Kpaai District\"}',1);
INSERT INTO `__PREFIX__subadmin2` (`code`, `country_code`, `subadmin1_code`, `name`, `active`) VALUES ('LR.01.9645115','LR','LR.01','{\"en\":\"Boinsen District\"}',1);
INSERT INTO `__PREFIX__subadmin2` (`code`, `country_code`, `subadmin1_code`, `name`, `active`) VALUES ('LR.01.9645116','LR','LR.01','{\"en\":\"Tukpahblee District\"}',1);
INSERT INTO `__PREFIX__subadmin2` (`code`, `country_code`, `subadmin1_code`, `name`, `active`) VALUES ('LR.14.9645118','LR','LR.14','{\"en\":\"Saint Paul River District\"}',1);
INSERT INTO `__PREFIX__subadmin2` (`code`, `country_code`, `subadmin1_code`, `name`, `active`) VALUES ('LR.14.9645120','LR','LR.14','{\"en\":\"Commonwealth District\"}',1);
INSERT INTO `__PREFIX__subadmin2` (`code`, `country_code`, `subadmin1_code`, `name`, `active`) VALUES ('LR.11.9645122','LR','LR.11','{\"en\":\"Owensgrove District\"}',1);
INSERT INTO `__PREFIX__subadmin2` (`code`, `country_code`, `subadmin1_code`, `name`, `active`) VALUES ('LR.11.9645125','LR','LR.11','{\"en\":\"Saint John River City District\"}',1);
INSERT INTO `__PREFIX__subadmin2` (`code`, `country_code`, `subadmin1_code`, `name`, `active`) VALUES ('LR.11.9645126','LR','LR.11','{\"en\":\"Neekreen District\"}',1);
INSERT INTO `__PREFIX__subadmin2` (`code`, `country_code`, `subadmin1_code`, `name`, `active`) VALUES ('LR.11.9645127','LR','LR.11','{\"en\":\"Commonwealth District\"}',1);
INSERT INTO `__PREFIX__subadmin2` (`code`, `country_code`, `subadmin1_code`, `name`, `active`) VALUES ('LR.11.9645128','LR','LR.11','{\"en\":\"District Number One\"}',1);
INSERT INTO `__PREFIX__subadmin2` (`code`, `country_code`, `subadmin1_code`, `name`, `active`) VALUES ('LR.11.9645129','LR','LR.11','{\"en\":\"District Number Two\"}',1);
INSERT INTO `__PREFIX__subadmin2` (`code`, `country_code`, `subadmin1_code`, `name`, `active`) VALUES ('LR.11.9645130','LR','LR.11','{\"en\":\"District Number Three\"}',1);
INSERT INTO `__PREFIX__subadmin2` (`code`, `country_code`, `subadmin1_code`, `name`, `active`) VALUES ('LR.11.9645131','LR','LR.11','{\"en\":\"District Number Four\"}',1);
INSERT INTO `__PREFIX__subadmin2` (`code`, `country_code`, `subadmin1_code`, `name`, `active`) VALUES ('LR.09.9645132','LR','LR.09','{\"en\":\"Wee-Gbehy-Mahn\"}',1);
INSERT INTO `__PREFIX__subadmin2` (`code`, `country_code`, `subadmin1_code`, `name`, `active`) VALUES ('LR.09.9645133','LR','LR.09','{\"en\":\"Kparblee District\"}',1);
INSERT INTO `__PREFIX__subadmin2` (`code`, `country_code`, `subadmin1_code`, `name`, `active`) VALUES ('LR.09.9645134','LR','LR.09','{\"en\":\"Boe and Quilla District\"}',1);
INSERT INTO `__PREFIX__subadmin2` (`code`, `country_code`, `subadmin1_code`, `name`, `active`) VALUES ('LR.09.9645135','LR','LR.09','{\"en\":\"Buu-Yao District\"}',1);
INSERT INTO `__PREFIX__subadmin2` (`code`, `country_code`, `subadmin1_code`, `name`, `active`) VALUES ('LR.09.9645136','LR','LR.09','{\"en\":\"Zoe-Gbao District\"}',1);
INSERT INTO `__PREFIX__subadmin2` (`code`, `country_code`, `subadmin1_code`, `name`, `active`) VALUES ('LR.09.9645137','LR','LR.09','{\"en\":\"Gbor District\"}',1);
INSERT INTO `__PREFIX__subadmin2` (`code`, `country_code`, `subadmin1_code`, `name`, `active`) VALUES ('LR.09.9645138','LR','LR.09','{\"en\":\"Leewehpea-Mahn District\"}',1);
INSERT INTO `__PREFIX__subadmin2` (`code`, `country_code`, `subadmin1_code`, `name`, `active`) VALUES ('LR.09.9645139','LR','LR.09','{\"en\":\"Meinpea-Mahn District\"}',1);
INSERT INTO `__PREFIX__subadmin2` (`code`, `country_code`, `subadmin1_code`, `name`, `active`) VALUES ('LR.09.9645140','LR','LR.09','{\"en\":\"Garr-Bain District\"}',1);
INSERT INTO `__PREFIX__subadmin2` (`code`, `country_code`, `subadmin1_code`, `name`, `active`) VALUES ('LR.09.9645141','LR','LR.09','{\"en\":\"Twan River District\"}',1);
INSERT INTO `__PREFIX__subadmin2` (`code`, `country_code`, `subadmin1_code`, `name`, `active`) VALUES ('LR.09.9645142','LR','LR.09','{\"en\":\"Yarpea Mahn District\"}',1);
INSERT INTO `__PREFIX__subadmin2` (`code`, `country_code`, `subadmin1_code`, `name`, `active`) VALUES ('LR.09.9645143','LR','LR.09','{\"en\":\"Yarmein District\"}',1);
INSERT INTO `__PREFIX__subadmin2` (`code`, `country_code`, `subadmin1_code`, `name`, `active`) VALUES ('LR.18.9645144','LR','LR.18','{\"en\":\"Doedain District\"}',1);
INSERT INTO `__PREFIX__subadmin2` (`code`, `country_code`, `subadmin1_code`, `name`, `active`) VALUES ('LR.18.9645145','LR','LR.18','{\"en\":\"Jo River District\"}',1);
INSERT INTO `__PREFIX__subadmin2` (`code`, `country_code`, `subadmin1_code`, `name`, `active`) VALUES ('LR.18.9645146','LR','LR.18','{\"en\":\"Norwein District\"}',1);
INSERT INTO `__PREFIX__subadmin2` (`code`, `country_code`, `subadmin1_code`, `name`, `active`) VALUES ('LR.18.9645147','LR','LR.18','{\"en\":\"Central River Cess District\"}',1);
INSERT INTO `__PREFIX__subadmin2` (`code`, `country_code`, `subadmin1_code`, `name`, `active`) VALUES ('LR.18.9645148','LR','LR.18','{\"en\":\"Fen River District\"}',1);
INSERT INTO `__PREFIX__subadmin2` (`code`, `country_code`, `subadmin1_code`, `name`, `active`) VALUES ('LR.18.9645149','LR','LR.18','{\"en\":\"Zarflahn District\"}',1);
INSERT INTO `__PREFIX__subadmin2` (`code`, `country_code`, `subadmin1_code`, `name`, `active`) VALUES ('LR.18.9645150','LR','LR.18','{\"en\":\"Beawor District\"}',1);
INSERT INTO `__PREFIX__subadmin2` (`code`, `country_code`, `subadmin1_code`, `name`, `active`) VALUES ('LR.18.9645151','LR','LR.18','{\"en\":\"Sam Gbalor District\"}',1);
INSERT INTO `__PREFIX__subadmin2` (`code`, `country_code`, `subadmin1_code`, `name`, `active`) VALUES ('LR.19.9645153','LR','LR.19','{\"en\":\"Gboe-Ploe District\"}',1);
INSERT INTO `__PREFIX__subadmin2` (`code`, `country_code`, `subadmin1_code`, `name`, `active`) VALUES ('LR.19.9645154','LR','LR.19','{\"en\":\"Gbao District\"}',1);
INSERT INTO `__PREFIX__subadmin2` (`code`, `country_code`, `subadmin1_code`, `name`, `active`) VALUES ('LR.19.9645155','LR','LR.19','{\"en\":\"Cavala District\"}',1);
INSERT INTO `__PREFIX__subadmin2` (`code`, `country_code`, `subadmin1_code`, `name`, `active`) VALUES ('LR.10.9645156','LR','LR.10','{\"en\":\"Kulu Shaw Boe District\"}',1);
INSERT INTO `__PREFIX__subadmin2` (`code`, `country_code`, `subadmin1_code`, `name`, `active`) VALUES ('LR.10.9645157','LR','LR.10','{\"en\":\"Plahn Nyarn District\"}',1);
INSERT INTO `__PREFIX__subadmin2` (`code`, `country_code`, `subadmin1_code`, `name`, `active`) VALUES ('LR.10.9645158','LR','LR.10','{\"en\":\"Juarzon District\"}',1);
INSERT INTO `__PREFIX__subadmin2` (`code`, `country_code`, `subadmin1_code`, `name`, `active`) VALUES ('LR.10.9645160','LR','LR.10','{\"en\":\"Pynes Town District\"}',1);
INSERT INTO `__PREFIX__subadmin2` (`code`, `country_code`, `subadmin1_code`, `name`, `active`) VALUES ('LR.10.9645161','LR','LR.10','{\"en\":\"Wedjah District\"}',1);
INSERT INTO `__PREFIX__subadmin2` (`code`, `country_code`, `subadmin1_code`, `name`, `active`) VALUES ('LR.10.9645162','LR','LR.10','{\"en\":\"Greenville District\"}',1);
INSERT INTO `__PREFIX__subadmin2` (`code`, `country_code`, `subadmin1_code`, `name`, `active`) VALUES ('LR.10.9645163','LR','LR.10','{\"en\":\"Kpayan District\"}',1);
INSERT INTO `__PREFIX__subadmin2` (`code`, `country_code`, `subadmin1_code`, `name`, `active`) VALUES ('LR.10.9645164','LR','LR.10','{\"en\":\"Dugbe River District\"}',1);
INSERT INTO `__PREFIX__subadmin2` (`code`, `country_code`, `subadmin1_code`, `name`, `active`) VALUES ('LR.10.9645165','LR','LR.10','{\"en\":\"Bokon District\"}',1);
INSERT INTO `__PREFIX__subadmin2` (`code`, `country_code`, `subadmin1_code`, `name`, `active`) VALUES ('LR.10.9645166','LR','LR.10','{\"en\":\"Jaedae District\"}',1);
INSERT INTO `__PREFIX__subadmin2` (`code`, `country_code`, `subadmin1_code`, `name`, `active`) VALUES ('LR.10.9645167','LR','LR.10','{\"en\":\"Bodae District\"}',1);
INSERT INTO `__PREFIX__subadmin2` (`code`, `country_code`, `subadmin1_code`, `name`, `active`) VALUES ('LR.10.9645168','LR','LR.10','{\"en\":\"Sanquin District Number One\"}',1);
INSERT INTO `__PREFIX__subadmin2` (`code`, `country_code`, `subadmin1_code`, `name`, `active`) VALUES ('LR.10.9645169','LR','LR.10','{\"en\":\"Sanquin District Number Two\"}',1);
INSERT INTO `__PREFIX__subadmin2` (`code`, `country_code`, `subadmin1_code`, `name`, `active`) VALUES ('LR.10.9645170','LR','LR.10','{\"en\":\"Sanquin District Number Three\"}',1);
INSERT INTO `__PREFIX__subadmin2` (`code`, `country_code`, `subadmin1_code`, `name`, `active`) VALUES ('LR.22.9645171','LR','LR.22','{\"en\":\"Karforh District\"}',1);
INSERT INTO `__PREFIX__subadmin2` (`code`, `country_code`, `subadmin1_code`, `name`, `active`) VALUES ('LR.22.9645172','LR','LR.22','{\"en\":\"Nanee District\"}',1);
INSERT INTO `__PREFIX__subadmin2` (`code`, `country_code`, `subadmin1_code`, `name`, `active`) VALUES ('LR.22.9645173','LR','LR.22','{\"en\":\"Nyenawliken District\"}',1);
INSERT INTO `__PREFIX__subadmin2` (`code`, `country_code`, `subadmin1_code`, `name`, `active`) VALUES ('LR.22.9645174','LR','LR.22','{\"en\":\"Potupo District\"}',1);
INSERT INTO `__PREFIX__subadmin2` (`code`, `country_code`, `subadmin1_code`, `name`, `active`) VALUES ('LR.22.9645175','LR','LR.22','{\"en\":\"Nyenebo District\"}',1);
INSERT INTO `__PREFIX__subadmin2` (`code`, `country_code`, `subadmin1_code`, `name`, `active`) VALUES ('LR.16.9645219','LR','LR.16','{\"en\":\"Forpoh District\"}',1);
INSERT INTO `__PREFIX__subadmin2` (`code`, `country_code`, `subadmin1_code`, `name`, `active`) VALUES ('LR.16.9645220','LR','LR.16','{\"en\":\"Wlogba District\"}',1);
INSERT INTO `__PREFIX__subadmin2` (`code`, `country_code`, `subadmin1_code`, `name`, `active`) VALUES ('LR.16.9645221','LR','LR.16','{\"en\":\"Dweh District\"}',1);
INSERT INTO `__PREFIX__subadmin2` (`code`, `country_code`, `subadmin1_code`, `name`, `active`) VALUES ('LR.16.9645222','LR','LR.16','{\"en\":\"Kpi District\"}',1);
INSERT INTO `__PREFIX__subadmin2` (`code`, `country_code`, `subadmin1_code`, `name`, `active`) VALUES ('LR.16.9645223','LR','LR.16','{\"en\":\"Dorbor District\"}',1);
INSERT INTO `__PREFIX__subadmin2` (`code`, `country_code`, `subadmin1_code`, `name`, `active`) VALUES ('LR.16.9645224','LR','LR.16','{\"en\":\"Fenetoe District\"}',1);
INSERT INTO `__PREFIX__subadmin2` (`code`, `country_code`, `subadmin1_code`, `name`, `active`) VALUES ('LR.16.9645225','LR','LR.16','{\"en\":\"Upper Jloh District\"}',1);
INSERT INTO `__PREFIX__subadmin2` (`code`, `country_code`, `subadmin1_code`, `name`, `active`) VALUES ('LR.16.9645226','LR','LR.16','{\"en\":\"Nrokwia-Wesldow District\"}',1);
INSERT INTO `__PREFIX__subadmin2` (`code`, `country_code`, `subadmin1_code`, `name`, `active`) VALUES ('LR.16.9645227','LR','LR.16','{\"en\":\"Felo-Jekwi District\"}',1);
INSERT INTO `__PREFIX__subadmin2` (`code`, `country_code`, `subadmin1_code`, `name`, `active`) VALUES ('LR.16.9645228','LR','LR.16','{\"en\":\"Bleebo District\"}',1);
INSERT INTO `__PREFIX__subadmin2` (`code`, `country_code`, `subadmin1_code`, `name`, `active`) VALUES ('LR.16.9645229','LR','LR.16','{\"en\":\"Trenbo District\"}',1);
INSERT INTO `__PREFIX__subadmin2` (`code`, `country_code`, `subadmin1_code`, `name`, `active`) VALUES ('LR.13.9645230','LR','LR.13','{\"en\":\"Whojah District\"}',1);
INSERT INTO `__PREFIX__subadmin2` (`code`, `country_code`, `subadmin1_code`, `name`, `active`) VALUES ('LR.13.9645231','LR','LR.13','{\"en\":\"Gwelekpoken District\"}',1);
INSERT INTO `__PREFIX__subadmin2` (`code`, `country_code`, `subadmin1_code`, `name`, `active`) VALUES ('LR.13.9645232','LR','LR.13','{\"en\":\"Nyorken District\"}',1);
INSERT INTO `__PREFIX__subadmin2` (`code`, `country_code`, `subadmin1_code`, `name`, `active`) VALUES ('LR.13.9645233','LR','LR.13','{\"en\":\"Karluway Number One District\"}',1);
INSERT INTO `__PREFIX__subadmin2` (`code`, `country_code`, `subadmin1_code`, `name`, `active`) VALUES ('LR.13.9645234','LR','LR.13','{\"en\":\"Karluway Number Two District\"}',1);
/*!40000 ALTER TABLE `__PREFIX__subadmin2` ENABLE KEYS */;

--
-- Dumping data for table `__PREFIX__cities`
--

/*!40000 ALTER TABLE `__PREFIX__cities` DISABLE KEYS */;
INSERT INTO `__PREFIX__cities` (`country_code`, `name`, `longitude`, `latitude`, `feature_class`, `feature_code`, `subadmin1_code`, `subadmin2_code`, `population`, `time_zone`, `active`, `created_at`, `updated_at`) VALUES ('LR','{\"en\":\"Zwedru\"}',-8.14,6.07,'P','PPLA','LR.19',NULL,25678,'Africa/Monrovia',1,'2015-01-06 23:00:00','2015-01-06 23:00:00');
INSERT INTO `__PREFIX__cities` (`country_code`, `name`, `longitude`, `latitude`, `feature_class`, `feature_code`, `subadmin1_code`, `subadmin2_code`, `population`, `time_zone`, `active`, `created_at`, `updated_at`) VALUES ('LR','{\"en\":\"New Yekepa\"}',-8.54,7.58,'P','PPL','LR.09',NULL,24695,'Africa/Monrovia',1,'2012-01-16 23:00:00','2012-01-16 23:00:00');
INSERT INTO `__PREFIX__cities` (`country_code`, `name`, `longitude`, `latitude`, `feature_class`, `feature_code`, `subadmin1_code`, `subadmin2_code`, `population`, `time_zone`, `active`, `created_at`, `updated_at`) VALUES ('LR','{\"en\":\"Voinjama\"}',-9.75,8.42,'P','PPLA','LR.20',NULL,26594,'Africa/Monrovia',1,'2012-01-16 23:00:00','2012-01-16 23:00:00');
INSERT INTO `__PREFIX__cities` (`country_code`, `name`, `longitude`, `latitude`, `feature_class`, `feature_code`, `subadmin1_code`, `subadmin2_code`, `population`, `time_zone`, `active`, `created_at`, `updated_at`) VALUES ('LR','{\"en\":\"Tubmanburg\"}',-10.82,6.87,'P','PPLA','LR.15',NULL,3155,'Africa/Monrovia',1,'2014-11-04 23:00:00','2014-11-04 23:00:00');
INSERT INTO `__PREFIX__cities` (`country_code`, `name`, `longitude`, `latitude`, `feature_class`, `feature_code`, `subadmin1_code`, `subadmin2_code`, `population`, `time_zone`, `active`, `created_at`, `updated_at`) VALUES ('LR','{\"en\":\"Fish Town\"}',-7.88,5.20,'P','PPLA','LR.22',NULL,3328,'Africa/Monrovia',1,'2015-05-05 23:00:00','2015-05-05 23:00:00');
INSERT INTO `__PREFIX__cities` (`country_code`, `name`, `longitude`, `latitude`, `feature_class`, `feature_code`, `subadmin1_code`, `subadmin2_code`, `population`, `time_zone`, `active`, `created_at`, `updated_at`) VALUES ('LR','{\"en\":\"Sanniquellie\"}',-8.71,7.36,'P','PPLA','LR.09',NULL,11415,'Africa/Monrovia',1,'2015-05-05 23:00:00','2015-05-05 23:00:00');
INSERT INTO `__PREFIX__cities` (`country_code`, `name`, `longitude`, `latitude`, `feature_class`, `feature_code`, `subadmin1_code`, `subadmin2_code`, `population`, `time_zone`, `active`, `created_at`, `updated_at`) VALUES ('LR','{\"en\":\"Robertsport\"}',-11.37,6.75,'P','PPLA','LR.12',NULL,11969,'Africa/Monrovia',1,'2014-11-04 23:00:00','2014-11-04 23:00:00');
INSERT INTO `__PREFIX__cities` (`country_code`, `name`, `longitude`, `latitude`, `feature_class`, `feature_code`, `subadmin1_code`, `subadmin2_code`, `population`, `time_zone`, `active`, `created_at`, `updated_at`) VALUES ('LR','{\"en\":\"Cestos City\"}',-9.58,5.46,'P','PPLA','LR.18',NULL,2578,'Africa/Monrovia',1,'2014-12-02 23:00:00','2014-12-02 23:00:00');
INSERT INTO `__PREFIX__cities` (`country_code`, `name`, `longitude`, `latitude`, `feature_class`, `feature_code`, `subadmin1_code`, `subadmin2_code`, `population`, `time_zone`, `active`, `created_at`, `updated_at`) VALUES ('LR','{\"en\":\"Monrovia\"}',-10.80,6.30,'P','PPLC','LR.14',NULL,939524,'Africa/Monrovia',1,'2019-09-04 23:00:00','2019-09-04 23:00:00');
INSERT INTO `__PREFIX__cities` (`country_code`, `name`, `longitude`, `latitude`, `feature_class`, `feature_code`, `subadmin1_code`, `subadmin2_code`, `population`, `time_zone`, `active`, `created_at`, `updated_at`) VALUES ('LR','{\"en\":\"Kakata\"}',-10.35,6.53,'P','PPLA','LR.17',NULL,33945,'Africa/Monrovia',1,'2015-05-05 23:00:00','2015-05-05 23:00:00');
INSERT INTO `__PREFIX__cities` (`country_code`, `name`, `longitude`, `latitude`, `feature_class`, `feature_code`, `subadmin1_code`, `subadmin2_code`, `population`, `time_zone`, `active`, `created_at`, `updated_at`) VALUES ('LR','{\"en\":\"Harper\"}',-7.71,4.38,'P','PPLA','LR.13',NULL,32661,'Africa/Monrovia',1,'2015-07-02 23:00:00','2015-07-02 23:00:00');
INSERT INTO `__PREFIX__cities` (`country_code`, `name`, `longitude`, `latitude`, `feature_class`, `feature_code`, `subadmin1_code`, `subadmin2_code`, `population`, `time_zone`, `active`, `created_at`, `updated_at`) VALUES ('LR','{\"en\":\"Greenville\"}',-9.04,5.01,'P','PPLA','LR.10',NULL,16434,'Africa/Monrovia',1,'2015-05-05 23:00:00','2015-05-05 23:00:00');
INSERT INTO `__PREFIX__cities` (`country_code`, `name`, `longitude`, `latitude`, `feature_class`, `feature_code`, `subadmin1_code`, `subadmin2_code`, `population`, `time_zone`, `active`, `created_at`, `updated_at`) VALUES ('LR','{\"en\":\"Gbarnga\"}',-9.47,7.00,'P','PPLA','LR.01',NULL,45835,'Africa/Monrovia',1,'2015-05-05 23:00:00','2015-05-05 23:00:00');
INSERT INTO `__PREFIX__cities` (`country_code`, `name`, `longitude`, `latitude`, `feature_class`, `feature_code`, `subadmin1_code`, `subadmin2_code`, `population`, `time_zone`, `active`, `created_at`, `updated_at`) VALUES ('LR','{\"en\":\"Ganta\"}',-8.53,7.30,'P','PPL','LR.09',NULL,13802,'Africa/Monrovia',1,'2019-01-08 23:00:00','2019-01-08 23:00:00');
INSERT INTO `__PREFIX__cities` (`country_code`, `name`, `longitude`, `latitude`, `feature_class`, `feature_code`, `subadmin1_code`, `subadmin2_code`, `population`, `time_zone`, `active`, `created_at`, `updated_at`) VALUES ('LR','{\"en\":\"Buchanan\"}',-10.05,5.88,'P','PPLA','LR.11',NULL,25731,'Africa/Monrovia',1,'2018-08-18 23:00:00','2018-08-18 23:00:00');
INSERT INTO `__PREFIX__cities` (`country_code`, `name`, `longitude`, `latitude`, `feature_class`, `feature_code`, `subadmin1_code`, `subadmin2_code`, `population`, `time_zone`, `active`, `created_at`, `updated_at`) VALUES ('LR','{\"en\":\"Bopolu\"}',-10.49,7.07,'P','PPLA','LR.21',NULL,2908,'Africa/Monrovia',1,'2012-01-16 23:00:00','2012-01-16 23:00:00');
INSERT INTO `__PREFIX__cities` (`country_code`, `name`, `longitude`, `latitude`, `feature_class`, `feature_code`, `subadmin1_code`, `subadmin2_code`, `population`, `time_zone`, `active`, `created_at`, `updated_at`) VALUES ('LR','{\"en\":\"Bensonville\"}',-10.61,6.45,'P','PPLA','LR.14',NULL,33188,'Africa/Monrovia',1,'2015-07-02 23:00:00','2015-07-02 23:00:00');
INSERT INTO `__PREFIX__cities` (`country_code`, `name`, `longitude`, `latitude`, `feature_class`, `feature_code`, `subadmin1_code`, `subadmin2_code`, `population`, `time_zone`, `active`, `created_at`, `updated_at`) VALUES ('LR','{\"en\":\"Barclayville\"}',-8.23,4.67,'P','PPLA','LR.16',NULL,2733,'Africa/Monrovia',1,'2014-12-02 23:00:00','2014-12-02 23:00:00');
/*!40000 ALTER TABLE `__PREFIX__cities` ENABLE KEYS */;
/*!40103 SET TIME_ZONE=@OLD_TIME_ZONE */;

/*!40101 SET SQL_MODE=@OLD_SQL_MODE */;
/*!40014 SET FOREIGN_KEY_CHECKS=@OLD_FOREIGN_KEY_CHECKS */;
/*!40014 SET UNIQUE_CHECKS=@OLD_UNIQUE_CHECKS */;
/*!40101 SET CHARACTER_SET_CLIENT=@OLD_CHARACTER_SET_CLIENT */;
/*!40101 SET CHARACTER_SET_RESULTS=@OLD_CHARACTER_SET_RESULTS */;
/*!40101 SET COLLATION_CONNECTION=@OLD_COLLATION_CONNECTION */;
/*!40111 SET SQL_NOTES=@OLD_SQL_NOTES */;

-- Dump completed
