-- MySQL dump 10.13  Distrib 5.7.34, for osx10.12 (x86_64)
--
-- Host: 127.0.0.1    Database: laraclassifier
-- ------------------------------------------------------
-- Server version	5.7.34

/*!40101 SET @OLD_CHARACTER_SET_CLIENT=@@CHARACTER_SET_CLIENT */;
/*!40101 SET @OLD_CHARACTER_SET_RESULTS=@@CHARACTER_SET_RESULTS */;
/*!40101 SET @OLD_COLLATION_CONNECTION=@@COLLATION_CONNECTION */;
/*!40101 SET NAMES utf8 */;
/*!40103 SET @OLD_TIME_ZONE=@@TIME_ZONE */;
/*!40103 SET TIME_ZONE='+00:00' */;
/*!40014 SET @OLD_UNIQUE_CHECKS=@@UNIQUE_CHECKS, UNIQUE_CHECKS=0 */;
/*!40014 SET @OLD_FOREIGN_KEY_CHECKS=@@FOREIGN_KEY_CHECKS, FOREIGN_KEY_CHECKS=0 */;
/*!40101 SET @OLD_SQL_MODE=@@SQL_MODE, SQL_MODE='NO_AUTO_VALUE_ON_ZERO' */;
/*!40111 SET @OLD_SQL_NOTES=@@SQL_NOTES, SQL_NOTES=0 */;

--
-- Dumping data for table `__PREFIX__subadmin1`
--

/*!40000 ALTER TABLE `__PREFIX__subadmin1` DISABLE KEYS */;
INSERT INTO `__PREFIX__subadmin1` (`code`, `country_code`, `name`, `active`) VALUES ('MK.E9','MK','{\"en\":\"Valandovo\"}',1);
INSERT INTO `__PREFIX__subadmin1` (`code`, `country_code`, `name`, `active`) VALUES ('MK.86','MK','{\"en\":\"Resen\"}',1);
INSERT INTO `__PREFIX__subadmin1` (`code`, `country_code`, `name`, `active`) VALUES ('MK.51','MK','{\"en\":\"Kratovo\"}',1);
INSERT INTO `__PREFIX__subadmin1` (`code`, `country_code`, `name`, `active`) VALUES ('MK.78','MK','{\"en\":\"Pehchevo\"}',1);
INSERT INTO `__PREFIX__subadmin1` (`code`, `country_code`, `name`, `active`) VALUES ('MK.72','MK','{\"en\":\"Novo Selo\"}',1);
INSERT INTO `__PREFIX__subadmin1` (`code`, `country_code`, `name`, `active`) VALUES ('MK.11','MK','{\"en\":\"Bosilovo\"}',1);
INSERT INTO `__PREFIX__subadmin1` (`code`, `country_code`, `name`, `active`) VALUES ('MK.A9','MK','{\"en\":\"Vasilevo\"}',1);
INSERT INTO `__PREFIX__subadmin1` (`code`, `country_code`, `name`, `active`) VALUES ('MK.E5','MK','{\"en\":\"Dojran\"}',1);
INSERT INTO `__PREFIX__subadmin1` (`code`, `country_code`, `name`, `active`) VALUES ('MK.08','MK','{\"en\":\"Bogdanci\"}',1);
INSERT INTO `__PREFIX__subadmin1` (`code`, `country_code`, `name`, `active`) VALUES ('MK.47','MK','{\"en\":\"Konche\"}',1);
INSERT INTO `__PREFIX__subadmin1` (`code`, `country_code`, `name`, `active`) VALUES ('MK.62','MK','{\"en\":\"Makedonska Kamenica\"}',1);
INSERT INTO `__PREFIX__subadmin1` (`code`, `country_code`, `name`, `active`) VALUES ('MK.C6','MK','{\"en\":\"Zrnovci\"}',1);
INSERT INTO `__PREFIX__subadmin1` (`code`, `country_code`, `name`, `active`) VALUES ('MK.40','MK','{\"en\":\"Karbinci\"}',1);
INSERT INTO `__PREFIX__subadmin1` (`code`, `country_code`, `name`, `active`) VALUES ('MK.25','MK','{\"en\":\"Demir Kapija\"}',1);
INSERT INTO `__PREFIX__subadmin1` (`code`, `country_code`, `name`, `active`) VALUES ('MK.87','MK','{\"en\":\"Rosoman\"}',1);
INSERT INTO `__PREFIX__subadmin1` (`code`, `country_code`, `name`, `active`) VALUES ('MK.35','MK','{\"en\":\"Gradsko\"}',1);
INSERT INTO `__PREFIX__subadmin1` (`code`, `country_code`, `name`, `active`) VALUES ('MK.60','MK','{\"en\":\"Lozovo\"}',1);
INSERT INTO `__PREFIX__subadmin1` (`code`, `country_code`, `name`, `active`) VALUES ('MK.19','MK','{\"en\":\"Češinovo-Obleševo\"}',1);
INSERT INTO `__PREFIX__subadmin1` (`code`, `country_code`, `name`, `active`) VALUES ('MK.E1','MK','{\"en\":\"Novaci\"}',1);
INSERT INTO `__PREFIX__subadmin1` (`code`, `country_code`, `name`, `active`) VALUES ('MK.04','MK','{\"en\":\"Berovo\"}',1);
INSERT INTO `__PREFIX__subadmin1` (`code`, `country_code`, `name`, `active`) VALUES ('MK.06','MK','{\"en\":\"Bitola\"}',1);
INSERT INTO `__PREFIX__subadmin1` (`code`, `country_code`, `name`, `active`) VALUES ('MK.D9','MK','{\"en\":\"Mogila\"}',1);
INSERT INTO `__PREFIX__subadmin1` (`code`, `country_code`, `name`, `active`) VALUES ('MK.01','MK','{\"en\":\"Arachinovo\"}',1);
INSERT INTO `__PREFIX__subadmin1` (`code`, `country_code`, `name`, `active`) VALUES ('MK.C7','MK','{\"en\":\"Bogovinje\"}',1);
INSERT INTO `__PREFIX__subadmin1` (`code`, `country_code`, `name`, `active`) VALUES ('MK.12','MK','{\"en\":\"Brvenica\"}',1);
INSERT INTO `__PREFIX__subadmin1` (`code`, `country_code`, `name`, `active`) VALUES ('MK.C9','MK','{\"en\":\"Chashka\"}',1);
INSERT INTO `__PREFIX__subadmin1` (`code`, `country_code`, `name`, `active`) VALUES ('MK.18','MK','{\"en\":\"Centar Zhupa\"}',1);
INSERT INTO `__PREFIX__subadmin1` (`code`, `country_code`, `name`, `active`) VALUES ('MK.20','MK','{\"en\":\"Chucher Sandevo\"}',1);
INSERT INTO `__PREFIX__subadmin1` (`code`, `country_code`, `name`, `active`) VALUES ('MK.D2','MK','{\"en\":\"Debar\"}',1);
INSERT INTO `__PREFIX__subadmin1` (`code`, `country_code`, `name`, `active`) VALUES ('MK.22','MK','{\"en\":\"Delchevo\"}',1);
INSERT INTO `__PREFIX__subadmin1` (`code`, `country_code`, `name`, `active`) VALUES ('MK.D3','MK','{\"en\":\"Demir Hisar\"}',1);
INSERT INTO `__PREFIX__subadmin1` (`code`, `country_code`, `name`, `active`) VALUES ('MK.28','MK','{\"en\":\"Dolneni\"}',1);
INSERT INTO `__PREFIX__subadmin1` (`code`, `country_code`, `name`, `active`) VALUES ('MK.33','MK','{\"en\":\"Gevgelija\"}',1);
INSERT INTO `__PREFIX__subadmin1` (`code`, `country_code`, `name`, `active`) VALUES ('MK.D4','MK','{\"en\":\"Gostivar\"}',1);
INSERT INTO `__PREFIX__subadmin1` (`code`, `country_code`, `name`, `active`) VALUES ('MK.36','MK','{\"en\":\"Ilinden\"}',1);
INSERT INTO `__PREFIX__subadmin1` (`code`, `country_code`, `name`, `active`) VALUES ('MK.D5','MK','{\"en\":\"Jegunovce\"}',1);
INSERT INTO `__PREFIX__subadmin1` (`code`, `country_code`, `name`, `active`) VALUES ('MK.D6','MK','{\"en\":\"Kavadarci\"}',1);
INSERT INTO `__PREFIX__subadmin1` (`code`, `country_code`, `name`, `active`) VALUES ('MK.43','MK','{\"en\":\"Kichevo\"}',1);
INSERT INTO `__PREFIX__subadmin1` (`code`, `country_code`, `name`, `active`) VALUES ('MK.46','MK','{\"en\":\"Kochani\"}',1);
INSERT INTO `__PREFIX__subadmin1` (`code`, `country_code`, `name`, `active`) VALUES ('MK.52','MK','{\"en\":\"Kriva Palanka\"}',1);
INSERT INTO `__PREFIX__subadmin1` (`code`, `country_code`, `name`, `active`) VALUES ('MK.53','MK','{\"en\":\"Krivogashtani\"}',1);
INSERT INTO `__PREFIX__subadmin1` (`code`, `country_code`, `name`, `active`) VALUES ('MK.54','MK','{\"en\":\"Krushevo\"}',1);
INSERT INTO `__PREFIX__subadmin1` (`code`, `country_code`, `name`, `active`) VALUES ('MK.D7','MK','{\"en\":\"Kumanovo\"}',1);
INSERT INTO `__PREFIX__subadmin1` (`code`, `country_code`, `name`, `active`) VALUES ('MK.59','MK','{\"en\":\"Lipkovo\"}',1);
INSERT INTO `__PREFIX__subadmin1` (`code`, `country_code`, `name`, `active`) VALUES ('MK.D8','MK','{\"en\":\"Makedonski Brod\"}',1);
INSERT INTO `__PREFIX__subadmin1` (`code`, `country_code`, `name`, `active`) VALUES ('MK.69','MK','{\"en\":\"Negotino\"}',1);
INSERT INTO `__PREFIX__subadmin1` (`code`, `country_code`, `name`, `active`) VALUES ('MK.E2','MK','{\"en\":\"Ohrid\"}',1);
INSERT INTO `__PREFIX__subadmin1` (`code`, `country_code`, `name`, `active`) VALUES ('MK.79','MK','{\"en\":\"Petrovec\"}',1);
INSERT INTO `__PREFIX__subadmin1` (`code`, `country_code`, `name`, `active`) VALUES ('MK.80','MK','{\"en\":\"Plasnica\"}',1);
INSERT INTO `__PREFIX__subadmin1` (`code`, `country_code`, `name`, `active`) VALUES ('MK.E3','MK','{\"en\":\"Prilep\"}',1);
INSERT INTO `__PREFIX__subadmin1` (`code`, `country_code`, `name`, `active`) VALUES ('MK.83','MK','{\"en\":\"Probishtip\"}',1);
INSERT INTO `__PREFIX__subadmin1` (`code`, `country_code`, `name`, `active`) VALUES ('MK.84','MK','{\"en\":\"Radovish\"}',1);
INSERT INTO `__PREFIX__subadmin1` (`code`, `country_code`, `name`, `active`) VALUES ('MK.85','MK','{\"en\":\"Rankovce\"}',1);
INSERT INTO `__PREFIX__subadmin1` (`code`, `country_code`, `name`, `active`) VALUES ('MK.E4','MK','{\"en\":\"Mavrovo and Rostuša\"}',1);
INSERT INTO `__PREFIX__subadmin1` (`code`, `country_code`, `name`, `active`) VALUES ('MK.92','MK','{\"en\":\"Sopište\"}',1);
INSERT INTO `__PREFIX__subadmin1` (`code`, `country_code`, `name`, `active`) VALUES ('MK.97','MK','{\"en\":\"Staro Nagorichane\"}',1);
INSERT INTO `__PREFIX__subadmin1` (`code`, `country_code`, `name`, `active`) VALUES ('MK.98','MK','{\"en\":\"Shtip\"}',1);
INSERT INTO `__PREFIX__subadmin1` (`code`, `country_code`, `name`, `active`) VALUES ('MK.E6','MK','{\"en\":\"Struga\"}',1);
INSERT INTO `__PREFIX__subadmin1` (`code`, `country_code`, `name`, `active`) VALUES ('MK.E7','MK','{\"en\":\"Strumica\"}',1);
INSERT INTO `__PREFIX__subadmin1` (`code`, `country_code`, `name`, `active`) VALUES ('MK.A2','MK','{\"en\":\"Studenichani\"}',1);
INSERT INTO `__PREFIX__subadmin1` (`code`, `country_code`, `name`, `active`) VALUES ('MK.A4','MK','{\"en\":\"Sveti Nikole\"}',1);
INSERT INTO `__PREFIX__subadmin1` (`code`, `country_code`, `name`, `active`) VALUES ('MK.A5','MK','{\"en\":\"Tearce\"}',1);
INSERT INTO `__PREFIX__subadmin1` (`code`, `country_code`, `name`, `active`) VALUES ('MK.E8','MK','{\"en\":\"Tetovo\"}',1);
INSERT INTO `__PREFIX__subadmin1` (`code`, `country_code`, `name`, `active`) VALUES ('MK.F1','MK','{\"en\":\"Veles\"}',1);
INSERT INTO `__PREFIX__subadmin1` (`code`, `country_code`, `name`, `active`) VALUES ('MK.B3','MK','{\"en\":\"Vevchani\"}',1);
INSERT INTO `__PREFIX__subadmin1` (`code`, `country_code`, `name`, `active`) VALUES ('MK.B4','MK','{\"en\":\"Vinica\"}',1);
INSERT INTO `__PREFIX__subadmin1` (`code`, `country_code`, `name`, `active`) VALUES ('MK.B7','MK','{\"en\":\"Vrapchishte\"}',1);
INSERT INTO `__PREFIX__subadmin1` (`code`, `country_code`, `name`, `active`) VALUES ('MK.C2','MK','{\"en\":\"Zelenikovo\"}',1);
INSERT INTO `__PREFIX__subadmin1` (`code`, `country_code`, `name`, `active`) VALUES ('MK.C3','MK','{\"en\":\"Zhelino\"}',1);
INSERT INTO `__PREFIX__subadmin1` (`code`, `country_code`, `name`, `active`) VALUES ('MK.F5','MK','{\"en\":\"Debarca\"}',1);
INSERT INTO `__PREFIX__subadmin1` (`code`, `country_code`, `name`, `active`) VALUES ('MK.F6','MK','{\"en\":\"Grad Skopje\"}',1);
/*!40000 ALTER TABLE `__PREFIX__subadmin1` ENABLE KEYS */;

--
-- Dumping data for table `__PREFIX__subadmin2`
--

/*!40000 ALTER TABLE `__PREFIX__subadmin2` DISABLE KEYS */;
INSERT INTO `__PREFIX__subadmin2` (`code`, `country_code`, `subadmin1_code`, `name`, `active`) VALUES ('MK.F6.C8','MK','MK.F6','{\"en\":\"Čair\"}',1);
INSERT INTO `__PREFIX__subadmin2` (`code`, `country_code`, `subadmin1_code`, `name`, `active`) VALUES ('MK.F6.D1','MK','MK.F6','{\"en\":\"Opština Centar\"}',1);
INSERT INTO `__PREFIX__subadmin2` (`code`, `country_code`, `subadmin1_code`, `name`, `active`) VALUES ('MK.F6.29','MK','MK.F6','{\"en\":\"Opstina Gjorce Petrov\"}',1);
INSERT INTO `__PREFIX__subadmin2` (`code`, `country_code`, `subadmin1_code`, `name`, `active`) VALUES ('MK.F6.32','MK','MK.F6','{\"en\":\"Gazi Baba\"}',1);
INSERT INTO `__PREFIX__subadmin2` (`code`, `country_code`, `subadmin1_code`, `name`, `active`) VALUES ('MK.F6.41','MK','MK.F6','{\"en\":\"Opština Karpoš\"}',1);
INSERT INTO `__PREFIX__subadmin2` (`code`, `country_code`, `subadmin1_code`, `name`, `active`) VALUES ('MK.F6.44','MK','MK.F6','{\"en\":\"Kisela Voda\"}',1);
INSERT INTO `__PREFIX__subadmin2` (`code`, `country_code`, `subadmin1_code`, `name`, `active`) VALUES ('MK.F6.90','MK','MK.F6','{\"en\":\"Saraj\"}',1);
INSERT INTO `__PREFIX__subadmin2` (`code`, `country_code`, `subadmin1_code`, `name`, `active`) VALUES ('MK.F6.A3','MK','MK.F6','{\"en\":\"Šuto Orizari\"}',1);
INSERT INTO `__PREFIX__subadmin2` (`code`, `country_code`, `subadmin1_code`, `name`, `active`) VALUES ('MK.F6.F3','MK','MK.F6','{\"en\":\"Aerodrom\"}',1);
INSERT INTO `__PREFIX__subadmin2` (`code`, `country_code`, `subadmin1_code`, `name`, `active`) VALUES ('MK.F6.F4','MK','MK.F6','{\"en\":\"Butel\"}',1);
/*!40000 ALTER TABLE `__PREFIX__subadmin2` ENABLE KEYS */;

--
-- Dumping data for table `__PREFIX__cities`
--

/*!40000 ALTER TABLE `__PREFIX__cities` DISABLE KEYS */;
INSERT INTO `__PREFIX__cities` (`country_code`, `name`, `longitude`, `latitude`, `feature_class`, `feature_code`, `subadmin1_code`, `subadmin2_code`, `population`, `time_zone`, `active`, `created_at`, `updated_at`) VALUES ('MK','{\"en\":\"Zrnovci\"}',22.44,41.85,'P','PPLA','MK.C6',NULL,3236,'Europe/Skopje',1,'2014-08-05 23:00:00','2014-08-05 23:00:00');
INSERT INTO `__PREFIX__cities` (`country_code`, `name`, `longitude`, `latitude`, `feature_class`, `feature_code`, `subadmin1_code`, `subadmin2_code`, `population`, `time_zone`, `active`, `created_at`, `updated_at`) VALUES ('MK','{\"en\":\"Zelino\"}',21.06,41.98,'P','PPLA','MK.C3',NULL,25422,'Europe/Skopje',1,'2017-08-21 23:00:00','2017-08-21 23:00:00');
INSERT INTO `__PREFIX__cities` (`country_code`, `name`, `longitude`, `latitude`, `feature_class`, `feature_code`, `subadmin1_code`, `subadmin2_code`, `population`, `time_zone`, `active`, `created_at`, `updated_at`) VALUES ('MK','{\"en\":\"Zelenikovo\"}',21.59,41.88,'P','PPLA','MK.C2',NULL,4020,'Europe/Skopje',1,'2017-09-04 23:00:00','2017-09-04 23:00:00');
INSERT INTO `__PREFIX__cities` (`country_code`, `name`, `longitude`, `latitude`, `feature_class`, `feature_code`, `subadmin1_code`, `subadmin2_code`, `population`, `time_zone`, `active`, `created_at`, `updated_at`) VALUES ('MK','{\"en\":\"Zajas\"}',20.94,41.61,'P','PPL','MK.43',NULL,12218,'Europe/Skopje',1,'2014-11-05 23:00:00','2014-11-05 23:00:00');
INSERT INTO `__PREFIX__cities` (`country_code`, `name`, `longitude`, `latitude`, `feature_class`, `feature_code`, `subadmin1_code`, `subadmin2_code`, `population`, `time_zone`, `active`, `created_at`, `updated_at`) VALUES ('MK','{\"en\":\"Vrutok\"}',20.84,41.77,'P','PPL','MK.D4',NULL,5999,'Europe/Skopje',1,'2014-09-30 23:00:00','2014-09-30 23:00:00');
INSERT INTO `__PREFIX__cities` (`country_code`, `name`, `longitude`, `latitude`, `feature_class`, `feature_code`, `subadmin1_code`, `subadmin2_code`, `population`, `time_zone`, `active`, `created_at`, `updated_at`) VALUES ('MK','{\"en\":\"Vrapčište\"}',20.89,41.83,'P','PPLA','MK.B7',NULL,8652,'Europe/Skopje',1,'2014-09-30 23:00:00','2014-09-30 23:00:00');
INSERT INTO `__PREFIX__cities` (`country_code`, `name`, `longitude`, `latitude`, `feature_class`, `feature_code`, `subadmin1_code`, `subadmin2_code`, `population`, `time_zone`, `active`, `created_at`, `updated_at`) VALUES ('MK','{\"en\":\"Vinica\"}',22.51,41.88,'P','PPLA','MK.B4',NULL,18218,'Europe/Skopje',1,'2014-08-05 23:00:00','2014-08-05 23:00:00');
INSERT INTO `__PREFIX__cities` (`country_code`, `name`, `longitude`, `latitude`, `feature_class`, `feature_code`, `subadmin1_code`, `subadmin2_code`, `population`, `time_zone`, `active`, `created_at`, `updated_at`) VALUES ('MK','{\"en\":\"Vevčani\"}',20.59,41.24,'P','PPLA','MK.B3',NULL,2429,'Europe/Skopje',1,'2012-12-05 23:00:00','2012-12-05 23:00:00');
INSERT INTO `__PREFIX__cities` (`country_code`, `name`, `longitude`, `latitude`, `feature_class`, `feature_code`, `subadmin1_code`, `subadmin2_code`, `population`, `time_zone`, `active`, `created_at`, `updated_at`) VALUES ('MK','{\"en\":\"Velesta\"}',20.64,41.24,'P','PPL','MK.E6',NULL,8646,'Europe/Skopje',1,'2019-02-25 23:00:00','2019-02-25 23:00:00');
INSERT INTO `__PREFIX__cities` (`country_code`, `name`, `longitude`, `latitude`, `feature_class`, `feature_code`, `subadmin1_code`, `subadmin2_code`, `population`, `time_zone`, `active`, `created_at`, `updated_at`) VALUES ('MK','{\"en\":\"Vasilevo\"}',22.64,41.47,'P','PPLA','MK.A9',NULL,12382,'Europe/Skopje',1,'2017-09-04 23:00:00','2017-09-04 23:00:00');
INSERT INTO `__PREFIX__cities` (`country_code`, `name`, `longitude`, `latitude`, `feature_class`, `feature_code`, `subadmin1_code`, `subadmin2_code`, `population`, `time_zone`, `active`, `created_at`, `updated_at`) VALUES ('MK','{\"en\":\"Valandovo\"}',22.56,41.32,'P','PPLA','MK.E9',NULL,3798,'Europe/Skopje',1,'2014-06-04 23:00:00','2014-06-04 23:00:00');
INSERT INTO `__PREFIX__cities` (`country_code`, `name`, `longitude`, `latitude`, `feature_class`, `feature_code`, `subadmin1_code`, `subadmin2_code`, `population`, `time_zone`, `active`, `created_at`, `updated_at`) VALUES ('MK','{\"en\":\"Veles\"}',21.78,41.72,'P','PPLA','MK.F1',NULL,57873,'Europe/Skopje',1,'2014-04-05 23:00:00','2014-04-05 23:00:00');
INSERT INTO `__PREFIX__cities` (`country_code`, `name`, `longitude`, `latitude`, `feature_class`, `feature_code`, `subadmin1_code`, `subadmin2_code`, `population`, `time_zone`, `active`, `created_at`, `updated_at`) VALUES ('MK','{\"en\":\"Tetovo\"}',20.97,42.01,'P','PPLA','MK.E8',NULL,72944,'Europe/Skopje',1,'2019-09-04 23:00:00','2019-09-04 23:00:00');
INSERT INTO `__PREFIX__cities` (`country_code`, `name`, `longitude`, `latitude`, `feature_class`, `feature_code`, `subadmin1_code`, `subadmin2_code`, `population`, `time_zone`, `active`, `created_at`, `updated_at`) VALUES ('MK','{\"en\":\"Tearce\"}',21.05,42.08,'P','PPLA','MK.A5',NULL,23096,'Europe/Skopje',1,'2017-09-04 23:00:00','2017-09-04 23:00:00');
INSERT INTO `__PREFIX__cities` (`country_code`, `name`, `longitude`, `latitude`, `feature_class`, `feature_code`, `subadmin1_code`, `subadmin2_code`, `population`, `time_zone`, `active`, `created_at`, `updated_at`) VALUES ('MK','{\"en\":\"Sveti Nikole\"}',21.95,41.87,'P','PPLA','MK.A4',NULL,13292,'Europe/Skopje',1,'2011-08-14 23:00:00','2011-08-14 23:00:00');
INSERT INTO `__PREFIX__cities` (`country_code`, `name`, `longitude`, `latitude`, `feature_class`, `feature_code`, `subadmin1_code`, `subadmin2_code`, `population`, `time_zone`, `active`, `created_at`, `updated_at`) VALUES ('MK','{\"en\":\"Studeničani\"}',21.53,41.92,'P','PPLA','MK.A2',NULL,18219,'Europe/Skopje',1,'2021-10-22 23:00:00','2021-10-22 23:00:00');
INSERT INTO `__PREFIX__cities` (`country_code`, `name`, `longitude`, `latitude`, `feature_class`, `feature_code`, `subadmin1_code`, `subadmin2_code`, `population`, `time_zone`, `active`, `created_at`, `updated_at`) VALUES ('MK','{\"en\":\"Strumica\"}',22.64,41.44,'P','PPLA','MK.E7',NULL,45508,'Europe/Skopje',1,'2014-06-04 23:00:00','2014-06-04 23:00:00');
INSERT INTO `__PREFIX__cities` (`country_code`, `name`, `longitude`, `latitude`, `feature_class`, `feature_code`, `subadmin1_code`, `subadmin2_code`, `population`, `time_zone`, `active`, `created_at`, `updated_at`) VALUES ('MK','{\"en\":\"Struga\"}',20.68,41.18,'P','PPLA','MK.E6',NULL,37387,'Europe/Skopje',1,'2019-09-04 23:00:00','2019-09-04 23:00:00');
INSERT INTO `__PREFIX__cities` (`country_code`, `name`, `longitude`, `latitude`, `feature_class`, `feature_code`, `subadmin1_code`, `subadmin2_code`, `population`, `time_zone`, `active`, `created_at`, `updated_at`) VALUES ('MK','{\"en\":\"Shtip\"}',22.20,41.75,'P','PPLA','MK.98',NULL,48279,'Europe/Skopje',1,'2011-08-14 23:00:00','2011-08-14 23:00:00');
INSERT INTO `__PREFIX__cities` (`country_code`, `name`, `longitude`, `latitude`, `feature_class`, `feature_code`, `subadmin1_code`, `subadmin2_code`, `population`, `time_zone`, `active`, `created_at`, `updated_at`) VALUES ('MK','{\"en\":\"Старо Нагоричане\"}',21.83,42.20,'P','PPLA','MK.97',NULL,4112,'Europe/Skopje',1,'2006-10-03 23:00:00','2006-10-03 23:00:00');
INSERT INTO `__PREFIX__cities` (`country_code`, `name`, `longitude`, `latitude`, `feature_class`, `feature_code`, `subadmin1_code`, `subadmin2_code`, `population`, `time_zone`, `active`, `created_at`, `updated_at`) VALUES ('MK','{\"en\":\"Star Dojran\"}',22.72,41.19,'P','PPLA','MK.E5',NULL,3348,'Europe/Skopje',1,'2012-11-07 23:00:00','2012-11-07 23:00:00');
INSERT INTO `__PREFIX__cities` (`country_code`, `name`, `longitude`, `latitude`, `feature_class`, `feature_code`, `subadmin1_code`, `subadmin2_code`, `population`, `time_zone`, `active`, `created_at`, `updated_at`) VALUES ('MK','{\"en\":\"Sopište\"}',21.43,41.95,'P','PPLA','MK.92',NULL,9460,'Europe/Skopje',1,'2020-12-09 23:00:00','2020-12-09 23:00:00');
INSERT INTO `__PREFIX__cities` (`country_code`, `name`, `longitude`, `latitude`, `feature_class`, `feature_code`, `subadmin1_code`, `subadmin2_code`, `population`, `time_zone`, `active`, `created_at`, `updated_at`) VALUES ('MK','{\"en\":\"Skopje\"}',21.43,42.00,'P','PPLC','MK.F6',NULL,474889,'Europe/Skopje',1,'2019-10-03 23:00:00','2019-10-03 23:00:00');
INSERT INTO `__PREFIX__cities` (`country_code`, `name`, `longitude`, `latitude`, `feature_class`, `feature_code`, `subadmin1_code`, `subadmin2_code`, `population`, `time_zone`, `active`, `created_at`, `updated_at`) VALUES ('MK','{\"en\":\"Šipkovica\"}',20.92,42.03,'P','PPL','MK.E8',NULL,8228,'Europe/Skopje',1,'2020-06-10 23:00:00','2020-06-10 23:00:00');
INSERT INTO `__PREFIX__cities` (`country_code`, `name`, `longitude`, `latitude`, `feature_class`, `feature_code`, `subadmin1_code`, `subadmin2_code`, `population`, `time_zone`, `active`, `created_at`, `updated_at`) VALUES ('MK','{\"en\":\"Saraj\"}',21.33,42.00,'P','PPLX','MK.F6',NULL,25379,'Europe/Skopje',1,'2017-09-04 23:00:00','2017-09-04 23:00:00');
INSERT INTO `__PREFIX__cities` (`country_code`, `name`, `longitude`, `latitude`, `feature_class`, `feature_code`, `subadmin1_code`, `subadmin2_code`, `population`, `time_zone`, `active`, `created_at`, `updated_at`) VALUES ('MK','{\"en\":\"Rostusa\"}',20.60,41.61,'P','PPLA','MK.E4',NULL,9147,'Europe/Skopje',1,'2017-08-21 23:00:00','2017-08-21 23:00:00');
INSERT INTO `__PREFIX__cities` (`country_code`, `name`, `longitude`, `latitude`, `feature_class`, `feature_code`, `subadmin1_code`, `subadmin2_code`, `population`, `time_zone`, `active`, `created_at`, `updated_at`) VALUES ('MK','{\"en\":\"Rosoman\"}',21.95,41.52,'P','PPLA','MK.87',NULL,4106,'Europe/Skopje',1,'2014-04-29 23:00:00','2014-04-29 23:00:00');
INSERT INTO `__PREFIX__cities` (`country_code`, `name`, `longitude`, `latitude`, `feature_class`, `feature_code`, `subadmin1_code`, `subadmin2_code`, `population`, `time_zone`, `active`, `created_at`, `updated_at`) VALUES ('MK','{\"en\":\"Resen\"}',21.01,41.09,'P','PPLA','MK.86',NULL,16539,'Europe/Skopje',1,'2017-09-04 23:00:00','2017-09-04 23:00:00');
INSERT INTO `__PREFIX__cities` (`country_code`, `name`, `longitude`, `latitude`, `feature_class`, `feature_code`, `subadmin1_code`, `subadmin2_code`, `population`, `time_zone`, `active`, `created_at`, `updated_at`) VALUES ('MK','{\"en\":\"Rankovce\"}',22.12,42.17,'P','PPLA','MK.85',NULL,4071,'Europe/Skopje',1,'2021-11-18 23:00:00','2021-11-18 23:00:00');
INSERT INTO `__PREFIX__cities` (`country_code`, `name`, `longitude`, `latitude`, `feature_class`, `feature_code`, `subadmin1_code`, `subadmin2_code`, `population`, `time_zone`, `active`, `created_at`, `updated_at`) VALUES ('MK','{\"en\":\"Radovis\"}',22.46,41.64,'P','PPLA','MK.84',NULL,24984,'Europe/Skopje',1,'2017-08-21 23:00:00','2017-08-21 23:00:00');
INSERT INTO `__PREFIX__cities` (`country_code`, `name`, `longitude`, `latitude`, `feature_class`, `feature_code`, `subadmin1_code`, `subadmin2_code`, `population`, `time_zone`, `active`, `created_at`, `updated_at`) VALUES ('MK','{\"en\":\"Radishani\"}',21.45,42.06,'P','PPL','MK.F6','MK.F6.F4',9123,'Europe/Skopje',1,'2019-10-03 23:00:00','2019-10-03 23:00:00');
INSERT INTO `__PREFIX__cities` (`country_code`, `name`, `longitude`, `latitude`, `feature_class`, `feature_code`, `subadmin1_code`, `subadmin2_code`, `population`, `time_zone`, `active`, `created_at`, `updated_at`) VALUES ('MK','{\"en\":\"Probishtip\"}',22.18,42.00,'P','PPLA','MK.83',NULL,12702,'Europe/Skopje',1,'2011-08-14 23:00:00','2011-08-14 23:00:00');
INSERT INTO `__PREFIX__cities` (`country_code`, `name`, `longitude`, `latitude`, `feature_class`, `feature_code`, `subadmin1_code`, `subadmin2_code`, `population`, `time_zone`, `active`, `created_at`, `updated_at`) VALUES ('MK','{\"en\":\"Prilep\"}',21.56,41.35,'P','PPLA','MK.E3',NULL,73814,'Europe/Skopje',1,'2014-03-07 23:00:00','2014-03-07 23:00:00');
INSERT INTO `__PREFIX__cities` (`country_code`, `name`, `longitude`, `latitude`, `feature_class`, `feature_code`, `subadmin1_code`, `subadmin2_code`, `population`, `time_zone`, `active`, `created_at`, `updated_at`) VALUES ('MK','{\"en\":\"Plasnica\"}',21.12,41.47,'P','PPLA','MK.80',NULL,4574,'Europe/Skopje',1,'2017-09-04 23:00:00','2017-09-04 23:00:00');
INSERT INTO `__PREFIX__cities` (`country_code`, `name`, `longitude`, `latitude`, `feature_class`, `feature_code`, `subadmin1_code`, `subadmin2_code`, `population`, `time_zone`, `active`, `created_at`, `updated_at`) VALUES ('MK','{\"en\":\"Петровец\"}',21.61,41.94,'P','PPLA','MK.79',NULL,8298,'Europe/Skopje',1,'2006-10-03 23:00:00','2006-10-03 23:00:00');
INSERT INTO `__PREFIX__cities` (`country_code`, `name`, `longitude`, `latitude`, `feature_class`, `feature_code`, `subadmin1_code`, `subadmin2_code`, `population`, `time_zone`, `active`, `created_at`, `updated_at`) VALUES ('MK','{\"en\":\"Pehčevo\"}',22.89,41.76,'P','PPLA','MK.78',NULL,2440,'Europe/Skopje',1,'2015-08-06 23:00:00','2015-08-06 23:00:00');
INSERT INTO `__PREFIX__cities` (`country_code`, `name`, `longitude`, `latitude`, `feature_class`, `feature_code`, `subadmin1_code`, `subadmin2_code`, `population`, `time_zone`, `active`, `created_at`, `updated_at`) VALUES ('MK','{\"en\":\"Ohrid\"}',20.80,41.12,'P','PPLA','MK.E2',NULL,54908,'Europe/Skopje',1,'2019-09-04 23:00:00','2019-09-04 23:00:00');
INSERT INTO `__PREFIX__cities` (`country_code`, `name`, `longitude`, `latitude`, `feature_class`, `feature_code`, `subadmin1_code`, `subadmin2_code`, `population`, `time_zone`, `active`, `created_at`, `updated_at`) VALUES ('MK','{\"en\":\"Novo Selo\"}',22.88,41.41,'P','PPLA','MK.72',NULL,11818,'Europe/Skopje',1,'2017-09-04 23:00:00','2017-09-04 23:00:00');
INSERT INTO `__PREFIX__cities` (`country_code`, `name`, `longitude`, `latitude`, `feature_class`, `feature_code`, `subadmin1_code`, `subadmin2_code`, `population`, `time_zone`, `active`, `created_at`, `updated_at`) VALUES ('MK','{\"en\":\"Novaci\"}',21.46,41.04,'P','PPLA','MK.E1',NULL,2357,'Europe/Skopje',1,'2014-03-07 23:00:00','2014-03-07 23:00:00');
INSERT INTO `__PREFIX__cities` (`country_code`, `name`, `longitude`, `latitude`, `feature_class`, `feature_code`, `subadmin1_code`, `subadmin2_code`, `population`, `time_zone`, `active`, `created_at`, `updated_at`) VALUES ('MK','{\"en\":\"Negotino\"}',20.88,41.88,'P','PPL','MK.B7',NULL,17518,'Europe/Skopje',1,'2017-09-04 23:00:00','2017-09-04 23:00:00');
INSERT INTO `__PREFIX__cities` (`country_code`, `name`, `longitude`, `latitude`, `feature_class`, `feature_code`, `subadmin1_code`, `subadmin2_code`, `population`, `time_zone`, `active`, `created_at`, `updated_at`) VALUES ('MK','{\"en\":\"Negotino\"}',22.09,41.48,'P','PPLA','MK.69',NULL,19515,'Europe/Skopje',1,'2014-04-29 23:00:00','2014-04-29 23:00:00');
INSERT INTO `__PREFIX__cities` (`country_code`, `name`, `longitude`, `latitude`, `feature_class`, `feature_code`, `subadmin1_code`, `subadmin2_code`, `population`, `time_zone`, `active`, `created_at`, `updated_at`) VALUES ('MK','{\"en\":\"Demir Hisar\"}',21.20,41.22,'P','PPLA','MK.D3',NULL,2283,'Europe/Skopje',1,'2014-02-09 23:00:00','2014-02-09 23:00:00');
INSERT INTO `__PREFIX__cities` (`country_code`, `name`, `longitude`, `latitude`, `feature_class`, `feature_code`, `subadmin1_code`, `subadmin2_code`, `population`, `time_zone`, `active`, `created_at`, `updated_at`) VALUES ('MK','{\"en\":\"Mogila\"}',21.38,41.11,'P','PPLA','MK.D9',NULL,4392,'Europe/Skopje',1,'2017-09-04 23:00:00','2017-09-04 23:00:00');
INSERT INTO `__PREFIX__cities` (`country_code`, `name`, `longitude`, `latitude`, `feature_class`, `feature_code`, `subadmin1_code`, `subadmin2_code`, `population`, `time_zone`, `active`, `created_at`, `updated_at`) VALUES ('MK','{\"en\":\"Lipkovo\"}',21.59,42.16,'P','PPLA','MK.59',NULL,28102,'Europe/Skopje',1,'2017-09-04 23:00:00','2017-09-04 23:00:00');
INSERT INTO `__PREFIX__cities` (`country_code`, `name`, `longitude`, `latitude`, `feature_class`, `feature_code`, `subadmin1_code`, `subadmin2_code`, `population`, `time_zone`, `active`, `created_at`, `updated_at`) VALUES ('MK','{\"en\":\"Labunista\"}',20.60,41.27,'P','PPLA2','MK.E6','MK.E6.7887118',8805,'Europe/Skopje',1,'2018-02-16 23:00:00','2018-02-16 23:00:00');
INSERT INTO `__PREFIX__cities` (`country_code`, `name`, `longitude`, `latitude`, `feature_class`, `feature_code`, `subadmin1_code`, `subadmin2_code`, `population`, `time_zone`, `active`, `created_at`, `updated_at`) VALUES ('MK','{\"en\":\"Kumanovo\"}',21.71,42.13,'P','PPLA','MK.D7',NULL,76275,'Europe/Skopje',1,'2019-09-04 23:00:00','2019-09-04 23:00:00');
INSERT INTO `__PREFIX__cities` (`country_code`, `name`, `longitude`, `latitude`, `feature_class`, `feature_code`, `subadmin1_code`, `subadmin2_code`, `population`, `time_zone`, `active`, `created_at`, `updated_at`) VALUES ('MK','{\"en\":\"Krusevo\"}',21.25,41.37,'P','PPLA','MK.54',NULL,5211,'Europe/Skopje',1,'2017-08-21 23:00:00','2017-08-21 23:00:00');
INSERT INTO `__PREFIX__cities` (`country_code`, `name`, `longitude`, `latitude`, `feature_class`, `feature_code`, `subadmin1_code`, `subadmin2_code`, `population`, `time_zone`, `active`, `created_at`, `updated_at`) VALUES ('MK','{\"en\":\"Krivogashtani\"}',21.33,41.34,'P','PPLA','MK.53',NULL,5899,'Europe/Skopje',1,'2011-08-15 23:00:00','2011-08-15 23:00:00');
INSERT INTO `__PREFIX__cities` (`country_code`, `name`, `longitude`, `latitude`, `feature_class`, `feature_code`, `subadmin1_code`, `subadmin2_code`, `population`, `time_zone`, `active`, `created_at`, `updated_at`) VALUES ('MK','{\"en\":\"Kriva Palanka\"}',22.33,42.20,'P','PPLA','MK.52',NULL,20820,'Europe/Skopje',1,'2017-09-04 23:00:00','2017-09-04 23:00:00');
INSERT INTO `__PREFIX__cities` (`country_code`, `name`, `longitude`, `latitude`, `feature_class`, `feature_code`, `subadmin1_code`, `subadmin2_code`, `population`, `time_zone`, `active`, `created_at`, `updated_at`) VALUES ('MK','{\"en\":\"Kratovo\"}',22.18,42.08,'P','PPLA','MK.51',NULL,10288,'Europe/Skopje',1,'2014-06-04 23:00:00','2014-06-04 23:00:00');
INSERT INTO `__PREFIX__cities` (`country_code`, `name`, `longitude`, `latitude`, `feature_class`, `feature_code`, `subadmin1_code`, `subadmin2_code`, `population`, `time_zone`, `active`, `created_at`, `updated_at`) VALUES ('MK','{\"en\":\"Kondovo\"}',21.31,42.01,'P','PPL','MK.F6','MK.F6.90',11656,'Europe/Skopje',1,'2019-10-09 23:00:00','2019-10-09 23:00:00');
INSERT INTO `__PREFIX__cities` (`country_code`, `name`, `longitude`, `latitude`, `feature_class`, `feature_code`, `subadmin1_code`, `subadmin2_code`, `population`, `time_zone`, `active`, `created_at`, `updated_at`) VALUES ('MK','{\"en\":\"Konče\"}',22.38,41.50,'P','PPLA','MK.47',NULL,3475,'Europe/Skopje',1,'2014-06-04 23:00:00','2014-06-04 23:00:00');
INSERT INTO `__PREFIX__cities` (`country_code`, `name`, `longitude`, `latitude`, `feature_class`, `feature_code`, `subadmin1_code`, `subadmin2_code`, `population`, `time_zone`, `active`, `created_at`, `updated_at`) VALUES ('MK','{\"en\":\"Kochani\"}',22.41,41.92,'P','PPLA','MK.46',NULL,34258,'Europe/Skopje',1,'2011-08-14 23:00:00','2011-08-14 23:00:00');
INSERT INTO `__PREFIX__cities` (`country_code`, `name`, `longitude`, `latitude`, `feature_class`, `feature_code`, `subadmin1_code`, `subadmin2_code`, `population`, `time_zone`, `active`, `created_at`, `updated_at`) VALUES ('MK','{\"en\":\"Kičevo\"}',20.96,41.51,'P','PPLA','MK.43',NULL,31123,'Europe/Skopje',1,'2014-11-05 23:00:00','2014-11-05 23:00:00');
INSERT INTO `__PREFIX__cities` (`country_code`, `name`, `longitude`, `latitude`, `feature_class`, `feature_code`, `subadmin1_code`, `subadmin2_code`, `population`, `time_zone`, `active`, `created_at`, `updated_at`) VALUES ('MK','{\"en\":\"Kavadarci\"}',22.01,41.43,'P','PPLA','MK.D6',NULL,38799,'Europe/Skopje',1,'2015-11-07 23:00:00','2015-11-07 23:00:00');
INSERT INTO `__PREFIX__cities` (`country_code`, `name`, `longitude`, `latitude`, `feature_class`, `feature_code`, `subadmin1_code`, `subadmin2_code`, `population`, `time_zone`, `active`, `created_at`, `updated_at`) VALUES ('MK','{\"en\":\"Karbinci\"}',22.24,41.82,'P','PPLA','MK.40',NULL,3900,'Europe/Skopje',1,'2014-08-05 23:00:00','2014-08-05 23:00:00');
INSERT INTO `__PREFIX__cities` (`country_code`, `name`, `longitude`, `latitude`, `feature_class`, `feature_code`, `subadmin1_code`, `subadmin2_code`, `population`, `time_zone`, `active`, `created_at`, `updated_at`) VALUES ('MK','{\"en\":\"Kamenjane\"}',20.93,41.95,'P','PPL','MK.C7',NULL,15376,'Europe/Skopje',1,'2014-09-30 23:00:00','2014-09-30 23:00:00');
INSERT INTO `__PREFIX__cities` (`country_code`, `name`, `longitude`, `latitude`, `feature_class`, `feature_code`, `subadmin1_code`, `subadmin2_code`, `population`, `time_zone`, `active`, `created_at`, `updated_at`) VALUES ('MK','{\"en\":\"Makedonska Kamenica\"}',22.59,42.02,'P','PPLA','MK.62',NULL,8114,'Europe/Skopje',1,'2013-04-03 23:00:00','2013-04-03 23:00:00');
INSERT INTO `__PREFIX__cities` (`country_code`, `name`, `longitude`, `latitude`, `feature_class`, `feature_code`, `subadmin1_code`, `subadmin2_code`, `population`, `time_zone`, `active`, `created_at`, `updated_at`) VALUES ('MK','{\"en\":\"Jegunovce\"}',21.12,42.07,'P','PPLA','MK.D5',NULL,7313,'Europe/Skopje',1,'2017-09-04 23:00:00','2017-09-04 23:00:00');
INSERT INTO `__PREFIX__cities` (`country_code`, `name`, `longitude`, `latitude`, `feature_class`, `feature_code`, `subadmin1_code`, `subadmin2_code`, `population`, `time_zone`, `active`, `created_at`, `updated_at`) VALUES ('MK','{\"en\":\"Gradsko\"}',21.94,41.58,'P','PPLA','MK.35',NULL,3737,'Europe/Skopje',1,'2014-04-29 23:00:00','2014-04-29 23:00:00');
INSERT INTO `__PREFIX__cities` (`country_code`, `name`, `longitude`, `latitude`, `feature_class`, `feature_code`, `subadmin1_code`, `subadmin2_code`, `population`, `time_zone`, `active`, `created_at`, `updated_at`) VALUES ('MK','{\"en\":\"Gostivar\"}',20.91,41.80,'P','PPLA','MK.D4',NULL,50974,'Europe/Skopje',1,'2014-09-30 23:00:00','2014-09-30 23:00:00');
INSERT INTO `__PREFIX__cities` (`country_code`, `name`, `longitude`, `latitude`, `feature_class`, `feature_code`, `subadmin1_code`, `subadmin2_code`, `population`, `time_zone`, `active`, `created_at`, `updated_at`) VALUES ('MK','{\"en\":\"Gevgelija\"}',22.50,41.14,'P','PPLA','MK.33',NULL,20664,'Europe/Skopje',1,'2012-12-05 23:00:00','2012-12-05 23:00:00');
INSERT INTO `__PREFIX__cities` (`country_code`, `name`, `longitude`, `latitude`, `feature_class`, `feature_code`, `subadmin1_code`, `subadmin2_code`, `population`, `time_zone`, `active`, `created_at`, `updated_at`) VALUES ('MK','{\"en\":\"Lozovo\"}',21.91,41.78,'P','PPLA','MK.60',NULL,2836,'Europe/Skopje',1,'2017-09-04 23:00:00','2017-09-04 23:00:00');
INSERT INTO `__PREFIX__cities` (`country_code`, `name`, `longitude`, `latitude`, `feature_class`, `feature_code`, `subadmin1_code`, `subadmin2_code`, `population`, `time_zone`, `active`, `created_at`, `updated_at`) VALUES ('MK','{\"en\":\"Džepčište\"}',21.00,42.03,'P','PPL','MK.E8',NULL,8166,'Europe/Skopje',1,'2014-09-30 23:00:00','2014-09-30 23:00:00');
INSERT INTO `__PREFIX__cities` (`country_code`, `name`, `longitude`, `latitude`, `feature_class`, `feature_code`, `subadmin1_code`, `subadmin2_code`, `population`, `time_zone`, `active`, `created_at`, `updated_at`) VALUES ('MK','{\"en\":\"Dračevo\"}',21.52,41.94,'P','PPL','MK.F6',NULL,10605,'Europe/Skopje',1,'2019-06-28 23:00:00','2019-06-28 23:00:00');
INSERT INTO `__PREFIX__cities` (`country_code`, `name`, `longitude`, `latitude`, `feature_class`, `feature_code`, `subadmin1_code`, `subadmin2_code`, `population`, `time_zone`, `active`, `created_at`, `updated_at`) VALUES ('MK','{\"en\":\"Gjorče Petro\"}',21.35,42.01,'P','PPLX','MK.F6','MK.F6.29',41000,'Europe/Skopje',1,'2019-10-03 23:00:00','2019-10-03 23:00:00');
INSERT INTO `__PREFIX__cities` (`country_code`, `name`, `longitude`, `latitude`, `feature_class`, `feature_code`, `subadmin1_code`, `subadmin2_code`, `population`, `time_zone`, `active`, `created_at`, `updated_at`) VALUES ('MK','{\"en\":\"Dolneni\"}',21.45,41.43,'P','PPLA','MK.28',NULL,11534,'Europe/Skopje',1,'2017-09-04 23:00:00','2017-09-04 23:00:00');
INSERT INTO `__PREFIX__cities` (`country_code`, `name`, `longitude`, `latitude`, `feature_class`, `feature_code`, `subadmin1_code`, `subadmin2_code`, `population`, `time_zone`, `active`, `created_at`, `updated_at`) VALUES ('MK','{\"en\":\"Dolna Banjica\"}',20.91,41.79,'P','PPL','MK.D4',NULL,10147,'Europe/Skopje',1,'2012-04-05 23:00:00','2012-04-05 23:00:00');
INSERT INTO `__PREFIX__cities` (`country_code`, `name`, `longitude`, `latitude`, `feature_class`, `feature_code`, `subadmin1_code`, `subadmin2_code`, `population`, `time_zone`, `active`, `created_at`, `updated_at`) VALUES ('MK','{\"en\":\"Demir Kapija\"}',22.25,41.41,'P','PPLA','MK.25',NULL,4451,'Europe/Skopje',1,'2017-09-04 23:00:00','2017-09-04 23:00:00');
INSERT INTO `__PREFIX__cities` (`country_code`, `name`, `longitude`, `latitude`, `feature_class`, `feature_code`, `subadmin1_code`, `subadmin2_code`, `population`, `time_zone`, `active`, `created_at`, `updated_at`) VALUES ('MK','{\"en\":\"Delogožda\"}',20.72,41.26,'P','PPL','MK.E6',NULL,8413,'Europe/Skopje',1,'2013-10-08 23:00:00','2013-10-08 23:00:00');
INSERT INTO `__PREFIX__cities` (`country_code`, `name`, `longitude`, `latitude`, `feature_class`, `feature_code`, `subadmin1_code`, `subadmin2_code`, `population`, `time_zone`, `active`, `created_at`, `updated_at`) VALUES ('MK','{\"en\":\"Delcevo\"}',22.77,41.97,'P','PPLA','MK.22',NULL,17415,'Europe/Skopje',1,'2014-02-28 23:00:00','2014-02-28 23:00:00');
INSERT INTO `__PREFIX__cities` (`country_code`, `name`, `longitude`, `latitude`, `feature_class`, `feature_code`, `subadmin1_code`, `subadmin2_code`, `population`, `time_zone`, `active`, `created_at`, `updated_at`) VALUES ('MK','{\"en\":\"Debar\"}',20.52,41.52,'P','PPLA','MK.D2',NULL,18074,'Europe/Skopje',1,'2014-09-30 23:00:00','2014-09-30 23:00:00');
INSERT INTO `__PREFIX__cities` (`country_code`, `name`, `longitude`, `latitude`, `feature_class`, `feature_code`, `subadmin1_code`, `subadmin2_code`, `population`, `time_zone`, `active`, `created_at`, `updated_at`) VALUES ('MK','{\"en\":\"Чучер - Сандево\"}',21.38,42.10,'P','PPLA','MK.20',NULL,8646,'Europe/Skopje',1,'2007-05-10 23:00:00','2007-05-10 23:00:00');
INSERT INTO `__PREFIX__cities` (`country_code`, `name`, `longitude`, `latitude`, `feature_class`, `feature_code`, `subadmin1_code`, `subadmin2_code`, `population`, `time_zone`, `active`, `created_at`, `updated_at`) VALUES ('MK','{\"en\":\"Cegrane\"}',20.98,41.84,'P','PPL','MK.D4',NULL,12523,'Europe/Skopje',1,'2018-02-15 23:00:00','2018-02-15 23:00:00');
INSERT INTO `__PREFIX__cities` (`country_code`, `name`, `longitude`, `latitude`, `feature_class`, `feature_code`, `subadmin1_code`, `subadmin2_code`, `population`, `time_zone`, `active`, `created_at`, `updated_at`) VALUES ('MK','{\"en\":\"Čaška\"}',21.66,41.65,'P','PPLA','MK.C9',NULL,2878,'Europe/Skopje',1,'2013-08-06 23:00:00','2013-08-06 23:00:00');
INSERT INTO `__PREFIX__cities` (`country_code`, `name`, `longitude`, `latitude`, `feature_class`, `feature_code`, `subadmin1_code`, `subadmin2_code`, `population`, `time_zone`, `active`, `created_at`, `updated_at`) VALUES ('MK','{\"en\":\"Brvenica\"}',20.98,41.97,'P','PPLA','MK.12',NULL,16267,'Europe/Skopje',1,'2014-09-30 23:00:00','2014-09-30 23:00:00');
INSERT INTO `__PREFIX__cities` (`country_code`, `name`, `longitude`, `latitude`, `feature_class`, `feature_code`, `subadmin1_code`, `subadmin2_code`, `population`, `time_zone`, `active`, `created_at`, `updated_at`) VALUES ('MK','{\"en\":\"Makedonski Brod\"}',21.22,41.51,'P','PPLA','MK.D8',NULL,5607,'Europe/Skopje',1,'2013-06-04 23:00:00','2013-06-04 23:00:00');
INSERT INTO `__PREFIX__cities` (`country_code`, `name`, `longitude`, `latitude`, `feature_class`, `feature_code`, `subadmin1_code`, `subadmin2_code`, `population`, `time_zone`, `active`, `created_at`, `updated_at`) VALUES ('MK','{\"en\":\"Bosilovo\"}',22.73,41.44,'P','PPLA','MK.11',NULL,12447,'Europe/Skopje',1,'2015-11-07 23:00:00','2015-11-07 23:00:00');
INSERT INTO `__PREFIX__cities` (`country_code`, `name`, `longitude`, `latitude`, `feature_class`, `feature_code`, `subadmin1_code`, `subadmin2_code`, `population`, `time_zone`, `active`, `created_at`, `updated_at`) VALUES ('MK','{\"en\":\"Bogovinje\"}',20.91,41.92,'P','PPLA','MK.C7',NULL,15166,'Europe/Skopje',1,'2019-06-28 23:00:00','2019-06-28 23:00:00');
INSERT INTO `__PREFIX__cities` (`country_code`, `name`, `longitude`, `latitude`, `feature_class`, `feature_code`, `subadmin1_code`, `subadmin2_code`, `population`, `time_zone`, `active`, `created_at`, `updated_at`) VALUES ('MK','{\"en\":\"Bogdanci\"}',22.58,41.20,'P','PPLA','MK.08',NULL,8636,'Europe/Skopje',1,'2017-09-04 23:00:00','2017-09-04 23:00:00');
INSERT INTO `__PREFIX__cities` (`country_code`, `name`, `longitude`, `latitude`, `feature_class`, `feature_code`, `subadmin1_code`, `subadmin2_code`, `population`, `time_zone`, `active`, `created_at`, `updated_at`) VALUES ('MK','{\"en\":\"Bitola\"}',21.33,41.03,'P','PPLA','MK.06',NULL,86528,'Europe/Skopje',1,'2019-02-25 23:00:00','2019-02-25 23:00:00');
INSERT INTO `__PREFIX__cities` (`country_code`, `name`, `longitude`, `latitude`, `feature_class`, `feature_code`, `subadmin1_code`, `subadmin2_code`, `population`, `time_zone`, `active`, `created_at`, `updated_at`) VALUES ('MK','{\"en\":\"Berovo\"}',22.86,41.70,'P','PPLA','MK.04',NULL,13847,'Europe/Skopje',1,'2015-06-07 23:00:00','2015-06-07 23:00:00');
INSERT INTO `__PREFIX__cities` (`country_code`, `name`, `longitude`, `latitude`, `feature_class`, `feature_code`, `subadmin1_code`, `subadmin2_code`, `population`, `time_zone`, `active`, `created_at`, `updated_at`) VALUES ('MK','{\"en\":\"Belčišta\"}',20.83,41.30,'P','PPLA','MK.F5',NULL,2804,'Europe/Skopje',1,'2014-01-12 23:00:00','2014-01-12 23:00:00');
INSERT INTO `__PREFIX__cities` (`country_code`, `name`, `longitude`, `latitude`, `feature_class`, `feature_code`, `subadmin1_code`, `subadmin2_code`, `population`, `time_zone`, `active`, `created_at`, `updated_at`) VALUES ('MK','{\"en\":\"Арачиново\"}',21.56,42.03,'P','PPLA','MK.01',NULL,12800,'Europe/Skopje',1,'2006-10-03 23:00:00','2006-10-03 23:00:00');
INSERT INTO `__PREFIX__cities` (`country_code`, `name`, `longitude`, `latitude`, `feature_class`, `feature_code`, `subadmin1_code`, `subadmin2_code`, `population`, `time_zone`, `active`, `created_at`, `updated_at`) VALUES ('MK','{\"en\":\"Šuto Orizare\"}',21.43,42.04,'P','PPLA2','MK.F6','MK.F6.A3',20800,'Europe/Skopje',1,'2019-10-04 23:00:00','2019-10-04 23:00:00');
INSERT INTO `__PREFIX__cities` (`country_code`, `name`, `longitude`, `latitude`, `feature_class`, `feature_code`, `subadmin1_code`, `subadmin2_code`, `population`, `time_zone`, `active`, `created_at`, `updated_at`) VALUES ('MK','{\"en\":\"Butel\"}',21.45,42.03,'P','PPLA2','MK.F6','MK.F6.F4',36154,'Europe/Skopje',1,'2019-10-05 23:00:00','2019-10-05 23:00:00');
INSERT INTO `__PREFIX__cities` (`country_code`, `name`, `longitude`, `latitude`, `feature_class`, `feature_code`, `subadmin1_code`, `subadmin2_code`, `population`, `time_zone`, `active`, `created_at`, `updated_at`) VALUES ('MK','{\"en\":\"Čair\"}',21.44,42.02,'P','PPLA2','MK.F6','MK.F6.C8',64773,'Europe/Skopje',1,'2019-10-04 23:00:00','2019-10-04 23:00:00');
INSERT INTO `__PREFIX__cities` (`country_code`, `name`, `longitude`, `latitude`, `feature_class`, `feature_code`, `subadmin1_code`, `subadmin2_code`, `population`, `time_zone`, `active`, `created_at`, `updated_at`) VALUES ('MK','{\"en\":\"Ilinden\"}',21.58,41.99,'P','PPLA','MK.36',NULL,16406,'Europe/Skopje',1,'2013-11-10 23:00:00','2013-11-10 23:00:00');
INSERT INTO `__PREFIX__cities` (`country_code`, `name`, `longitude`, `latitude`, `feature_class`, `feature_code`, `subadmin1_code`, `subadmin2_code`, `population`, `time_zone`, `active`, `created_at`, `updated_at`) VALUES ('MK','{\"en\":\"Kisela Voda\"}',21.50,41.95,'P','PPLA2','MK.F6','MK.F6.44',58216,'Europe/Skopje',1,'2019-10-04 23:00:00','2019-10-04 23:00:00');
INSERT INTO `__PREFIX__cities` (`country_code`, `name`, `longitude`, `latitude`, `feature_class`, `feature_code`, `subadmin1_code`, `subadmin2_code`, `population`, `time_zone`, `active`, `created_at`, `updated_at`) VALUES ('MK','{\"en\":\"Centar Župa\"}',20.56,41.48,'P','PPLA','MK.18',NULL,45412,'Europe/Skopje',1,'2013-08-08 23:00:00','2013-08-08 23:00:00');
/*!40000 ALTER TABLE `__PREFIX__cities` ENABLE KEYS */;
/*!40103 SET TIME_ZONE=@OLD_TIME_ZONE */;

/*!40101 SET SQL_MODE=@OLD_SQL_MODE */;
/*!40014 SET FOREIGN_KEY_CHECKS=@OLD_FOREIGN_KEY_CHECKS */;
/*!40014 SET UNIQUE_CHECKS=@OLD_UNIQUE_CHECKS */;
/*!40101 SET CHARACTER_SET_CLIENT=@OLD_CHARACTER_SET_CLIENT */;
/*!40101 SET CHARACTER_SET_RESULTS=@OLD_CHARACTER_SET_RESULTS */;
/*!40101 SET COLLATION_CONNECTION=@OLD_COLLATION_CONNECTION */;
/*!40111 SET SQL_NOTES=@OLD_SQL_NOTES */;

-- Dump completed
