-- MySQL dump 10.13  Distrib 5.7.34, for osx10.12 (x86_64)
--
-- Host: 127.0.0.1    Database: laraclassifier
-- ------------------------------------------------------
-- Server version	5.7.34

/*!40101 SET @OLD_CHARACTER_SET_CLIENT=@@CHARACTER_SET_CLIENT */;
/*!40101 SET @OLD_CHARACTER_SET_RESULTS=@@CHARACTER_SET_RESULTS */;
/*!40101 SET @OLD_COLLATION_CONNECTION=@@COLLATION_CONNECTION */;
/*!40101 SET NAMES utf8 */;
/*!40103 SET @OLD_TIME_ZONE=@@TIME_ZONE */;
/*!40103 SET TIME_ZONE='+00:00' */;
/*!40014 SET @OLD_UNIQUE_CHECKS=@@UNIQUE_CHECKS, UNIQUE_CHECKS=0 */;
/*!40014 SET @OLD_FOREIGN_KEY_CHECKS=@@FOREIGN_KEY_CHECKS, FOREIGN_KEY_CHECKS=0 */;
/*!40101 SET @OLD_SQL_MODE=@@SQL_MODE, SQL_MODE='NO_AUTO_VALUE_ON_ZERO' */;
/*!40111 SET @OLD_SQL_NOTES=@@SQL_NOTES, SQL_NOTES=0 */;

--
-- Dumping data for table `__PREFIX__subadmin1`
--

/*!40000 ALTER TABLE `__PREFIX__subadmin1` DISABLE KEYS */;
INSERT INTO `__PREFIX__subadmin1` (`code`, `country_code`, `name`, `active`) VALUES ('MN.19','MN','{\"en\":\"Uvs\"}',1);
INSERT INTO `__PREFIX__subadmin1` (`code`, `country_code`, `name`, `active`) VALUES ('MN.12','MN','{\"en\":\"Hovd\"}',1);
INSERT INTO `__PREFIX__subadmin1` (`code`, `country_code`, `name`, `active`) VALUES ('MN.10','MN','{\"en\":\"Govĭ-Altay\"}',1);
INSERT INTO `__PREFIX__subadmin1` (`code`, `country_code`, `name`, `active`) VALUES ('MN.09','MN','{\"en\":\"Dzabkhan\"}',1);
INSERT INTO `__PREFIX__subadmin1` (`code`, `country_code`, `name`, `active`) VALUES ('MN.03','MN','{\"en\":\"Bayan-Ölgiy\"}',1);
INSERT INTO `__PREFIX__subadmin1` (`code`, `country_code`, `name`, `active`) VALUES ('MN.02','MN','{\"en\":\"Bayanhongor\"}',1);
INSERT INTO `__PREFIX__subadmin1` (`code`, `country_code`, `name`, `active`) VALUES ('MN.20','MN','{\"en\":\"Ulaanbaatar\"}',1);
INSERT INTO `__PREFIX__subadmin1` (`code`, `country_code`, `name`, `active`) VALUES ('MN.18','MN','{\"en\":\"Central Aimak\"}',1);
INSERT INTO `__PREFIX__subadmin1` (`code`, `country_code`, `name`, `active`) VALUES ('MN.17','MN','{\"en\":\"Sühbaatar\"}',1);
INSERT INTO `__PREFIX__subadmin1` (`code`, `country_code`, `name`, `active`) VALUES ('MN.16','MN','{\"en\":\"Selenge\"}',1);
INSERT INTO `__PREFIX__subadmin1` (`code`, `country_code`, `name`, `active`) VALUES ('MN.15','MN','{\"en\":\"Övörhangay\"}',1);
INSERT INTO `__PREFIX__subadmin1` (`code`, `country_code`, `name`, `active`) VALUES ('MN.14','MN','{\"en\":\"Ömnögovĭ\"}',1);
INSERT INTO `__PREFIX__subadmin1` (`code`, `country_code`, `name`, `active`) VALUES ('MN.13','MN','{\"en\":\"Hövsgöl\"}',1);
INSERT INTO `__PREFIX__subadmin1` (`code`, `country_code`, `name`, `active`) VALUES ('MN.11','MN','{\"en\":\"Hentiy\"}',1);
INSERT INTO `__PREFIX__subadmin1` (`code`, `country_code`, `name`, `active`) VALUES ('MN.08','MN','{\"en\":\"Middle Govĭ\"}',1);
INSERT INTO `__PREFIX__subadmin1` (`code`, `country_code`, `name`, `active`) VALUES ('MN.07','MN','{\"en\":\"East Gobi Aymag\"}',1);
INSERT INTO `__PREFIX__subadmin1` (`code`, `country_code`, `name`, `active`) VALUES ('MN.06','MN','{\"en\":\"East Aimak\"}',1);
INSERT INTO `__PREFIX__subadmin1` (`code`, `country_code`, `name`, `active`) VALUES ('MN.21','MN','{\"en\":\"Bulgan\"}',1);
INSERT INTO `__PREFIX__subadmin1` (`code`, `country_code`, `name`, `active`) VALUES ('MN.01','MN','{\"en\":\"Arhangay\"}',1);
INSERT INTO `__PREFIX__subadmin1` (`code`, `country_code`, `name`, `active`) VALUES ('MN.23','MN','{\"en\":\"Darhan Uul\"}',1);
INSERT INTO `__PREFIX__subadmin1` (`code`, `country_code`, `name`, `active`) VALUES ('MN.24','MN','{\"en\":\"Govĭ-Sumber\"}',1);
INSERT INTO `__PREFIX__subadmin1` (`code`, `country_code`, `name`, `active`) VALUES ('MN.25','MN','{\"en\":\"Orhon\"}',1);
/*!40000 ALTER TABLE `__PREFIX__subadmin1` ENABLE KEYS */;

--
-- Dumping data for table `__PREFIX__subadmin2`
--

/*!40000 ALTER TABLE `__PREFIX__subadmin2` DISABLE KEYS */;
INSERT INTO `__PREFIX__subadmin2` (`code`, `country_code`, `subadmin1_code`, `name`, `active`) VALUES ('MN.09.1515279','MN','MN.09','{\"en\":\"Songino\"}',1);
INSERT INTO `__PREFIX__subadmin2` (`code`, `country_code`, `subadmin1_code`, `name`, `active`) VALUES ('MN.01.1515709','MN','MN.01','{\"en\":\"Tariat Sum\"}',1);
INSERT INTO `__PREFIX__subadmin2` (`code`, `country_code`, `subadmin1_code`, `name`, `active`) VALUES ('MN.12.1516065','MN','MN.12','{\"en\":\"Dörgön\"}',1);
INSERT INTO `__PREFIX__subadmin2` (`code`, `country_code`, `subadmin1_code`, `name`, `active`) VALUES ('MN.03.1516281','MN','MN.03','{\"en\":\"Bayannuur\"}',1);
INSERT INTO `__PREFIX__subadmin2` (`code`, `country_code`, `subadmin1_code`, `name`, `active`) VALUES ('MN.15.2028174','MN','MN.15','{\"en\":\"Yösöndzüyl Sum\"}',1);
INSERT INTO `__PREFIX__subadmin2` (`code`, `country_code`, `subadmin1_code`, `name`, `active`) VALUES ('MN.13.2029006','MN','MN.13','{\"en\":\"Tarialan\"}',1);
INSERT INTO `__PREFIX__subadmin2` (`code`, `country_code`, `subadmin1_code`, `name`, `active`) VALUES ('MN.14.2029819','MN','MN.14','{\"en\":\"Nomgon Sum\"}',1);
INSERT INTO `__PREFIX__subadmin2` (`code`, `country_code`, `subadmin1_code`, `name`, `active`) VALUES ('MN.18.2032465','MN','MN.18','{\"en\":\"Bayantsogt Sum\"}',1);
INSERT INTO `__PREFIX__subadmin2` (`code`, `country_code`, `subadmin1_code`, `name`, `active`) VALUES ('MN.18.2032495','MN','MN.18','{\"en\":\"Bayan-Önjüül Sum\"}',1);
INSERT INTO `__PREFIX__subadmin2` (`code`, `country_code`, `subadmin1_code`, `name`, `active`) VALUES ('MN.16.2032552','MN','MN.16','{\"en\":\"Bayangol\"}',1);
INSERT INTO `__PREFIX__subadmin2` (`code`, `country_code`, `subadmin1_code`, `name`, `active`) VALUES ('MN.06.6618688','MN','MN.06','{\"en\":\"Halhgol\"}',1);
INSERT INTO `__PREFIX__subadmin2` (`code`, `country_code`, `subadmin1_code`, `name`, `active`) VALUES ('MN.06.6618689','MN','MN.06','{\"en\":\"Matad\"}',1);
INSERT INTO `__PREFIX__subadmin2` (`code`, `country_code`, `subadmin1_code`, `name`, `active`) VALUES ('MN.06.6618690','MN','MN.06','{\"en\":\"Bayantümen\"}',1);
INSERT INTO `__PREFIX__subadmin2` (`code`, `country_code`, `subadmin1_code`, `name`, `active`) VALUES ('MN.06.6618691','MN','MN.06','{\"en\":\"Bulgan\"}',1);
INSERT INTO `__PREFIX__subadmin2` (`code`, `country_code`, `subadmin1_code`, `name`, `active`) VALUES ('MN.06.6618692','MN','MN.06','{\"en\":\"Hölönbuyr\"}',1);
INSERT INTO `__PREFIX__subadmin2` (`code`, `country_code`, `subadmin1_code`, `name`, `active`) VALUES ('MN.06.6618693','MN','MN.06','{\"en\":\"Choybalsan\"}',1);
INSERT INTO `__PREFIX__subadmin2` (`code`, `country_code`, `subadmin1_code`, `name`, `active`) VALUES ('MN.06.6618694','MN','MN.06','{\"en\":\"Chuluunhoroot\"}',1);
INSERT INTO `__PREFIX__subadmin2` (`code`, `country_code`, `subadmin1_code`, `name`, `active`) VALUES ('MN.06.6618695','MN','MN.06','{\"en\":\"Dashbalbar\"}',1);
INSERT INTO `__PREFIX__subadmin2` (`code`, `country_code`, `subadmin1_code`, `name`, `active`) VALUES ('MN.06.6618696','MN','MN.06','{\"en\":\"Gurvandzagal\"}',1);
INSERT INTO `__PREFIX__subadmin2` (`code`, `country_code`, `subadmin1_code`, `name`, `active`) VALUES ('MN.06.6618697','MN','MN.06','{\"en\":\"Sergelen\"}',1);
INSERT INTO `__PREFIX__subadmin2` (`code`, `country_code`, `subadmin1_code`, `name`, `active`) VALUES ('MN.06.6618698','MN','MN.06','{\"en\":\"Tsagaan-Ovoo\"}',1);
INSERT INTO `__PREFIX__subadmin2` (`code`, `country_code`, `subadmin1_code`, `name`, `active`) VALUES ('MN.06.6618699','MN','MN.06','{\"en\":\"Bayandun\"}',1);
INSERT INTO `__PREFIX__subadmin2` (`code`, `country_code`, `subadmin1_code`, `name`, `active`) VALUES ('MN.06.6618700','MN','MN.06','{\"en\":\"Bayan-Uul\"}',1);
INSERT INTO `__PREFIX__subadmin2` (`code`, `country_code`, `subadmin1_code`, `name`, `active`) VALUES ('MN.06.6618701','MN','MN.06','{\"en\":\"Herlen\"}',1);
INSERT INTO `__PREFIX__subadmin2` (`code`, `country_code`, `subadmin1_code`, `name`, `active`) VALUES ('MN.17.6618702','MN','MN.17','{\"en\":\"Erdenetsagaan\"}',1);
INSERT INTO `__PREFIX__subadmin2` (`code`, `country_code`, `subadmin1_code`, `name`, `active`) VALUES ('MN.17.6618703','MN','MN.17','{\"en\":\"Darĭganga\"}',1);
INSERT INTO `__PREFIX__subadmin2` (`code`, `country_code`, `subadmin1_code`, `name`, `active`) VALUES ('MN.17.6618704','MN','MN.17','{\"en\":\"Ongon\"}',1);
INSERT INTO `__PREFIX__subadmin2` (`code`, `country_code`, `subadmin1_code`, `name`, `active`) VALUES ('MN.17.6618705','MN','MN.17','{\"en\":\"Naran\"}',1);
INSERT INTO `__PREFIX__subadmin2` (`code`, `country_code`, `subadmin1_code`, `name`, `active`) VALUES ('MN.17.6618706','MN','MN.17','{\"en\":\"Bayandelger\"}',1);
INSERT INTO `__PREFIX__subadmin2` (`code`, `country_code`, `subadmin1_code`, `name`, `active`) VALUES ('MN.17.6618707','MN','MN.17','{\"en\":\"Haldzan\"}',1);
INSERT INTO `__PREFIX__subadmin2` (`code`, `country_code`, `subadmin1_code`, `name`, `active`) VALUES ('MN.17.6618708','MN','MN.17','{\"en\":\"Uulbayan\"}',1);
INSERT INTO `__PREFIX__subadmin2` (`code`, `country_code`, `subadmin1_code`, `name`, `active`) VALUES ('MN.17.6618709','MN','MN.17','{\"en\":\"Mönhhaan\"}',1);
INSERT INTO `__PREFIX__subadmin2` (`code`, `country_code`, `subadmin1_code`, `name`, `active`) VALUES ('MN.17.6618710','MN','MN.17','{\"en\":\"Tümentsogt\"}',1);
INSERT INTO `__PREFIX__subadmin2` (`code`, `country_code`, `subadmin1_code`, `name`, `active`) VALUES ('MN.17.6618711','MN','MN.17','{\"en\":\"Sühbaatar\"}',1);
INSERT INTO `__PREFIX__subadmin2` (`code`, `country_code`, `subadmin1_code`, `name`, `active`) VALUES ('MN.17.6618712','MN','MN.17','{\"en\":\"Tüvshinshiree\"}',1);
INSERT INTO `__PREFIX__subadmin2` (`code`, `country_code`, `subadmin1_code`, `name`, `active`) VALUES ('MN.17.6618713','MN','MN.17','{\"en\":\"Asgat\"}',1);
INSERT INTO `__PREFIX__subadmin2` (`code`, `country_code`, `subadmin1_code`, `name`, `active`) VALUES ('MN.17.6618714','MN','MN.17','{\"en\":\"Baruun-Urt\"}',1);
INSERT INTO `__PREFIX__subadmin2` (`code`, `country_code`, `subadmin1_code`, `name`, `active`) VALUES ('MN.11.6618715','MN','MN.11','{\"en\":\"Ömnödelger\"}',1);
INSERT INTO `__PREFIX__subadmin2` (`code`, `country_code`, `subadmin1_code`, `name`, `active`) VALUES ('MN.11.6618719','MN','MN.11','{\"en\":\"Darhan\"}',1);
INSERT INTO `__PREFIX__subadmin2` (`code`, `country_code`, `subadmin1_code`, `name`, `active`) VALUES ('MN.11.6618720','MN','MN.11','{\"en\":\"Bayanmönh\"}',1);
INSERT INTO `__PREFIX__subadmin2` (`code`, `country_code`, `subadmin1_code`, `name`, `active`) VALUES ('MN.11.6618721','MN','MN.11','{\"en\":\"Delgerhaan\"}',1);
INSERT INTO `__PREFIX__subadmin2` (`code`, `country_code`, `subadmin1_code`, `name`, `active`) VALUES ('MN.11.6618722','MN','MN.11','{\"en\":\"Jargalthaan\"}',1);
INSERT INTO `__PREFIX__subadmin2` (`code`, `country_code`, `subadmin1_code`, `name`, `active`) VALUES ('MN.11.6618723','MN','MN.11','{\"en\":\"Tsenhermandal\"}',1);
INSERT INTO `__PREFIX__subadmin2` (`code`, `country_code`, `subadmin1_code`, `name`, `active`) VALUES ('MN.11.6618725','MN','MN.11','{\"en\":\"Mörön\"}',1);
INSERT INTO `__PREFIX__subadmin2` (`code`, `country_code`, `subadmin1_code`, `name`, `active`) VALUES ('MN.11.6618726','MN','MN.11','{\"en\":\"Herlen\"}',1);
INSERT INTO `__PREFIX__subadmin2` (`code`, `country_code`, `subadmin1_code`, `name`, `active`) VALUES ('MN.11.6618727','MN','MN.11','{\"en\":\"Bayanhutag\"}',1);
INSERT INTO `__PREFIX__subadmin2` (`code`, `country_code`, `subadmin1_code`, `name`, `active`) VALUES ('MN.11.6618728','MN','MN.11','{\"en\":\"Galshar\"}',1);
INSERT INTO `__PREFIX__subadmin2` (`code`, `country_code`, `subadmin1_code`, `name`, `active`) VALUES ('MN.11.6618729','MN','MN.11','{\"en\":\"Batshireet\"}',1);
INSERT INTO `__PREFIX__subadmin2` (`code`, `country_code`, `subadmin1_code`, `name`, `active`) VALUES ('MN.11.6618730','MN','MN.11','{\"en\":\"Binder\"}',1);
INSERT INTO `__PREFIX__subadmin2` (`code`, `country_code`, `subadmin1_code`, `name`, `active`) VALUES ('MN.11.6618731','MN','MN.11','{\"en\":\"Bayan-Adarga\"}',1);
INSERT INTO `__PREFIX__subadmin2` (`code`, `country_code`, `subadmin1_code`, `name`, `active`) VALUES ('MN.11.6618732','MN','MN.11','{\"en\":\"Dadal\"}',1);
INSERT INTO `__PREFIX__subadmin2` (`code`, `country_code`, `subadmin1_code`, `name`, `active`) VALUES ('MN.11.6618733','MN','MN.11','{\"en\":\"Batnorov\"}',1);
INSERT INTO `__PREFIX__subadmin2` (`code`, `country_code`, `subadmin1_code`, `name`, `active`) VALUES ('MN.11.6618734','MN','MN.11','{\"en\":\"Bayan-Ovoo\"}',1);
INSERT INTO `__PREFIX__subadmin2` (`code`, `country_code`, `subadmin1_code`, `name`, `active`) VALUES ('MN.11.6618735','MN','MN.11','{\"en\":\"Norovlin\"}',1);
INSERT INTO `__PREFIX__subadmin2` (`code`, `country_code`, `subadmin1_code`, `name`, `active`) VALUES ('MN.07.6618754','MN','MN.07','{\"en\":\"Dalanjargalan\"}',1);
INSERT INTO `__PREFIX__subadmin2` (`code`, `country_code`, `subadmin1_code`, `name`, `active`) VALUES ('MN.07.6618755','MN','MN.07','{\"en\":\"Ayrag\"}',1);
INSERT INTO `__PREFIX__subadmin2` (`code`, `country_code`, `subadmin1_code`, `name`, `active`) VALUES ('MN.07.6618756','MN','MN.07','{\"en\":\"Ihhet\"}',1);
INSERT INTO `__PREFIX__subadmin2` (`code`, `country_code`, `subadmin1_code`, `name`, `active`) VALUES ('MN.07.6618757','MN','MN.07','{\"en\":\"Altanshiree\"}',1);
INSERT INTO `__PREFIX__subadmin2` (`code`, `country_code`, `subadmin1_code`, `name`, `active`) VALUES ('MN.07.6618758','MN','MN.07','{\"en\":\"Delgereh\"}',1);
INSERT INTO `__PREFIX__subadmin2` (`code`, `country_code`, `subadmin1_code`, `name`, `active`) VALUES ('MN.07.6618760','MN','MN.07','{\"en\":\"Saynshand\"}',1);
INSERT INTO `__PREFIX__subadmin2` (`code`, `country_code`, `subadmin1_code`, `name`, `active`) VALUES ('MN.07.6618761','MN','MN.07','{\"en\":\"Örgön\"}',1);
INSERT INTO `__PREFIX__subadmin2` (`code`, `country_code`, `subadmin1_code`, `name`, `active`) VALUES ('MN.07.6618762','MN','MN.07','{\"en\":\"Erdene\"}',1);
INSERT INTO `__PREFIX__subadmin2` (`code`, `country_code`, `subadmin1_code`, `name`, `active`) VALUES ('MN.07.6618763','MN','MN.07','{\"en\":\"Dzamyn Üüd\"}',1);
INSERT INTO `__PREFIX__subadmin2` (`code`, `country_code`, `subadmin1_code`, `name`, `active`) VALUES ('MN.07.6618764','MN','MN.07','{\"en\":\"Ulaanbadrah\"}',1);
INSERT INTO `__PREFIX__subadmin2` (`code`, `country_code`, `subadmin1_code`, `name`, `active`) VALUES ('MN.07.6618765','MN','MN.07','{\"en\":\"Sayhandulaan\"}',1);
INSERT INTO `__PREFIX__subadmin2` (`code`, `country_code`, `subadmin1_code`, `name`, `active`) VALUES ('MN.07.6618766','MN','MN.07','{\"en\":\"Mandah\"}',1);
INSERT INTO `__PREFIX__subadmin2` (`code`, `country_code`, `subadmin1_code`, `name`, `active`) VALUES ('MN.07.6618767','MN','MN.07','{\"en\":\"Hövsgöl\"}',1);
INSERT INTO `__PREFIX__subadmin2` (`code`, `country_code`, `subadmin1_code`, `name`, `active`) VALUES ('MN.07.6618768','MN','MN.07','{\"en\":\"Hatanbulag\"}',1);
INSERT INTO `__PREFIX__subadmin2` (`code`, `country_code`, `subadmin1_code`, `name`, `active`) VALUES ('MN.08.6618769','MN','MN.08','{\"en\":\"Sümber\"}',1);
INSERT INTO `__PREFIX__subadmin2` (`code`, `country_code`, `subadmin1_code`, `name`, `active`) VALUES ('MN.18.6618770','MN','MN.18','{\"en\":\"Bayantal\"}',1);
INSERT INTO `__PREFIX__subadmin2` (`code`, `country_code`, `subadmin1_code`, `name`, `active`) VALUES ('MN.07.6618771','MN','MN.07','{\"en\":\"Shiveegovĭ\"}',1);
INSERT INTO `__PREFIX__subadmin2` (`code`, `country_code`, `subadmin1_code`, `name`, `active`) VALUES ('MN.14.6618789','MN','MN.14','{\"en\":\"Mandal-Ovoo\"}',1);
INSERT INTO `__PREFIX__subadmin2` (`code`, `country_code`, `subadmin1_code`, `name`, `active`) VALUES ('MN.14.6618790','MN','MN.14','{\"en\":\"Tsogt-Ovoo\"}',1);
INSERT INTO `__PREFIX__subadmin2` (`code`, `country_code`, `subadmin1_code`, `name`, `active`) VALUES ('MN.14.6618791','MN','MN.14','{\"en\":\"Hanhongor\"}',1);
INSERT INTO `__PREFIX__subadmin2` (`code`, `country_code`, `subadmin1_code`, `name`, `active`) VALUES ('MN.14.6618792','MN','MN.14','{\"en\":\"Tsogttsetsiy\"}',1);
INSERT INTO `__PREFIX__subadmin2` (`code`, `country_code`, `subadmin1_code`, `name`, `active`) VALUES ('MN.14.6618793','MN','MN.14','{\"en\":\"Manlay\"}',1);
INSERT INTO `__PREFIX__subadmin2` (`code`, `country_code`, `subadmin1_code`, `name`, `active`) VALUES ('MN.14.6618794','MN','MN.14','{\"en\":\"Hanbogd\"}',1);
INSERT INTO `__PREFIX__subadmin2` (`code`, `country_code`, `subadmin1_code`, `name`, `active`) VALUES ('MN.14.6618795','MN','MN.14','{\"en\":\"Bayan-Ovoo\"}',1);
INSERT INTO `__PREFIX__subadmin2` (`code`, `country_code`, `subadmin1_code`, `name`, `active`) VALUES ('MN.14.6618796','MN','MN.14','{\"en\":\"Hürmen\"}',1);
INSERT INTO `__PREFIX__subadmin2` (`code`, `country_code`, `subadmin1_code`, `name`, `active`) VALUES ('MN.14.6618797','MN','MN.14','{\"en\":\"Bayandalay\"}',1);
INSERT INTO `__PREFIX__subadmin2` (`code`, `country_code`, `subadmin1_code`, `name`, `active`) VALUES ('MN.14.6618798','MN','MN.14','{\"en\":\"Bulgan\"}',1);
INSERT INTO `__PREFIX__subadmin2` (`code`, `country_code`, `subadmin1_code`, `name`, `active`) VALUES ('MN.14.6618799','MN','MN.14','{\"en\":\"Sevrey\"}',1);
INSERT INTO `__PREFIX__subadmin2` (`code`, `country_code`, `subadmin1_code`, `name`, `active`) VALUES ('MN.14.6618800','MN','MN.14','{\"en\":\"Noyon\"}',1);
INSERT INTO `__PREFIX__subadmin2` (`code`, `country_code`, `subadmin1_code`, `name`, `active`) VALUES ('MN.14.6618801','MN','MN.14','{\"en\":\"Gurvantes\"}',1);
INSERT INTO `__PREFIX__subadmin2` (`code`, `country_code`, `subadmin1_code`, `name`, `active`) VALUES ('MN.14.6618802','MN','MN.14','{\"en\":\"Dalandzadgad\"}',1);
INSERT INTO `__PREFIX__subadmin2` (`code`, `country_code`, `subadmin1_code`, `name`, `active`) VALUES ('MN.08.6618803','MN','MN.08','{\"en\":\"Sayhan-Ovoo\"}',1);
INSERT INTO `__PREFIX__subadmin2` (`code`, `country_code`, `subadmin1_code`, `name`, `active`) VALUES ('MN.08.6618804','MN','MN.08','{\"en\":\"Delgerhangay\"}',1);
INSERT INTO `__PREFIX__subadmin2` (`code`, `country_code`, `subadmin1_code`, `name`, `active`) VALUES ('MN.08.6618805','MN','MN.08','{\"en\":\"Huld\"}',1);
INSERT INTO `__PREFIX__subadmin2` (`code`, `country_code`, `subadmin1_code`, `name`, `active`) VALUES ('MN.08.6618806','MN','MN.08','{\"en\":\"Luus\"}',1);
INSERT INTO `__PREFIX__subadmin2` (`code`, `country_code`, `subadmin1_code`, `name`, `active`) VALUES ('MN.08.6618807','MN','MN.08','{\"en\":\"Erdenedalay\"}',1);
INSERT INTO `__PREFIX__subadmin2` (`code`, `country_code`, `subadmin1_code`, `name`, `active`) VALUES ('MN.08.6618808','MN','MN.08','{\"en\":\"Adaatsag\"}',1);
INSERT INTO `__PREFIX__subadmin2` (`code`, `country_code`, `subadmin1_code`, `name`, `active`) VALUES ('MN.08.6618809','MN','MN.08','{\"en\":\"Delgertsogt\"}',1);
INSERT INTO `__PREFIX__subadmin2` (`code`, `country_code`, `subadmin1_code`, `name`, `active`) VALUES ('MN.08.6618810','MN','MN.08','{\"en\":\"Deren\"}',1);
INSERT INTO `__PREFIX__subadmin2` (`code`, `country_code`, `subadmin1_code`, `name`, `active`) VALUES ('MN.08.6618811','MN','MN.08','{\"en\":\"Tsagaandelger\"}',1);
INSERT INTO `__PREFIX__subadmin2` (`code`, `country_code`, `subadmin1_code`, `name`, `active`) VALUES ('MN.08.6618812','MN','MN.08','{\"en\":\"Govĭ-Ugtaal\"}',1);
INSERT INTO `__PREFIX__subadmin2` (`code`, `country_code`, `subadmin1_code`, `name`, `active`) VALUES ('MN.08.6618813','MN','MN.08','{\"en\":\"Bayanjargalan\"}',1);
INSERT INTO `__PREFIX__subadmin2` (`code`, `country_code`, `subadmin1_code`, `name`, `active`) VALUES ('MN.08.6618814','MN','MN.08','{\"en\":\"Gurvansayhan\"}',1);
INSERT INTO `__PREFIX__subadmin2` (`code`, `country_code`, `subadmin1_code`, `name`, `active`) VALUES ('MN.08.6618815','MN','MN.08','{\"en\":\"Öndörshil\"}',1);
INSERT INTO `__PREFIX__subadmin2` (`code`, `country_code`, `subadmin1_code`, `name`, `active`) VALUES ('MN.08.6618816','MN','MN.08','{\"en\":\"Öldziyt\"}',1);
INSERT INTO `__PREFIX__subadmin2` (`code`, `country_code`, `subadmin1_code`, `name`, `active`) VALUES ('MN.08.6618817','MN','MN.08','{\"en\":\"Saintsagaan\"}',1);
INSERT INTO `__PREFIX__subadmin2` (`code`, `country_code`, `subadmin1_code`, `name`, `active`) VALUES ('MN.18.6618822','MN','MN.18','{\"en\":\"Delgerhaan\"}',1);
INSERT INTO `__PREFIX__subadmin2` (`code`, `country_code`, `subadmin1_code`, `name`, `active`) VALUES ('MN.18.6618823','MN','MN.18','{\"en\":\"Büren\"}',1);
INSERT INTO `__PREFIX__subadmin2` (`code`, `country_code`, `subadmin1_code`, `name`, `active`) VALUES ('MN.18.6618824','MN','MN.18','{\"en\":\"Bayantsagaan\"}',1);
INSERT INTO `__PREFIX__subadmin2` (`code`, `country_code`, `subadmin1_code`, `name`, `active`) VALUES ('MN.18.6618826','MN','MN.18','{\"en\":\"Sergelen\"}',1);
INSERT INTO `__PREFIX__subadmin2` (`code`, `country_code`, `subadmin1_code`, `name`, `active`) VALUES ('MN.18.6618827','MN','MN.18','{\"en\":\"Altanbulag\"}',1);
INSERT INTO `__PREFIX__subadmin2` (`code`, `country_code`, `subadmin1_code`, `name`, `active`) VALUES ('MN.18.6618828','MN','MN.18','{\"en\":\"Öndörshireet\"}',1);
INSERT INTO `__PREFIX__subadmin2` (`code`, `country_code`, `subadmin1_code`, `name`, `active`) VALUES ('MN.18.6618829','MN','MN.18','{\"en\":\"Erdenesant\"}',1);
INSERT INTO `__PREFIX__subadmin2` (`code`, `country_code`, `subadmin1_code`, `name`, `active`) VALUES ('MN.18.6618830','MN','MN.18','{\"en\":\"Lün\"}',1);
INSERT INTO `__PREFIX__subadmin2` (`code`, `country_code`, `subadmin1_code`, `name`, `active`) VALUES ('MN.18.6618831','MN','MN.18','{\"en\":\"Bayanhangay\"}',1);
INSERT INTO `__PREFIX__subadmin2` (`code`, `country_code`, `subadmin1_code`, `name`, `active`) VALUES ('MN.18.6618832','MN','MN.18','{\"en\":\"Argalant\"}',1);
INSERT INTO `__PREFIX__subadmin2` (`code`, `country_code`, `subadmin1_code`, `name`, `active`) VALUES ('MN.18.6618833','MN','MN.18','{\"en\":\"Bayantsogt\"}',1);
INSERT INTO `__PREFIX__subadmin2` (`code`, `country_code`, `subadmin1_code`, `name`, `active`) VALUES ('MN.18.6618834','MN','MN.18','{\"en\":\"Ugtaal\"}',1);
INSERT INTO `__PREFIX__subadmin2` (`code`, `country_code`, `subadmin1_code`, `name`, `active`) VALUES ('MN.18.6618835','MN','MN.18','{\"en\":\"Dzaamar\"}',1);
INSERT INTO `__PREFIX__subadmin2` (`code`, `country_code`, `subadmin1_code`, `name`, `active`) VALUES ('MN.18.6618836','MN','MN.18','{\"en\":\"Tseel\"}',1);
INSERT INTO `__PREFIX__subadmin2` (`code`, `country_code`, `subadmin1_code`, `name`, `active`) VALUES ('MN.18.6618837','MN','MN.18','{\"en\":\"Jargalant\"}',1);
INSERT INTO `__PREFIX__subadmin2` (`code`, `country_code`, `subadmin1_code`, `name`, `active`) VALUES ('MN.18.6618838','MN','MN.18','{\"en\":\"Sümber\"}',1);
INSERT INTO `__PREFIX__subadmin2` (`code`, `country_code`, `subadmin1_code`, `name`, `active`) VALUES ('MN.18.6618839','MN','MN.18','{\"en\":\"Bornuur\"}',1);
INSERT INTO `__PREFIX__subadmin2` (`code`, `country_code`, `subadmin1_code`, `name`, `active`) VALUES ('MN.18.6618840','MN','MN.18','{\"en\":\"Bayanchandmanĭ\"}',1);
INSERT INTO `__PREFIX__subadmin2` (`code`, `country_code`, `subadmin1_code`, `name`, `active`) VALUES ('MN.18.6618841','MN','MN.18','{\"en\":\"Batsümber\"}',1);
INSERT INTO `__PREFIX__subadmin2` (`code`, `country_code`, `subadmin1_code`, `name`, `active`) VALUES ('MN.18.6618842','MN','MN.18','{\"en\":\"Möngönmorĭt\"}',1);
INSERT INTO `__PREFIX__subadmin2` (`code`, `country_code`, `subadmin1_code`, `name`, `active`) VALUES ('MN.18.6618843','MN','MN.18','{\"en\":\"Bayandelger\"}',1);
INSERT INTO `__PREFIX__subadmin2` (`code`, `country_code`, `subadmin1_code`, `name`, `active`) VALUES ('MN.18.6618844','MN','MN.18','{\"en\":\"Erdene\"}',1);
INSERT INTO `__PREFIX__subadmin2` (`code`, `country_code`, `subadmin1_code`, `name`, `active`) VALUES ('MN.18.6618845','MN','MN.18','{\"en\":\"Arhust\"}',1);
INSERT INTO `__PREFIX__subadmin2` (`code`, `country_code`, `subadmin1_code`, `name`, `active`) VALUES ('MN.18.6618846','MN','MN.18','{\"en\":\"Bayan\"}',1);
INSERT INTO `__PREFIX__subadmin2` (`code`, `country_code`, `subadmin1_code`, `name`, `active`) VALUES ('MN.18.6618847','MN','MN.18','{\"en\":\"Bayanjargalan\"}',1);
INSERT INTO `__PREFIX__subadmin2` (`code`, `country_code`, `subadmin1_code`, `name`, `active`) VALUES ('MN.18.6618848','MN','MN.18','{\"en\":\"Dzuunmod\"}',1);
INSERT INTO `__PREFIX__subadmin2` (`code`, `country_code`, `subadmin1_code`, `name`, `active`) VALUES ('MN.18.6618851','MN','MN.18','{\"en\":\"Baganuur\"}',1);
INSERT INTO `__PREFIX__subadmin2` (`code`, `country_code`, `subadmin1_code`, `name`, `active`) VALUES ('MN.20.6618852','MN','MN.20','{\"en\":\"Bayandzürh\"}',1);
INSERT INTO `__PREFIX__subadmin2` (`code`, `country_code`, `subadmin1_code`, `name`, `active`) VALUES ('MN.23.6618853','MN','MN.23','{\"en\":\"Sharïngol\"}',1);
INSERT INTO `__PREFIX__subadmin2` (`code`, `country_code`, `subadmin1_code`, `name`, `active`) VALUES ('MN.23.6618854','MN','MN.23','{\"en\":\"Hongor\"}',1);
INSERT INTO `__PREFIX__subadmin2` (`code`, `country_code`, `subadmin1_code`, `name`, `active`) VALUES ('MN.23.6618855','MN','MN.23','{\"en\":\"Orhon\"}',1);
INSERT INTO `__PREFIX__subadmin2` (`code`, `country_code`, `subadmin1_code`, `name`, `active`) VALUES ('MN.16.6618857','MN','MN.16','{\"en\":\"Mandal\"}',1);
INSERT INTO `__PREFIX__subadmin2` (`code`, `country_code`, `subadmin1_code`, `name`, `active`) VALUES ('MN.16.6618859','MN','MN.16','{\"en\":\"Orhon\"}',1);
INSERT INTO `__PREFIX__subadmin2` (`code`, `country_code`, `subadmin1_code`, `name`, `active`) VALUES ('MN.16.6618861','MN','MN.16','{\"en\":\"Sayhan\"}',1);
INSERT INTO `__PREFIX__subadmin2` (`code`, `country_code`, `subadmin1_code`, `name`, `active`) VALUES ('MN.16.6618862','MN','MN.16','{\"en\":\"Sant\"}',1);
INSERT INTO `__PREFIX__subadmin2` (`code`, `country_code`, `subadmin1_code`, `name`, `active`) VALUES ('MN.16.6618863','MN','MN.16','{\"en\":\"Baruunbüren\"}',1);
INSERT INTO `__PREFIX__subadmin2` (`code`, `country_code`, `subadmin1_code`, `name`, `active`) VALUES ('MN.16.6618864','MN','MN.16','{\"en\":\"Orhontuul\"}',1);
INSERT INTO `__PREFIX__subadmin2` (`code`, `country_code`, `subadmin1_code`, `name`, `active`) VALUES ('MN.16.6618865','MN','MN.16','{\"en\":\"Shaamar\"}',1);
INSERT INTO `__PREFIX__subadmin2` (`code`, `country_code`, `subadmin1_code`, `name`, `active`) VALUES ('MN.16.6618866','MN','MN.16','{\"en\":\"Dzüünbüren\"}',1);
INSERT INTO `__PREFIX__subadmin2` (`code`, `country_code`, `subadmin1_code`, `name`, `active`) VALUES ('MN.16.6618867','MN','MN.16','{\"en\":\"Tsagaannuur\"}',1);
INSERT INTO `__PREFIX__subadmin2` (`code`, `country_code`, `subadmin1_code`, `name`, `active`) VALUES ('MN.16.6618868','MN','MN.16','{\"en\":\"Tüshig\"}',1);
INSERT INTO `__PREFIX__subadmin2` (`code`, `country_code`, `subadmin1_code`, `name`, `active`) VALUES ('MN.16.6618869','MN','MN.16','{\"en\":\"Sühbaatar\"}',1);
INSERT INTO `__PREFIX__subadmin2` (`code`, `country_code`, `subadmin1_code`, `name`, `active`) VALUES ('MN.16.6618870','MN','MN.16','{\"en\":\"Altanbulag\"}',1);
INSERT INTO `__PREFIX__subadmin2` (`code`, `country_code`, `subadmin1_code`, `name`, `active`) VALUES ('MN.16.6618872','MN','MN.16','{\"en\":\"Hüder\"}',1);
INSERT INTO `__PREFIX__subadmin2` (`code`, `country_code`, `subadmin1_code`, `name`, `active`) VALUES ('MN.16.6618873','MN','MN.16','{\"en\":\"Javhlant\"}',1);
INSERT INTO `__PREFIX__subadmin2` (`code`, `country_code`, `subadmin1_code`, `name`, `active`) VALUES ('MN.16.6618874','MN','MN.16','{\"en\":\"Hushaat\"}',1);
INSERT INTO `__PREFIX__subadmin2` (`code`, `country_code`, `subadmin1_code`, `name`, `active`) VALUES ('MN.25.6618875','MN','MN.25','{\"en\":\"Bayan-Öndör\"}',1);
INSERT INTO `__PREFIX__subadmin2` (`code`, `country_code`, `subadmin1_code`, `name`, `active`) VALUES ('MN.25.6618877','MN','MN.25','{\"en\":\"Jargalant\"}',1);
INSERT INTO `__PREFIX__subadmin2` (`code`, `country_code`, `subadmin1_code`, `name`, `active`) VALUES ('MN.21.6618878','MN','MN.21','{\"en\":\"Hangal\"}',1);
INSERT INTO `__PREFIX__subadmin2` (`code`, `country_code`, `subadmin1_code`, `name`, `active`) VALUES ('MN.21.6618879','MN','MN.21','{\"en\":\"Selenge\"}',1);
INSERT INTO `__PREFIX__subadmin2` (`code`, `country_code`, `subadmin1_code`, `name`, `active`) VALUES ('MN.21.6618881','MN','MN.21','{\"en\":\"Teshig\"}',1);
INSERT INTO `__PREFIX__subadmin2` (`code`, `country_code`, `subadmin1_code`, `name`, `active`) VALUES ('MN.21.6618882','MN','MN.21','{\"en\":\"Hutag-Öndör\"}',1);
INSERT INTO `__PREFIX__subadmin2` (`code`, `country_code`, `subadmin1_code`, `name`, `active`) VALUES ('MN.21.6618883','MN','MN.21','{\"en\":\"Bugat\"}',1);
INSERT INTO `__PREFIX__subadmin2` (`code`, `country_code`, `subadmin1_code`, `name`, `active`) VALUES ('MN.21.6618884','MN','MN.21','{\"en\":\"Bayan-Agt\"}',1);
INSERT INTO `__PREFIX__subadmin2` (`code`, `country_code`, `subadmin1_code`, `name`, `active`) VALUES ('MN.21.6618885','MN','MN.21','{\"en\":\"Sayhan\"}',1);
INSERT INTO `__PREFIX__subadmin2` (`code`, `country_code`, `subadmin1_code`, `name`, `active`) VALUES ('MN.21.6618886','MN','MN.21','{\"en\":\"Orhon\"}',1);
INSERT INTO `__PREFIX__subadmin2` (`code`, `country_code`, `subadmin1_code`, `name`, `active`) VALUES ('MN.21.6618887','MN','MN.21','{\"en\":\"Hishig-Öndör\"}',1);
INSERT INTO `__PREFIX__subadmin2` (`code`, `country_code`, `subadmin1_code`, `name`, `active`) VALUES ('MN.21.6618888','MN','MN.21','{\"en\":\"Mogod\"}',1);
INSERT INTO `__PREFIX__subadmin2` (`code`, `country_code`, `subadmin1_code`, `name`, `active`) VALUES ('MN.21.6618889','MN','MN.21','{\"en\":\"Büreghangay\"}',1);
INSERT INTO `__PREFIX__subadmin2` (`code`, `country_code`, `subadmin1_code`, `name`, `active`) VALUES ('MN.21.6618890','MN','MN.21','{\"en\":\"Dashinchilen\"}',1);
INSERT INTO `__PREFIX__subadmin2` (`code`, `country_code`, `subadmin1_code`, `name`, `active`) VALUES ('MN.21.6618892','MN','MN.21','{\"en\":\"Bayannuur\"}',1);
INSERT INTO `__PREFIX__subadmin2` (`code`, `country_code`, `subadmin1_code`, `name`, `active`) VALUES ('MN.21.6618893','MN','MN.21','{\"en\":\"Gurvanbulag\"}',1);
INSERT INTO `__PREFIX__subadmin2` (`code`, `country_code`, `subadmin1_code`, `name`, `active`) VALUES ('MN.01.6618894','MN','MN.01','{\"en\":\"Rashaant\"}',1);
INSERT INTO `__PREFIX__subadmin2` (`code`, `country_code`, `subadmin1_code`, `name`, `active`) VALUES ('MN.21.6618895','MN','MN.21','{\"en\":\"Bulgan District\"}',1);
INSERT INTO `__PREFIX__subadmin2` (`code`, `country_code`, `subadmin1_code`, `name`, `active`) VALUES ('MN.13.6618997','MN','MN.13','{\"en\":\"Renchinlhümbe\"}',1);
INSERT INTO `__PREFIX__subadmin2` (`code`, `country_code`, `subadmin1_code`, `name`, `active`) VALUES ('MN.13.6618998','MN','MN.13','{\"en\":\"Tsagaannuur\"}',1);
INSERT INTO `__PREFIX__subadmin2` (`code`, `country_code`, `subadmin1_code`, `name`, `active`) VALUES ('MN.13.6618999','MN','MN.13','{\"en\":\"Ulaan-Uul\"}',1);
INSERT INTO `__PREFIX__subadmin2` (`code`, `country_code`, `subadmin1_code`, `name`, `active`) VALUES ('MN.13.6619000','MN','MN.13','{\"en\":\"Bayandzürh\"}',1);
INSERT INTO `__PREFIX__subadmin2` (`code`, `country_code`, `subadmin1_code`, `name`, `active`) VALUES ('MN.13.6619001','MN','MN.13','{\"en\":\"Alag-Erdene\"}',1);
INSERT INTO `__PREFIX__subadmin2` (`code`, `country_code`, `subadmin1_code`, `name`, `active`) VALUES ('MN.13.6619002','MN','MN.13','{\"en\":\"Arbulag\"}',1);
INSERT INTO `__PREFIX__subadmin2` (`code`, `country_code`, `subadmin1_code`, `name`, `active`) VALUES ('MN.13.6619003','MN','MN.13','{\"en\":\"Tsagaan-Uul\"}',1);
INSERT INTO `__PREFIX__subadmin2` (`code`, `country_code`, `subadmin1_code`, `name`, `active`) VALUES ('MN.13.6619004','MN','MN.13','{\"en\":\"Tsetserleg\"}',1);
INSERT INTO `__PREFIX__subadmin2` (`code`, `country_code`, `subadmin1_code`, `name`, `active`) VALUES ('MN.13.6619005','MN','MN.13','{\"en\":\"Mörön\"}',1);
INSERT INTO `__PREFIX__subadmin2` (`code`, `country_code`, `subadmin1_code`, `name`, `active`) VALUES ('MN.13.6619006','MN','MN.13','{\"en\":\"Bürentogtoh\"}',1);
INSERT INTO `__PREFIX__subadmin2` (`code`, `country_code`, `subadmin1_code`, `name`, `active`) VALUES ('MN.13.6619007','MN','MN.13','{\"en\":\"Tömörbulag\"}',1);
INSERT INTO `__PREFIX__subadmin2` (`code`, `country_code`, `subadmin1_code`, `name`, `active`) VALUES ('MN.13.6619008','MN','MN.13','{\"en\":\"Shine-Ider\"}',1);
INSERT INTO `__PREFIX__subadmin2` (`code`, `country_code`, `subadmin1_code`, `name`, `active`) VALUES ('MN.13.6619009','MN','MN.13','{\"en\":\"Galt\"}',1);
INSERT INTO `__PREFIX__subadmin2` (`code`, `country_code`, `subadmin1_code`, `name`, `active`) VALUES ('MN.13.6619010','MN','MN.13','{\"en\":\"Jargalant\"}',1);
INSERT INTO `__PREFIX__subadmin2` (`code`, `country_code`, `subadmin1_code`, `name`, `active`) VALUES ('MN.13.6619011','MN','MN.13','{\"en\":\"Tosontsengel\"}',1);
INSERT INTO `__PREFIX__subadmin2` (`code`, `country_code`, `subadmin1_code`, `name`, `active`) VALUES ('MN.13.6619013','MN','MN.13','{\"en\":\"Rashaant\"}',1);
INSERT INTO `__PREFIX__subadmin2` (`code`, `country_code`, `subadmin1_code`, `name`, `active`) VALUES ('MN.13.6619014','MN','MN.13','{\"en\":\"Tünel\"}',1);
INSERT INTO `__PREFIX__subadmin2` (`code`, `country_code`, `subadmin1_code`, `name`, `active`) VALUES ('MN.13.6619015','MN','MN.13','{\"en\":\"Chandmanĭ-Öndör\"}',1);
INSERT INTO `__PREFIX__subadmin2` (`code`, `country_code`, `subadmin1_code`, `name`, `active`) VALUES ('MN.13.6619016','MN','MN.13','{\"en\":\"Tsagaan-Üür\"}',1);
INSERT INTO `__PREFIX__subadmin2` (`code`, `country_code`, `subadmin1_code`, `name`, `active`) VALUES ('MN.13.6619017','MN','MN.13','{\"en\":\"Erdenebulgan\"}',1);
INSERT INTO `__PREFIX__subadmin2` (`code`, `country_code`, `subadmin1_code`, `name`, `active`) VALUES ('MN.13.6619018','MN','MN.13','{\"en\":\"Hanh\"}',1);
INSERT INTO `__PREFIX__subadmin2` (`code`, `country_code`, `subadmin1_code`, `name`, `active`) VALUES ('MN.01.6619019','MN','MN.01','{\"en\":\"Tsetserleg\"}',1);
INSERT INTO `__PREFIX__subadmin2` (`code`, `country_code`, `subadmin1_code`, `name`, `active`) VALUES ('MN.01.6619020','MN','MN.01','{\"en\":\"Jargalant\"}',1);
INSERT INTO `__PREFIX__subadmin2` (`code`, `country_code`, `subadmin1_code`, `name`, `active`) VALUES ('MN.01.6619021','MN','MN.01','{\"en\":\"Erdenemandal\"}',1);
INSERT INTO `__PREFIX__subadmin2` (`code`, `country_code`, `subadmin1_code`, `name`, `active`) VALUES ('MN.01.6619022','MN','MN.01','{\"en\":\"Hayrhan\"}',1);
INSERT INTO `__PREFIX__subadmin2` (`code`, `country_code`, `subadmin1_code`, `name`, `active`) VALUES ('MN.01.6619023','MN','MN.01','{\"en\":\"Erdenebulgan\"}',1);
INSERT INTO `__PREFIX__subadmin2` (`code`, `country_code`, `subadmin1_code`, `name`, `active`) VALUES ('MN.01.6619024','MN','MN.01','{\"en\":\"Ihtamir\"}',1);
INSERT INTO `__PREFIX__subadmin2` (`code`, `country_code`, `subadmin1_code`, `name`, `active`) VALUES ('MN.01.6619025','MN','MN.01','{\"en\":\"Öndör-Ulaan\"}',1);
INSERT INTO `__PREFIX__subadmin2` (`code`, `country_code`, `subadmin1_code`, `name`, `active`) VALUES ('MN.01.6619026','MN','MN.01','{\"en\":\"Chuluut\"}',1);
INSERT INTO `__PREFIX__subadmin2` (`code`, `country_code`, `subadmin1_code`, `name`, `active`) VALUES ('MN.01.6619027','MN','MN.01','{\"en\":\"Hangay\"}',1);
INSERT INTO `__PREFIX__subadmin2` (`code`, `country_code`, `subadmin1_code`, `name`, `active`) VALUES ('MN.01.6619028','MN','MN.01','{\"en\":\"Tsahir\"}',1);
INSERT INTO `__PREFIX__subadmin2` (`code`, `country_code`, `subadmin1_code`, `name`, `active`) VALUES ('MN.01.6619029','MN','MN.01','{\"en\":\"Bulgan\"}',1);
INSERT INTO `__PREFIX__subadmin2` (`code`, `country_code`, `subadmin1_code`, `name`, `active`) VALUES ('MN.01.6619030','MN','MN.01','{\"en\":\"Tsenher\"}',1);
INSERT INTO `__PREFIX__subadmin2` (`code`, `country_code`, `subadmin1_code`, `name`, `active`) VALUES ('MN.01.6619031','MN','MN.01','{\"en\":\"Tüvshrüüleh\"}',1);
INSERT INTO `__PREFIX__subadmin2` (`code`, `country_code`, `subadmin1_code`, `name`, `active`) VALUES ('MN.01.6619032','MN','MN.01','{\"en\":\"Hotont\"}',1);
INSERT INTO `__PREFIX__subadmin2` (`code`, `country_code`, `subadmin1_code`, `name`, `active`) VALUES ('MN.01.6619033','MN','MN.01','{\"en\":\"Hashaat\"}',1);
INSERT INTO `__PREFIX__subadmin2` (`code`, `country_code`, `subadmin1_code`, `name`, `active`) VALUES ('MN.01.6619034','MN','MN.01','{\"en\":\"Ögiynuur\"}',1);
INSERT INTO `__PREFIX__subadmin2` (`code`, `country_code`, `subadmin1_code`, `name`, `active`) VALUES ('MN.01.6619035','MN','MN.01','{\"en\":\"Battsengel\"}',1);
INSERT INTO `__PREFIX__subadmin2` (`code`, `country_code`, `subadmin1_code`, `name`, `active`) VALUES ('MN.01.6619036','MN','MN.01','{\"en\":\"Öldziyt\"}',1);
INSERT INTO `__PREFIX__subadmin2` (`code`, `country_code`, `subadmin1_code`, `name`, `active`) VALUES ('MN.15.6619042','MN','MN.15','{\"en\":\"Harhorin\"}',1);
INSERT INTO `__PREFIX__subadmin2` (`code`, `country_code`, `subadmin1_code`, `name`, `active`) VALUES ('MN.15.6619043','MN','MN.15','{\"en\":\"Hujirt\"}',1);
INSERT INTO `__PREFIX__subadmin2` (`code`, `country_code`, `subadmin1_code`, `name`, `active`) VALUES ('MN.15.6619044','MN','MN.15','{\"en\":\"Bat-Öldziy\"}',1);
INSERT INTO `__PREFIX__subadmin2` (`code`, `country_code`, `subadmin1_code`, `name`, `active`) VALUES ('MN.15.6619045','MN','MN.15','{\"en\":\"Uyanga\"}',1);
INSERT INTO `__PREFIX__subadmin2` (`code`, `country_code`, `subadmin1_code`, `name`, `active`) VALUES ('MN.15.6619046','MN','MN.15','{\"en\":\"Dzüünbayan-Ulaan\"}',1);
INSERT INTO `__PREFIX__subadmin2` (`code`, `country_code`, `subadmin1_code`, `name`, `active`) VALUES ('MN.15.6619047','MN','MN.15','{\"en\":\"Taragt\"}',1);
INSERT INTO `__PREFIX__subadmin2` (`code`, `country_code`, `subadmin1_code`, `name`, `active`) VALUES ('MN.15.6619048','MN','MN.15','{\"en\":\"Arvayheer\"}',1);
INSERT INTO `__PREFIX__subadmin2` (`code`, `country_code`, `subadmin1_code`, `name`, `active`) VALUES ('MN.15.6619049','MN','MN.15','{\"en\":\"Hayrhandulaan\"}',1);
INSERT INTO `__PREFIX__subadmin2` (`code`, `country_code`, `subadmin1_code`, `name`, `active`) VALUES ('MN.15.6619050','MN','MN.15','{\"en\":\"Nariynteel\"}',1);
INSERT INTO `__PREFIX__subadmin2` (`code`, `country_code`, `subadmin1_code`, `name`, `active`) VALUES ('MN.15.6619051','MN','MN.15','{\"en\":\"Baruunbayan-Ulaan\"}',1);
INSERT INTO `__PREFIX__subadmin2` (`code`, `country_code`, `subadmin1_code`, `name`, `active`) VALUES ('MN.15.6619052','MN','MN.15','{\"en\":\"Guchin-Us\"}',1);
INSERT INTO `__PREFIX__subadmin2` (`code`, `country_code`, `subadmin1_code`, `name`, `active`) VALUES ('MN.15.6619053','MN','MN.15','{\"en\":\"Bogd\"}',1);
INSERT INTO `__PREFIX__subadmin2` (`code`, `country_code`, `subadmin1_code`, `name`, `active`) VALUES ('MN.15.6619054','MN','MN.15','{\"en\":\"Tögrög\"}',1);
INSERT INTO `__PREFIX__subadmin2` (`code`, `country_code`, `subadmin1_code`, `name`, `active`) VALUES ('MN.15.6619056','MN','MN.15','{\"en\":\"Bayangol\"}',1);
INSERT INTO `__PREFIX__subadmin2` (`code`, `country_code`, `subadmin1_code`, `name`, `active`) VALUES ('MN.15.6619057','MN','MN.15','{\"en\":\"Sant\"}',1);
INSERT INTO `__PREFIX__subadmin2` (`code`, `country_code`, `subadmin1_code`, `name`, `active`) VALUES ('MN.15.6619058','MN','MN.15','{\"en\":\"Bayan-Öndör\"}',1);
INSERT INTO `__PREFIX__subadmin2` (`code`, `country_code`, `subadmin1_code`, `name`, `active`) VALUES ('MN.15.6619059','MN','MN.15','{\"en\":\"Öldziyt\"}',1);
INSERT INTO `__PREFIX__subadmin2` (`code`, `country_code`, `subadmin1_code`, `name`, `active`) VALUES ('MN.15.6619060','MN','MN.15','{\"en\":\"Yösöndzüyl\"}',1);
INSERT INTO `__PREFIX__subadmin2` (`code`, `country_code`, `subadmin1_code`, `name`, `active`) VALUES ('MN.15.6619061','MN','MN.15','{\"en\":\"Bürd\"}',1);
INSERT INTO `__PREFIX__subadmin2` (`code`, `country_code`, `subadmin1_code`, `name`, `active`) VALUES ('MN.02.6619062','MN','MN.02','{\"en\":\"Dzag\"}',1);
INSERT INTO `__PREFIX__subadmin2` (`code`, `country_code`, `subadmin1_code`, `name`, `active`) VALUES ('MN.02.6619063','MN','MN.02','{\"en\":\"Gurvanbulag\"}',1);
INSERT INTO `__PREFIX__subadmin2` (`code`, `country_code`, `subadmin1_code`, `name`, `active`) VALUES ('MN.02.6619064','MN','MN.02','{\"en\":\"Jargalant\"}',1);
INSERT INTO `__PREFIX__subadmin2` (`code`, `country_code`, `subadmin1_code`, `name`, `active`) VALUES ('MN.02.6619065','MN','MN.02','{\"en\":\"Bayanbulag\"}',1);
INSERT INTO `__PREFIX__subadmin2` (`code`, `country_code`, `subadmin1_code`, `name`, `active`) VALUES ('MN.02.6619066','MN','MN.02','{\"en\":\"Bayantsagaan\"}',1);
INSERT INTO `__PREFIX__subadmin2` (`code`, `country_code`, `subadmin1_code`, `name`, `active`) VALUES ('MN.02.6619067','MN','MN.02','{\"en\":\"Hüreemaral\"}',1);
INSERT INTO `__PREFIX__subadmin2` (`code`, `country_code`, `subadmin1_code`, `name`, `active`) VALUES ('MN.02.6619068','MN','MN.02','{\"en\":\"Buutsagaan\"}',1);
INSERT INTO `__PREFIX__subadmin2` (`code`, `country_code`, `subadmin1_code`, `name`, `active`) VALUES ('MN.02.6619069','MN','MN.02','{\"en\":\"Bömbögör\"}',1);
INSERT INTO `__PREFIX__subadmin2` (`code`, `country_code`, `subadmin1_code`, `name`, `active`) VALUES ('MN.02.6619070','MN','MN.02','{\"en\":\"Bayan-Ovoo\"}',1);
INSERT INTO `__PREFIX__subadmin2` (`code`, `country_code`, `subadmin1_code`, `name`, `active`) VALUES ('MN.02.6619071','MN','MN.02','{\"en\":\"Galuut\"}',1);
INSERT INTO `__PREFIX__subadmin2` (`code`, `country_code`, `subadmin1_code`, `name`, `active`) VALUES ('MN.02.6619072','MN','MN.02','{\"en\":\"Erdenetsogt\"}',1);
INSERT INTO `__PREFIX__subadmin2` (`code`, `country_code`, `subadmin1_code`, `name`, `active`) VALUES ('MN.02.6619073','MN','MN.02','{\"en\":\"Bayanhongor\"}',1);
INSERT INTO `__PREFIX__subadmin2` (`code`, `country_code`, `subadmin1_code`, `name`, `active`) VALUES ('MN.02.6619074','MN','MN.02','{\"en\":\"Öldziyt\"}',1);
INSERT INTO `__PREFIX__subadmin2` (`code`, `country_code`, `subadmin1_code`, `name`, `active`) VALUES ('MN.02.6619075','MN','MN.02','{\"en\":\"Jinst\"}',1);
INSERT INTO `__PREFIX__subadmin2` (`code`, `country_code`, `subadmin1_code`, `name`, `active`) VALUES ('MN.02.6619076','MN','MN.02','{\"en\":\"Bogd\"}',1);
INSERT INTO `__PREFIX__subadmin2` (`code`, `country_code`, `subadmin1_code`, `name`, `active`) VALUES ('MN.02.6619077','MN','MN.02','{\"en\":\"Bayangovĭ\"}',1);
INSERT INTO `__PREFIX__subadmin2` (`code`, `country_code`, `subadmin1_code`, `name`, `active`) VALUES ('MN.02.6619078','MN','MN.02','{\"en\":\"Bayanlig\"}',1);
INSERT INTO `__PREFIX__subadmin2` (`code`, `country_code`, `subadmin1_code`, `name`, `active`) VALUES ('MN.02.6619079','MN','MN.02','{\"en\":\"Baatsagaan\"}',1);
INSERT INTO `__PREFIX__subadmin2` (`code`, `country_code`, `subadmin1_code`, `name`, `active`) VALUES ('MN.02.6619080','MN','MN.02','{\"en\":\"Bayan-Öndör\"}',1);
INSERT INTO `__PREFIX__subadmin2` (`code`, `country_code`, `subadmin1_code`, `name`, `active`) VALUES ('MN.02.6619081','MN','MN.02','{\"en\":\"Shinejinst\"}',1);
INSERT INTO `__PREFIX__subadmin2` (`code`, `country_code`, `subadmin1_code`, `name`, `active`) VALUES ('MN.10.6619082','MN','MN.10','{\"en\":\"Höhmorĭt\"}',1);
INSERT INTO `__PREFIX__subadmin2` (`code`, `country_code`, `subadmin1_code`, `name`, `active`) VALUES ('MN.10.6619083','MN','MN.10','{\"en\":\"Bayan-Uul\"}',1);
INSERT INTO `__PREFIX__subadmin2` (`code`, `country_code`, `subadmin1_code`, `name`, `active`) VALUES ('MN.10.6619084','MN','MN.10','{\"en\":\"Jargalan\"}',1);
INSERT INTO `__PREFIX__subadmin2` (`code`, `country_code`, `subadmin1_code`, `name`, `active`) VALUES ('MN.10.6619085','MN','MN.10','{\"en\":\"Tayshir\"}',1);
INSERT INTO `__PREFIX__subadmin2` (`code`, `country_code`, `subadmin1_code`, `name`, `active`) VALUES ('MN.10.6619086','MN','MN.10','{\"en\":\"Delger\"}',1);
INSERT INTO `__PREFIX__subadmin2` (`code`, `country_code`, `subadmin1_code`, `name`, `active`) VALUES ('MN.10.6619087','MN','MN.10','{\"en\":\"Sharga\"}',1);
INSERT INTO `__PREFIX__subadmin2` (`code`, `country_code`, `subadmin1_code`, `name`, `active`) VALUES ('MN.10.6619088','MN','MN.10','{\"en\":\"Darvi\"}',1);
INSERT INTO `__PREFIX__subadmin2` (`code`, `country_code`, `subadmin1_code`, `name`, `active`) VALUES ('MN.10.6619089','MN','MN.10','{\"en\":\"Tonhil\"}',1);
INSERT INTO `__PREFIX__subadmin2` (`code`, `country_code`, `subadmin1_code`, `name`, `active`) VALUES ('MN.10.6619090','MN','MN.10','{\"en\":\"Tögrög\"}',1);
INSERT INTO `__PREFIX__subadmin2` (`code`, `country_code`, `subadmin1_code`, `name`, `active`) VALUES ('MN.10.6619091','MN','MN.10','{\"en\":\"Bugat\"}',1);
INSERT INTO `__PREFIX__subadmin2` (`code`, `country_code`, `subadmin1_code`, `name`, `active`) VALUES ('MN.10.6619092','MN','MN.10','{\"en\":\"Yösönbulag\"}',1);
INSERT INTO `__PREFIX__subadmin2` (`code`, `country_code`, `subadmin1_code`, `name`, `active`) VALUES ('MN.10.6619093','MN','MN.10','{\"en\":\"Haliun\"}',1);
INSERT INTO `__PREFIX__subadmin2` (`code`, `country_code`, `subadmin1_code`, `name`, `active`) VALUES ('MN.10.6619094','MN','MN.10','{\"en\":\"Tseel\"}',1);
INSERT INTO `__PREFIX__subadmin2` (`code`, `country_code`, `subadmin1_code`, `name`, `active`) VALUES ('MN.10.6619095','MN','MN.10','{\"en\":\"Altay\"}',1);
INSERT INTO `__PREFIX__subadmin2` (`code`, `country_code`, `subadmin1_code`, `name`, `active`) VALUES ('MN.10.6619096','MN','MN.10','{\"en\":\"Tsogt\"}',1);
INSERT INTO `__PREFIX__subadmin2` (`code`, `country_code`, `subadmin1_code`, `name`, `active`) VALUES ('MN.10.6619097','MN','MN.10','{\"en\":\"Biger\"}',1);
INSERT INTO `__PREFIX__subadmin2` (`code`, `country_code`, `subadmin1_code`, `name`, `active`) VALUES ('MN.10.6619098','MN','MN.10','{\"en\":\"Chandmanĭ\"}',1);
INSERT INTO `__PREFIX__subadmin2` (`code`, `country_code`, `subadmin1_code`, `name`, `active`) VALUES ('MN.10.6619099','MN','MN.10','{\"en\":\"Erdene\"}',1);
INSERT INTO `__PREFIX__subadmin2` (`code`, `country_code`, `subadmin1_code`, `name`, `active`) VALUES ('MN.12.6619109','MN','MN.12','{\"en\":\"Erdenebüren\"}',1);
INSERT INTO `__PREFIX__subadmin2` (`code`, `country_code`, `subadmin1_code`, `name`, `active`) VALUES ('MN.12.6619110','MN','MN.12','{\"en\":\"Buyant\"}',1);
INSERT INTO `__PREFIX__subadmin2` (`code`, `country_code`, `subadmin1_code`, `name`, `active`) VALUES ('MN.12.6619111','MN','MN.12','{\"en\":\"Myangad\"}',1);
INSERT INTO `__PREFIX__subadmin2` (`code`, `country_code`, `subadmin1_code`, `name`, `active`) VALUES ('MN.12.6619113','MN','MN.12','{\"en\":\"Jargalant\"}',1);
INSERT INTO `__PREFIX__subadmin2` (`code`, `country_code`, `subadmin1_code`, `name`, `active`) VALUES ('MN.12.6619115','MN','MN.12','{\"en\":\"Khovd\"}',1);
INSERT INTO `__PREFIX__subadmin2` (`code`, `country_code`, `subadmin1_code`, `name`, `active`) VALUES ('MN.12.6619116','MN','MN.12','{\"en\":\"Duut\"}',1);
INSERT INTO `__PREFIX__subadmin2` (`code`, `country_code`, `subadmin1_code`, `name`, `active`) VALUES ('MN.12.6619117','MN','MN.12','{\"en\":\"Manhan\"}',1);
INSERT INTO `__PREFIX__subadmin2` (`code`, `country_code`, `subadmin1_code`, `name`, `active`) VALUES ('MN.12.6619118','MN','MN.12','{\"en\":\"Dzereg\"}',1);
INSERT INTO `__PREFIX__subadmin2` (`code`, `country_code`, `subadmin1_code`, `name`, `active`) VALUES ('MN.12.6619119','MN','MN.12','{\"en\":\"Mönhhayrhan\"}',1);
INSERT INTO `__PREFIX__subadmin2` (`code`, `country_code`, `subadmin1_code`, `name`, `active`) VALUES ('MN.12.6619120','MN','MN.12','{\"en\":\"Chandmanĭ\"}',1);
INSERT INTO `__PREFIX__subadmin2` (`code`, `country_code`, `subadmin1_code`, `name`, `active`) VALUES ('MN.12.6619121','MN','MN.12','{\"en\":\"Darvi\"}',1);
INSERT INTO `__PREFIX__subadmin2` (`code`, `country_code`, `subadmin1_code`, `name`, `active`) VALUES ('MN.12.6619122','MN','MN.12','{\"en\":\"Tsetseg\"}',1);
INSERT INTO `__PREFIX__subadmin2` (`code`, `country_code`, `subadmin1_code`, `name`, `active`) VALUES ('MN.12.6619123','MN','MN.12','{\"en\":\"Möst\"}',1);
INSERT INTO `__PREFIX__subadmin2` (`code`, `country_code`, `subadmin1_code`, `name`, `active`) VALUES ('MN.12.6619124','MN','MN.12','{\"en\":\"Üyönch\"}',1);
INSERT INTO `__PREFIX__subadmin2` (`code`, `country_code`, `subadmin1_code`, `name`, `active`) VALUES ('MN.12.6619126','MN','MN.12','{\"en\":\"Altay\"}',1);
INSERT INTO `__PREFIX__subadmin2` (`code`, `country_code`, `subadmin1_code`, `name`, `active`) VALUES ('MN.03.6619140','MN','MN.03','{\"en\":\"Tsagaannuur\"}',1);
INSERT INTO `__PREFIX__subadmin2` (`code`, `country_code`, `subadmin1_code`, `name`, `active`) VALUES ('MN.03.6619141','MN','MN.03','{\"en\":\"Nogoonnuur\"}',1);
INSERT INTO `__PREFIX__subadmin2` (`code`, `country_code`, `subadmin1_code`, `name`, `active`) VALUES ('MN.03.6619142','MN','MN.03','{\"en\":\"Ulaanhus\"}',1);
INSERT INTO `__PREFIX__subadmin2` (`code`, `country_code`, `subadmin1_code`, `name`, `active`) VALUES ('MN.03.6619143','MN','MN.03','{\"en\":\"Tsengel\"}',1);
INSERT INTO `__PREFIX__subadmin2` (`code`, `country_code`, `subadmin1_code`, `name`, `active`) VALUES ('MN.03.6619144','MN','MN.03','{\"en\":\"Sagsay sum\"}',1);
INSERT INTO `__PREFIX__subadmin2` (`code`, `country_code`, `subadmin1_code`, `name`, `active`) VALUES ('MN.03.6619145','MN','MN.03','{\"en\":\"Bugat\"}',1);
INSERT INTO `__PREFIX__subadmin2` (`code`, `country_code`, `subadmin1_code`, `name`, `active`) VALUES ('MN.03.6619146','MN','MN.03','{\"en\":\"Ölgii\"}',1);
INSERT INTO `__PREFIX__subadmin2` (`code`, `country_code`, `subadmin1_code`, `name`, `active`) VALUES ('MN.03.6619147','MN','MN.03','{\"en\":\"Altantsögts\"}',1);
INSERT INTO `__PREFIX__subadmin2` (`code`, `country_code`, `subadmin1_code`, `name`, `active`) VALUES ('MN.03.6619149','MN','MN.03','{\"en\":\"Tolbo\"}',1);
INSERT INTO `__PREFIX__subadmin2` (`code`, `country_code`, `subadmin1_code`, `name`, `active`) VALUES ('MN.03.6619150','MN','MN.03','{\"en\":\"Altay\"}',1);
INSERT INTO `__PREFIX__subadmin2` (`code`, `country_code`, `subadmin1_code`, `name`, `active`) VALUES ('MN.03.6619151','MN','MN.03','{\"en\":\"Buyant\"}',1);
INSERT INTO `__PREFIX__subadmin2` (`code`, `country_code`, `subadmin1_code`, `name`, `active`) VALUES ('MN.03.6619152','MN','MN.03','{\"en\":\"Delüün\"}',1);
INSERT INTO `__PREFIX__subadmin2` (`code`, `country_code`, `subadmin1_code`, `name`, `active`) VALUES ('MN.03.6619153','MN','MN.03','{\"en\":\"Bulgan\"}',1);
INSERT INTO `__PREFIX__subadmin2` (`code`, `country_code`, `subadmin1_code`, `name`, `active`) VALUES ('MN.19.6619154','MN','MN.19','{\"en\":\"Davst\"}',1);
INSERT INTO `__PREFIX__subadmin2` (`code`, `country_code`, `subadmin1_code`, `name`, `active`) VALUES ('MN.19.6619155','MN','MN.19','{\"en\":\"Sagil\"}',1);
INSERT INTO `__PREFIX__subadmin2` (`code`, `country_code`, `subadmin1_code`, `name`, `active`) VALUES ('MN.19.6619156','MN','MN.19','{\"en\":\"Türgen\"}',1);
INSERT INTO `__PREFIX__subadmin2` (`code`, `country_code`, `subadmin1_code`, `name`, `active`) VALUES ('MN.19.6619157','MN','MN.19','{\"en\":\"Tarialan\"}',1);
INSERT INTO `__PREFIX__subadmin2` (`code`, `country_code`, `subadmin1_code`, `name`, `active`) VALUES ('MN.19.6619158','MN','MN.19','{\"en\":\"Ulaangom\"}',1);
INSERT INTO `__PREFIX__subadmin2` (`code`, `country_code`, `subadmin1_code`, `name`, `active`) VALUES ('MN.19.6619159','MN','MN.19','{\"en\":\"Naranbulag\"}',1);
INSERT INTO `__PREFIX__subadmin2` (`code`, `country_code`, `subadmin1_code`, `name`, `active`) VALUES ('MN.19.6619160','MN','MN.19','{\"en\":\"Ölgiy\"}',1);
INSERT INTO `__PREFIX__subadmin2` (`code`, `country_code`, `subadmin1_code`, `name`, `active`) VALUES ('MN.19.6619161','MN','MN.19','{\"en\":\"Ömnögovĭ\"}',1);
INSERT INTO `__PREFIX__subadmin2` (`code`, `country_code`, `subadmin1_code`, `name`, `active`) VALUES ('MN.19.6619162','MN','MN.19','{\"en\":\"Hovd\"}',1);
INSERT INTO `__PREFIX__subadmin2` (`code`, `country_code`, `subadmin1_code`, `name`, `active`) VALUES ('MN.19.6619163','MN','MN.19','{\"en\":\"Böhmörön\"}',1);
INSERT INTO `__PREFIX__subadmin2` (`code`, `country_code`, `subadmin1_code`, `name`, `active`) VALUES ('MN.19.6619164','MN','MN.19','{\"en\":\"Tes\"}',1);
INSERT INTO `__PREFIX__subadmin2` (`code`, `country_code`, `subadmin1_code`, `name`, `active`) VALUES ('MN.19.6619165','MN','MN.19','{\"en\":\"Dzüüngovĭ\"}',1);
INSERT INTO `__PREFIX__subadmin2` (`code`, `country_code`, `subadmin1_code`, `name`, `active`) VALUES ('MN.19.6619166','MN','MN.19','{\"en\":\"Malchin\"}',1);
INSERT INTO `__PREFIX__subadmin2` (`code`, `country_code`, `subadmin1_code`, `name`, `active`) VALUES ('MN.19.6619167','MN','MN.19','{\"en\":\"Dzavhan\"}',1);
INSERT INTO `__PREFIX__subadmin2` (`code`, `country_code`, `subadmin1_code`, `name`, `active`) VALUES ('MN.19.6619168','MN','MN.19','{\"en\":\"Hyargas\"}',1);
INSERT INTO `__PREFIX__subadmin2` (`code`, `country_code`, `subadmin1_code`, `name`, `active`) VALUES ('MN.19.6619169','MN','MN.19','{\"en\":\"Tsagaanhayrhan\"}',1);
INSERT INTO `__PREFIX__subadmin2` (`code`, `country_code`, `subadmin1_code`, `name`, `active`) VALUES ('MN.19.6619170','MN','MN.19','{\"en\":\"Baruunturuun\"}',1);
INSERT INTO `__PREFIX__subadmin2` (`code`, `country_code`, `subadmin1_code`, `name`, `active`) VALUES ('MN.19.6619171','MN','MN.19','{\"en\":\"Öndörhangay\"}',1);
INSERT INTO `__PREFIX__subadmin2` (`code`, `country_code`, `subadmin1_code`, `name`, `active`) VALUES ('MN.19.6619172','MN','MN.19','{\"en\":\"Dzüünhangay\"}',1);
INSERT INTO `__PREFIX__subadmin2` (`code`, `country_code`, `subadmin1_code`, `name`, `active`) VALUES ('MN.09.6619214','MN','MN.09','{\"en\":\"Bayantes\"}',1);
INSERT INTO `__PREFIX__subadmin2` (`code`, `country_code`, `subadmin1_code`, `name`, `active`) VALUES ('MN.09.6619215','MN','MN.09','{\"en\":\"Tes\"}',1);
INSERT INTO `__PREFIX__subadmin2` (`code`, `country_code`, `subadmin1_code`, `name`, `active`) VALUES ('MN.09.6619216','MN','MN.09','{\"en\":\"Asgat\"}',1);
INSERT INTO `__PREFIX__subadmin2` (`code`, `country_code`, `subadmin1_code`, `name`, `active`) VALUES ('MN.09.6619217','MN','MN.09','{\"en\":\"Bayanhayrhan\"}',1);
INSERT INTO `__PREFIX__subadmin2` (`code`, `country_code`, `subadmin1_code`, `name`, `active`) VALUES ('MN.09.6619218','MN','MN.09','{\"en\":\"Tüdevtey\"}',1);
INSERT INTO `__PREFIX__subadmin2` (`code`, `country_code`, `subadmin1_code`, `name`, `active`) VALUES ('MN.09.6619220','MN','MN.09','{\"en\":\"Tsetsen-Uul\"}',1);
INSERT INTO `__PREFIX__subadmin2` (`code`, `country_code`, `subadmin1_code`, `name`, `active`) VALUES ('MN.09.6619221','MN','MN.09','{\"en\":\"Nömrög\"}',1);
INSERT INTO `__PREFIX__subadmin2` (`code`, `country_code`, `subadmin1_code`, `name`, `active`) VALUES ('MN.09.6619222','MN','MN.09','{\"en\":\"Santmargats\"}',1);
INSERT INTO `__PREFIX__subadmin2` (`code`, `country_code`, `subadmin1_code`, `name`, `active`) VALUES ('MN.09.6619223','MN','MN.09','{\"en\":\"Urgamal\"}',1);
INSERT INTO `__PREFIX__subadmin2` (`code`, `country_code`, `subadmin1_code`, `name`, `active`) VALUES ('MN.09.6619224','MN','MN.09','{\"en\":\"Dzavhanmandal\"}',1);
INSERT INTO `__PREFIX__subadmin2` (`code`, `country_code`, `subadmin1_code`, `name`, `active`) VALUES ('MN.10.6619225','MN','MN.10','{\"en\":\"Dörvöljin\"}',1);
INSERT INTO `__PREFIX__subadmin2` (`code`, `country_code`, `subadmin1_code`, `name`, `active`) VALUES ('MN.09.6619226','MN','MN.09','{\"en\":\"Erdenehayrhan\"}',1);
INSERT INTO `__PREFIX__subadmin2` (`code`, `country_code`, `subadmin1_code`, `name`, `active`) VALUES ('MN.09.6619227','MN','MN.09','{\"en\":\"Uliastay\"}',1);
INSERT INTO `__PREFIX__subadmin2` (`code`, `country_code`, `subadmin1_code`, `name`, `active`) VALUES ('MN.09.6619228','MN','MN.09','{\"en\":\"Aldarhaan\"}',1);
INSERT INTO `__PREFIX__subadmin2` (`code`, `country_code`, `subadmin1_code`, `name`, `active`) VALUES ('MN.09.6619229','MN','MN.09','{\"en\":\"Yaruu\"}',1);
INSERT INTO `__PREFIX__subadmin2` (`code`, `country_code`, `subadmin1_code`, `name`, `active`) VALUES ('MN.09.6619230','MN','MN.09','{\"en\":\"Tsagaanhayrhan\"}',1);
INSERT INTO `__PREFIX__subadmin2` (`code`, `country_code`, `subadmin1_code`, `name`, `active`) VALUES ('MN.09.6619231','MN','MN.09','{\"en\":\"Tsagaanchuluut\"}',1);
INSERT INTO `__PREFIX__subadmin2` (`code`, `country_code`, `subadmin1_code`, `name`, `active`) VALUES ('MN.09.6619232','MN','MN.09','{\"en\":\"Shilüüstey\"}',1);
INSERT INTO `__PREFIX__subadmin2` (`code`, `country_code`, `subadmin1_code`, `name`, `active`) VALUES ('MN.09.6619233','MN','MN.09','{\"en\":\"Otgon\"}',1);
INSERT INTO `__PREFIX__subadmin2` (`code`, `country_code`, `subadmin1_code`, `name`, `active`) VALUES ('MN.09.6619234','MN','MN.09','{\"en\":\"Ider\"}',1);
INSERT INTO `__PREFIX__subadmin2` (`code`, `country_code`, `subadmin1_code`, `name`, `active`) VALUES ('MN.09.6619235','MN','MN.09','{\"en\":\"Telmen\"}',1);
INSERT INTO `__PREFIX__subadmin2` (`code`, `country_code`, `subadmin1_code`, `name`, `active`) VALUES ('MN.09.6619236','MN','MN.09','{\"en\":\"Tosontsengel\"}',1);
INSERT INTO `__PREFIX__subadmin2` (`code`, `country_code`, `subadmin1_code`, `name`, `active`) VALUES ('MN.09.6619238','MN','MN.09','{\"en\":\"Ih-Uul\"}',1);
INSERT INTO `__PREFIX__subadmin2` (`code`, `country_code`, `subadmin1_code`, `name`, `active`) VALUES ('MN.19.6987792','MN','MN.19','{\"en\":\"Dzüüngovĭ Sum\"}',1);
INSERT INTO `__PREFIX__subadmin2` (`code`, `country_code`, `subadmin1_code`, `name`, `active`) VALUES ('MN.09.6987797','MN','MN.09','{\"en\":\"Dorvoljin Sum\"}',1);
INSERT INTO `__PREFIX__subadmin2` (`code`, `country_code`, `subadmin1_code`, `name`, `active`) VALUES ('MN.09.6987802','MN','MN.09','{\"en\":\"Tes Sum\"}',1);
INSERT INTO `__PREFIX__subadmin2` (`code`, `country_code`, `subadmin1_code`, `name`, `active`) VALUES ('MN.12.6987811','MN','MN.12','{\"en\":\"Bulgan District\"}',1);
INSERT INTO `__PREFIX__subadmin2` (`code`, `country_code`, `subadmin1_code`, `name`, `active`) VALUES ('MN.21.6987814','MN','MN.21','{\"en\":\"Rashaant Sum\"}',1);
INSERT INTO `__PREFIX__subadmin2` (`code`, `country_code`, `subadmin1_code`, `name`, `active`) VALUES ('MN.21.6987815','MN','MN.21','{\"en\":\"Gurvanbulag Sum\"}',1);
INSERT INTO `__PREFIX__subadmin2` (`code`, `country_code`, `subadmin1_code`, `name`, `active`) VALUES ('MN.21.6987819','MN','MN.21','{\"en\":\"Hutag-Öndör Sum\"}',1);
INSERT INTO `__PREFIX__subadmin2` (`code`, `country_code`, `subadmin1_code`, `name`, `active`) VALUES ('MN.01.6987826','MN','MN.01','{\"en\":\"Bulgan Sum\"}',1);
INSERT INTO `__PREFIX__subadmin2` (`code`, `country_code`, `subadmin1_code`, `name`, `active`) VALUES ('MN.02.6987839','MN','MN.02','{\"en\":\"Bayanbulag Sum\"}',1);
INSERT INTO `__PREFIX__subadmin2` (`code`, `country_code`, `subadmin1_code`, `name`, `active`) VALUES ('MN.09.6987852','MN','MN.09','{\"en\":\"Asgat Sum\"}',1);
INSERT INTO `__PREFIX__subadmin2` (`code`, `country_code`, `subadmin1_code`, `name`, `active`) VALUES ('MN.13.6987854','MN','MN.13','{\"en\":\"Jargalant Sum\"}',1);
INSERT INTO `__PREFIX__subadmin2` (`code`, `country_code`, `subadmin1_code`, `name`, `active`) VALUES ('MN.13.6987860','MN','MN.13','{\"en\":\"Ih-Uul Sum\"}',1);
INSERT INTO `__PREFIX__subadmin2` (`code`, `country_code`, `subadmin1_code`, `name`, `active`) VALUES ('MN.13.6987865','MN','MN.13','{\"en\":\"Tsagaan-Uul Sum\"}',1);
INSERT INTO `__PREFIX__subadmin2` (`code`, `country_code`, `subadmin1_code`, `name`, `active`) VALUES ('MN.02.6987911','MN','MN.02','{\"en\":\"Erdenetsogt Sum\"}',1);
INSERT INTO `__PREFIX__subadmin2` (`code`, `country_code`, `subadmin1_code`, `name`, `active`) VALUES ('MN.18.6987939','MN','MN.18','{\"en\":\"Bayan Sum\"}',1);
INSERT INTO `__PREFIX__subadmin2` (`code`, `country_code`, `subadmin1_code`, `name`, `active`) VALUES ('MN.18.6987952','MN','MN.18','{\"en\":\"Ugtaaltsaydam Sum\"}',1);
INSERT INTO `__PREFIX__subadmin2` (`code`, `country_code`, `subadmin1_code`, `name`, `active`) VALUES ('MN.16.6987957','MN','MN.16','{\"en\":\"Orhontuul Sum\"}',1);
INSERT INTO `__PREFIX__subadmin2` (`code`, `country_code`, `subadmin1_code`, `name`, `active`) VALUES ('MN.16.6987969','MN','MN.16','{\"en\":\"Yöröö Sum\"}',1);
INSERT INTO `__PREFIX__subadmin2` (`code`, `country_code`, `subadmin1_code`, `name`, `active`) VALUES ('MN.16.6987971','MN','MN.16','{\"en\":\"Mandal Sum\"}',1);
INSERT INTO `__PREFIX__subadmin2` (`code`, `country_code`, `subadmin1_code`, `name`, `active`) VALUES ('MN.16.6987972','MN','MN.16','{\"en\":\"Bayangol Sum\"}',1);
INSERT INTO `__PREFIX__subadmin2` (`code`, `country_code`, `subadmin1_code`, `name`, `active`) VALUES ('MN.21.6987973','MN','MN.21','{\"en\":\"Dashinchilen Sum\"}',1);
INSERT INTO `__PREFIX__subadmin2` (`code`, `country_code`, `subadmin1_code`, `name`, `active`) VALUES ('MN.21.6987974','MN','MN.21','{\"en\":\"Bayannuur Sum\"}',1);
INSERT INTO `__PREFIX__subadmin2` (`code`, `country_code`, `subadmin1_code`, `name`, `active`) VALUES ('MN.21.6987975','MN','MN.21','{\"en\":\"Büreghangay Sum\"}',1);
INSERT INTO `__PREFIX__subadmin2` (`code`, `country_code`, `subadmin1_code`, `name`, `active`) VALUES ('MN.21.6987976','MN','MN.21','{\"en\":\"Orhon Sum\"}',1);
INSERT INTO `__PREFIX__subadmin2` (`code`, `country_code`, `subadmin1_code`, `name`, `active`) VALUES ('MN.25.6987977','MN','MN.25','{\"en\":\"Jargalant Sum\"}',1);
INSERT INTO `__PREFIX__subadmin2` (`code`, `country_code`, `subadmin1_code`, `name`, `active`) VALUES ('MN.25.6987978','MN','MN.25','{\"en\":\"Erdenet Sum\"}',1);
INSERT INTO `__PREFIX__subadmin2` (`code`, `country_code`, `subadmin1_code`, `name`, `active`) VALUES ('MN.14.6987984','MN','MN.14','{\"en\":\"Bayan-Ovoo Sum\"}',1);
INSERT INTO `__PREFIX__subadmin2` (`code`, `country_code`, `subadmin1_code`, `name`, `active`) VALUES ('MN.08.6987992','MN','MN.08','{\"en\":\"Öldziyt Sum\"}',1);
INSERT INTO `__PREFIX__subadmin2` (`code`, `country_code`, `subadmin1_code`, `name`, `active`) VALUES ('MN.18.6988008','MN','MN.18','{\"en\":\"Bayantsagaan Sum\"}',1);
INSERT INTO `__PREFIX__subadmin2` (`code`, `country_code`, `subadmin1_code`, `name`, `active`) VALUES ('MN.24.6988010','MN','MN.24','{\"en\":\"Bayantal Sum\"}',1);
INSERT INTO `__PREFIX__subadmin2` (`code`, `country_code`, `subadmin1_code`, `name`, `active`) VALUES ('MN.24.6988011','MN','MN.24','{\"en\":\"Shiveegovi Sum\"}',1);
INSERT INTO `__PREFIX__subadmin2` (`code`, `country_code`, `subadmin1_code`, `name`, `active`) VALUES ('MN.24.6988012','MN','MN.24','{\"en\":\"Sümber Sum\"}',1);
INSERT INTO `__PREFIX__subadmin2` (`code`, `country_code`, `subadmin1_code`, `name`, `active`) VALUES ('MN.11.6988013','MN','MN.11','{\"en\":\"Darhan Sum\"}',1);
INSERT INTO `__PREFIX__subadmin2` (`code`, `country_code`, `subadmin1_code`, `name`, `active`) VALUES ('MN.06.6988033','MN','MN.06','{\"en\":\"Bayantümen Sum\"}',1);
INSERT INTO `__PREFIX__subadmin2` (`code`, `country_code`, `subadmin1_code`, `name`, `active`) VALUES ('MN.06.6988036','MN','MN.06','{\"en\":\"Tsagaan-Ovoo Sum\"}',1);
INSERT INTO `__PREFIX__subadmin2` (`code`, `country_code`, `subadmin1_code`, `name`, `active`) VALUES ('MN.06.6988038','MN','MN.06','{\"en\":\"Choybalsan Sum\"}',1);
INSERT INTO `__PREFIX__subadmin2` (`code`, `country_code`, `subadmin1_code`, `name`, `active`) VALUES ('MN.06.6988042','MN','MN.06','{\"en\":\"Gurvanzagal Sum\"}',1);
INSERT INTO `__PREFIX__subadmin2` (`code`, `country_code`, `subadmin1_code`, `name`, `active`) VALUES ('MN.17.6988047','MN','MN.17','{\"en\":\"Darĭganga Sum\"}',1);
INSERT INTO `__PREFIX__subadmin2` (`code`, `country_code`, `subadmin1_code`, `name`, `active`) VALUES ('MN.07.6997394','MN','MN.07','{\"en\":\"Saynshand Sum\"}',1);
INSERT INTO `__PREFIX__subadmin2` (`code`, `country_code`, `subadmin1_code`, `name`, `active`) VALUES ('MN.08.6997600','MN','MN.08','{\"en\":\"Sayntsagaan Sum\"}',1);
INSERT INTO `__PREFIX__subadmin2` (`code`, `country_code`, `subadmin1_code`, `name`, `active`) VALUES ('MN.01.6998261','MN','MN.01','{\"en\":\"Erdenebulgan Sum\"}',1);
INSERT INTO `__PREFIX__subadmin2` (`code`, `country_code`, `subadmin1_code`, `name`, `active`) VALUES ('MN.02.6998274','MN','MN.02','{\"en\":\"Bayanhongor Sum\"}',1);
INSERT INTO `__PREFIX__subadmin2` (`code`, `country_code`, `subadmin1_code`, `name`, `active`) VALUES ('MN.03.6998284','MN','MN.03','{\"en\":\"Ölgiy Sum\"}',1);
INSERT INTO `__PREFIX__subadmin2` (`code`, `country_code`, `subadmin1_code`, `name`, `active`) VALUES ('MN.07.6999252','MN','MN.07','{\"en\":\"Dzamïn-Üüd Sum\"}',1);
INSERT INTO `__PREFIX__subadmin2` (`code`, `country_code`, `subadmin1_code`, `name`, `active`) VALUES ('MN.13.6999363','MN','MN.13','{\"en\":\"Mörön Sum\"}',1);
INSERT INTO `__PREFIX__subadmin2` (`code`, `country_code`, `subadmin1_code`, `name`, `active`) VALUES ('MN.01.7667597','MN','MN.01','{\"en\":\"Khairkhan\"}',1);
INSERT INTO `__PREFIX__subadmin2` (`code`, `country_code`, `subadmin1_code`, `name`, `active`) VALUES ('MN.02.7667614','MN','MN.02','{\"en\":\"Olziit\"}',1);
INSERT INTO `__PREFIX__subadmin2` (`code`, `country_code`, `subadmin1_code`, `name`, `active`) VALUES ('MN.12.10375932','MN','MN.12','{\"en\":\"Mönkhkhairkhan\"}',1);
INSERT INTO `__PREFIX__subadmin2` (`code`, `country_code`, `subadmin1_code`, `name`, `active`) VALUES ('MN.19.10375933','MN','MN.19','{\"en\":\"Öndörkhangai\"}',1);
INSERT INTO `__PREFIX__subadmin2` (`code`, `country_code`, `subadmin1_code`, `name`, `active`) VALUES ('MN.19.10375934','MN','MN.19','{\"en\":\"Züüngovi\"}',1);
INSERT INTO `__PREFIX__subadmin2` (`code`, `country_code`, `subadmin1_code`, `name`, `active`) VALUES ('MN.19.10375935','MN','MN.19','{\"en\":\"Züünkhangai\"}',1);
INSERT INTO `__PREFIX__subadmin2` (`code`, `country_code`, `subadmin1_code`, `name`, `active`) VALUES ('MN.10.10375936','MN','MN.10','{\"en\":\"Yesönbulag\"}',1);
INSERT INTO `__PREFIX__subadmin2` (`code`, `country_code`, `subadmin1_code`, `name`, `active`) VALUES ('MN.13.10375937','MN','MN.13','{\"en\":\"Bayanzürkh\"}',1);
INSERT INTO `__PREFIX__subadmin2` (`code`, `country_code`, `subadmin1_code`, `name`, `active`) VALUES ('MN.13.10375938','MN','MN.13','{\"en\":\"Khatgal\"}',1);
INSERT INTO `__PREFIX__subadmin2` (`code`, `country_code`, `subadmin1_code`, `name`, `active`) VALUES ('MN.06.10375939','MN','MN.06','{\"en\":\"Kherlen\"}',1);
INSERT INTO `__PREFIX__subadmin2` (`code`, `country_code`, `subadmin1_code`, `name`, `active`) VALUES ('MN.06.10375940','MN','MN.06','{\"en\":\"Khölönbuir\"}',1);
INSERT INTO `__PREFIX__subadmin2` (`code`, `country_code`, `subadmin1_code`, `name`, `active`) VALUES ('MN.15.10375951','MN','MN.15','{\"en\":\"Baruun Bayan-Ulaan\"}',1);
INSERT INTO `__PREFIX__subadmin2` (`code`, `country_code`, `subadmin1_code`, `name`, `active`) VALUES ('MN.15.10375952','MN','MN.15','{\"en\":\"Bat-Ölzii\"}',1);
INSERT INTO `__PREFIX__subadmin2` (`code`, `country_code`, `subadmin1_code`, `name`, `active`) VALUES ('MN.15.10375953','MN','MN.15','{\"en\":\"Yesönzüil\"}',1);
INSERT INTO `__PREFIX__subadmin2` (`code`, `country_code`, `subadmin1_code`, `name`, `active`) VALUES ('MN.15.10375954','MN','MN.15','{\"en\":\"Züünbayan-Ulaan\"}',1);
INSERT INTO `__PREFIX__subadmin2` (`code`, `country_code`, `subadmin1_code`, `name`, `active`) VALUES ('MN.16.10375955','MN','MN.16','{\"en\":\"Khüder\"}',1);
INSERT INTO `__PREFIX__subadmin2` (`code`, `country_code`, `subadmin1_code`, `name`, `active`) VALUES ('MN.16.10375957','MN','MN.16','{\"en\":\"Züünbüren\"}',1);
INSERT INTO `__PREFIX__subadmin2` (`code`, `country_code`, `subadmin1_code`, `name`, `active`) VALUES ('MN.18.11608745','MN','MN.18','{\"en\":\"Khan-Uul\"}',1);
INSERT INTO `__PREFIX__subadmin2` (`code`, `country_code`, `subadmin1_code`, `name`, `active`) VALUES ('MN.07.11886725','MN','MN.07','{\"en\":\"Sainshand\"}',1);
INSERT INTO `__PREFIX__subadmin2` (`code`, `country_code`, `subadmin1_code`, `name`, `active`) VALUES ('MN.11.11898755','MN','MN.11','{\"en\":\"Bor-Öndör Sum\"}',1);
/*!40000 ALTER TABLE `__PREFIX__subadmin2` ENABLE KEYS */;

--
-- Dumping data for table `__PREFIX__cities`
--

/*!40000 ALTER TABLE `__PREFIX__cities` DISABLE KEYS */;
INSERT INTO `__PREFIX__cities` (`country_code`, `name`, `longitude`, `latitude`, `feature_class`, `feature_code`, `subadmin1_code`, `subadmin2_code`, `population`, `time_zone`, `active`, `created_at`, `updated_at`) VALUES ('MN','{\"en\":\"Uliastay\"}',96.84,47.74,'P','PPLA','MN.09',NULL,16240,'Asia/Hovd',1,'2016-11-01 23:00:00','2016-11-01 23:00:00');
INSERT INTO `__PREFIX__cities` (`country_code`, `name`, `longitude`, `latitude`, `feature_class`, `feature_code`, `subadmin1_code`, `subadmin2_code`, `population`, `time_zone`, `active`, `created_at`, `updated_at`) VALUES ('MN','{\"en\":\"Ulaangom\"}',92.07,49.98,'P','PPLA','MN.19',NULL,28085,'Asia/Hovd',1,'2012-01-16 23:00:00','2012-01-16 23:00:00');
INSERT INTO `__PREFIX__cities` (`country_code`, `name`, `longitude`, `latitude`, `feature_class`, `feature_code`, `subadmin1_code`, `subadmin2_code`, `population`, `time_zone`, `active`, `created_at`, `updated_at`) VALUES ('MN','{\"en\":\"Tosontsengel\"}',98.28,48.76,'P','PPLA2','MN.09',NULL,9526,'Asia/Hovd',1,'2013-03-01 23:00:00','2013-03-01 23:00:00');
INSERT INTO `__PREFIX__cities` (`country_code`, `name`, `longitude`, `latitude`, `feature_class`, `feature_code`, `subadmin1_code`, `subadmin2_code`, `population`, `time_zone`, `active`, `created_at`, `updated_at`) VALUES ('MN','{\"en\":\"Ölgii\"}',89.96,48.97,'P','PPLA','MN.03',NULL,28400,'Asia/Hovd',1,'2016-12-10 23:00:00','2016-12-10 23:00:00');
INSERT INTO `__PREFIX__cities` (`country_code`, `name`, `longitude`, `latitude`, `feature_class`, `feature_code`, `subadmin1_code`, `subadmin2_code`, `population`, `time_zone`, `active`, `created_at`, `updated_at`) VALUES ('MN','{\"en\":\"Khovd\"}',91.64,48.01,'P','PPLA','MN.12','MN.12.6987767',30500,'Asia/Hovd',1,'2017-06-21 23:00:00','2017-06-21 23:00:00');
INSERT INTO `__PREFIX__cities` (`country_code`, `name`, `longitude`, `latitude`, `feature_class`, `feature_code`, `subadmin1_code`, `subadmin2_code`, `population`, `time_zone`, `active`, `created_at`, `updated_at`) VALUES ('MN','{\"en\":\"Altai\"}',96.26,46.37,'P','PPLA','MN.10',NULL,15800,'Asia/Hovd',1,'2013-08-03 23:00:00','2013-08-03 23:00:00');
INSERT INTO `__PREFIX__cities` (`country_code`, `name`, `longitude`, `latitude`, `feature_class`, `feature_code`, `subadmin1_code`, `subadmin2_code`, `population`, `time_zone`, `active`, `created_at`, `updated_at`) VALUES ('MN','{\"en\":\"Ulan Bator\"}',106.88,47.91,'P','PPLC','MN.20',NULL,844818,'Asia/Ulaanbaatar',1,'2018-08-22 23:00:00','2018-08-22 23:00:00');
INSERT INTO `__PREFIX__cities` (`country_code`, `name`, `longitude`, `latitude`, `feature_class`, `feature_code`, `subadmin1_code`, `subadmin2_code`, `population`, `time_zone`, `active`, `created_at`, `updated_at`) VALUES ('MN','{\"en\":\"Tsetserleg\"}',101.45,47.48,'P','PPLA','MN.01',NULL,5876,'Asia/Ulaanbaatar',1,'2017-03-09 23:00:00','2017-03-09 23:00:00');
INSERT INTO `__PREFIX__cities` (`country_code`, `name`, `longitude`, `latitude`, `feature_class`, `feature_code`, `subadmin1_code`, `subadmin2_code`, `population`, `time_zone`, `active`, `created_at`, `updated_at`) VALUES ('MN','{\"en\":\"Tsengel\"}',100.89,49.48,'P','PPLA2','MN.13','MN.13.6619011',8348,'Asia/Ulaanbaatar',1,'2019-09-17 23:00:00','2019-09-17 23:00:00');
INSERT INTO `__PREFIX__cities` (`country_code`, `name`, `longitude`, `latitude`, `feature_class`, `feature_code`, `subadmin1_code`, `subadmin2_code`, `population`, `time_zone`, `active`, `created_at`, `updated_at`) VALUES ('MN','{\"en\":\"Sühbaatar\"}',106.21,50.23,'P','PPLA','MN.16',NULL,24235,'Asia/Ulaanbaatar',1,'2020-06-09 23:00:00','2020-06-09 23:00:00');
INSERT INTO `__PREFIX__cities` (`country_code`, `name`, `longitude`, `latitude`, `feature_class`, `feature_code`, `subadmin1_code`, `subadmin2_code`, `population`, `time_zone`, `active`, `created_at`, `updated_at`) VALUES ('MN','{\"en\":\"Undurkhaan\"}',110.66,47.32,'P','PPLA','MN.11',NULL,14723,'Asia/Ulaanbaatar',1,'2017-03-09 23:00:00','2017-03-09 23:00:00');
INSERT INTO `__PREFIX__cities` (`country_code`, `name`, `longitude`, `latitude`, `feature_class`, `feature_code`, `subadmin1_code`, `subadmin2_code`, `population`, `time_zone`, `active`, `created_at`, `updated_at`) VALUES ('MN','{\"en\":\"Mörön\"}',100.16,49.63,'P','PPLA','MN.13',NULL,27690,'Asia/Ulaanbaatar',1,'2020-07-31 23:00:00','2020-07-31 23:00:00');
INSERT INTO `__PREFIX__cities` (`country_code`, `name`, `longitude`, `latitude`, `feature_class`, `feature_code`, `subadmin1_code`, `subadmin2_code`, `population`, `time_zone`, `active`, `created_at`, `updated_at`) VALUES ('MN','{\"en\":\"Mandalgovi\"}',106.27,45.76,'P','PPLA','MN.08',NULL,15430,'Asia/Ulaanbaatar',1,'2013-05-08 23:00:00','2013-05-08 23:00:00');
INSERT INTO `__PREFIX__cities` (`country_code`, `name`, `longitude`, `latitude`, `feature_class`, `feature_code`, `subadmin1_code`, `subadmin2_code`, `population`, `time_zone`, `active`, `created_at`, `updated_at`) VALUES ('MN','{\"en\":\"Hovd\"}',102.17,44.67,'P','PPL','MN.15',NULL,27924,'Asia/Ulaanbaatar',1,'2010-01-28 23:00:00','2010-01-28 23:00:00');
INSERT INTO `__PREFIX__cities` (`country_code`, `name`, `longitude`, `latitude`, `feature_class`, `feature_code`, `subadmin1_code`, `subadmin2_code`, `population`, `time_zone`, `active`, `created_at`, `updated_at`) VALUES ('MN','{\"en\":\"Erdenet\"}',104.08,49.03,'P','PPLA','MN.25',NULL,79647,'Asia/Ulaanbaatar',1,'2019-09-04 23:00:00','2019-09-04 23:00:00');
INSERT INTO `__PREFIX__cities` (`country_code`, `name`, `longitude`, `latitude`, `feature_class`, `feature_code`, `subadmin1_code`, `subadmin2_code`, `population`, `time_zone`, `active`, `created_at`, `updated_at`) VALUES ('MN','{\"en\":\"Dzuunmod\"}',106.95,47.71,'P','PPLA','MN.18',NULL,14660,'Asia/Ulaanbaatar',1,'2013-08-08 23:00:00','2013-08-08 23:00:00');
INSERT INTO `__PREFIX__cities` (`country_code`, `name`, `longitude`, `latitude`, `feature_class`, `feature_code`, `subadmin1_code`, `subadmin2_code`, `population`, `time_zone`, `active`, `created_at`, `updated_at`) VALUES ('MN','{\"en\":\"Dzüünharaa\"}',106.46,48.85,'P','PPL','MN.16',NULL,18830,'Asia/Ulaanbaatar',1,'2018-01-06 23:00:00','2018-01-06 23:00:00');
INSERT INTO `__PREFIX__cities` (`country_code`, `name`, `longitude`, `latitude`, `feature_class`, `feature_code`, `subadmin1_code`, `subadmin2_code`, `population`, `time_zone`, `active`, `created_at`, `updated_at`) VALUES ('MN','{\"en\":\"Darhan\"}',105.92,49.49,'P','PPLA','MN.23',NULL,74300,'Asia/Ulaanbaatar',1,'2012-01-16 23:00:00','2012-01-16 23:00:00');
INSERT INTO `__PREFIX__cities` (`country_code`, `name`, `longitude`, `latitude`, `feature_class`, `feature_code`, `subadmin1_code`, `subadmin2_code`, `population`, `time_zone`, `active`, `created_at`, `updated_at`) VALUES ('MN','{\"en\":\"Dalandzadgad\"}',104.42,43.57,'P','PPLA','MN.14',NULL,15093,'Asia/Ulaanbaatar',1,'2013-06-15 23:00:00','2013-06-15 23:00:00');
INSERT INTO `__PREFIX__cities` (`country_code`, `name`, `longitude`, `latitude`, `feature_class`, `feature_code`, `subadmin1_code`, `subadmin2_code`, `population`, `time_zone`, `active`, `created_at`, `updated_at`) VALUES ('MN','{\"en\":\"Choyr\"}',108.36,46.36,'P','PPLA','MN.24',NULL,9895,'Asia/Ulaanbaatar',1,'2012-01-16 23:00:00','2012-01-16 23:00:00');
INSERT INTO `__PREFIX__cities` (`country_code`, `name`, `longitude`, `latitude`, `feature_class`, `feature_code`, `subadmin1_code`, `subadmin2_code`, `population`, `time_zone`, `active`, `created_at`, `updated_at`) VALUES ('MN','{\"en\":\"Choibalsan\"}',114.53,48.07,'P','PPLA','MN.06',NULL,23,'Asia/Choibalsan',1,'2018-06-06 23:00:00','2018-06-06 23:00:00');
INSERT INTO `__PREFIX__cities` (`country_code`, `name`, `longitude`, `latitude`, `feature_class`, `feature_code`, `subadmin1_code`, `subadmin2_code`, `population`, `time_zone`, `active`, `created_at`, `updated_at`) VALUES ('MN','{\"en\":\"Saynshand\"}',110.12,44.88,'P','PPLA','MN.07',NULL,19891,'Asia/Ulaanbaatar',1,'2018-06-06 23:00:00','2018-06-06 23:00:00');
INSERT INTO `__PREFIX__cities` (`country_code`, `name`, `longitude`, `latitude`, `feature_class`, `feature_code`, `subadmin1_code`, `subadmin2_code`, `population`, `time_zone`, `active`, `created_at`, `updated_at`) VALUES ('MN','{\"en\":\"Bulgan\"}',103.53,48.81,'P','PPLA','MN.21','MN.21.6618895',17348,'Asia/Ulaanbaatar',1,'2012-12-14 23:00:00','2012-12-14 23:00:00');
INSERT INTO `__PREFIX__cities` (`country_code`, `name`, `longitude`, `latitude`, `feature_class`, `feature_code`, `subadmin1_code`, `subadmin2_code`, `population`, `time_zone`, `active`, `created_at`, `updated_at`) VALUES ('MN','{\"en\":\"Bayanhongor\"}',100.72,46.19,'P','PPLA','MN.02',NULL,26252,'Asia/Ulaanbaatar',1,'2020-01-31 23:00:00','2020-01-31 23:00:00');
INSERT INTO `__PREFIX__cities` (`country_code`, `name`, `longitude`, `latitude`, `feature_class`, `feature_code`, `subadmin1_code`, `subadmin2_code`, `population`, `time_zone`, `active`, `created_at`, `updated_at`) VALUES ('MN','{\"en\":\"Baruun-Urt\"}',113.28,46.68,'P','PPLA','MN.17',NULL,15805,'Asia/Choibalsan',1,'2019-05-07 23:00:00','2019-05-07 23:00:00');
INSERT INTO `__PREFIX__cities` (`country_code`, `name`, `longitude`, `latitude`, `feature_class`, `feature_code`, `subadmin1_code`, `subadmin2_code`, `population`, `time_zone`, `active`, `created_at`, `updated_at`) VALUES ('MN','{\"en\":\"Arvayheer\"}',102.78,46.26,'P','PPLA','MN.15',NULL,25622,'Asia/Ulaanbaatar',1,'2017-03-07 23:00:00','2017-03-07 23:00:00');
INSERT INTO `__PREFIX__cities` (`country_code`, `name`, `longitude`, `latitude`, `feature_class`, `feature_code`, `subadmin1_code`, `subadmin2_code`, `population`, `time_zone`, `active`, `created_at`, `updated_at`) VALUES ('MN','{\"en\":\"Зуунмод\"}',106.95,47.71,'P','PPL','MN.18',NULL,17630,'Asia/Ulaanbaatar',1,'2019-09-22 23:00:00','2019-09-22 23:00:00');
INSERT INTO `__PREFIX__cities` (`country_code`, `name`, `longitude`, `latitude`, `feature_class`, `feature_code`, `subadmin1_code`, `subadmin2_code`, `population`, `time_zone`, `active`, `created_at`, `updated_at`) VALUES ('MN','{\"en\":\"Kharkhorin\"}',102.81,47.19,'P','PPLA2','MN.15',NULL,8977,'Asia/Ulaanbaatar',1,'2020-01-25 23:00:00','2020-01-25 23:00:00');
/*!40000 ALTER TABLE `__PREFIX__cities` ENABLE KEYS */;
/*!40103 SET TIME_ZONE=@OLD_TIME_ZONE */;

/*!40101 SET SQL_MODE=@OLD_SQL_MODE */;
/*!40014 SET FOREIGN_KEY_CHECKS=@OLD_FOREIGN_KEY_CHECKS */;
/*!40014 SET UNIQUE_CHECKS=@OLD_UNIQUE_CHECKS */;
/*!40101 SET CHARACTER_SET_CLIENT=@OLD_CHARACTER_SET_CLIENT */;
/*!40101 SET CHARACTER_SET_RESULTS=@OLD_CHARACTER_SET_RESULTS */;
/*!40101 SET COLLATION_CONNECTION=@OLD_COLLATION_CONNECTION */;
/*!40111 SET SQL_NOTES=@OLD_SQL_NOTES */;

-- Dump completed
