-- MySQL dump 10.13  Distrib 5.7.34, for osx10.12 (x86_64)
--
-- Host: 127.0.0.1    Database: laraclassifier
-- ------------------------------------------------------
-- Server version	5.7.34

/*!40101 SET @OLD_CHARACTER_SET_CLIENT=@@CHARACTER_SET_CLIENT */;
/*!40101 SET @OLD_CHARACTER_SET_RESULTS=@@CHARACTER_SET_RESULTS */;
/*!40101 SET @OLD_COLLATION_CONNECTION=@@COLLATION_CONNECTION */;
/*!40101 SET NAMES utf8 */;
/*!40103 SET @OLD_TIME_ZONE=@@TIME_ZONE */;
/*!40103 SET TIME_ZONE='+00:00' */;
/*!40014 SET @OLD_UNIQUE_CHECKS=@@UNIQUE_CHECKS, UNIQUE_CHECKS=0 */;
/*!40014 SET @OLD_FOREIGN_KEY_CHECKS=@@FOREIGN_KEY_CHECKS, FOREIGN_KEY_CHECKS=0 */;
/*!40101 SET @OLD_SQL_MODE=@@SQL_MODE, SQL_MODE='NO_AUTO_VALUE_ON_ZERO' */;
/*!40111 SET @OLD_SQL_NOTES=@@SQL_NOTES, SQL_NOTES=0 */;

--
-- Dumping data for table `__PREFIX__subadmin1`
--

/*!40000 ALTER TABLE `__PREFIX__subadmin1` DISABLE KEYS */;
INSERT INTO `__PREFIX__subadmin1` (`code`, `country_code`, `name`, `active`) VALUES ('NO.14','NO','{\"en\":\"Rogaland\"}',1);
INSERT INTO `__PREFIX__subadmin1` (`code`, `country_code`, `name`, `active`) VALUES ('NO.12','NO','{\"en\":\"Oslo\"}',1);
INSERT INTO `__PREFIX__subadmin1` (`code`, `country_code`, `name`, `active`) VALUES ('NO.09','NO','{\"en\":\"Nordland\"}',1);
INSERT INTO `__PREFIX__subadmin1` (`code`, `country_code`, `name`, `active`) VALUES ('NO.08','NO','{\"en\":\"Møre og Romsdal\"}',1);
INSERT INTO `__PREFIX__subadmin1` (`code`, `country_code`, `name`, `active`) VALUES ('NO.21','NO','{\"en\":\"Trøndelag\"}',1);
INSERT INTO `__PREFIX__subadmin1` (`code`, `country_code`, `name`, `active`) VALUES ('NO.30','NO','{\"en\":\"Viken\"}',1);
INSERT INTO `__PREFIX__subadmin1` (`code`, `country_code`, `name`, `active`) VALUES ('NO.42','NO','{\"en\":\"Agder\"}',1);
INSERT INTO `__PREFIX__subadmin1` (`code`, `country_code`, `name`, `active`) VALUES ('NO.54','NO','{\"en\":\"Troms og Finnmark\"}',1);
INSERT INTO `__PREFIX__subadmin1` (`code`, `country_code`, `name`, `active`) VALUES ('NO.34','NO','{\"en\":\"Innlandet\"}',1);
INSERT INTO `__PREFIX__subadmin1` (`code`, `country_code`, `name`, `active`) VALUES ('NO.38','NO','{\"en\":\"Vestfold og Telemark\"}',1);
INSERT INTO `__PREFIX__subadmin1` (`code`, `country_code`, `name`, `active`) VALUES ('NO.46','NO','{\"en\":\"Vestland\"}',1);
/*!40000 ALTER TABLE `__PREFIX__subadmin1` ENABLE KEYS */;

--
-- Dumping data for table `__PREFIX__subadmin2`
--

/*!40000 ALTER TABLE `__PREFIX__subadmin2` DISABLE KEYS */;
INSERT INTO `__PREFIX__subadmin2` (`code`, `country_code`, `subadmin1_code`, `name`, `active`) VALUES ('NO.54.5441','NO','NO.54','{\"en\":\"Tana\"}',1);
INSERT INTO `__PREFIX__subadmin2` (`code`, `country_code`, `subadmin1_code`, `name`, `active`) VALUES ('NO.54.5425','NO','NO.54','{\"en\":\"Storfjord\"}',1);
INSERT INTO `__PREFIX__subadmin2` (`code`, `country_code`, `subadmin1_code`, `name`, `active`) VALUES ('NO.54.5444','NO','NO.54','{\"en\":\"Sør-Varanger\"}',1);
INSERT INTO `__PREFIX__subadmin2` (`code`, `country_code`, `subadmin1_code`, `name`, `active`) VALUES ('NO.54.5427','NO','NO.54','{\"en\":\"Skjervøy\"}',1);
INSERT INTO `__PREFIX__subadmin2` (`code`, `country_code`, `subadmin1_code`, `name`, `active`) VALUES ('NO.54.5428','NO','NO.54','{\"en\":\"Nordreisa\"}',1);
INSERT INTO `__PREFIX__subadmin2` (`code`, `country_code`, `subadmin1_code`, `name`, `active`) VALUES ('NO.54.5435','NO','NO.54','{\"en\":\"Nordkapp\"}',1);
INSERT INTO `__PREFIX__subadmin2` (`code`, `country_code`, `subadmin1_code`, `name`, `active`) VALUES ('NO.54.5442','NO','NO.54','{\"en\":\"Nesseby\"}',1);
INSERT INTO `__PREFIX__subadmin2` (`code`, `country_code`, `subadmin1_code`, `name`, `active`) VALUES ('NO.54.5434','NO','NO.54','{\"en\":\"Måsøy\"}',1);
INSERT INTO `__PREFIX__subadmin2` (`code`, `country_code`, `subadmin1_code`, `name`, `active`) VALUES ('NO.54.5424','NO','NO.54','{\"en\":\"Lyngen\"}',1);
INSERT INTO `__PREFIX__subadmin2` (`code`, `country_code`, `subadmin1_code`, `name`, `active`) VALUES ('NO.54.5432','NO','NO.54','{\"en\":\"Loppa\"}',1);
INSERT INTO `__PREFIX__subadmin2` (`code`, `country_code`, `subadmin1_code`, `name`, `active`) VALUES ('NO.54.5438','NO','NO.54','{\"en\":\"Lebesby\"}',1);
INSERT INTO `__PREFIX__subadmin2` (`code`, `country_code`, `subadmin1_code`, `name`, `active`) VALUES ('NO.54.5429','NO','NO.54','{\"en\":\"Kvænangen\"}',1);
INSERT INTO `__PREFIX__subadmin2` (`code`, `country_code`, `subadmin1_code`, `name`, `active`) VALUES ('NO.54.5430','NO','NO.54','{\"en\":\"Kautokeino\"}',1);
INSERT INTO `__PREFIX__subadmin2` (`code`, `country_code`, `subadmin1_code`, `name`, `active`) VALUES ('NO.54.5423','NO','NO.54','{\"en\":\"Karlsøy\"}',1);
INSERT INTO `__PREFIX__subadmin2` (`code`, `country_code`, `subadmin1_code`, `name`, `active`) VALUES ('NO.54.5437','NO','NO.54','{\"en\":\"Karasjok\"}',1);
INSERT INTO `__PREFIX__subadmin2` (`code`, `country_code`, `subadmin1_code`, `name`, `active`) VALUES ('NO.54.5426','NO','NO.54','{\"en\":\"Kåfjord\"}',1);
INSERT INTO `__PREFIX__subadmin2` (`code`, `country_code`, `subadmin1_code`, `name`, `active`) VALUES ('NO.54.5433','NO','NO.54','{\"en\":\"Hasvik\"}',1);
INSERT INTO `__PREFIX__subadmin2` (`code`, `country_code`, `subadmin1_code`, `name`, `active`) VALUES ('NO.54.5439','NO','NO.54','{\"en\":\"Gamvik\"}',1);
INSERT INTO `__PREFIX__subadmin2` (`code`, `country_code`, `subadmin1_code`, `name`, `active`) VALUES ('NO.54.5440','NO','NO.54','{\"en\":\"Berlevåg\"}',1);
INSERT INTO `__PREFIX__subadmin2` (`code`, `country_code`, `subadmin1_code`, `name`, `active`) VALUES ('NO.54.5443','NO','NO.54','{\"en\":\"Båtsfjord\"}',1);
INSERT INTO `__PREFIX__subadmin2` (`code`, `country_code`, `subadmin1_code`, `name`, `active`) VALUES ('NO.54.5403','NO','NO.54','{\"en\":\"Alta\"}',1);
INSERT INTO `__PREFIX__subadmin2` (`code`, `country_code`, `subadmin1_code`, `name`, `active`) VALUES ('NO.46.4621','NO','NO.46','{\"en\":\"Voss\"}',1);
INSERT INTO `__PREFIX__subadmin2` (`code`, `country_code`, `subadmin1_code`, `name`, `active`) VALUES ('NO.08.1577','NO','NO.08','{\"en\":\"Volda\"}',1);
INSERT INTO `__PREFIX__subadmin2` (`code`, `country_code`, `subadmin1_code`, `name`, `active`) VALUES ('NO.46.4639','NO','NO.46','{\"en\":\"Vik\"}',1);
INSERT INTO `__PREFIX__subadmin2` (`code`, `country_code`, `subadmin1_code`, `name`, `active`) VALUES ('NO.09.1816','NO','NO.09','{\"en\":\"Vevelstad\"}',1);
INSERT INTO `__PREFIX__subadmin2` (`code`, `country_code`, `subadmin1_code`, `name`, `active`) VALUES ('NO.34.3443','NO','NO.34','{\"en\":\"Vestre Toten\"}',1);
INSERT INTO `__PREFIX__subadmin2` (`code`, `country_code`, `subadmin1_code`, `name`, `active`) VALUES ('NO.34.3452','NO','NO.34','{\"en\":\"Vestre Slidre\"}',1);
INSERT INTO `__PREFIX__subadmin2` (`code`, `country_code`, `subadmin1_code`, `name`, `active`) VALUES ('NO.42.4215','NO','NO.42','{\"en\":\"Lillesand\"}',1);
INSERT INTO `__PREFIX__subadmin2` (`code`, `country_code`, `subadmin1_code`, `name`, `active`) VALUES ('NO.30.3019','NO','NO.30','{\"en\":\"Vestby\"}',1);
INSERT INTO `__PREFIX__subadmin2` (`code`, `country_code`, `subadmin1_code`, `name`, `active`) VALUES ('NO.21.5038','NO','NO.21','{\"en\":\"Verdal\"}',1);
INSERT INTO `__PREFIX__subadmin2` (`code`, `country_code`, `subadmin1_code`, `name`, `active`) VALUES ('NO.42.4223','NO','NO.42','{\"en\":\"Vennesla\"}',1);
INSERT INTO `__PREFIX__subadmin2` (`code`, `country_code`, `subadmin1_code`, `name`, `active`) VALUES ('NO.42.4212','NO','NO.42','{\"en\":\"Vegårshei\"}',1);
INSERT INTO `__PREFIX__subadmin2` (`code`, `country_code`, `subadmin1_code`, `name`, `active`) VALUES ('NO.09.1824','NO','NO.09','{\"en\":\"Vefsn\"}',1);
INSERT INTO `__PREFIX__subadmin2` (`code`, `country_code`, `subadmin1_code`, `name`, `active`) VALUES ('NO.08.1511','NO','NO.08','{\"en\":\"Vanylven\"}',1);
INSERT INTO `__PREFIX__subadmin2` (`code`, `country_code`, `subadmin1_code`, `name`, `active`) VALUES ('NO.42.4221','NO','NO.42','{\"en\":\"Valle\"}',1);
INSERT INTO `__PREFIX__subadmin2` (`code`, `country_code`, `subadmin1_code`, `name`, `active`) VALUES ('NO.09.1865','NO','NO.09','{\"en\":\"Vågan\"}',1);
INSERT INTO `__PREFIX__subadmin2` (`code`, `country_code`, `subadmin1_code`, `name`, `active`) VALUES ('NO.34.3435','NO','NO.34','{\"en\":\"Vågå\"}',1);
INSERT INTO `__PREFIX__subadmin2` (`code`, `country_code`, `subadmin1_code`, `name`, `active`) VALUES ('NO.09.1857','NO','NO.09','{\"en\":\"Værøy\"}',1);
INSERT INTO `__PREFIX__subadmin2` (`code`, `country_code`, `subadmin1_code`, `name`, `active`) VALUES ('NO.14.1151','NO','NO.14','{\"en\":\"Utsira\"}',1);
INSERT INTO `__PREFIX__subadmin2` (`code`, `country_code`, `subadmin1_code`, `name`, `active`) VALUES ('NO.46.4620','NO','NO.46','{\"en\":\"Ulvik\"}',1);
INSERT INTO `__PREFIX__subadmin2` (`code`, `country_code`, `subadmin1_code`, `name`, `active`) VALUES ('NO.08.1516','NO','NO.08','{\"en\":\"Ulstein\"}',1);
INSERT INTO `__PREFIX__subadmin2` (`code`, `country_code`, `subadmin1_code`, `name`, `active`) VALUES ('NO.46.4618','NO','NO.46','{\"en\":\"Ullensvang\"}',1);
INSERT INTO `__PREFIX__subadmin2` (`code`, `country_code`, `subadmin1_code`, `name`, `active`) VALUES ('NO.30.3033','NO','NO.30','{\"en\":\"Ullensaker\"}',1);
INSERT INTO `__PREFIX__subadmin2` (`code`, `country_code`, `subadmin1_code`, `name`, `active`) VALUES ('NO.14.1146','NO','NO.14','{\"en\":\"Tysvær\"}',1);
INSERT INTO `__PREFIX__subadmin2` (`code`, `country_code`, `subadmin1_code`, `name`, `active`) VALUES ('NO.46.4616','NO','NO.46','{\"en\":\"Tysnes\"}',1);
INSERT INTO `__PREFIX__subadmin2` (`code`, `country_code`, `subadmin1_code`, `name`, `active`) VALUES ('NO.34.3427','NO','NO.34','{\"en\":\"Tynset\"}',1);
INSERT INTO `__PREFIX__subadmin2` (`code`, `country_code`, `subadmin1_code`, `name`, `active`) VALUES ('NO.21.5033','NO','NO.21','{\"en\":\"Tydal\"}',1);
INSERT INTO `__PREFIX__subadmin2` (`code`, `country_code`, `subadmin1_code`, `name`, `active`) VALUES ('NO.42.4213','NO','NO.42','{\"en\":\"Tvedestrand\"}',1);
INSERT INTO `__PREFIX__subadmin2` (`code`, `country_code`, `subadmin1_code`, `name`, `active`) VALUES ('NO.34.3421','NO','NO.34','{\"en\":\"Trysil\"}',1);
INSERT INTO `__PREFIX__subadmin2` (`code`, `country_code`, `subadmin1_code`, `name`, `active`) VALUES ('NO.21.5001','NO','NO.21','{\"en\":\"Trondheim\"}',1);
INSERT INTO `__PREFIX__subadmin2` (`code`, `country_code`, `subadmin1_code`, `name`, `active`) VALUES ('NO.09.1835','NO','NO.09','{\"en\":\"Træna\"}',1);
INSERT INTO `__PREFIX__subadmin2` (`code`, `country_code`, `subadmin1_code`, `name`, `active`) VALUES ('NO.54.5412','NO','NO.54','{\"en\":\"Tjeldsund\"}',1);
INSERT INTO `__PREFIX__subadmin2` (`code`, `country_code`, `subadmin1_code`, `name`, `active`) VALUES ('NO.38.3818','NO','NO.38','{\"en\":\"Tinn\"}',1);
INSERT INTO `__PREFIX__subadmin2` (`code`, `country_code`, `subadmin1_code`, `name`, `active`) VALUES ('NO.08.1560','NO','NO.08','{\"en\":\"Tingvoll\"}',1);
INSERT INTO `__PREFIX__subadmin2` (`code`, `country_code`, `subadmin1_code`, `name`, `active`) VALUES ('NO.14.1121','NO','NO.14','{\"en\":\"Time\"}',1);
INSERT INTO `__PREFIX__subadmin2` (`code`, `country_code`, `subadmin1_code`, `name`, `active`) VALUES ('NO.08.1528','NO','NO.08','{\"en\":\"Sykkylven\"}',1);
INSERT INTO `__PREFIX__subadmin2` (`code`, `country_code`, `subadmin1_code`, `name`, `active`) VALUES ('NO.46.4612','NO','NO.46','{\"en\":\"Sveio\"}',1);
INSERT INTO `__PREFIX__subadmin2` (`code`, `country_code`, `subadmin1_code`, `name`, `active`) VALUES ('NO.08.1566','NO','NO.08','{\"en\":\"Surnadal\"}',1);
INSERT INTO `__PREFIX__subadmin2` (`code`, `country_code`, `subadmin1_code`, `name`, `active`) VALUES ('NO.08.1563','NO','NO.08','{\"en\":\"Sunndal\"}',1);
INSERT INTO `__PREFIX__subadmin2` (`code`, `country_code`, `subadmin1_code`, `name`, `active`) VALUES ('NO.46.4651','NO','NO.46','{\"en\":\"Stryn\"}',1);
INSERT INTO `__PREFIX__subadmin2` (`code`, `country_code`, `subadmin1_code`, `name`, `active`) VALUES ('NO.14.1130','NO','NO.14','{\"en\":\"Strand\"}',1);
INSERT INTO `__PREFIX__subadmin2` (`code`, `country_code`, `subadmin1_code`, `name`, `active`) VALUES ('NO.08.1525','NO','NO.08','{\"en\":\"Stranda\"}',1);
INSERT INTO `__PREFIX__subadmin2` (`code`, `country_code`, `subadmin1_code`, `name`, `active`) VALUES ('NO.34.3423','NO','NO.34','{\"en\":\"Stor-Elvdal\"}',1);
INSERT INTO `__PREFIX__subadmin2` (`code`, `country_code`, `subadmin1_code`, `name`, `active`) VALUES ('NO.46.4614','NO','NO.46','{\"en\":\"Stord\"}',1);
INSERT INTO `__PREFIX__subadmin2` (`code`, `country_code`, `subadmin1_code`, `name`, `active`) VALUES ('NO.21.5035','NO','NO.21','{\"en\":\"Stjørdal\"}',1);
INSERT INTO `__PREFIX__subadmin2` (`code`, `country_code`, `subadmin1_code`, `name`, `active`) VALUES ('NO.21.5006','NO','NO.21','{\"en\":\"Steinkjer\"}',1);
INSERT INTO `__PREFIX__subadmin2` (`code`, `country_code`, `subadmin1_code`, `name`, `active`) VALUES ('NO.09.1848','NO','NO.09','{\"en\":\"Steigen\"}',1);
INSERT INTO `__PREFIX__subadmin2` (`code`, `country_code`, `subadmin1_code`, `name`, `active`) VALUES ('NO.34.3413','NO','NO.34','{\"en\":\"Stange\"}',1);
INSERT INTO `__PREFIX__subadmin2` (`code`, `country_code`, `subadmin1_code`, `name`, `active`) VALUES ('NO.09.1870','NO','NO.09','{\"en\":\"Sortland\"}',1);
INSERT INTO `__PREFIX__subadmin2` (`code`, `country_code`, `subadmin1_code`, `name`, `active`) VALUES ('NO.54.5419','NO','NO.54','{\"en\":\"Sørreisa\"}',1);
INSERT INTO `__PREFIX__subadmin2` (`code`, `country_code`, `subadmin1_code`, `name`, `active`) VALUES ('NO.34.3415','NO','NO.34','{\"en\":\"Sør-Odal\"}',1);
INSERT INTO `__PREFIX__subadmin2` (`code`, `country_code`, `subadmin1_code`, `name`, `active`) VALUES ('NO.34.3438','NO','NO.34','{\"en\":\"Sør-Fron\"}',1);
INSERT INTO `__PREFIX__subadmin2` (`code`, `country_code`, `subadmin1_code`, `name`, `active`) VALUES ('NO.09.1845','NO','NO.09','{\"en\":\"Sørfold\"}',1);
INSERT INTO `__PREFIX__subadmin2` (`code`, `country_code`, `subadmin1_code`, `name`, `active`) VALUES ('NO.34.3449','NO','NO.34','{\"en\":\"Sør-Aurdal\"}',1);
INSERT INTO `__PREFIX__subadmin2` (`code`, `country_code`, `subadmin1_code`, `name`, `active`) VALUES ('NO.34.3447','NO','NO.34','{\"en\":\"Søndre Land\"}',1);
INSERT INTO `__PREFIX__subadmin2` (`code`, `country_code`, `subadmin1_code`, `name`, `active`) VALUES ('NO.09.1812','NO','NO.09','{\"en\":\"Sømna\"}',1);
INSERT INTO `__PREFIX__subadmin2` (`code`, `country_code`, `subadmin1_code`, `name`, `active`) VALUES ('NO.46.4636','NO','NO.46','{\"en\":\"Solund\"}',1);
INSERT INTO `__PREFIX__subadmin2` (`code`, `country_code`, `subadmin1_code`, `name`, `active`) VALUES ('NO.14.1124','NO','NO.14','{\"en\":\"Sola\"}',1);
INSERT INTO `__PREFIX__subadmin2` (`code`, `country_code`, `subadmin1_code`, `name`, `active`) VALUES ('NO.14.1111','NO','NO.14','{\"en\":\"Sokndal\"}',1);
INSERT INTO `__PREFIX__subadmin2` (`code`, `country_code`, `subadmin1_code`, `name`, `active`) VALUES ('NO.46.4640','NO','NO.46','{\"en\":\"Sogndal\"}',1);
INSERT INTO `__PREFIX__subadmin2` (`code`, `country_code`, `subadmin1_code`, `name`, `active`) VALUES ('NO.21.5041','NO','NO.21','{\"en\":\"Snåase - Snåsa\"}',1);
INSERT INTO `__PREFIX__subadmin2` (`code`, `country_code`, `subadmin1_code`, `name`, `active`) VALUES ('NO.08.1573','NO','NO.08','{\"en\":\"Smøla\"}',1);
INSERT INTO `__PREFIX__subadmin2` (`code`, `country_code`, `subadmin1_code`, `name`, `active`) VALUES ('NO.34.3433','NO','NO.34','{\"en\":\"Skjåk\"}',1);
INSERT INTO `__PREFIX__subadmin2` (`code`, `country_code`, `subadmin1_code`, `name`, `active`) VALUES ('NO.30.3015','NO','NO.30','{\"en\":\"Skiptvet\"}',1);
INSERT INTO `__PREFIX__subadmin2` (`code`, `country_code`, `subadmin1_code`, `name`, `active`) VALUES ('NO.21.5029','NO','NO.21','{\"en\":\"Skaun\"}',1);
INSERT INTO `__PREFIX__subadmin2` (`code`, `country_code`, `subadmin1_code`, `name`, `active`) VALUES ('NO.42.4228','NO','NO.42','{\"en\":\"Sirdal\"}',1);
INSERT INTO `__PREFIX__subadmin2` (`code`, `country_code`, `subadmin1_code`, `name`, `active`) VALUES ('NO.38.3812','NO','NO.38','{\"en\":\"Siljan\"}',1);
INSERT INTO `__PREFIX__subadmin2` (`code`, `country_code`, `subadmin1_code`, `name`, `active`) VALUES ('NO.30.3045','NO','NO.30','{\"en\":\"Sigdal\"}',1);
INSERT INTO `__PREFIX__subadmin2` (`code`, `country_code`, `subadmin1_code`, `name`, `active`) VALUES ('NO.38.3820','NO','NO.38','{\"en\":\"Seljord\"}',1);
INSERT INTO `__PREFIX__subadmin2` (`code`, `country_code`, `subadmin1_code`, `name`, `active`) VALUES ('NO.34.3437','NO','NO.34','{\"en\":\"Sel\"}',1);
INSERT INTO `__PREFIX__subadmin2` (`code`, `country_code`, `subadmin1_code`, `name`, `active`) VALUES ('NO.21.5032','NO','NO.21','{\"en\":\"Selbu\"}',1);
INSERT INTO `__PREFIX__subadmin2` (`code`, `country_code`, `subadmin1_code`, `name`, `active`) VALUES ('NO.14.1135','NO','NO.14','{\"en\":\"Sauda\"}',1);
INSERT INTO `__PREFIX__subadmin2` (`code`, `country_code`, `subadmin1_code`, `name`, `active`) VALUES ('NO.46.4623','NO','NO.46','{\"en\":\"Samnanger\"}',1);
INSERT INTO `__PREFIX__subadmin2` (`code`, `country_code`, `subadmin1_code`, `name`, `active`) VALUES ('NO.09.1840','NO','NO.09','{\"en\":\"Saltdal\"}',1);
INSERT INTO `__PREFIX__subadmin2` (`code`, `country_code`, `subadmin1_code`, `name`, `active`) VALUES ('NO.54.5417','NO','NO.54','{\"en\":\"Salangen\"}',1);
INSERT INTO `__PREFIX__subadmin2` (`code`, `country_code`, `subadmin1_code`, `name`, `active`) VALUES ('NO.21.5043','NO','NO.21','{\"en\":\"Raarvihke - Røyrvik\"}',1);
INSERT INTO `__PREFIX__subadmin2` (`code`, `country_code`, `subadmin1_code`, `name`, `active`) VALUES ('NO.09.1856','NO','NO.09','{\"en\":\"Røst\"}',1);
INSERT INTO `__PREFIX__subadmin2` (`code`, `country_code`, `subadmin1_code`, `name`, `active`) VALUES ('NO.30.3051','NO','NO.30','{\"en\":\"Rollag\"}',1);
INSERT INTO `__PREFIX__subadmin2` (`code`, `country_code`, `subadmin1_code`, `name`, `active`) VALUES ('NO.09.1836','NO','NO.09','{\"en\":\"Rødøy\"}',1);
INSERT INTO `__PREFIX__subadmin2` (`code`, `country_code`, `subadmin1_code`, `name`, `active`) VALUES ('NO.34.3411','NO','NO.34','{\"en\":\"Ringsaker\"}',1);
INSERT INTO `__PREFIX__subadmin2` (`code`, `country_code`, `subadmin1_code`, `name`, `active`) VALUES ('NO.34.3439','NO','NO.34','{\"en\":\"Ringebu\"}',1);
INSERT INTO `__PREFIX__subadmin2` (`code`, `country_code`, `subadmin1_code`, `name`, `active`) VALUES ('NO.21.5061','NO','NO.21','{\"en\":\"Rindal\"}',1);
INSERT INTO `__PREFIX__subadmin2` (`code`, `country_code`, `subadmin1_code`, `name`, `active`) VALUES ('NO.21.5022','NO','NO.21','{\"en\":\"Rennebu\"}',1);
INSERT INTO `__PREFIX__subadmin2` (`code`, `country_code`, `subadmin1_code`, `name`, `active`) VALUES ('NO.34.3424','NO','NO.34','{\"en\":\"Rendalen\"}',1);
INSERT INTO `__PREFIX__subadmin2` (`code`, `country_code`, `subadmin1_code`, `name`, `active`) VALUES ('NO.14.1127','NO','NO.14','{\"en\":\"Randaberg\"}',1);
INSERT INTO `__PREFIX__subadmin2` (`code`, `country_code`, `subadmin1_code`, `name`, `active`) VALUES ('NO.30.3016','NO','NO.30','{\"en\":\"Rakkestad\"}',1);
INSERT INTO `__PREFIX__subadmin2` (`code`, `country_code`, `subadmin1_code`, `name`, `active`) VALUES ('NO.30.3027','NO','NO.30','{\"en\":\"Rælingen\"}',1);
INSERT INTO `__PREFIX__subadmin2` (`code`, `country_code`, `subadmin1_code`, `name`, `active`) VALUES ('NO.30.3017','NO','NO.30','{\"en\":\"Råde\"}',1);
INSERT INTO `__PREFIX__subadmin2` (`code`, `country_code`, `subadmin1_code`, `name`, `active`) VALUES ('NO.34.3453','NO','NO.34','{\"en\":\"Øystre Slidre\"}',1);
INSERT INTO `__PREFIX__subadmin2` (`code`, `country_code`, `subadmin1_code`, `name`, `active`) VALUES ('NO.34.3440','NO','NO.34','{\"en\":\"Øyer\"}',1);
INSERT INTO `__PREFIX__subadmin2` (`code`, `country_code`, `subadmin1_code`, `name`, `active`) VALUES ('NO.30.3048','NO','NO.30','{\"en\":\"Øvre Eiker\"}',1);
INSERT INTO `__PREFIX__subadmin2` (`code`, `country_code`, `subadmin1_code`, `name`, `active`) VALUES ('NO.21.5047','NO','NO.21','{\"en\":\"Overhalla\"}',1);
INSERT INTO `__PREFIX__subadmin2` (`code`, `country_code`, `subadmin1_code`, `name`, `active`) VALUES ('NO.34.3442','NO','NO.34','{\"en\":\"Østre Toten\"}',1);
INSERT INTO `__PREFIX__subadmin2` (`code`, `country_code`, `subadmin1_code`, `name`, `active`) VALUES ('NO.21.5020','NO','NO.21','{\"en\":\"Osen\"}',1);
INSERT INTO `__PREFIX__subadmin2` (`code`, `country_code`, `subadmin1_code`, `name`, `active`) VALUES ('NO.08.1520','NO','NO.08','{\"en\":\"Ørsta\"}',1);
INSERT INTO `__PREFIX__subadmin2` (`code`, `country_code`, `subadmin1_code`, `name`, `active`) VALUES ('NO.21.5057','NO','NO.21','{\"en\":\"Ørland\"}',1);
INSERT INTO `__PREFIX__subadmin2` (`code`, `country_code`, `subadmin1_code`, `name`, `active`) VALUES ('NO.21.5021','NO','NO.21','{\"en\":\"Oppdal\"}',1);
INSERT INTO `__PREFIX__subadmin2` (`code`, `country_code`, `subadmin1_code`, `name`, `active`) VALUES ('NO.09.1868','NO','NO.09','{\"en\":\"Øksnes\"}',1);
INSERT INTO `__PREFIX__subadmin2` (`code`, `country_code`, `subadmin1_code`, `name`, `active`) VALUES ('NO.34.3448','NO','NO.34','{\"en\":\"Nordre Land\"}',1);
INSERT INTO `__PREFIX__subadmin2` (`code`, `country_code`, `subadmin1_code`, `name`, `active`) VALUES ('NO.34.3414','NO','NO.34','{\"en\":\"Nord-Odal\"}',1);
INSERT INTO `__PREFIX__subadmin2` (`code`, `country_code`, `subadmin1_code`, `name`, `active`) VALUES ('NO.34.3436','NO','NO.34','{\"en\":\"Nord-Fron\"}',1);
INSERT INTO `__PREFIX__subadmin2` (`code`, `country_code`, `subadmin1_code`, `name`, `active`) VALUES ('NO.34.3451','NO','NO.34','{\"en\":\"Nord-Aurdal\"}',1);
INSERT INTO `__PREFIX__subadmin2` (`code`, `country_code`, `subadmin1_code`, `name`, `active`) VALUES ('NO.30.3031','NO','NO.30','{\"en\":\"Nittedal\"}',1);
INSERT INTO `__PREFIX__subadmin2` (`code`, `country_code`, `subadmin1_code`, `name`, `active`) VALUES ('NO.38.3822','NO','NO.38','{\"en\":\"Nissedal\"}',1);
INSERT INTO `__PREFIX__subadmin2` (`code`, `country_code`, `subadmin1_code`, `name`, `active`) VALUES ('NO.30.3023','NO','NO.30','{\"en\":\"Nesodden\"}',1);
INSERT INTO `__PREFIX__subadmin2` (`code`, `country_code`, `subadmin1_code`, `name`, `active`) VALUES ('NO.09.1828','NO','NO.09','{\"en\":\"Nesna\"}',1);
INSERT INTO `__PREFIX__subadmin2` (`code`, `country_code`, `subadmin1_code`, `name`, `active`) VALUES ('NO.30.3036','NO','NO.30','{\"en\":\"Nannestad\"}',1);
INSERT INTO `__PREFIX__subadmin2` (`code`, `country_code`, `subadmin1_code`, `name`, `active`) VALUES ('NO.21.5044','NO','NO.21','{\"en\":\"Namsskogan\"}',1);
INSERT INTO `__PREFIX__subadmin2` (`code`, `country_code`, `subadmin1_code`, `name`, `active`) VALUES ('NO.09.1874','NO','NO.09','{\"en\":\"Moskenes\"}',1);
INSERT INTO `__PREFIX__subadmin2` (`code`, `country_code`, `subadmin1_code`, `name`, `active`) VALUES ('NO.08.1506','NO','NO.08','{\"en\":\"Molde\"}',1);
INSERT INTO `__PREFIX__subadmin2` (`code`, `country_code`, `subadmin1_code`, `name`, `active`) VALUES ('NO.30.3047','NO','NO.30','{\"en\":\"Modum\"}',1);
INSERT INTO `__PREFIX__subadmin2` (`code`, `country_code`, `subadmin1_code`, `name`, `active`) VALUES ('NO.46.4629','NO','NO.46','{\"en\":\"Modalen\"}',1);
INSERT INTO `__PREFIX__subadmin2` (`code`, `country_code`, `subadmin1_code`, `name`, `active`) VALUES ('NO.21.5034','NO','NO.21','{\"en\":\"Meråker\"}',1);
INSERT INTO `__PREFIX__subadmin2` (`code`, `country_code`, `subadmin1_code`, `name`, `active`) VALUES ('NO.09.1837','NO','NO.09','{\"en\":\"Meløy\"}',1);
INSERT INTO `__PREFIX__subadmin2` (`code`, `country_code`, `subadmin1_code`, `name`, `active`) VALUES ('NO.21.5028','NO','NO.21','{\"en\":\"Melhus\"}',1);
INSERT INTO `__PREFIX__subadmin2` (`code`, `country_code`, `subadmin1_code`, `name`, `active`) VALUES ('NO.46.4634','NO','NO.46','{\"en\":\"Masfjorden\"}',1);
INSERT INTO `__PREFIX__subadmin2` (`code`, `country_code`, `subadmin1_code`, `name`, `active`) VALUES ('NO.21.5031','NO','NO.21','{\"en\":\"Malvik\"}',1);
INSERT INTO `__PREFIX__subadmin2` (`code`, `country_code`, `subadmin1_code`, `name`, `active`) VALUES ('NO.54.5418','NO','NO.54','{\"en\":\"Målselv\"}',1);
INSERT INTO `__PREFIX__subadmin2` (`code`, `country_code`, `subadmin1_code`, `name`, `active`) VALUES ('NO.42.4225','NO','NO.42','{\"en\":\"Lyngdal\"}',1);
INSERT INTO `__PREFIX__subadmin2` (`code`, `country_code`, `subadmin1_code`, `name`, `active`) VALUES ('NO.46.4644','NO','NO.46','{\"en\":\"Luster\"}',1);
INSERT INTO `__PREFIX__subadmin2` (`code`, `country_code`, `subadmin1_code`, `name`, `active`) VALUES ('NO.09.1834','NO','NO.09','{\"en\":\"Lurøy\"}',1);
INSERT INTO `__PREFIX__subadmin2` (`code`, `country_code`, `subadmin1_code`, `name`, `active`) VALUES ('NO.30.3054','NO','NO.30','{\"en\":\"Lunner\"}',1);
INSERT INTO `__PREFIX__subadmin2` (`code`, `country_code`, `subadmin1_code`, `name`, `active`) VALUES ('NO.14.1112','NO','NO.14','{\"en\":\"Lund\"}',1);
INSERT INTO `__PREFIX__subadmin2` (`code`, `country_code`, `subadmin1_code`, `name`, `active`) VALUES ('NO.34.3412','NO','NO.34','{\"en\":\"Løten\"}',1);
INSERT INTO `__PREFIX__subadmin2` (`code`, `country_code`, `subadmin1_code`, `name`, `active`) VALUES ('NO.30.3029','NO','NO.30','{\"en\":\"Lørenskog\"}',1);
INSERT INTO `__PREFIX__subadmin2` (`code`, `country_code`, `subadmin1_code`, `name`, `active`) VALUES ('NO.34.3434','NO','NO.34','{\"en\":\"Lom\"}',1);
INSERT INTO `__PREFIX__subadmin2` (`code`, `country_code`, `subadmin1_code`, `name`, `active`) VALUES ('NO.09.1851','NO','NO.09','{\"en\":\"Lødingen\"}',1);
INSERT INTO `__PREFIX__subadmin2` (`code`, `country_code`, `subadmin1_code`, `name`, `active`) VALUES ('NO.30.3049','NO','NO.30','{\"en\":\"Lier\"}',1);
INSERT INTO `__PREFIX__subadmin2` (`code`, `country_code`, `subadmin1_code`, `name`, `active`) VALUES ('NO.34.3432','NO','NO.34','{\"en\":\"Lesja\"}',1);
INSERT INTO `__PREFIX__subadmin2` (`code`, `country_code`, `subadmin1_code`, `name`, `active`) VALUES ('NO.21.5052','NO','NO.21','{\"en\":\"Leka\"}',1);
INSERT INTO `__PREFIX__subadmin2` (`code`, `country_code`, `subadmin1_code`, `name`, `active`) VALUES ('NO.09.1822','NO','NO.09','{\"en\":\"Leirfjord\"}',1);
INSERT INTO `__PREFIX__subadmin2` (`code`, `country_code`, `subadmin1_code`, `name`, `active`) VALUES ('NO.54.5415','NO','NO.54','{\"en\":\"Lavangen\"}',1);
INSERT INTO `__PREFIX__subadmin2` (`code`, `country_code`, `subadmin1_code`, `name`, `active`) VALUES ('NO.46.4642','NO','NO.46','{\"en\":\"Lærdal\"}',1);
INSERT INTO `__PREFIX__subadmin2` (`code`, `country_code`, `subadmin1_code`, `name`, `active`) VALUES ('NO.14.1144','NO','NO.14','{\"en\":\"Kvitsøy\"}',1);
INSERT INTO `__PREFIX__subadmin2` (`code`, `country_code`, `subadmin1_code`, `name`, `active`) VALUES ('NO.38.3821','NO','NO.38','{\"en\":\"Kviteseid\"}',1);
INSERT INTO `__PREFIX__subadmin2` (`code`, `country_code`, `subadmin1_code`, `name`, `active`) VALUES ('NO.46.4617','NO','NO.46','{\"en\":\"Kvinnherad\"}',1);
INSERT INTO `__PREFIX__subadmin2` (`code`, `country_code`, `subadmin1_code`, `name`, `active`) VALUES ('NO.42.4227','NO','NO.42','{\"en\":\"Kvinesdal\"}',1);
INSERT INTO `__PREFIX__subadmin2` (`code`, `country_code`, `subadmin1_code`, `name`, `active`) VALUES ('NO.46.4622','NO','NO.46','{\"en\":\"Kvam\"}',1);
INSERT INTO `__PREFIX__subadmin2` (`code`, `country_code`, `subadmin1_code`, `name`, `active`) VALUES ('NO.54.5411','NO','NO.54','{\"en\":\"Kvæfjord\"}',1);
INSERT INTO `__PREFIX__subadmin2` (`code`, `country_code`, `subadmin1_code`, `name`, `active`) VALUES ('NO.30.3046','NO','NO.30','{\"en\":\"Krødsherad\"}',1);
INSERT INTO `__PREFIX__subadmin2` (`code`, `country_code`, `subadmin1_code`, `name`, `active`) VALUES ('NO.38.3814','NO','NO.38','{\"en\":\"Kragerø\"}',1);
INSERT INTO `__PREFIX__subadmin2` (`code`, `country_code`, `subadmin1_code`, `name`, `active`) VALUES ('NO.34.3401','NO','NO.34','{\"en\":\"Kongsvinger\"}',1);
INSERT INTO `__PREFIX__subadmin2` (`code`, `country_code`, `subadmin1_code`, `name`, `active`) VALUES ('NO.14.1120','NO','NO.14','{\"en\":\"Klepp\"}',1);
INSERT INTO `__PREFIX__subadmin2` (`code`, `country_code`, `subadmin1_code`, `name`, `active`) VALUES ('NO.30.3053','NO','NO.30','{\"en\":\"Jevnaker\"}',1);
INSERT INTO `__PREFIX__subadmin2` (`code`, `country_code`, `subadmin1_code`, `name`, `active`) VALUES ('NO.42.4218','NO','NO.42','{\"en\":\"Iveland\"}',1);
INSERT INTO `__PREFIX__subadmin2` (`code`, `country_code`, `subadmin1_code`, `name`, `active`) VALUES ('NO.21.5053','NO','NO.21','{\"en\":\"Inderøy\"}',1);
INSERT INTO `__PREFIX__subadmin2` (`code`, `country_code`, `subadmin1_code`, `name`, `active`) VALUES ('NO.54.5413','NO','NO.54','{\"en\":\"Ibestad\"}',1);
INSERT INTO `__PREFIX__subadmin2` (`code`, `country_code`, `subadmin1_code`, `name`, `active`) VALUES ('NO.46.4637','NO','NO.46','{\"en\":\"Hyllestad\"}',1);
INSERT INTO `__PREFIX__subadmin2` (`code`, `country_code`, `subadmin1_code`, `name`, `active`) VALUES ('NO.30.3011','NO','NO.30','{\"en\":\"Hvaler\"}',1);
INSERT INTO `__PREFIX__subadmin2` (`code`, `country_code`, `subadmin1_code`, `name`, `active`) VALUES ('NO.30.3037','NO','NO.30','{\"en\":\"Hurdal\"}',1);
INSERT INTO `__PREFIX__subadmin2` (`code`, `country_code`, `subadmin1_code`, `name`, `active`) VALUES ('NO.21.5046','NO','NO.21','{\"en\":\"Høylandet\"}',1);
INSERT INTO `__PREFIX__subadmin2` (`code`, `country_code`, `subadmin1_code`, `name`, `active`) VALUES ('NO.46.4638','NO','NO.46','{\"en\":\"Høyanger\"}',1);
INSERT INTO `__PREFIX__subadmin2` (`code`, `country_code`, `subadmin1_code`, `name`, `active`) VALUES ('NO.14.1133','NO','NO.14','{\"en\":\"Hjelmeland\"}',1);
INSERT INTO `__PREFIX__subadmin2` (`code`, `country_code`, `subadmin1_code`, `name`, `active`) VALUES ('NO.38.3819','NO','NO.38','{\"en\":\"Hjartdal\"}',1);
INSERT INTO `__PREFIX__subadmin2` (`code`, `country_code`, `subadmin1_code`, `name`, `active`) VALUES ('NO.21.5056','NO','NO.21','{\"en\":\"Hitra\"}',1);
INSERT INTO `__PREFIX__subadmin2` (`code`, `country_code`, `subadmin1_code`, `name`, `active`) VALUES ('NO.30.3042','NO','NO.30','{\"en\":\"Hemsedal\"}',1);
INSERT INTO `__PREFIX__subadmin2` (`code`, `country_code`, `subadmin1_code`, `name`, `active`) VALUES ('NO.09.1832','NO','NO.09','{\"en\":\"Hemnes\"}',1);
INSERT INTO `__PREFIX__subadmin2` (`code`, `country_code`, `subadmin1_code`, `name`, `active`) VALUES ('NO.09.1826','NO','NO.09','{\"en\":\"Hattfjelldal\"}',1);
INSERT INTO `__PREFIX__subadmin2` (`code`, `country_code`, `subadmin1_code`, `name`, `active`) VALUES ('NO.08.1517','NO','NO.08','{\"en\":\"Hareid\"}',1);
INSERT INTO `__PREFIX__subadmin2` (`code`, `country_code`, `subadmin1_code`, `name`, `active`) VALUES ('NO.09.1875','NO','NO.09','{\"en\":\"Hamarøy\"}',1);
INSERT INTO `__PREFIX__subadmin2` (`code`, `country_code`, `subadmin1_code`, `name`, `active`) VALUES ('NO.21.5026','NO','NO.21','{\"en\":\"Holtålen\"}',1);
INSERT INTO `__PREFIX__subadmin2` (`code`, `country_code`, `subadmin1_code`, `name`, `active`) VALUES ('NO.42.4226','NO','NO.42','{\"en\":\"Hægebostad\"}',1);
INSERT INTO `__PREFIX__subadmin2` (`code`, `country_code`, `subadmin1_code`, `name`, `active`) VALUES ('NO.09.1866','NO','NO.09','{\"en\":\"Hadsel\"}',1);
INSERT INTO `__PREFIX__subadmin2` (`code`, `country_code`, `subadmin1_code`, `name`, `active`) VALUES ('NO.14.1119','NO','NO.14','{\"en\":\"Hå\"}',1);
INSERT INTO `__PREFIX__subadmin2` (`code`, `country_code`, `subadmin1_code`, `name`, `active`) VALUES ('NO.46.4635','NO','NO.46','{\"en\":\"Gulen\"}',1);
INSERT INTO `__PREFIX__subadmin2` (`code`, `country_code`, `subadmin1_code`, `name`, `active`) VALUES ('NO.34.3417','NO','NO.34','{\"en\":\"Grue\"}',1);
INSERT INTO `__PREFIX__subadmin2` (`code`, `country_code`, `subadmin1_code`, `name`, `active`) VALUES ('NO.21.5045','NO','NO.21','{\"en\":\"Grong\"}',1);
INSERT INTO `__PREFIX__subadmin2` (`code`, `country_code`, `subadmin1_code`, `name`, `active`) VALUES ('NO.54.5414','NO','NO.54','{\"en\":\"Gratangen\"}',1);
INSERT INTO `__PREFIX__subadmin2` (`code`, `country_code`, `subadmin1_code`, `name`, `active`) VALUES ('NO.34.3446','NO','NO.34','{\"en\":\"Gran\"}',1);
INSERT INTO `__PREFIX__subadmin2` (`code`, `country_code`, `subadmin1_code`, `name`, `active`) VALUES ('NO.09.1825','NO','NO.09','{\"en\":\"Grane\"}',1);
INSERT INTO `__PREFIX__subadmin2` (`code`, `country_code`, `subadmin1_code`, `name`, `active`) VALUES ('NO.30.3041','NO','NO.30','{\"en\":\"Gol\"}',1);
INSERT INTO `__PREFIX__subadmin2` (`code`, `country_code`, `subadmin1_code`, `name`, `active`) VALUES ('NO.46.4650','NO','NO.46','{\"en\":\"Gloppen\"}',1);
INSERT INTO `__PREFIX__subadmin2` (`code`, `country_code`, `subadmin1_code`, `name`, `active`) VALUES ('NO.14.1122','NO','NO.14','{\"en\":\"Gjesdal\"}',1);
INSERT INTO `__PREFIX__subadmin2` (`code`, `country_code`, `subadmin1_code`, `name`, `active`) VALUES ('NO.42.4211','NO','NO.42','{\"en\":\"Gjerstad\"}',1);
INSERT INTO `__PREFIX__subadmin2` (`code`, `country_code`, `subadmin1_code`, `name`, `active`) VALUES ('NO.30.3032','NO','NO.30','{\"en\":\"Gjerdrum\"}',1);
INSERT INTO `__PREFIX__subadmin2` (`code`, `country_code`, `subadmin1_code`, `name`, `active`) VALUES ('NO.08.1557','NO','NO.08','{\"en\":\"Gjemnes\"}',1);
INSERT INTO `__PREFIX__subadmin2` (`code`, `country_code`, `subadmin1_code`, `name`, `active`) VALUES ('NO.08.1532','NO','NO.08','{\"en\":\"Giske\"}',1);
INSERT INTO `__PREFIX__subadmin2` (`code`, `country_code`, `subadmin1_code`, `name`, `active`) VALUES ('NO.09.1838','NO','NO.09','{\"en\":\"Gildeskål\"}',1);
INSERT INTO `__PREFIX__subadmin2` (`code`, `country_code`, `subadmin1_code`, `name`, `active`) VALUES ('NO.34.3441','NO','NO.34','{\"en\":\"Gausdal\"}',1);
INSERT INTO `__PREFIX__subadmin2` (`code`, `country_code`, `subadmin1_code`, `name`, `active`) VALUES ('NO.38.3823','NO','NO.38','{\"en\":\"Fyresdal\"}',1);
INSERT INTO `__PREFIX__subadmin2` (`code`, `country_code`, `subadmin1_code`, `name`, `active`) VALUES ('NO.21.5036','NO','NO.21','{\"en\":\"Frosta\"}',1);
INSERT INTO `__PREFIX__subadmin2` (`code`, `country_code`, `subadmin1_code`, `name`, `active`) VALUES ('NO.42.4214','NO','NO.42','{\"en\":\"Froland\"}',1);
INSERT INTO `__PREFIX__subadmin2` (`code`, `country_code`, `subadmin1_code`, `name`, `active`) VALUES ('NO.30.3022','NO','NO.30','{\"en\":\"Frogn\"}',1);
INSERT INTO `__PREFIX__subadmin2` (`code`, `country_code`, `subadmin1_code`, `name`, `active`) VALUES ('NO.34.3429','NO','NO.34','{\"en\":\"Folldal\"}',1);
INSERT INTO `__PREFIX__subadmin2` (`code`, `country_code`, `subadmin1_code`, `name`, `active`) VALUES ('NO.30.3050','NO','NO.30','{\"en\":\"Flesberg\"}',1);
INSERT INTO `__PREFIX__subadmin2` (`code`, `country_code`, `subadmin1_code`, `name`, `active`) VALUES ('NO.21.5049','NO','NO.21','{\"en\":\"Flatanger\"}',1);
INSERT INTO `__PREFIX__subadmin2` (`code`, `country_code`, `subadmin1_code`, `name`, `active`) VALUES ('NO.09.1859','NO','NO.09','{\"en\":\"Flakstad\"}',1);
INSERT INTO `__PREFIX__subadmin2` (`code`, `country_code`, `subadmin1_code`, `name`, `active`) VALUES ('NO.46.4646','NO','NO.46','{\"en\":\"Fjaler\"}',1);
INSERT INTO `__PREFIX__subadmin2` (`code`, `country_code`, `subadmin1_code`, `name`, `active`) VALUES ('NO.46.4615','NO','NO.46','{\"en\":\"Fitjar\"}',1);
INSERT INTO `__PREFIX__subadmin2` (`code`, `country_code`, `subadmin1_code`, `name`, `active`) VALUES ('NO.46.4633','NO','NO.46','{\"en\":\"Fedje\"}',1);
INSERT INTO `__PREFIX__subadmin2` (`code`, `country_code`, `subadmin1_code`, `name`, `active`) VALUES ('NO.09.1841','NO','NO.09','{\"en\":\"Fauske\"}',1);
INSERT INTO `__PREFIX__subadmin2` (`code`, `country_code`, `subadmin1_code`, `name`, `active`) VALUES ('NO.42.4219','NO','NO.42','{\"en\":\"Evje og Hornnes\"}',1);
INSERT INTO `__PREFIX__subadmin2` (`code`, `country_code`, `subadmin1_code`, `name`, `active`) VALUES ('NO.09.1853','NO','NO.09','{\"en\":\"Evenes\"}',1);
INSERT INTO `__PREFIX__subadmin2` (`code`, `country_code`, `subadmin1_code`, `name`, `active`) VALUES ('NO.46.4611','NO','NO.46','{\"en\":\"Etne\"}',1);
INSERT INTO `__PREFIX__subadmin2` (`code`, `country_code`, `subadmin1_code`, `name`, `active`) VALUES ('NO.34.3450','NO','NO.34','{\"en\":\"Etnedal\"}',1);
INSERT INTO `__PREFIX__subadmin2` (`code`, `country_code`, `subadmin1_code`, `name`, `active`) VALUES ('NO.34.3425','NO','NO.34','{\"en\":\"Engerdal\"}',1);
INSERT INTO `__PREFIX__subadmin2` (`code`, `country_code`, `subadmin1_code`, `name`, `active`) VALUES ('NO.30.3028','NO','NO.30','{\"en\":\"Enebakk\"}',1);
INSERT INTO `__PREFIX__subadmin2` (`code`, `country_code`, `subadmin1_code`, `name`, `active`) VALUES ('NO.34.3420','NO','NO.34','{\"en\":\"Elverum\"}',1);
INSERT INTO `__PREFIX__subadmin2` (`code`, `country_code`, `subadmin1_code`, `name`, `active`) VALUES ('NO.14.1101','NO','NO.14','{\"en\":\"Eigersund\"}',1);
INSERT INTO `__PREFIX__subadmin2` (`code`, `country_code`, `subadmin1_code`, `name`, `active`) VALUES ('NO.30.3035','NO','NO.30','{\"en\":\"Eidsvoll\"}',1);
INSERT INTO `__PREFIX__subadmin2` (`code`, `country_code`, `subadmin1_code`, `name`, `active`) VALUES ('NO.34.3416','NO','NO.34','{\"en\":\"Eidskog\"}',1);
INSERT INTO `__PREFIX__subadmin2` (`code`, `country_code`, `subadmin1_code`, `name`, `active`) VALUES ('NO.46.4619','NO','NO.46','{\"en\":\"Eidfjord\"}',1);
INSERT INTO `__PREFIX__subadmin2` (`code`, `country_code`, `subadmin1_code`, `name`, `active`) VALUES ('NO.54.5420','NO','NO.54','{\"en\":\"Dyrøy\"}',1);
INSERT INTO `__PREFIX__subadmin2` (`code`, `country_code`, `subadmin1_code`, `name`, `active`) VALUES ('NO.38.3815','NO','NO.38','{\"en\":\"Drangedal\"}',1);
INSERT INTO `__PREFIX__subadmin2` (`code`, `country_code`, `subadmin1_code`, `name`, `active`) VALUES ('NO.34.3431','NO','NO.34','{\"en\":\"Dovre\"}',1);
INSERT INTO `__PREFIX__subadmin2` (`code`, `country_code`, `subadmin1_code`, `name`, `active`) VALUES ('NO.09.1827','NO','NO.09','{\"en\":\"Dønna\"}',1);
INSERT INTO `__PREFIX__subadmin2` (`code`, `country_code`, `subadmin1_code`, `name`, `active`) VALUES ('NO.42.4222','NO','NO.42','{\"en\":\"Bykle\"}',1);
INSERT INTO `__PREFIX__subadmin2` (`code`, `country_code`, `subadmin1_code`, `name`, `active`) VALUES ('NO.42.4220','NO','NO.42','{\"en\":\"Bygland\"}',1);
INSERT INTO `__PREFIX__subadmin2` (`code`, `country_code`, `subadmin1_code`, `name`, `active`) VALUES ('NO.09.1813','NO','NO.09','{\"en\":\"Brønnøy\"}',1);
INSERT INTO `__PREFIX__subadmin2` (`code`, `country_code`, `subadmin1_code`, `name`, `active`) VALUES ('NO.46.4648','NO','NO.46','{\"en\":\"Bremanger\"}',1);
INSERT INTO `__PREFIX__subadmin2` (`code`, `country_code`, `subadmin1_code`, `name`, `active`) VALUES ('NO.38.3801','NO','NO.38','{\"en\":\"Horten\"}',1);
INSERT INTO `__PREFIX__subadmin2` (`code`, `country_code`, `subadmin1_code`, `name`, `active`) VALUES ('NO.46.4613','NO','NO.46','{\"en\":\"Bømlo\"}',1);
INSERT INTO `__PREFIX__subadmin2` (`code`, `country_code`, `subadmin1_code`, `name`, `active`) VALUES ('NO.14.1145','NO','NO.14','{\"en\":\"Bokn\"}',1);
INSERT INTO `__PREFIX__subadmin2` (`code`, `country_code`, `subadmin1_code`, `name`, `active`) VALUES ('NO.14.1114','NO','NO.14','{\"en\":\"Bjerkreim\"}',1);
INSERT INTO `__PREFIX__subadmin2` (`code`, `country_code`, `subadmin1_code`, `name`, `active`) VALUES ('NO.42.4216','NO','NO.42','{\"en\":\"Birkenes\"}',1);
INSERT INTO `__PREFIX__subadmin2` (`code`, `country_code`, `subadmin1_code`, `name`, `active`) VALUES ('NO.09.1811','NO','NO.09','{\"en\":\"Bindal\"}',1);
INSERT INTO `__PREFIX__subadmin2` (`code`, `country_code`, `subadmin1_code`, `name`, `active`) VALUES ('NO.46.4601','NO','NO.46','{\"en\":\"Bergen\"}',1);
INSERT INTO `__PREFIX__subadmin2` (`code`, `country_code`, `subadmin1_code`, `name`, `active`) VALUES ('NO.09.1839','NO','NO.09','{\"en\":\"Beiarn\"}',1);
INSERT INTO `__PREFIX__subadmin2` (`code`, `country_code`, `subadmin1_code`, `name`, `active`) VALUES ('NO.54.5416','NO','NO.54','{\"en\":\"Bardu\"}',1);
INSERT INTO `__PREFIX__subadmin2` (`code`, `country_code`, `subadmin1_code`, `name`, `active`) VALUES ('NO.38.3813','NO','NO.38','{\"en\":\"Bamble\"}',1);
INSERT INTO `__PREFIX__subadmin2` (`code`, `country_code`, `subadmin1_code`, `name`, `active`) VALUES ('NO.54.5422','NO','NO.54','{\"en\":\"Balsfjord\"}',1);
INSERT INTO `__PREFIX__subadmin2` (`code`, `country_code`, `subadmin1_code`, `name`, `active`) VALUES ('NO.30.3024','NO','NO.30','{\"en\":\"Bærum\"}',1);
INSERT INTO `__PREFIX__subadmin2` (`code`, `country_code`, `subadmin1_code`, `name`, `active`) VALUES ('NO.46.4632','NO','NO.46','{\"en\":\"Austrheim\"}',1);
INSERT INTO `__PREFIX__subadmin2` (`code`, `country_code`, `subadmin1_code`, `name`, `active`) VALUES ('NO.46.4625','NO','NO.46','{\"en\":\"Austevoll\"}',1);
INSERT INTO `__PREFIX__subadmin2` (`code`, `country_code`, `subadmin1_code`, `name`, `active`) VALUES ('NO.46.4641','NO','NO.46','{\"en\":\"Aurland\"}',1);
INSERT INTO `__PREFIX__subadmin2` (`code`, `country_code`, `subadmin1_code`, `name`, `active`) VALUES ('NO.08.1576','NO','NO.08','{\"en\":\"Aure\"}',1);
INSERT INTO `__PREFIX__subadmin2` (`code`, `country_code`, `subadmin1_code`, `name`, `active`) VALUES ('NO.34.3418','NO','NO.34','{\"en\":\"Åsnes\"}',1);
INSERT INTO `__PREFIX__subadmin2` (`code`, `country_code`, `subadmin1_code`, `name`, `active`) VALUES ('NO.46.4645','NO','NO.46','{\"en\":\"Askvoll\"}',1);
INSERT INTO `__PREFIX__subadmin2` (`code`, `country_code`, `subadmin1_code`, `name`, `active`) VALUES ('NO.46.4627','NO','NO.46','{\"en\":\"Askøy\"}',1);
INSERT INTO `__PREFIX__subadmin2` (`code`, `country_code`, `subadmin1_code`, `name`, `active`) VALUES ('NO.30.3025','NO','NO.30','{\"en\":\"Asker\"}',1);
INSERT INTO `__PREFIX__subadmin2` (`code`, `country_code`, `subadmin1_code`, `name`, `active`) VALUES ('NO.30.3021','NO','NO.30','{\"en\":\"Ås\"}',1);
INSERT INTO `__PREFIX__subadmin2` (`code`, `country_code`, `subadmin1_code`, `name`, `active`) VALUES ('NO.42.4224','NO','NO.42','{\"en\":\"Åseral\"}',1);
INSERT INTO `__PREFIX__subadmin2` (`code`, `country_code`, `subadmin1_code`, `name`, `active`) VALUES ('NO.30.3012','NO','NO.30','{\"en\":\"Aremark\"}',1);
INSERT INTO `__PREFIX__subadmin2` (`code`, `country_code`, `subadmin1_code`, `name`, `active`) VALUES ('NO.34.3422','NO','NO.34','{\"en\":\"Åmot\"}',1);
INSERT INTO `__PREFIX__subadmin2` (`code`, `country_code`, `subadmin1_code`, `name`, `active`) VALUES ('NO.42.4217','NO','NO.42','{\"en\":\"Åmli\"}',1);
INSERT INTO `__PREFIX__subadmin2` (`code`, `country_code`, `subadmin1_code`, `name`, `active`) VALUES ('NO.34.3428','NO','NO.34','{\"en\":\"Alvdal\"}',1);
INSERT INTO `__PREFIX__subadmin2` (`code`, `country_code`, `subadmin1_code`, `name`, `active`) VALUES ('NO.09.1820','NO','NO.09','{\"en\":\"Alstahaug\"}',1);
INSERT INTO `__PREFIX__subadmin2` (`code`, `country_code`, `subadmin1_code`, `name`, `active`) VALUES ('NO.30.3043','NO','NO.30','{\"en\":\"Ål\"}',1);
INSERT INTO `__PREFIX__subadmin2` (`code`, `country_code`, `subadmin1_code`, `name`, `active`) VALUES ('NO.21.5058','NO','NO.21','{\"en\":\"Åfjord\"}',1);
INSERT INTO `__PREFIX__subadmin2` (`code`, `country_code`, `subadmin1_code`, `name`, `active`) VALUES ('NO.54.5406','NO','NO.54','{\"en\":\"Hammerfest\"}',1);
INSERT INTO `__PREFIX__subadmin2` (`code`, `country_code`, `subadmin1_code`, `name`, `active`) VALUES ('NO.54.5404','NO','NO.54','{\"en\":\"Vardø\"}',1);
INSERT INTO `__PREFIX__subadmin2` (`code`, `country_code`, `subadmin1_code`, `name`, `active`) VALUES ('NO.54.5436','NO','NO.54','{\"en\":\"Porsanger\"}',1);
INSERT INTO `__PREFIX__subadmin2` (`code`, `country_code`, `subadmin1_code`, `name`, `active`) VALUES ('NO.54.5405','NO','NO.54','{\"en\":\"Vadsø\"}',1);
INSERT INTO `__PREFIX__subadmin2` (`code`, `country_code`, `subadmin1_code`, `name`, `active`) VALUES ('NO.54.5401','NO','NO.54','{\"en\":\"Tromsø\"}',1);
INSERT INTO `__PREFIX__subadmin2` (`code`, `country_code`, `subadmin1_code`, `name`, `active`) VALUES ('NO.09.1871','NO','NO.09','{\"en\":\"Andøy\"}',1);
INSERT INTO `__PREFIX__subadmin2` (`code`, `country_code`, `subadmin1_code`, `name`, `active`) VALUES ('NO.54.5402','NO','NO.54','{\"en\":\"Harstad\"}',1);
INSERT INTO `__PREFIX__subadmin2` (`code`, `country_code`, `subadmin1_code`, `name`, `active`) VALUES ('NO.09.1867','NO','NO.09','{\"en\":\"Bø\"}',1);
INSERT INTO `__PREFIX__subadmin2` (`code`, `country_code`, `subadmin1_code`, `name`, `active`) VALUES ('NO.09.1806','NO','NO.09','{\"en\":\"Narvik\"}',1);
INSERT INTO `__PREFIX__subadmin2` (`code`, `country_code`, `subadmin1_code`, `name`, `active`) VALUES ('NO.09.1860','NO','NO.09','{\"en\":\"Vestvågøy\"}',1);
INSERT INTO `__PREFIX__subadmin2` (`code`, `country_code`, `subadmin1_code`, `name`, `active`) VALUES ('NO.09.1804','NO','NO.09','{\"en\":\"Bodø\"}',1);
INSERT INTO `__PREFIX__subadmin2` (`code`, `country_code`, `subadmin1_code`, `name`, `active`) VALUES ('NO.09.1833','NO','NO.09','{\"en\":\"Rana\"}',1);
INSERT INTO `__PREFIX__subadmin2` (`code`, `country_code`, `subadmin1_code`, `name`, `active`) VALUES ('NO.09.1818','NO','NO.09','{\"en\":\"Herøy\"}',1);
INSERT INTO `__PREFIX__subadmin2` (`code`, `country_code`, `subadmin1_code`, `name`, `active`) VALUES ('NO.09.1815','NO','NO.09','{\"en\":\"Vega\"}',1);
INSERT INTO `__PREFIX__subadmin2` (`code`, `country_code`, `subadmin1_code`, `name`, `active`) VALUES ('NO.21.5042','NO','NO.21','{\"en\":\"Lierne\"}',1);
INSERT INTO `__PREFIX__subadmin2` (`code`, `country_code`, `subadmin1_code`, `name`, `active`) VALUES ('NO.21.5007','NO','NO.21','{\"en\":\"Namsos\"}',1);
INSERT INTO `__PREFIX__subadmin2` (`code`, `country_code`, `subadmin1_code`, `name`, `active`) VALUES ('NO.21.5014','NO','NO.21','{\"en\":\"Frøya\"}',1);
INSERT INTO `__PREFIX__subadmin2` (`code`, `country_code`, `subadmin1_code`, `name`, `active`) VALUES ('NO.21.5037','NO','NO.21','{\"en\":\"Levanger\"}',1);
INSERT INTO `__PREFIX__subadmin2` (`code`, `country_code`, `subadmin1_code`, `name`, `active`) VALUES ('NO.08.1505','NO','NO.08','{\"en\":\"Kristiansund\"}',1);
INSERT INTO `__PREFIX__subadmin2` (`code`, `country_code`, `subadmin1_code`, `name`, `active`) VALUES ('NO.08.1554','NO','NO.08','{\"en\":\"Averøy\"}',1);
INSERT INTO `__PREFIX__subadmin2` (`code`, `country_code`, `subadmin1_code`, `name`, `active`) VALUES ('NO.08.1547','NO','NO.08','{\"en\":\"Aukra\"}',1);
INSERT INTO `__PREFIX__subadmin2` (`code`, `country_code`, `subadmin1_code`, `name`, `active`) VALUES ('NO.21.5027','NO','NO.21','{\"en\":\"Midtre Gauldal\"}',1);
INSERT INTO `__PREFIX__subadmin2` (`code`, `country_code`, `subadmin1_code`, `name`, `active`) VALUES ('NO.08.1539','NO','NO.08','{\"en\":\"Rauma\"}',1);
INSERT INTO `__PREFIX__subadmin2` (`code`, `country_code`, `subadmin1_code`, `name`, `active`) VALUES ('NO.08.1535','NO','NO.08','{\"en\":\"Vestnes\"}',1);
INSERT INTO `__PREFIX__subadmin2` (`code`, `country_code`, `subadmin1_code`, `name`, `active`) VALUES ('NO.21.5025','NO','NO.21','{\"en\":\"Røros\"}',1);
INSERT INTO `__PREFIX__subadmin2` (`code`, `country_code`, `subadmin1_code`, `name`, `active`) VALUES ('NO.08.1515','NO','NO.08','{\"en\":\"Herøy\"}',1);
INSERT INTO `__PREFIX__subadmin2` (`code`, `country_code`, `subadmin1_code`, `name`, `active`) VALUES ('NO.08.1507','NO','NO.08','{\"en\":\"Ålesund\"}',1);
INSERT INTO `__PREFIX__subadmin2` (`code`, `country_code`, `subadmin1_code`, `name`, `active`) VALUES ('NO.34.3430','NO','NO.34','{\"en\":\"Os\"}',1);
INSERT INTO `__PREFIX__subadmin2` (`code`, `country_code`, `subadmin1_code`, `name`, `active`) VALUES ('NO.08.1531','NO','NO.08','{\"en\":\"Sula\"}',1);
INSERT INTO `__PREFIX__subadmin2` (`code`, `country_code`, `subadmin1_code`, `name`, `active`) VALUES ('NO.34.3426','NO','NO.34','{\"en\":\"Tolga\"}',1);
INSERT INTO `__PREFIX__subadmin2` (`code`, `country_code`, `subadmin1_code`, `name`, `active`) VALUES ('NO.08.1514','NO','NO.08','{\"en\":\"Sande\"}',1);
INSERT INTO `__PREFIX__subadmin2` (`code`, `country_code`, `subadmin1_code`, `name`, `active`) VALUES ('NO.46.4643','NO','NO.46','{\"en\":\"Årdal\"}',1);
INSERT INTO `__PREFIX__subadmin2` (`code`, `country_code`, `subadmin1_code`, `name`, `active`) VALUES ('NO.34.3454','NO','NO.34','{\"en\":\"Vang\"}',1);
INSERT INTO `__PREFIX__subadmin2` (`code`, `country_code`, `subadmin1_code`, `name`, `active`) VALUES ('NO.34.3405','NO','NO.34','{\"en\":\"Lillehammer\"}',1);
INSERT INTO `__PREFIX__subadmin2` (`code`, `country_code`, `subadmin1_code`, `name`, `active`) VALUES ('NO.34.3403','NO','NO.34','{\"en\":\"Hamar\"}',1);
INSERT INTO `__PREFIX__subadmin2` (`code`, `country_code`, `subadmin1_code`, `name`, `active`) VALUES ('NO.46.4628','NO','NO.46','{\"en\":\"Vaksdal\"}',1);
INSERT INTO `__PREFIX__subadmin2` (`code`, `country_code`, `subadmin1_code`, `name`, `active`) VALUES ('NO.46.4626','NO','NO.46','{\"en\":\"Øygarden\"}',1);
INSERT INTO `__PREFIX__subadmin2` (`code`, `country_code`, `subadmin1_code`, `name`, `active`) VALUES ('NO.34.3407','NO','NO.34','{\"en\":\"Gjøvik\"}',1);
INSERT INTO `__PREFIX__subadmin2` (`code`, `country_code`, `subadmin1_code`, `name`, `active`) VALUES ('NO.34.3419','NO','NO.34','{\"en\":\"Våler\"}',1);
INSERT INTO `__PREFIX__subadmin2` (`code`, `country_code`, `subadmin1_code`, `name`, `active`) VALUES ('NO.30.3044','NO','NO.30','{\"en\":\"Hol\"}',1);
INSERT INTO `__PREFIX__subadmin2` (`code`, `country_code`, `subadmin1_code`, `name`, `active`) VALUES ('NO.46.4630','NO','NO.46','{\"en\":\"Osterøy\"}',1);
INSERT INTO `__PREFIX__subadmin2` (`code`, `country_code`, `subadmin1_code`, `name`, `active`) VALUES ('NO.30.3007','NO','NO.30','{\"en\":\"Ringerike\"}',1);
INSERT INTO `__PREFIX__subadmin2` (`code`, `country_code`, `subadmin1_code`, `name`, `active`) VALUES ('NO.30.3039','NO','NO.30','{\"en\":\"Flå\"}',1);
INSERT INTO `__PREFIX__subadmin2` (`code`, `country_code`, `subadmin1_code`, `name`, `active`) VALUES ('NO.30.3052','NO','NO.30','{\"en\":\"Nore og Uvdal\"}',1);
INSERT INTO `__PREFIX__subadmin2` (`code`, `country_code`, `subadmin1_code`, `name`, `active`) VALUES ('NO.30.3034','NO','NO.30','{\"en\":\"Nes\"}',1);
INSERT INTO `__PREFIX__subadmin2` (`code`, `country_code`, `subadmin1_code`, `name`, `active`) VALUES ('NO.38.3825','NO','NO.38','{\"en\":\"Vinje\"}',1);
INSERT INTO `__PREFIX__subadmin2` (`code`, `country_code`, `subadmin1_code`, `name`, `active`) VALUES ('NO.12.0301','NO','NO.12','{\"en\":\"Oslo\"}',1);
INSERT INTO `__PREFIX__subadmin2` (`code`, `country_code`, `subadmin1_code`, `name`, `active`) VALUES ('NO.30.3038','NO','NO.30','{\"en\":\"Hole\"}',1);
INSERT INTO `__PREFIX__subadmin2` (`code`, `country_code`, `subadmin1_code`, `name`, `active`) VALUES ('NO.30.3026','NO','NO.30','{\"en\":\"Aurskog-Høland\"}',1);
INSERT INTO `__PREFIX__subadmin2` (`code`, `country_code`, `subadmin1_code`, `name`, `active`) VALUES ('NO.38.3808','NO','NO.38','{\"en\":\"Notodden\"}',1);
INSERT INTO `__PREFIX__subadmin2` (`code`, `country_code`, `subadmin1_code`, `name`, `active`) VALUES ('NO.14.1134','NO','NO.14','{\"en\":\"Suldal\"}',1);
INSERT INTO `__PREFIX__subadmin2` (`code`, `country_code`, `subadmin1_code`, `name`, `active`) VALUES ('NO.14.1160','NO','NO.14','{\"en\":\"Vindafjord\"}',1);
INSERT INTO `__PREFIX__subadmin2` (`code`, `country_code`, `subadmin1_code`, `name`, `active`) VALUES ('NO.30.3005','NO','NO.30','{\"en\":\"Drammen\"}',1);
INSERT INTO `__PREFIX__subadmin2` (`code`, `country_code`, `subadmin1_code`, `name`, `active`) VALUES ('NO.30.3006','NO','NO.30','{\"en\":\"Kongsberg\"}',1);
INSERT INTO `__PREFIX__subadmin2` (`code`, `country_code`, `subadmin1_code`, `name`, `active`) VALUES ('NO.14.1106','NO','NO.14','{\"en\":\"Haugesund\"}',1);
INSERT INTO `__PREFIX__subadmin2` (`code`, `country_code`, `subadmin1_code`, `name`, `active`) VALUES ('NO.14.1149','NO','NO.14','{\"en\":\"Karmøy\"}',1);
INSERT INTO `__PREFIX__subadmin2` (`code`, `country_code`, `subadmin1_code`, `name`, `active`) VALUES ('NO.38.3824','NO','NO.38','{\"en\":\"Tokke\"}',1);
INSERT INTO `__PREFIX__subadmin2` (`code`, `country_code`, `subadmin1_code`, `name`, `active`) VALUES ('NO.30.3013','NO','NO.30','{\"en\":\"Marker\"}',1);
INSERT INTO `__PREFIX__subadmin2` (`code`, `country_code`, `subadmin1_code`, `name`, `active`) VALUES ('NO.38.3802','NO','NO.38','{\"en\":\"Holmestrand\"}',1);
INSERT INTO `__PREFIX__subadmin2` (`code`, `country_code`, `subadmin1_code`, `name`, `active`) VALUES ('NO.38.3807','NO','NO.38','{\"en\":\"Skien\"}',1);
INSERT INTO `__PREFIX__subadmin2` (`code`, `country_code`, `subadmin1_code`, `name`, `active`) VALUES ('NO.30.3002','NO','NO.30','{\"en\":\"Moss\"}',1);
INSERT INTO `__PREFIX__subadmin2` (`code`, `country_code`, `subadmin1_code`, `name`, `active`) VALUES ('NO.30.3018','NO','NO.30','{\"en\":\"Våler\"}',1);
INSERT INTO `__PREFIX__subadmin2` (`code`, `country_code`, `subadmin1_code`, `name`, `active`) VALUES ('NO.38.3816','NO','NO.38','{\"en\":\"Nome\"}',1);
INSERT INTO `__PREFIX__subadmin2` (`code`, `country_code`, `subadmin1_code`, `name`, `active`) VALUES ('NO.30.3003','NO','NO.30','{\"en\":\"Sarpsborg\"}',1);
INSERT INTO `__PREFIX__subadmin2` (`code`, `country_code`, `subadmin1_code`, `name`, `active`) VALUES ('NO.38.3803','NO','NO.38','{\"en\":\"Tønsberg\"}',1);
INSERT INTO `__PREFIX__subadmin2` (`code`, `country_code`, `subadmin1_code`, `name`, `active`) VALUES ('NO.38.3805','NO','NO.38','{\"en\":\"Larvik\"}',1);
INSERT INTO `__PREFIX__subadmin2` (`code`, `country_code`, `subadmin1_code`, `name`, `active`) VALUES ('NO.14.1103','NO','NO.14','{\"en\":\"Stavanger\"}',1);
INSERT INTO `__PREFIX__subadmin2` (`code`, `country_code`, `subadmin1_code`, `name`, `active`) VALUES ('NO.30.3004','NO','NO.30','{\"en\":\"Fredrikstad\"}',1);
INSERT INTO `__PREFIX__subadmin2` (`code`, `country_code`, `subadmin1_code`, `name`, `active`) VALUES ('NO.14.1108','NO','NO.14','{\"en\":\"Sandnes\"}',1);
INSERT INTO `__PREFIX__subadmin2` (`code`, `country_code`, `subadmin1_code`, `name`, `active`) VALUES ('NO.38.3806','NO','NO.38','{\"en\":\"Porsgrunn\"}',1);
INSERT INTO `__PREFIX__subadmin2` (`code`, `country_code`, `subadmin1_code`, `name`, `active`) VALUES ('NO.30.3001','NO','NO.30','{\"en\":\"Halden\"}',1);
INSERT INTO `__PREFIX__subadmin2` (`code`, `country_code`, `subadmin1_code`, `name`, `active`) VALUES ('NO.38.3804','NO','NO.38','{\"en\":\"Sandefjord\"}',1);
INSERT INTO `__PREFIX__subadmin2` (`code`, `country_code`, `subadmin1_code`, `name`, `active`) VALUES ('NO.42.4201','NO','NO.42','{\"en\":\"Risør\"}',1);
INSERT INTO `__PREFIX__subadmin2` (`code`, `country_code`, `subadmin1_code`, `name`, `active`) VALUES ('NO.42.4207','NO','NO.42','{\"en\":\"Flekkefjord\"}',1);
INSERT INTO `__PREFIX__subadmin2` (`code`, `country_code`, `subadmin1_code`, `name`, `active`) VALUES ('NO.42.4203','NO','NO.42','{\"en\":\"Arendal\"}',1);
INSERT INTO `__PREFIX__subadmin2` (`code`, `country_code`, `subadmin1_code`, `name`, `active`) VALUES ('NO.42.4202','NO','NO.42','{\"en\":\"Grimstad\"}',1);
INSERT INTO `__PREFIX__subadmin2` (`code`, `country_code`, `subadmin1_code`, `name`, `active`) VALUES ('NO.42.4206','NO','NO.42','{\"en\":\"Farsund\"}',1);
INSERT INTO `__PREFIX__subadmin2` (`code`, `country_code`, `subadmin1_code`, `name`, `active`) VALUES ('NO.42.4205','NO','NO.42','{\"en\":\"Lindesnes\"}',1);
INSERT INTO `__PREFIX__subadmin2` (`code`, `country_code`, `subadmin1_code`, `name`, `active`) VALUES ('NO.42.4204','NO','NO.42','{\"en\":\"Kristiansand\"}',1);
INSERT INTO `__PREFIX__subadmin2` (`code`, `country_code`, `subadmin1_code`, `name`, `active`) VALUES ('NO.38.3811','NO','NO.38','{\"en\":\"Færder\"}',1);
INSERT INTO `__PREFIX__subadmin2` (`code`, `country_code`, `subadmin1_code`, `name`, `active`) VALUES ('NO.21.5054','NO','NO.21','{\"en\":\"Indre Fosen\"}',1);
INSERT INTO `__PREFIX__subadmin2` (`code`, `country_code`, `subadmin1_code`, `name`, `active`) VALUES ('NO.46.4647','NO','NO.46','{\"en\":\"Sunnfjord\"}',1);
INSERT INTO `__PREFIX__subadmin2` (`code`, `country_code`, `subadmin1_code`, `name`, `active`) VALUES ('NO.30.3030','NO','NO.30','{\"en\":\"Lillestrøm\"}',1);
INSERT INTO `__PREFIX__subadmin2` (`code`, `country_code`, `subadmin1_code`, `name`, `active`) VALUES ('NO.21.5055','NO','NO.21','{\"en\":\"Heim\"}',1);
INSERT INTO `__PREFIX__subadmin2` (`code`, `country_code`, `subadmin1_code`, `name`, `active`) VALUES ('NO.46.4624','NO','NO.46','{\"en\":\"Bjørnafjorden\"}',1);
INSERT INTO `__PREFIX__subadmin2` (`code`, `country_code`, `subadmin1_code`, `name`, `active`) VALUES ('NO.30.3014','NO','NO.30','{\"en\":\"Indre Østfold\"}',1);
INSERT INTO `__PREFIX__subadmin2` (`code`, `country_code`, `subadmin1_code`, `name`, `active`) VALUES ('NO.08.1578','NO','NO.08','{\"en\":\"Fjord\"}',1);
INSERT INTO `__PREFIX__subadmin2` (`code`, `country_code`, `subadmin1_code`, `name`, `active`) VALUES ('NO.46.4602','NO','NO.46','{\"en\":\"Kinn\"}',1);
INSERT INTO `__PREFIX__subadmin2` (`code`, `country_code`, `subadmin1_code`, `name`, `active`) VALUES ('NO.38.3817','NO','NO.38','{\"en\":\"Midt-Telemark\"}',1);
INSERT INTO `__PREFIX__subadmin2` (`code`, `country_code`, `subadmin1_code`, `name`, `active`) VALUES ('NO.46.4649','NO','NO.46','{\"en\":\"Stad\"}',1);
INSERT INTO `__PREFIX__subadmin2` (`code`, `country_code`, `subadmin1_code`, `name`, `active`) VALUES ('NO.21.5059','NO','NO.21','{\"en\":\"Orkland\"}',1);
INSERT INTO `__PREFIX__subadmin2` (`code`, `country_code`, `subadmin1_code`, `name`, `active`) VALUES ('NO.21.5060','NO','NO.21','{\"en\":\"Nærøysund\"}',1);
INSERT INTO `__PREFIX__subadmin2` (`code`, `country_code`, `subadmin1_code`, `name`, `active`) VALUES ('NO.54.5421','NO','NO.54','{\"en\":\"Senja\"}',1);
INSERT INTO `__PREFIX__subadmin2` (`code`, `country_code`, `subadmin1_code`, `name`, `active`) VALUES ('NO.30.3020','NO','NO.30','{\"en\":\"Nordre Follo\"}',1);
INSERT INTO `__PREFIX__subadmin2` (`code`, `country_code`, `subadmin1_code`, `name`, `active`) VALUES ('NO.30.3040','NO','NO.30','{\"en\":\"Nesbyen\"}',1);
INSERT INTO `__PREFIX__subadmin2` (`code`, `country_code`, `subadmin1_code`, `name`, `active`) VALUES ('NO.46.4631','NO','NO.46','{\"en\":\"Alver\"}',1);
INSERT INTO `__PREFIX__subadmin2` (`code`, `country_code`, `subadmin1_code`, `name`, `active`) VALUES ('NO.08.1579','NO','NO.08','{\"en\":\"Hustadvika\"}',1);
/*!40000 ALTER TABLE `__PREFIX__subadmin2` ENABLE KEYS */;

--
-- Dumping data for table `__PREFIX__cities`
--

/*!40000 ALTER TABLE `__PREFIX__cities` DISABLE KEYS */;
INSERT INTO `__PREFIX__cities` (`country_code`, `name`, `longitude`, `latitude`, `feature_class`, `feature_code`, `subadmin1_code`, `subadmin2_code`, `population`, `time_zone`, `active`, `created_at`, `updated_at`) VALUES ('NO','{\"en\":\"Vadsø\"}',29.75,70.07,'P','PPLA','NO.54','NO.54.5405',5139,'Europe/Oslo',1,'2019-12-11 23:00:00','2019-12-11 23:00:00');
INSERT INTO `__PREFIX__cities` (`country_code`, `name`, `longitude`, `latitude`, `feature_class`, `feature_code`, `subadmin1_code`, `subadmin2_code`, `population`, `time_zone`, `active`, `created_at`, `updated_at`) VALUES ('NO','{\"en\":\"Hammerfest\"}',23.68,70.66,'P','PPLA2','NO.54','NO.54.5406',6788,'Europe/Oslo',1,'2020-04-05 23:00:00','2020-04-05 23:00:00');
INSERT INTO `__PREFIX__cities` (`country_code`, `name`, `longitude`, `latitude`, `feature_class`, `feature_code`, `subadmin1_code`, `subadmin2_code`, `population`, `time_zone`, `active`, `created_at`, `updated_at`) VALUES ('NO','{\"en\":\"Alta\"}',23.27,69.97,'P','PPLA2','NO.54','NO.54.5403',12077,'Europe/Oslo',1,'2019-12-11 23:00:00','2019-12-11 23:00:00');
INSERT INTO `__PREFIX__cities` (`country_code`, `name`, `longitude`, `latitude`, `feature_class`, `feature_code`, `subadmin1_code`, `subadmin2_code`, `population`, `time_zone`, `active`, `created_at`, `updated_at`) VALUES ('NO','{\"en\":\"Voss\"}',6.41,60.63,'P','PPLA2','NO.46','NO.46.4621',5571,'Europe/Oslo',1,'2019-12-11 23:00:00','2019-12-11 23:00:00');
INSERT INTO `__PREFIX__cities` (`country_code`, `name`, `longitude`, `latitude`, `feature_class`, `feature_code`, `subadmin1_code`, `subadmin2_code`, `population`, `time_zone`, `active`, `created_at`, `updated_at`) VALUES ('NO','{\"en\":\"Volda\"}',6.07,62.15,'P','PPLA2','NO.08','NO.08.1577',5376,'Europe/Oslo',1,'2019-12-11 23:00:00','2019-12-11 23:00:00');
INSERT INTO `__PREFIX__cities` (`country_code`, `name`, `longitude`, `latitude`, `feature_class`, `feature_code`, `subadmin1_code`, `subadmin2_code`, `population`, `time_zone`, `active`, `created_at`, `updated_at`) VALUES ('NO','{\"en\":\"Vestby\"}',10.75,59.61,'P','PPLA2','NO.30','NO.30.3019',5330,'Europe/Oslo',1,'2019-12-11 23:00:00','2019-12-11 23:00:00');
INSERT INTO `__PREFIX__cities` (`country_code`, `name`, `longitude`, `latitude`, `feature_class`, `feature_code`, `subadmin1_code`, `subadmin2_code`, `population`, `time_zone`, `active`, `created_at`, `updated_at`) VALUES ('NO','{\"en\":\"Verdal\"}',11.48,63.79,'P','PPLA2','NO.21','NO.21.5038',7154,'Europe/Oslo',1,'2018-05-07 23:00:00','2018-05-07 23:00:00');
INSERT INTO `__PREFIX__cities` (`country_code`, `name`, `longitude`, `latitude`, `feature_class`, `feature_code`, `subadmin1_code`, `subadmin2_code`, `population`, `time_zone`, `active`, `created_at`, `updated_at`) VALUES ('NO','{\"en\":\"Vennesla\"}',7.97,58.27,'P','PPLA2','NO.42','NO.42.4223',10931,'Europe/Oslo',1,'2019-12-11 23:00:00','2019-12-11 23:00:00');
INSERT INTO `__PREFIX__cities` (`country_code`, `name`, `longitude`, `latitude`, `feature_class`, `feature_code`, `subadmin1_code`, `subadmin2_code`, `population`, `time_zone`, `active`, `created_at`, `updated_at`) VALUES ('NO','{\"en\":\"Ulsteinvik\"}',5.85,62.34,'P','PPLA2','NO.08','NO.08.1516',5103,'Europe/Oslo',1,'2010-12-06 23:00:00','2010-12-06 23:00:00');
INSERT INTO `__PREFIX__cities` (`country_code`, `name`, `longitude`, `latitude`, `feature_class`, `feature_code`, `subadmin1_code`, `subadmin2_code`, `population`, `time_zone`, `active`, `created_at`, `updated_at`) VALUES ('NO','{\"en\":\"Trondheim\"}',10.40,63.43,'P','PPLA2','NO.21','NO.21.5001',147139,'Europe/Oslo',1,'2021-02-26 23:00:00','2021-02-26 23:00:00');
INSERT INTO `__PREFIX__cities` (`country_code`, `name`, `longitude`, `latitude`, `feature_class`, `feature_code`, `subadmin1_code`, `subadmin2_code`, `population`, `time_zone`, `active`, `created_at`, `updated_at`) VALUES ('NO','{\"en\":\"Tromsø\"}',18.96,69.65,'P','PPLA','NO.54','NO.54.5401',52436,'Europe/Oslo',1,'2019-12-11 23:00:00','2019-12-11 23:00:00');
INSERT INTO `__PREFIX__cities` (`country_code`, `name`, `longitude`, `latitude`, `feature_class`, `feature_code`, `subadmin1_code`, `subadmin2_code`, `population`, `time_zone`, `active`, `created_at`, `updated_at`) VALUES ('NO','{\"en\":\"Tranby\"}',10.26,59.81,'P','PPL','NO.30','NO.30.3049',5552,'Europe/Oslo',1,'2019-12-11 23:00:00','2019-12-11 23:00:00');
INSERT INTO `__PREFIX__cities` (`country_code`, `name`, `longitude`, `latitude`, `feature_class`, `feature_code`, `subadmin1_code`, `subadmin2_code`, `population`, `time_zone`, `active`, `created_at`, `updated_at`) VALUES ('NO','{\"en\":\"Tønsberg\"}',10.41,59.27,'P','PPLA','NO.38','NO.38.3803',38914,'Europe/Oslo',1,'2020-04-03 23:00:00','2020-04-03 23:00:00');
INSERT INTO `__PREFIX__cities` (`country_code`, `name`, `longitude`, `latitude`, `feature_class`, `feature_code`, `subadmin1_code`, `subadmin2_code`, `population`, `time_zone`, `active`, `created_at`, `updated_at`) VALUES ('NO','{\"en\":\"Tananger\"}',5.57,58.94,'P','PPL','NO.14','NO.14.1124',5817,'Europe/Oslo',1,'2013-05-23 23:00:00','2013-05-23 23:00:00');
INSERT INTO `__PREFIX__cities` (`country_code`, `name`, `longitude`, `latitude`, `feature_class`, `feature_code`, `subadmin1_code`, `subadmin2_code`, `population`, `time_zone`, `active`, `created_at`, `updated_at`) VALUES ('NO','{\"en\":\"Stjørdalshalsen\"}',10.93,63.47,'P','PPL','NO.21','NO.21.5035',11416,'Europe/Oslo',1,'2018-05-07 23:00:00','2018-05-07 23:00:00');
INSERT INTO `__PREFIX__cities` (`country_code`, `name`, `longitude`, `latitude`, `feature_class`, `feature_code`, `subadmin1_code`, `subadmin2_code`, `population`, `time_zone`, `active`, `created_at`, `updated_at`) VALUES ('NO','{\"en\":\"Steinkjer\"}',11.50,64.01,'P','PPLA','NO.21','NO.21.5006',20000,'Europe/Oslo',1,'2019-12-11 23:00:00','2019-12-11 23:00:00');
INSERT INTO `__PREFIX__cities` (`country_code`, `name`, `longitude`, `latitude`, `feature_class`, `feature_code`, `subadmin1_code`, `subadmin2_code`, `population`, `time_zone`, `active`, `created_at`, `updated_at`) VALUES ('NO','{\"en\":\"Stavern\"}',10.03,59.00,'P','PPL','NO.38','NO.38.3805',5593,'Europe/Oslo',1,'2019-12-11 23:00:00','2019-12-11 23:00:00');
INSERT INTO `__PREFIX__cities` (`country_code`, `name`, `longitude`, `latitude`, `feature_class`, `feature_code`, `subadmin1_code`, `subadmin2_code`, `population`, `time_zone`, `active`, `created_at`, `updated_at`) VALUES ('NO','{\"en\":\"Stavanger\"}',5.73,58.97,'P','PPLA','NO.14','NO.14.1103',121610,'Europe/Oslo',1,'2018-03-14 23:00:00','2018-03-14 23:00:00');
INSERT INTO `__PREFIX__cities` (`country_code`, `name`, `longitude`, `latitude`, `feature_class`, `feature_code`, `subadmin1_code`, `subadmin2_code`, `population`, `time_zone`, `active`, `created_at`, `updated_at`) VALUES ('NO','{\"en\":\"Søgne\"}',7.78,58.09,'P','PPL','NO.42','NO.42.4204',9000,'Europe/Oslo',1,'2019-12-11 23:00:00','2019-12-11 23:00:00');
INSERT INTO `__PREFIX__cities` (`country_code`, `name`, `longitude`, `latitude`, `feature_class`, `feature_code`, `subadmin1_code`, `subadmin2_code`, `population`, `time_zone`, `active`, `created_at`, `updated_at`) VALUES ('NO','{\"en\":\"Skien\"}',9.61,59.21,'P','PPLA','NO.38','NO.38.3807',50595,'Europe/Oslo',1,'2019-12-11 23:00:00','2019-12-11 23:00:00');
INSERT INTO `__PREFIX__cities` (`country_code`, `name`, `longitude`, `latitude`, `feature_class`, `feature_code`, `subadmin1_code`, `subadmin2_code`, `population`, `time_zone`, `active`, `created_at`, `updated_at`) VALUES ('NO','{\"en\":\"Ski\"}',10.84,59.72,'P','PPLA2','NO.30','NO.30.3020',12513,'Europe/Oslo',1,'2019-12-11 23:00:00','2019-12-11 23:00:00');
INSERT INTO `__PREFIX__cities` (`country_code`, `name`, `longitude`, `latitude`, `feature_class`, `feature_code`, `subadmin1_code`, `subadmin2_code`, `population`, `time_zone`, `active`, `created_at`, `updated_at`) VALUES ('NO','{\"en\":\"Sarpsborg\"}',11.11,59.28,'P','PPLA','NO.30','NO.30.3003',52159,'Europe/Oslo',1,'2019-12-11 23:00:00','2019-12-11 23:00:00');
INSERT INTO `__PREFIX__cities` (`country_code`, `name`, `longitude`, `latitude`, `feature_class`, `feature_code`, `subadmin1_code`, `subadmin2_code`, `population`, `time_zone`, `active`, `created_at`, `updated_at`) VALUES ('NO','{\"en\":\"Sandnessjøen\"}',12.63,66.02,'P','PPLA2','NO.09','NO.09.1820',5778,'Europe/Oslo',1,'2015-10-24 23:00:00','2015-10-24 23:00:00');
INSERT INTO `__PREFIX__cities` (`country_code`, `name`, `longitude`, `latitude`, `feature_class`, `feature_code`, `subadmin1_code`, `subadmin2_code`, `population`, `time_zone`, `active`, `created_at`, `updated_at`) VALUES ('NO','{\"en\":\"Sandnes\"}',5.74,58.85,'P','PPLA2','NO.14','NO.14.1108',63032,'Europe/Oslo',1,'2019-12-11 23:00:00','2019-12-11 23:00:00');
INSERT INTO `__PREFIX__cities` (`country_code`, `name`, `longitude`, `latitude`, `feature_class`, `feature_code`, `subadmin1_code`, `subadmin2_code`, `population`, `time_zone`, `active`, `created_at`, `updated_at`) VALUES ('NO','{\"en\":\"Sandefjord\"}',10.22,59.13,'P','PPLA2','NO.38','NO.38.3804',42654,'Europe/Oslo',1,'2019-12-11 23:00:00','2019-12-11 23:00:00');
INSERT INTO `__PREFIX__cities` (`country_code`, `name`, `longitude`, `latitude`, `feature_class`, `feature_code`, `subadmin1_code`, `subadmin2_code`, `population`, `time_zone`, `active`, `created_at`, `updated_at`) VALUES ('NO','{\"en\":\"Sæveland\"}',5.20,59.27,'P','PPL','NO.14','NO.14.1149',7736,'Europe/Oslo',1,'2020-06-10 23:00:00','2020-06-10 23:00:00');
INSERT INTO `__PREFIX__cities` (`country_code`, `name`, `longitude`, `latitude`, `feature_class`, `feature_code`, `subadmin1_code`, `subadmin2_code`, `population`, `time_zone`, `active`, `created_at`, `updated_at`) VALUES ('NO','{\"en\":\"Raufoss\"}',10.61,60.73,'P','PPLA2','NO.34','NO.34.3443',6052,'Europe/Oslo',1,'2019-12-11 23:00:00','2019-12-11 23:00:00');
INSERT INTO `__PREFIX__cities` (`country_code`, `name`, `longitude`, `latitude`, `feature_class`, `feature_code`, `subadmin1_code`, `subadmin2_code`, `population`, `time_zone`, `active`, `created_at`, `updated_at`) VALUES ('NO','{\"en\":\"Råholt\"}',11.18,60.28,'P','PPL','NO.30','NO.30.3035',8593,'Europe/Oslo',1,'2019-12-11 23:00:00','2019-12-11 23:00:00');
INSERT INTO `__PREFIX__cities` (`country_code`, `name`, `longitude`, `latitude`, `feature_class`, `feature_code`, `subadmin1_code`, `subadmin2_code`, `population`, `time_zone`, `active`, `created_at`, `updated_at`) VALUES ('NO','{\"en\":\"Porsgrunn\"}',9.66,59.14,'P','PPLA2','NO.38','NO.38.3806',34377,'Europe/Oslo',1,'2019-12-11 23:00:00','2019-12-11 23:00:00');
INSERT INTO `__PREFIX__cities` (`country_code`, `name`, `longitude`, `latitude`, `feature_class`, `feature_code`, `subadmin1_code`, `subadmin2_code`, `population`, `time_zone`, `active`, `created_at`, `updated_at`) VALUES ('NO','{\"en\":\"Oslo\"}',10.75,59.91,'P','PPLC','NO.12','NO.12.0301',580000,'Europe/Oslo',1,'2020-07-23 23:00:00','2020-07-23 23:00:00');
INSERT INTO `__PREFIX__cities` (`country_code`, `name`, `longitude`, `latitude`, `feature_class`, `feature_code`, `subadmin1_code`, `subadmin2_code`, `population`, `time_zone`, `active`, `created_at`, `updated_at`) VALUES ('NO','{\"en\":\"Oppdal\"}',9.69,62.59,'P','PPLA2','NO.21','NO.21.5021',6976,'Europe/Oslo',1,'2019-07-29 23:00:00','2019-07-29 23:00:00');
INSERT INTO `__PREFIX__cities` (`country_code`, `name`, `longitude`, `latitude`, `feature_class`, `feature_code`, `subadmin1_code`, `subadmin2_code`, `population`, `time_zone`, `active`, `created_at`, `updated_at`) VALUES ('NO','{\"en\":\"Odda\"}',6.55,60.07,'P','PPLA2','NO.46','NO.46.4618',5359,'Europe/Oslo',1,'2019-12-11 23:00:00','2019-12-11 23:00:00');
INSERT INTO `__PREFIX__cities` (`country_code`, `name`, `longitude`, `latitude`, `feature_class`, `feature_code`, `subadmin1_code`, `subadmin2_code`, `population`, `time_zone`, `active`, `created_at`, `updated_at`) VALUES ('NO','{\"en\":\"Notodden\"}',9.26,59.56,'P','PPLA2','NO.38','NO.38.3808',8306,'Europe/Oslo',1,'2019-12-11 23:00:00','2019-12-11 23:00:00');
INSERT INTO `__PREFIX__cities` (`country_code`, `name`, `longitude`, `latitude`, `feature_class`, `feature_code`, `subadmin1_code`, `subadmin2_code`, `population`, `time_zone`, `active`, `created_at`, `updated_at`) VALUES ('NO','{\"en\":\"Narvik\"}',17.43,68.44,'P','PPLA2','NO.09','NO.09.1806',14114,'Europe/Oslo',1,'2019-12-11 23:00:00','2019-12-11 23:00:00');
INSERT INTO `__PREFIX__cities` (`country_code`, `name`, `longitude`, `latitude`, `feature_class`, `feature_code`, `subadmin1_code`, `subadmin2_code`, `population`, `time_zone`, `active`, `created_at`, `updated_at`) VALUES ('NO','{\"en\":\"Namsos\"}',11.50,64.47,'P','PPLA2','NO.21','NO.21.5007',9035,'Europe/Oslo',1,'2019-12-11 23:00:00','2019-12-11 23:00:00');
INSERT INTO `__PREFIX__cities` (`country_code`, `name`, `longitude`, `latitude`, `feature_class`, `feature_code`, `subadmin1_code`, `subadmin2_code`, `population`, `time_zone`, `active`, `created_at`, `updated_at`) VALUES ('NO','{\"en\":\"Mysen\"}',11.33,59.55,'P','PPLA2','NO.30','NO.30.3014',5516,'Europe/Oslo',1,'2019-12-11 23:00:00','2019-12-11 23:00:00');
INSERT INTO `__PREFIX__cities` (`country_code`, `name`, `longitude`, `latitude`, `feature_class`, `feature_code`, `subadmin1_code`, `subadmin2_code`, `population`, `time_zone`, `active`, `created_at`, `updated_at`) VALUES ('NO','{\"en\":\"Moss\"}',10.66,59.43,'P','PPLA2','NO.30','NO.30.3002',34492,'Europe/Oslo',1,'2019-12-11 23:00:00','2019-12-11 23:00:00');
INSERT INTO `__PREFIX__cities` (`country_code`, `name`, `longitude`, `latitude`, `feature_class`, `feature_code`, `subadmin1_code`, `subadmin2_code`, `population`, `time_zone`, `active`, `created_at`, `updated_at`) VALUES ('NO','{\"en\":\"Mosjøen\"}',13.19,65.84,'P','PPLA2','NO.09','NO.09.1824',9636,'Europe/Oslo',1,'2015-11-21 23:00:00','2015-11-21 23:00:00');
INSERT INTO `__PREFIX__cities` (`country_code`, `name`, `longitude`, `latitude`, `feature_class`, `feature_code`, `subadmin1_code`, `subadmin2_code`, `population`, `time_zone`, `active`, `created_at`, `updated_at`) VALUES ('NO','{\"en\":\"Molde\"}',7.16,62.74,'P','PPLA','NO.08','NO.08.1506',18594,'Europe/Oslo',1,'2019-12-11 23:00:00','2019-12-11 23:00:00');
INSERT INTO `__PREFIX__cities` (`country_code`, `name`, `longitude`, `latitude`, `feature_class`, `feature_code`, `subadmin1_code`, `subadmin2_code`, `population`, `time_zone`, `active`, `created_at`, `updated_at`) VALUES ('NO','{\"en\":\"Mo i Rana\"}',14.14,66.31,'P','PPLA2','NO.09','NO.09.1833',17853,'Europe/Oslo',1,'2010-12-06 23:00:00','2010-12-06 23:00:00');
INSERT INTO `__PREFIX__cities` (`country_code`, `name`, `longitude`, `latitude`, `feature_class`, `feature_code`, `subadmin1_code`, `subadmin2_code`, `population`, `time_zone`, `active`, `created_at`, `updated_at`) VALUES ('NO','{\"en\":\"Mandal\"}',7.45,58.03,'P','PPLA2','NO.42','NO.42.4205',10143,'Europe/Oslo',1,'2019-12-11 23:00:00','2019-12-11 23:00:00');
INSERT INTO `__PREFIX__cities` (`country_code`, `name`, `longitude`, `latitude`, `feature_class`, `feature_code`, `subadmin1_code`, `subadmin2_code`, `population`, `time_zone`, `active`, `created_at`, `updated_at`) VALUES ('NO','{\"en\":\"Malvik\"}',10.68,63.43,'P','PPL','NO.21','NO.21.5031',6419,'Europe/Oslo',1,'2018-05-07 23:00:00','2018-05-07 23:00:00');
INSERT INTO `__PREFIX__cities` (`country_code`, `name`, `longitude`, `latitude`, `feature_class`, `feature_code`, `subadmin1_code`, `subadmin2_code`, `population`, `time_zone`, `active`, `created_at`, `updated_at`) VALUES ('NO','{\"en\":\"Lillestrøm\"}',11.05,59.96,'P','PPLA2','NO.30','NO.30.3030',14000,'Europe/Oslo',1,'2019-12-11 23:00:00','2019-12-11 23:00:00');
INSERT INTO `__PREFIX__cities` (`country_code`, `name`, `longitude`, `latitude`, `feature_class`, `feature_code`, `subadmin1_code`, `subadmin2_code`, `population`, `time_zone`, `active`, `created_at`, `updated_at`) VALUES ('NO','{\"en\":\"Lillesand\"}',8.38,58.25,'P','PPLA2','NO.42','NO.42.4215',6081,'Europe/Oslo',1,'2019-12-11 23:00:00','2019-12-11 23:00:00');
INSERT INTO `__PREFIX__cities` (`country_code`, `name`, `longitude`, `latitude`, `feature_class`, `feature_code`, `subadmin1_code`, `subadmin2_code`, `population`, `time_zone`, `active`, `created_at`, `updated_at`) VALUES ('NO','{\"en\":\"Lillehammer\"}',10.47,61.12,'P','PPLA','NO.34','NO.34.3405',19096,'Europe/Oslo',1,'2019-12-11 23:00:00','2019-12-11 23:00:00');
INSERT INTO `__PREFIX__cities` (`country_code`, `name`, `longitude`, `latitude`, `feature_class`, `feature_code`, `subadmin1_code`, `subadmin2_code`, `population`, `time_zone`, `active`, `created_at`, `updated_at`) VALUES ('NO','{\"en\":\"Levanger\"}',11.30,63.75,'P','PPLA2','NO.21','NO.21.5037',8411,'Europe/Oslo',1,'2018-05-07 23:00:00','2018-05-07 23:00:00');
INSERT INTO `__PREFIX__cities` (`country_code`, `name`, `longitude`, `latitude`, `feature_class`, `feature_code`, `subadmin1_code`, `subadmin2_code`, `population`, `time_zone`, `active`, `created_at`, `updated_at`) VALUES ('NO','{\"en\":\"Leirvik\"}',5.50,59.78,'P','PPLA2','NO.46','NO.46.4614',11028,'Europe/Oslo',1,'2019-12-11 23:00:00','2019-12-11 23:00:00');
INSERT INTO `__PREFIX__cities` (`country_code`, `name`, `longitude`, `latitude`, `feature_class`, `feature_code`, `subadmin1_code`, `subadmin2_code`, `population`, `time_zone`, `active`, `created_at`, `updated_at`) VALUES ('NO','{\"en\":\"Larvik\"}',10.04,59.05,'P','PPLA2','NO.38','NO.38.3805',23113,'Europe/Oslo',1,'2019-12-11 23:00:00','2019-12-11 23:00:00');
INSERT INTO `__PREFIX__cities` (`country_code`, `name`, `longitude`, `latitude`, `feature_class`, `feature_code`, `subadmin1_code`, `subadmin2_code`, `population`, `time_zone`, `active`, `created_at`, `updated_at`) VALUES ('NO','{\"en\":\"Kristiansund\"}',7.73,63.11,'P','PPLA2','NO.08','NO.08.1505',16785,'Europe/Oslo',1,'2017-04-26 23:00:00','2017-04-26 23:00:00');
INSERT INTO `__PREFIX__cities` (`country_code`, `name`, `longitude`, `latitude`, `feature_class`, `feature_code`, `subadmin1_code`, `subadmin2_code`, `population`, `time_zone`, `active`, `created_at`, `updated_at`) VALUES ('NO','{\"en\":\"Kristiansand\"}',8.00,58.15,'P','PPLA','NO.42','NO.42.4204',63814,'Europe/Oslo',1,'2020-06-08 23:00:00','2020-06-08 23:00:00');
INSERT INTO `__PREFIX__cities` (`country_code`, `name`, `longitude`, `latitude`, `feature_class`, `feature_code`, `subadmin1_code`, `subadmin2_code`, `population`, `time_zone`, `active`, `created_at`, `updated_at`) VALUES ('NO','{\"en\":\"Kragerø\"}',9.41,58.87,'P','PPLA2','NO.38','NO.38.3814',5158,'Europe/Oslo',1,'2019-12-11 23:00:00','2019-12-11 23:00:00');
INSERT INTO `__PREFIX__cities` (`country_code`, `name`, `longitude`, `latitude`, `feature_class`, `feature_code`, `subadmin1_code`, `subadmin2_code`, `population`, `time_zone`, `active`, `created_at`, `updated_at`) VALUES ('NO','{\"en\":\"Kopervik\"}',5.31,59.28,'P','PPLA2','NO.14','NO.14.1149',6507,'Europe/Oslo',1,'2010-12-06 23:00:00','2010-12-06 23:00:00');
INSERT INTO `__PREFIX__cities` (`country_code`, `name`, `longitude`, `latitude`, `feature_class`, `feature_code`, `subadmin1_code`, `subadmin2_code`, `population`, `time_zone`, `active`, `created_at`, `updated_at`) VALUES ('NO','{\"en\":\"Kongsvinger\"}',12.00,60.19,'P','PPLA2','NO.34','NO.34.3401',11181,'Europe/Oslo',1,'2019-12-11 23:00:00','2019-12-11 23:00:00');
INSERT INTO `__PREFIX__cities` (`country_code`, `name`, `longitude`, `latitude`, `feature_class`, `feature_code`, `subadmin1_code`, `subadmin2_code`, `population`, `time_zone`, `active`, `created_at`, `updated_at`) VALUES ('NO','{\"en\":\"Kongsberg\"}',9.65,59.67,'P','PPLA2','NO.30','NO.30.3006',17667,'Europe/Oslo',1,'2019-12-11 23:00:00','2019-12-11 23:00:00');
INSERT INTO `__PREFIX__cities` (`country_code`, `name`, `longitude`, `latitude`, `feature_class`, `feature_code`, `subadmin1_code`, `subadmin2_code`, `population`, `time_zone`, `active`, `created_at`, `updated_at`) VALUES ('NO','{\"en\":\"Kløfta\"}',11.14,60.07,'P','PPL','NO.30','NO.30.3033',5942,'Europe/Oslo',1,'2019-12-11 23:00:00','2019-12-11 23:00:00');
INSERT INTO `__PREFIX__cities` (`country_code`, `name`, `longitude`, `latitude`, `feature_class`, `feature_code`, `subadmin1_code`, `subadmin2_code`, `population`, `time_zone`, `active`, `created_at`, `updated_at`) VALUES ('NO','{\"en\":\"Jørpeland\"}',6.04,59.02,'P','PPLA2','NO.14','NO.14.1130',5537,'Europe/Oslo',1,'2010-12-06 23:00:00','2010-12-06 23:00:00');
INSERT INTO `__PREFIX__cities` (`country_code`, `name`, `longitude`, `latitude`, `feature_class`, `feature_code`, `subadmin1_code`, `subadmin2_code`, `population`, `time_zone`, `active`, `created_at`, `updated_at`) VALUES ('NO','{\"en\":\"Jessheim\"}',11.18,60.14,'P','PPLA2','NO.30','NO.30.3033',12365,'Europe/Oslo',1,'2019-12-11 23:00:00','2019-12-11 23:00:00');
INSERT INTO `__PREFIX__cities` (`country_code`, `name`, `longitude`, `latitude`, `feature_class`, `feature_code`, `subadmin1_code`, `subadmin2_code`, `population`, `time_zone`, `active`, `created_at`, `updated_at`) VALUES ('NO','{\"en\":\"Horten\"}',10.48,59.42,'P','PPLA2','NO.38','NO.38.3801',17660,'Europe/Oslo',1,'2019-12-11 23:00:00','2019-12-11 23:00:00');
INSERT INTO `__PREFIX__cities` (`country_code`, `name`, `longitude`, `latitude`, `feature_class`, `feature_code`, `subadmin1_code`, `subadmin2_code`, `population`, `time_zone`, `active`, `created_at`, `updated_at`) VALUES ('NO','{\"en\":\"Hønefoss\"}',10.26,60.17,'P','PPLA2','NO.30','NO.30.3007',13678,'Europe/Oslo',1,'2019-12-11 23:00:00','2019-12-11 23:00:00');
INSERT INTO `__PREFIX__cities` (`country_code`, `name`, `longitude`, `latitude`, `feature_class`, `feature_code`, `subadmin1_code`, `subadmin2_code`, `population`, `time_zone`, `active`, `created_at`, `updated_at`) VALUES ('NO','{\"en\":\"Holmestrand\"}',10.32,59.49,'P','PPLA2','NO.38','NO.38.3802',6135,'Europe/Oslo',1,'2019-12-11 23:00:00','2019-12-11 23:00:00');
INSERT INTO `__PREFIX__cities` (`country_code`, `name`, `longitude`, `latitude`, `feature_class`, `feature_code`, `subadmin1_code`, `subadmin2_code`, `population`, `time_zone`, `active`, `created_at`, `updated_at`) VALUES ('NO','{\"en\":\"Hermansverk\"}',6.85,61.18,'P','PPLA','NO.46','NO.46.4640',2000,'Europe/Oslo',1,'2019-12-11 23:00:00','2019-12-11 23:00:00');
INSERT INTO `__PREFIX__cities` (`country_code`, `name`, `longitude`, `latitude`, `feature_class`, `feature_code`, `subadmin1_code`, `subadmin2_code`, `population`, `time_zone`, `active`, `created_at`, `updated_at`) VALUES ('NO','{\"en\":\"Haugesund\"}',5.27,59.41,'P','PPLA2','NO.14','NO.14.1106',40321,'Europe/Oslo',1,'2012-02-29 23:00:00','2012-02-29 23:00:00');
INSERT INTO `__PREFIX__cities` (`country_code`, `name`, `longitude`, `latitude`, `feature_class`, `feature_code`, `subadmin1_code`, `subadmin2_code`, `population`, `time_zone`, `active`, `created_at`, `updated_at`) VALUES ('NO','{\"en\":\"Harstad\"}',16.54,68.80,'P','PPLA2','NO.54','NO.54.5402',19433,'Europe/Oslo',1,'2019-12-11 23:00:00','2019-12-11 23:00:00');
INSERT INTO `__PREFIX__cities` (`country_code`, `name`, `longitude`, `latitude`, `feature_class`, `feature_code`, `subadmin1_code`, `subadmin2_code`, `population`, `time_zone`, `active`, `created_at`, `updated_at`) VALUES ('NO','{\"en\":\"Hamar\"}',11.07,60.79,'P','PPLA','NO.34','NO.34.3403',29479,'Europe/Oslo',1,'2021-03-08 23:00:00','2021-03-08 23:00:00');
INSERT INTO `__PREFIX__cities` (`country_code`, `name`, `longitude`, `latitude`, `feature_class`, `feature_code`, `subadmin1_code`, `subadmin2_code`, `population`, `time_zone`, `active`, `created_at`, `updated_at`) VALUES ('NO','{\"en\":\"Halden\"}',11.39,59.12,'P','PPLA2','NO.30','NO.30.3001',21970,'Europe/Oslo',1,'2019-12-11 23:00:00','2019-12-11 23:00:00');
INSERT INTO `__PREFIX__cities` (`country_code`, `name`, `longitude`, `latitude`, `feature_class`, `feature_code`, `subadmin1_code`, `subadmin2_code`, `population`, `time_zone`, `active`, `created_at`, `updated_at`) VALUES ('NO','{\"en\":\"Grimstad\"}',8.59,58.34,'P','PPLA2','NO.42','NO.42.4202',9561,'Europe/Oslo',1,'2019-12-11 23:00:00','2019-12-11 23:00:00');
INSERT INTO `__PREFIX__cities` (`country_code`, `name`, `longitude`, `latitude`, `feature_class`, `feature_code`, `subadmin1_code`, `subadmin2_code`, `population`, `time_zone`, `active`, `created_at`, `updated_at`) VALUES ('NO','{\"en\":\"Gjøvik\"}',10.69,60.80,'P','PPLA2','NO.34','NO.34.3407',17596,'Europe/Oslo',1,'2019-12-11 23:00:00','2019-12-11 23:00:00');
INSERT INTO `__PREFIX__cities` (`country_code`, `name`, `longitude`, `latitude`, `feature_class`, `feature_code`, `subadmin1_code`, `subadmin2_code`, `population`, `time_zone`, `active`, `created_at`, `updated_at`) VALUES ('NO','{\"en\":\"Fredrikstad\"}',10.93,59.22,'P','PPLA2','NO.30','NO.30.3004',72760,'Europe/Oslo',1,'2019-12-11 23:00:00','2019-12-11 23:00:00');
INSERT INTO `__PREFIX__cities` (`country_code`, `name`, `longitude`, `latitude`, `feature_class`, `feature_code`, `subadmin1_code`, `subadmin2_code`, `population`, `time_zone`, `active`, `created_at`, `updated_at`) VALUES ('NO','{\"en\":\"Førde\"}',5.86,61.45,'P','PPLA2','NO.46','NO.46.4647',8510,'Europe/Oslo',1,'2019-12-11 23:00:00','2019-12-11 23:00:00');
INSERT INTO `__PREFIX__cities` (`country_code`, `name`, `longitude`, `latitude`, `feature_class`, `feature_code`, `subadmin1_code`, `subadmin2_code`, `population`, `time_zone`, `active`, `created_at`, `updated_at`) VALUES ('NO','{\"en\":\"Florø\"}',5.03,61.60,'P','PPLA2','NO.46','NO.46.4602',8230,'Europe/Oslo',1,'2019-12-11 23:00:00','2019-12-11 23:00:00');
INSERT INTO `__PREFIX__cities` (`country_code`, `name`, `longitude`, `latitude`, `feature_class`, `feature_code`, `subadmin1_code`, `subadmin2_code`, `population`, `time_zone`, `active`, `created_at`, `updated_at`) VALUES ('NO','{\"en\":\"Flekkefjord\"}',6.66,58.30,'P','PPLA2','NO.42','NO.42.4207',5615,'Europe/Oslo',1,'2019-12-11 23:00:00','2019-12-11 23:00:00');
INSERT INTO `__PREFIX__cities` (`country_code`, `name`, `longitude`, `latitude`, `feature_class`, `feature_code`, `subadmin1_code`, `subadmin2_code`, `population`, `time_zone`, `active`, `created_at`, `updated_at`) VALUES ('NO','{\"en\":\"Fetsund\"}',11.16,59.92,'P','PPLA2','NO.30','NO.30.3030',6441,'Europe/Oslo',1,'2019-12-11 23:00:00','2019-12-11 23:00:00');
INSERT INTO `__PREFIX__cities` (`country_code`, `name`, `longitude`, `latitude`, `feature_class`, `feature_code`, `subadmin1_code`, `subadmin2_code`, `population`, `time_zone`, `active`, `created_at`, `updated_at`) VALUES ('NO','{\"en\":\"Fauske\"}',15.39,67.26,'P','PPLA2','NO.09','NO.09.1841',5953,'Europe/Oslo',1,'2010-12-06 23:00:00','2010-12-06 23:00:00');
INSERT INTO `__PREFIX__cities` (`country_code`, `name`, `longitude`, `latitude`, `feature_class`, `feature_code`, `subadmin1_code`, `subadmin2_code`, `population`, `time_zone`, `active`, `created_at`, `updated_at`) VALUES ('NO','{\"en\":\"Elverum\"}',11.56,60.88,'P','PPLA2','NO.34','NO.34.3420',12490,'Europe/Oslo',1,'2019-12-11 23:00:00','2019-12-11 23:00:00');
INSERT INTO `__PREFIX__cities` (`country_code`, `name`, `longitude`, `latitude`, `feature_class`, `feature_code`, `subadmin1_code`, `subadmin2_code`, `population`, `time_zone`, `active`, `created_at`, `updated_at`) VALUES ('NO','{\"en\":\"Egersund\"}',6.00,58.45,'P','PPLA2','NO.14','NO.14.1101',9502,'Europe/Oslo',1,'2010-12-06 23:00:00','2010-12-06 23:00:00');
INSERT INTO `__PREFIX__cities` (`country_code`, `name`, `longitude`, `latitude`, `feature_class`, `feature_code`, `subadmin1_code`, `subadmin2_code`, `population`, `time_zone`, `active`, `created_at`, `updated_at`) VALUES ('NO','{\"en\":\"Drøbak\"}',10.63,59.66,'P','PPLA2','NO.30','NO.30.3022',11363,'Europe/Oslo',1,'2019-12-11 23:00:00','2019-12-11 23:00:00');
INSERT INTO `__PREFIX__cities` (`country_code`, `name`, `longitude`, `latitude`, `feature_class`, `feature_code`, `subadmin1_code`, `subadmin2_code`, `population`, `time_zone`, `active`, `created_at`, `updated_at`) VALUES ('NO','{\"en\":\"Drammen\"}',10.20,59.74,'P','PPLA','NO.30','NO.30.3005',90722,'Europe/Oslo',1,'2019-12-11 23:00:00','2019-12-11 23:00:00');
INSERT INTO `__PREFIX__cities` (`country_code`, `name`, `longitude`, `latitude`, `feature_class`, `feature_code`, `subadmin1_code`, `subadmin2_code`, `population`, `time_zone`, `active`, `created_at`, `updated_at`) VALUES ('NO','{\"en\":\"Bryne\"}',5.65,58.74,'P','PPLA2','NO.14','NO.14.1121',8006,'Europe/Oslo',1,'2010-12-06 23:00:00','2010-12-06 23:00:00');
INSERT INTO `__PREFIX__cities` (`country_code`, `name`, `longitude`, `latitude`, `feature_class`, `feature_code`, `subadmin1_code`, `subadmin2_code`, `population`, `time_zone`, `active`, `created_at`, `updated_at`) VALUES ('NO','{\"en\":\"Brumunddal\"}',10.94,60.88,'P','PPLA2','NO.34','NO.34.3411',8441,'Europe/Oslo',1,'2019-12-11 23:00:00','2019-12-11 23:00:00');
INSERT INTO `__PREFIX__cities` (`country_code`, `name`, `longitude`, `latitude`, `feature_class`, `feature_code`, `subadmin1_code`, `subadmin2_code`, `population`, `time_zone`, `active`, `created_at`, `updated_at`) VALUES ('NO','{\"en\":\"Bodø\"}',14.41,67.28,'P','PPLA','NO.09','NO.09.1804',34073,'Europe/Oslo',1,'2019-09-04 23:00:00','2019-09-04 23:00:00');
INSERT INTO `__PREFIX__cities` (`country_code`, `name`, `longitude`, `latitude`, `feature_class`, `feature_code`, `subadmin1_code`, `subadmin2_code`, `population`, `time_zone`, `active`, `created_at`, `updated_at`) VALUES ('NO','{\"en\":\"Bergen\"}',5.32,60.39,'P','PPLA','NO.46','NO.46.4601',213585,'Europe/Oslo',1,'2021-07-29 23:00:00','2021-07-29 23:00:00');
INSERT INTO `__PREFIX__cities` (`country_code`, `name`, `longitude`, `latitude`, `feature_class`, `feature_code`, `subadmin1_code`, `subadmin2_code`, `population`, `time_zone`, `active`, `created_at`, `updated_at`) VALUES ('NO','{\"en\":\"Askim\"}',11.16,59.58,'P','PPLA2','NO.30','NO.30.3014',12482,'Europe/Oslo',1,'2019-12-11 23:00:00','2019-12-11 23:00:00');
INSERT INTO `__PREFIX__cities` (`country_code`, `name`, `longitude`, `latitude`, `feature_class`, `feature_code`, `subadmin1_code`, `subadmin2_code`, `population`, `time_zone`, `active`, `created_at`, `updated_at`) VALUES ('NO','{\"en\":\"Asker\"}',10.44,59.83,'P','PPLA2','NO.30','NO.30.3025',60926,'Europe/Oslo',1,'2019-12-11 23:00:00','2019-12-11 23:00:00');
INSERT INTO `__PREFIX__cities` (`country_code`, `name`, `longitude`, `latitude`, `feature_class`, `feature_code`, `subadmin1_code`, `subadmin2_code`, `population`, `time_zone`, `active`, `created_at`, `updated_at`) VALUES ('NO','{\"en\":\"Ås\"}',10.79,59.66,'P','PPLA2','NO.30','NO.30.3021',7961,'Europe/Oslo',1,'2019-12-11 23:00:00','2019-12-11 23:00:00');
INSERT INTO `__PREFIX__cities` (`country_code`, `name`, `longitude`, `latitude`, `feature_class`, `feature_code`, `subadmin1_code`, `subadmin2_code`, `population`, `time_zone`, `active`, `created_at`, `updated_at`) VALUES ('NO','{\"en\":\"Indre Arna\"}',5.47,60.42,'P','PPL','NO.46','NO.46.4601',6117,'Europe/Oslo',1,'2019-12-11 23:00:00','2019-12-11 23:00:00');
INSERT INTO `__PREFIX__cities` (`country_code`, `name`, `longitude`, `latitude`, `feature_class`, `feature_code`, `subadmin1_code`, `subadmin2_code`, `population`, `time_zone`, `active`, `created_at`, `updated_at`) VALUES ('NO','{\"en\":\"Arendal\"}',8.77,58.46,'P','PPLA','NO.42','NO.42.4203',30916,'Europe/Oslo',1,'2019-12-11 23:00:00','2019-12-11 23:00:00');
INSERT INTO `__PREFIX__cities` (`country_code`, `name`, `longitude`, `latitude`, `feature_class`, `feature_code`, `subadmin1_code`, `subadmin2_code`, `population`, `time_zone`, `active`, `created_at`, `updated_at`) VALUES ('NO','{\"en\":\"Ålesund\"}',6.15,62.47,'P','PPLA2','NO.08','NO.08.1507',44096,'Europe/Oslo',1,'2019-12-11 23:00:00','2019-12-11 23:00:00');
INSERT INTO `__PREFIX__cities` (`country_code`, `name`, `longitude`, `latitude`, `feature_class`, `feature_code`, `subadmin1_code`, `subadmin2_code`, `population`, `time_zone`, `active`, `created_at`, `updated_at`) VALUES ('NO','{\"en\":\"Åkrehamn\"}',5.19,59.26,'P','PPL','NO.14','NO.14.1149',5018,'Europe/Oslo',1,'2013-03-14 23:00:00','2013-03-14 23:00:00');
INSERT INTO `__PREFIX__cities` (`country_code`, `name`, `longitude`, `latitude`, `feature_class`, `feature_code`, `subadmin1_code`, `subadmin2_code`, `population`, `time_zone`, `active`, `created_at`, `updated_at`) VALUES ('NO','{\"en\":\"Hommersåk\"}',5.85,58.93,'P','PPLL','NO.14','NO.14.1108',5692,'Europe/Oslo',1,'2019-12-11 23:00:00','2019-12-11 23:00:00');
INSERT INTO `__PREFIX__cities` (`country_code`, `name`, `longitude`, `latitude`, `feature_class`, `feature_code`, `subadmin1_code`, `subadmin2_code`, `population`, `time_zone`, `active`, `created_at`, `updated_at`) VALUES ('NO','{\"en\":\"Nesoddtangen\"}',10.66,59.86,'P','PPLA2','NO.30','NO.30.3023',10911,'Europe/Oslo',1,'2019-12-11 23:00:00','2019-12-11 23:00:00');
INSERT INTO `__PREFIX__cities` (`country_code`, `name`, `longitude`, `latitude`, `feature_class`, `feature_code`, `subadmin1_code`, `subadmin2_code`, `population`, `time_zone`, `active`, `created_at`, `updated_at`) VALUES ('NO','{\"en\":\"Askøy\"}',5.18,60.40,'P','PPL','NO.46','NO.46.4627',17224,'Europe/Oslo',1,'2019-12-11 23:00:00','2019-12-11 23:00:00');
INSERT INTO `__PREFIX__cities` (`country_code`, `name`, `longitude`, `latitude`, `feature_class`, `feature_code`, `subadmin1_code`, `subadmin2_code`, `population`, `time_zone`, `active`, `created_at`, `updated_at`) VALUES ('NO','{\"en\":\"Ørsta\"}',6.13,62.20,'P','PPLA2','NO.08','NO.08.1520',6337,'Europe/Oslo',1,'2017-04-26 23:00:00','2017-04-26 23:00:00');
INSERT INTO `__PREFIX__cities` (`country_code`, `name`, `longitude`, `latitude`, `feature_class`, `feature_code`, `subadmin1_code`, `subadmin2_code`, `population`, `time_zone`, `active`, `created_at`, `updated_at`) VALUES ('NO','{\"en\":\"Ytrebygda\"}',5.28,60.31,'P','PPLX','NO.46','NO.46.4601',24044,'Europe/Oslo',1,'2019-12-11 23:00:00','2019-12-11 23:00:00');
INSERT INTO `__PREFIX__cities` (`country_code`, `name`, `longitude`, `latitude`, `feature_class`, `feature_code`, `subadmin1_code`, `subadmin2_code`, `population`, `time_zone`, `active`, `created_at`, `updated_at`) VALUES ('NO','{\"en\":\"Sogndal\"}',7.10,61.23,'P','PPL','NO.46','NO.46.4640',6700,'Europe/Oslo',1,'2019-12-11 23:00:00','2019-12-11 23:00:00');
/*!40000 ALTER TABLE `__PREFIX__cities` ENABLE KEYS */;
/*!40103 SET TIME_ZONE=@OLD_TIME_ZONE */;

/*!40101 SET SQL_MODE=@OLD_SQL_MODE */;
/*!40014 SET FOREIGN_KEY_CHECKS=@OLD_FOREIGN_KEY_CHECKS */;
/*!40014 SET UNIQUE_CHECKS=@OLD_UNIQUE_CHECKS */;
/*!40101 SET CHARACTER_SET_CLIENT=@OLD_CHARACTER_SET_CLIENT */;
/*!40101 SET CHARACTER_SET_RESULTS=@OLD_CHARACTER_SET_RESULTS */;
/*!40101 SET COLLATION_CONNECTION=@OLD_COLLATION_CONNECTION */;
/*!40111 SET SQL_NOTES=@OLD_SQL_NOTES */;

-- Dump completed
