-- MySQL dump 10.13  Distrib 5.7.34, for osx10.12 (x86_64)
--
-- Host: 127.0.0.1    Database: laraclassifier
-- ------------------------------------------------------
-- Server version	5.7.34

/*!40101 SET @OLD_CHARACTER_SET_CLIENT=@@CHARACTER_SET_CLIENT */;
/*!40101 SET @OLD_CHARACTER_SET_RESULTS=@@CHARACTER_SET_RESULTS */;
/*!40101 SET @OLD_COLLATION_CONNECTION=@@COLLATION_CONNECTION */;
/*!40101 SET NAMES utf8 */;
/*!40103 SET @OLD_TIME_ZONE=@@TIME_ZONE */;
/*!40103 SET TIME_ZONE='+00:00' */;
/*!40014 SET @OLD_UNIQUE_CHECKS=@@UNIQUE_CHECKS, UNIQUE_CHECKS=0 */;
/*!40014 SET @OLD_FOREIGN_KEY_CHECKS=@@FOREIGN_KEY_CHECKS, FOREIGN_KEY_CHECKS=0 */;
/*!40101 SET @OLD_SQL_MODE=@@SQL_MODE, SQL_MODE='NO_AUTO_VALUE_ON_ZERO' */;
/*!40111 SET @OLD_SQL_NOTES=@@SQL_NOTES, SQL_NOTES=0 */;

--
-- Dumping data for table `__PREFIX__subadmin1`
--

/*!40000 ALTER TABLE `__PREFIX__subadmin1` DISABLE KEYS */;
INSERT INTO `__PREFIX__subadmin1` (`code`, `country_code`, `name`, `active`) VALUES ('PE.25','PE','{\"en\":\"Ucayali\"}',1);
INSERT INTO `__PREFIX__subadmin1` (`code`, `country_code`, `name`, `active`) VALUES ('PE.24','PE','{\"en\":\"Tumbes\"}',1);
INSERT INTO `__PREFIX__subadmin1` (`code`, `country_code`, `name`, `active`) VALUES ('PE.22','PE','{\"en\":\"San Martín\"}',1);
INSERT INTO `__PREFIX__subadmin1` (`code`, `country_code`, `name`, `active`) VALUES ('PE.20','PE','{\"en\":\"Piura\"}',1);
INSERT INTO `__PREFIX__subadmin1` (`code`, `country_code`, `name`, `active`) VALUES ('PE.16','PE','{\"en\":\"Loreto\"}',1);
INSERT INTO `__PREFIX__subadmin1` (`code`, `country_code`, `name`, `active`) VALUES ('PE.14','PE','{\"en\":\"Lambayeque\"}',1);
INSERT INTO `__PREFIX__subadmin1` (`code`, `country_code`, `name`, `active`) VALUES ('PE.13','PE','{\"en\":\"La Libertad\"}',1);
INSERT INTO `__PREFIX__subadmin1` (`code`, `country_code`, `name`, `active`) VALUES ('PE.10','PE','{\"en\":\"Huanuco\"}',1);
INSERT INTO `__PREFIX__subadmin1` (`code`, `country_code`, `name`, `active`) VALUES ('PE.06','PE','{\"en\":\"Cajamarca\"}',1);
INSERT INTO `__PREFIX__subadmin1` (`code`, `country_code`, `name`, `active`) VALUES ('PE.02','PE','{\"en\":\"Ancash\"}',1);
INSERT INTO `__PREFIX__subadmin1` (`code`, `country_code`, `name`, `active`) VALUES ('PE.01','PE','{\"en\":\"Amazonas\"}',1);
INSERT INTO `__PREFIX__subadmin1` (`code`, `country_code`, `name`, `active`) VALUES ('PE.23','PE','{\"en\":\"Tacna\"}',1);
INSERT INTO `__PREFIX__subadmin1` (`code`, `country_code`, `name`, `active`) VALUES ('PE.21','PE','{\"en\":\"Puno\"}',1);
INSERT INTO `__PREFIX__subadmin1` (`code`, `country_code`, `name`, `active`) VALUES ('PE.19','PE','{\"en\":\"Pasco\"}',1);
INSERT INTO `__PREFIX__subadmin1` (`code`, `country_code`, `name`, `active`) VALUES ('PE.18','PE','{\"en\":\"Moquegua\"}',1);
INSERT INTO `__PREFIX__subadmin1` (`code`, `country_code`, `name`, `active`) VALUES ('PE.17','PE','{\"en\":\"Madre de Dios\"}',1);
INSERT INTO `__PREFIX__subadmin1` (`code`, `country_code`, `name`, `active`) VALUES ('PE.LMA','PE','{\"en\":\"Lima\"}',1);
INSERT INTO `__PREFIX__subadmin1` (`code`, `country_code`, `name`, `active`) VALUES ('PE.15','PE','{\"en\":\"Lima region\"}',1);
INSERT INTO `__PREFIX__subadmin1` (`code`, `country_code`, `name`, `active`) VALUES ('PE.12','PE','{\"en\":\"Junin\"}',1);
INSERT INTO `__PREFIX__subadmin1` (`code`, `country_code`, `name`, `active`) VALUES ('PE.11','PE','{\"en\":\"Ica\"}',1);
INSERT INTO `__PREFIX__subadmin1` (`code`, `country_code`, `name`, `active`) VALUES ('PE.09','PE','{\"en\":\"Huancavelica\"}',1);
INSERT INTO `__PREFIX__subadmin1` (`code`, `country_code`, `name`, `active`) VALUES ('PE.08','PE','{\"en\":\"Cusco\"}',1);
INSERT INTO `__PREFIX__subadmin1` (`code`, `country_code`, `name`, `active`) VALUES ('PE.07','PE','{\"en\":\"Callao\"}',1);
INSERT INTO `__PREFIX__subadmin1` (`code`, `country_code`, `name`, `active`) VALUES ('PE.05','PE','{\"en\":\"Ayacucho\"}',1);
INSERT INTO `__PREFIX__subadmin1` (`code`, `country_code`, `name`, `active`) VALUES ('PE.04','PE','{\"en\":\"Arequipa\"}',1);
INSERT INTO `__PREFIX__subadmin1` (`code`, `country_code`, `name`, `active`) VALUES ('PE.03','PE','{\"en\":\"Apurímac\"}',1);
/*!40000 ALTER TABLE `__PREFIX__subadmin1` ENABLE KEYS */;

--
-- Dumping data for table `__PREFIX__subadmin2`
--

/*!40000 ALTER TABLE `__PREFIX__subadmin2` DISABLE KEYS */;
INSERT INTO `__PREFIX__subadmin2` (`code`, `country_code`, `subadmin1_code`, `name`, `active`) VALUES ('PE.24.2403','PE','PE.24','{\"en\":\"Provincia de Zarumilla\"}',1);
INSERT INTO `__PREFIX__subadmin2` (`code`, `country_code`, `subadmin1_code`, `name`, `active`) VALUES ('PE.02.0220','PE','PE.02','{\"en\":\"Provincia de Yungay\"}',1);
INSERT INTO `__PREFIX__subadmin2` (`code`, `country_code`, `subadmin1_code`, `name`, `active`) VALUES ('PE.16.1606','PE','PE.16','{\"en\":\"Provincia de Ucayali\"}',1);
INSERT INTO `__PREFIX__subadmin2` (`code`, `country_code`, `subadmin1_code`, `name`, `active`) VALUES ('PE.24.2401','PE','PE.24','{\"en\":\"Provincia de Tumbes\"}',1);
INSERT INTO `__PREFIX__subadmin2` (`code`, `country_code`, `subadmin1_code`, `name`, `active`) VALUES ('PE.13.1301','PE','PE.13','{\"en\":\"Provincia de Trujillo\"}',1);
INSERT INTO `__PREFIX__subadmin2` (`code`, `country_code`, `subadmin1_code`, `name`, `active`) VALUES ('PE.20.2007','PE','PE.20','{\"en\":\"Provincia de Talara\"}',1);
INSERT INTO `__PREFIX__subadmin2` (`code`, `country_code`, `subadmin1_code`, `name`, `active`) VALUES ('PE.20.2006','PE','PE.20','{\"en\":\"Provincia de Sullana\"}',1);
INSERT INTO `__PREFIX__subadmin2` (`code`, `country_code`, `subadmin1_code`, `name`, `active`) VALUES ('PE.02.0219','PE','PE.02','{\"en\":\"Provincia de Sihuas\"}',1);
INSERT INTO `__PREFIX__subadmin2` (`code`, `country_code`, `subadmin1_code`, `name`, `active`) VALUES ('PE.13.1310','PE','PE.13','{\"en\":\"Provincia de Santiago de Chuco\"}',1);
INSERT INTO `__PREFIX__subadmin2` (`code`, `country_code`, `subadmin1_code`, `name`, `active`) VALUES ('PE.06.0613','PE','PE.06','{\"en\":\"Provincia de Santa Cruz\"}',1);
INSERT INTO `__PREFIX__subadmin2` (`code`, `country_code`, `subadmin1_code`, `name`, `active`) VALUES ('PE.02.0218','PE','PE.02','{\"en\":\"Provincia de Santa\"}',1);
INSERT INTO `__PREFIX__subadmin2` (`code`, `country_code`, `subadmin1_code`, `name`, `active`) VALUES ('PE.06.0611','PE','PE.06','{\"en\":\"Provincia de San Miguel\"}',1);
INSERT INTO `__PREFIX__subadmin2` (`code`, `country_code`, `subadmin1_code`, `name`, `active`) VALUES ('PE.22.2209','PE','PE.22','{\"en\":\"Provincia de San Martín\"}',1);
INSERT INTO `__PREFIX__subadmin2` (`code`, `country_code`, `subadmin1_code`, `name`, `active`) VALUES ('PE.06.0609','PE','PE.06','{\"en\":\"Provincia de San Ignacio\"}',1);
INSERT INTO `__PREFIX__subadmin2` (`code`, `country_code`, `subadmin1_code`, `name`, `active`) VALUES ('PE.01.0106','PE','PE.01','{\"en\":\"Provincia de Rodríguez de Mendoza\"}',1);
INSERT INTO `__PREFIX__subadmin2` (`code`, `country_code`, `subadmin1_code`, `name`, `active`) VALUES ('PE.22.2208','PE','PE.22','{\"en\":\"Provincia de Rioja\"}',1);
INSERT INTO `__PREFIX__subadmin2` (`code`, `country_code`, `subadmin1_code`, `name`, `active`) VALUES ('PE.16.1605','PE','PE.16','{\"en\":\"Provincia de Requena\"}',1);
INSERT INTO `__PREFIX__subadmin2` (`code`, `country_code`, `subadmin1_code`, `name`, `active`) VALUES ('PE.02.0216','PE','PE.02','{\"en\":\"Provincia de Pomabamba\"}',1);
INSERT INTO `__PREFIX__subadmin2` (`code`, `country_code`, `subadmin1_code`, `name`, `active`) VALUES ('PE.20.2001','PE','PE.20','{\"en\":\"Provincia de Piura\"}',1);
INSERT INTO `__PREFIX__subadmin2` (`code`, `country_code`, `subadmin1_code`, `name`, `active`) VALUES ('PE.13.1308','PE','PE.13','{\"en\":\"Provincia de Pataz\"}',1);
INSERT INTO `__PREFIX__subadmin2` (`code`, `country_code`, `subadmin1_code`, `name`, `active`) VALUES ('PE.02.0215','PE','PE.02','{\"en\":\"Provincia de Pallasca\"}',1);
INSERT INTO `__PREFIX__subadmin2` (`code`, `country_code`, `subadmin1_code`, `name`, `active`) VALUES ('PE.20.2005','PE','PE.20','{\"en\":\"Provincia de Paita\"}',1);
INSERT INTO `__PREFIX__subadmin2` (`code`, `country_code`, `subadmin1_code`, `name`, `active`) VALUES ('PE.10.1008','PE','PE.10','{\"en\":\"Provincia de Pachitea\"}',1);
INSERT INTO `__PREFIX__subadmin2` (`code`, `country_code`, `subadmin1_code`, `name`, `active`) VALUES ('PE.13.1307','PE','PE.13','{\"en\":\"Provincia de Pacasmayo\"}',1);
INSERT INTO `__PREFIX__subadmin2` (`code`, `country_code`, `subadmin1_code`, `name`, `active`) VALUES ('PE.13.1306','PE','PE.13','{\"en\":\"Provincia de Otuzco\"}',1);
INSERT INTO `__PREFIX__subadmin2` (`code`, `country_code`, `subadmin1_code`, `name`, `active`) VALUES ('PE.22.2201','PE','PE.22','{\"en\":\"Provincia de Moyobamba\"}',1);
INSERT INTO `__PREFIX__subadmin2` (`code`, `country_code`, `subadmin1_code`, `name`, `active`) VALUES ('PE.20.2004','PE','PE.20','{\"en\":\"Morropon\"}',1);
INSERT INTO `__PREFIX__subadmin2` (`code`, `country_code`, `subadmin1_code`, `name`, `active`) VALUES ('PE.16.1601','PE','PE.16','{\"en\":\"Provincia de Maynas\"}',1);
INSERT INTO `__PREFIX__subadmin2` (`code`, `country_code`, `subadmin1_code`, `name`, `active`) VALUES ('PE.02.0213','PE','PE.02','{\"en\":\"Provincia de Mariscal Luzuriaga\"}',1);
INSERT INTO `__PREFIX__subadmin2` (`code`, `country_code`, `subadmin1_code`, `name`, `active`) VALUES ('PE.22.2206','PE','PE.22','{\"en\":\"Provincia de Mariscal Cáceres\"}',1);
INSERT INTO `__PREFIX__subadmin2` (`code`, `country_code`, `subadmin1_code`, `name`, `active`) VALUES ('PE.10.1007','PE','PE.10','{\"en\":\"Provincia de Marañón\"}',1);
INSERT INTO `__PREFIX__subadmin2` (`code`, `country_code`, `subadmin1_code`, `name`, `active`) VALUES ('PE.01.0105','PE','PE.01','{\"en\":\"Provincia de Luya\"}',1);
INSERT INTO `__PREFIX__subadmin2` (`code`, `country_code`, `subadmin1_code`, `name`, `active`) VALUES ('PE.16.1603','PE','PE.16','{\"en\":\"Provincia de Loreto\"}',1);
INSERT INTO `__PREFIX__subadmin2` (`code`, `country_code`, `subadmin1_code`, `name`, `active`) VALUES ('PE.10.1006','PE','PE.10','{\"en\":\"Provincia de Leoncio Prado\"}',1);
INSERT INTO `__PREFIX__subadmin2` (`code`, `country_code`, `subadmin1_code`, `name`, `active`) VALUES ('PE.14.1403','PE','PE.14','{\"en\":\"Provincia de Lambayeque\"}',1);
INSERT INTO `__PREFIX__subadmin2` (`code`, `country_code`, `subadmin1_code`, `name`, `active`) VALUES ('PE.22.2205','PE','PE.22','{\"en\":\"Provincia de Lamas\"}',1);
INSERT INTO `__PREFIX__subadmin2` (`code`, `country_code`, `subadmin1_code`, `name`, `active`) VALUES ('PE.06.0608','PE','PE.06','{\"en\":\"Provincia de Jaén\"}',1);
INSERT INTO `__PREFIX__subadmin2` (`code`, `country_code`, `subadmin1_code`, `name`, `active`) VALUES ('PE.02.0212','PE','PE.02','{\"en\":\"Provincia de Huaylas\"}',1);
INSERT INTO `__PREFIX__subadmin2` (`code`, `country_code`, `subadmin1_code`, `name`, `active`) VALUES ('PE.02.0211','PE','PE.02','{\"en\":\"Provincia de Huarmey\"}',1);
INSERT INTO `__PREFIX__subadmin2` (`code`, `country_code`, `subadmin1_code`, `name`, `active`) VALUES ('PE.02.0210','PE','PE.02','{\"en\":\"Provincia de Huari\"}',1);
INSERT INTO `__PREFIX__subadmin2` (`code`, `country_code`, `subadmin1_code`, `name`, `active`) VALUES ('PE.02.0201','PE','PE.02','{\"en\":\"Provincia de Huaraz\"}',1);
INSERT INTO `__PREFIX__subadmin2` (`code`, `country_code`, `subadmin1_code`, `name`, `active`) VALUES ('PE.10.1001','PE','PE.10','{\"en\":\"Provincia de Huánuco\"}',1);
INSERT INTO `__PREFIX__subadmin2` (`code`, `country_code`, `subadmin1_code`, `name`, `active`) VALUES ('PE.20.2003','PE','PE.20','{\"en\":\"Provincia de Huancabamba\"}',1);
INSERT INTO `__PREFIX__subadmin2` (`code`, `country_code`, `subadmin1_code`, `name`, `active`) VALUES ('PE.10.1005','PE','PE.10','{\"en\":\"Provincia de Huamalíes\"}',1);
INSERT INTO `__PREFIX__subadmin2` (`code`, `country_code`, `subadmin1_code`, `name`, `active`) VALUES ('PE.22.2204','PE','PE.22','{\"en\":\"Provincia de Huallaga\"}',1);
INSERT INTO `__PREFIX__subadmin2` (`code`, `country_code`, `subadmin1_code`, `name`, `active`) VALUES ('PE.06.0607','PE','PE.06','{\"en\":\"Provincia de Hualgayoc\"}',1);
INSERT INTO `__PREFIX__subadmin2` (`code`, `country_code`, `subadmin1_code`, `name`, `active`) VALUES ('PE.14.1402','PE','PE.14','{\"en\":\"Provincia de Ferreñafe\"}',1);
INSERT INTO `__PREFIX__subadmin2` (`code`, `country_code`, `subadmin1_code`, `name`, `active`) VALUES ('PE.10.1003','PE','PE.10','{\"en\":\"Provincia de Dos de Mayo\"}',1);
INSERT INTO `__PREFIX__subadmin2` (`code`, `country_code`, `subadmin1_code`, `name`, `active`) VALUES ('PE.06.0606','PE','PE.06','{\"en\":\"Provincia de Cutervo\"}',1);
INSERT INTO `__PREFIX__subadmin2` (`code`, `country_code`, `subadmin1_code`, `name`, `active`) VALUES ('PE.02.0209','PE','PE.02','{\"en\":\"Provincia de Corongo\"}',1);
INSERT INTO `__PREFIX__subadmin2` (`code`, `country_code`, `subadmin1_code`, `name`, `active`) VALUES ('PE.25.2501','PE','PE.25','{\"en\":\"Provincia de Coronel Portillo\"}',1);
INSERT INTO `__PREFIX__subadmin2` (`code`, `country_code`, `subadmin1_code`, `name`, `active`) VALUES ('PE.06.0605','PE','PE.06','{\"en\":\"Provincia de Contumazá\"}',1);
INSERT INTO `__PREFIX__subadmin2` (`code`, `country_code`, `subadmin1_code`, `name`, `active`) VALUES ('PE.24.2402','PE','PE.24','{\"en\":\"Provincia de Contralmirante Villar\"}',1);
INSERT INTO `__PREFIX__subadmin2` (`code`, `country_code`, `subadmin1_code`, `name`, `active`) VALUES ('PE.06.0604','PE','PE.06','{\"en\":\"Provincia de Chota\"}',1);
INSERT INTO `__PREFIX__subadmin2` (`code`, `country_code`, `subadmin1_code`, `name`, `active`) VALUES ('PE.14.1401','PE','PE.14','{\"en\":\"Provincia de Chiclayo\"}',1);
INSERT INTO `__PREFIX__subadmin2` (`code`, `country_code`, `subadmin1_code`, `name`, `active`) VALUES ('PE.01.0101','PE','PE.01','{\"en\":\"Provincia de Chachapoyas\"}',1);
INSERT INTO `__PREFIX__subadmin2` (`code`, `country_code`, `subadmin1_code`, `name`, `active`) VALUES ('PE.06.0603','PE','PE.06','{\"en\":\"Provincia de Celendín\"}',1);
INSERT INTO `__PREFIX__subadmin2` (`code`, `country_code`, `subadmin1_code`, `name`, `active`) VALUES ('PE.02.0208','PE','PE.02','{\"en\":\"Provincia de Casma\"}',1);
INSERT INTO `__PREFIX__subadmin2` (`code`, `country_code`, `subadmin1_code`, `name`, `active`) VALUES ('PE.02.0206','PE','PE.02','{\"en\":\"Provincia de Carhuaz\"}',1);
INSERT INTO `__PREFIX__subadmin2` (`code`, `country_code`, `subadmin1_code`, `name`, `active`) VALUES ('PE.06.0601','PE','PE.06','{\"en\":\"Provincia de Cajamarca\"}',1);
INSERT INTO `__PREFIX__subadmin2` (`code`, `country_code`, `subadmin1_code`, `name`, `active`) VALUES ('PE.06.0602','PE','PE.06','{\"en\":\"Provincia de Cajabamba\"}',1);
INSERT INTO `__PREFIX__subadmin2` (`code`, `country_code`, `subadmin1_code`, `name`, `active`) VALUES ('PE.01.0103','PE','PE.01','{\"en\":\"Provincia de Bongará\"}',1);
INSERT INTO `__PREFIX__subadmin2` (`code`, `country_code`, `subadmin1_code`, `name`, `active`) VALUES ('PE.13.1303','PE','PE.13','{\"en\":\"Provincia de Bolívar\"}',1);
INSERT INTO `__PREFIX__subadmin2` (`code`, `country_code`, `subadmin1_code`, `name`, `active`) VALUES ('PE.01.0102','PE','PE.01','{\"en\":\"Provincia de Bagua\"}',1);
INSERT INTO `__PREFIX__subadmin2` (`code`, `country_code`, `subadmin1_code`, `name`, `active`) VALUES ('PE.20.2002','PE','PE.20','{\"en\":\"Provincia de Ayabaca\"}',1);
INSERT INTO `__PREFIX__subadmin2` (`code`, `country_code`, `subadmin1_code`, `name`, `active`) VALUES ('PE.02.0203','PE','PE.02','{\"en\":\"Provincia de Antonio Raymondi\"}',1);
INSERT INTO `__PREFIX__subadmin2` (`code`, `country_code`, `subadmin1_code`, `name`, `active`) VALUES ('PE.16.1602','PE','PE.16','{\"en\":\"Provincia de Alto Amazonas\"}',1);
INSERT INTO `__PREFIX__subadmin2` (`code`, `country_code`, `subadmin1_code`, `name`, `active`) VALUES ('PE.02.0202','PE','PE.02','{\"en\":\"Provincia de Aija\"}',1);
INSERT INTO `__PREFIX__subadmin2` (`code`, `country_code`, `subadmin1_code`, `name`, `active`) VALUES ('PE.11.1101','PE','PE.11','{\"en\":\"Provincia de Ica\"}',1);
INSERT INTO `__PREFIX__subadmin2` (`code`, `country_code`, `subadmin1_code`, `name`, `active`) VALUES ('PE.15.1510','PE','PE.15','{\"en\":\"Provincia de Yauyos\"}',1);
INSERT INTO `__PREFIX__subadmin2` (`code`, `country_code`, `subadmin1_code`, `name`, `active`) VALUES ('PE.12.1208','PE','PE.12','{\"en\":\"Provincia de Yauli\"}',1);
INSERT INTO `__PREFIX__subadmin2` (`code`, `country_code`, `subadmin1_code`, `name`, `active`) VALUES ('PE.05.0510','PE','PE.05','{\"en\":\"Provincia de Víctor Fajardo\"}',1);
INSERT INTO `__PREFIX__subadmin2` (`code`, `country_code`, `subadmin1_code`, `name`, `active`) VALUES ('PE.08.0813','PE','PE.08','{\"en\":\"Provincia de Urubamba\"}',1);
INSERT INTO `__PREFIX__subadmin2` (`code`, `country_code`, `subadmin1_code`, `name`, `active`) VALUES ('PE.09.0907','PE','PE.09','{\"en\":\"Provincia de Tayacaja\"}',1);
INSERT INTO `__PREFIX__subadmin2` (`code`, `country_code`, `subadmin1_code`, `name`, `active`) VALUES ('PE.12.1207','PE','PE.12','{\"en\":\"Provincia de Tarma\"}',1);
INSERT INTO `__PREFIX__subadmin2` (`code`, `country_code`, `subadmin1_code`, `name`, `active`) VALUES ('PE.23.2304','PE','PE.23','{\"en\":\"Provincia de Tarata\"}',1);
INSERT INTO `__PREFIX__subadmin2` (`code`, `country_code`, `subadmin1_code`, `name`, `active`) VALUES ('PE.17.1701','PE','PE.17','{\"en\":\"Provincia de Tambopata\"}',1);
INSERT INTO `__PREFIX__subadmin2` (`code`, `country_code`, `subadmin1_code`, `name`, `active`) VALUES ('PE.17.1703','PE','PE.17','{\"en\":\"Provincia de Tahuamanú\"}',1);
INSERT INTO `__PREFIX__subadmin2` (`code`, `country_code`, `subadmin1_code`, `name`, `active`) VALUES ('PE.23.2301','PE','PE.23','{\"en\":\"Provincia de Tacna\"}',1);
INSERT INTO `__PREFIX__subadmin2` (`code`, `country_code`, `subadmin1_code`, `name`, `active`) VALUES ('PE.12.1206','PE','PE.12','{\"en\":\"Provincia de Satipo\"}',1);
INSERT INTO `__PREFIX__subadmin2` (`code`, `country_code`, `subadmin1_code`, `name`, `active`) VALUES ('PE.21.2111','PE','PE.21','{\"en\":\"San Roman\"}',1);
INSERT INTO `__PREFIX__subadmin2` (`code`, `country_code`, `subadmin1_code`, `name`, `active`) VALUES ('PE.21.2112','PE','PE.21','{\"en\":\"Provincia de Sandia\"}',1);
INSERT INTO `__PREFIX__subadmin2` (`code`, `country_code`, `subadmin1_code`, `name`, `active`) VALUES ('PE.02.0217','PE','PE.02','{\"en\":\"Provincia de Recuay\"}',1);
INSERT INTO `__PREFIX__subadmin2` (`code`, `country_code`, `subadmin1_code`, `name`, `active`) VALUES ('PE.08.0812','PE','PE.08','{\"en\":\"Provincia de Quispicanchis\"}',1);
INSERT INTO `__PREFIX__subadmin2` (`code`, `country_code`, `subadmin1_code`, `name`, `active`) VALUES ('PE.21.2101','PE','PE.21','{\"en\":\"Provincia de Puno\"}',1);
INSERT INTO `__PREFIX__subadmin2` (`code`, `country_code`, `subadmin1_code`, `name`, `active`) VALUES ('PE.11.1105','PE','PE.11','{\"en\":\"Provincia de Pisco\"}',1);
INSERT INTO `__PREFIX__subadmin2` (`code`, `country_code`, `subadmin1_code`, `name`, `active`) VALUES ('PE.08.0811','PE','PE.08','{\"en\":\"Provincia de Paucartambo\"}',1);
INSERT INTO `__PREFIX__subadmin2` (`code`, `country_code`, `subadmin1_code`, `name`, `active`) VALUES ('PE.19.1901','PE','PE.19','{\"en\":\"Provincia de Pasco\"}',1);
INSERT INTO `__PREFIX__subadmin2` (`code`, `country_code`, `subadmin1_code`, `name`, `active`) VALUES ('PE.08.0810','PE','PE.08','{\"en\":\"Provincia de Paruro\"}',1);
INSERT INTO `__PREFIX__subadmin2` (`code`, `country_code`, `subadmin1_code`, `name`, `active`) VALUES ('PE.05.0507','PE','PE.05','{\"en\":\"Provincia de Parinacochas\"}',1);
INSERT INTO `__PREFIX__subadmin2` (`code`, `country_code`, `subadmin1_code`, `name`, `active`) VALUES ('PE.11.1104','PE','PE.11','{\"en\":\"Provincia de Palpa\"}',1);
INSERT INTO `__PREFIX__subadmin2` (`code`, `country_code`, `subadmin1_code`, `name`, `active`) VALUES ('PE.19.1903','PE','PE.19','{\"en\":\"Provincia de Oxapampa\"}',1);
INSERT INTO `__PREFIX__subadmin2` (`code`, `country_code`, `subadmin1_code`, `name`, `active`) VALUES ('PE.11.1103','PE','PE.11','{\"en\":\"Provincia de Nazca\"}',1);
INSERT INTO `__PREFIX__subadmin2` (`code`, `country_code`, `subadmin1_code`, `name`, `active`) VALUES ('PE.21.2108','PE','PE.21','{\"en\":\"Provincia de Melgar\"}',1);
INSERT INTO `__PREFIX__subadmin2` (`code`, `country_code`, `subadmin1_code`, `name`, `active`) VALUES ('PE.18.1801','PE','PE.18','{\"en\":\"Provincia de Mariscal Nieto\"}',1);
INSERT INTO `__PREFIX__subadmin2` (`code`, `country_code`, `subadmin1_code`, `name`, `active`) VALUES ('PE.17.1702','PE','PE.17','{\"en\":\"Provincia de Manú\"}',1);
INSERT INTO `__PREFIX__subadmin2` (`code`, `country_code`, `subadmin1_code`, `name`, `active`) VALUES ('PE.05.0506','PE','PE.05','{\"en\":\"Provincia de Lucanas\"}',1);
INSERT INTO `__PREFIX__subadmin2` (`code`, `country_code`, `subadmin1_code`, `name`, `active`) VALUES ('PE.04.0408','PE','PE.04','{\"en\":\"Provincia de La Unión\"}',1);
INSERT INTO `__PREFIX__subadmin2` (`code`, `country_code`, `subadmin1_code`, `name`, `active`) VALUES ('PE.21.2107','PE','PE.21','{\"en\":\"Provincia de Lampa\"}',1);
INSERT INTO `__PREFIX__subadmin2` (`code`, `country_code`, `subadmin1_code`, `name`, `active`) VALUES ('PE.05.0505','PE','PE.05','{\"en\":\"Provincia de La Mar\"}',1);
INSERT INTO `__PREFIX__subadmin2` (`code`, `country_code`, `subadmin1_code`, `name`, `active`) VALUES ('PE.08.0809','PE','PE.08','{\"en\":\"Provincia de La Convención\"}',1);
INSERT INTO `__PREFIX__subadmin2` (`code`, `country_code`, `subadmin1_code`, `name`, `active`) VALUES ('PE.12.1205','PE','PE.12','{\"en\":\"Provincia de Junín\"}',1);
INSERT INTO `__PREFIX__subadmin2` (`code`, `country_code`, `subadmin1_code`, `name`, `active`) VALUES ('PE.12.1204','PE','PE.12','{\"en\":\"Provincia de Jauja\"}',1);
INSERT INTO `__PREFIX__subadmin2` (`code`, `country_code`, `subadmin1_code`, `name`, `active`) VALUES ('PE.04.0407','PE','PE.04','{\"en\":\"Provincia de Islay\"}',1);
INSERT INTO `__PREFIX__subadmin2` (`code`, `country_code`, `subadmin1_code`, `name`, `active`) VALUES ('PE.18.1803','PE','PE.18','{\"en\":\"Provincia de Ilo\"}',1);
INSERT INTO `__PREFIX__subadmin2` (`code`, `country_code`, `subadmin1_code`, `name`, `active`) VALUES ('PE.15.1507','PE','PE.15','{\"en\":\"Provincia de Huarochirí\"}',1);
INSERT INTO `__PREFIX__subadmin2` (`code`, `country_code`, `subadmin1_code`, `name`, `active`) VALUES ('PE.15.1506','PE','PE.15','{\"en\":\"Provincia de Huaral\"}',1);
INSERT INTO `__PREFIX__subadmin2` (`code`, `country_code`, `subadmin1_code`, `name`, `active`) VALUES ('PE.05.0504','PE','PE.05','{\"en\":\"Provincia de Huanta\"}',1);
INSERT INTO `__PREFIX__subadmin2` (`code`, `country_code`, `subadmin1_code`, `name`, `active`) VALUES ('PE.12.1201','PE','PE.12','{\"en\":\"Provincia de Huancayo\"}',1);
INSERT INTO `__PREFIX__subadmin2` (`code`, `country_code`, `subadmin1_code`, `name`, `active`) VALUES ('PE.09.0901','PE','PE.09','{\"en\":\"Provincia de Huancavelica\"}',1);
INSERT INTO `__PREFIX__subadmin2` (`code`, `country_code`, `subadmin1_code`, `name`, `active`) VALUES ('PE.21.2106','PE','PE.21','{\"en\":\"Provincia de Huancané\"}',1);
INSERT INTO `__PREFIX__subadmin2` (`code`, `country_code`, `subadmin1_code`, `name`, `active`) VALUES ('PE.05.0501','PE','PE.05','{\"en\":\"Provincia de Huamanga\"}',1);
INSERT INTO `__PREFIX__subadmin2` (`code`, `country_code`, `subadmin1_code`, `name`, `active`) VALUES ('PE.03.0307','PE','PE.03','{\"en\":\"Provincia de Grau\"}',1);
INSERT INTO `__PREFIX__subadmin2` (`code`, `country_code`, `subadmin1_code`, `name`, `active`) VALUES ('PE.18.1802','PE','PE.18','{\"en\":\"Provincia de General Sánchez Cerro\"}',1);
INSERT INTO `__PREFIX__subadmin2` (`code`, `country_code`, `subadmin1_code`, `name`, `active`) VALUES ('PE.08.0808','PE','PE.08','{\"en\":\"Provincia de Espinar\"}',1);
INSERT INTO `__PREFIX__subadmin2` (`code`, `country_code`, `subadmin1_code`, `name`, `active`) VALUES ('PE.19.1902','PE','PE.19','{\"en\":\"Provincia de Daniel Carrión\"}',1);
INSERT INTO `__PREFIX__subadmin2` (`code`, `country_code`, `subadmin1_code`, `name`, `active`) VALUES ('PE.08.0801','PE','PE.08','{\"en\":\"Provincia de Cusco\"}',1);
INSERT INTO `__PREFIX__subadmin2` (`code`, `country_code`, `subadmin1_code`, `name`, `active`) VALUES ('PE.03.0305','PE','PE.03','{\"en\":\"Provincia de Cotabambas\"}',1);
INSERT INTO `__PREFIX__subadmin2` (`code`, `country_code`, `subadmin1_code`, `name`, `active`) VALUES ('PE.04.0406','PE','PE.04','{\"en\":\"Provincia de Condesuyos\"}',1);
INSERT INTO `__PREFIX__subadmin2` (`code`, `country_code`, `subadmin1_code`, `name`, `active`) VALUES ('PE.12.1202','PE','PE.12','{\"en\":\"Provincia de Concepción\"}',1);
INSERT INTO `__PREFIX__subadmin2` (`code`, `country_code`, `subadmin1_code`, `name`, `active`) VALUES ('PE.08.0807','PE','PE.08','{\"en\":\"Provincia de Chumbivilcas\"}',1);
INSERT INTO `__PREFIX__subadmin2` (`code`, `country_code`, `subadmin1_code`, `name`, `active`) VALUES ('PE.21.2104','PE','PE.21','{\"en\":\"Provincia de Chucuito\"}',1);
INSERT INTO `__PREFIX__subadmin2` (`code`, `country_code`, `subadmin1_code`, `name`, `active`) VALUES ('PE.11.1102','PE','PE.11','{\"en\":\"Provincia de Chincha\"}',1);
INSERT INTO `__PREFIX__subadmin2` (`code`, `country_code`, `subadmin1_code`, `name`, `active`) VALUES ('PE.12.1203','PE','PE.12','{\"en\":\"Chanchamayo\"}',1);
INSERT INTO `__PREFIX__subadmin2` (`code`, `country_code`, `subadmin1_code`, `name`, `active`) VALUES ('PE.04.0405','PE','PE.04','{\"en\":\"Provincia de Caylloma\"}',1);
INSERT INTO `__PREFIX__subadmin2` (`code`, `country_code`, `subadmin1_code`, `name`, `active`) VALUES ('PE.09.0904','PE','PE.09','{\"en\":\"Provincia de Castrovirreyna\"}',1);
INSERT INTO `__PREFIX__subadmin2` (`code`, `country_code`, `subadmin1_code`, `name`, `active`) VALUES ('PE.04.0404','PE','PE.04','{\"en\":\"Provincia de Castilla\"}',1);
INSERT INTO `__PREFIX__subadmin2` (`code`, `country_code`, `subadmin1_code`, `name`, `active`) VALUES ('PE.04.0403','PE','PE.04','{\"en\":\"Provincia de Caravelí\"}',1);
INSERT INTO `__PREFIX__subadmin2` (`code`, `country_code`, `subadmin1_code`, `name`, `active`) VALUES ('PE.21.2103','PE','PE.21','{\"en\":\"Provincia de Carabaya\"}',1);
INSERT INTO `__PREFIX__subadmin2` (`code`, `country_code`, `subadmin1_code`, `name`, `active`) VALUES ('PE.15.1504','PE','PE.15','{\"en\":\"Provincia de Canta\"}',1);
INSERT INTO `__PREFIX__subadmin2` (`code`, `country_code`, `subadmin1_code`, `name`, `active`) VALUES ('PE.05.0502','PE','PE.05','{\"en\":\"Provincia de Cangallo\"}',1);
INSERT INTO `__PREFIX__subadmin2` (`code`, `country_code`, `subadmin1_code`, `name`, `active`) VALUES ('PE.15.1505','PE','PE.15','{\"en\":\"Provincia de Cañete\"}',1);
INSERT INTO `__PREFIX__subadmin2` (`code`, `country_code`, `subadmin1_code`, `name`, `active`) VALUES ('PE.08.0806','PE','PE.08','{\"en\":\"Provincia de Canchis\"}',1);
INSERT INTO `__PREFIX__subadmin2` (`code`, `country_code`, `subadmin1_code`, `name`, `active`) VALUES ('PE.08.0805','PE','PE.08','{\"en\":\"Provincia de Canas\"}',1);
INSERT INTO `__PREFIX__subadmin2` (`code`, `country_code`, `subadmin1_code`, `name`, `active`) VALUES ('PE.04.0402','PE','PE.04','{\"en\":\"Provincia de Camaná\"}',1);
INSERT INTO `__PREFIX__subadmin2` (`code`, `country_code`, `subadmin1_code`, `name`, `active`) VALUES ('PE.08.0804','PE','PE.08','{\"en\":\"Provincia de Calca\"}',1);
INSERT INTO `__PREFIX__subadmin2` (`code`, `country_code`, `subadmin1_code`, `name`, `active`) VALUES ('PE.15.1503','PE','PE.15','{\"en\":\"Provincia de Cajatambo\"}',1);
INSERT INTO `__PREFIX__subadmin2` (`code`, `country_code`, `subadmin1_code`, `name`, `active`) VALUES ('PE.02.0205','PE','PE.02','{\"en\":\"Provincia de Bolognesi\"}',1);
INSERT INTO `__PREFIX__subadmin2` (`code`, `country_code`, `subadmin1_code`, `name`, `active`) VALUES ('PE.21.2102','PE','PE.21','{\"en\":\"Provincia de Azángaro\"}',1);
INSERT INTO `__PREFIX__subadmin2` (`code`, `country_code`, `subadmin1_code`, `name`, `active`) VALUES ('PE.03.0304','PE','PE.03','{\"en\":\"Provincia de Aymaraes\"}',1);
INSERT INTO `__PREFIX__subadmin2` (`code`, `country_code`, `subadmin1_code`, `name`, `active`) VALUES ('PE.04.0401','PE','PE.04','{\"en\":\"Provincia de Arequipa\"}',1);
INSERT INTO `__PREFIX__subadmin2` (`code`, `country_code`, `subadmin1_code`, `name`, `active`) VALUES ('PE.03.0303','PE','PE.03','{\"en\":\"Provincia de Antabamba\"}',1);
INSERT INTO `__PREFIX__subadmin2` (`code`, `country_code`, `subadmin1_code`, `name`, `active`) VALUES ('PE.08.0803','PE','PE.08','{\"en\":\"Provincia de Anta\"}',1);
INSERT INTO `__PREFIX__subadmin2` (`code`, `country_code`, `subadmin1_code`, `name`, `active`) VALUES ('PE.09.0903','PE','PE.09','{\"en\":\"Provincia de Angaraes\"}',1);
INSERT INTO `__PREFIX__subadmin2` (`code`, `country_code`, `subadmin1_code`, `name`, `active`) VALUES ('PE.03.0302','PE','PE.03','{\"en\":\"Provincia de Andahuaylas\"}',1);
INSERT INTO `__PREFIX__subadmin2` (`code`, `country_code`, `subadmin1_code`, `name`, `active`) VALUES ('PE.10.1002','PE','PE.10','{\"en\":\"Provincia de Ambo\"}',1);
INSERT INTO `__PREFIX__subadmin2` (`code`, `country_code`, `subadmin1_code`, `name`, `active`) VALUES ('PE.08.0802','PE','PE.08','{\"en\":\"Provincia de Acomayo\"}',1);
INSERT INTO `__PREFIX__subadmin2` (`code`, `country_code`, `subadmin1_code`, `name`, `active`) VALUES ('PE.09.0902','PE','PE.09','{\"en\":\"Provincia de Acobamba\"}',1);
INSERT INTO `__PREFIX__subadmin2` (`code`, `country_code`, `subadmin1_code`, `name`, `active`) VALUES ('PE.03.0301','PE','PE.03','{\"en\":\"Provincia de Abancay\"}',1);
INSERT INTO `__PREFIX__subadmin2` (`code`, `country_code`, `subadmin1_code`, `name`, `active`) VALUES ('PE.12.1209','PE','PE.12','{\"en\":\"Provincia de Chupaca\"}',1);
INSERT INTO `__PREFIX__subadmin2` (`code`, `country_code`, `subadmin1_code`, `name`, `active`) VALUES ('PE.09.0905','PE','PE.09','{\"en\":\"Provincia de Churcampa\"}',1);
INSERT INTO `__PREFIX__subadmin2` (`code`, `country_code`, `subadmin1_code`, `name`, `active`) VALUES ('PE.05.0509','PE','PE.05','{\"en\":\"Provincia de Sucre\"}',1);
INSERT INTO `__PREFIX__subadmin2` (`code`, `country_code`, `subadmin1_code`, `name`, `active`) VALUES ('PE.05.0503','PE','PE.05','{\"en\":\"Provincia de Huanca Sancos\"}',1);
INSERT INTO `__PREFIX__subadmin2` (`code`, `country_code`, `subadmin1_code`, `name`, `active`) VALUES ('PE.05.0511','PE','PE.05','{\"en\":\"Provincia de Vilcas Huamán\"}',1);
INSERT INTO `__PREFIX__subadmin2` (`code`, `country_code`, `subadmin1_code`, `name`, `active`) VALUES ('PE.13.1309','PE','PE.13','{\"en\":\"Sanchez Carrion\"}',1);
INSERT INTO `__PREFIX__subadmin2` (`code`, `country_code`, `subadmin1_code`, `name`, `active`) VALUES ('PE.01.0104','PE','PE.01','{\"en\":\"Condorcanqui\"}',1);
INSERT INTO `__PREFIX__subadmin2` (`code`, `country_code`, `subadmin1_code`, `name`, `active`) VALUES ('PE.01.0107','PE','PE.01','{\"en\":\"Utcubamba\"}',1);
INSERT INTO `__PREFIX__subadmin2` (`code`, `country_code`, `subadmin1_code`, `name`, `active`) VALUES ('PE.02.0204','PE','PE.02','{\"en\":\"Asuncion\"}',1);
INSERT INTO `__PREFIX__subadmin2` (`code`, `country_code`, `subadmin1_code`, `name`, `active`) VALUES ('PE.02.0207','PE','PE.02','{\"en\":\"Carlos Fermin Fitzcarrald\"}',1);
INSERT INTO `__PREFIX__subadmin2` (`code`, `country_code`, `subadmin1_code`, `name`, `active`) VALUES ('PE.02.0214','PE','PE.02','{\"en\":\"Ocros\"}',1);
INSERT INTO `__PREFIX__subadmin2` (`code`, `country_code`, `subadmin1_code`, `name`, `active`) VALUES ('PE.03.0306','PE','PE.03','{\"en\":\"Chincheros\"}',1);
INSERT INTO `__PREFIX__subadmin2` (`code`, `country_code`, `subadmin1_code`, `name`, `active`) VALUES ('PE.05.0508','PE','PE.05','{\"en\":\"Paucar Del Sara Sara\"}',1);
INSERT INTO `__PREFIX__subadmin2` (`code`, `country_code`, `subadmin1_code`, `name`, `active`) VALUES ('PE.06.0610','PE','PE.06','{\"en\":\"San Marcos\"}',1);
INSERT INTO `__PREFIX__subadmin2` (`code`, `country_code`, `subadmin1_code`, `name`, `active`) VALUES ('PE.06.0612','PE','PE.06','{\"en\":\"San Pablo\"}',1);
INSERT INTO `__PREFIX__subadmin2` (`code`, `country_code`, `subadmin1_code`, `name`, `active`) VALUES ('PE.09.0906','PE','PE.09','{\"en\":\"Huaytara\"}',1);
INSERT INTO `__PREFIX__subadmin2` (`code`, `country_code`, `subadmin1_code`, `name`, `active`) VALUES ('PE.10.1004','PE','PE.10','{\"en\":\"Huacaybamba\"}',1);
INSERT INTO `__PREFIX__subadmin2` (`code`, `country_code`, `subadmin1_code`, `name`, `active`) VALUES ('PE.10.1009','PE','PE.10','{\"en\":\"Puerto Inca\"}',1);
INSERT INTO `__PREFIX__subadmin2` (`code`, `country_code`, `subadmin1_code`, `name`, `active`) VALUES ('PE.10.1010','PE','PE.10','{\"en\":\"Lauricocha\"}',1);
INSERT INTO `__PREFIX__subadmin2` (`code`, `country_code`, `subadmin1_code`, `name`, `active`) VALUES ('PE.10.1011','PE','PE.10','{\"en\":\"Yarowilca\"}',1);
INSERT INTO `__PREFIX__subadmin2` (`code`, `country_code`, `subadmin1_code`, `name`, `active`) VALUES ('PE.13.1302','PE','PE.13','{\"en\":\"Ascope\"}',1);
INSERT INTO `__PREFIX__subadmin2` (`code`, `country_code`, `subadmin1_code`, `name`, `active`) VALUES ('PE.13.1304','PE','PE.13','{\"en\":\"Chepen\"}',1);
INSERT INTO `__PREFIX__subadmin2` (`code`, `country_code`, `subadmin1_code`, `name`, `active`) VALUES ('PE.13.1305','PE','PE.13','{\"en\":\"Julcan\"}',1);
INSERT INTO `__PREFIX__subadmin2` (`code`, `country_code`, `subadmin1_code`, `name`, `active`) VALUES ('PE.13.1311','PE','PE.13','{\"en\":\"Gran Chimu\"}',1);
INSERT INTO `__PREFIX__subadmin2` (`code`, `country_code`, `subadmin1_code`, `name`, `active`) VALUES ('PE.13.1312','PE','PE.13','{\"en\":\"Viru\"}',1);
INSERT INTO `__PREFIX__subadmin2` (`code`, `country_code`, `subadmin1_code`, `name`, `active`) VALUES ('PE.15.1502','PE','PE.15','{\"en\":\"Barranca\"}',1);
INSERT INTO `__PREFIX__subadmin2` (`code`, `country_code`, `subadmin1_code`, `name`, `active`) VALUES ('PE.15.1508','PE','PE.15','{\"en\":\"Huaura\"}',1);
INSERT INTO `__PREFIX__subadmin2` (`code`, `country_code`, `subadmin1_code`, `name`, `active`) VALUES ('PE.15.1509','PE','PE.15','{\"en\":\"Oyon\"}',1);
INSERT INTO `__PREFIX__subadmin2` (`code`, `country_code`, `subadmin1_code`, `name`, `active`) VALUES ('PE.16.1604','PE','PE.16','{\"en\":\"Mariscal Ramon Castilla\"}',1);
INSERT INTO `__PREFIX__subadmin2` (`code`, `country_code`, `subadmin1_code`, `name`, `active`) VALUES ('PE.16.1607','PE','PE.16','{\"en\":\"Datem del Marañón\"}',1);
INSERT INTO `__PREFIX__subadmin2` (`code`, `country_code`, `subadmin1_code`, `name`, `active`) VALUES ('PE.20.2008','PE','PE.20','{\"en\":\"Sechura\"}',1);
INSERT INTO `__PREFIX__subadmin2` (`code`, `country_code`, `subadmin1_code`, `name`, `active`) VALUES ('PE.21.2105','PE','PE.21','{\"en\":\"El Collao\"}',1);
INSERT INTO `__PREFIX__subadmin2` (`code`, `country_code`, `subadmin1_code`, `name`, `active`) VALUES ('PE.21.2109','PE','PE.21','{\"en\":\"Moho\"}',1);
INSERT INTO `__PREFIX__subadmin2` (`code`, `country_code`, `subadmin1_code`, `name`, `active`) VALUES ('PE.21.2110','PE','PE.21','{\"en\":\"San Antonio De Putina\"}',1);
INSERT INTO `__PREFIX__subadmin2` (`code`, `country_code`, `subadmin1_code`, `name`, `active`) VALUES ('PE.21.2113','PE','PE.21','{\"en\":\"Yunguyo\"}',1);
INSERT INTO `__PREFIX__subadmin2` (`code`, `country_code`, `subadmin1_code`, `name`, `active`) VALUES ('PE.22.2202','PE','PE.22','{\"en\":\"Bellavista\"}',1);
INSERT INTO `__PREFIX__subadmin2` (`code`, `country_code`, `subadmin1_code`, `name`, `active`) VALUES ('PE.22.2203','PE','PE.22','{\"en\":\"El Dorado\"}',1);
INSERT INTO `__PREFIX__subadmin2` (`code`, `country_code`, `subadmin1_code`, `name`, `active`) VALUES ('PE.22.2207','PE','PE.22','{\"en\":\"Picota\"}',1);
INSERT INTO `__PREFIX__subadmin2` (`code`, `country_code`, `subadmin1_code`, `name`, `active`) VALUES ('PE.22.2210','PE','PE.22','{\"en\":\"Tocache\"}',1);
INSERT INTO `__PREFIX__subadmin2` (`code`, `country_code`, `subadmin1_code`, `name`, `active`) VALUES ('PE.23.2302','PE','PE.23','{\"en\":\"Candarave\"}',1);
INSERT INTO `__PREFIX__subadmin2` (`code`, `country_code`, `subadmin1_code`, `name`, `active`) VALUES ('PE.23.2303','PE','PE.23','{\"en\":\"Jorge Basadre\"}',1);
INSERT INTO `__PREFIX__subadmin2` (`code`, `country_code`, `subadmin1_code`, `name`, `active`) VALUES ('PE.25.2502','PE','PE.25','{\"en\":\"Atalaya\"}',1);
INSERT INTO `__PREFIX__subadmin2` (`code`, `country_code`, `subadmin1_code`, `name`, `active`) VALUES ('PE.25.2503','PE','PE.25','{\"en\":\"Padre Abad\"}',1);
INSERT INTO `__PREFIX__subadmin2` (`code`, `country_code`, `subadmin1_code`, `name`, `active`) VALUES ('PE.25.2504','PE','PE.25','{\"en\":\"Purus\"}',1);
INSERT INTO `__PREFIX__subadmin2` (`code`, `country_code`, `subadmin1_code`, `name`, `active`) VALUES ('PE.07.0701','PE','PE.07','{\"en\":\"Callao\"}',1);
INSERT INTO `__PREFIX__subadmin2` (`code`, `country_code`, `subadmin1_code`, `name`, `active`) VALUES ('PE.15.1501','PE','PE.15','{\"en\":\"Lima\"}',1);
INSERT INTO `__PREFIX__subadmin2` (`code`, `country_code`, `subadmin1_code`, `name`, `active`) VALUES ('PE.16.1608','PE','PE.16','{\"en\":\"Putumayo\"}',1);
/*!40000 ALTER TABLE `__PREFIX__subadmin2` ENABLE KEYS */;

--
-- Dumping data for table `__PREFIX__cities`
--

/*!40000 ALTER TABLE `__PREFIX__cities` DISABLE KEYS */;
INSERT INTO `__PREFIX__cities` (`country_code`, `name`, `longitude`, `latitude`, `feature_class`, `feature_code`, `subadmin1_code`, `subadmin2_code`, `population`, `time_zone`, `active`, `created_at`, `updated_at`) VALUES ('PE','{\"en\":\"Zorritos\"}',-80.68,-3.68,'P','PPLA3','PE.24','PE.24.2402',12261,'America/Lima',1,'2018-04-26 23:00:00','2018-04-26 23:00:00');
INSERT INTO `__PREFIX__cities` (`country_code`, `name`, `longitude`, `latitude`, `feature_class`, `feature_code`, `subadmin1_code`, `subadmin2_code`, `population`, `time_zone`, `active`, `created_at`, `updated_at`) VALUES ('PE','{\"en\":\"Yurimaguas\"}',-76.12,-5.90,'P','PPLA3','PE.16','PE.16.1602',41827,'America/Lima',1,'2014-07-02 23:00:00','2014-07-02 23:00:00');
INSERT INTO `__PREFIX__cities` (`country_code`, `name`, `longitude`, `latitude`, `feature_class`, `feature_code`, `subadmin1_code`, `subadmin2_code`, `population`, `time_zone`, `active`, `created_at`, `updated_at`) VALUES ('PE','{\"en\":\"Yungay\"}',-77.74,-9.14,'P','PPLA3','PE.02','PE.02.0220',5269,'America/Lima',1,'2012-07-18 23:00:00','2012-07-18 23:00:00');
INSERT INTO `__PREFIX__cities` (`country_code`, `name`, `longitude`, `latitude`, `feature_class`, `feature_code`, `subadmin1_code`, `subadmin2_code`, `population`, `time_zone`, `active`, `created_at`, `updated_at`) VALUES ('PE','{\"en\":\"Yauya\"}',-77.30,-8.98,'P','PPLA3','PE.02','PE.02.0207',9092,'America/Lima',1,'2012-07-18 23:00:00','2012-07-18 23:00:00');
INSERT INTO `__PREFIX__cities` (`country_code`, `name`, `longitude`, `latitude`, `feature_class`, `feature_code`, `subadmin1_code`, `subadmin2_code`, `population`, `time_zone`, `active`, `created_at`, `updated_at`) VALUES ('PE','{\"en\":\"Virú\"}',-78.75,-8.42,'P','PPL','PE.13','PE.13.1312',20774,'America/Lima',1,'2012-10-06 23:00:00','2012-10-06 23:00:00');
INSERT INTO `__PREFIX__cities` (`country_code`, `name`, `longitude`, `latitude`, `feature_class`, `feature_code`, `subadmin1_code`, `subadmin2_code`, `population`, `time_zone`, `active`, `created_at`, `updated_at`) VALUES ('PE','{\"en\":\"Vice\"}',-80.78,-5.42,'P','PPLA3','PE.20','PE.20.2008',12915,'America/Lima',1,'2012-07-18 23:00:00','2012-07-18 23:00:00');
INSERT INTO `__PREFIX__cities` (`country_code`, `name`, `longitude`, `latitude`, `feature_class`, `feature_code`, `subadmin1_code`, `subadmin2_code`, `population`, `time_zone`, `active`, `created_at`, `updated_at`) VALUES ('PE','{\"en\":\"Uchiza\"}',-76.46,-8.46,'P','PPLA3','PE.22','PE.22.2210',17742,'America/Lima',1,'2017-09-03 23:00:00','2017-09-03 23:00:00');
INSERT INTO `__PREFIX__cities` (`country_code`, `name`, `longitude`, `latitude`, `feature_class`, `feature_code`, `subadmin1_code`, `subadmin2_code`, `population`, `time_zone`, `active`, `created_at`, `updated_at`) VALUES ('PE','{\"en\":\"Tumbes\"}',-80.45,-3.57,'P','PPLA','PE.24','PE.24.2401',109223,'America/Lima',1,'2019-09-04 23:00:00','2019-09-04 23:00:00');
INSERT INTO `__PREFIX__cities` (`country_code`, `name`, `longitude`, `latitude`, `feature_class`, `feature_code`, `subadmin1_code`, `subadmin2_code`, `population`, `time_zone`, `active`, `created_at`, `updated_at`) VALUES ('PE','{\"en\":\"Túcume\"}',-79.86,-6.51,'P','PPL','PE.14','PE.14.1403',7043,'America/Lima',1,'2020-06-10 23:00:00','2020-06-10 23:00:00');
INSERT INTO `__PREFIX__cities` (`country_code`, `name`, `longitude`, `latitude`, `feature_class`, `feature_code`, `subadmin1_code`, `subadmin2_code`, `population`, `time_zone`, `active`, `created_at`, `updated_at`) VALUES ('PE','{\"en\":\"Trujillo\"}',-79.03,-8.12,'P','PPLA','PE.13','PE.13.1301',747450,'America/Lima',1,'2019-09-04 23:00:00','2019-09-04 23:00:00');
INSERT INTO `__PREFIX__cities` (`country_code`, `name`, `longitude`, `latitude`, `feature_class`, `feature_code`, `subadmin1_code`, `subadmin2_code`, `population`, `time_zone`, `active`, `created_at`, `updated_at`) VALUES ('PE','{\"en\":\"Tocache\"}',-76.52,-8.19,'P','PPL','PE.22','PE.22.2210',29029,'America/Lima',1,'2014-07-03 23:00:00','2014-07-03 23:00:00');
INSERT INTO `__PREFIX__cities` (`country_code`, `name`, `longitude`, `latitude`, `feature_class`, `feature_code`, `subadmin1_code`, `subadmin2_code`, `population`, `time_zone`, `active`, `created_at`, `updated_at`) VALUES ('PE','{\"en\":\"Tingo María\"}',-76.00,-9.30,'P','PPL','PE.10','PE.10.1006',53177,'America/Lima',1,'2017-11-11 23:00:00','2017-11-11 23:00:00');
INSERT INTO `__PREFIX__cities` (`country_code`, `name`, `longitude`, `latitude`, `feature_class`, `feature_code`, `subadmin1_code`, `subadmin2_code`, `population`, `time_zone`, `active`, `created_at`, `updated_at`) VALUES ('PE','{\"en\":\"Tambo Grande\"}',-80.34,-4.93,'P','PPLA3','PE.20','PE.20.2001',30033,'America/Lima',1,'2012-07-18 23:00:00','2012-07-18 23:00:00');
INSERT INTO `__PREFIX__cities` (`country_code`, `name`, `longitude`, `latitude`, `feature_class`, `feature_code`, `subadmin1_code`, `subadmin2_code`, `population`, `time_zone`, `active`, `created_at`, `updated_at`) VALUES ('PE','{\"en\":\"Talara\"}',-81.27,-4.58,'P','PPLA3','PE.20','PE.20.2007',99074,'America/Lima',1,'2012-07-18 23:00:00','2012-07-18 23:00:00');
INSERT INTO `__PREFIX__cities` (`country_code`, `name`, `longitude`, `latitude`, `feature_class`, `feature_code`, `subadmin1_code`, `subadmin2_code`, `population`, `time_zone`, `active`, `created_at`, `updated_at`) VALUES ('PE','{\"en\":\"Tabalosos\"}',-76.68,-6.35,'P','PPLA3','PE.22','PE.22.2205',14744,'America/Lima',1,'2012-07-18 23:00:00','2012-07-18 23:00:00');
INSERT INTO `__PREFIX__cities` (`country_code`, `name`, `longitude`, `latitude`, `feature_class`, `feature_code`, `subadmin1_code`, `subadmin2_code`, `population`, `time_zone`, `active`, `created_at`, `updated_at`) VALUES ('PE','{\"en\":\"Sullana\"}',-80.69,-4.90,'P','PPLA3','PE.20','PE.20.2006',160789,'America/Lima',1,'2012-07-18 23:00:00','2012-07-18 23:00:00');
INSERT INTO `__PREFIX__cities` (`country_code`, `name`, `longitude`, `latitude`, `feature_class`, `feature_code`, `subadmin1_code`, `subadmin2_code`, `population`, `time_zone`, `active`, `created_at`, `updated_at`) VALUES ('PE','{\"en\":\"Soritor\"}',-77.10,-6.14,'P','PPLA3','PE.22','PE.22.2201',10858,'America/Lima',1,'2012-07-18 23:00:00','2012-07-18 23:00:00');
INSERT INTO `__PREFIX__cities` (`country_code`, `name`, `longitude`, `latitude`, `feature_class`, `feature_code`, `subadmin1_code`, `subadmin2_code`, `population`, `time_zone`, `active`, `created_at`, `updated_at`) VALUES ('PE','{\"en\":\"Sechura\"}',-80.82,-5.56,'P','PPLA3','PE.20','PE.20.2008',23020,'America/Lima',1,'2012-07-18 23:00:00','2012-07-18 23:00:00');
INSERT INTO `__PREFIX__cities` (`country_code`, `name`, `longitude`, `latitude`, `feature_class`, `feature_code`, `subadmin1_code`, `subadmin2_code`, `population`, `time_zone`, `active`, `created_at`, `updated_at`) VALUES ('PE','{\"en\":\"Saposoa\"}',-76.77,-6.93,'P','PPLA3','PE.22','PE.22.2204',14894,'America/Lima',1,'2012-07-18 23:00:00','2012-07-18 23:00:00');
INSERT INTO `__PREFIX__cities` (`country_code`, `name`, `longitude`, `latitude`, `feature_class`, `feature_code`, `subadmin1_code`, `subadmin2_code`, `population`, `time_zone`, `active`, `created_at`, `updated_at`) VALUES ('PE','{\"en\":\"Santiago de Chuco\"}',-78.17,-8.14,'P','PPL','PE.13','PE.13.1310',6759,'America/Lima',1,'2013-04-03 23:00:00','2013-04-03 23:00:00');
INSERT INTO `__PREFIX__cities` (`country_code`, `name`, `longitude`, `latitude`, `feature_class`, `feature_code`, `subadmin1_code`, `subadmin2_code`, `population`, `time_zone`, `active`, `created_at`, `updated_at`) VALUES ('PE','{\"en\":\"Santiago de Cao\"}',-79.24,-7.96,'P','PPL','PE.13','PE.13.1302',21982,'America/Lima',1,'2014-04-05 23:00:00','2014-04-05 23:00:00');
INSERT INTO `__PREFIX__cities` (`country_code`, `name`, `longitude`, `latitude`, `feature_class`, `feature_code`, `subadmin1_code`, `subadmin2_code`, `population`, `time_zone`, `active`, `created_at`, `updated_at`) VALUES ('PE','{\"en\":\"Santa Rosa\"}',-79.83,-6.76,'P','PPL','PE.14','PE.14.1401',10625,'America/Lima',1,'2015-12-05 23:00:00','2015-12-05 23:00:00');
INSERT INTO `__PREFIX__cities` (`country_code`, `name`, `longitude`, `latitude`, `feature_class`, `feature_code`, `subadmin1_code`, `subadmin2_code`, `population`, `time_zone`, `active`, `created_at`, `updated_at`) VALUES ('PE','{\"en\":\"San Pedro de Lloc\"}',-79.50,-7.43,'P','PPL','PE.13','PE.13.1307',16250,'America/Lima',1,'2012-10-06 23:00:00','2012-10-06 23:00:00');
INSERT INTO `__PREFIX__cities` (`country_code`, `name`, `longitude`, `latitude`, `feature_class`, `feature_code`, `subadmin1_code`, `subadmin2_code`, `population`, `time_zone`, `active`, `created_at`, `updated_at`) VALUES ('PE','{\"en\":\"San Lucas ( Pueblo Nuevo de Colan)\"}',-81.06,-4.91,'P','PPL','PE.20','PE.20.2005',9874,'America/Lima',1,'2020-05-10 23:00:00','2020-05-10 23:00:00');
INSERT INTO `__PREFIX__cities` (`country_code`, `name`, `longitude`, `latitude`, `feature_class`, `feature_code`, `subadmin1_code`, `subadmin2_code`, `population`, `time_zone`, `active`, `created_at`, `updated_at`) VALUES ('PE','{\"en\":\"San Juan\"}',-73.28,-3.78,'P','PPL','PE.16','PE.16.1601',78153,'America/Lima',1,'2020-05-10 23:00:00','2020-05-10 23:00:00');
INSERT INTO `__PREFIX__cities` (`country_code`, `name`, `longitude`, `latitude`, `feature_class`, `feature_code`, `subadmin1_code`, `subadmin2_code`, `population`, `time_zone`, `active`, `created_at`, `updated_at`) VALUES ('PE','{\"en\":\"Sisa\"}',-76.69,-6.61,'P','PPL','PE.22','PE.22.2203',9477,'America/Lima',1,'2015-11-07 23:00:00','2015-11-07 23:00:00');
INSERT INTO `__PREFIX__cities` (`country_code`, `name`, `longitude`, `latitude`, `feature_class`, `feature_code`, `subadmin1_code`, `subadmin2_code`, `population`, `time_zone`, `active`, `created_at`, `updated_at`) VALUES ('PE','{\"en\":\"San José\"}',-79.83,-6.74,'P','PPL','PE.14','PE.14.1401',7434,'America/Lima',1,'2015-12-05 23:00:00','2015-12-05 23:00:00');
INSERT INTO `__PREFIX__cities` (`country_code`, `name`, `longitude`, `latitude`, `feature_class`, `feature_code`, `subadmin1_code`, `subadmin2_code`, `population`, `time_zone`, `active`, `created_at`, `updated_at`) VALUES ('PE','{\"en\":\"San Ignacio\"}',-79.00,-5.15,'P','PPLA3','PE.06','PE.06.0609',7912,'America/Lima',1,'2018-04-27 23:00:00','2018-04-27 23:00:00');
INSERT INTO `__PREFIX__cities` (`country_code`, `name`, `longitude`, `latitude`, `feature_class`, `feature_code`, `subadmin1_code`, `subadmin2_code`, `population`, `time_zone`, `active`, `created_at`, `updated_at`) VALUES ('PE','{\"en\":\"Saña\"}',-79.58,-6.92,'P','PPL','PE.14','PE.14.1401',39200,'America/Lima',1,'2015-12-05 23:00:00','2015-12-05 23:00:00');
INSERT INTO `__PREFIX__cities` (`country_code`, `name`, `longitude`, `latitude`, `feature_class`, `feature_code`, `subadmin1_code`, `subadmin2_code`, `population`, `time_zone`, `active`, `created_at`, `updated_at`) VALUES ('PE','{\"en\":\"Salitral\"}',-80.68,-4.86,'P','PPLA3','PE.20','PE.20.2006',5385,'America/Lima',1,'2012-07-18 23:00:00','2012-07-18 23:00:00');
INSERT INTO `__PREFIX__cities` (`country_code`, `name`, `longitude`, `latitude`, `feature_class`, `feature_code`, `subadmin1_code`, `subadmin2_code`, `population`, `time_zone`, `active`, `created_at`, `updated_at`) VALUES ('PE','{\"en\":\"Salinera Colán\"}',-81.07,-5.03,'P','PPL','PE.20','PE.20.2005',14210,'America/Lima',1,'2018-12-04 23:00:00','2018-12-04 23:00:00');
INSERT INTO `__PREFIX__cities` (`country_code`, `name`, `longitude`, `latitude`, `feature_class`, `feature_code`, `subadmin1_code`, `subadmin2_code`, `population`, `time_zone`, `active`, `created_at`, `updated_at`) VALUES ('PE','{\"en\":\"Salaverry\"}',-78.98,-8.22,'P','PPLA3','PE.13','PE.13.1301',10066,'America/Lima',1,'2014-04-21 23:00:00','2014-04-21 23:00:00');
INSERT INTO `__PREFIX__cities` (`country_code`, `name`, `longitude`, `latitude`, `feature_class`, `feature_code`, `subadmin1_code`, `subadmin2_code`, `population`, `time_zone`, `active`, `created_at`, `updated_at`) VALUES ('PE','{\"en\":\"Rioja\"}',-77.17,-6.06,'P','PPLA3','PE.22','PE.22.2208',25057,'America/Lima',1,'2014-07-06 23:00:00','2014-07-06 23:00:00');
INSERT INTO `__PREFIX__cities` (`country_code`, `name`, `longitude`, `latitude`, `feature_class`, `feature_code`, `subadmin1_code`, `subadmin2_code`, `population`, `time_zone`, `active`, `created_at`, `updated_at`) VALUES ('PE','{\"en\":\"Reque\"}',-79.82,-6.87,'P','PPLA3','PE.14','PE.14.1401',9808,'America/Lima',1,'2012-07-18 23:00:00','2012-07-18 23:00:00');
INSERT INTO `__PREFIX__cities` (`country_code`, `name`, `longitude`, `latitude`, `feature_class`, `feature_code`, `subadmin1_code`, `subadmin2_code`, `population`, `time_zone`, `active`, `created_at`, `updated_at`) VALUES ('PE','{\"en\":\"Ramón Castilla\"}',-69.96,-4.26,'P','PPL','PE.16','PE.16.1604',5495,'America/Lima',1,'2012-10-06 23:00:00','2012-10-06 23:00:00');
INSERT INTO `__PREFIX__cities` (`country_code`, `name`, `longitude`, `latitude`, `feature_class`, `feature_code`, `subadmin1_code`, `subadmin2_code`, `population`, `time_zone`, `active`, `created_at`, `updated_at`) VALUES ('PE','{\"en\":\"Quiruvilca\"}',-78.20,-7.97,'P','PPL','PE.13','PE.13.1310',9226,'America/Lima',1,'2012-07-18 23:00:00','2012-07-18 23:00:00');
INSERT INTO `__PREFIX__cities` (`country_code`, `name`, `longitude`, `latitude`, `feature_class`, `feature_code`, `subadmin1_code`, `subadmin2_code`, `population`, `time_zone`, `active`, `created_at`, `updated_at`) VALUES ('PE','{\"en\":\"Querecotillo\"}',-80.65,-4.84,'P','PPLA3','PE.20','PE.20.2006',25396,'America/Lima',1,'2012-07-18 23:00:00','2012-07-18 23:00:00');
INSERT INTO `__PREFIX__cities` (`country_code`, `name`, `longitude`, `latitude`, `feature_class`, `feature_code`, `subadmin1_code`, `subadmin2_code`, `population`, `time_zone`, `active`, `created_at`, `updated_at`) VALUES ('PE','{\"en\":\"Puerto Santa\"}',-78.65,-8.99,'P','PPL','PE.02','PE.02.0218',14066,'America/Lima',1,'2015-09-05 23:00:00','2015-09-05 23:00:00');
INSERT INTO `__PREFIX__cities` (`country_code`, `name`, `longitude`, `latitude`, `feature_class`, `feature_code`, `subadmin1_code`, `subadmin2_code`, `population`, `time_zone`, `active`, `created_at`, `updated_at`) VALUES ('PE','{\"en\":\"Pueblo Nuevo\"}',-79.52,-7.19,'P','PPLA3','PE.13','PE.13.1304',5766,'America/Lima',1,'2018-04-26 23:00:00','2018-04-26 23:00:00');
INSERT INTO `__PREFIX__cities` (`country_code`, `name`, `longitude`, `latitude`, `feature_class`, `feature_code`, `subadmin1_code`, `subadmin2_code`, `population`, `time_zone`, `active`, `created_at`, `updated_at`) VALUES ('PE','{\"en\":\"Pueblo Nuevo\"}',-79.88,-5.72,'P','PPL','PE.14','PE.14.1403',12471,'America/Lima',1,'2018-12-04 23:00:00','2018-12-04 23:00:00');
INSERT INTO `__PREFIX__cities` (`country_code`, `name`, `longitude`, `latitude`, `feature_class`, `feature_code`, `subadmin1_code`, `subadmin2_code`, `population`, `time_zone`, `active`, `created_at`, `updated_at`) VALUES ('PE','{\"en\":\"Pucallpa\"}',-74.55,-8.38,'P','PPLA','PE.25','PE.25.2501',310750,'America/Lima',1,'2012-07-18 23:00:00','2012-07-18 23:00:00');
INSERT INTO `__PREFIX__cities` (`country_code`, `name`, `longitude`, `latitude`, `feature_class`, `feature_code`, `subadmin1_code`, `subadmin2_code`, `population`, `time_zone`, `active`, `created_at`, `updated_at`) VALUES ('PE','{\"en\":\"Hacienda Pucala\"}',-79.60,-6.78,'P','PPL','PE.14','PE.14.1401',6277,'America/Lima',1,'2020-05-10 23:00:00','2020-05-10 23:00:00');
INSERT INTO `__PREFIX__cities` (`country_code`, `name`, `longitude`, `latitude`, `feature_class`, `feature_code`, `subadmin1_code`, `subadmin2_code`, `population`, `time_zone`, `active`, `created_at`, `updated_at`) VALUES ('PE','{\"en\":\"Piura\"}',-80.63,-5.19,'P','PPLA','PE.20','PE.20.2001',325466,'America/Lima',1,'2019-09-04 23:00:00','2019-09-04 23:00:00');
INSERT INTO `__PREFIX__cities` (`country_code`, `name`, `longitude`, `latitude`, `feature_class`, `feature_code`, `subadmin1_code`, `subadmin2_code`, `population`, `time_zone`, `active`, `created_at`, `updated_at`) VALUES ('PE','{\"en\":\"Pimentel\"}',-79.93,-6.84,'P','PPLA3','PE.14','PE.14.1401',15552,'America/Lima',1,'2012-07-18 23:00:00','2012-07-18 23:00:00');
INSERT INTO `__PREFIX__cities` (`country_code`, `name`, `longitude`, `latitude`, `feature_class`, `feature_code`, `subadmin1_code`, `subadmin2_code`, `population`, `time_zone`, `active`, `created_at`, `updated_at`) VALUES ('PE','{\"en\":\"Picsi\"}',-79.77,-6.72,'P','PPLA3','PE.14','PE.14.1401',43610,'America/Lima',1,'2012-07-18 23:00:00','2012-07-18 23:00:00');
INSERT INTO `__PREFIX__cities` (`country_code`, `name`, `longitude`, `latitude`, `feature_class`, `feature_code`, `subadmin1_code`, `subadmin2_code`, `population`, `time_zone`, `active`, `created_at`, `updated_at`) VALUES ('PE','{\"en\":\"Picota\"}',-76.33,-6.92,'P','PPLA3','PE.22','PE.22.2207',6697,'America/Lima',1,'2015-06-22 23:00:00','2015-06-22 23:00:00');
INSERT INTO `__PREFIX__cities` (`country_code`, `name`, `longitude`, `latitude`, `feature_class`, `feature_code`, `subadmin1_code`, `subadmin2_code`, `population`, `time_zone`, `active`, `created_at`, `updated_at`) VALUES ('PE','{\"en\":\"Pátapo\"}',-79.64,-6.73,'P','PPL','PE.14','PE.14.1401',15270,'America/Lima',1,'2020-05-10 23:00:00','2020-05-10 23:00:00');
INSERT INTO `__PREFIX__cities` (`country_code`, `name`, `longitude`, `latitude`, `feature_class`, `feature_code`, `subadmin1_code`, `subadmin2_code`, `population`, `time_zone`, `active`, `created_at`, `updated_at`) VALUES ('PE','{\"en\":\"Paita\"}',-81.11,-5.09,'P','PPLA3','PE.20','PE.20.2005',56151,'America/Lima',1,'2012-07-18 23:00:00','2012-07-18 23:00:00');
INSERT INTO `__PREFIX__cities` (`country_code`, `name`, `longitude`, `latitude`, `feature_class`, `feature_code`, `subadmin1_code`, `subadmin2_code`, `population`, `time_zone`, `active`, `created_at`, `updated_at`) VALUES ('PE','{\"en\":\"Paiján\"}',-79.30,-7.73,'P','PPL','PE.13','PE.13.1302',21128,'America/Lima',1,'2013-04-03 23:00:00','2013-04-03 23:00:00');
INSERT INTO `__PREFIX__cities` (`country_code`, `name`, `longitude`, `latitude`, `feature_class`, `feature_code`, `subadmin1_code`, `subadmin2_code`, `population`, `time_zone`, `active`, `created_at`, `updated_at`) VALUES ('PE','{\"en\":\"Pacasmayo\"}',-79.57,-7.40,'P','PPLA3','PE.13','PE.13.1307',29165,'America/Lima',1,'2012-07-18 23:00:00','2012-07-18 23:00:00');
INSERT INTO `__PREFIX__cities` (`country_code`, `name`, `longitude`, `latitude`, `feature_class`, `feature_code`, `subadmin1_code`, `subadmin2_code`, `population`, `time_zone`, `active`, `created_at`, `updated_at`) VALUES ('PE','{\"en\":\"Pacanga\"}',-79.50,-7.17,'P','PPLA3','PE.13','PE.13.1304',8750,'America/Lima',1,'2012-07-18 23:00:00','2012-07-18 23:00:00');
INSERT INTO `__PREFIX__cities` (`country_code`, `name`, `longitude`, `latitude`, `feature_class`, `feature_code`, `subadmin1_code`, `subadmin2_code`, `population`, `time_zone`, `active`, `created_at`, `updated_at`) VALUES ('PE','{\"en\":\"Oyotún\"}',-79.30,-6.84,'P','PPL','PE.14','PE.14.1401',6330,'America/Lima',1,'2015-08-06 23:00:00','2015-08-06 23:00:00');
INSERT INTO `__PREFIX__cities` (`country_code`, `name`, `longitude`, `latitude`, `feature_class`, `feature_code`, `subadmin1_code`, `subadmin2_code`, `population`, `time_zone`, `active`, `created_at`, `updated_at`) VALUES ('PE','{\"en\":\"Otuzco\"}',-78.58,-7.90,'P','PPLA3','PE.13','PE.13.1306',10134,'America/Lima',1,'2012-07-18 23:00:00','2012-07-18 23:00:00');
INSERT INTO `__PREFIX__cities` (`country_code`, `name`, `longitude`, `latitude`, `feature_class`, `feature_code`, `subadmin1_code`, `subadmin2_code`, `population`, `time_zone`, `active`, `created_at`, `updated_at`) VALUES ('PE','{\"en\":\"Olmos\"}',-79.75,-5.98,'P','PPLA3','PE.14','PE.14.1403',9800,'America/Lima',1,'2012-07-18 23:00:00','2012-07-18 23:00:00');
INSERT INTO `__PREFIX__cities` (`country_code`, `name`, `longitude`, `latitude`, `feature_class`, `feature_code`, `subadmin1_code`, `subadmin2_code`, `population`, `time_zone`, `active`, `created_at`, `updated_at`) VALUES ('PE','{\"en\":\"Nauta\"}',-73.58,-4.51,'P','PPLA3','PE.16','PE.16.1603',14646,'America/Lima',1,'2020-05-10 23:00:00','2020-05-10 23:00:00');
INSERT INTO `__PREFIX__cities` (`country_code`, `name`, `longitude`, `latitude`, `feature_class`, `feature_code`, `subadmin1_code`, `subadmin2_code`, `population`, `time_zone`, `active`, `created_at`, `updated_at`) VALUES ('PE','{\"en\":\"Moyobamba\"}',-76.97,-6.03,'P','PPLA','PE.22','PE.22.2201',44276,'America/Lima',1,'2019-09-04 23:00:00','2019-09-04 23:00:00');
INSERT INTO `__PREFIX__cities` (`country_code`, `name`, `longitude`, `latitude`, `feature_class`, `feature_code`, `subadmin1_code`, `subadmin2_code`, `population`, `time_zone`, `active`, `created_at`, `updated_at`) VALUES ('PE','{\"en\":\"Motupe\"}',-79.71,-6.15,'P','PPLA3','PE.14','PE.14.1403',13681,'America/Lima',1,'2012-07-18 23:00:00','2012-07-18 23:00:00');
INSERT INTO `__PREFIX__cities` (`country_code`, `name`, `longitude`, `latitude`, `feature_class`, `feature_code`, `subadmin1_code`, `subadmin2_code`, `population`, `time_zone`, `active`, `created_at`, `updated_at`) VALUES ('PE','{\"en\":\"Morropón\"}',-79.97,-5.19,'P','PPL','PE.20','PE.20.2004',12307,'America/Lima',1,'2018-12-04 23:00:00','2018-12-04 23:00:00');
INSERT INTO `__PREFIX__cities` (`country_code`, `name`, `longitude`, `latitude`, `feature_class`, `feature_code`, `subadmin1_code`, `subadmin2_code`, `population`, `time_zone`, `active`, `created_at`, `updated_at`) VALUES ('PE','{\"en\":\"Mórrope\"}',-80.01,-6.54,'P','PPL','PE.14','PE.14.1403',6662,'America/Lima',1,'2016-01-06 23:00:00','2016-01-06 23:00:00');
INSERT INTO `__PREFIX__cities` (`country_code`, `name`, `longitude`, `latitude`, `feature_class`, `feature_code`, `subadmin1_code`, `subadmin2_code`, `population`, `time_zone`, `active`, `created_at`, `updated_at`) VALUES ('PE','{\"en\":\"Monsefú\"}',-79.87,-6.87,'P','PPL','PE.14','PE.14.1401',25707,'America/Lima',1,'2015-12-05 23:00:00','2015-12-05 23:00:00');
INSERT INTO `__PREFIX__cities` (`country_code`, `name`, `longitude`, `latitude`, `feature_class`, `feature_code`, `subadmin1_code`, `subadmin2_code`, `population`, `time_zone`, `active`, `created_at`, `updated_at`) VALUES ('PE','{\"en\":\"Mochumí\"}',-79.86,-6.54,'P','PPL','PE.14','PE.14.1403',7460,'America/Lima',1,'2020-06-10 23:00:00','2020-06-10 23:00:00');
INSERT INTO `__PREFIX__cities` (`country_code`, `name`, `longitude`, `latitude`, `feature_class`, `feature_code`, `subadmin1_code`, `subadmin2_code`, `population`, `time_zone`, `active`, `created_at`, `updated_at`) VALUES ('PE','{\"en\":\"Moche\"}',-79.01,-8.17,'P','PPLA3','PE.13','PE.13.1301',22581,'America/Lima',1,'2012-07-18 23:00:00','2012-07-18 23:00:00');
INSERT INTO `__PREFIX__cities` (`country_code`, `name`, `longitude`, `latitude`, `feature_class`, `feature_code`, `subadmin1_code`, `subadmin2_code`, `population`, `time_zone`, `active`, `created_at`, `updated_at`) VALUES ('PE','{\"en\":\"La Matanza\"}',-80.09,-5.21,'P','PPL','PE.20','PE.20.2004',5828,'America/Lima',1,'2020-05-10 23:00:00','2020-05-10 23:00:00');
INSERT INTO `__PREFIX__cities` (`country_code`, `name`, `longitude`, `latitude`, `feature_class`, `feature_code`, `subadmin1_code`, `subadmin2_code`, `population`, `time_zone`, `active`, `created_at`, `updated_at`) VALUES ('PE','{\"en\":\"Marcavelica\"}',-80.71,-4.88,'P','PPLA3','PE.20','PE.20.2006',25645,'America/Lima',1,'2012-07-18 23:00:00','2012-07-18 23:00:00');
INSERT INTO `__PREFIX__cities` (`country_code`, `name`, `longitude`, `latitude`, `feature_class`, `feature_code`, `subadmin1_code`, `subadmin2_code`, `population`, `time_zone`, `active`, `created_at`, `updated_at`) VALUES ('PE','{\"en\":\"Máncora\"}',-81.05,-4.11,'P','PPL','PE.20','PE.20.2007',9101,'America/Lima',1,'2020-06-10 23:00:00','2020-06-10 23:00:00');
INSERT INTO `__PREFIX__cities` (`country_code`, `name`, `longitude`, `latitude`, `feature_class`, `feature_code`, `subadmin1_code`, `subadmin2_code`, `population`, `time_zone`, `active`, `created_at`, `updated_at`) VALUES ('PE','{\"en\":\"La Unión\"}',-80.74,-5.40,'P','PPL','PE.20','PE.20.2001',34834,'America/Lima',1,'2018-12-04 23:00:00','2018-12-04 23:00:00');
INSERT INTO `__PREFIX__cities` (`country_code`, `name`, `longitude`, `latitude`, `feature_class`, `feature_code`, `subadmin1_code`, `subadmin2_code`, `population`, `time_zone`, `active`, `created_at`, `updated_at`) VALUES ('PE','{\"en\":\"Las Lomas\"}',-80.25,-4.65,'P','PPLA3','PE.20','PE.20.2001',9450,'America/Lima',1,'2012-07-18 23:00:00','2012-07-18 23:00:00');
INSERT INTO `__PREFIX__cities` (`country_code`, `name`, `longitude`, `latitude`, `feature_class`, `feature_code`, `subadmin1_code`, `subadmin2_code`, `population`, `time_zone`, `active`, `created_at`, `updated_at`) VALUES ('PE','{\"en\":\"Laredo\"}',-78.96,-8.09,'P','PPLA3','PE.13','PE.13.1301',24691,'America/Lima',1,'2012-07-18 23:00:00','2012-07-18 23:00:00');
INSERT INTO `__PREFIX__cities` (`country_code`, `name`, `longitude`, `latitude`, `feature_class`, `feature_code`, `subadmin1_code`, `subadmin2_code`, `population`, `time_zone`, `active`, `created_at`, `updated_at`) VALUES ('PE','{\"en\":\"La Peca\"}',-78.44,-5.61,'P','PPLA3','PE.01','PE.01.0102',27045,'America/Lima',1,'2012-07-18 23:00:00','2012-07-18 23:00:00');
INSERT INTO `__PREFIX__cities` (`country_code`, `name`, `longitude`, `latitude`, `feature_class`, `feature_code`, `subadmin1_code`, `subadmin2_code`, `population`, `time_zone`, `active`, `created_at`, `updated_at`) VALUES ('PE','{\"en\":\"Lambayeque\"}',-79.91,-6.70,'P','PPLA3','PE.14','PE.14.1403',43710,'America/Lima',1,'2012-07-18 23:00:00','2012-07-18 23:00:00');
INSERT INTO `__PREFIX__cities` (`country_code`, `name`, `longitude`, `latitude`, `feature_class`, `feature_code`, `subadmin1_code`, `subadmin2_code`, `population`, `time_zone`, `active`, `created_at`, `updated_at`) VALUES ('PE','{\"en\":\"Lamas\"}',-76.53,-6.42,'P','PPLA3','PE.22','PE.22.2205',13693,'America/Lima',1,'2012-07-18 23:00:00','2012-07-18 23:00:00');
INSERT INTO `__PREFIX__cities` (`country_code`, `name`, `longitude`, `latitude`, `feature_class`, `feature_code`, `subadmin1_code`, `subadmin2_code`, `population`, `time_zone`, `active`, `created_at`, `updated_at`) VALUES ('PE','{\"en\":\"La Legua - San Jacinto\"}',-80.66,-5.24,'P','PPL','PE.20','PE.20.2001',7548,'America/Lima',1,'2020-05-29 23:00:00','2020-05-29 23:00:00');
INSERT INTO `__PREFIX__cities` (`country_code`, `name`, `longitude`, `latitude`, `feature_class`, `feature_code`, `subadmin1_code`, `subadmin2_code`, `population`, `time_zone`, `active`, `created_at`, `updated_at`) VALUES ('PE','{\"en\":\"La Huaca\"}',-80.96,-4.91,'P','PPLA3','PE.20','PE.20.2005',8468,'America/Lima',1,'2012-07-18 23:00:00','2012-07-18 23:00:00');
INSERT INTO `__PREFIX__cities` (`country_code`, `name`, `longitude`, `latitude`, `feature_class`, `feature_code`, `subadmin1_code`, `subadmin2_code`, `population`, `time_zone`, `active`, `created_at`, `updated_at`) VALUES ('PE','{\"en\":\"Lagunas\"}',-75.68,-5.23,'P','PPLA3','PE.16','PE.16.1602',9197,'America/Lima',1,'2012-07-18 23:00:00','2012-07-18 23:00:00');
INSERT INTO `__PREFIX__cities` (`country_code`, `name`, `longitude`, `latitude`, `feature_class`, `feature_code`, `subadmin1_code`, `subadmin2_code`, `population`, `time_zone`, `active`, `created_at`, `updated_at`) VALUES ('PE','{\"en\":\"Juanjuí\"}',-76.73,-7.18,'P','PPL','PE.22','PE.22.2206',37715,'America/Lima',1,'2017-12-10 23:00:00','2017-12-10 23:00:00');
INSERT INTO `__PREFIX__cities` (`country_code`, `name`, `longitude`, `latitude`, `feature_class`, `feature_code`, `subadmin1_code`, `subadmin2_code`, `population`, `time_zone`, `active`, `created_at`, `updated_at`) VALUES ('PE','{\"en\":\"Jepelacio\"}',-76.95,-6.12,'P','PPLA3','PE.22','PE.22.2201',7150,'America/Lima',1,'2012-07-18 23:00:00','2012-07-18 23:00:00');
INSERT INTO `__PREFIX__cities` (`country_code`, `name`, `longitude`, `latitude`, `feature_class`, `feature_code`, `subadmin1_code`, `subadmin2_code`, `population`, `time_zone`, `active`, `created_at`, `updated_at`) VALUES ('PE','{\"en\":\"Jayanca\"}',-79.82,-6.39,'P','PPLA3','PE.14','PE.14.1403',6126,'America/Lima',1,'2012-07-18 23:00:00','2012-07-18 23:00:00');
INSERT INTO `__PREFIX__cities` (`country_code`, `name`, `longitude`, `latitude`, `feature_class`, `feature_code`, `subadmin1_code`, `subadmin2_code`, `population`, `time_zone`, `active`, `created_at`, `updated_at`) VALUES ('PE','{\"en\":\"Jaén\"}',-78.81,-5.71,'P','PPL','PE.06','PE.06.0608',52493,'America/Lima',1,'2019-07-15 23:00:00','2019-07-15 23:00:00');
INSERT INTO `__PREFIX__cities` (`country_code`, `name`, `longitude`, `latitude`, `feature_class`, `feature_code`, `subadmin1_code`, `subadmin2_code`, `population`, `time_zone`, `active`, `created_at`, `updated_at`) VALUES ('PE','{\"en\":\"Iquitos\"}',-73.25,-3.75,'P','PPLA','PE.16','PE.16.1601',437620,'America/Lima',1,'2019-09-04 23:00:00','2019-09-04 23:00:00');
INSERT INTO `__PREFIX__cities` (`country_code`, `name`, `longitude`, `latitude`, `feature_class`, `feature_code`, `subadmin1_code`, `subadmin2_code`, `population`, `time_zone`, `active`, `created_at`, `updated_at`) VALUES ('PE','{\"en\":\"Huicungo\"}',-76.78,-7.32,'P','PPL','PE.22','PE.22.2206',6757,'America/Lima',1,'2018-12-04 23:00:00','2018-12-04 23:00:00');
INSERT INTO `__PREFIX__cities` (`country_code`, `name`, `longitude`, `latitude`, `feature_class`, `feature_code`, `subadmin1_code`, `subadmin2_code`, `population`, `time_zone`, `active`, `created_at`, `updated_at`) VALUES ('PE','{\"en\":\"Huaraz\"}',-77.53,-9.53,'P','PPLA','PE.02','PE.02.0201',86934,'America/Lima',1,'2019-09-04 23:00:00','2019-09-04 23:00:00');
INSERT INTO `__PREFIX__cities` (`country_code`, `name`, `longitude`, `latitude`, `feature_class`, `feature_code`, `subadmin1_code`, `subadmin2_code`, `population`, `time_zone`, `active`, `created_at`, `updated_at`) VALUES ('PE','{\"en\":\"Huánuco\"}',-76.24,-9.93,'P','PPLA','PE.10','PE.10.1001',147959,'America/Lima',1,'2016-12-04 23:00:00','2016-12-04 23:00:00');
INSERT INTO `__PREFIX__cities` (`country_code`, `name`, `longitude`, `latitude`, `feature_class`, `feature_code`, `subadmin1_code`, `subadmin2_code`, `population`, `time_zone`, `active`, `created_at`, `updated_at`) VALUES ('PE','{\"en\":\"Huancabamba\"}',-79.45,-5.24,'P','PPLA3','PE.20','PE.20.2003',8553,'America/Lima',1,'2019-08-18 23:00:00','2019-08-18 23:00:00');
INSERT INTO `__PREFIX__cities` (`country_code`, `name`, `longitude`, `latitude`, `feature_class`, `feature_code`, `subadmin1_code`, `subadmin2_code`, `population`, `time_zone`, `active`, `created_at`, `updated_at`) VALUES ('PE','{\"en\":\"Huamachuco\"}',-78.07,-7.80,'P','PPLA3','PE.13','PE.13.1309',21768,'America/Lima',1,'2012-07-18 23:00:00','2012-07-18 23:00:00');
INSERT INTO `__PREFIX__cities` (`country_code`, `name`, `longitude`, `latitude`, `feature_class`, `feature_code`, `subadmin1_code`, `subadmin2_code`, `population`, `time_zone`, `active`, `created_at`, `updated_at`) VALUES ('PE','{\"en\":\"Guadalupe\"}',-79.48,-7.25,'P','PPLA3','PE.13','PE.13.1307',25376,'America/Lima',1,'2018-04-26 23:00:00','2018-04-26 23:00:00');
INSERT INTO `__PREFIX__cities` (`country_code`, `name`, `longitude`, `latitude`, `feature_class`, `feature_code`, `subadmin1_code`, `subadmin2_code`, `population`, `time_zone`, `active`, `created_at`, `updated_at`) VALUES ('PE','{\"en\":\"Ferreñafe\"}',-79.79,-6.64,'P','PPLA3','PE.14','PE.14.1402',34357,'America/Lima',1,'2012-07-18 23:00:00','2012-07-18 23:00:00');
INSERT INTO `__PREFIX__cities` (`country_code`, `name`, `longitude`, `latitude`, `feature_class`, `feature_code`, `subadmin1_code`, `subadmin2_code`, `population`, `time_zone`, `active`, `created_at`, `updated_at`) VALUES ('PE','{\"en\":\"Eten\"}',-79.86,-6.91,'P','PPLA3','PE.14','PE.14.1401',13693,'America/Lima',1,'2012-07-18 23:00:00','2012-07-18 23:00:00');
INSERT INTO `__PREFIX__cities` (`country_code`, `name`, `longitude`, `latitude`, `feature_class`, `feature_code`, `subadmin1_code`, `subadmin2_code`, `population`, `time_zone`, `active`, `created_at`, `updated_at`) VALUES ('PE','{\"en\":\"San Antonio del Estrecho\"}',-72.67,-2.45,'P','PPLA2','PE.16','PE.16.1608',8000,'America/Lima',1,'2019-09-04 23:00:00','2019-09-04 23:00:00');
INSERT INTO `__PREFIX__cities` (`country_code`, `name`, `longitude`, `latitude`, `feature_class`, `feature_code`, `subadmin1_code`, `subadmin2_code`, `population`, `time_zone`, `active`, `created_at`, `updated_at`) VALUES ('PE','{\"en\":\"El Alto\"}',-81.22,-4.27,'P','PPL','PE.20','PE.20.2007',9303,'America/Lima',1,'2018-12-04 23:00:00','2018-12-04 23:00:00');
INSERT INTO `__PREFIX__cities` (`country_code`, `name`, `longitude`, `latitude`, `feature_class`, `feature_code`, `subadmin1_code`, `subadmin2_code`, `population`, `time_zone`, `active`, `created_at`, `updated_at`) VALUES ('PE','{\"en\":\"Contamana\"}',-75.02,-7.33,'P','PPLA3','PE.16','PE.16.1606',13885,'America/Lima',1,'2014-04-12 23:00:00','2014-04-12 23:00:00');
INSERT INTO `__PREFIX__cities` (`country_code`, `name`, `longitude`, `latitude`, `feature_class`, `feature_code`, `subadmin1_code`, `subadmin2_code`, `population`, `time_zone`, `active`, `created_at`, `updated_at`) VALUES ('PE','{\"en\":\"Coishco\"}',-78.62,-9.02,'P','PPLA3','PE.02','PE.02.0218',15083,'America/Lima',1,'2012-07-18 23:00:00','2012-07-18 23:00:00');
INSERT INTO `__PREFIX__cities` (`country_code`, `name`, `longitude`, `latitude`, `feature_class`, `feature_code`, `subadmin1_code`, `subadmin2_code`, `population`, `time_zone`, `active`, `created_at`, `updated_at`) VALUES ('PE','{\"en\":\"Chulucanas\"}',-80.16,-5.09,'P','PPLA3','PE.20','PE.20.2004',68835,'America/Lima',1,'2012-07-18 23:00:00','2012-07-18 23:00:00');
INSERT INTO `__PREFIX__cities` (`country_code`, `name`, `longitude`, `latitude`, `feature_class`, `feature_code`, `subadmin1_code`, `subadmin2_code`, `population`, `time_zone`, `active`, `created_at`, `updated_at`) VALUES ('PE','{\"en\":\"Chota\"}',-78.65,-6.55,'P','PPLA3','PE.06','PE.06.0604',14240,'America/Lima',1,'2018-04-27 23:00:00','2018-04-27 23:00:00');
INSERT INTO `__PREFIX__cities` (`country_code`, `name`, `longitude`, `latitude`, `feature_class`, `feature_code`, `subadmin1_code`, `subadmin2_code`, `population`, `time_zone`, `active`, `created_at`, `updated_at`) VALUES ('PE','{\"en\":\"Chongoyape\"}',-79.39,-6.64,'P','PPLA3','PE.14','PE.14.1401',16061,'America/Lima',1,'2012-07-18 23:00:00','2012-07-18 23:00:00');
INSERT INTO `__PREFIX__cities` (`country_code`, `name`, `longitude`, `latitude`, `feature_class`, `feature_code`, `subadmin1_code`, `subadmin2_code`, `population`, `time_zone`, `active`, `created_at`, `updated_at`) VALUES ('PE','{\"en\":\"Chocope\"}',-79.22,-7.79,'P','PPLA3','PE.13','PE.13.1302',32370,'America/Lima',1,'2012-07-18 23:00:00','2012-07-18 23:00:00');
INSERT INTO `__PREFIX__cities` (`country_code`, `name`, `longitude`, `latitude`, `feature_class`, `feature_code`, `subadmin1_code`, `subadmin2_code`, `population`, `time_zone`, `active`, `created_at`, `updated_at`) VALUES ('PE','{\"en\":\"Chimbote\"}',-78.58,-9.09,'P','PPLA3','PE.02','PE.02.0218',316966,'America/Lima',1,'2017-02-04 23:00:00','2017-02-04 23:00:00');
INSERT INTO `__PREFIX__cities` (`country_code`, `name`, `longitude`, `latitude`, `feature_class`, `feature_code`, `subadmin1_code`, `subadmin2_code`, `population`, `time_zone`, `active`, `created_at`, `updated_at`) VALUES ('PE','{\"en\":\"Chiclayo\"}',-79.84,-6.77,'P','PPLA','PE.14','PE.14.1401',577375,'America/Lima',1,'2019-09-04 23:00:00','2019-09-04 23:00:00');
INSERT INTO `__PREFIX__cities` (`country_code`, `name`, `longitude`, `latitude`, `feature_class`, `feature_code`, `subadmin1_code`, `subadmin2_code`, `population`, `time_zone`, `active`, `created_at`, `updated_at`) VALUES ('PE','{\"en\":\"Chicama\"}',-79.15,-7.84,'P','PPLA3','PE.13','PE.13.1302',14915,'America/Lima',1,'2012-07-18 23:00:00','2012-07-18 23:00:00');
INSERT INTO `__PREFIX__cities` (`country_code`, `name`, `longitude`, `latitude`, `feature_class`, `feature_code`, `subadmin1_code`, `subadmin2_code`, `population`, `time_zone`, `active`, `created_at`, `updated_at`) VALUES ('PE','{\"en\":\"Chepén\"}',-79.42,-7.22,'P','PPL','PE.13','PE.13.1304',41992,'America/Lima',1,'2016-01-06 23:00:00','2016-01-06 23:00:00');
INSERT INTO `__PREFIX__cities` (`country_code`, `name`, `longitude`, `latitude`, `feature_class`, `feature_code`, `subadmin1_code`, `subadmin2_code`, `population`, `time_zone`, `active`, `created_at`, `updated_at`) VALUES ('PE','{\"en\":\"Chazuta\"}',-76.14,-6.57,'P','PPLA3','PE.22','PE.22.2209',8029,'America/Lima',1,'2016-06-21 23:00:00','2016-06-21 23:00:00');
INSERT INTO `__PREFIX__cities` (`country_code`, `name`, `longitude`, `latitude`, `feature_class`, `feature_code`, `subadmin1_code`, `subadmin2_code`, `population`, `time_zone`, `active`, `created_at`, `updated_at`) VALUES ('PE','{\"en\":\"Chachapoyas\"}',-77.87,-6.23,'P','PPLA','PE.01','PE.01.0101',20279,'America/Lima',1,'2012-07-18 23:00:00','2012-07-18 23:00:00');
INSERT INTO `__PREFIX__cities` (`country_code`, `name`, `longitude`, `latitude`, `feature_class`, `feature_code`, `subadmin1_code`, `subadmin2_code`, `population`, `time_zone`, `active`, `created_at`, `updated_at`) VALUES ('PE','{\"en\":\"Celendín\"}',-78.15,-6.87,'P','PPL','PE.06','PE.06.0603',14660,'America/Lima',1,'2012-11-07 23:00:00','2012-11-07 23:00:00');
INSERT INTO `__PREFIX__cities` (`country_code`, `name`, `longitude`, `latitude`, `feature_class`, `feature_code`, `subadmin1_code`, `subadmin2_code`, `population`, `time_zone`, `active`, `created_at`, `updated_at`) VALUES ('PE','{\"en\":\"Catacaos\"}',-80.68,-5.27,'P','PPLA3','PE.20','PE.20.2001',57304,'America/Lima',1,'2012-07-18 23:00:00','2012-07-18 23:00:00');
INSERT INTO `__PREFIX__cities` (`country_code`, `name`, `longitude`, `latitude`, `feature_class`, `feature_code`, `subadmin1_code`, `subadmin2_code`, `population`, `time_zone`, `active`, `created_at`, `updated_at`) VALUES ('PE','{\"en\":\"Carhuaz\"}',-77.64,-9.28,'P','PPLA3','PE.02','PE.02.0206',5044,'America/Lima',1,'2012-07-18 23:00:00','2012-07-18 23:00:00');
INSERT INTO `__PREFIX__cities` (`country_code`, `name`, `longitude`, `latitude`, `feature_class`, `feature_code`, `subadmin1_code`, `subadmin2_code`, `population`, `time_zone`, `active`, `created_at`, `updated_at`) VALUES ('PE','{\"en\":\"Caraz\"}',-77.81,-9.05,'P','PPL','PE.02','PE.02.0212',10926,'America/Lima',1,'2020-05-10 23:00:00','2020-05-10 23:00:00');
INSERT INTO `__PREFIX__cities` (`country_code`, `name`, `longitude`, `latitude`, `feature_class`, `feature_code`, `subadmin1_code`, `subadmin2_code`, `population`, `time_zone`, `active`, `created_at`, `updated_at`) VALUES ('PE','{\"en\":\"Cajaruro\"}',-78.43,-5.74,'P','PPLA3','PE.01','PE.01.0107',7281,'America/Lima',1,'2012-07-18 23:00:00','2012-07-18 23:00:00');
INSERT INTO `__PREFIX__cities` (`country_code`, `name`, `longitude`, `latitude`, `feature_class`, `feature_code`, `subadmin1_code`, `subadmin2_code`, `population`, `time_zone`, `active`, `created_at`, `updated_at`) VALUES ('PE','{\"en\":\"Cajamarca\"}',-78.50,-7.16,'P','PPLA','PE.06','PE.06.0601',135000,'America/Lima',1,'2019-09-04 23:00:00','2019-09-04 23:00:00');
INSERT INTO `__PREFIX__cities` (`country_code`, `name`, `longitude`, `latitude`, `feature_class`, `feature_code`, `subadmin1_code`, `subadmin2_code`, `population`, `time_zone`, `active`, `created_at`, `updated_at`) VALUES ('PE','{\"en\":\"Cajabamba\"}',-78.05,-7.62,'P','PPLA3','PE.06','PE.06.0602',13486,'America/Lima',1,'2012-07-18 23:00:00','2012-07-18 23:00:00');
INSERT INTO `__PREFIX__cities` (`country_code`, `name`, `longitude`, `latitude`, `feature_class`, `feature_code`, `subadmin1_code`, `subadmin2_code`, `population`, `time_zone`, `active`, `created_at`, `updated_at`) VALUES ('PE','{\"en\":\"Buenos Aires\"}',-79.96,-5.26,'P','PPLA3','PE.20','PE.20.2004',7932,'America/Lima',1,'2012-07-18 23:00:00','2012-07-18 23:00:00');
INSERT INTO `__PREFIX__cities` (`country_code`, `name`, `longitude`, `latitude`, `feature_class`, `feature_code`, `subadmin1_code`, `subadmin2_code`, `population`, `time_zone`, `active`, `created_at`, `updated_at`) VALUES ('PE','{\"en\":\"Bernal\"}',-80.75,-5.45,'P','PPLA3','PE.20','PE.20.2008',5916,'America/Lima',1,'2012-07-18 23:00:00','2012-07-18 23:00:00');
INSERT INTO `__PREFIX__cities` (`country_code`, `name`, `longitude`, `latitude`, `feature_class`, `feature_code`, `subadmin1_code`, `subadmin2_code`, `population`, `time_zone`, `active`, `created_at`, `updated_at`) VALUES ('PE','{\"en\":\"Bellavista\"}',-76.59,-7.06,'P','PPLA3','PE.22','PE.22.2202',15231,'America/Lima',1,'2012-07-18 23:00:00','2012-07-18 23:00:00');
INSERT INTO `__PREFIX__cities` (`country_code`, `name`, `longitude`, `latitude`, `feature_class`, `feature_code`, `subadmin1_code`, `subadmin2_code`, `population`, `time_zone`, `active`, `created_at`, `updated_at`) VALUES ('PE','{\"en\":\"Bellavista\"}',-78.68,-5.66,'P','PPLA3','PE.06','PE.06.0608',6320,'America/Lima',1,'2012-07-18 23:00:00','2012-07-18 23:00:00');
INSERT INTO `__PREFIX__cities` (`country_code`, `name`, `longitude`, `latitude`, `feature_class`, `feature_code`, `subadmin1_code`, `subadmin2_code`, `population`, `time_zone`, `active`, `created_at`, `updated_at`) VALUES ('PE','{\"en\":\"Barranca\"}',-76.68,-4.83,'P','PPL','PE.16','PE.16.1607',5779,'America/Lima',1,'2019-02-21 23:00:00','2019-02-21 23:00:00');
INSERT INTO `__PREFIX__cities` (`country_code`, `name`, `longitude`, `latitude`, `feature_class`, `feature_code`, `subadmin1_code`, `subadmin2_code`, `population`, `time_zone`, `active`, `created_at`, `updated_at`) VALUES ('PE','{\"en\":\"Bambamarca\"}',-78.53,-6.68,'P','PPLA3','PE.06','PE.06.0607',13351,'America/Lima',1,'2018-04-27 23:00:00','2018-04-27 23:00:00');
INSERT INTO `__PREFIX__cities` (`country_code`, `name`, `longitude`, `latitude`, `feature_class`, `feature_code`, `subadmin1_code`, `subadmin2_code`, `population`, `time_zone`, `active`, `created_at`, `updated_at`) VALUES ('PE','{\"en\":\"Bagua Grande\"}',-78.44,-5.76,'P','PPLA3','PE.01','PE.01.0107',20382,'America/Lima',1,'2012-07-18 23:00:00','2012-07-18 23:00:00');
INSERT INTO `__PREFIX__cities` (`country_code`, `name`, `longitude`, `latitude`, `feature_class`, `feature_code`, `subadmin1_code`, `subadmin2_code`, `population`, `time_zone`, `active`, `created_at`, `updated_at`) VALUES ('PE','{\"en\":\"Ayabaca\"}',-79.71,-4.64,'P','PPLA3','PE.20','PE.20.2002',5270,'America/Lima',1,'2012-07-18 23:00:00','2012-07-18 23:00:00');
INSERT INTO `__PREFIX__cities` (`country_code`, `name`, `longitude`, `latitude`, `feature_class`, `feature_code`, `subadmin1_code`, `subadmin2_code`, `population`, `time_zone`, `active`, `created_at`, `updated_at`) VALUES ('PE','{\"en\":\"Ascope\"}',-79.11,-7.71,'P','PPLA3','PE.13','PE.13.1302',14015,'America/Lima',1,'2012-07-18 23:00:00','2012-07-18 23:00:00');
INSERT INTO `__PREFIX__cities` (`country_code`, `name`, `longitude`, `latitude`, `feature_class`, `feature_code`, `subadmin1_code`, `subadmin2_code`, `population`, `time_zone`, `active`, `created_at`, `updated_at`) VALUES ('PE','{\"en\":\"Aguas Verdes\"}',-80.25,-3.48,'P','PPLA3','PE.24','PE.24.2403',9106,'America/Lima',1,'2012-07-18 23:00:00','2012-07-18 23:00:00');
INSERT INTO `__PREFIX__cities` (`country_code`, `name`, `longitude`, `latitude`, `feature_class`, `feature_code`, `subadmin1_code`, `subadmin2_code`, `population`, `time_zone`, `active`, `created_at`, `updated_at`) VALUES ('PE','{\"en\":\"Campo Verde\"}',-74.81,-8.48,'P','PPL','PE.25','PE.25.2501',8945,'America/Lima',1,'2020-05-10 23:00:00','2020-05-10 23:00:00');
INSERT INTO `__PREFIX__cities` (`country_code`, `name`, `longitude`, `latitude`, `feature_class`, `feature_code`, `subadmin1_code`, `subadmin2_code`, `population`, `time_zone`, `active`, `created_at`, `updated_at`) VALUES ('PE','{\"en\":\"La Breita\"}',-80.89,-4.26,'P','PPL','PE.20','PE.20.2006',17693,'America/Lima',1,'2016-01-07 23:00:00','2016-01-07 23:00:00');
INSERT INTO `__PREFIX__cities` (`country_code`, `name`, `longitude`, `latitude`, `feature_class`, `feature_code`, `subadmin1_code`, `subadmin2_code`, `population`, `time_zone`, `active`, `created_at`, `updated_at`) VALUES ('PE','{\"en\":\"Papayal\"}',-80.74,-4.08,'P','PPL','PE.24','PE.24.2402',5484,'America/Lima',1,'2012-10-06 23:00:00','2012-10-06 23:00:00');
INSERT INTO `__PREFIX__cities` (`country_code`, `name`, `longitude`, `latitude`, `feature_class`, `feature_code`, `subadmin1_code`, `subadmin2_code`, `population`, `time_zone`, `active`, `created_at`, `updated_at`) VALUES ('PE','{\"en\":\"Zarumilla\"}',-80.27,-3.50,'P','PPLA3','PE.24','PE.24.2403',16907,'America/Lima',1,'2012-07-18 23:00:00','2012-07-18 23:00:00');
INSERT INTO `__PREFIX__cities` (`country_code`, `name`, `longitude`, `latitude`, `feature_class`, `feature_code`, `subadmin1_code`, `subadmin2_code`, `population`, `time_zone`, `active`, `created_at`, `updated_at`) VALUES ('PE','{\"en\":\"Belen\"}',-73.25,-3.76,'P','PPLX','PE.16','PE.16.1601',57824,'America/Lima',1,'2020-05-07 23:00:00','2020-05-07 23:00:00');
INSERT INTO `__PREFIX__cities` (`country_code`, `name`, `longitude`, `latitude`, `feature_class`, `feature_code`, `subadmin1_code`, `subadmin2_code`, `population`, `time_zone`, `active`, `created_at`, `updated_at`) VALUES ('PE','{\"en\":\"Yura\"}',-71.68,-16.25,'P','PPLA3','PE.04','PE.04.0401',5686,'America/Lima',1,'2012-07-18 23:00:00','2012-07-18 23:00:00');
INSERT INTO `__PREFIX__cities` (`country_code`, `name`, `longitude`, `latitude`, `feature_class`, `feature_code`, `subadmin1_code`, `subadmin2_code`, `population`, `time_zone`, `active`, `created_at`, `updated_at`) VALUES ('PE','{\"en\":\"Yunguyo\"}',-69.08,-16.25,'P','PPLA3','PE.21','PE.21.2113',16140,'America/Lima',1,'2012-07-18 23:00:00','2012-07-18 23:00:00');
INSERT INTO `__PREFIX__cities` (`country_code`, `name`, `longitude`, `latitude`, `feature_class`, `feature_code`, `subadmin1_code`, `subadmin2_code`, `population`, `time_zone`, `active`, `created_at`, `updated_at`) VALUES ('PE','{\"en\":\"Yauri\"}',-71.41,-14.79,'P','PPLA2','PE.08','PE.08.0808',23867,'America/Lima',1,'2020-05-29 23:00:00','2020-05-29 23:00:00');
INSERT INTO `__PREFIX__cities` (`country_code`, `name`, `longitude`, `latitude`, `feature_class`, `feature_code`, `subadmin1_code`, `subadmin2_code`, `population`, `time_zone`, `active`, `created_at`, `updated_at`) VALUES ('PE','{\"en\":\"Yanahuanca\"}',-76.50,-10.52,'P','PPL','PE.19','PE.19.1902',5992,'America/Lima',1,'2018-12-04 23:00:00','2018-12-04 23:00:00');
INSERT INTO `__PREFIX__cities` (`country_code`, `name`, `longitude`, `latitude`, `feature_class`, `feature_code`, `subadmin1_code`, `subadmin2_code`, `population`, `time_zone`, `active`, `created_at`, `updated_at`) VALUES ('PE','{\"en\":\"Yanacancha\"}',-76.65,-10.24,'P','PPL','PE.10','PE.10.1010',23175,'America/Lima',1,'2012-07-18 23:00:00','2012-07-18 23:00:00');
INSERT INTO `__PREFIX__cities` (`country_code`, `name`, `longitude`, `latitude`, `feature_class`, `feature_code`, `subadmin1_code`, `subadmin2_code`, `population`, `time_zone`, `active`, `created_at`, `updated_at`) VALUES ('PE','{\"en\":\"Tupac Amaru\"}',-76.15,-13.71,'P','PPL','PE.11','PE.11.1105',11159,'America/Lima',1,'2020-05-07 23:00:00','2020-05-07 23:00:00');
INSERT INTO `__PREFIX__cities` (`country_code`, `name`, `longitude`, `latitude`, `feature_class`, `feature_code`, `subadmin1_code`, `subadmin2_code`, `population`, `time_zone`, `active`, `created_at`, `updated_at`) VALUES ('PE','{\"en\":\"Villa Rica\"}',-75.27,-10.74,'P','PPLA3','PE.19','PE.19.1903',7448,'America/Lima',1,'2012-07-18 23:00:00','2012-07-18 23:00:00');
INSERT INTO `__PREFIX__cities` (`country_code`, `name`, `longitude`, `latitude`, `feature_class`, `feature_code`, `subadmin1_code`, `subadmin2_code`, `population`, `time_zone`, `active`, `created_at`, `updated_at`) VALUES ('PE','{\"en\":\"Végueta\"}',-77.64,-11.02,'P','PPL','PE.15','PE.15.1508',6219,'America/Lima',1,'2018-12-04 23:00:00','2018-12-04 23:00:00');
INSERT INTO `__PREFIX__cities` (`country_code`, `name`, `longitude`, `latitude`, `feature_class`, `feature_code`, `subadmin1_code`, `subadmin2_code`, `population`, `time_zone`, `active`, `created_at`, `updated_at`) VALUES ('PE','{\"en\":\"Urubamba\"}',-72.12,-13.30,'P','PPLA3','PE.08','PE.08.0813',7540,'America/Lima',1,'2012-07-18 23:00:00','2012-07-18 23:00:00');
INSERT INTO `__PREFIX__cities` (`country_code`, `name`, `longitude`, `latitude`, `feature_class`, `feature_code`, `subadmin1_code`, `subadmin2_code`, `population`, `time_zone`, `active`, `created_at`, `updated_at`) VALUES ('PE','{\"en\":\"Urcos\"}',-71.62,-13.69,'P','PPLA3','PE.08','PE.08.0812',5479,'America/Lima',1,'2012-07-18 23:00:00','2012-07-18 23:00:00');
INSERT INTO `__PREFIX__cities` (`country_code`, `name`, `longitude`, `latitude`, `feature_class`, `feature_code`, `subadmin1_code`, `subadmin2_code`, `population`, `time_zone`, `active`, `created_at`, `updated_at`) VALUES ('PE','{\"en\":\"Torata\"}',-70.84,-17.08,'P','PPLA3','PE.18','PE.18.1801',7054,'America/Lima',1,'2012-07-18 23:00:00','2012-07-18 23:00:00');
INSERT INTO `__PREFIX__cities` (`country_code`, `name`, `longitude`, `latitude`, `feature_class`, `feature_code`, `subadmin1_code`, `subadmin2_code`, `population`, `time_zone`, `active`, `created_at`, `updated_at`) VALUES ('PE','{\"en\":\"Tinyahuarco\"}',-76.28,-10.77,'P','PPL','PE.19','PE.19.1901',5066,'America/Lima',1,'2012-11-07 23:00:00','2012-11-07 23:00:00');
INSERT INTO `__PREFIX__cities` (`country_code`, `name`, `longitude`, `latitude`, `feature_class`, `feature_code`, `subadmin1_code`, `subadmin2_code`, `population`, `time_zone`, `active`, `created_at`, `updated_at`) VALUES ('PE','{\"en\":\"Tarma\"}',-75.69,-11.42,'P','PPLA3','PE.12','PE.12.1207',51350,'America/Lima',1,'2015-03-28 23:00:00','2015-03-28 23:00:00');
INSERT INTO `__PREFIX__cities` (`country_code`, `name`, `longitude`, `latitude`, `feature_class`, `feature_code`, `subadmin1_code`, `subadmin2_code`, `population`, `time_zone`, `active`, `created_at`, `updated_at`) VALUES ('PE','{\"en\":\"Tambopata\"}',-69.36,-12.67,'P','PPL','PE.17','PE.17.1701',38966,'America/Lima',1,'2014-07-21 23:00:00','2014-07-21 23:00:00');
INSERT INTO `__PREFIX__cities` (`country_code`, `name`, `longitude`, `latitude`, `feature_class`, `feature_code`, `subadmin1_code`, `subadmin2_code`, `population`, `time_zone`, `active`, `created_at`, `updated_at`) VALUES ('PE','{\"en\":\"Tambo\"}',-73.92,-14.80,'P','PPL','PE.05','PE.05.0506',5032,'America/Lima',1,'2018-12-04 23:00:00','2018-12-04 23:00:00');
INSERT INTO `__PREFIX__cities` (`country_code`, `name`, `longitude`, `latitude`, `feature_class`, `feature_code`, `subadmin1_code`, `subadmin2_code`, `population`, `time_zone`, `active`, `created_at`, `updated_at`) VALUES ('PE','{\"en\":\"Talavera\"}',-73.43,-13.65,'P','PPLA3','PE.03','PE.03.0302',7381,'America/Lima',1,'2012-07-18 23:00:00','2012-07-18 23:00:00');
INSERT INTO `__PREFIX__cities` (`country_code`, `name`, `longitude`, `latitude`, `feature_class`, `feature_code`, `subadmin1_code`, `subadmin2_code`, `population`, `time_zone`, `active`, `created_at`, `updated_at`) VALUES ('PE','{\"en\":\"Tacna\"}',-70.25,-18.01,'P','PPLA','PE.23','PE.23.2301',280098,'America/Lima',1,'2019-09-04 23:00:00','2019-09-04 23:00:00');
INSERT INTO `__PREFIX__cities` (`country_code`, `name`, `longitude`, `latitude`, `feature_class`, `feature_code`, `subadmin1_code`, `subadmin2_code`, `population`, `time_zone`, `active`, `created_at`, `updated_at`) VALUES ('PE','{\"en\":\"Santiago de Surco\"}',-77.01,-12.14,'P','PPLX','PE.15','PE.15.1501',251648,'America/Lima',1,'2016-01-06 23:00:00','2016-01-06 23:00:00');
INSERT INTO `__PREFIX__cities` (`country_code`, `name`, `longitude`, `latitude`, `feature_class`, `feature_code`, `subadmin1_code`, `subadmin2_code`, `population`, `time_zone`, `active`, `created_at`, `updated_at`) VALUES ('PE','{\"en\":\"Supe\"}',-77.71,-10.80,'P','PPL','PE.15','PE.15.1502',13719,'America/Lima',1,'2012-11-07 23:00:00','2012-11-07 23:00:00');
INSERT INTO `__PREFIX__cities` (`country_code`, `name`, `longitude`, `latitude`, `feature_class`, `feature_code`, `subadmin1_code`, `subadmin2_code`, `population`, `time_zone`, `active`, `created_at`, `updated_at`) VALUES ('PE','{\"en\":\"Subtanjalla\"}',-75.76,-14.02,'P','PPLA3','PE.11','PE.11.1101',9096,'America/Lima',1,'2012-07-18 23:00:00','2012-07-18 23:00:00');
INSERT INTO `__PREFIX__cities` (`country_code`, `name`, `longitude`, `latitude`, `feature_class`, `feature_code`, `subadmin1_code`, `subadmin2_code`, `population`, `time_zone`, `active`, `created_at`, `updated_at`) VALUES ('PE','{\"en\":\"Sicuani\"}',-71.23,-14.27,'P','PPLA3','PE.08','PE.08.0806',33575,'America/Lima',1,'2018-04-27 23:00:00','2018-04-27 23:00:00');
INSERT INTO `__PREFIX__cities` (`country_code`, `name`, `longitude`, `latitude`, `feature_class`, `feature_code`, `subadmin1_code`, `subadmin2_code`, `population`, `time_zone`, `active`, `created_at`, `updated_at`) VALUES ('PE','{\"en\":\"Sicaya\"}',-75.28,-12.03,'P','PPLA3','PE.12','PE.12.1201',6842,'America/Lima',1,'2012-07-18 23:00:00','2012-07-18 23:00:00');
INSERT INTO `__PREFIX__cities` (`country_code`, `name`, `longitude`, `latitude`, `feature_class`, `feature_code`, `subadmin1_code`, `subadmin2_code`, `population`, `time_zone`, `active`, `created_at`, `updated_at`) VALUES ('PE','{\"en\":\"Sayán\"}',-77.19,-11.13,'P','PPL','PE.15','PE.15.1508',6196,'America/Lima',1,'2020-06-10 23:00:00','2020-06-10 23:00:00');
INSERT INTO `__PREFIX__cities` (`country_code`, `name`, `longitude`, `latitude`, `feature_class`, `feature_code`, `subadmin1_code`, `subadmin2_code`, `population`, `time_zone`, `active`, `created_at`, `updated_at`) VALUES ('PE','{\"en\":\"Satipo\"}',-74.64,-11.25,'P','PPLA3','PE.12','PE.12.1206',15532,'America/Lima',1,'2012-07-18 23:00:00','2012-07-18 23:00:00');
INSERT INTO `__PREFIX__cities` (`country_code`, `name`, `longitude`, `latitude`, `feature_class`, `feature_code`, `subadmin1_code`, `subadmin2_code`, `population`, `time_zone`, `active`, `created_at`, `updated_at`) VALUES ('PE','{\"en\":\"San Vicente de Cañete\"}',-76.39,-13.08,'P','PPL','PE.15','PE.15.1505',25517,'America/Lima',1,'2020-06-10 23:00:00','2020-06-10 23:00:00');
INSERT INTO `__PREFIX__cities` (`country_code`, `name`, `longitude`, `latitude`, `feature_class`, `feature_code`, `subadmin1_code`, `subadmin2_code`, `population`, `time_zone`, `active`, `created_at`, `updated_at`) VALUES ('PE','{\"en\":\"Santiago\"}',-75.71,-14.18,'P','PPL','PE.11','PE.11.1101',10449,'America/Lima',1,'2016-01-06 23:00:00','2016-01-06 23:00:00');
INSERT INTO `__PREFIX__cities` (`country_code`, `name`, `longitude`, `latitude`, `feature_class`, `feature_code`, `subadmin1_code`, `subadmin2_code`, `population`, `time_zone`, `active`, `created_at`, `updated_at`) VALUES ('PE','{\"en\":\"Santa María\"}',-76.89,-12.01,'P','PPL','PE.15','PE.15.1501',14853,'America/Lima',1,'2014-12-02 23:00:00','2014-12-02 23:00:00');
INSERT INTO `__PREFIX__cities` (`country_code`, `name`, `longitude`, `latitude`, `feature_class`, `feature_code`, `subadmin1_code`, `subadmin2_code`, `population`, `time_zone`, `active`, `created_at`, `updated_at`) VALUES ('PE','{\"en\":\"Santa Ana\"}',-72.72,-12.87,'P','PPL','PE.08','PE.08.0809',25145,'America/Lima',1,'2018-12-04 23:00:00','2018-12-04 23:00:00');
INSERT INTO `__PREFIX__cities` (`country_code`, `name`, `longitude`, `latitude`, `feature_class`, `feature_code`, `subadmin1_code`, `subadmin2_code`, `population`, `time_zone`, `active`, `created_at`, `updated_at`) VALUES ('PE','{\"en\":\"San Ramón\"}',-75.36,-11.12,'P','PPL','PE.12','PE.12.1203',14708,'America/Lima',1,'2014-06-26 23:00:00','2014-06-26 23:00:00');
INSERT INTO `__PREFIX__cities` (`country_code`, `name`, `longitude`, `latitude`, `feature_class`, `feature_code`, `subadmin1_code`, `subadmin2_code`, `population`, `time_zone`, `active`, `created_at`, `updated_at`) VALUES ('PE','{\"en\":\"San Pedro de Cajas\"}',-75.86,-11.25,'P','PPL','PE.12','PE.12.1207',5758,'America/Lima',1,'2012-11-07 23:00:00','2012-11-07 23:00:00');
INSERT INTO `__PREFIX__cities` (`country_code`, `name`, `longitude`, `latitude`, `feature_class`, `feature_code`, `subadmin1_code`, `subadmin2_code`, `population`, `time_zone`, `active`, `created_at`, `updated_at`) VALUES ('PE','{\"en\":\"San Miguel de Cauri\"}',-76.62,-10.14,'P','PPL','PE.10','PE.10.1010',5326,'America/Lima',1,'2018-12-04 23:00:00','2018-12-04 23:00:00');
INSERT INTO `__PREFIX__cities` (`country_code`, `name`, `longitude`, `latitude`, `feature_class`, `feature_code`, `subadmin1_code`, `subadmin2_code`, `population`, `time_zone`, `active`, `created_at`, `updated_at`) VALUES ('PE','{\"en\":\"San Miguel\"}',-73.98,-13.01,'P','PPLA2','PE.05','PE.05.0505',8400,'America/Lima',1,'2012-07-19 23:00:00','2012-07-19 23:00:00');
INSERT INTO `__PREFIX__cities` (`country_code`, `name`, `longitude`, `latitude`, `feature_class`, `feature_code`, `subadmin1_code`, `subadmin2_code`, `population`, `time_zone`, `active`, `created_at`, `updated_at`) VALUES ('PE','{\"en\":\"San Luis\"}',-76.99,-12.08,'P','PPLX','PE.15','PE.15.1501',8862,'America/Lima',1,'2014-12-02 23:00:00','2014-12-02 23:00:00');
INSERT INTO `__PREFIX__cities` (`country_code`, `name`, `longitude`, `latitude`, `feature_class`, `feature_code`, `subadmin1_code`, `subadmin2_code`, `population`, `time_zone`, `active`, `created_at`, `updated_at`) VALUES ('PE','{\"en\":\"San Juan Bautista\"}',-75.74,-14.01,'P','PPLA3','PE.11','PE.11.1101',6871,'America/Lima',1,'2012-07-18 23:00:00','2012-07-18 23:00:00');
INSERT INTO `__PREFIX__cities` (`country_code`, `name`, `longitude`, `latitude`, `feature_class`, `feature_code`, `subadmin1_code`, `subadmin2_code`, `population`, `time_zone`, `active`, `created_at`, `updated_at`) VALUES ('PE','{\"en\":\"San Juan\"}',-75.16,-15.37,'P','PPLA3','PE.11','PE.11.1103',12795,'America/Lima',1,'2020-05-07 23:00:00','2020-05-07 23:00:00');
INSERT INTO `__PREFIX__cities` (`country_code`, `name`, `longitude`, `latitude`, `feature_class`, `feature_code`, `subadmin1_code`, `subadmin2_code`, `population`, `time_zone`, `active`, `created_at`, `updated_at`) VALUES ('PE','{\"en\":\"San Jerónimo\"}',-73.36,-13.65,'P','PPL','PE.03','PE.03.0302',5609,'America/Lima',1,'2020-06-10 23:00:00','2020-06-10 23:00:00');
INSERT INTO `__PREFIX__cities` (`country_code`, `name`, `longitude`, `latitude`, `feature_class`, `feature_code`, `subadmin1_code`, `subadmin2_code`, `population`, `time_zone`, `active`, `created_at`, `updated_at`) VALUES ('PE','{\"en\":\"San Jeronimo De Tunan\"}',-75.28,-11.96,'P','PPL','PE.12','PE.12.1201',8772,'America/Lima',1,'2020-05-08 23:00:00','2020-05-08 23:00:00');
INSERT INTO `__PREFIX__cities` (`country_code`, `name`, `longitude`, `latitude`, `feature_class`, `feature_code`, `subadmin1_code`, `subadmin2_code`, `population`, `time_zone`, `active`, `created_at`, `updated_at`) VALUES ('PE','{\"en\":\"San Isidro\"}',-77.04,-12.10,'P','PPL','PE.15','PE.15.1501',68309,'America/Lima',1,'2020-05-05 23:00:00','2020-05-05 23:00:00');
INSERT INTO `__PREFIX__cities` (`country_code`, `name`, `longitude`, `latitude`, `feature_class`, `feature_code`, `subadmin1_code`, `subadmin2_code`, `population`, `time_zone`, `active`, `created_at`, `updated_at`) VALUES ('PE','{\"en\":\"San Clemente\"}',-76.15,-13.67,'P','PPLA3','PE.11','PE.11.1105',15815,'America/Lima',1,'2012-07-18 23:00:00','2012-07-18 23:00:00');
INSERT INTO `__PREFIX__cities` (`country_code`, `name`, `longitude`, `latitude`, `feature_class`, `feature_code`, `subadmin1_code`, `subadmin2_code`, `population`, `time_zone`, `active`, `created_at`, `updated_at`) VALUES ('PE','{\"en\":\"San Bartolo\"}',-76.78,-12.38,'P','PPLA3','PE.15','PE.15.1501',5733,'America/Lima',1,'2012-07-18 23:00:00','2012-07-18 23:00:00');
INSERT INTO `__PREFIX__cities` (`country_code`, `name`, `longitude`, `latitude`, `feature_class`, `feature_code`, `subadmin1_code`, `subadmin2_code`, `population`, `time_zone`, `active`, `created_at`, `updated_at`) VALUES ('PE','{\"en\":\"San Agustin\"}',-75.26,-11.97,'P','PPLA3','PE.12','PE.12.1201',5998,'America/Lima',1,'2014-06-26 23:00:00','2014-06-26 23:00:00');
INSERT INTO `__PREFIX__cities` (`country_code`, `name`, `longitude`, `latitude`, `feature_class`, `feature_code`, `subadmin1_code`, `subadmin2_code`, `population`, `time_zone`, `active`, `created_at`, `updated_at`) VALUES ('PE','{\"en\":\"Quilmaná\"}',-76.38,-12.95,'P','PPL','PE.15','PE.15.1505',6442,'America/Lima',1,'2020-06-10 23:00:00','2020-06-10 23:00:00');
INSERT INTO `__PREFIX__cities` (`country_code`, `name`, `longitude`, `latitude`, `feature_class`, `feature_code`, `subadmin1_code`, `subadmin2_code`, `population`, `time_zone`, `active`, `created_at`, `updated_at`) VALUES ('PE','{\"en\":\"Putina\"}',-69.43,-15.48,'P','PPL','PE.21','PE.21.2109',8118,'America/Lima',1,'2018-01-09 23:00:00','2018-01-09 23:00:00');
INSERT INTO `__PREFIX__cities` (`country_code`, `name`, `longitude`, `latitude`, `feature_class`, `feature_code`, `subadmin1_code`, `subadmin2_code`, `population`, `time_zone`, `active`, `created_at`, `updated_at`) VALUES ('PE','{\"en\":\"Puquio\"}',-74.13,-14.70,'P','PPLA3','PE.05','PE.05.0506',10491,'America/Lima',1,'2012-07-18 23:00:00','2012-07-18 23:00:00');
INSERT INTO `__PREFIX__cities` (`country_code`, `name`, `longitude`, `latitude`, `feature_class`, `feature_code`, `subadmin1_code`, `subadmin2_code`, `population`, `time_zone`, `active`, `created_at`, `updated_at`) VALUES ('PE','{\"en\":\"Punta de Bombón\"}',-71.79,-17.17,'P','PPL','PE.04','PE.04.0407',6336,'America/Lima',1,'2020-06-10 23:00:00','2020-06-10 23:00:00');
INSERT INTO `__PREFIX__cities` (`country_code`, `name`, `longitude`, `latitude`, `feature_class`, `feature_code`, `subadmin1_code`, `subadmin2_code`, `population`, `time_zone`, `active`, `created_at`, `updated_at`) VALUES ('PE','{\"en\":\"Puno\"}',-70.02,-15.84,'P','PPLA','PE.21','PE.21.2101',116552,'America/Lima',1,'2019-09-04 23:00:00','2019-09-04 23:00:00');
INSERT INTO `__PREFIX__cities` (`country_code`, `name`, `longitude`, `latitude`, `feature_class`, `feature_code`, `subadmin1_code`, `subadmin2_code`, `population`, `time_zone`, `active`, `created_at`, `updated_at`) VALUES ('PE','{\"en\":\"Supe Puerto\"}',-77.74,-10.80,'P','PPL','PE.15','PE.15.1502',11450,'America/Lima',1,'2020-05-08 23:00:00','2020-05-08 23:00:00');
INSERT INTO `__PREFIX__cities` (`country_code`, `name`, `longitude`, `latitude`, `feature_class`, `feature_code`, `subadmin1_code`, `subadmin2_code`, `population`, `time_zone`, `active`, `created_at`, `updated_at`) VALUES ('PE','{\"en\":\"Puerto Maldonado\"}',-69.19,-12.59,'P','PPLA','PE.17','PE.17.1701',37543,'America/Lima',1,'2019-09-04 23:00:00','2019-09-04 23:00:00');
INSERT INTO `__PREFIX__cities` (`country_code`, `name`, `longitude`, `latitude`, `feature_class`, `feature_code`, `subadmin1_code`, `subadmin2_code`, `population`, `time_zone`, `active`, `created_at`, `updated_at`) VALUES ('PE','{\"en\":\"Pisco\"}',-76.21,-13.71,'P','PPLA3','PE.11','PE.11.1105',61869,'America/Lima',1,'2013-11-02 23:00:00','2013-11-02 23:00:00');
INSERT INTO `__PREFIX__cities` (`country_code`, `name`, `longitude`, `latitude`, `feature_class`, `feature_code`, `subadmin1_code`, `subadmin2_code`, `population`, `time_zone`, `active`, `created_at`, `updated_at`) VALUES ('PE','{\"en\":\"Pilcomayo\"}',-75.25,-12.05,'P','PPL','PE.12','PE.12.1201',8169,'America/Lima',1,'2020-05-10 23:00:00','2020-05-10 23:00:00');
INSERT INTO `__PREFIX__cities` (`country_code`, `name`, `longitude`, `latitude`, `feature_class`, `feature_code`, `subadmin1_code`, `subadmin2_code`, `population`, `time_zone`, `active`, `created_at`, `updated_at`) VALUES ('PE','{\"en\":\"Perené\"}',-75.22,-10.95,'P','PPL','PE.12','PE.12.1203',6844,'America/Lima',1,'2019-07-31 23:00:00','2019-07-31 23:00:00');
INSERT INTO `__PREFIX__cities` (`country_code`, `name`, `longitude`, `latitude`, `feature_class`, `feature_code`, `subadmin1_code`, `subadmin2_code`, `population`, `time_zone`, `active`, `created_at`, `updated_at`) VALUES ('PE','{\"en\":\"Pativilca\"}',-77.78,-10.70,'P','PPLA3','PE.15','PE.15.1502',13583,'America/Lima',1,'2012-07-18 23:00:00','2012-07-18 23:00:00');
INSERT INTO `__PREFIX__cities` (`country_code`, `name`, `longitude`, `latitude`, `feature_class`, `feature_code`, `subadmin1_code`, `subadmin2_code`, `population`, `time_zone`, `active`, `created_at`, `updated_at`) VALUES ('PE','{\"en\":\"Paramonga\"}',-77.83,-10.67,'P','PPLA3','PE.15','PE.15.1502',27631,'America/Lima',1,'2012-07-18 23:00:00','2012-07-18 23:00:00');
INSERT INTO `__PREFIX__cities` (`country_code`, `name`, `longitude`, `latitude`, `feature_class`, `feature_code`, `subadmin1_code`, `subadmin2_code`, `population`, `time_zone`, `active`, `created_at`, `updated_at`) VALUES ('PE','{\"en\":\"Pangoa\"}',-73.00,-12.12,'P','PPL','PE.08','PE.08.0809',6638,'America/Lima',1,'2012-07-18 23:00:00','2012-07-18 23:00:00');
INSERT INTO `__PREFIX__cities` (`country_code`, `name`, `longitude`, `latitude`, `feature_class`, `feature_code`, `subadmin1_code`, `subadmin2_code`, `population`, `time_zone`, `active`, `created_at`, `updated_at`) VALUES ('PE','{\"en\":\"Pampas\"}',-74.87,-12.39,'P','PPL','PE.09','PE.09.0907',5521,'America/Lima',1,'2014-01-12 23:00:00','2014-01-12 23:00:00');
INSERT INTO `__PREFIX__cities` (`country_code`, `name`, `longitude`, `latitude`, `feature_class`, `feature_code`, `subadmin1_code`, `subadmin2_code`, `population`, `time_zone`, `active`, `created_at`, `updated_at`) VALUES ('PE','{\"en\":\"Pampa de Tate\"}',-75.69,-14.15,'P','PPL','PE.11','PE.11.1101',5180,'America/Lima',1,'2020-05-10 23:00:00','2020-05-10 23:00:00');
INSERT INTO `__PREFIX__cities` (`country_code`, `name`, `longitude`, `latitude`, `feature_class`, `feature_code`, `subadmin1_code`, `subadmin2_code`, `population`, `time_zone`, `active`, `created_at`, `updated_at`) VALUES ('PE','{\"en\":\"Palpa\"}',-75.19,-14.53,'P','PPLA3','PE.11','PE.11.1104',5883,'America/Lima',1,'2012-07-18 23:00:00','2012-07-18 23:00:00');
INSERT INTO `__PREFIX__cities` (`country_code`, `name`, `longitude`, `latitude`, `feature_class`, `feature_code`, `subadmin1_code`, `subadmin2_code`, `population`, `time_zone`, `active`, `created_at`, `updated_at`) VALUES ('PE','{\"en\":\"Pacocha\"}',-71.34,-17.65,'P','PPL','PE.18','PE.18.1803',7588,'America/Lima',1,'2018-03-13 23:00:00','2018-03-13 23:00:00');
INSERT INTO `__PREFIX__cities` (`country_code`, `name`, `longitude`, `latitude`, `feature_class`, `feature_code`, `subadmin1_code`, `subadmin2_code`, `population`, `time_zone`, `active`, `created_at`, `updated_at`) VALUES ('PE','{\"en\":\"Oyón\"}',-76.77,-10.67,'P','PPL','PE.15','PE.15.1509',6276,'America/Lima',1,'2012-11-07 23:00:00','2012-11-07 23:00:00');
INSERT INTO `__PREFIX__cities` (`country_code`, `name`, `longitude`, `latitude`, `feature_class`, `feature_code`, `subadmin1_code`, `subadmin2_code`, `population`, `time_zone`, `active`, `created_at`, `updated_at`) VALUES ('PE','{\"en\":\"Oxapampa\"}',-75.40,-10.58,'P','PPLA2','PE.19','PE.19.1903',12000,'America/Lima',1,'2013-03-06 23:00:00','2013-03-06 23:00:00');
INSERT INTO `__PREFIX__cities` (`country_code`, `name`, `longitude`, `latitude`, `feature_class`, `feature_code`, `subadmin1_code`, `subadmin2_code`, `population`, `time_zone`, `active`, `created_at`, `updated_at`) VALUES ('PE','{\"en\":\"Orcopampa\"}',-72.34,-15.27,'P','PPLA3','PE.04','PE.04.0404',5643,'America/Lima',1,'2012-07-18 23:00:00','2012-07-18 23:00:00');
INSERT INTO `__PREFIX__cities` (`country_code`, `name`, `longitude`, `latitude`, `feature_class`, `feature_code`, `subadmin1_code`, `subadmin2_code`, `population`, `time_zone`, `active`, `created_at`, `updated_at`) VALUES ('PE','{\"en\":\"Nuevo Imperial\"}',-76.32,-13.08,'P','PPLA3','PE.15','PE.15.1505',32344,'America/Lima',1,'2012-07-18 23:00:00','2012-07-18 23:00:00');
INSERT INTO `__PREFIX__cities` (`country_code`, `name`, `longitude`, `latitude`, `feature_class`, `feature_code`, `subadmin1_code`, `subadmin2_code`, `population`, `time_zone`, `active`, `created_at`, `updated_at`) VALUES ('PE','{\"en\":\"Asentamiento Humano Nicolas de Pierola\"}',-76.71,-11.94,'P','PPL','PE.15','PE.15.1501',5800,'America/Lima',1,'2013-12-12 23:00:00','2013-12-12 23:00:00');
INSERT INTO `__PREFIX__cities` (`country_code`, `name`, `longitude`, `latitude`, `feature_class`, `feature_code`, `subadmin1_code`, `subadmin2_code`, `population`, `time_zone`, `active`, `created_at`, `updated_at`) VALUES ('PE','{\"en\":\"Nazca\"}',-74.94,-14.83,'P','PPLA3','PE.11','PE.11.1103',23556,'America/Lima',1,'2013-02-02 23:00:00','2013-02-02 23:00:00');
INSERT INTO `__PREFIX__cities` (`country_code`, `name`, `longitude`, `latitude`, `feature_class`, `feature_code`, `subadmin1_code`, `subadmin2_code`, `population`, `time_zone`, `active`, `created_at`, `updated_at`) VALUES ('PE','{\"en\":\"Morococha\"}',-76.14,-11.60,'P','PPLA3','PE.12','PE.12.1208',7890,'America/Lima',1,'2012-07-18 23:00:00','2012-07-18 23:00:00');
INSERT INTO `__PREFIX__cities` (`country_code`, `name`, `longitude`, `latitude`, `feature_class`, `feature_code`, `subadmin1_code`, `subadmin2_code`, `population`, `time_zone`, `active`, `created_at`, `updated_at`) VALUES ('PE','{\"en\":\"Moquegua\"}',-70.94,-17.20,'P','PPLA','PE.18','PE.18.1801',54517,'America/Lima',1,'2019-09-04 23:00:00','2019-09-04 23:00:00');
INSERT INTO `__PREFIX__cities` (`country_code`, `name`, `longitude`, `latitude`, `feature_class`, `feature_code`, `subadmin1_code`, `subadmin2_code`, `population`, `time_zone`, `active`, `created_at`, `updated_at`) VALUES ('PE','{\"en\":\"Mollendo\"}',-72.01,-17.02,'P','PPLA3','PE.04','PE.04.0407',28953,'America/Lima',1,'2012-07-18 23:00:00','2012-07-18 23:00:00');
INSERT INTO `__PREFIX__cities` (`country_code`, `name`, `longitude`, `latitude`, `feature_class`, `feature_code`, `subadmin1_code`, `subadmin2_code`, `population`, `time_zone`, `active`, `created_at`, `updated_at`) VALUES ('PE','{\"en\":\"Mazamari\"}',-74.53,-11.33,'P','PPLA3','PE.12','PE.12.1206',6826,'America/Lima',1,'2015-12-12 23:00:00','2015-12-12 23:00:00');
INSERT INTO `__PREFIX__cities` (`country_code`, `name`, `longitude`, `latitude`, `feature_class`, `feature_code`, `subadmin1_code`, `subadmin2_code`, `population`, `time_zone`, `active`, `created_at`, `updated_at`) VALUES ('PE','{\"en\":\"Minas de Marcona\"}',-75.11,-15.21,'P','PPL','PE.11','PE.11.1103',15478,'America/Lima',1,'2012-07-18 23:00:00','2012-07-18 23:00:00');
INSERT INTO `__PREFIX__cities` (`country_code`, `name`, `longitude`, `latitude`, `feature_class`, `feature_code`, `subadmin1_code`, `subadmin2_code`, `population`, `time_zone`, `active`, `created_at`, `updated_at`) VALUES ('PE','{\"en\":\"Mala\"}',-76.63,-12.66,'P','PPLA3','PE.15','PE.15.1505',17260,'America/Lima',1,'2012-07-18 23:00:00','2012-07-18 23:00:00');
INSERT INTO `__PREFIX__cities` (`country_code`, `name`, `longitude`, `latitude`, `feature_class`, `feature_code`, `subadmin1_code`, `subadmin2_code`, `population`, `time_zone`, `active`, `created_at`, `updated_at`) VALUES ('PE','{\"en\":\"Macusani\"}',-70.43,-14.08,'P','PPLA3','PE.21','PE.21.2103',6044,'America/Lima',1,'2012-07-18 23:00:00','2012-07-18 23:00:00');
INSERT INTO `__PREFIX__cities` (`country_code`, `name`, `longitude`, `latitude`, `feature_class`, `feature_code`, `subadmin1_code`, `subadmin2_code`, `population`, `time_zone`, `active`, `created_at`, `updated_at`) VALUES ('PE','{\"en\":\"Los Aquijes\"}',-75.69,-14.10,'P','PPLA3','PE.11','PE.11.1101',7848,'America/Lima',1,'2012-07-18 23:00:00','2012-07-18 23:00:00');
INSERT INTO `__PREFIX__cities` (`country_code`, `name`, `longitude`, `latitude`, `feature_class`, `feature_code`, `subadmin1_code`, `subadmin2_code`, `population`, `time_zone`, `active`, `created_at`, `updated_at`) VALUES ('PE','{\"en\":\"Lluta\"}',-72.01,-16.01,'P','PPLA3','PE.04','PE.04.0405',5998,'America/Lima',1,'2012-07-18 23:00:00','2012-07-18 23:00:00');
INSERT INTO `__PREFIX__cities` (`country_code`, `name`, `longitude`, `latitude`, `feature_class`, `feature_code`, `subadmin1_code`, `subadmin2_code`, `population`, `time_zone`, `active`, `created_at`, `updated_at`) VALUES ('PE','{\"en\":\"Lima\"}',-77.03,-12.04,'P','PPLC','PE.LMA',NULL,7737002,'America/Lima',1,'2019-09-04 23:00:00','2019-09-04 23:00:00');
INSERT INTO `__PREFIX__cities` (`country_code`, `name`, `longitude`, `latitude`, `feature_class`, `feature_code`, `subadmin1_code`, `subadmin2_code`, `population`, `time_zone`, `active`, `created_at`, `updated_at`) VALUES ('PE','{\"en\":\"La Oroya\"}',-75.90,-11.52,'P','PPLA3','PE.12','PE.12.1208',33345,'America/Lima',1,'2012-07-18 23:00:00','2012-07-18 23:00:00');
INSERT INTO `__PREFIX__cities` (`country_code`, `name`, `longitude`, `latitude`, `feature_class`, `feature_code`, `subadmin1_code`, `subadmin2_code`, `population`, `time_zone`, `active`, `created_at`, `updated_at`) VALUES ('PE','{\"en\":\"Junín\"}',-75.99,-11.16,'P','PPL','PE.12','PE.12.1205',15320,'America/Lima',1,'2012-11-07 23:00:00','2012-11-07 23:00:00');
INSERT INTO `__PREFIX__cities` (`country_code`, `name`, `longitude`, `latitude`, `feature_class`, `feature_code`, `subadmin1_code`, `subadmin2_code`, `population`, `time_zone`, `active`, `created_at`, `updated_at`) VALUES ('PE','{\"en\":\"Juliaca\"}',-70.13,-15.50,'P','PPLA3','PE.21','PE.21.2111',245675,'America/Lima',1,'2012-07-18 23:00:00','2012-07-18 23:00:00');
INSERT INTO `__PREFIX__cities` (`country_code`, `name`, `longitude`, `latitude`, `feature_class`, `feature_code`, `subadmin1_code`, `subadmin2_code`, `population`, `time_zone`, `active`, `created_at`, `updated_at`) VALUES ('PE','{\"en\":\"Juli\"}',-69.45,-16.22,'P','PPLA3','PE.21','PE.21.2104',7309,'America/Lima',1,'2012-07-18 23:00:00','2012-07-18 23:00:00');
INSERT INTO `__PREFIX__cities` (`country_code`, `name`, `longitude`, `latitude`, `feature_class`, `feature_code`, `subadmin1_code`, `subadmin2_code`, `population`, `time_zone`, `active`, `created_at`, `updated_at`) VALUES ('PE','{\"en\":\"Jauja\"}',-75.50,-11.78,'P','PPLA3','PE.12','PE.12.1204',21057,'America/Lima',1,'2012-07-18 23:00:00','2012-07-18 23:00:00');
INSERT INTO `__PREFIX__cities` (`country_code`, `name`, `longitude`, `latitude`, `feature_class`, `feature_code`, `subadmin1_code`, `subadmin2_code`, `population`, `time_zone`, `active`, `created_at`, `updated_at`) VALUES ('PE','{\"en\":\"Imperial\"}',-76.35,-13.06,'P','PPLA3','PE.15','PE.15.1505',32344,'America/Lima',1,'2021-02-23 23:00:00','2021-02-23 23:00:00');
INSERT INTO `__PREFIX__cities` (`country_code`, `name`, `longitude`, `latitude`, `feature_class`, `feature_code`, `subadmin1_code`, `subadmin2_code`, `population`, `time_zone`, `active`, `created_at`, `updated_at`) VALUES ('PE','{\"en\":\"Ilo\"}',-71.34,-17.63,'P','PPLA3','PE.18','PE.18.1803',53476,'America/Lima',1,'2018-03-13 23:00:00','2018-03-13 23:00:00');
INSERT INTO `__PREFIX__cities` (`country_code`, `name`, `longitude`, `latitude`, `feature_class`, `feature_code`, `subadmin1_code`, `subadmin2_code`, `population`, `time_zone`, `active`, `created_at`, `updated_at`) VALUES ('PE','{\"en\":\"Ilave\"}',-69.67,-16.08,'P','PPLA3','PE.21','PE.21.2105',16033,'America/Lima',1,'2012-07-18 23:00:00','2012-07-18 23:00:00');
INSERT INTO `__PREFIX__cities` (`country_code`, `name`, `longitude`, `latitude`, `feature_class`, `feature_code`, `subadmin1_code`, `subadmin2_code`, `population`, `time_zone`, `active`, `created_at`, `updated_at`) VALUES ('PE','{\"en\":\"Ilabaya\"}',-70.51,-17.42,'P','PPLA3','PE.23','PE.23.2303',9492,'America/Lima',1,'2012-07-18 23:00:00','2012-07-18 23:00:00');
INSERT INTO `__PREFIX__cities` (`country_code`, `name`, `longitude`, `latitude`, `feature_class`, `feature_code`, `subadmin1_code`, `subadmin2_code`, `population`, `time_zone`, `active`, `created_at`, `updated_at`) VALUES ('PE','{\"en\":\"Ica\"}',-75.73,-14.07,'P','PPLA','PE.11','PE.11.1101',246844,'America/Lima',1,'2019-09-04 23:00:00','2019-09-04 23:00:00');
INSERT INTO `__PREFIX__cities` (`country_code`, `name`, `longitude`, `latitude`, `feature_class`, `feature_code`, `subadmin1_code`, `subadmin2_code`, `population`, `time_zone`, `active`, `created_at`, `updated_at`) VALUES ('PE','{\"en\":\"Huayucachi\"}',-75.23,-12.13,'P','PPLA3','PE.12','PE.12.1201',5827,'America/Lima',1,'2012-07-18 23:00:00','2012-07-18 23:00:00');
INSERT INTO `__PREFIX__cities` (`country_code`, `name`, `longitude`, `latitude`, `feature_class`, `feature_code`, `subadmin1_code`, `subadmin2_code`, `population`, `time_zone`, `active`, `created_at`, `updated_at`) VALUES ('PE','{\"en\":\"Huaura\"}',-77.60,-11.07,'P','PPLA3','PE.15','PE.15.1508',20723,'America/Lima',1,'2019-07-25 23:00:00','2019-07-25 23:00:00');
INSERT INTO `__PREFIX__cities` (`country_code`, `name`, `longitude`, `latitude`, `feature_class`, `feature_code`, `subadmin1_code`, `subadmin2_code`, `population`, `time_zone`, `active`, `created_at`, `updated_at`) VALUES ('PE','{\"en\":\"Huasahuasi\"}',-75.65,-11.27,'P','PPL','PE.12','PE.12.1207',5146,'America/Lima',1,'2020-11-27 23:00:00','2020-11-27 23:00:00');
INSERT INTO `__PREFIX__cities` (`country_code`, `name`, `longitude`, `latitude`, `feature_class`, `feature_code`, `subadmin1_code`, `subadmin2_code`, `population`, `time_zone`, `active`, `created_at`, `updated_at`) VALUES ('PE','{\"en\":\"Huarmey\"}',-78.15,-10.07,'P','PPLA3','PE.02','PE.02.0211',16172,'America/Lima',1,'2012-07-18 23:00:00','2012-07-18 23:00:00');
INSERT INTO `__PREFIX__cities` (`country_code`, `name`, `longitude`, `latitude`, `feature_class`, `feature_code`, `subadmin1_code`, `subadmin2_code`, `population`, `time_zone`, `active`, `created_at`, `updated_at`) VALUES ('PE','{\"en\":\"Huaral\"}',-77.21,-11.49,'P','PPLA3','PE.15','PE.15.1506',62174,'America/Lima',1,'2020-07-19 23:00:00','2020-07-19 23:00:00');
INSERT INTO `__PREFIX__cities` (`country_code`, `name`, `longitude`, `latitude`, `feature_class`, `feature_code`, `subadmin1_code`, `subadmin2_code`, `population`, `time_zone`, `active`, `created_at`, `updated_at`) VALUES ('PE','{\"en\":\"Huanta\"}',-74.25,-12.93,'P','PPLA3','PE.05','PE.05.0504',18627,'America/Lima',1,'2012-07-18 23:00:00','2012-07-18 23:00:00');
INSERT INTO `__PREFIX__cities` (`country_code`, `name`, `longitude`, `latitude`, `feature_class`, `feature_code`, `subadmin1_code`, `subadmin2_code`, `population`, `time_zone`, `active`, `created_at`, `updated_at`) VALUES ('PE','{\"en\":\"Huancayo\"}',-75.20,-12.07,'P','PPLA','PE.12','PE.12.1201',376657,'America/Lima',1,'2019-09-04 23:00:00','2019-09-04 23:00:00');
INSERT INTO `__PREFIX__cities` (`country_code`, `name`, `longitude`, `latitude`, `feature_class`, `feature_code`, `subadmin1_code`, `subadmin2_code`, `population`, `time_zone`, `active`, `created_at`, `updated_at`) VALUES ('PE','{\"en\":\"Huancavelica\"}',-74.97,-12.78,'P','PPLA','PE.09','PE.09.0901',41576,'America/Lima',1,'2014-01-12 23:00:00','2014-01-12 23:00:00');
INSERT INTO `__PREFIX__cities` (`country_code`, `name`, `longitude`, `latitude`, `feature_class`, `feature_code`, `subadmin1_code`, `subadmin2_code`, `population`, `time_zone`, `active`, `created_at`, `updated_at`) VALUES ('PE','{\"en\":\"Hacienda Huancane\"}',-70.89,-15.82,'P','PPL','PE.21','PE.21.2107',7831,'America/Lima',1,'2012-11-07 23:00:00','2012-11-07 23:00:00');
INSERT INTO `__PREFIX__cities` (`country_code`, `name`, `longitude`, `latitude`, `feature_class`, `feature_code`, `subadmin1_code`, `subadmin2_code`, `population`, `time_zone`, `active`, `created_at`, `updated_at`) VALUES ('PE','{\"en\":\"Hualmay\"}',-77.61,-11.10,'P','PPLA3','PE.15','PE.15.1508',26658,'America/Lima',1,'2012-07-18 23:00:00','2012-07-18 23:00:00');
INSERT INTO `__PREFIX__cities` (`country_code`, `name`, `longitude`, `latitude`, `feature_class`, `feature_code`, `subadmin1_code`, `subadmin2_code`, `population`, `time_zone`, `active`, `created_at`, `updated_at`) VALUES ('PE','{\"en\":\"Huacho\"}',-77.61,-11.11,'P','PPLA','PE.15','PE.15.1508',54545,'America/Lima',1,'2012-07-18 23:00:00','2012-07-18 23:00:00');
INSERT INTO `__PREFIX__cities` (`country_code`, `name`, `longitude`, `latitude`, `feature_class`, `feature_code`, `subadmin1_code`, `subadmin2_code`, `population`, `time_zone`, `active`, `created_at`, `updated_at`) VALUES ('PE','{\"en\":\"Desaguadero\"}',-69.04,-16.57,'P','PPLA3','PE.21','PE.21.2104',5329,'America/Lima',1,'2012-07-18 23:00:00','2012-07-18 23:00:00');
INSERT INTO `__PREFIX__cities` (`country_code`, `name`, `longitude`, `latitude`, `feature_class`, `feature_code`, `subadmin1_code`, `subadmin2_code`, `population`, `time_zone`, `active`, `created_at`, `updated_at`) VALUES ('PE','{\"en\":\"Cusco\"}',-71.97,-13.52,'P','PPLA','PE.08','PE.08.0801',312140,'America/Lima',1,'2019-09-04 23:00:00','2019-09-04 23:00:00');
INSERT INTO `__PREFIX__cities` (`country_code`, `name`, `longitude`, `latitude`, `feature_class`, `feature_code`, `subadmin1_code`, `subadmin2_code`, `population`, `time_zone`, `active`, `created_at`, `updated_at`) VALUES ('PE','{\"en\":\"Coracora\"}',-73.78,-15.03,'P','PPLA3','PE.05','PE.05.0507',7420,'America/Lima',1,'2012-07-18 23:00:00','2012-07-18 23:00:00');
INSERT INTO `__PREFIX__cities` (`country_code`, `name`, `longitude`, `latitude`, `feature_class`, `feature_code`, `subadmin1_code`, `subadmin2_code`, `population`, `time_zone`, `active`, `created_at`, `updated_at`) VALUES ('PE','{\"en\":\"Concepción\"}',-75.31,-11.92,'P','PPL','PE.12','PE.12.1202',11330,'America/Lima',1,'2012-11-07 23:00:00','2012-11-07 23:00:00');
INSERT INTO `__PREFIX__cities` (`country_code`, `name`, `longitude`, `latitude`, `feature_class`, `feature_code`, `subadmin1_code`, `subadmin2_code`, `population`, `time_zone`, `active`, `created_at`, `updated_at`) VALUES ('PE','{\"en\":\"Cocachacra\"}',-71.76,-17.09,'P','PPLA3','PE.04','PE.04.0407',8799,'America/Lima',1,'2012-07-18 23:00:00','2012-07-18 23:00:00');
INSERT INTO `__PREFIX__cities` (`country_code`, `name`, `longitude`, `latitude`, `feature_class`, `feature_code`, `subadmin1_code`, `subadmin2_code`, `population`, `time_zone`, `active`, `created_at`, `updated_at`) VALUES ('PE','{\"en\":\"Chupaca\"}',-75.28,-12.07,'P','PPLA3','PE.12','PE.12.1209',9877,'America/Lima',1,'2012-07-18 23:00:00','2012-07-18 23:00:00');
INSERT INTO `__PREFIX__cities` (`country_code`, `name`, `longitude`, `latitude`, `feature_class`, `feature_code`, `subadmin1_code`, `subadmin2_code`, `population`, `time_zone`, `active`, `created_at`, `updated_at`) VALUES ('PE','{\"en\":\"Chosica\"}',-76.71,-11.94,'P','PPLA3','PE.15','PE.15.1501',88606,'America/Lima',1,'2012-07-18 23:00:00','2012-07-18 23:00:00');
INSERT INTO `__PREFIX__cities` (`country_code`, `name`, `longitude`, `latitude`, `feature_class`, `feature_code`, `subadmin1_code`, `subadmin2_code`, `population`, `time_zone`, `active`, `created_at`, `updated_at`) VALUES ('PE','{\"en\":\"Chincha Alta\"}',-76.13,-13.41,'P','PPLA3','PE.11','PE.11.1102',153076,'America/Lima',1,'2012-07-18 23:00:00','2012-07-18 23:00:00');
INSERT INTO `__PREFIX__cities` (`country_code`, `name`, `longitude`, `latitude`, `feature_class`, `feature_code`, `subadmin1_code`, `subadmin2_code`, `population`, `time_zone`, `active`, `created_at`, `updated_at`) VALUES ('PE','{\"en\":\"Chilca\"}',-76.74,-12.52,'P','PPLA3','PE.15','PE.15.1505',12884,'America/Lima',1,'2012-07-18 23:00:00','2012-07-18 23:00:00');
INSERT INTO `__PREFIX__cities` (`country_code`, `name`, `longitude`, `latitude`, `feature_class`, `feature_code`, `subadmin1_code`, `subadmin2_code`, `population`, `time_zone`, `active`, `created_at`, `updated_at`) VALUES ('PE','{\"en\":\"Chaupimarca\"}',-76.46,-10.41,'P','PPL','PE.19','PE.19.1902',28666,'America/Lima',1,'2018-12-04 23:00:00','2018-12-04 23:00:00');
INSERT INTO `__PREFIX__cities` (`country_code`, `name`, `longitude`, `latitude`, `feature_class`, `feature_code`, `subadmin1_code`, `subadmin2_code`, `population`, `time_zone`, `active`, `created_at`, `updated_at`) VALUES ('PE','{\"en\":\"Chancay\"}',-77.27,-11.57,'P','PPLA3','PE.15','PE.15.1506',26958,'America/Lima',1,'2012-07-18 23:00:00','2012-07-18 23:00:00');
INSERT INTO `__PREFIX__cities` (`country_code`, `name`, `longitude`, `latitude`, `feature_class`, `feature_code`, `subadmin1_code`, `subadmin2_code`, `population`, `time_zone`, `active`, `created_at`, `updated_at`) VALUES ('PE','{\"en\":\"Cerro de Pasco\"}',-76.26,-10.67,'P','PPLA','PE.19','PE.19.1901',78910,'America/Lima',1,'2012-11-07 23:00:00','2012-11-07 23:00:00');
INSERT INTO `__PREFIX__cities` (`country_code`, `name`, `longitude`, `latitude`, `feature_class`, `feature_code`, `subadmin1_code`, `subadmin2_code`, `population`, `time_zone`, `active`, `created_at`, `updated_at`) VALUES ('PE','{\"en\":\"Carhuamayo\"}',-76.03,-10.92,'P','PPLA3','PE.12','PE.12.1205',9122,'America/Lima',1,'2012-07-18 23:00:00','2012-07-18 23:00:00');
INSERT INTO `__PREFIX__cities` (`country_code`, `name`, `longitude`, `latitude`, `feature_class`, `feature_code`, `subadmin1_code`, `subadmin2_code`, `population`, `time_zone`, `active`, `created_at`, `updated_at`) VALUES ('PE','{\"en\":\"Camaná\"}',-72.71,-16.62,'P','PPL','PE.04','PE.04.0402',16434,'America/Lima',1,'2012-11-07 23:00:00','2012-11-07 23:00:00');
INSERT INTO `__PREFIX__cities` (`country_code`, `name`, `longitude`, `latitude`, `feature_class`, `feature_code`, `subadmin1_code`, `subadmin2_code`, `population`, `time_zone`, `active`, `created_at`, `updated_at`) VALUES ('PE','{\"en\":\"Callao\"}',-77.12,-12.06,'P','PPLA','PE.07','PE.07.0701',813264,'America/Lima',1,'2019-09-04 23:00:00','2019-09-04 23:00:00');
INSERT INTO `__PREFIX__cities` (`country_code`, `name`, `longitude`, `latitude`, `feature_class`, `feature_code`, `subadmin1_code`, `subadmin2_code`, `population`, `time_zone`, `active`, `created_at`, `updated_at`) VALUES ('PE','{\"en\":\"Caleta de Carquín\"}',-77.63,-11.09,'P','PPL','PE.15','PE.15.1508',5514,'America/Lima',1,'2012-07-18 23:00:00','2012-07-18 23:00:00');
INSERT INTO `__PREFIX__cities` (`country_code`, `name`, `longitude`, `latitude`, `feature_class`, `feature_code`, `subadmin1_code`, `subadmin2_code`, `population`, `time_zone`, `active`, `created_at`, `updated_at`) VALUES ('PE','{\"en\":\"Calca\"}',-71.95,-13.33,'P','PPLA3','PE.08','PE.08.0804',9179,'America/Lima',1,'2018-04-27 23:00:00','2018-04-27 23:00:00');
INSERT INTO `__PREFIX__cities` (`country_code`, `name`, `longitude`, `latitude`, `feature_class`, `feature_code`, `subadmin1_code`, `subadmin2_code`, `population`, `time_zone`, `active`, `created_at`, `updated_at`) VALUES ('PE','{\"en\":\"Barranca\"}',-77.77,-10.75,'P','PPLA3','PE.15','PE.15.1502',46290,'America/Lima',1,'2012-07-18 23:00:00','2012-07-18 23:00:00');
INSERT INTO `__PREFIX__cities` (`country_code`, `name`, `longitude`, `latitude`, `feature_class`, `feature_code`, `subadmin1_code`, `subadmin2_code`, `population`, `time_zone`, `active`, `created_at`, `updated_at`) VALUES ('PE','{\"en\":\"Azángaro\"}',-70.20,-14.91,'P','PPL','PE.21','PE.21.2102',13290,'America/Lima',1,'2012-12-05 23:00:00','2012-12-05 23:00:00');
INSERT INTO `__PREFIX__cities` (`country_code`, `name`, `longitude`, `latitude`, `feature_class`, `feature_code`, `subadmin1_code`, `subadmin2_code`, `population`, `time_zone`, `active`, `created_at`, `updated_at`) VALUES ('PE','{\"en\":\"Ayaviri\"}',-70.59,-14.89,'P','PPLA3','PE.21','PE.21.2108',19310,'America/Lima',1,'2012-07-18 23:00:00','2012-07-18 23:00:00');
INSERT INTO `__PREFIX__cities` (`country_code`, `name`, `longitude`, `latitude`, `feature_class`, `feature_code`, `subadmin1_code`, `subadmin2_code`, `population`, `time_zone`, `active`, `created_at`, `updated_at`) VALUES ('PE','{\"en\":\"Ayacucho\"}',-74.22,-13.16,'P','PPLA','PE.05','PE.05.0501',140033,'America/Lima',1,'2019-09-04 23:00:00','2019-09-04 23:00:00');
INSERT INTO `__PREFIX__cities` (`country_code`, `name`, `longitude`, `latitude`, `feature_class`, `feature_code`, `subadmin1_code`, `subadmin2_code`, `population`, `time_zone`, `active`, `created_at`, `updated_at`) VALUES ('PE','{\"en\":\"Atuncolla\"}',-70.15,-15.68,'P','PPLA3','PE.21','PE.21.2101',12654,'America/Lima',1,'2012-07-18 23:00:00','2012-07-18 23:00:00');
INSERT INTO `__PREFIX__cities` (`country_code`, `name`, `longitude`, `latitude`, `feature_class`, `feature_code`, `subadmin1_code`, `subadmin2_code`, `population`, `time_zone`, `active`, `created_at`, `updated_at`) VALUES ('PE','{\"en\":\"Arequipa\"}',-71.53,-16.40,'P','PPLA','PE.04','PE.04.0401',841130,'America/Lima',1,'2019-09-04 23:00:00','2019-09-04 23:00:00');
INSERT INTO `__PREFIX__cities` (`country_code`, `name`, `longitude`, `latitude`, `feature_class`, `feature_code`, `subadmin1_code`, `subadmin2_code`, `population`, `time_zone`, `active`, `created_at`, `updated_at`) VALUES ('PE','{\"en\":\"Anta\"}',-72.15,-13.47,'P','PPLA3','PE.08','PE.08.0803',5859,'America/Lima',1,'2012-07-18 23:00:00','2012-07-18 23:00:00');
INSERT INTO `__PREFIX__cities` (`country_code`, `name`, `longitude`, `latitude`, `feature_class`, `feature_code`, `subadmin1_code`, `subadmin2_code`, `population`, `time_zone`, `active`, `created_at`, `updated_at`) VALUES ('PE','{\"en\":\"Andahuaylas\"}',-73.39,-13.66,'P','PPLA3','PE.03','PE.03.0302',17444,'America/Lima',1,'2018-01-15 23:00:00','2018-01-15 23:00:00');
INSERT INTO `__PREFIX__cities` (`country_code`, `name`, `longitude`, `latitude`, `feature_class`, `feature_code`, `subadmin1_code`, `subadmin2_code`, `population`, `time_zone`, `active`, `created_at`, `updated_at`) VALUES ('PE','{\"en\":\"Ambo\"}',-76.20,-10.13,'P','PPLA3','PE.10','PE.10.1002',6865,'America/Lima',1,'2012-07-18 23:00:00','2012-07-18 23:00:00');
INSERT INTO `__PREFIX__cities` (`country_code`, `name`, `longitude`, `latitude`, `feature_class`, `feature_code`, `subadmin1_code`, `subadmin2_code`, `population`, `time_zone`, `active`, `created_at`, `updated_at`) VALUES ('PE','{\"en\":\"Acolla\"}',-75.55,-11.73,'P','PPLA3','PE.12','PE.12.1204',6805,'America/Lima',1,'2012-07-18 23:00:00','2012-07-18 23:00:00');
INSERT INTO `__PREFIX__cities` (`country_code`, `name`, `longitude`, `latitude`, `feature_class`, `feature_code`, `subadmin1_code`, `subadmin2_code`, `population`, `time_zone`, `active`, `created_at`, `updated_at`) VALUES ('PE','{\"en\":\"Abancay\"}',-72.88,-13.63,'P','PPLA','PE.03','PE.03.0301',55111,'America/Lima',1,'2020-06-30 23:00:00','2020-06-30 23:00:00');
INSERT INTO `__PREFIX__cities` (`country_code`, `name`, `longitude`, `latitude`, `feature_class`, `feature_code`, `subadmin1_code`, `subadmin2_code`, `population`, `time_zone`, `active`, `created_at`, `updated_at`) VALUES ('PE','{\"en\":\"Jacobo Hunter\"}',-71.55,-16.44,'P','PPLA3','PE.04','PE.04.0401',46092,'America/Lima',1,'2020-05-07 23:00:00','2020-05-07 23:00:00');
INSERT INTO `__PREFIX__cities` (`country_code`, `name`, `longitude`, `latitude`, `feature_class`, `feature_code`, `subadmin1_code`, `subadmin2_code`, `population`, `time_zone`, `active`, `created_at`, `updated_at`) VALUES ('PE','{\"en\":\"Segunda Jerusalén - Azunguillo\"}',-77.28,-5.99,'P','PPL','PE.22','PE.22.2208',6412,'America/Lima',1,'2020-05-10 23:00:00','2020-05-10 23:00:00');
INSERT INTO `__PREFIX__cities` (`country_code`, `name`, `longitude`, `latitude`, `feature_class`, `feature_code`, `subadmin1_code`, `subadmin2_code`, `population`, `time_zone`, `active`, `created_at`, `updated_at`) VALUES ('PE','{\"en\":\"El Triunfo ( El Cruce)\"}',-71.85,-16.49,'P','PPL','PE.04','PE.04.0401',6386,'America/Lima',1,'2020-05-10 23:00:00','2020-05-10 23:00:00');
INSERT INTO `__PREFIX__cities` (`country_code`, `name`, `longitude`, `latitude`, `feature_class`, `feature_code`, `subadmin1_code`, `subadmin2_code`, `population`, `time_zone`, `active`, `created_at`, `updated_at`) VALUES ('PE','{\"en\":\"Santa Rosa de Sacco\"}',-75.94,-11.55,'P','PPL','PE.12','PE.12.1208',11257,'America/Lima',1,'2020-05-10 23:00:00','2020-05-10 23:00:00');
INSERT INTO `__PREFIX__cities` (`country_code`, `name`, `longitude`, `latitude`, `feature_class`, `feature_code`, `subadmin1_code`, `subadmin2_code`, `population`, `time_zone`, `active`, `created_at`, `updated_at`) VALUES ('PE','{\"en\":\"La Rinconada\"}',-69.45,-14.63,'P','PPLS','PE.21','PE.21.2110',29678,'America/Lima',1,'2012-07-18 23:00:00','2012-07-18 23:00:00');
INSERT INTO `__PREFIX__cities` (`country_code`, `name`, `longitude`, `latitude`, `feature_class`, `feature_code`, `subadmin1_code`, `subadmin2_code`, `population`, `time_zone`, `active`, `created_at`, `updated_at`) VALUES ('PE','{\"en\":\"Pedro Ruiz Gallo\"}',-77.98,-5.95,'P','PPL','PE.01','PE.01.0103',5602,'America/Lima',1,'2020-05-10 23:00:00','2020-05-10 23:00:00');
INSERT INTO `__PREFIX__cities` (`country_code`, `name`, `longitude`, `latitude`, `feature_class`, `feature_code`, `subadmin1_code`, `subadmin2_code`, `population`, `time_zone`, `active`, `created_at`, `updated_at`) VALUES ('PE','{\"en\":\"Santa Anita - Los Ficus\"}',-76.97,-12.05,'P','PPL','PE.15','PE.15.1501',184614,'America/Lima',1,'2020-05-06 23:00:00','2020-05-06 23:00:00');
INSERT INTO `__PREFIX__cities` (`country_code`, `name`, `longitude`, `latitude`, `feature_class`, `feature_code`, `subadmin1_code`, `subadmin2_code`, `population`, `time_zone`, `active`, `created_at`, `updated_at`) VALUES ('PE','{\"en\":\"San Martin\"}',-80.67,-5.19,'P','PPL','PE.20','PE.20.2001',130000,'America/Lima',1,'2020-05-06 23:00:00','2020-05-06 23:00:00');
INSERT INTO `__PREFIX__cities` (`country_code`, `name`, `longitude`, `latitude`, `feature_class`, `feature_code`, `subadmin1_code`, `subadmin2_code`, `population`, `time_zone`, `active`, `created_at`, `updated_at`) VALUES ('PE','{\"en\":\"San Francisco De Borja\"}',-77.00,-12.09,'P','PPL','PE.15','PE.15.1501',105076,'America/Lima',1,'2020-05-06 23:00:00','2020-05-06 23:00:00');
INSERT INTO `__PREFIX__cities` (`country_code`, `name`, `longitude`, `latitude`, `feature_class`, `feature_code`, `subadmin1_code`, `subadmin2_code`, `population`, `time_zone`, `active`, `created_at`, `updated_at`) VALUES ('PE','{\"en\":\"Ciudad Satelite\"}',-71.53,-16.43,'P','PPL','PE.04','PE.04.0401',76410,'America/Lima',1,'2020-05-06 23:00:00','2020-05-06 23:00:00');
INSERT INTO `__PREFIX__cities` (`country_code`, `name`, `longitude`, `latitude`, `feature_class`, `feature_code`, `subadmin1_code`, `subadmin2_code`, `population`, `time_zone`, `active`, `created_at`, `updated_at`) VALUES ('PE','{\"en\":\"Chilca\"}',-75.20,-12.08,'P','PPL','PE.12','PE.12.1201',73371,'America/Lima',1,'2020-05-06 23:00:00','2020-05-06 23:00:00');
INSERT INTO `__PREFIX__cities` (`country_code`, `name`, `longitude`, `latitude`, `feature_class`, `feature_code`, `subadmin1_code`, `subadmin2_code`, `population`, `time_zone`, `active`, `created_at`, `updated_at`) VALUES ('PE','{\"en\":\"San Fernando\"}',-74.54,-8.40,'P','PPL','PE.25','PE.25.2501',67844,'America/Lima',1,'2020-05-06 23:00:00','2020-05-06 23:00:00');
INSERT INTO `__PREFIX__cities` (`country_code`, `name`, `longitude`, `latitude`, `feature_class`, `feature_code`, `subadmin1_code`, `subadmin2_code`, `population`, `time_zone`, `active`, `created_at`, `updated_at`) VALUES ('PE','{\"en\":\"Jesus Maria\"}',-77.04,-12.07,'P','PPL','PE.15','PE.15.1501',66171,'America/Lima',1,'2020-05-06 23:00:00','2020-05-06 23:00:00');
INSERT INTO `__PREFIX__cities` (`country_code`, `name`, `longitude`, `latitude`, `feature_class`, `feature_code`, `subadmin1_code`, `subadmin2_code`, `population`, `time_zone`, `active`, `created_at`, `updated_at`) VALUES ('PE','{\"en\":\"Wanchaq\"}',-71.97,-13.52,'P','PPL','PE.08','PE.08.0801',59134,'America/Lima',1,'2020-05-06 23:00:00','2020-05-06 23:00:00');
INSERT INTO `__PREFIX__cities` (`country_code`, `name`, `longitude`, `latitude`, `feature_class`, `feature_code`, `subadmin1_code`, `subadmin2_code`, `population`, `time_zone`, `active`, `created_at`, `updated_at`) VALUES ('PE','{\"en\":\"Centenario\"}',-77.53,-9.52,'P','PPL','PE.02','PE.02.0201',47581,'America/Lima',1,'2020-05-06 23:00:00','2020-05-06 23:00:00');
INSERT INTO `__PREFIX__cities` (`country_code`, `name`, `longitude`, `latitude`, `feature_class`, `feature_code`, `subadmin1_code`, `subadmin2_code`, `population`, `time_zone`, `active`, `created_at`, `updated_at`) VALUES ('PE','{\"en\":\"Cono Norte\"}',-71.58,-16.32,'P','PPL','PE.04','PE.04.0401',47347,'America/Lima',1,'2020-05-06 23:00:00','2020-05-06 23:00:00');
INSERT INTO `__PREFIX__cities` (`country_code`, `name`, `longitude`, `latitude`, `feature_class`, `feature_code`, `subadmin1_code`, `subadmin2_code`, `population`, `time_zone`, `active`, `created_at`, `updated_at`) VALUES ('PE','{\"en\":\"Carmen De La Legua Reynoso\"}',-77.10,-12.05,'P','PPL','PE.07','PE.07.0701',41863,'America/Lima',1,'2020-05-06 23:00:00','2020-05-06 23:00:00');
INSERT INTO `__PREFIX__cities` (`country_code`, `name`, `longitude`, `latitude`, `feature_class`, `feature_code`, `subadmin1_code`, `subadmin2_code`, `population`, `time_zone`, `active`, `created_at`, `updated_at`) VALUES ('PE','{\"en\":\"La Banda\"}',-76.34,-6.49,'P','PPLA3','PE.22','PE.22.2209',24932,'America/Lima',1,'2020-05-06 23:00:00','2020-05-06 23:00:00');
INSERT INTO `__PREFIX__cities` (`country_code`, `name`, `longitude`, `latitude`, `feature_class`, `feature_code`, `subadmin1_code`, `subadmin2_code`, `population`, `time_zone`, `active`, `created_at`, `updated_at`) VALUES ('PE','{\"en\":\"Yanacancha\"}',-76.26,-10.67,'P','PPL','PE.19','PE.19.1901',24105,'America/Lima',1,'2020-05-07 23:00:00','2020-05-07 23:00:00');
INSERT INTO `__PREFIX__cities` (`country_code`, `name`, `longitude`, `latitude`, `feature_class`, `feature_code`, `subadmin1_code`, `subadmin2_code`, `population`, `time_zone`, `active`, `created_at`, `updated_at`) VALUES ('PE','{\"en\":\"El Pedregal\"}',-72.19,-16.36,'P','PPL','PE.04','PE.04.0405',20063,'America/Lima',1,'2020-05-07 23:00:00','2020-05-07 23:00:00');
INSERT INTO `__PREFIX__cities` (`country_code`, `name`, `longitude`, `latitude`, `feature_class`, `feature_code`, `subadmin1_code`, `subadmin2_code`, `population`, `time_zone`, `active`, `created_at`, `updated_at`) VALUES ('PE','{\"en\":\"Santa Rosa\"}',-74.88,-10.92,'P','PPL','PE.12','PE.12.1203',18057,'America/Lima',1,'2020-05-07 23:00:00','2020-05-07 23:00:00');
INSERT INTO `__PREFIX__cities` (`country_code`, `name`, `longitude`, `latitude`, `feature_class`, `feature_code`, `subadmin1_code`, `subadmin2_code`, `population`, `time_zone`, `active`, `created_at`, `updated_at`) VALUES ('PE','{\"en\":\"San Antonio\"}',-70.93,-17.22,'P','PPL','PE.18','PE.18.1801',15633,'America/Lima',1,'2020-05-07 23:00:00','2020-05-07 23:00:00');
INSERT INTO `__PREFIX__cities` (`country_code`, `name`, `longitude`, `latitude`, `feature_class`, `feature_code`, `subadmin1_code`, `subadmin2_code`, `population`, `time_zone`, `active`, `created_at`, `updated_at`) VALUES ('PE','{\"en\":\"Cono Norte\"}',-71.62,-16.30,'P','PPL','PE.04','PE.04.0401',14542,'America/Lima',1,'2020-05-07 23:00:00','2020-05-07 23:00:00');
INSERT INTO `__PREFIX__cities` (`country_code`, `name`, `longitude`, `latitude`, `feature_class`, `feature_code`, `subadmin1_code`, `subadmin2_code`, `population`, `time_zone`, `active`, `created_at`, `updated_at`) VALUES ('PE','{\"en\":\"Las Nazarenas\"}',-74.22,-13.15,'P','PPL','PE.05','PE.05.0501',14316,'America/Lima',1,'2020-05-07 23:00:00','2020-05-07 23:00:00');
INSERT INTO `__PREFIX__cities` (`country_code`, `name`, `longitude`, `latitude`, `feature_class`, `feature_code`, `subadmin1_code`, `subadmin2_code`, `population`, `time_zone`, `active`, `created_at`, `updated_at`) VALUES ('PE','{\"en\":\"Pilcomayo\"}',-77.81,-9.05,'P','PPL','PE.02','PE.02.0212',13295,'America/Lima',1,'2020-05-07 23:00:00','2020-05-07 23:00:00');
INSERT INTO `__PREFIX__cities` (`country_code`, `name`, `longitude`, `latitude`, `feature_class`, `feature_code`, `subadmin1_code`, `subadmin2_code`, `population`, `time_zone`, `active`, `created_at`, `updated_at`) VALUES ('PE','{\"en\":\"La Rinconada Ana Maria (La Rinconada)\"}',-69.45,-14.63,'P','PPL','PE.21','PE.21.2110',12183,'America/Lima',1,'2020-05-07 23:00:00','2020-05-07 23:00:00');
INSERT INTO `__PREFIX__cities` (`country_code`, `name`, `longitude`, `latitude`, `feature_class`, `feature_code`, `subadmin1_code`, `subadmin2_code`, `population`, `time_zone`, `active`, `created_at`, `updated_at`) VALUES ('PE','{\"en\":\"La Pradera\"}',-79.89,-6.78,'P','PPL','PE.14','PE.14.1401',10072,'America/Lima',1,'2020-05-08 23:00:00','2020-05-08 23:00:00');
INSERT INTO `__PREFIX__cities` (`country_code`, `name`, `longitude`, `latitude`, `feature_class`, `feature_code`, `subadmin1_code`, `subadmin2_code`, `population`, `time_zone`, `active`, `created_at`, `updated_at`) VALUES ('PE','{\"en\":\"Miramar\"}',-78.99,-8.18,'P','PPL','PE.13','PE.13.1301',9614,'America/Lima',1,'2020-05-08 23:00:00','2020-05-08 23:00:00');
INSERT INTO `__PREFIX__cities` (`country_code`, `name`, `longitude`, `latitude`, `feature_class`, `feature_code`, `subadmin1_code`, `subadmin2_code`, `population`, `time_zone`, `active`, `created_at`, `updated_at`) VALUES ('PE','{\"en\":\"Ascencion\"}',-74.98,-12.78,'P','PPLA3','PE.09','PE.09.0901',9086,'America/Lima',1,'2020-05-09 23:00:00','2020-05-09 23:00:00');
INSERT INTO `__PREFIX__cities` (`country_code`, `name`, `longitude`, `latitude`, `feature_class`, `feature_code`, `subadmin1_code`, `subadmin2_code`, `population`, `time_zone`, `active`, `created_at`, `updated_at`) VALUES ('PE','{\"en\":\"Puente Viru\"}',-78.78,-8.43,'P','PPL','PE.13','PE.13.1312',8995,'America/Lima',1,'2020-05-08 23:00:00','2020-05-08 23:00:00');
INSERT INTO `__PREFIX__cities` (`country_code`, `name`, `longitude`, `latitude`, `feature_class`, `feature_code`, `subadmin1_code`, `subadmin2_code`, `population`, `time_zone`, `active`, `created_at`, `updated_at`) VALUES ('PE','{\"en\":\"Victor Raul\"}',-78.82,-8.40,'P','PPL','PE.13','PE.13.1312',8369,'America/Lima',1,'2020-05-08 23:00:00','2020-05-08 23:00:00');
INSERT INTO `__PREFIX__cities` (`country_code`, `name`, `longitude`, `latitude`, `feature_class`, `feature_code`, `subadmin1_code`, `subadmin2_code`, `population`, `time_zone`, `active`, `created_at`, `updated_at`) VALUES ('PE','{\"en\":\"Horacio Zeballos Gamez\"}',-71.51,-16.49,'P','PPL','PE.04','PE.04.0401',8365,'America/Lima',1,'2020-05-08 23:00:00','2020-05-08 23:00:00');
INSERT INTO `__PREFIX__cities` (`country_code`, `name`, `longitude`, `latitude`, `feature_class`, `feature_code`, `subadmin1_code`, `subadmin2_code`, `population`, `time_zone`, `active`, `created_at`, `updated_at`) VALUES ('PE','{\"en\":\"Huanchaquito Alto\"}',-79.10,-8.09,'P','PPL','PE.13','PE.13.1301',7282,'America/Lima',1,'2020-05-08 23:00:00','2020-05-08 23:00:00');
INSERT INTO `__PREFIX__cities` (`country_code`, `name`, `longitude`, `latitude`, `feature_class`, `feature_code`, `subadmin1_code`, `subadmin2_code`, `population`, `time_zone`, `active`, `created_at`, `updated_at`) VALUES ('PE','{\"en\":\"Selva Alegre\"}',-71.53,-16.37,'P','PPL','PE.04','PE.04.0401',72696,'America/Lima',1,'2020-05-08 23:00:00','2020-05-08 23:00:00');
INSERT INTO `__PREFIX__cities` (`country_code`, `name`, `longitude`, `latitude`, `feature_class`, `feature_code`, `subadmin1_code`, `subadmin2_code`, `population`, `time_zone`, `active`, `created_at`, `updated_at`) VALUES ('PE','{\"en\":\"Santiago\"}',-71.98,-13.53,'P','PPL','PE.08','PE.08.0801',64075,'America/Lima',1,'2020-05-08 23:00:00','2020-05-08 23:00:00');
INSERT INTO `__PREFIX__cities` (`country_code`, `name`, `longitude`, `latitude`, `feature_class`, `feature_code`, `subadmin1_code`, `subadmin2_code`, `population`, `time_zone`, `active`, `created_at`, `updated_at`) VALUES ('PE','{\"en\":\"Tabaloslos\"}',-76.63,-6.39,'P','PPL','PE.22','PE.22.2205',7282,'America/Lima',1,'2020-05-10 23:00:00','2020-05-10 23:00:00');
INSERT INTO `__PREFIX__cities` (`country_code`, `name`, `longitude`, `latitude`, `feature_class`, `feature_code`, `subadmin1_code`, `subadmin2_code`, `population`, `time_zone`, `active`, `created_at`, `updated_at`) VALUES ('PE','{\"en\":\"Fonavi\"}',-75.74,-14.03,'P','PPL','PE.11','PE.11.1101',6654,'America/Lima',1,'2020-05-10 23:00:00','2020-05-10 23:00:00');
INSERT INTO `__PREFIX__cities` (`country_code`, `name`, `longitude`, `latitude`, `feature_class`, `feature_code`, `subadmin1_code`, `subadmin2_code`, `population`, `time_zone`, `active`, `created_at`, `updated_at`) VALUES ('PE','{\"en\":\"San Jose De Sisa\"}',-76.69,-6.61,'P','PPLA3','PE.22','PE.22.2203',6546,'America/Lima',1,'2020-05-11 23:00:00','2020-05-11 23:00:00');
INSERT INTO `__PREFIX__cities` (`country_code`, `name`, `longitude`, `latitude`, `feature_class`, `feature_code`, `subadmin1_code`, `subadmin2_code`, `population`, `time_zone`, `active`, `created_at`, `updated_at`) VALUES ('PE','{\"en\":\"Paragsha- San Andres - Jose Carlos Mariategui\"}',-76.27,-10.67,'P','PPL','PE.19','PE.19.1901',6316,'America/Lima',1,'2020-05-10 23:00:00','2020-05-10 23:00:00');
INSERT INTO `__PREFIX__cities` (`country_code`, `name`, `longitude`, `latitude`, `feature_class`, `feature_code`, `subadmin1_code`, `subadmin2_code`, `population`, `time_zone`, `active`, `created_at`, `updated_at`) VALUES ('PE','{\"en\":\"Coasa\"}',-70.02,-13.99,'P','PPL','PE.21','PE.21.2103',5763,'America/Lima',1,'2020-05-10 23:00:00','2020-05-10 23:00:00');
INSERT INTO `__PREFIX__cities` (`country_code`, `name`, `longitude`, `latitude`, `feature_class`, `feature_code`, `subadmin1_code`, `subadmin2_code`, `population`, `time_zone`, `active`, `created_at`, `updated_at`) VALUES ('PE','{\"en\":\"Nuevo Sullana\"}',-80.73,-4.92,'P','PPL','PE.20','PE.20.2006',5484,'America/Lima',1,'2020-05-10 23:00:00','2020-05-10 23:00:00');
INSERT INTO `__PREFIX__cities` (`country_code`, `name`, `longitude`, `latitude`, `feature_class`, `feature_code`, `subadmin1_code`, `subadmin2_code`, `population`, `time_zone`, `active`, `created_at`, `updated_at`) VALUES ('PE','{\"en\":\"Alto Salaverry\"}',-78.99,-8.19,'P','PPL','PE.13','PE.13.1301',5014,'America/Lima',1,'2020-05-10 23:00:00','2020-05-10 23:00:00');
INSERT INTO `__PREFIX__cities` (`country_code`, `name`, `longitude`, `latitude`, `feature_class`, `feature_code`, `subadmin1_code`, `subadmin2_code`, `population`, `time_zone`, `active`, `created_at`, `updated_at`) VALUES ('PE','{\"en\":\"Breña\"}',-77.05,-12.06,'P','PPLA3','PE.15','PE.15.1501',81909,'America/Lima',1,'2020-05-11 23:00:00','2020-05-11 23:00:00');
/*!40000 ALTER TABLE `__PREFIX__cities` ENABLE KEYS */;
/*!40103 SET TIME_ZONE=@OLD_TIME_ZONE */;

/*!40101 SET SQL_MODE=@OLD_SQL_MODE */;
/*!40014 SET FOREIGN_KEY_CHECKS=@OLD_FOREIGN_KEY_CHECKS */;
/*!40014 SET UNIQUE_CHECKS=@OLD_UNIQUE_CHECKS */;
/*!40101 SET CHARACTER_SET_CLIENT=@OLD_CHARACTER_SET_CLIENT */;
/*!40101 SET CHARACTER_SET_RESULTS=@OLD_CHARACTER_SET_RESULTS */;
/*!40101 SET COLLATION_CONNECTION=@OLD_COLLATION_CONNECTION */;
/*!40111 SET SQL_NOTES=@OLD_SQL_NOTES */;

-- Dump completed
