-- MySQL dump 10.13  Distrib 5.7.34, for osx10.12 (x86_64)
--
-- Host: 127.0.0.1    Database: laraclassifier
-- ------------------------------------------------------
-- Server version	5.7.34

/*!40101 SET @OLD_CHARACTER_SET_CLIENT=@@CHARACTER_SET_CLIENT */;
/*!40101 SET @OLD_CHARACTER_SET_RESULTS=@@CHARACTER_SET_RESULTS */;
/*!40101 SET @OLD_COLLATION_CONNECTION=@@COLLATION_CONNECTION */;
/*!40101 SET NAMES utf8 */;
/*!40103 SET @OLD_TIME_ZONE=@@TIME_ZONE */;
/*!40103 SET TIME_ZONE='+00:00' */;
/*!40014 SET @OLD_UNIQUE_CHECKS=@@UNIQUE_CHECKS, UNIQUE_CHECKS=0 */;
/*!40014 SET @OLD_FOREIGN_KEY_CHECKS=@@FOREIGN_KEY_CHECKS, FOREIGN_KEY_CHECKS=0 */;
/*!40101 SET @OLD_SQL_MODE=@@SQL_MODE, SQL_MODE='NO_AUTO_VALUE_ON_ZERO' */;
/*!40111 SET @OLD_SQL_NOTES=@@SQL_NOTES, SQL_NOTES=0 */;

--
-- Dumping data for table `__PREFIX__subadmin1`
--

/*!40000 ALTER TABLE `__PREFIX__subadmin1` DISABLE KEYS */;
INSERT INTO `__PREFIX__subadmin1` (`code`, `country_code`, `name`, `active`) VALUES ('PK.08','PK','{\"en\":\"Islamabad\"}',1);
INSERT INTO `__PREFIX__subadmin1` (`code`, `country_code`, `name`, `active`) VALUES ('PK.05','PK','{\"en\":\"Sindh\"}',1);
INSERT INTO `__PREFIX__subadmin1` (`code`, `country_code`, `name`, `active`) VALUES ('PK.04','PK','{\"en\":\"Punjab\"}',1);
INSERT INTO `__PREFIX__subadmin1` (`code`, `country_code`, `name`, `active`) VALUES ('PK.03','PK','{\"en\":\"Khyber Pakhtunkhwa\"}',1);
INSERT INTO `__PREFIX__subadmin1` (`code`, `country_code`, `name`, `active`) VALUES ('PK.07','PK','{\"en\":\"Gilgit-Baltistan\"}',1);
INSERT INTO `__PREFIX__subadmin1` (`code`, `country_code`, `name`, `active`) VALUES ('PK.02','PK','{\"en\":\"Balochistan\"}',1);
INSERT INTO `__PREFIX__subadmin1` (`code`, `country_code`, `name`, `active`) VALUES ('PK.06','PK','{\"en\":\"Azad Kashmir\"}',1);
/*!40000 ALTER TABLE `__PREFIX__subadmin1` ENABLE KEYS */;

--
-- Dumping data for table `__PREFIX__subadmin2`
--

/*!40000 ALTER TABLE `__PREFIX__subadmin2` DISABLE KEYS */;
INSERT INTO `__PREFIX__subadmin2` (`code`, `country_code`, `subadmin1_code`, `name`, `active`) VALUES ('PK.02.1162104','PK','PK.02','{\"en\":\"Zhob District\"}',1);
INSERT INTO `__PREFIX__subadmin2` (`code`, `country_code`, `subadmin1_code`, `name`, `active`) VALUES ('PK.02.1163052','PK','PK.02','{\"en\":\"Kech District\"}',1);
INSERT INTO `__PREFIX__subadmin2` (`code`, `country_code`, `subadmin1_code`, `name`, `active`) VALUES ('PK.05.1163570','PK','PK.05','{\"en\":\"Thatta District\"}',1);
INSERT INTO `__PREFIX__subadmin2` (`code`, `country_code`, `subadmin1_code`, `name`, `active`) VALUES ('PK.05.1163602','PK','PK.05','{\"en\":\"Thar Pārkar District\"}',1);
INSERT INTO `__PREFIX__subadmin2` (`code`, `country_code`, `subadmin1_code`, `name`, `active`) VALUES ('PK.03.1164211','PK','PK.03','{\"en\":\"Swāt District\"}',1);
INSERT INTO `__PREFIX__subadmin2` (`code`, `country_code`, `subadmin1_code`, `name`, `active`) VALUES ('PK.05.1164407','PK','PK.05','{\"en\":\"Sukkur District\"}',1);
INSERT INTO `__PREFIX__subadmin2` (`code`, `country_code`, `subadmin1_code`, `name`, `active`) VALUES ('PK.03.1164536','PK','PK.03','{\"en\":\"South Wazīristān District\"}',1);
INSERT INTO `__PREFIX__subadmin2` (`code`, `country_code`, `subadmin1_code`, `name`, `active`) VALUES ('PK.02.1164895','PK','PK.02','{\"en\":\"Sibi District\"}',1);
INSERT INTO `__PREFIX__subadmin2` (`code`, `country_code`, `subadmin1_code`, `name`, `active`) VALUES ('PK.04.1164908','PK','PK.04','{\"en\":\"Siālkot District\"}',1);
INSERT INTO `__PREFIX__subadmin2` (`code`, `country_code`, `subadmin1_code`, `name`, `active`) VALUES ('PK.05.1165106','PK','PK.05','{\"en\":\"Shikārpur District\"}',1);
INSERT INTO `__PREFIX__subadmin2` (`code`, `country_code`, `subadmin1_code`, `name`, `active`) VALUES ('PK.04.1165218','PK','PK.04','{\"en\":\"Shekhūpura District\"}',1);
INSERT INTO `__PREFIX__subadmin2` (`code`, `country_code`, `subadmin1_code`, `name`, `active`) VALUES ('PK.04.1165999','PK','PK.04','{\"en\":\"Sargodha District\"}',1);
INSERT INTO `__PREFIX__subadmin2` (`code`, `country_code`, `subadmin1_code`, `name`, `active`) VALUES ('PK.05.1166162','PK','PK.05','{\"en\":\"Sānghar District\"}',1);
INSERT INTO `__PREFIX__subadmin2` (`code`, `country_code`, `subadmin1_code`, `name`, `active`) VALUES ('PK.04.1166545','PK','PK.04','{\"en\":\"Sāhīwāl District\"}',1);
INSERT INTO `__PREFIX__subadmin2` (`code`, `country_code`, `subadmin1_code`, `name`, `active`) VALUES ('PK.04.1166991','PK','PK.04','{\"en\":\"Rawalpindi District\"}',1);
INSERT INTO `__PREFIX__subadmin2` (`code`, `country_code`, `subadmin1_code`, `name`, `active`) VALUES ('PK.04.1167458','PK','PK.04','{\"en\":\"Rahīmyār Khān District\"}',1);
INSERT INTO `__PREFIX__subadmin2` (`code`, `country_code`, `subadmin1_code`, `name`, `active`) VALUES ('PK.02.1167527','PK','PK.02','{\"en\":\"Quetta District\"}',1);
INSERT INTO `__PREFIX__subadmin2` (`code`, `country_code`, `subadmin1_code`, `name`, `active`) VALUES ('PK.06.1167717','PK','PK.06','{\"en\":\"Poonch District\"}',1);
INSERT INTO `__PREFIX__subadmin2` (`code`, `country_code`, `subadmin1_code`, `name`, `active`) VALUES ('PK.02.1167820','PK','PK.02','{\"en\":\"Pishīn District\"}',1);
INSERT INTO `__PREFIX__subadmin2` (`code`, `country_code`, `subadmin1_code`, `name`, `active`) VALUES ('PK.03.1168195','PK','PK.03','{\"en\":\"Peshāwar District\"}',1);
INSERT INTO `__PREFIX__subadmin2` (`code`, `country_code`, `subadmin1_code`, `name`, `active`) VALUES ('PK.02.1168444','PK','PK.02','{\"en\":\"Panjgūr District\"}',1);
INSERT INTO `__PREFIX__subadmin2` (`code`, `country_code`, `subadmin1_code`, `name`, `active`) VALUES ('PK.03.1168705','PK','PK.03','{\"en\":\"Orakzai Agency\"}',1);
INSERT INTO `__PREFIX__subadmin2` (`code`, `country_code`, `subadmin1_code`, `name`, `active`) VALUES ('PK.03.1168875','PK','PK.03','{\"en\":\"North Wazīristān District\"}',1);
INSERT INTO `__PREFIX__subadmin2` (`code`, `country_code`, `subadmin1_code`, `name`, `active`) VALUES ('PK.05.1169115','PK','PK.05','{\"en\":\"Shaheed Benazirabad District\"}',1);
INSERT INTO `__PREFIX__subadmin2` (`code`, `country_code`, `subadmin1_code`, `name`, `active`) VALUES ('PK.02.1169249','PK','PK.02','{\"en\":\"Nasīrābād District\"}',1);
INSERT INTO `__PREFIX__subadmin2` (`code`, `country_code`, `subadmin1_code`, `name`, `active`) VALUES ('PK.04.1169603','PK','PK.04','{\"en\":\"Muzaffargarh District\"}',1);
INSERT INTO `__PREFIX__subadmin2` (`code`, `country_code`, `subadmin1_code`, `name`, `active`) VALUES ('PK.06.1169606','PK','PK.06','{\"en\":\"Muzaffarābād District\"}',1);
INSERT INTO `__PREFIX__subadmin2` (`code`, `country_code`, `subadmin1_code`, `name`, `active`) VALUES ('PK.04.1169821','PK','PK.04','{\"en\":\"Multān District\"}',1);
INSERT INTO `__PREFIX__subadmin2` (`code`, `country_code`, `subadmin1_code`, `name`, `active`) VALUES ('PK.03.1170122','PK','PK.03','{\"en\":\"Mohmand Agency\"}',1);
INSERT INTO `__PREFIX__subadmin2` (`code`, `country_code`, `subadmin1_code`, `name`, `active`) VALUES ('PK.06.1170297','PK','PK.06','{\"en\":\"Mirpur District\"}',1);
INSERT INTO `__PREFIX__subadmin2` (`code`, `country_code`, `subadmin1_code`, `name`, `active`) VALUES ('PK.04.1170424','PK','PK.04','{\"en\":\"Miānwāli District\"}',1);
INSERT INTO `__PREFIX__subadmin2` (`code`, `country_code`, `subadmin1_code`, `name`, `active`) VALUES ('PK.03.1170875','PK','PK.03','{\"en\":\"Mardān District\"}',1);
INSERT INTO `__PREFIX__subadmin2` (`code`, `country_code`, `subadmin1_code`, `name`, `active`) VALUES ('PK.03.1170950','PK','PK.03','{\"en\":\"Mānsehra District\"}',1);
INSERT INTO `__PREFIX__subadmin2` (`code`, `country_code`, `subadmin1_code`, `name`, `active`) VALUES ('PK.03.1171388','PK','PK.03','{\"en\":\"Malakand Protected Area\"}',1);
INSERT INTO `__PREFIX__subadmin2` (`code`, `country_code`, `subadmin1_code`, `name`, `active`) VALUES ('PK.02.1171867','PK','PK.02','{\"en\":\"Loralai District\"}',1);
INSERT INTO `__PREFIX__subadmin2` (`code`, `country_code`, `subadmin1_code`, `name`, `active`) VALUES ('PK.02.1172115','PK','PK.02','{\"en\":\"Lasbela District\"}',1);
INSERT INTO `__PREFIX__subadmin2` (`code`, `country_code`, `subadmin1_code`, `name`, `active`) VALUES ('PK.05.1172127','PK','PK.05','{\"en\":\"Lārkāna District\"}',1);
INSERT INTO `__PREFIX__subadmin2` (`code`, `country_code`, `subadmin1_code`, `name`, `active`) VALUES ('PK.04.1172449','PK','PK.04','{\"en\":\"Lahore District\"}',1);
INSERT INTO `__PREFIX__subadmin2` (`code`, `country_code`, `subadmin1_code`, `name`, `active`) VALUES ('PK.03.1172574','PK','PK.03','{\"en\":\"Kurram District\"}',1);
INSERT INTO `__PREFIX__subadmin2` (`code`, `country_code`, `subadmin1_code`, `name`, `active`) VALUES ('PK.06.1173037','PK','PK.06','{\"en\":\"Kotli District\"}',1);
INSERT INTO `__PREFIX__subadmin2` (`code`, `country_code`, `subadmin1_code`, `name`, `active`) VALUES ('PK.02.1173463','PK','PK.02','{\"en\":\"Kohlu District\"}',1);
INSERT INTO `__PREFIX__subadmin2` (`code`, `country_code`, `subadmin1_code`, `name`, `active`) VALUES ('PK.03.1173489','PK','PK.03','{\"en\":\"Kohāt District\"}',1);
INSERT INTO `__PREFIX__subadmin2` (`code`, `country_code`, `subadmin1_code`, `name`, `active`) VALUES ('PK.03.1173641','PK','PK.03','{\"en\":\"Khyber Agency\"}',1);
INSERT INTO `__PREFIX__subadmin2` (`code`, `country_code`, `subadmin1_code`, `name`, `active`) VALUES ('PK.02.1173663','PK','PK.02','{\"en\":\"Khuzdār District\"}',1);
INSERT INTO `__PREFIX__subadmin2` (`code`, `country_code`, `subadmin1_code`, `name`, `active`) VALUES ('PK.02.1174059','PK','PK.02','{\"en\":\"Khārān District\"}',1);
INSERT INTO `__PREFIX__subadmin2` (`code`, `country_code`, `subadmin1_code`, `name`, `active`) VALUES ('PK.05.1174349','PK','PK.05','{\"en\":\"Khairpur District\"}',1);
INSERT INTO `__PREFIX__subadmin2` (`code`, `country_code`, `subadmin1_code`, `name`, `active`) VALUES ('PK.04.1174623','PK','PK.04','{\"en\":\"Kasūr District\"}',1);
INSERT INTO `__PREFIX__subadmin2` (`code`, `country_code`, `subadmin1_code`, `name`, `active`) VALUES ('PK.02.1175293','PK','PK.02','{\"en\":\"Kalāt District\"}',1);
INSERT INTO `__PREFIX__subadmin2` (`code`, `country_code`, `subadmin1_code`, `name`, `active`) VALUES ('PK.02.1175527','PK','PK.02','{\"en\":\"Kachhi District\"}',1);
INSERT INTO `__PREFIX__subadmin2` (`code`, `country_code`, `subadmin1_code`, `name`, `active`) VALUES ('PK.04.1175862','PK','PK.04','{\"en\":\"Jhelum District\"}',1);
INSERT INTO `__PREFIX__subadmin2` (`code`, `country_code`, `subadmin1_code`, `name`, `active`) VALUES ('PK.04.1175906','PK','PK.04','{\"en\":\"Jhang District\"}',1);
INSERT INTO `__PREFIX__subadmin2` (`code`, `country_code`, `subadmin1_code`, `name`, `active`) VALUES ('PK.05.1176514','PK','PK.05','{\"en\":\"Jacobabad District\"}',1);
INSERT INTO `__PREFIX__subadmin2` (`code`, `country_code`, `subadmin1_code`, `name`, `active`) VALUES ('PK.05.1176733','PK','PK.05','{\"en\":\"Hyderābād District\"}',1);
INSERT INTO `__PREFIX__subadmin2` (`code`, `country_code`, `subadmin1_code`, `name`, `active`) VALUES ('PK.07.1176775','PK','PK.07','{\"en\":\"Hunza-Nagar District\"}',1);
INSERT INTO `__PREFIX__subadmin2` (`code`, `country_code`, `subadmin1_code`, `name`, `active`) VALUES ('PK.02.1177445','PK','PK.02','{\"en\":\"Gwādar District\"}',1);
INSERT INTO `__PREFIX__subadmin2` (`code`, `country_code`, `subadmin1_code`, `name`, `active`) VALUES ('PK.04.1177651','PK','PK.04','{\"en\":\"Gujrāt District\"}',1);
INSERT INTO `__PREFIX__subadmin2` (`code`, `country_code`, `subadmin1_code`, `name`, `active`) VALUES ('PK.04.1177658','PK','PK.04','{\"en\":\"Gujrānwāla District\"}',1);
INSERT INTO `__PREFIX__subadmin2` (`code`, `country_code`, `subadmin1_code`, `name`, `active`) VALUES ('PK.07.1178336','PK','PK.07','{\"en\":\"Gilgit District\"}',1);
INSERT INTO `__PREFIX__subadmin2` (`code`, `country_code`, `subadmin1_code`, `name`, `active`) VALUES ('PK.04.1179399','PK','PK.04','{\"en\":\"Faisalābād District\"}',1);
INSERT INTO `__PREFIX__subadmin2` (`code`, `country_code`, `subadmin1_code`, `name`, `active`) VALUES ('PK.03.1179754','PK','PK.03','{\"en\":\"Upper Dīr District\"}',1);
INSERT INTO `__PREFIX__subadmin2` (`code`, `country_code`, `subadmin1_code`, `name`, `active`) VALUES ('PK.03.1180280','PK','PK.03','{\"en\":\"Dera Ismāīl Khān Tribal Area\"}',1);
INSERT INTO `__PREFIX__subadmin2` (`code`, `country_code`, `subadmin1_code`, `name`, `active`) VALUES ('PK.03.1180282','PK','PK.03','{\"en\":\"Dera Ismāīl Khān District\"}',1);
INSERT INTO `__PREFIX__subadmin2` (`code`, `country_code`, `subadmin1_code`, `name`, `active`) VALUES ('PK.04.1180287','PK','PK.04','{\"en\":\"Dera Ghāzi Khān District\"}',1);
INSERT INTO `__PREFIX__subadmin2` (`code`, `country_code`, `subadmin1_code`, `name`, `active`) VALUES ('PK.05.1180802','PK','PK.05','{\"en\":\"Dādu District\"}',1);
INSERT INTO `__PREFIX__subadmin2` (`code`, `country_code`, `subadmin1_code`, `name`, `active`) VALUES ('PK.03.1181064','PK','PK.03','{\"en\":\"Chitrāl District\"}',1);
INSERT INTO `__PREFIX__subadmin2` (`code`, `country_code`, `subadmin1_code`, `name`, `active`) VALUES ('PK.02.1181950','PK','PK.02','{\"en\":\"Chāgai District\"}',1);
INSERT INTO `__PREFIX__subadmin2` (`code`, `country_code`, `subadmin1_code`, `name`, `active`) VALUES ('PK.03.1182146','PK','PK.03','{\"en\":\"Buner District\"}',1);
INSERT INTO `__PREFIX__subadmin2` (`code`, `country_code`, `subadmin1_code`, `name`, `active`) VALUES ('PK.03.1183459','PK','PK.03','{\"en\":\"Bannu District\"}',1);
INSERT INTO `__PREFIX__subadmin2` (`code`, `country_code`, `subadmin1_code`, `name`, `active`) VALUES ('PK.07.1183615','PK','PK.07','{\"en\":\"Skārdu District\"}',1);
INSERT INTO `__PREFIX__subadmin2` (`code`, `country_code`, `subadmin1_code`, `name`, `active`) VALUES ('PK.03.1183781','PK','PK.03','{\"en\":\"Bājaur Agency\"}',1);
INSERT INTO `__PREFIX__subadmin2` (`code`, `country_code`, `subadmin1_code`, `name`, `active`) VALUES ('PK.04.1183876','PK','PK.04','{\"en\":\"Bahāwalpur District\"}',1);
INSERT INTO `__PREFIX__subadmin2` (`code`, `country_code`, `subadmin1_code`, `name`, `active`) VALUES ('PK.04.1183882','PK','PK.04','{\"en\":\"Bahāwalnagar District\"}',1);
INSERT INTO `__PREFIX__subadmin2` (`code`, `country_code`, `subadmin1_code`, `name`, `active`) VALUES ('PK.05.1184051','PK','PK.05','{\"en\":\"Badīn District\"}',1);
INSERT INTO `__PREFIX__subadmin2` (`code`, `country_code`, `subadmin1_code`, `name`, `active`) VALUES ('PK.04.1184248','PK','PK.04','{\"en\":\"Attock District\"}',1);
INSERT INTO `__PREFIX__subadmin2` (`code`, `country_code`, `subadmin1_code`, `name`, `active`) VALUES ('PK.03.1185055','PK','PK.03','{\"en\":\"Abbottābād District\"}',1);
INSERT INTO `__PREFIX__subadmin2` (`code`, `country_code`, `subadmin1_code`, `name`, `active`) VALUES ('PK.05.1376894','PK','PK.05','{\"en\":\"Mirpur Khas District\"}',1);
INSERT INTO `__PREFIX__subadmin2` (`code`, `country_code`, `subadmin1_code`, `name`, `active`) VALUES ('PK.02.6641896','PK','PK.02','{\"en\":\"Awārān District\"}',1);
INSERT INTO `__PREFIX__subadmin2` (`code`, `country_code`, `subadmin1_code`, `name`, `active`) VALUES ('PK.02.6641912','PK','PK.02','{\"en\":\"Bārkhān District\"}',1);
INSERT INTO `__PREFIX__subadmin2` (`code`, `country_code`, `subadmin1_code`, `name`, `active`) VALUES ('PK.02.6641919','PK','PK.02','{\"en\":\"Dera Bugti District\"}',1);
INSERT INTO `__PREFIX__subadmin2` (`code`, `country_code`, `subadmin1_code`, `name`, `active`) VALUES ('PK.02.6641922','PK','PK.02','{\"en\":\"Jāfarābād District\"}',1);
INSERT INTO `__PREFIX__subadmin2` (`code`, `country_code`, `subadmin1_code`, `name`, `active`) VALUES ('PK.02.6641923','PK','PK.02','{\"en\":\"Jhal Magsi District\"}',1);
INSERT INTO `__PREFIX__subadmin2` (`code`, `country_code`, `subadmin1_code`, `name`, `active`) VALUES ('PK.02.6641952','PK','PK.02','{\"en\":\"Mastung District\"}',1);
INSERT INTO `__PREFIX__subadmin2` (`code`, `country_code`, `subadmin1_code`, `name`, `active`) VALUES ('PK.02.6641955','PK','PK.02','{\"en\":\"Mūsa Khel District\"}',1);
INSERT INTO `__PREFIX__subadmin2` (`code`, `country_code`, `subadmin1_code`, `name`, `active`) VALUES ('PK.02.6641960','PK','PK.02','{\"en\":\"Nushki District\"}',1);
INSERT INTO `__PREFIX__subadmin2` (`code`, `country_code`, `subadmin1_code`, `name`, `active`) VALUES ('PK.02.6641961','PK','PK.02','{\"en\":\"Qila Abdullāh District\"}',1);
INSERT INTO `__PREFIX__subadmin2` (`code`, `country_code`, `subadmin1_code`, `name`, `active`) VALUES ('PK.02.6641963','PK','PK.02','{\"en\":\"Qila Saifullāh District\"}',1);
INSERT INTO `__PREFIX__subadmin2` (`code`, `country_code`, `subadmin1_code`, `name`, `active`) VALUES ('PK.02.6641965','PK','PK.02','{\"en\":\"Wāshuk District\"}',1);
INSERT INTO `__PREFIX__subadmin2` (`code`, `country_code`, `subadmin1_code`, `name`, `active`) VALUES ('PK.02.6641972','PK','PK.02','{\"en\":\"Ziārat District\"}',1);
INSERT INTO `__PREFIX__subadmin2` (`code`, `country_code`, `subadmin1_code`, `name`, `active`) VALUES ('PK.04.7331706','PK','PK.04','{\"en\":\"Toba Tek Singh District\"}',1);
INSERT INTO `__PREFIX__subadmin2` (`code`, `country_code`, `subadmin1_code`, `name`, `active`) VALUES ('PK.05.7352189','PK','PK.05','{\"en\":\"Naushahro Fīroz District\"}',1);
INSERT INTO `__PREFIX__subadmin2` (`code`, `country_code`, `subadmin1_code`, `name`, `active`) VALUES ('PK.05.7418822','PK','PK.05','{\"en\":\"Ghotki District\"}',1);
INSERT INTO `__PREFIX__subadmin2` (`code`, `country_code`, `subadmin1_code`, `name`, `active`) VALUES ('PK.04.7418846','PK','PK.04','{\"en\":\"Lodhrān District\"}',1);
INSERT INTO `__PREFIX__subadmin2` (`code`, `country_code`, `subadmin1_code`, `name`, `active`) VALUES ('PK.04.7418850','PK','PK.04','{\"en\":\"Pākpattan District\"}',1);
INSERT INTO `__PREFIX__subadmin2` (`code`, `country_code`, `subadmin1_code`, `name`, `active`) VALUES ('PK.04.7418888','PK','PK.04','{\"en\":\"Okāra District\"}',1);
INSERT INTO `__PREFIX__subadmin2` (`code`, `country_code`, `subadmin1_code`, `name`, `active`) VALUES ('PK.04.7418890','PK','PK.04','{\"en\":\"Khānewāl District\"}',1);
INSERT INTO `__PREFIX__subadmin2` (`code`, `country_code`, `subadmin1_code`, `name`, `active`) VALUES ('PK.04.7418962','PK','PK.04','{\"en\":\"Hāfizābād District\"}',1);
INSERT INTO `__PREFIX__subadmin2` (`code`, `country_code`, `subadmin1_code`, `name`, `active`) VALUES ('PK.04.7418963','PK','PK.04','{\"en\":\"Mandi Bahāuddīn District\"}',1);
INSERT INTO `__PREFIX__subadmin2` (`code`, `country_code`, `subadmin1_code`, `name`, `active`) VALUES ('PK.04.7418964','PK','PK.04','{\"en\":\"Chakwāl District\"}',1);
INSERT INTO `__PREFIX__subadmin2` (`code`, `country_code`, `subadmin1_code`, `name`, `active`) VALUES ('PK.04.7418965','PK','PK.04','{\"en\":\"Khushāb District\"}',1);
INSERT INTO `__PREFIX__subadmin2` (`code`, `country_code`, `subadmin1_code`, `name`, `active`) VALUES ('PK.04.7418966','PK','PK.04','{\"en\":\"Bhakkar District\"}',1);
INSERT INTO `__PREFIX__subadmin2` (`code`, `country_code`, `subadmin1_code`, `name`, `active`) VALUES ('PK.04.7418967','PK','PK.04','{\"en\":\"Layyah District\"}',1);
INSERT INTO `__PREFIX__subadmin2` (`code`, `country_code`, `subadmin1_code`, `name`, `active`) VALUES ('PK.04.7418968','PK','PK.04','{\"en\":\"Nārowāl District\"}',1);
INSERT INTO `__PREFIX__subadmin2` (`code`, `country_code`, `subadmin1_code`, `name`, `active`) VALUES ('PK.03.7419039','PK','PK.03','{\"en\":\"Lakki Marwat District\"}',1);
INSERT INTO `__PREFIX__subadmin2` (`code`, `country_code`, `subadmin1_code`, `name`, `active`) VALUES ('PK.03.7419040','PK','PK.03','{\"en\":\"Tānk District\"}',1);
INSERT INTO `__PREFIX__subadmin2` (`code`, `country_code`, `subadmin1_code`, `name`, `active`) VALUES ('PK.03.7419041','PK','PK.03','{\"en\":\"Tānk Tribal Area\"}',1);
INSERT INTO `__PREFIX__subadmin2` (`code`, `country_code`, `subadmin1_code`, `name`, `active`) VALUES ('PK.03.7419043','PK','PK.03','{\"en\":\"Bannu Tribal Area\"}',1);
INSERT INTO `__PREFIX__subadmin2` (`code`, `country_code`, `subadmin1_code`, `name`, `active`) VALUES ('PK.03.7419044','PK','PK.03','{\"en\":\"Lakki Marwat Tribal Area\"}',1);
INSERT INTO `__PREFIX__subadmin2` (`code`, `country_code`, `subadmin1_code`, `name`, `active`) VALUES ('PK.03.7419047','PK','PK.03','{\"en\":\"Karak District\"}',1);
INSERT INTO `__PREFIX__subadmin2` (`code`, `country_code`, `subadmin1_code`, `name`, `active`) VALUES ('PK.03.7419048','PK','PK.03','{\"en\":\"Hangu District\"}',1);
INSERT INTO `__PREFIX__subadmin2` (`code`, `country_code`, `subadmin1_code`, `name`, `active`) VALUES ('PK.03.7419049','PK','PK.03','{\"en\":\"Peshāwar Tribal Area\"}',1);
INSERT INTO `__PREFIX__subadmin2` (`code`, `country_code`, `subadmin1_code`, `name`, `active`) VALUES ('PK.03.7419050','PK','PK.03','{\"en\":\"Kohāt Tribal Area\"}',1);
INSERT INTO `__PREFIX__subadmin2` (`code`, `country_code`, `subadmin1_code`, `name`, `active`) VALUES ('PK.03.7419051','PK','PK.03','{\"en\":\"Chārsadda District\"}',1);
INSERT INTO `__PREFIX__subadmin2` (`code`, `country_code`, `subadmin1_code`, `name`, `active`) VALUES ('PK.03.7419052','PK','PK.03','{\"en\":\"Nowshera District\"}',1);
INSERT INTO `__PREFIX__subadmin2` (`code`, `country_code`, `subadmin1_code`, `name`, `active`) VALUES ('PK.03.7419053','PK','PK.03','{\"en\":\"Shāngla District\"}',1);
INSERT INTO `__PREFIX__subadmin2` (`code`, `country_code`, `subadmin1_code`, `name`, `active`) VALUES ('PK.03.7419054','PK','PK.03','{\"en\":\"Harīpur District\"}',1);
INSERT INTO `__PREFIX__subadmin2` (`code`, `country_code`, `subadmin1_code`, `name`, `active`) VALUES ('PK.03.7419055','PK','PK.03','{\"en\":\"Swābi District\"}',1);
INSERT INTO `__PREFIX__subadmin2` (`code`, `country_code`, `subadmin1_code`, `name`, `active`) VALUES ('PK.03.7419056','PK','PK.03','{\"en\":\"Lower Dīr District\"}',1);
INSERT INTO `__PREFIX__subadmin2` (`code`, `country_code`, `subadmin1_code`, `name`, `active`) VALUES ('PK.07.7419077','PK','PK.07','{\"en\":\"Ghanche District\"}',1);
INSERT INTO `__PREFIX__subadmin2` (`code`, `country_code`, `subadmin1_code`, `name`, `active`) VALUES ('PK.05.7419156','PK','PK.05','{\"en\":\"Jāmshoro District\"}',1);
INSERT INTO `__PREFIX__subadmin2` (`code`, `country_code`, `subadmin1_code`, `name`, `active`) VALUES ('PK.05.7419157','PK','PK.05','{\"en\":\"Matiāri District\"}',1);
INSERT INTO `__PREFIX__subadmin2` (`code`, `country_code`, `subadmin1_code`, `name`, `active`) VALUES ('PK.04.7419159','PK','PK.04','{\"en\":\"Nankāna Sāhib District\"}',1);
INSERT INTO `__PREFIX__subadmin2` (`code`, `country_code`, `subadmin1_code`, `name`, `active`) VALUES ('PK.06.7536187','PK','PK.06','{\"en\":\"Bhimbar District\"}',1);
INSERT INTO `__PREFIX__subadmin2` (`code`, `country_code`, `subadmin1_code`, `name`, `active`) VALUES ('PK.06.7536188','PK','PK.06','{\"en\":\"Bagh District\"}',1);
INSERT INTO `__PREFIX__subadmin2` (`code`, `country_code`, `subadmin1_code`, `name`, `active`) VALUES ('PK.03.8061265','PK','PK.03','{\"en\":\"Tor Ghar\"}',1);
INSERT INTO `__PREFIX__subadmin2` (`code`, `country_code`, `subadmin1_code`, `name`, `active`) VALUES ('PK.06.8199376','PK','PK.06','{\"en\":\"Neelum District\"}',1);
INSERT INTO `__PREFIX__subadmin2` (`code`, `country_code`, `subadmin1_code`, `name`, `active`) VALUES ('PK.03.8224052','PK','PK.03','{\"en\":\"Battagram District\"}',1);
INSERT INTO `__PREFIX__subadmin2` (`code`, `country_code`, `subadmin1_code`, `name`, `active`) VALUES ('PK.04.8309731','PK','PK.04','{\"en\":\"Rājanpur\"}',1);
INSERT INTO `__PREFIX__subadmin2` (`code`, `country_code`, `subadmin1_code`, `name`, `active`) VALUES ('PK.07.8309748','PK','PK.07','{\"en\":\"Astor\"}',1);
INSERT INTO `__PREFIX__subadmin2` (`code`, `country_code`, `subadmin1_code`, `name`, `active`) VALUES ('PK.06.8309754','PK','PK.06','{\"en\":\"Haveli\"}',1);
INSERT INTO `__PREFIX__subadmin2` (`code`, `country_code`, `subadmin1_code`, `name`, `active`) VALUES ('PK.06.8309755','PK','PK.06','{\"en\":\"Hatian\"}',1);
INSERT INTO `__PREFIX__subadmin2` (`code`, `country_code`, `subadmin1_code`, `name`, `active`) VALUES ('PK.02.8309758','PK','PK.02','{\"en\":\"Harnai\"}',1);
INSERT INTO `__PREFIX__subadmin2` (`code`, `country_code`, `subadmin1_code`, `name`, `active`) VALUES ('PK.02.8309759','PK','PK.02','{\"en\":\"Shirāni\"}',1);
INSERT INTO `__PREFIX__subadmin2` (`code`, `country_code`, `subadmin1_code`, `name`, `active`) VALUES ('PK.07.8358419','PK','PK.07','{\"en\":\"Gilgit\"}',1);
INSERT INTO `__PREFIX__subadmin2` (`code`, `country_code`, `subadmin1_code`, `name`, `active`) VALUES ('PK.07.8358421','PK','PK.07','{\"en\":\"Diamīr\"}',1);
INSERT INTO `__PREFIX__subadmin2` (`code`, `country_code`, `subadmin1_code`, `name`, `active`) VALUES ('PK.06.8986039','PK','PK.06','{\"en\":\"Sudhanoti District\"}',1);
INSERT INTO `__PREFIX__subadmin2` (`code`, `country_code`, `subadmin1_code`, `name`, `active`) VALUES ('PK.05.9034783','PK','PK.05','{\"en\":\"Qamber Shahdadkot District\"}',1);
INSERT INTO `__PREFIX__subadmin2` (`code`, `country_code`, `subadmin1_code`, `name`, `active`) VALUES ('PK.05.9035095','PK','PK.05','{\"en\":\"Kashmore District\"}',1);
INSERT INTO `__PREFIX__subadmin2` (`code`, `country_code`, `subadmin1_code`, `name`, `active`) VALUES ('PK.05.9072726','PK','PK.05','{\"en\":\"Umerkot District\"}',1);
INSERT INTO `__PREFIX__subadmin2` (`code`, `country_code`, `subadmin1_code`, `name`, `active`) VALUES ('PK.05.9625763','PK','PK.05','{\"en\":\"Tando Allahyar District\"}',1);
INSERT INTO `__PREFIX__subadmin2` (`code`, `country_code`, `subadmin1_code`, `name`, `active`) VALUES ('PK.05.9625902','PK','PK.05','{\"en\":\"Tando Mohammad Khan District\"}',1);
INSERT INTO `__PREFIX__subadmin2` (`code`, `country_code`, `subadmin1_code`, `name`, `active`) VALUES ('PK.05.10300608','PK','PK.05','{\"en\":\"Sujawal District\"}',1);
INSERT INTO `__PREFIX__subadmin2` (`code`, `country_code`, `subadmin1_code`, `name`, `active`) VALUES ('PK.04.10344547','PK','PK.04','{\"en\":\"Vehari District\"}',1);
INSERT INTO `__PREFIX__subadmin2` (`code`, `country_code`, `subadmin1_code`, `name`, `active`) VALUES ('PK.07.11594770','PK','PK.07','{\"en\":\"Ghizer District\"}',1);
INSERT INTO `__PREFIX__subadmin2` (`code`, `country_code`, `subadmin1_code`, `name`, `active`) VALUES ('PK.05.11744831','PK','PK.05','{\"en\":\"Karachi Central District\"}',1);
INSERT INTO `__PREFIX__subadmin2` (`code`, `country_code`, `subadmin1_code`, `name`, `active`) VALUES ('PK.05.11744832','PK','PK.05','{\"en\":\"Karachi East District\"}',1);
INSERT INTO `__PREFIX__subadmin2` (`code`, `country_code`, `subadmin1_code`, `name`, `active`) VALUES ('PK.05.11744833','PK','PK.05','{\"en\":\"Karachi South District\"}',1);
INSERT INTO `__PREFIX__subadmin2` (`code`, `country_code`, `subadmin1_code`, `name`, `active`) VALUES ('PK.07.11744834','PK','PK.07','{\"en\":\"Kharmang District\"}',1);
INSERT INTO `__PREFIX__subadmin2` (`code`, `country_code`, `subadmin1_code`, `name`, `active`) VALUES ('PK.05.11744835','PK','PK.05','{\"en\":\"Korangi District\"}',1);
INSERT INTO `__PREFIX__subadmin2` (`code`, `country_code`, `subadmin1_code`, `name`, `active`) VALUES ('PK.05.11744837','PK','PK.05','{\"en\":\"Malir District\"}',1);
INSERT INTO `__PREFIX__subadmin2` (`code`, `country_code`, `subadmin1_code`, `name`, `active`) VALUES ('PK.07.11744838','PK','PK.07','{\"en\":\"Nagar District\"}',1);
INSERT INTO `__PREFIX__subadmin2` (`code`, `country_code`, `subadmin1_code`, `name`, `active`) VALUES ('PK.07.11744839','PK','PK.07','{\"en\":\"Shigar District\"}',1);
INSERT INTO `__PREFIX__subadmin2` (`code`, `country_code`, `subadmin1_code`, `name`, `active`) VALUES ('PK.02.11744842','PK','PK.02','{\"en\":\"Sohbatpur District\"}',1);
INSERT INTO `__PREFIX__subadmin2` (`code`, `country_code`, `subadmin1_code`, `name`, `active`) VALUES ('PK.04.11886901','PK','PK.04','{\"en\":\"Chiniot\"}',1);
INSERT INTO `__PREFIX__subadmin2` (`code`, `country_code`, `subadmin1_code`, `name`, `active`) VALUES ('PK.03.12105028','PK','PK.03','{\"en\":\"Lower Kohistan District\"}',1);
INSERT INTO `__PREFIX__subadmin2` (`code`, `country_code`, `subadmin1_code`, `name`, `active`) VALUES ('PK.03.12105031','PK','PK.03','{\"en\":\"Upper Kohistan District\"}',1);
INSERT INTO `__PREFIX__subadmin2` (`code`, `country_code`, `subadmin1_code`, `name`, `active`) VALUES ('PK.05.12105033','PK','PK.05','{\"en\":\"District of West Karachi\"}',1);
/*!40000 ALTER TABLE `__PREFIX__subadmin2` ENABLE KEYS */;

--
-- Dumping data for table `__PREFIX__cities`
--

/*!40000 ALTER TABLE `__PREFIX__cities` DISABLE KEYS */;
INSERT INTO `__PREFIX__cities` (`country_code`, `name`, `longitude`, `latitude`, `feature_class`, `feature_code`, `subadmin1_code`, `subadmin2_code`, `population`, `time_zone`, `active`, `created_at`, `updated_at`) VALUES ('PK','{\"en\":\"Chuhar Jamali\"}',67.99,24.39,'P','PPL','PK.05','PK.05.10300608',15781,'Asia/Karachi',1,'2019-12-05 23:00:00','2019-12-05 23:00:00');
INSERT INTO `__PREFIX__cities` (`country_code`, `name`, `longitude`, `latitude`, `feature_class`, `feature_code`, `subadmin1_code`, `subadmin2_code`, `population`, `time_zone`, `active`, `created_at`, `updated_at`) VALUES ('PK','{\"en\":\"Rawalakot\"}',73.76,33.86,'P','PPLA2','PK.06','PK.06.1167717',50000,'Asia/Karachi',1,'2020-08-29 23:00:00','2020-08-29 23:00:00');
INSERT INTO `__PREFIX__cities` (`country_code`, `name`, `longitude`, `latitude`, `feature_class`, `feature_code`, `subadmin1_code`, `subadmin2_code`, `population`, `time_zone`, `active`, `created_at`, `updated_at`) VALUES ('PK','{\"en\":\"Pir Jo Goth\"}',68.62,27.59,'P','PPL','PK.05','PK.05.1174349',35537,'Asia/Karachi',1,'2019-12-05 23:00:00','2019-12-05 23:00:00');
INSERT INTO `__PREFIX__cities` (`country_code`, `name`, `longitude`, `latitude`, `feature_class`, `feature_code`, `subadmin1_code`, `subadmin2_code`, `population`, `time_zone`, `active`, `created_at`, `updated_at`) VALUES ('PK','{\"en\":\"Khairpur Mir’s\"}',68.76,27.53,'P','PPLA2','PK.05','PK.05.1174349',124602,'Asia/Karachi',1,'2020-06-09 23:00:00','2020-06-09 23:00:00');
INSERT INTO `__PREFIX__cities` (`country_code`, `name`, `longitude`, `latitude`, `feature_class`, `feature_code`, `subadmin1_code`, `subadmin2_code`, `population`, `time_zone`, `active`, `created_at`, `updated_at`) VALUES ('PK','{\"en\":\"Adilpur\"}',69.32,27.94,'P','PPL','PK.05','PK.05.7418822',8247,'Asia/Karachi',1,'2019-12-05 23:00:00','2019-12-05 23:00:00');
INSERT INTO `__PREFIX__cities` (`country_code`, `name`, `longitude`, `latitude`, `feature_class`, `feature_code`, `subadmin1_code`, `subadmin2_code`, `population`, `time_zone`, `active`, `created_at`, `updated_at`) VALUES ('PK','{\"en\":\"Zhob\"}',69.45,31.34,'P','PPLA2','PK.02','PK.02.1162104',50537,'Asia/Karachi',1,'2019-12-05 23:00:00','2019-12-05 23:00:00');
INSERT INTO `__PREFIX__cities` (`country_code`, `name`, `longitude`, `latitude`, `feature_class`, `feature_code`, `subadmin1_code`, `subadmin2_code`, `population`, `time_zone`, `active`, `created_at`, `updated_at`) VALUES ('PK','{\"en\":\"Zaida\"}',72.47,34.06,'P','PPL','PK.03','PK.03.7419055',26787,'Asia/Karachi',1,'2019-12-05 23:00:00','2019-12-05 23:00:00');
INSERT INTO `__PREFIX__cities` (`country_code`, `name`, `longitude`, `latitude`, `feature_class`, `feature_code`, `subadmin1_code`, `subadmin2_code`, `population`, `time_zone`, `active`, `created_at`, `updated_at`) VALUES ('PK','{\"en\":\"Zahir Pir\"}',70.52,28.81,'P','PPL','PK.04','PK.04.1167458',34121,'Asia/Karachi',1,'2019-12-05 23:00:00','2019-12-05 23:00:00');
INSERT INTO `__PREFIX__cities` (`country_code`, `name`, `longitude`, `latitude`, `feature_class`, `feature_code`, `subadmin1_code`, `subadmin2_code`, `population`, `time_zone`, `active`, `created_at`, `updated_at`) VALUES ('PK','{\"en\":\"Zafarwal\"}',74.90,32.34,'P','PPL','PK.04','PK.04.7418968',23078,'Asia/Karachi',1,'2019-12-05 23:00:00','2019-12-05 23:00:00');
INSERT INTO `__PREFIX__cities` (`country_code`, `name`, `longitude`, `latitude`, `feature_class`, `feature_code`, `subadmin1_code`, `subadmin2_code`, `population`, `time_zone`, `active`, `created_at`, `updated_at`) VALUES ('PK','{\"en\":\"Yazman\"}',71.74,29.12,'P','PPL','PK.04','PK.04.1183876',24580,'Asia/Karachi',1,'2019-12-05 23:00:00','2019-12-05 23:00:00');
INSERT INTO `__PREFIX__cities` (`country_code`, `name`, `longitude`, `latitude`, `feature_class`, `feature_code`, `subadmin1_code`, `subadmin2_code`, `population`, `time_zone`, `active`, `created_at`, `updated_at`) VALUES ('PK','{\"en\":\"Wazirabad\"}',74.12,32.44,'P','PPL','PK.04','PK.04.1177658',102444,'Asia/Karachi',1,'2019-12-05 23:00:00','2019-12-05 23:00:00');
INSERT INTO `__PREFIX__cities` (`country_code`, `name`, `longitude`, `latitude`, `feature_class`, `feature_code`, `subadmin1_code`, `subadmin2_code`, `population`, `time_zone`, `active`, `created_at`, `updated_at`) VALUES ('PK','{\"en\":\"Chak Five Hundred Seventy-five\"}',73.83,31.55,'P','PPL','PK.04','PK.04.7419159',24295,'Asia/Karachi',1,'2019-12-05 23:00:00','2019-12-05 23:00:00');
INSERT INTO `__PREFIX__cities` (`country_code`, `name`, `longitude`, `latitude`, `feature_class`, `feature_code`, `subadmin1_code`, `subadmin2_code`, `population`, `time_zone`, `active`, `created_at`, `updated_at`) VALUES ('PK','{\"en\":\"Warah\"}',67.80,27.45,'P','PPL','PK.05','PK.05.9034783',18724,'Asia/Karachi',1,'2019-12-05 23:00:00','2019-12-05 23:00:00');
INSERT INTO `__PREFIX__cities` (`country_code`, `name`, `longitude`, `latitude`, `feature_class`, `feature_code`, `subadmin1_code`, `subadmin2_code`, `population`, `time_zone`, `active`, `created_at`, `updated_at`) VALUES ('PK','{\"en\":\"Vihari\"}',72.36,30.04,'P','PPLA2','PK.04','PK.04.10344547',112840,'Asia/Karachi',1,'2019-12-05 23:00:00','2019-12-05 23:00:00');
INSERT INTO `__PREFIX__cities` (`country_code`, `name`, `longitude`, `latitude`, `feature_class`, `feature_code`, `subadmin1_code`, `subadmin2_code`, `population`, `time_zone`, `active`, `created_at`, `updated_at`) VALUES ('PK','{\"en\":\"Utmanzai\"}',71.76,34.19,'P','PPL','PK.03','PK.03.7419051',29423,'Asia/Karachi',1,'2019-12-05 23:00:00','2019-12-05 23:00:00');
INSERT INTO `__PREFIX__cities` (`country_code`, `name`, `longitude`, `latitude`, `feature_class`, `feature_code`, `subadmin1_code`, `subadmin2_code`, `population`, `time_zone`, `active`, `created_at`, `updated_at`) VALUES ('PK','{\"en\":\"Uthal\"}',66.62,25.81,'P','PPLA2','PK.02','PK.02.1172115',16483,'Asia/Karachi',1,'2019-12-05 23:00:00','2019-12-05 23:00:00');
INSERT INTO `__PREFIX__cities` (`country_code`, `name`, `longitude`, `latitude`, `feature_class`, `feature_code`, `subadmin1_code`, `subadmin2_code`, `population`, `time_zone`, `active`, `created_at`, `updated_at`) VALUES ('PK','{\"en\":\"Usta Muhammad\"}',68.04,28.18,'P','PPL','PK.02','PK.02.6641922',43983,'Asia/Karachi',1,'2019-12-05 23:00:00','2019-12-05 23:00:00');
INSERT INTO `__PREFIX__cities` (`country_code`, `name`, `longitude`, `latitude`, `feature_class`, `feature_code`, `subadmin1_code`, `subadmin2_code`, `population`, `time_zone`, `active`, `created_at`, `updated_at`) VALUES ('PK','{\"en\":\"Umarkot\"}',69.74,25.36,'P','PPLA2','PK.05','PK.05.9072726',42074,'Asia/Karachi',1,'2019-12-05 23:00:00','2019-12-05 23:00:00');
INSERT INTO `__PREFIX__cities` (`country_code`, `name`, `longitude`, `latitude`, `feature_class`, `feature_code`, `subadmin1_code`, `subadmin2_code`, `population`, `time_zone`, `active`, `created_at`, `updated_at`) VALUES ('PK','{\"en\":\"Ubauro\"}',69.73,28.16,'P','PPL','PK.05','PK.05.7418822',23462,'Asia/Karachi',1,'2020-01-07 23:00:00','2020-01-07 23:00:00');
INSERT INTO `__PREFIX__cities` (`country_code`, `name`, `longitude`, `latitude`, `feature_class`, `feature_code`, `subadmin1_code`, `subadmin2_code`, `population`, `time_zone`, `active`, `created_at`, `updated_at`) VALUES ('PK','{\"en\":\"Turbat\"}',63.05,26.00,'P','PPLA2','PK.02','PK.02.1163052',75694,'Asia/Karachi',1,'2019-12-05 23:00:00','2019-12-05 23:00:00');
INSERT INTO `__PREFIX__cities` (`country_code`, `name`, `longitude`, `latitude`, `feature_class`, `feature_code`, `subadmin1_code`, `subadmin2_code`, `population`, `time_zone`, `active`, `created_at`, `updated_at`) VALUES ('PK','{\"en\":\"Tordher\"}',72.29,33.99,'P','PPL','PK.03','PK.03.7419055',150000,'Asia/Karachi',1,'2019-12-05 23:00:00','2019-12-05 23:00:00');
INSERT INTO `__PREFIX__cities` (`country_code`, `name`, `longitude`, `latitude`, `feature_class`, `feature_code`, `subadmin1_code`, `subadmin2_code`, `population`, `time_zone`, `active`, `created_at`, `updated_at`) VALUES ('PK','{\"en\":\"Topi\"}',72.62,34.07,'P','PPL','PK.03','PK.03.7419055',36340,'Asia/Karachi',1,'2019-12-05 23:00:00','2019-12-05 23:00:00');
INSERT INTO `__PREFIX__cities` (`country_code`, `name`, `longitude`, `latitude`, `feature_class`, `feature_code`, `subadmin1_code`, `subadmin2_code`, `population`, `time_zone`, `active`, `created_at`, `updated_at`) VALUES ('PK','{\"en\":\"Toba Tek Singh\"}',72.48,30.97,'P','PPLA2','PK.04','PK.04.7331706',69064,'Asia/Karachi',1,'2019-12-05 23:00:00','2019-12-05 23:00:00');
INSERT INTO `__PREFIX__cities` (`country_code`, `name`, `longitude`, `latitude`, `feature_class`, `feature_code`, `subadmin1_code`, `subadmin2_code`, `population`, `time_zone`, `active`, `created_at`, `updated_at`) VALUES ('PK','{\"en\":\"Thul\"}',68.78,28.24,'P','PPL','PK.05','PK.05.1176514',34472,'Asia/Karachi',1,'2019-12-05 23:00:00','2019-12-05 23:00:00');
INSERT INTO `__PREFIX__cities` (`country_code`, `name`, `longitude`, `latitude`, `feature_class`, `feature_code`, `subadmin1_code`, `subadmin2_code`, `population`, `time_zone`, `active`, `created_at`, `updated_at`) VALUES ('PK','{\"en\":\"Thatta\"}',67.92,24.75,'P','PPLA2','PK.05','PK.05.1163570',44302,'Asia/Karachi',1,'2019-12-05 23:00:00','2019-12-05 23:00:00');
INSERT INTO `__PREFIX__cities` (`country_code`, `name`, `longitude`, `latitude`, `feature_class`, `feature_code`, `subadmin1_code`, `subadmin2_code`, `population`, `time_zone`, `active`, `created_at`, `updated_at`) VALUES ('PK','{\"en\":\"Tharu Shah\"}',68.12,26.94,'P','PPL','PK.05','PK.05.7352189',17698,'Asia/Karachi',1,'2019-12-05 23:00:00','2019-12-05 23:00:00');
INSERT INTO `__PREFIX__cities` (`country_code`, `name`, `longitude`, `latitude`, `feature_class`, `feature_code`, `subadmin1_code`, `subadmin2_code`, `population`, `time_zone`, `active`, `created_at`, `updated_at`) VALUES ('PK','{\"en\":\"Taunsa\"}',70.65,30.70,'P','PPL','PK.04','PK.04.1180287',44869,'Asia/Karachi',1,'2019-12-05 23:00:00','2019-12-05 23:00:00');
INSERT INTO `__PREFIX__cities` (`country_code`, `name`, `longitude`, `latitude`, `feature_class`, `feature_code`, `subadmin1_code`, `subadmin2_code`, `population`, `time_zone`, `active`, `created_at`, `updated_at`) VALUES ('PK','{\"en\":\"Tank\"}',70.38,32.22,'P','PPLA2','PK.03','PK.03.7419040',38488,'Asia/Karachi',1,'2019-12-05 23:00:00','2019-12-05 23:00:00');
INSERT INTO `__PREFIX__cities` (`country_code`, `name`, `longitude`, `latitude`, `feature_class`, `feature_code`, `subadmin1_code`, `subadmin2_code`, `population`, `time_zone`, `active`, `created_at`, `updated_at`) VALUES ('PK','{\"en\":\"Tangwani\"}',69.00,28.28,'P','PPL','PK.05','PK.05.9035095',9255,'Asia/Karachi',1,'2019-12-05 23:00:00','2019-12-05 23:00:00');
INSERT INTO `__PREFIX__cities` (`country_code`, `name`, `longitude`, `latitude`, `feature_class`, `feature_code`, `subadmin1_code`, `subadmin2_code`, `population`, `time_zone`, `active`, `created_at`, `updated_at`) VALUES ('PK','{\"en\":\"Tangi\"}',71.65,34.30,'P','PPL','PK.03','PK.03.7419051',29444,'Asia/Karachi',1,'2019-12-05 23:00:00','2019-12-05 23:00:00');
INSERT INTO `__PREFIX__cities` (`country_code`, `name`, `longitude`, `latitude`, `feature_class`, `feature_code`, `subadmin1_code`, `subadmin2_code`, `population`, `time_zone`, `active`, `created_at`, `updated_at`) VALUES ('PK','{\"en\":\"Tando Muhammad Khan\"}',68.54,25.12,'P','PPLA2','PK.05','PK.05.9625902',72659,'Asia/Karachi',1,'2019-12-05 23:00:00','2019-12-05 23:00:00');
INSERT INTO `__PREFIX__cities` (`country_code`, `name`, `longitude`, `latitude`, `feature_class`, `feature_code`, `subadmin1_code`, `subadmin2_code`, `population`, `time_zone`, `active`, `created_at`, `updated_at`) VALUES ('PK','{\"en\":\"Tando Jam\"}',68.53,25.43,'P','PPL','PK.05','PK.05.1176733',31612,'Asia/Karachi',1,'2019-12-05 23:00:00','2019-12-05 23:00:00');
INSERT INTO `__PREFIX__cities` (`country_code`, `name`, `longitude`, `latitude`, `feature_class`, `feature_code`, `subadmin1_code`, `subadmin2_code`, `population`, `time_zone`, `active`, `created_at`, `updated_at`) VALUES ('PK','{\"en\":\"Tando Bago\"}',68.97,24.79,'P','PPL','PK.05','PK.05.1184051',14095,'Asia/Karachi',1,'2019-12-05 23:00:00','2019-12-05 23:00:00');
INSERT INTO `__PREFIX__cities` (`country_code`, `name`, `longitude`, `latitude`, `feature_class`, `feature_code`, `subadmin1_code`, `subadmin2_code`, `population`, `time_zone`, `active`, `created_at`, `updated_at`) VALUES ('PK','{\"en\":\"Tando Allahyar\"}',68.72,25.46,'P','PPLA2','PK.05','PK.05.9625763',127202,'Asia/Karachi',1,'2019-12-05 23:00:00','2019-12-05 23:00:00');
INSERT INTO `__PREFIX__cities` (`country_code`, `name`, `longitude`, `latitude`, `feature_class`, `feature_code`, `subadmin1_code`, `subadmin2_code`, `population`, `time_zone`, `active`, `created_at`, `updated_at`) VALUES ('PK','{\"en\":\"Tando Adam\"}',68.66,25.77,'P','PPL','PK.05','PK.05.1166162',125598,'Asia/Karachi',1,'2019-12-05 23:00:00','2019-12-05 23:00:00');
INSERT INTO `__PREFIX__cities` (`country_code`, `name`, `longitude`, `latitude`, `feature_class`, `feature_code`, `subadmin1_code`, `subadmin2_code`, `population`, `time_zone`, `active`, `created_at`, `updated_at`) VALUES ('PK','{\"en\":\"Tandlianwala\"}',73.13,31.03,'P','PPL','PK.04','PK.04.1179399',38285,'Asia/Karachi',1,'2019-12-05 23:00:00','2019-12-05 23:00:00');
INSERT INTO `__PREFIX__cities` (`country_code`, `name`, `longitude`, `latitude`, `feature_class`, `feature_code`, `subadmin1_code`, `subadmin2_code`, `population`, `time_zone`, `active`, `created_at`, `updated_at`) VALUES ('PK','{\"en\":\"Talhar\"}',68.81,24.88,'P','PPL','PK.05','PK.05.9625902',21154,'Asia/Karachi',1,'2019-12-05 23:00:00','2019-12-05 23:00:00');
INSERT INTO `__PREFIX__cities` (`country_code`, `name`, `longitude`, `latitude`, `feature_class`, `feature_code`, `subadmin1_code`, `subadmin2_code`, `population`, `time_zone`, `active`, `created_at`, `updated_at`) VALUES ('PK','{\"en\":\"Talamba\"}',72.24,30.53,'P','PPL','PK.04','PK.04.7418890',28151,'Asia/Karachi',1,'2019-12-05 23:00:00','2019-12-05 23:00:00');
INSERT INTO `__PREFIX__cities` (`country_code`, `name`, `longitude`, `latitude`, `feature_class`, `feature_code`, `subadmin1_code`, `subadmin2_code`, `population`, `time_zone`, `active`, `created_at`, `updated_at`) VALUES ('PK','{\"en\":\"Talagang\"}',72.42,32.93,'P','PPL','PK.04','PK.04.7418964',44960,'Asia/Karachi',1,'2019-12-05 23:00:00','2019-12-05 23:00:00');
INSERT INTO `__PREFIX__cities` (`country_code`, `name`, `longitude`, `latitude`, `feature_class`, `feature_code`, `subadmin1_code`, `subadmin2_code`, `population`, `time_zone`, `active`, `created_at`, `updated_at`) VALUES ('PK','{\"en\":\"Thal\"}',72.24,35.48,'P','PPL','PK.03','PK.03.1179754',29331,'Asia/Karachi',1,'2019-12-05 23:00:00','2019-12-05 23:00:00');
INSERT INTO `__PREFIX__cities` (`country_code`, `name`, `longitude`, `latitude`, `feature_class`, `feature_code`, `subadmin1_code`, `subadmin2_code`, `population`, `time_zone`, `active`, `created_at`, `updated_at`) VALUES ('PK','{\"en\":\"Swabi\"}',72.47,34.12,'P','PPLA2','PK.03','PK.03.7419055',97363,'Asia/Karachi',1,'2019-12-19 23:00:00','2019-12-19 23:00:00');
INSERT INTO `__PREFIX__cities` (`country_code`, `name`, `longitude`, `latitude`, `feature_class`, `feature_code`, `subadmin1_code`, `subadmin2_code`, `population`, `time_zone`, `active`, `created_at`, `updated_at`) VALUES ('PK','{\"en\":\"Surkhpur\"}',74.45,32.72,'P','PPL','PK.04','PK.04.1177651',20000,'Asia/Karachi',1,'2018-09-03 23:00:00','2018-09-03 23:00:00');
INSERT INTO `__PREFIX__cities` (`country_code`, `name`, `longitude`, `latitude`, `feature_class`, `feature_code`, `subadmin1_code`, `subadmin2_code`, `population`, `time_zone`, `active`, `created_at`, `updated_at`) VALUES ('PK','{\"en\":\"Surab\"}',66.26,28.49,'P','PPL','PK.02','PK.02.1175293',13104,'Asia/Karachi',1,'2019-12-05 23:00:00','2019-12-05 23:00:00');
INSERT INTO `__PREFIX__cities` (`country_code`, `name`, `longitude`, `latitude`, `feature_class`, `feature_code`, `subadmin1_code`, `subadmin2_code`, `population`, `time_zone`, `active`, `created_at`, `updated_at`) VALUES ('PK','{\"en\":\"Sukkur\"}',68.86,27.70,'P','PPLA2','PK.05','PK.05.1164407',417767,'Asia/Karachi',1,'2019-12-05 23:00:00','2019-12-05 23:00:00');
INSERT INTO `__PREFIX__cities` (`country_code`, `name`, `longitude`, `latitude`, `feature_class`, `feature_code`, `subadmin1_code`, `subadmin2_code`, `population`, `time_zone`, `active`, `created_at`, `updated_at`) VALUES ('PK','{\"en\":\"Sukheke Mandi\"}',73.51,31.87,'P','PPL','PK.04','PK.04.7418962',32836,'Asia/Karachi',1,'2019-12-05 23:00:00','2019-12-05 23:00:00');
INSERT INTO `__PREFIX__cities` (`country_code`, `name`, `longitude`, `latitude`, `feature_class`, `feature_code`, `subadmin1_code`, `subadmin2_code`, `population`, `time_zone`, `active`, `created_at`, `updated_at`) VALUES ('PK','{\"en\":\"Sohbatpur\"}',68.54,28.52,'P','PPL','PK.02','PK.02.11744842',8940,'Asia/Karachi',1,'2019-12-05 23:00:00','2019-12-05 23:00:00');
INSERT INTO `__PREFIX__cities` (`country_code`, `name`, `longitude`, `latitude`, `feature_class`, `feature_code`, `subadmin1_code`, `subadmin2_code`, `population`, `time_zone`, `active`, `created_at`, `updated_at`) VALUES ('PK','{\"en\":\"Sodhri\"}',74.18,32.46,'P','PPL','PK.04','PK.04.1177658',15977,'Asia/Karachi',1,'2019-12-05 23:00:00','2019-12-05 23:00:00');
INSERT INTO `__PREFIX__cities` (`country_code`, `name`, `longitude`, `latitude`, `feature_class`, `feature_code`, `subadmin1_code`, `subadmin2_code`, `population`, `time_zone`, `active`, `created_at`, `updated_at`) VALUES ('PK','{\"en\":\"Sobhodero\"}',68.40,27.30,'P','PPL','PK.05','PK.05.1174349',14623,'Asia/Karachi',1,'2019-12-23 23:00:00','2019-12-23 23:00:00');
INSERT INTO `__PREFIX__cities` (`country_code`, `name`, `longitude`, `latitude`, `feature_class`, `feature_code`, `subadmin1_code`, `subadmin2_code`, `population`, `time_zone`, `active`, `created_at`, `updated_at`) VALUES ('PK','{\"en\":\"Sīta Road\"}',67.85,27.03,'P','PPL','PK.05','PK.05.1180802',27587,'Asia/Karachi',1,'2019-12-05 23:00:00','2019-12-05 23:00:00');
INSERT INTO `__PREFIX__cities` (`country_code`, `name`, `longitude`, `latitude`, `feature_class`, `feature_code`, `subadmin1_code`, `subadmin2_code`, `population`, `time_zone`, `active`, `created_at`, `updated_at`) VALUES ('PK','{\"en\":\"Sinjhoro\"}',68.81,26.03,'P','PPL','PK.05','PK.05.1166162',15970,'Asia/Karachi',1,'2019-12-05 23:00:00','2019-12-05 23:00:00');
INSERT INTO `__PREFIX__cities` (`country_code`, `name`, `longitude`, `latitude`, `feature_class`, `feature_code`, `subadmin1_code`, `subadmin2_code`, `population`, `time_zone`, `active`, `created_at`, `updated_at`) VALUES ('PK','{\"en\":\"Sillanwali\"}',72.54,31.83,'P','PPL','PK.04','PK.04.1165999',27023,'Asia/Karachi',1,'2019-12-05 23:00:00','2019-12-05 23:00:00');
INSERT INTO `__PREFIX__cities` (`country_code`, `name`, `longitude`, `latitude`, `feature_class`, `feature_code`, `subadmin1_code`, `subadmin2_code`, `population`, `time_zone`, `active`, `created_at`, `updated_at`) VALUES ('PK','{\"en\":\"Sibi\"}',67.88,29.54,'P','PPLA2','PK.02','PK.02.1164895',64069,'Asia/Karachi',1,'2019-12-05 23:00:00','2019-12-05 23:00:00');
INSERT INTO `__PREFIX__cities` (`country_code`, `name`, `longitude`, `latitude`, `feature_class`, `feature_code`, `subadmin1_code`, `subadmin2_code`, `population`, `time_zone`, `active`, `created_at`, `updated_at`) VALUES ('PK','{\"en\":\"Sialkot\"}',74.53,32.49,'P','PPLA2','PK.04','PK.04.1164908',477396,'Asia/Karachi',1,'2021-07-28 23:00:00','2021-07-28 23:00:00');
INSERT INTO `__PREFIX__cities` (`country_code`, `name`, `longitude`, `latitude`, `feature_class`, `feature_code`, `subadmin1_code`, `subadmin2_code`, `population`, `time_zone`, `active`, `created_at`, `updated_at`) VALUES ('PK','{\"en\":\"Shujaabad\"}',71.29,29.88,'P','PPL','PK.04','PK.04.1169821',65952,'Asia/Karachi',1,'2019-12-08 23:00:00','2019-12-08 23:00:00');
INSERT INTO `__PREFIX__cities` (`country_code`, `name`, `longitude`, `latitude`, `feature_class`, `feature_code`, `subadmin1_code`, `subadmin2_code`, `population`, `time_zone`, `active`, `created_at`, `updated_at`) VALUES ('PK','{\"en\":\"Shorkot\"}',70.88,31.91,'P','PPL','PK.03','PK.03.1180282',67439,'Asia/Karachi',1,'2019-12-15 23:00:00','2019-12-15 23:00:00');
INSERT INTO `__PREFIX__cities` (`country_code`, `name`, `longitude`, `latitude`, `feature_class`, `feature_code`, `subadmin1_code`, `subadmin2_code`, `population`, `time_zone`, `active`, `created_at`, `updated_at`) VALUES ('PK','{\"en\":\"Shikarpur\"}',68.64,27.96,'P','PPLA2','PK.05','PK.05.1165106',156901,'Asia/Karachi',1,'2019-12-05 23:00:00','2019-12-05 23:00:00');
INSERT INTO `__PREFIX__cities` (`country_code`, `name`, `longitude`, `latitude`, `feature_class`, `feature_code`, `subadmin1_code`, `subadmin2_code`, `population`, `time_zone`, `active`, `created_at`, `updated_at`) VALUES ('PK','{\"en\":\"Shekhupura\"}',73.99,31.71,'P','PPLA2','PK.04','PK.04.1165218',361303,'Asia/Karachi',1,'2019-12-05 23:00:00','2019-12-05 23:00:00');
INSERT INTO `__PREFIX__cities` (`country_code`, `name`, `longitude`, `latitude`, `feature_class`, `feature_code`, `subadmin1_code`, `subadmin2_code`, `population`, `time_zone`, `active`, `created_at`, `updated_at`) VALUES ('PK','{\"en\":\"Sharqpur Sharif\"}',74.10,31.46,'P','PPL','PK.04','PK.04.1165218',31855,'Asia/Karachi',1,'2019-12-05 23:00:00','2019-12-05 23:00:00');
INSERT INTO `__PREFIX__cities` (`country_code`, `name`, `longitude`, `latitude`, `feature_class`, `feature_code`, `subadmin1_code`, `subadmin2_code`, `population`, `time_zone`, `active`, `created_at`, `updated_at`) VALUES ('PK','{\"en\":\"Shakargarh\"}',75.16,32.26,'P','PPL','PK.04','PK.04.7418968',64304,'Asia/Karachi',1,'2019-12-08 23:00:00','2019-12-08 23:00:00');
INSERT INTO `__PREFIX__cities` (`country_code`, `name`, `longitude`, `latitude`, `feature_class`, `feature_code`, `subadmin1_code`, `subadmin2_code`, `population`, `time_zone`, `active`, `created_at`, `updated_at`) VALUES ('PK','{\"en\":\"Shahr Sultan\"}',71.02,29.58,'P','PPL','PK.04','PK.04.1169603',16166,'Asia/Karachi',1,'2019-12-05 23:00:00','2019-12-05 23:00:00');
INSERT INTO `__PREFIX__cities` (`country_code`, `name`, `longitude`, `latitude`, `feature_class`, `feature_code`, `subadmin1_code`, `subadmin2_code`, `population`, `time_zone`, `active`, `created_at`, `updated_at`) VALUES ('PK','{\"en\":\"Shahpur Chakar\"}',68.65,26.15,'P','PPL','PK.05','PK.05.1166162',21446,'Asia/Karachi',1,'2019-12-05 23:00:00','2019-12-05 23:00:00');
INSERT INTO `__PREFIX__cities` (`country_code`, `name`, `longitude`, `latitude`, `feature_class`, `feature_code`, `subadmin1_code`, `subadmin2_code`, `population`, `time_zone`, `active`, `created_at`, `updated_at`) VALUES ('PK','{\"en\":\"Shahpur\"}',72.47,32.27,'P','PPL','PK.04','PK.04.1165999',14153,'Asia/Karachi',1,'2019-12-05 23:00:00','2019-12-05 23:00:00');
INSERT INTO `__PREFIX__cities` (`country_code`, `name`, `longitude`, `latitude`, `feature_class`, `feature_code`, `subadmin1_code`, `subadmin2_code`, `population`, `time_zone`, `active`, `created_at`, `updated_at`) VALUES ('PK','{\"en\":\"Shahkot\"}',73.49,31.57,'P','PPL','PK.04','PK.04.7419159',200000,'Asia/Karachi',1,'2012-07-30 23:00:00','2012-07-30 23:00:00');
INSERT INTO `__PREFIX__cities` (`country_code`, `name`, `longitude`, `latitude`, `feature_class`, `feature_code`, `subadmin1_code`, `subadmin2_code`, `population`, `time_zone`, `active`, `created_at`, `updated_at`) VALUES ('PK','{\"en\":\"Shahdadpur\"}',68.62,25.93,'P','PPL','PK.05','PK.05.1166162',67249,'Asia/Karachi',1,'2019-12-05 23:00:00','2019-12-05 23:00:00');
INSERT INTO `__PREFIX__cities` (`country_code`, `name`, `longitude`, `latitude`, `feature_class`, `feature_code`, `subadmin1_code`, `subadmin2_code`, `population`, `time_zone`, `active`, `created_at`, `updated_at`) VALUES ('PK','{\"en\":\"Shahdad Kot\"}',67.91,27.85,'P','PPLA2','PK.05','PK.05.9034783',75411,'Asia/Karachi',1,'2019-12-05 23:00:00','2019-12-05 23:00:00');
INSERT INTO `__PREFIX__cities` (`country_code`, `name`, `longitude`, `latitude`, `feature_class`, `feature_code`, `subadmin1_code`, `subadmin2_code`, `population`, `time_zone`, `active`, `created_at`, `updated_at`) VALUES ('PK','{\"en\":\"Shabqadar\"}',71.55,34.22,'P','PPL','PK.03','PK.03.7419051',66541,'Asia/Karachi',1,'2019-12-05 23:00:00','2019-12-05 23:00:00');
INSERT INTO `__PREFIX__cities` (`country_code`, `name`, `longitude`, `latitude`, `feature_class`, `feature_code`, `subadmin1_code`, `subadmin2_code`, `population`, `time_zone`, `active`, `created_at`, `updated_at`) VALUES ('PK','{\"en\":\"Sehwan\"}',67.86,26.42,'P','PPL','PK.05','PK.05.7419156',41150,'Asia/Karachi',1,'2019-12-05 23:00:00','2019-12-05 23:00:00');
INSERT INTO `__PREFIX__cities` (`country_code`, `name`, `longitude`, `latitude`, `feature_class`, `feature_code`, `subadmin1_code`, `subadmin2_code`, `population`, `time_zone`, `active`, `created_at`, `updated_at`) VALUES ('PK','{\"en\":\"Sargodha\"}',72.67,32.09,'P','PPLA2','PK.04','PK.04.1165999',542603,'Asia/Karachi',1,'2019-12-05 23:00:00','2019-12-05 23:00:00');
INSERT INTO `__PREFIX__cities` (`country_code`, `name`, `longitude`, `latitude`, `feature_class`, `feature_code`, `subadmin1_code`, `subadmin2_code`, `population`, `time_zone`, `active`, `created_at`, `updated_at`) VALUES ('PK','{\"en\":\"Sarai Sidhu\"}',71.97,30.59,'P','PPL','PK.04','PK.04.7418890',15632,'Asia/Karachi',1,'2019-12-05 23:00:00','2019-12-05 23:00:00');
INSERT INTO `__PREFIX__cities` (`country_code`, `name`, `longitude`, `latitude`, `feature_class`, `feature_code`, `subadmin1_code`, `subadmin2_code`, `population`, `time_zone`, `active`, `created_at`, `updated_at`) VALUES ('PK','{\"en\":\"Sarai Naurang\"}',70.78,32.83,'P','PPL','PK.03','PK.03.7419039',19694,'Asia/Karachi',1,'2019-12-05 23:00:00','2019-12-05 23:00:00');
INSERT INTO `__PREFIX__cities` (`country_code`, `name`, `longitude`, `latitude`, `feature_class`, `feature_code`, `subadmin1_code`, `subadmin2_code`, `population`, `time_zone`, `active`, `created_at`, `updated_at`) VALUES ('PK','{\"en\":\"Sarai Alamgir\"}',73.76,32.90,'P','PPL','PK.04','PK.04.1177651',44120,'Asia/Karachi',1,'2018-05-07 23:00:00','2018-05-07 23:00:00');
INSERT INTO `__PREFIX__cities` (`country_code`, `name`, `longitude`, `latitude`, `feature_class`, `feature_code`, `subadmin1_code`, `subadmin2_code`, `population`, `time_zone`, `active`, `created_at`, `updated_at`) VALUES ('PK','{\"en\":\"Sann\"}',68.14,26.04,'P','PPL','PK.05','PK.05.7419156',8834,'Asia/Karachi',1,'2019-12-05 23:00:00','2019-12-05 23:00:00');
INSERT INTO `__PREFIX__cities` (`country_code`, `name`, `longitude`, `latitude`, `feature_class`, `feature_code`, `subadmin1_code`, `subadmin2_code`, `population`, `time_zone`, `active`, `created_at`, `updated_at`) VALUES ('PK','{\"en\":\"Sanjwal\"}',72.43,33.76,'P','PPL','PK.04','PK.04.1184248',10657,'Asia/Karachi',1,'2019-12-05 23:00:00','2019-12-05 23:00:00');
INSERT INTO `__PREFIX__cities` (`country_code`, `name`, `longitude`, `latitude`, `feature_class`, `feature_code`, `subadmin1_code`, `subadmin2_code`, `population`, `time_zone`, `active`, `created_at`, `updated_at`) VALUES ('PK','{\"en\":\"Sangla Hill\"}',73.38,31.72,'P','PPL','PK.04','PK.04.7419159',57002,'Asia/Karachi',1,'2014-10-07 23:00:00','2014-10-07 23:00:00');
INSERT INTO `__PREFIX__cities` (`country_code`, `name`, `longitude`, `latitude`, `feature_class`, `feature_code`, `subadmin1_code`, `subadmin2_code`, `population`, `time_zone`, `active`, `created_at`, `updated_at`) VALUES ('PK','{\"en\":\"Sanghar\"}',68.95,26.05,'P','PPLA2','PK.05','PK.05.1166162',62033,'Asia/Karachi',1,'2019-12-05 23:00:00','2019-12-05 23:00:00');
INSERT INTO `__PREFIX__cities` (`country_code`, `name`, `longitude`, `latitude`, `feature_class`, `feature_code`, `subadmin1_code`, `subadmin2_code`, `population`, `time_zone`, `active`, `created_at`, `updated_at`) VALUES ('PK','{\"en\":\"Sambrial\"}',74.35,32.48,'P','PPL','PK.04','PK.04.1164908',62874,'Asia/Karachi',1,'2019-12-05 23:00:00','2019-12-05 23:00:00');
INSERT INTO `__PREFIX__cities` (`country_code`, `name`, `longitude`, `latitude`, `feature_class`, `feature_code`, `subadmin1_code`, `subadmin2_code`, `population`, `time_zone`, `active`, `created_at`, `updated_at`) VALUES ('PK','{\"en\":\"Samaro\"}',69.40,25.28,'P','PPL','PK.05','PK.05.9072726',8784,'Asia/Karachi',1,'2019-12-05 23:00:00','2019-12-05 23:00:00');
INSERT INTO `__PREFIX__cities` (`country_code`, `name`, `longitude`, `latitude`, `feature_class`, `feature_code`, `subadmin1_code`, `subadmin2_code`, `population`, `time_zone`, `active`, `created_at`, `updated_at`) VALUES ('PK','{\"en\":\"Sakrand\"}',68.27,26.14,'P','PPL','PK.05','PK.05.1169115',31630,'Asia/Karachi',1,'2019-12-05 23:00:00','2019-12-05 23:00:00');
INSERT INTO `__PREFIX__cities` (`country_code`, `name`, `longitude`, `latitude`, `feature_class`, `feature_code`, `subadmin1_code`, `subadmin2_code`, `population`, `time_zone`, `active`, `created_at`, `updated_at`) VALUES ('PK','{\"en\":\"Sahiwal\"}',72.33,31.97,'P','PPL','PK.04','PK.04.1165999',37186,'Asia/Karachi',1,'2019-12-09 23:00:00','2019-12-09 23:00:00');
INSERT INTO `__PREFIX__cities` (`country_code`, `name`, `longitude`, `latitude`, `feature_class`, `feature_code`, `subadmin1_code`, `subadmin2_code`, `population`, `time_zone`, `active`, `created_at`, `updated_at`) VALUES ('PK','{\"en\":\"Sahiwal\"}',73.10,30.67,'P','PPLA2','PK.04','PK.04.1166545',235695,'Asia/Karachi',1,'2019-09-04 23:00:00','2019-09-04 23:00:00');
INSERT INTO `__PREFIX__cities` (`country_code`, `name`, `longitude`, `latitude`, `feature_class`, `feature_code`, `subadmin1_code`, `subadmin2_code`, `population`, `time_zone`, `active`, `created_at`, `updated_at`) VALUES ('PK','{\"en\":\"Saddiqabad\"}',70.13,28.31,'P','PPL','PK.04','PK.04.1167458',189876,'Asia/Karachi',1,'2019-12-05 23:00:00','2019-12-05 23:00:00');
INSERT INTO `__PREFIX__cities` (`country_code`, `name`, `longitude`, `latitude`, `feature_class`, `feature_code`, `subadmin1_code`, `subadmin2_code`, `population`, `time_zone`, `active`, `created_at`, `updated_at`) VALUES ('PK','{\"en\":\"Rustam\"}',68.80,27.97,'P','PPL','PK.05','PK.05.1165106',9048,'Asia/Karachi',1,'2019-12-05 23:00:00','2019-12-05 23:00:00');
INSERT INTO `__PREFIX__cities` (`country_code`, `name`, `longitude`, `latitude`, `feature_class`, `feature_code`, `subadmin1_code`, `subadmin2_code`, `population`, `time_zone`, `active`, `created_at`, `updated_at`) VALUES ('PK','{\"en\":\"Rojhan\"}',69.95,28.69,'P','PPL','PK.04','PK.04.8309731',13031,'Asia/Karachi',1,'2020-01-07 23:00:00','2020-01-07 23:00:00');
INSERT INTO `__PREFIX__cities` (`country_code`, `name`, `longitude`, `latitude`, `feature_class`, `feature_code`, `subadmin1_code`, `subadmin2_code`, `population`, `time_zone`, `active`, `created_at`, `updated_at`) VALUES ('PK','{\"en\":\"Rohri\"}',68.90,27.69,'P','PPL','PK.05','PK.05.1164407',50649,'Asia/Karachi',1,'2019-12-05 23:00:00','2019-12-05 23:00:00');
INSERT INTO `__PREFIX__cities` (`country_code`, `name`, `longitude`, `latitude`, `feature_class`, `feature_code`, `subadmin1_code`, `subadmin2_code`, `population`, `time_zone`, `active`, `created_at`, `updated_at`) VALUES ('PK','{\"en\":\"Renala Khurd\"}',73.60,30.88,'P','PPL','PK.04','PK.04.7418888',37111,'Asia/Karachi',1,'2019-12-05 23:00:00','2019-12-05 23:00:00');
INSERT INTO `__PREFIX__cities` (`country_code`, `name`, `longitude`, `latitude`, `feature_class`, `feature_code`, `subadmin1_code`, `subadmin2_code`, `population`, `time_zone`, `active`, `created_at`, `updated_at`) VALUES ('PK','{\"en\":\"Rawalpindi\"}',73.05,33.60,'P','PPLA2','PK.04','PK.04.1166991',1743101,'Asia/Karachi',1,'2021-08-02 23:00:00','2021-08-02 23:00:00');
INSERT INTO `__PREFIX__cities` (`country_code`, `name`, `longitude`, `latitude`, `feature_class`, `feature_code`, `subadmin1_code`, `subadmin2_code`, `population`, `time_zone`, `active`, `created_at`, `updated_at`) VALUES ('PK','{\"en\":\"Ratodero\"}',68.29,27.80,'P','PPL','PK.05','PK.05.1172127',47819,'Asia/Karachi',1,'2019-12-05 23:00:00','2019-12-05 23:00:00');
INSERT INTO `__PREFIX__cities` (`country_code`, `name`, `longitude`, `latitude`, `feature_class`, `feature_code`, `subadmin1_code`, `subadmin2_code`, `population`, `time_zone`, `active`, `created_at`, `updated_at`) VALUES ('PK','{\"en\":\"Rasulnagar\"}',73.78,32.33,'P','PPL','PK.04','PK.04.1177658',14392,'Asia/Karachi',1,'2019-12-05 23:00:00','2019-12-05 23:00:00');
INSERT INTO `__PREFIX__cities` (`country_code`, `name`, `longitude`, `latitude`, `feature_class`, `feature_code`, `subadmin1_code`, `subadmin2_code`, `population`, `time_zone`, `active`, `created_at`, `updated_at`) VALUES ('PK','{\"en\":\"Ranipur\"}',68.51,27.29,'P','PPL','PK.05','PK.05.1174349',22495,'Asia/Karachi',1,'2019-12-05 23:00:00','2019-12-05 23:00:00');
INSERT INTO `__PREFIX__cities` (`country_code`, `name`, `longitude`, `latitude`, `feature_class`, `feature_code`, `subadmin1_code`, `subadmin2_code`, `population`, `time_zone`, `active`, `created_at`, `updated_at`) VALUES ('PK','{\"en\":\"Rajo Khanani\"}',68.85,24.98,'P','PPL','PK.05','PK.05.1184051',7683,'Asia/Karachi',1,'2019-12-05 23:00:00','2019-12-05 23:00:00');
INSERT INTO `__PREFIX__cities` (`country_code`, `name`, `longitude`, `latitude`, `feature_class`, `feature_code`, `subadmin1_code`, `subadmin2_code`, `population`, `time_zone`, `active`, `created_at`, `updated_at`) VALUES ('PK','{\"en\":\"Rajanpur\"}',70.33,29.10,'P','PPLA2','PK.04','PK.04.8309731',50682,'Asia/Karachi',1,'2019-12-05 23:00:00','2019-12-05 23:00:00');
INSERT INTO `__PREFIX__cities` (`country_code`, `name`, `longitude`, `latitude`, `feature_class`, `feature_code`, `subadmin1_code`, `subadmin2_code`, `population`, `time_zone`, `active`, `created_at`, `updated_at`) VALUES ('PK','{\"en\":\"Raja Jang\"}',74.25,31.22,'P','PPL','PK.04','PK.04.1174623',24407,'Asia/Karachi',1,'2019-12-05 23:00:00','2019-12-05 23:00:00');
INSERT INTO `__PREFIX__cities` (`country_code`, `name`, `longitude`, `latitude`, `feature_class`, `feature_code`, `subadmin1_code`, `subadmin2_code`, `population`, `time_zone`, `active`, `created_at`, `updated_at`) VALUES ('PK','{\"en\":\"Raiwind\"}',74.22,31.25,'P','PPL','PK.04','PK.04.1174623',31592,'Asia/Karachi',1,'2019-12-05 23:00:00','2019-12-05 23:00:00');
INSERT INTO `__PREFIX__cities` (`country_code`, `name`, `longitude`, `latitude`, `feature_class`, `feature_code`, `subadmin1_code`, `subadmin2_code`, `population`, `time_zone`, `active`, `created_at`, `updated_at`) VALUES ('PK','{\"en\":\"Rahim Yar Khan\"}',70.30,28.42,'P','PPLA2','PK.04','PK.04.1167458',788915,'Asia/Karachi',1,'2017-09-25 23:00:00','2017-09-25 23:00:00');
INSERT INTO `__PREFIX__cities` (`country_code`, `name`, `longitude`, `latitude`, `feature_class`, `feature_code`, `subadmin1_code`, `subadmin2_code`, `population`, `time_zone`, `active`, `created_at`, `updated_at`) VALUES ('PK','{\"en\":\"Goth Radhan\"}',67.95,27.20,'P','PPL','PK.05','PK.05.1172127',16786,'Asia/Karachi',1,'2019-12-05 23:00:00','2019-12-05 23:00:00');
INSERT INTO `__PREFIX__cities` (`country_code`, `name`, `longitude`, `latitude`, `feature_class`, `feature_code`, `subadmin1_code`, `subadmin2_code`, `population`, `time_zone`, `active`, `created_at`, `updated_at`) VALUES ('PK','{\"en\":\"Chenab Nagar\"}',72.91,31.76,'P','PPL','PK.04','PK.04.11886901',70000,'Asia/Karachi',1,'2019-12-05 23:00:00','2019-12-05 23:00:00');
INSERT INTO `__PREFIX__cities` (`country_code`, `name`, `longitude`, `latitude`, `feature_class`, `feature_code`, `subadmin1_code`, `subadmin2_code`, `population`, `time_zone`, `active`, `created_at`, `updated_at`) VALUES ('PK','{\"en\":\"Quetta\"}',67.00,30.18,'P','PPLA','PK.02','PK.02.1167527',733675,'Asia/Karachi',1,'2021-10-06 23:00:00','2021-10-06 23:00:00');
INSERT INTO `__PREFIX__cities` (`country_code`, `name`, `longitude`, `latitude`, `feature_class`, `feature_code`, `subadmin1_code`, `subadmin2_code`, `population`, `time_zone`, `active`, `created_at`, `updated_at`) VALUES ('PK','{\"en\":\"Kambar\"}',68.00,27.59,'P','PPL','PK.05','PK.05.9034783',77481,'Asia/Karachi',1,'2019-12-23 23:00:00','2019-12-23 23:00:00');
INSERT INTO `__PREFIX__cities` (`country_code`, `name`, `longitude`, `latitude`, `feature_class`, `feature_code`, `subadmin1_code`, `subadmin2_code`, `population`, `time_zone`, `active`, `created_at`, `updated_at`) VALUES ('PK','{\"en\":\"Qadirpur Ran\"}',71.67,30.29,'P','PPL','PK.04','PK.04.1169821',20407,'Asia/Karachi',1,'2019-12-05 23:00:00','2019-12-05 23:00:00');
INSERT INTO `__PREFIX__cities` (`country_code`, `name`, `longitude`, `latitude`, `feature_class`, `feature_code`, `subadmin1_code`, `subadmin2_code`, `population`, `time_zone`, `active`, `created_at`, `updated_at`) VALUES ('PK','{\"en\":\"Pithoro\"}',69.38,25.51,'P','PPL','PK.05','PK.05.9072726',6440,'Asia/Karachi',1,'2019-12-05 23:00:00','2019-12-05 23:00:00');
INSERT INTO `__PREFIX__cities` (`country_code`, `name`, `longitude`, `latitude`, `feature_class`, `feature_code`, `subadmin1_code`, `subadmin2_code`, `population`, `time_zone`, `active`, `created_at`, `updated_at`) VALUES ('PK','{\"en\":\"Pishin\"}',66.99,30.58,'P','PPLA2','PK.02','PK.02.1167820',24239,'Asia/Karachi',1,'2019-12-05 23:00:00','2019-12-05 23:00:00');
INSERT INTO `__PREFIX__cities` (`country_code`, `name`, `longitude`, `latitude`, `feature_class`, `feature_code`, `subadmin1_code`, `subadmin2_code`, `population`, `time_zone`, `active`, `created_at`, `updated_at`) VALUES ('PK','{\"en\":\"Pir Mahal\"}',72.43,30.77,'P','PPL','PK.04','PK.04.7331706',35343,'Asia/Karachi',1,'2019-12-05 23:00:00','2019-12-05 23:00:00');
INSERT INTO `__PREFIX__cities` (`country_code`, `name`, `longitude`, `latitude`, `feature_class`, `feature_code`, `subadmin1_code`, `subadmin2_code`, `population`, `time_zone`, `active`, `created_at`, `updated_at`) VALUES ('PK','{\"en\":\"Pindi Gheb\"}',72.26,33.24,'P','PPL','PK.04','PK.04.1184248',34301,'Asia/Karachi',1,'2019-12-05 23:00:00','2019-12-05 23:00:00');
INSERT INTO `__PREFIX__cities` (`country_code`, `name`, `longitude`, `latitude`, `feature_class`, `feature_code`, `subadmin1_code`, `subadmin2_code`, `population`, `time_zone`, `active`, `created_at`, `updated_at`) VALUES ('PK','{\"en\":\"Pindi Bhattian\"}',73.27,31.90,'P','PPL','PK.04','PK.04.7418962',35088,'Asia/Karachi',1,'2019-12-05 23:00:00','2019-12-05 23:00:00');
INSERT INTO `__PREFIX__cities` (`country_code`, `name`, `longitude`, `latitude`, `feature_class`, `feature_code`, `subadmin1_code`, `subadmin2_code`, `population`, `time_zone`, `active`, `created_at`, `updated_at`) VALUES ('PK','{\"en\":\"Pind Dadan Khan\"}',73.04,32.59,'P','PPL','PK.04','PK.04.1175862',22001,'Asia/Karachi',1,'2019-12-05 23:00:00','2019-12-05 23:00:00');
INSERT INTO `__PREFIX__cities` (`country_code`, `name`, `longitude`, `latitude`, `feature_class`, `feature_code`, `subadmin1_code`, `subadmin2_code`, `population`, `time_zone`, `active`, `created_at`, `updated_at`) VALUES ('PK','{\"en\":\"Goth Phulji\"}',67.68,26.88,'P','PPL','PK.05','PK.05.1180802',7877,'Asia/Karachi',1,'2019-12-05 23:00:00','2019-12-05 23:00:00');
INSERT INTO `__PREFIX__cities` (`country_code`, `name`, `longitude`, `latitude`, `feature_class`, `feature_code`, `subadmin1_code`, `subadmin2_code`, `population`, `time_zone`, `active`, `created_at`, `updated_at`) VALUES ('PK','{\"en\":\"Phalia\"}',73.58,32.43,'P','PPL','PK.04','PK.04.7418963',24789,'Asia/Karachi',1,'2019-12-05 23:00:00','2019-12-05 23:00:00');
INSERT INTO `__PREFIX__cities` (`country_code`, `name`, `longitude`, `latitude`, `feature_class`, `feature_code`, `subadmin1_code`, `subadmin2_code`, `population`, `time_zone`, `active`, `created_at`, `updated_at`) VALUES ('PK','{\"en\":\"Peshawar\"}',71.58,34.01,'P','PPLA','PK.03','PK.03.1168195',1218773,'Asia/Karachi',1,'2019-12-05 23:00:00','2019-12-05 23:00:00');
INSERT INTO `__PREFIX__cities` (`country_code`, `name`, `longitude`, `latitude`, `feature_class`, `feature_code`, `subadmin1_code`, `subadmin2_code`, `population`, `time_zone`, `active`, `created_at`, `updated_at`) VALUES ('PK','{\"en\":\"Pattoki\"}',73.85,31.02,'P','PPL','PK.04','PK.04.1174623',70436,'Asia/Karachi',1,'2019-12-05 23:00:00','2019-12-05 23:00:00');
INSERT INTO `__PREFIX__cities` (`country_code`, `name`, `longitude`, `latitude`, `feature_class`, `feature_code`, `subadmin1_code`, `subadmin2_code`, `population`, `time_zone`, `active`, `created_at`, `updated_at`) VALUES ('PK','{\"en\":\"Pasrur\"}',74.66,32.26,'P','PPL','PK.04','PK.04.1164908',53364,'Asia/Karachi',1,'2019-12-05 23:00:00','2019-12-05 23:00:00');
INSERT INTO `__PREFIX__cities` (`country_code`, `name`, `longitude`, `latitude`, `feature_class`, `feature_code`, `subadmin1_code`, `subadmin2_code`, `population`, `time_zone`, `active`, `created_at`, `updated_at`) VALUES ('PK','{\"en\":\"Pasni\"}',63.47,25.26,'P','PPL','PK.02','PK.02.1177445',33110,'Asia/Karachi',1,'2019-12-05 23:00:00','2019-12-05 23:00:00');
INSERT INTO `__PREFIX__cities` (`country_code`, `name`, `longitude`, `latitude`, `feature_class`, `feature_code`, `subadmin1_code`, `subadmin2_code`, `population`, `time_zone`, `active`, `created_at`, `updated_at`) VALUES ('PK','{\"en\":\"Pano Aqil\"}',69.11,27.86,'P','PPL','PK.05','PK.05.1164407',72881,'Asia/Karachi',1,'2019-12-05 23:00:00','2019-12-05 23:00:00');
INSERT INTO `__PREFIX__cities` (`country_code`, `name`, `longitude`, `latitude`, `feature_class`, `feature_code`, `subadmin1_code`, `subadmin2_code`, `population`, `time_zone`, `active`, `created_at`, `updated_at`) VALUES ('PK','{\"en\":\"Pakpattan\"}',73.39,30.34,'P','PPLA2','PK.04','PK.04.7418850',126706,'Asia/Karachi',1,'2019-12-05 23:00:00','2019-12-05 23:00:00');
INSERT INTO `__PREFIX__cities` (`country_code`, `name`, `longitude`, `latitude`, `feature_class`, `feature_code`, `subadmin1_code`, `subadmin2_code`, `population`, `time_zone`, `active`, `created_at`, `updated_at`) VALUES ('PK','{\"en\":\"Paharpur\"}',70.97,32.11,'P','PPL','PK.03','PK.03.1180282',17294,'Asia/Karachi',1,'2019-12-05 23:00:00','2019-12-05 23:00:00');
INSERT INTO `__PREFIX__cities` (`country_code`, `name`, `longitude`, `latitude`, `feature_class`, `feature_code`, `subadmin1_code`, `subadmin2_code`, `population`, `time_zone`, `active`, `created_at`, `updated_at`) VALUES ('PK','{\"en\":\"Pad Idan\"}',68.30,26.77,'P','PPL','PK.05','PK.05.7352189',20919,'Asia/Karachi',1,'2019-12-05 23:00:00','2019-12-05 23:00:00');
INSERT INTO `__PREFIX__cities` (`country_code`, `name`, `longitude`, `latitude`, `feature_class`, `feature_code`, `subadmin1_code`, `subadmin2_code`, `population`, `time_zone`, `active`, `created_at`, `updated_at`) VALUES ('PK','{\"en\":\"Pabbi\"}',71.79,34.01,'P','PPL','PK.03','PK.03.7419052',37307,'Asia/Karachi',1,'2019-12-05 23:00:00','2019-12-05 23:00:00');
INSERT INTO `__PREFIX__cities` (`country_code`, `name`, `longitude`, `latitude`, `feature_class`, `feature_code`, `subadmin1_code`, `subadmin2_code`, `population`, `time_zone`, `active`, `created_at`, `updated_at`) VALUES ('PK','{\"en\":\"Ormara\"}',64.64,25.21,'P','PPL','PK.02','PK.02.1177445',13026,'Asia/Karachi',1,'2019-12-05 23:00:00','2019-12-05 23:00:00');
INSERT INTO `__PREFIX__cities` (`country_code`, `name`, `longitude`, `latitude`, `feature_class`, `feature_code`, `subadmin1_code`, `subadmin2_code`, `population`, `time_zone`, `active`, `created_at`, `updated_at`) VALUES ('PK','{\"en\":\"Okara\"}',73.45,30.81,'P','PPLA2','PK.04','PK.04.7418888',223648,'Asia/Karachi',1,'2019-12-05 23:00:00','2019-12-05 23:00:00');
INSERT INTO `__PREFIX__cities` (`country_code`, `name`, `longitude`, `latitude`, `feature_class`, `feature_code`, `subadmin1_code`, `subadmin2_code`, `population`, `time_zone`, `active`, `created_at`, `updated_at`) VALUES ('PK','{\"en\":\"Nushki\"}',66.02,29.55,'P','PPL','PK.02','PK.02.6641960',27680,'Asia/Karachi',1,'2019-12-05 23:00:00','2019-12-05 23:00:00');
INSERT INTO `__PREFIX__cities` (`country_code`, `name`, `longitude`, `latitude`, `feature_class`, `feature_code`, `subadmin1_code`, `subadmin2_code`, `population`, `time_zone`, `active`, `created_at`, `updated_at`) VALUES ('PK','{\"en\":\"New Mirpur\"}',73.75,33.15,'P','PPLA2','PK.06','PK.06.1170297',124352,'Asia/Karachi',1,'2019-12-05 23:00:00','2019-12-05 23:00:00');
INSERT INTO `__PREFIX__cities` (`country_code`, `name`, `longitude`, `latitude`, `feature_class`, `feature_code`, `subadmin1_code`, `subadmin2_code`, `population`, `time_zone`, `active`, `created_at`, `updated_at`) VALUES ('PK','{\"en\":\"Nawabshah\"}',68.40,26.24,'P','PPLA2','PK.05','PK.05.1169115',229504,'Asia/Karachi',1,'2019-12-05 23:00:00','2019-12-05 23:00:00');
INSERT INTO `__PREFIX__cities` (`country_code`, `name`, `longitude`, `latitude`, `feature_class`, `feature_code`, `subadmin1_code`, `subadmin2_code`, `population`, `time_zone`, `active`, `created_at`, `updated_at`) VALUES ('PK','{\"en\":\"Naushahro Firoz\"}',68.12,26.84,'P','PPLA2','PK.05','PK.05.7352189',17631,'Asia/Karachi',1,'2019-12-23 23:00:00','2019-12-23 23:00:00');
INSERT INTO `__PREFIX__cities` (`country_code`, `name`, `longitude`, `latitude`, `feature_class`, `feature_code`, `subadmin1_code`, `subadmin2_code`, `population`, `time_zone`, `active`, `created_at`, `updated_at`) VALUES ('PK','{\"en\":\"Naushahra Virkan\"}',73.97,31.96,'P','PPL','PK.04','PK.04.1177658',40853,'Asia/Karachi',1,'2019-12-05 23:00:00','2019-12-05 23:00:00');
INSERT INTO `__PREFIX__cities` (`country_code`, `name`, `longitude`, `latitude`, `feature_class`, `feature_code`, `subadmin1_code`, `subadmin2_code`, `population`, `time_zone`, `active`, `created_at`, `updated_at`) VALUES ('PK','{\"en\":\"Naudero\"}',68.36,27.67,'P','PPL','PK.05','PK.05.1172127',33455,'Asia/Karachi',1,'2019-12-05 23:00:00','2019-12-05 23:00:00');
INSERT INTO `__PREFIX__cities` (`country_code`, `name`, `longitude`, `latitude`, `feature_class`, `feature_code`, `subadmin1_code`, `subadmin2_code`, `population`, `time_zone`, `active`, `created_at`, `updated_at`) VALUES ('PK','{\"en\":\"Nasirabad\"}',67.92,27.38,'P','PPL','PK.05','PK.05.9034783',27809,'Asia/Karachi',1,'2019-12-05 23:00:00','2019-12-05 23:00:00');
INSERT INTO `__PREFIX__cities` (`country_code`, `name`, `longitude`, `latitude`, `feature_class`, `feature_code`, `subadmin1_code`, `subadmin2_code`, `population`, `time_zone`, `active`, `created_at`, `updated_at`) VALUES ('PK','{\"en\":\"Narowal\"}',74.87,32.10,'P','PPLA2','PK.04','PK.04.7418968',68291,'Asia/Karachi',1,'2019-12-05 23:00:00','2019-12-05 23:00:00');
INSERT INTO `__PREFIX__cities` (`country_code`, `name`, `longitude`, `latitude`, `feature_class`, `feature_code`, `subadmin1_code`, `subadmin2_code`, `population`, `time_zone`, `active`, `created_at`, `updated_at`) VALUES ('PK','{\"en\":\"Narang Mandi\"}',74.52,31.90,'P','PPL','PK.04','PK.04.1165218',34778,'Asia/Karachi',1,'2019-12-05 23:00:00','2019-12-05 23:00:00');
INSERT INTO `__PREFIX__cities` (`country_code`, `name`, `longitude`, `latitude`, `feature_class`, `feature_code`, `subadmin1_code`, `subadmin2_code`, `population`, `time_zone`, `active`, `created_at`, `updated_at`) VALUES ('PK','{\"en\":\"Naukot\"}',69.40,24.86,'P','PPL','PK.05','PK.05.1376894',22081,'Asia/Karachi',1,'2019-12-05 23:00:00','2019-12-05 23:00:00');
INSERT INTO `__PREFIX__cities` (`country_code`, `name`, `longitude`, `latitude`, `feature_class`, `feature_code`, `subadmin1_code`, `subadmin2_code`, `population`, `time_zone`, `active`, `created_at`, `updated_at`) VALUES ('PK','{\"en\":\"Nankana Sahib\"}',73.71,31.45,'P','PPL','PK.04','PK.04.7419159',56366,'Asia/Karachi',1,'2019-12-05 23:00:00','2019-12-05 23:00:00');
INSERT INTO `__PREFIX__cities` (`country_code`, `name`, `longitude`, `latitude`, `feature_class`, `feature_code`, `subadmin1_code`, `subadmin2_code`, `population`, `time_zone`, `active`, `created_at`, `updated_at`) VALUES ('PK','{\"en\":\"Nabisar\"}',69.64,25.07,'P','PPL','PK.05','PK.05.9072726',6256,'Asia/Karachi',1,'2019-12-05 23:00:00','2019-12-05 23:00:00');
INSERT INTO `__PREFIX__cities` (`country_code`, `name`, `longitude`, `latitude`, `feature_class`, `feature_code`, `subadmin1_code`, `subadmin2_code`, `population`, `time_zone`, `active`, `created_at`, `updated_at`) VALUES ('PK','{\"en\":\"Muzaffargarh\"}',71.19,30.07,'P','PPLA2','PK.04','PK.04.1169603',165192,'Asia/Karachi',1,'2019-12-05 23:00:00','2019-12-05 23:00:00');
INSERT INTO `__PREFIX__cities` (`country_code`, `name`, `longitude`, `latitude`, `feature_class`, `feature_code`, `subadmin1_code`, `subadmin2_code`, `population`, `time_zone`, `active`, `created_at`, `updated_at`) VALUES ('PK','{\"en\":\"Muzaffarābād\"}',73.47,34.37,'P','PPLA','PK.06','PK.06.1169606',725000,'Asia/Karachi',1,'2020-08-26 23:00:00','2020-08-26 23:00:00');
INSERT INTO `__PREFIX__cities` (`country_code`, `name`, `longitude`, `latitude`, `feature_class`, `feature_code`, `subadmin1_code`, `subadmin2_code`, `population`, `time_zone`, `active`, `created_at`, `updated_at`) VALUES ('PK','{\"en\":\"Mustafābād\"}',73.50,30.89,'P','PPL','PK.04','PK.04.7418888',45795,'Asia/Karachi',1,'2019-12-05 23:00:00','2019-12-05 23:00:00');
INSERT INTO `__PREFIX__cities` (`country_code`, `name`, `longitude`, `latitude`, `feature_class`, `feature_code`, `subadmin1_code`, `subadmin2_code`, `population`, `time_zone`, `active`, `created_at`, `updated_at`) VALUES ('PK','{\"en\":\"Murree\"}',73.39,33.91,'P','PPL','PK.04','PK.04.1166991',25247,'Asia/Karachi',1,'2019-12-05 23:00:00','2019-12-05 23:00:00');
INSERT INTO `__PREFIX__cities` (`country_code`, `name`, `longitude`, `latitude`, `feature_class`, `feature_code`, `subadmin1_code`, `subadmin2_code`, `population`, `time_zone`, `active`, `created_at`, `updated_at`) VALUES ('PK','{\"en\":\"Muridke\"}',74.26,31.80,'P','PPL','PK.04','PK.04.1165218',164246,'Asia/Karachi',1,'2019-12-05 23:00:00','2019-12-05 23:00:00');
INSERT INTO `__PREFIX__cities` (`country_code`, `name`, `longitude`, `latitude`, `feature_class`, `feature_code`, `subadmin1_code`, `subadmin2_code`, `population`, `time_zone`, `active`, `created_at`, `updated_at`) VALUES ('PK','{\"en\":\"Multan\"}',71.48,30.20,'P','PPLA2','PK.04','PK.04.1169821',1437230,'Asia/Karachi',1,'2021-08-19 23:00:00','2021-08-19 23:00:00');
INSERT INTO `__PREFIX__cities` (`country_code`, `name`, `longitude`, `latitude`, `feature_class`, `feature_code`, `subadmin1_code`, `subadmin2_code`, `population`, `time_zone`, `active`, `created_at`, `updated_at`) VALUES ('PK','{\"en\":\"Moro\"}',68.00,26.66,'P','PPL','PK.05','PK.05.7352189',76765,'Asia/Karachi',1,'2019-12-05 23:00:00','2019-12-05 23:00:00');
INSERT INTO `__PREFIX__cities` (`country_code`, `name`, `longitude`, `latitude`, `feature_class`, `feature_code`, `subadmin1_code`, `subadmin2_code`, `population`, `time_zone`, `active`, `created_at`, `updated_at`) VALUES ('PK','{\"en\":\"Mithi\"}',69.80,24.74,'P','PPL','PK.05','PK.05.1163602',23431,'Asia/Karachi',1,'2019-12-05 23:00:00','2019-12-05 23:00:00');
INSERT INTO `__PREFIX__cities` (`country_code`, `name`, `longitude`, `latitude`, `feature_class`, `feature_code`, `subadmin1_code`, `subadmin2_code`, `population`, `time_zone`, `active`, `created_at`, `updated_at`) VALUES ('PK','{\"en\":\"Mitha Tiwana\"}',72.11,32.25,'P','PPL','PK.04','PK.04.7418965',26390,'Asia/Karachi',1,'2019-12-05 23:00:00','2019-12-05 23:00:00');
INSERT INTO `__PREFIX__cities` (`country_code`, `name`, `longitude`, `latitude`, `feature_class`, `feature_code`, `subadmin1_code`, `subadmin2_code`, `population`, `time_zone`, `active`, `created_at`, `updated_at`) VALUES ('PK','{\"en\":\"Mirwah Gorchani\"}',69.05,25.31,'P','PPL','PK.05','PK.05.1376894',12139,'Asia/Karachi',1,'2019-12-05 23:00:00','2019-12-05 23:00:00');
INSERT INTO `__PREFIX__cities` (`country_code`, `name`, `longitude`, `latitude`, `feature_class`, `feature_code`, `subadmin1_code`, `subadmin2_code`, `population`, `time_zone`, `active`, `created_at`, `updated_at`) VALUES ('PK','{\"en\":\"Mirpur Sakro\"}',67.63,24.55,'P','PPL','PK.05','PK.05.1163570',8371,'Asia/Karachi',1,'2019-12-05 23:00:00','2019-12-05 23:00:00');
INSERT INTO `__PREFIX__cities` (`country_code`, `name`, `longitude`, `latitude`, `feature_class`, `feature_code`, `subadmin1_code`, `subadmin2_code`, `population`, `time_zone`, `active`, `created_at`, `updated_at`) VALUES ('PK','{\"en\":\"Mirpur Mathelo\"}',69.55,28.02,'P','PPL','PK.05','PK.05.7418822',49311,'Asia/Karachi',1,'2019-12-05 23:00:00','2019-12-05 23:00:00');
INSERT INTO `__PREFIX__cities` (`country_code`, `name`, `longitude`, `latitude`, `feature_class`, `feature_code`, `subadmin1_code`, `subadmin2_code`, `population`, `time_zone`, `active`, `created_at`, `updated_at`) VALUES ('PK','{\"en\":\"Mirpur Khas\"}',69.01,25.53,'P','PPLA2','PK.05','PK.05.1376894',215657,'Asia/Karachi',1,'2019-12-05 23:00:00','2019-12-05 23:00:00');
INSERT INTO `__PREFIX__cities` (`country_code`, `name`, `longitude`, `latitude`, `feature_class`, `feature_code`, `subadmin1_code`, `subadmin2_code`, `population`, `time_zone`, `active`, `created_at`, `updated_at`) VALUES ('PK','{\"en\":\"Mirpur Bhtoro\"}',68.26,24.73,'P','PPL','PK.05','PK.05.10300608',8866,'Asia/Karachi',1,'2019-12-05 23:00:00','2019-12-05 23:00:00');
INSERT INTO `__PREFIX__cities` (`country_code`, `name`, `longitude`, `latitude`, `feature_class`, `feature_code`, `subadmin1_code`, `subadmin2_code`, `population`, `time_zone`, `active`, `created_at`, `updated_at`) VALUES ('PK','{\"en\":\"Miro Khan\"}',68.09,27.76,'P','PPL','PK.05','PK.05.9034783',10590,'Asia/Karachi',1,'2020-01-07 23:00:00','2020-01-07 23:00:00');
INSERT INTO `__PREFIX__cities` (`country_code`, `name`, `longitude`, `latitude`, `feature_class`, `feature_code`, `subadmin1_code`, `subadmin2_code`, `population`, `time_zone`, `active`, `created_at`, `updated_at`) VALUES ('PK','{\"en\":\"Mingora\"}',72.36,34.78,'P','PPL','PK.03','PK.03.1164211',279914,'Asia/Karachi',1,'2019-12-05 23:00:00','2019-12-05 23:00:00');
INSERT INTO `__PREFIX__cities` (`country_code`, `name`, `longitude`, `latitude`, `feature_class`, `feature_code`, `subadmin1_code`, `subadmin2_code`, `population`, `time_zone`, `active`, `created_at`, `updated_at`) VALUES ('PK','{\"en\":\"Minchianabad\"}',73.57,30.16,'P','PPL','PK.04','PK.04.1183882',29253,'Asia/Karachi',1,'2019-12-05 23:00:00','2019-12-05 23:00:00');
INSERT INTO `__PREFIX__cities` (`country_code`, `name`, `longitude`, `latitude`, `feature_class`, `feature_code`, `subadmin1_code`, `subadmin2_code`, `population`, `time_zone`, `active`, `created_at`, `updated_at`) VALUES ('PK','{\"en\":\"Mianwali\"}',71.53,32.58,'P','PPLA2','PK.04','PK.04.1170424',89570,'Asia/Karachi',1,'2019-12-05 23:00:00','2019-12-05 23:00:00');
INSERT INTO `__PREFIX__cities` (`country_code`, `name`, `longitude`, `latitude`, `feature_class`, `feature_code`, `subadmin1_code`, `subadmin2_code`, `population`, `time_zone`, `active`, `created_at`, `updated_at`) VALUES ('PK','{\"en\":\"Mian Channun\"}',72.36,30.44,'P','PPL','PK.04','PK.04.7418890',76226,'Asia/Karachi',1,'2019-12-05 23:00:00','2019-12-05 23:00:00');
INSERT INTO `__PREFIX__cities` (`country_code`, `name`, `longitude`, `latitude`, `feature_class`, `feature_code`, `subadmin1_code`, `subadmin2_code`, `population`, `time_zone`, `active`, `created_at`, `updated_at`) VALUES ('PK','{\"en\":\"Mehrabpur\"}',68.03,28.11,'P','PPL','PK.02','PK.02.6641922',35263,'Asia/Karachi',1,'2019-12-05 23:00:00','2019-12-05 23:00:00');
INSERT INTO `__PREFIX__cities` (`country_code`, `name`, `longitude`, `latitude`, `feature_class`, `feature_code`, `subadmin1_code`, `subadmin2_code`, `population`, `time_zone`, `active`, `created_at`, `updated_at`) VALUES ('PK','{\"en\":\"Mehar\"}',67.82,27.18,'P','PPL','PK.05','PK.05.1180802',30429,'Asia/Karachi',1,'2019-12-05 23:00:00','2019-12-05 23:00:00');
INSERT INTO `__PREFIX__cities` (`country_code`, `name`, `longitude`, `latitude`, `feature_class`, `feature_code`, `subadmin1_code`, `subadmin2_code`, `population`, `time_zone`, `active`, `created_at`, `updated_at`) VALUES ('PK','{\"en\":\"Matli\"}',68.66,25.04,'P','PPL','PK.05','PK.05.1184051',50398,'Asia/Karachi',1,'2019-12-23 23:00:00','2019-12-23 23:00:00');
INSERT INTO `__PREFIX__cities` (`country_code`, `name`, `longitude`, `latitude`, `feature_class`, `feature_code`, `subadmin1_code`, `subadmin2_code`, `population`, `time_zone`, `active`, `created_at`, `updated_at`) VALUES ('PK','{\"en\":\"Matiari\"}',68.45,25.60,'P','PPLA2','PK.05','PK.05.7419157',18929,'Asia/Karachi',1,'2019-12-05 23:00:00','2019-12-05 23:00:00');
INSERT INTO `__PREFIX__cities` (`country_code`, `name`, `longitude`, `latitude`, `feature_class`, `feature_code`, `subadmin1_code`, `subadmin2_code`, `population`, `time_zone`, `active`, `created_at`, `updated_at`) VALUES ('PK','{\"en\":\"Mastung\"}',66.85,29.80,'P','PPLA2','PK.02','PK.02.6641952',29082,'Asia/Karachi',1,'2019-12-05 23:00:00','2019-12-05 23:00:00');
INSERT INTO `__PREFIX__cities` (`country_code`, `name`, `longitude`, `latitude`, `feature_class`, `feature_code`, `subadmin1_code`, `subadmin2_code`, `population`, `time_zone`, `active`, `created_at`, `updated_at`) VALUES ('PK','{\"en\":\"Mardan\"}',72.05,34.20,'P','PPLA2','PK.03','PK.03.1170875',300424,'Asia/Karachi',1,'2019-12-05 23:00:00','2019-12-05 23:00:00');
INSERT INTO `__PREFIX__cities` (`country_code`, `name`, `longitude`, `latitude`, `feature_class`, `feature_code`, `subadmin1_code`, `subadmin2_code`, `population`, `time_zone`, `active`, `created_at`, `updated_at`) VALUES ('PK','{\"en\":\"Mansehra\"}',73.20,34.33,'P','PPLA2','PK.03','PK.03.1170950',66486,'Asia/Karachi',1,'2019-12-05 23:00:00','2019-12-05 23:00:00');
INSERT INTO `__PREFIX__cities` (`country_code`, `name`, `longitude`, `latitude`, `feature_class`, `feature_code`, `subadmin1_code`, `subadmin2_code`, `population`, `time_zone`, `active`, `created_at`, `updated_at`) VALUES ('PK','{\"en\":\"Mankera\"}',71.44,31.39,'P','PPL','PK.04','PK.04.7418966',10819,'Asia/Karachi',1,'2019-12-05 23:00:00','2019-12-05 23:00:00');
INSERT INTO `__PREFIX__cities` (`country_code`, `name`, `longitude`, `latitude`, `feature_class`, `feature_code`, `subadmin1_code`, `subadmin2_code`, `population`, `time_zone`, `active`, `created_at`, `updated_at`) VALUES ('PK','{\"en\":\"Mangla\"}',72.38,31.89,'P','PPL','PK.04','PK.04.1165999',16264,'Asia/Karachi',1,'2019-12-05 23:00:00','2019-12-05 23:00:00');
INSERT INTO `__PREFIX__cities` (`country_code`, `name`, `longitude`, `latitude`, `feature_class`, `feature_code`, `subadmin1_code`, `subadmin2_code`, `population`, `time_zone`, `active`, `created_at`, `updated_at`) VALUES ('PK','{\"en\":\"Mandi Bahauddin\"}',73.49,32.59,'P','PPLA2','PK.04','PK.04.7418963',129733,'Asia/Karachi',1,'2019-12-05 23:00:00','2019-12-05 23:00:00');
INSERT INTO `__PREFIX__cities` (`country_code`, `name`, `longitude`, `latitude`, `feature_class`, `feature_code`, `subadmin1_code`, `subadmin2_code`, `population`, `time_zone`, `active`, `created_at`, `updated_at`) VALUES ('PK','{\"en\":\"Mananwala\"}',73.69,31.59,'P','PPL','PK.04','PK.04.1165218',28432,'Asia/Karachi',1,'2019-12-05 23:00:00','2019-12-05 23:00:00');
INSERT INTO `__PREFIX__cities` (`country_code`, `name`, `longitude`, `latitude`, `feature_class`, `feature_code`, `subadmin1_code`, `subadmin2_code`, `population`, `time_zone`, `active`, `created_at`, `updated_at`) VALUES ('PK','{\"en\":\"Mamu Kanjan\"}',72.80,30.83,'P','PPL','PK.04','PK.04.1179399',31914,'Asia/Karachi',1,'2019-12-05 23:00:00','2019-12-05 23:00:00');
INSERT INTO `__PREFIX__cities` (`country_code`, `name`, `longitude`, `latitude`, `feature_class`, `feature_code`, `subadmin1_code`, `subadmin2_code`, `population`, `time_zone`, `active`, `created_at`, `updated_at`) VALUES ('PK','{\"en\":\"Malir Cantonment\"}',67.21,24.94,'P','PPLX','PK.05',NULL,300000,'Asia/Karachi',1,'2018-02-05 23:00:00','2018-02-05 23:00:00');
INSERT INTO `__PREFIX__cities` (`country_code`, `name`, `longitude`, `latitude`, `feature_class`, `feature_code`, `subadmin1_code`, `subadmin2_code`, `population`, `time_zone`, `active`, `created_at`, `updated_at`) VALUES ('PK','{\"en\":\"Malakwal\"}',73.21,32.55,'P','PPL','PK.04','PK.04.7418963',34589,'Asia/Karachi',1,'2019-12-05 23:00:00','2019-12-05 23:00:00');
INSERT INTO `__PREFIX__cities` (`country_code`, `name`, `longitude`, `latitude`, `feature_class`, `feature_code`, `subadmin1_code`, `subadmin2_code`, `population`, `time_zone`, `active`, `created_at`, `updated_at`) VALUES ('PK','{\"en\":\"Mailsi\"}',72.17,29.80,'P','PPL','PK.04','PK.04.10344547',64545,'Asia/Karachi',1,'2019-12-05 23:00:00','2019-12-05 23:00:00');
INSERT INTO `__PREFIX__cities` (`country_code`, `name`, `longitude`, `latitude`, `feature_class`, `feature_code`, `subadmin1_code`, `subadmin2_code`, `population`, `time_zone`, `active`, `created_at`, `updated_at`) VALUES ('PK','{\"en\":\"Madeji\"}',68.45,27.75,'P','PPL','PK.05','PK.05.1165106',14802,'Asia/Karachi',1,'2019-12-05 23:00:00','2019-12-05 23:00:00');
INSERT INTO `__PREFIX__cities` (`country_code`, `name`, `longitude`, `latitude`, `feature_class`, `feature_code`, `subadmin1_code`, `subadmin2_code`, `population`, `time_zone`, `active`, `created_at`, `updated_at`) VALUES ('PK','{\"en\":\"Mach\"}',67.33,29.86,'P','PPL','PK.02','PK.02.1175527',16930,'Asia/Karachi',1,'2019-12-05 23:00:00','2019-12-05 23:00:00');
INSERT INTO `__PREFIX__cities` (`country_code`, `name`, `longitude`, `latitude`, `feature_class`, `feature_code`, `subadmin1_code`, `subadmin2_code`, `population`, `time_zone`, `active`, `created_at`, `updated_at`) VALUES ('PK','{\"en\":\"Loralai\"}',68.60,30.37,'P','PPLA2','PK.02','PK.02.1171867',37787,'Asia/Karachi',1,'2019-12-05 23:00:00','2019-12-05 23:00:00');
INSERT INTO `__PREFIX__cities` (`country_code`, `name`, `longitude`, `latitude`, `feature_class`, `feature_code`, `subadmin1_code`, `subadmin2_code`, `population`, `time_zone`, `active`, `created_at`, `updated_at`) VALUES ('PK','{\"en\":\"Lodhran\"}',71.63,29.53,'P','PPLA2','PK.04','PK.04.7418846',97249,'Asia/Karachi',1,'2019-12-05 23:00:00','2019-12-05 23:00:00');
INSERT INTO `__PREFIX__cities` (`country_code`, `name`, `longitude`, `latitude`, `feature_class`, `feature_code`, `subadmin1_code`, `subadmin2_code`, `population`, `time_zone`, `active`, `created_at`, `updated_at`) VALUES ('PK','{\"en\":\"Liliani\"}',72.95,32.20,'P','PPL','PK.04','PK.04.1165999',12211,'Asia/Karachi',1,'2019-12-05 23:00:00','2019-12-05 23:00:00');
INSERT INTO `__PREFIX__cities` (`country_code`, `name`, `longitude`, `latitude`, `feature_class`, `feature_code`, `subadmin1_code`, `subadmin2_code`, `population`, `time_zone`, `active`, `created_at`, `updated_at`) VALUES ('PK','{\"en\":\"Layyah\"}',70.94,30.96,'P','PPLA2','PK.04','PK.04.7418967',78954,'Asia/Karachi',1,'2016-01-31 23:00:00','2016-01-31 23:00:00');
INSERT INTO `__PREFIX__cities` (`country_code`, `name`, `longitude`, `latitude`, `feature_class`, `feature_code`, `subadmin1_code`, `subadmin2_code`, `population`, `time_zone`, `active`, `created_at`, `updated_at`) VALUES ('PK','{\"en\":\"Larkana\"}',68.21,27.56,'P','PPLA2','PK.05','PK.05.1172127',364033,'Asia/Karachi',1,'2019-12-05 23:00:00','2019-12-05 23:00:00');
INSERT INTO `__PREFIX__cities` (`country_code`, `name`, `longitude`, `latitude`, `feature_class`, `feature_code`, `subadmin1_code`, `subadmin2_code`, `population`, `time_zone`, `active`, `created_at`, `updated_at`) VALUES ('PK','{\"en\":\"Lalian\"}',72.80,31.82,'P','PPL','PK.04','PK.04.11886901',31355,'Asia/Karachi',1,'2019-12-05 23:00:00','2019-12-05 23:00:00');
INSERT INTO `__PREFIX__cities` (`country_code`, `name`, `longitude`, `latitude`, `feature_class`, `feature_code`, `subadmin1_code`, `subadmin2_code`, `population`, `time_zone`, `active`, `created_at`, `updated_at`) VALUES ('PK','{\"en\":\"Lala Musa\"}',73.96,32.70,'P','PPL','PK.04','PK.04.1177651',65197,'Asia/Karachi',1,'2019-12-05 23:00:00','2019-12-05 23:00:00');
INSERT INTO `__PREFIX__cities` (`country_code`, `name`, `longitude`, `latitude`, `feature_class`, `feature_code`, `subadmin1_code`, `subadmin2_code`, `population`, `time_zone`, `active`, `created_at`, `updated_at`) VALUES ('PK','{\"en\":\"Lakki\"}',70.91,32.61,'P','PPLA2','PK.03','PK.03.7419039',36391,'Asia/Karachi',1,'2019-12-05 23:00:00','2019-12-05 23:00:00');
INSERT INTO `__PREFIX__cities` (`country_code`, `name`, `longitude`, `latitude`, `feature_class`, `feature_code`, `subadmin1_code`, `subadmin2_code`, `population`, `time_zone`, `active`, `created_at`, `updated_at`) VALUES ('PK','{\"en\":\"Lakhi\"}',68.70,27.85,'P','PPL','PK.05','PK.05.1165106',13600,'Asia/Karachi',1,'2019-12-05 23:00:00','2019-12-05 23:00:00');
INSERT INTO `__PREFIX__cities` (`country_code`, `name`, `longitude`, `latitude`, `feature_class`, `feature_code`, `subadmin1_code`, `subadmin2_code`, `population`, `time_zone`, `active`, `created_at`, `updated_at`) VALUES ('PK','{\"en\":\"Lahore\"}',74.35,31.56,'P','PPLA','PK.04','PK.04.1172449',6310888,'Asia/Karachi',1,'2021-07-24 23:00:00','2021-07-24 23:00:00');
INSERT INTO `__PREFIX__cities` (`country_code`, `name`, `longitude`, `latitude`, `feature_class`, `feature_code`, `subadmin1_code`, `subadmin2_code`, `population`, `time_zone`, `active`, `created_at`, `updated_at`) VALUES ('PK','{\"en\":\"Ladhewala Waraich\"}',74.12,32.16,'P','PPLX','PK.04','PK.04.1177658',39757,'Asia/Karachi',1,'2019-12-05 23:00:00','2019-12-05 23:00:00');
INSERT INTO `__PREFIX__cities` (`country_code`, `name`, `longitude`, `latitude`, `feature_class`, `feature_code`, `subadmin1_code`, `subadmin2_code`, `population`, `time_zone`, `active`, `created_at`, `updated_at`) VALUES ('PK','{\"en\":\"Lachi\"}',71.34,33.38,'P','PPL','PK.03','PK.03.1173489',18537,'Asia/Karachi',1,'2019-12-05 23:00:00','2019-12-05 23:00:00');
INSERT INTO `__PREFIX__cities` (`country_code`, `name`, `longitude`, `latitude`, `feature_class`, `feature_code`, `subadmin1_code`, `subadmin2_code`, `population`, `time_zone`, `active`, `created_at`, `updated_at`) VALUES ('PK','{\"en\":\"Kunri\"}',69.57,25.18,'P','PPL','PK.05','PK.05.9072726',26773,'Asia/Karachi',1,'2019-12-23 23:00:00','2019-12-23 23:00:00');
INSERT INTO `__PREFIX__cities` (`country_code`, `name`, `longitude`, `latitude`, `feature_class`, `feature_code`, `subadmin1_code`, `subadmin2_code`, `population`, `time_zone`, `active`, `created_at`, `updated_at`) VALUES ('PK','{\"en\":\"Kunjah\"}',73.97,32.53,'P','PPL','PK.04','PK.04.1177651',28103,'Asia/Karachi',1,'2020-01-07 23:00:00','2020-01-07 23:00:00');
INSERT INTO `__PREFIX__cities` (`country_code`, `name`, `longitude`, `latitude`, `feature_class`, `feature_code`, `subadmin1_code`, `subadmin2_code`, `population`, `time_zone`, `active`, `created_at`, `updated_at`) VALUES ('PK','{\"en\":\"Kundian\"}',71.48,32.46,'P','PPL','PK.04','PK.04.1170424',35406,'Asia/Karachi',1,'2019-12-05 23:00:00','2019-12-05 23:00:00');
INSERT INTO `__PREFIX__cities` (`country_code`, `name`, `longitude`, `latitude`, `feature_class`, `feature_code`, `subadmin1_code`, `subadmin2_code`, `population`, `time_zone`, `active`, `created_at`, `updated_at`) VALUES ('PK','{\"en\":\"Kulachi\"}',70.46,31.93,'P','PPL','PK.03','PK.03.1180282',22376,'Asia/Karachi',1,'2019-12-05 23:00:00','2019-12-05 23:00:00');
INSERT INTO `__PREFIX__cities` (`country_code`, `name`, `longitude`, `latitude`, `feature_class`, `feature_code`, `subadmin1_code`, `subadmin2_code`, `population`, `time_zone`, `active`, `created_at`, `updated_at`) VALUES ('PK','{\"en\":\"Kot Sultan\"}',70.93,30.77,'P','PPL','PK.04','PK.04.7418967',10000,'Asia/Karachi',1,'2016-01-18 23:00:00','2016-01-18 23:00:00');
INSERT INTO `__PREFIX__cities` (`country_code`, `name`, `longitude`, `latitude`, `feature_class`, `feature_code`, `subadmin1_code`, `subadmin2_code`, `population`, `time_zone`, `active`, `created_at`, `updated_at`) VALUES ('PK','{\"en\":\"Kot Samaba\"}',70.47,28.55,'P','PPL','PK.04','PK.04.1167458',22953,'Asia/Karachi',1,'2019-12-05 23:00:00','2019-12-05 23:00:00');
INSERT INTO `__PREFIX__cities` (`country_code`, `name`, `longitude`, `latitude`, `feature_class`, `feature_code`, `subadmin1_code`, `subadmin2_code`, `population`, `time_zone`, `active`, `created_at`, `updated_at`) VALUES ('PK','{\"en\":\"Kotri\"}',68.31,25.37,'P','PPL','PK.05','PK.05.7419156',72672,'Asia/Karachi',1,'2019-12-05 23:00:00','2019-12-05 23:00:00');
INSERT INTO `__PREFIX__cities` (`country_code`, `name`, `longitude`, `latitude`, `feature_class`, `feature_code`, `subadmin1_code`, `subadmin2_code`, `population`, `time_zone`, `active`, `created_at`, `updated_at`) VALUES ('PK','{\"en\":\"Kot Radha Kishan\"}',74.10,31.17,'P','PPL','PK.04','PK.04.1174623',45938,'Asia/Karachi',1,'2019-12-05 23:00:00','2019-12-05 23:00:00');
INSERT INTO `__PREFIX__cities` (`country_code`, `name`, `longitude`, `latitude`, `feature_class`, `feature_code`, `subadmin1_code`, `subadmin2_code`, `population`, `time_zone`, `active`, `created_at`, `updated_at`) VALUES ('PK','{\"en\":\"Kot Mumin\"}',73.03,32.19,'P','PPL','PK.04','PK.04.1165999',38355,'Asia/Karachi',1,'2019-12-09 23:00:00','2019-12-09 23:00:00');
INSERT INTO `__PREFIX__cities` (`country_code`, `name`, `longitude`, `latitude`, `feature_class`, `feature_code`, `subadmin1_code`, `subadmin2_code`, `population`, `time_zone`, `active`, `created_at`, `updated_at`) VALUES ('PK','{\"en\":\"Kot Malik Barkhurdar\"}',66.99,30.20,'P','PPLX','PK.02','PK.02.1167527',69359,'Asia/Karachi',1,'2019-12-05 23:00:00','2019-12-05 23:00:00');
INSERT INTO `__PREFIX__cities` (`country_code`, `name`, `longitude`, `latitude`, `feature_class`, `feature_code`, `subadmin1_code`, `subadmin2_code`, `population`, `time_zone`, `active`, `created_at`, `updated_at`) VALUES ('PK','{\"en\":\"Kotli Loharan\"}',74.49,32.59,'P','PPL','PK.04','PK.04.1164908',21463,'Asia/Karachi',1,'2019-12-05 23:00:00','2019-12-05 23:00:00');
INSERT INTO `__PREFIX__cities` (`country_code`, `name`, `longitude`, `latitude`, `feature_class`, `feature_code`, `subadmin1_code`, `subadmin2_code`, `population`, `time_zone`, `active`, `created_at`, `updated_at`) VALUES ('PK','{\"en\":\"Kotli\"}',73.90,33.52,'P','PPLA2','PK.06','PK.06.1173037',640000,'Asia/Karachi',1,'2019-12-05 23:00:00','2019-12-05 23:00:00');
INSERT INTO `__PREFIX__cities` (`country_code`, `name`, `longitude`, `latitude`, `feature_class`, `feature_code`, `subadmin1_code`, `subadmin2_code`, `population`, `time_zone`, `active`, `created_at`, `updated_at`) VALUES ('PK','{\"en\":\"Kot Ghulam Muhammad\"}',74.55,32.33,'P','PPL','PK.04','PK.04.1164908',20897,'Asia/Karachi',1,'2019-12-05 23:00:00','2019-12-05 23:00:00');
INSERT INTO `__PREFIX__cities` (`country_code`, `name`, `longitude`, `latitude`, `feature_class`, `feature_code`, `subadmin1_code`, `subadmin2_code`, `population`, `time_zone`, `active`, `created_at`, `updated_at`) VALUES ('PK','{\"en\":\"Kot Diji\"}',68.71,27.34,'P','PPL','PK.05','PK.05.1174349',25616,'Asia/Karachi',1,'2019-12-05 23:00:00','2019-12-05 23:00:00');
INSERT INTO `__PREFIX__cities` (`country_code`, `name`, `longitude`, `latitude`, `feature_class`, `feature_code`, `subadmin1_code`, `subadmin2_code`, `population`, `time_zone`, `active`, `created_at`, `updated_at`) VALUES ('PK','{\"en\":\"Kot Addu\"}',70.97,30.47,'P','PPL','PK.04','PK.04.1169603',104217,'Asia/Karachi',1,'2019-12-05 23:00:00','2019-12-05 23:00:00');
INSERT INTO `__PREFIX__cities` (`country_code`, `name`, `longitude`, `latitude`, `feature_class`, `feature_code`, `subadmin1_code`, `subadmin2_code`, `population`, `time_zone`, `active`, `created_at`, `updated_at`) VALUES ('PK','{\"en\":\"Kohlu\"}',69.25,29.90,'P','PPLA2','PK.02','PK.02.1173463',11089,'Asia/Karachi',1,'2019-12-05 23:00:00','2019-12-05 23:00:00');
INSERT INTO `__PREFIX__cities` (`country_code`, `name`, `longitude`, `latitude`, `feature_class`, `feature_code`, `subadmin1_code`, `subadmin2_code`, `population`, `time_zone`, `active`, `created_at`, `updated_at`) VALUES ('PK','{\"en\":\"Kohat\"}',71.45,33.58,'P','PPLA2','PK.03','PK.03.1173489',151427,'Asia/Karachi',1,'2019-12-05 23:00:00','2019-12-05 23:00:00');
INSERT INTO `__PREFIX__cities` (`country_code`, `name`, `longitude`, `latitude`, `feature_class`, `feature_code`, `subadmin1_code`, `subadmin2_code`, `population`, `time_zone`, `active`, `created_at`, `updated_at`) VALUES ('PK','{\"en\":\"Khuzdar\"}',66.61,27.81,'P','PPL','PK.02','PK.02.1173663',141227,'Asia/Karachi',1,'2019-12-05 23:00:00','2019-12-05 23:00:00');
INSERT INTO `__PREFIX__cities` (`country_code`, `name`, `longitude`, `latitude`, `feature_class`, `feature_code`, `subadmin1_code`, `subadmin2_code`, `population`, `time_zone`, `active`, `created_at`, `updated_at`) VALUES ('PK','{\"en\":\"Khushāb\"}',72.35,32.30,'P','PPLA3','PK.04','PK.04.7418965',102793,'Asia/Karachi',1,'2019-12-05 23:00:00','2019-12-05 23:00:00');
INSERT INTO `__PREFIX__cities` (`country_code`, `name`, `longitude`, `latitude`, `feature_class`, `feature_code`, `subadmin1_code`, `subadmin2_code`, `population`, `time_zone`, `active`, `created_at`, `updated_at`) VALUES ('PK','{\"en\":\"Khurrianwala\"}',73.27,31.50,'P','PPL','PK.04','PK.04.1179399',35292,'Asia/Karachi',1,'2019-12-05 23:00:00','2019-12-05 23:00:00');
INSERT INTO `__PREFIX__cities` (`country_code`, `name`, `longitude`, `latitude`, `feature_class`, `feature_code`, `subadmin1_code`, `subadmin2_code`, `population`, `time_zone`, `active`, `created_at`, `updated_at`) VALUES ('PK','{\"en\":\"Khewra\"}',73.01,32.65,'P','PPL','PK.04','PK.04.1175862',32620,'Asia/Karachi',1,'2019-12-05 23:00:00','2019-12-05 23:00:00');
INSERT INTO `__PREFIX__cities` (`country_code`, `name`, `longitude`, `latitude`, `feature_class`, `feature_code`, `subadmin1_code`, `subadmin2_code`, `population`, `time_zone`, `active`, `created_at`, `updated_at`) VALUES ('PK','{\"en\":\"Kharian\"}',73.89,32.82,'P','PPL','PK.04','PK.04.1177651',81435,'Asia/Karachi',1,'2019-12-05 23:00:00','2019-12-05 23:00:00');
INSERT INTO `__PREFIX__cities` (`country_code`, `name`, `longitude`, `latitude`, `feature_class`, `feature_code`, `subadmin1_code`, `subadmin2_code`, `population`, `time_zone`, `active`, `created_at`, `updated_at`) VALUES ('PK','{\"en\":\"Kharan\"}',65.42,28.58,'P','PPLA2','PK.02','PK.02.1174059',30841,'Asia/Karachi',1,'2019-12-05 23:00:00','2019-12-05 23:00:00');
INSERT INTO `__PREFIX__cities` (`country_code`, `name`, `longitude`, `latitude`, `feature_class`, `feature_code`, `subadmin1_code`, `subadmin2_code`, `population`, `time_zone`, `active`, `created_at`, `updated_at`) VALUES ('PK','{\"en\":\"Karak\"}',71.09,33.12,'P','PPLA2','PK.03','PK.03.7419047',13679,'Asia/Karachi',1,'2019-12-05 23:00:00','2019-12-05 23:00:00');
INSERT INTO `__PREFIX__cities` (`country_code`, `name`, `longitude`, `latitude`, `feature_class`, `feature_code`, `subadmin1_code`, `subadmin2_code`, `population`, `time_zone`, `active`, `created_at`, `updated_at`) VALUES ('PK','{\"en\":\"Khanpur\"}',70.66,28.65,'P','PPL','PK.04','PK.04.1167458',142426,'Asia/Karachi',1,'2019-12-05 23:00:00','2019-12-05 23:00:00');
INSERT INTO `__PREFIX__cities` (`country_code`, `name`, `longitude`, `latitude`, `feature_class`, `feature_code`, `subadmin1_code`, `subadmin2_code`, `population`, `time_zone`, `active`, `created_at`, `updated_at`) VALUES ('PK','{\"en\":\"Khanpur Mahar\"}',69.41,27.84,'P','PPL','PK.05','PK.05.7418822',22273,'Asia/Karachi',1,'2019-12-23 23:00:00','2019-12-23 23:00:00');
INSERT INTO `__PREFIX__cities` (`country_code`, `name`, `longitude`, `latitude`, `feature_class`, `feature_code`, `subadmin1_code`, `subadmin2_code`, `population`, `time_zone`, `active`, `created_at`, `updated_at`) VALUES ('PK','{\"en\":\"Khangarh\"}',71.16,29.91,'P','PPL','PK.04','PK.04.1169603',19698,'Asia/Karachi',1,'2019-12-05 23:00:00','2019-12-05 23:00:00');
INSERT INTO `__PREFIX__cities` (`country_code`, `name`, `longitude`, `latitude`, `feature_class`, `feature_code`, `subadmin1_code`, `subadmin2_code`, `population`, `time_zone`, `active`, `created_at`, `updated_at`) VALUES ('PK','{\"en\":\"Khangah Dogran\"}',73.62,31.83,'P','PPL','PK.04','PK.04.7419159',30314,'Asia/Karachi',1,'2019-12-05 23:00:00','2019-12-05 23:00:00');
INSERT INTO `__PREFIX__cities` (`country_code`, `name`, `longitude`, `latitude`, `feature_class`, `feature_code`, `subadmin1_code`, `subadmin2_code`, `population`, `time_zone`, `active`, `created_at`, `updated_at`) VALUES ('PK','{\"en\":\"Khalabat\"}',72.89,34.06,'P','PPLW','PK.03','PK.03.7419054',39148,'Asia/Karachi',1,'2019-12-05 23:00:00','2019-12-05 23:00:00');
INSERT INTO `__PREFIX__cities` (`country_code`, `name`, `longitude`, `latitude`, `feature_class`, `feature_code`, `subadmin1_code`, `subadmin2_code`, `population`, `time_zone`, `active`, `created_at`, `updated_at`) VALUES ('PK','{\"en\":\"Khairpur Nathan Shah\"}',67.73,27.09,'P','PPL','PK.05','PK.05.1180802',30286,'Asia/Karachi',1,'2019-12-05 23:00:00','2019-12-05 23:00:00');
INSERT INTO `__PREFIX__cities` (`country_code`, `name`, `longitude`, `latitude`, `feature_class`, `feature_code`, `subadmin1_code`, `subadmin2_code`, `population`, `time_zone`, `active`, `created_at`, `updated_at`) VALUES ('PK','{\"en\":\"Khairpur Tamewah\"}',72.24,29.58,'P','PPL','PK.04','PK.04.1183876',30967,'Asia/Karachi',1,'2019-12-05 23:00:00','2019-12-05 23:00:00');
INSERT INTO `__PREFIX__cities` (`country_code`, `name`, `longitude`, `latitude`, `feature_class`, `feature_code`, `subadmin1_code`, `subadmin2_code`, `population`, `time_zone`, `active`, `created_at`, `updated_at`) VALUES ('PK','{\"en\":\"Khairpur\"}',69.70,28.06,'P','PPL','PK.05','PK.05.7418822',40083,'Asia/Karachi',1,'2019-12-05 23:00:00','2019-12-05 23:00:00');
INSERT INTO `__PREFIX__cities` (`country_code`, `name`, `longitude`, `latitude`, `feature_class`, `feature_code`, `subadmin1_code`, `subadmin2_code`, `population`, `time_zone`, `active`, `created_at`, `updated_at`) VALUES ('PK','{\"en\":\"Khadro\"}',68.72,26.15,'P','PPL','PK.05','PK.05.1166162',9997,'Asia/Karachi',1,'2019-12-05 23:00:00','2019-12-05 23:00:00');
INSERT INTO `__PREFIX__cities` (`country_code`, `name`, `longitude`, `latitude`, `feature_class`, `feature_code`, `subadmin1_code`, `subadmin2_code`, `population`, `time_zone`, `active`, `created_at`, `updated_at`) VALUES ('PK','{\"en\":\"Kasur\"}',74.45,31.12,'P','PPLA2','PK.04','PK.04.1174623',290643,'Asia/Karachi',1,'2019-12-05 23:00:00','2019-12-05 23:00:00');
INSERT INTO `__PREFIX__cities` (`country_code`, `name`, `longitude`, `latitude`, `feature_class`, `feature_code`, `subadmin1_code`, `subadmin2_code`, `population`, `time_zone`, `active`, `created_at`, `updated_at`) VALUES ('PK','{\"en\":\"Kashmor\"}',69.58,28.43,'P','PPL','PK.05','PK.05.9035095',33732,'Asia/Karachi',1,'2019-12-05 23:00:00','2019-12-05 23:00:00');
INSERT INTO `__PREFIX__cities` (`country_code`, `name`, `longitude`, `latitude`, `feature_class`, `feature_code`, `subadmin1_code`, `subadmin2_code`, `population`, `time_zone`, `active`, `created_at`, `updated_at`) VALUES ('PK','{\"en\":\"Karor\"}',70.95,31.22,'P','PPL','PK.04','PK.04.7418967',25634,'Asia/Karachi',1,'2019-12-05 23:00:00','2019-12-05 23:00:00');
INSERT INTO `__PREFIX__cities` (`country_code`, `name`, `longitude`, `latitude`, `feature_class`, `feature_code`, `subadmin1_code`, `subadmin2_code`, `population`, `time_zone`, `active`, `created_at`, `updated_at`) VALUES ('PK','{\"en\":\"Kario Ghanwar\"}',68.60,24.81,'P','PPL','PK.05','PK.05.1184051',5685,'Asia/Karachi',1,'2019-12-05 23:00:00','2019-12-05 23:00:00');
INSERT INTO `__PREFIX__cities` (`country_code`, `name`, `longitude`, `latitude`, `feature_class`, `feature_code`, `subadmin1_code`, `subadmin2_code`, `population`, `time_zone`, `active`, `created_at`, `updated_at`) VALUES ('PK','{\"en\":\"Karaundi\"}',68.41,26.90,'P','PPL','PK.05','PK.05.1174349',8604,'Asia/Karachi',1,'2019-12-23 23:00:00','2019-12-23 23:00:00');
INSERT INTO `__PREFIX__cities` (`country_code`, `name`, `longitude`, `latitude`, `feature_class`, `feature_code`, `subadmin1_code`, `subadmin2_code`, `population`, `time_zone`, `active`, `created_at`, `updated_at`) VALUES ('PK','{\"en\":\"Karachi\"}',67.01,24.86,'P','PPLA','PK.05',NULL,11624219,'Asia/Karachi',1,'2019-12-29 23:00:00','2019-12-29 23:00:00');
INSERT INTO `__PREFIX__cities` (`country_code`, `name`, `longitude`, `latitude`, `feature_class`, `feature_code`, `subadmin1_code`, `subadmin2_code`, `population`, `time_zone`, `active`, `created_at`, `updated_at`) VALUES ('PK','{\"en\":\"Kanganpur\"}',74.12,30.76,'P','PPL','PK.04','PK.04.1174623',21788,'Asia/Karachi',1,'2019-12-05 23:00:00','2019-12-05 23:00:00');
INSERT INTO `__PREFIX__cities` (`country_code`, `name`, `longitude`, `latitude`, `feature_class`, `feature_code`, `subadmin1_code`, `subadmin2_code`, `population`, `time_zone`, `active`, `created_at`, `updated_at`) VALUES ('PK','{\"en\":\"Kandiaro\"}',68.21,27.06,'P','PPL','PK.05','PK.05.7352189',26807,'Asia/Karachi',1,'2019-12-05 23:00:00','2019-12-05 23:00:00');
INSERT INTO `__PREFIX__cities` (`country_code`, `name`, `longitude`, `latitude`, `feature_class`, `feature_code`, `subadmin1_code`, `subadmin2_code`, `population`, `time_zone`, `active`, `created_at`, `updated_at`) VALUES ('PK','{\"en\":\"Kandiari\"}',68.52,26.92,'P','PPL','PK.05','PK.05.1174349',6861,'Asia/Karachi',1,'2019-12-05 23:00:00','2019-12-05 23:00:00');
INSERT INTO `__PREFIX__cities` (`country_code`, `name`, `longitude`, `latitude`, `feature_class`, `feature_code`, `subadmin1_code`, `subadmin2_code`, `population`, `time_zone`, `active`, `created_at`, `updated_at`) VALUES ('PK','{\"en\":\"Kandhkot\"}',69.18,28.25,'P','PPL','PK.05','PK.05.9035095',88468,'Asia/Karachi',1,'2019-12-05 23:00:00','2019-12-05 23:00:00');
INSERT INTO `__PREFIX__cities` (`country_code`, `name`, `longitude`, `latitude`, `feature_class`, `feature_code`, `subadmin1_code`, `subadmin2_code`, `population`, `time_zone`, `active`, `created_at`, `updated_at`) VALUES ('PK','{\"en\":\"Kamra\"}',73.51,33.75,'P','PPL','PK.04','PK.04.1166991',43779,'Asia/Karachi',1,'2019-12-05 23:00:00','2019-12-05 23:00:00');
INSERT INTO `__PREFIX__cities` (`country_code`, `name`, `longitude`, `latitude`, `feature_class`, `feature_code`, `subadmin1_code`, `subadmin2_code`, `population`, `time_zone`, `active`, `created_at`, `updated_at`) VALUES ('PK','{\"en\":\"Kamoke\"}',74.22,31.98,'P','PPL','PK.04','PK.04.1177658',199531,'Asia/Karachi',1,'2019-12-05 23:00:00','2019-12-05 23:00:00');
INSERT INTO `__PREFIX__cities` (`country_code`, `name`, `longitude`, `latitude`, `feature_class`, `feature_code`, `subadmin1_code`, `subadmin2_code`, `population`, `time_zone`, `active`, `created_at`, `updated_at`) VALUES ('PK','{\"en\":\"Chak One Hundred Twenty Nine Left\"}',73.05,30.43,'P','PPL','PK.04','PK.04.1166545',24053,'Asia/Karachi',1,'2019-12-05 23:00:00','2019-12-05 23:00:00');
INSERT INTO `__PREFIX__cities` (`country_code`, `name`, `longitude`, `latitude`, `feature_class`, `feature_code`, `subadmin1_code`, `subadmin2_code`, `population`, `time_zone`, `active`, `created_at`, `updated_at`) VALUES ('PK','{\"en\":\"Kamar Mushani\"}',71.36,32.84,'P','PPL','PK.04','PK.04.1170424',15867,'Asia/Karachi',1,'2019-12-05 23:00:00','2019-12-05 23:00:00');
INSERT INTO `__PREFIX__cities` (`country_code`, `name`, `longitude`, `latitude`, `feature_class`, `feature_code`, `subadmin1_code`, `subadmin2_code`, `population`, `time_zone`, `active`, `created_at`, `updated_at`) VALUES ('PK','{\"en\":\"Kamalia\"}',72.65,30.73,'P','PPL','PK.04','PK.04.7331706',112426,'Asia/Karachi',1,'2019-12-05 23:00:00','2019-12-05 23:00:00');
INSERT INTO `__PREFIX__cities` (`country_code`, `name`, `longitude`, `latitude`, `feature_class`, `feature_code`, `subadmin1_code`, `subadmin2_code`, `population`, `time_zone`, `active`, `created_at`, `updated_at`) VALUES ('PK','{\"en\":\"Kalur Kot\"}',71.27,32.16,'P','PPL','PK.04','PK.04.7418966',25574,'Asia/Karachi',1,'2019-12-05 23:00:00','2019-12-05 23:00:00');
INSERT INTO `__PREFIX__cities` (`country_code`, `name`, `longitude`, `latitude`, `feature_class`, `feature_code`, `subadmin1_code`, `subadmin2_code`, `population`, `time_zone`, `active`, `created_at`, `updated_at`) VALUES ('PK','{\"en\":\"Kallar Kahar\"}',72.70,32.78,'P','PPL','PK.04','PK.04.7418964',15800,'Asia/Karachi',1,'2019-12-05 23:00:00','2019-12-05 23:00:00');
INSERT INTO `__PREFIX__cities` (`country_code`, `name`, `longitude`, `latitude`, `feature_class`, `feature_code`, `subadmin1_code`, `subadmin2_code`, `population`, `time_zone`, `active`, `created_at`, `updated_at`) VALUES ('PK','{\"en\":\"Kaleke Mandi\"}',73.60,31.98,'P','PPL','PK.04','PK.04.7418962',16361,'Asia/Karachi',1,'2019-12-05 23:00:00','2019-12-05 23:00:00');
INSERT INTO `__PREFIX__cities` (`country_code`, `name`, `longitude`, `latitude`, `feature_class`, `feature_code`, `subadmin1_code`, `subadmin2_code`, `population`, `time_zone`, `active`, `created_at`, `updated_at`) VALUES ('PK','{\"en\":\"Kalat\"}',66.59,29.03,'P','PPLA2','PK.02','PK.02.1175293',26701,'Asia/Karachi',1,'2019-12-05 23:00:00','2019-12-05 23:00:00');
INSERT INTO `__PREFIX__cities` (`country_code`, `name`, `longitude`, `latitude`, `feature_class`, `feature_code`, `subadmin1_code`, `subadmin2_code`, `population`, `time_zone`, `active`, `created_at`, `updated_at`) VALUES ('PK','{\"en\":\"Kalaswala\"}',74.65,32.20,'P','PPL','PK.04','PK.04.1164908',12576,'Asia/Karachi',1,'2019-12-05 23:00:00','2019-12-05 23:00:00');
INSERT INTO `__PREFIX__cities` (`country_code`, `name`, `longitude`, `latitude`, `feature_class`, `feature_code`, `subadmin1_code`, `subadmin2_code`, `population`, `time_zone`, `active`, `created_at`, `updated_at`) VALUES ('PK','{\"en\":\"Kalabagh\"}',71.55,32.96,'P','PPL','PK.04','PK.04.1170424',15976,'Asia/Karachi',1,'2019-12-05 23:00:00','2019-12-05 23:00:00');
INSERT INTO `__PREFIX__cities` (`country_code`, `name`, `longitude`, `latitude`, `feature_class`, `feature_code`, `subadmin1_code`, `subadmin2_code`, `population`, `time_zone`, `active`, `created_at`, `updated_at`) VALUES ('PK','{\"en\":\"Kahuta\"}',73.39,33.59,'P','PPL','PK.04','PK.04.1166991',22551,'Asia/Karachi',1,'2019-12-05 23:00:00','2019-12-05 23:00:00');
INSERT INTO `__PREFIX__cities` (`country_code`, `name`, `longitude`, `latitude`, `feature_class`, `feature_code`, `subadmin1_code`, `subadmin2_code`, `population`, `time_zone`, `active`, `created_at`, `updated_at`) VALUES ('PK','{\"en\":\"Kahror Pakka\"}',71.91,29.62,'P','PPL','PK.04','PK.04.7418846',69743,'Asia/Karachi',1,'2019-12-05 23:00:00','2019-12-05 23:00:00');
INSERT INTO `__PREFIX__cities` (`country_code`, `name`, `longitude`, `latitude`, `feature_class`, `feature_code`, `subadmin1_code`, `subadmin2_code`, `population`, `time_zone`, `active`, `created_at`, `updated_at`) VALUES ('PK','{\"en\":\"Kahna Nau\"}',74.37,31.37,'P','PPL','PK.04','PK.04.1172449',45888,'Asia/Karachi',1,'2019-12-05 23:00:00','2019-12-05 23:00:00');
INSERT INTO `__PREFIX__cities` (`country_code`, `name`, `longitude`, `latitude`, `feature_class`, `feature_code`, `subadmin1_code`, `subadmin2_code`, `population`, `time_zone`, `active`, `created_at`, `updated_at`) VALUES ('PK','{\"en\":\"Kadhan\"}',68.99,24.48,'P','PPL','PK.05','PK.05.1184051',6854,'Asia/Karachi',1,'2019-12-05 23:00:00','2019-12-05 23:00:00');
INSERT INTO `__PREFIX__cities` (`country_code`, `name`, `longitude`, `latitude`, `feature_class`, `feature_code`, `subadmin1_code`, `subadmin2_code`, `population`, `time_zone`, `active`, `created_at`, `updated_at`) VALUES ('PK','{\"en\":\"Kabirwala\"}',71.86,30.40,'P','PPL','PK.04','PK.04.7418890',60782,'Asia/Karachi',1,'2019-12-05 23:00:00','2019-12-05 23:00:00');
INSERT INTO `__PREFIX__cities` (`country_code`, `name`, `longitude`, `latitude`, `feature_class`, `feature_code`, `subadmin1_code`, `subadmin2_code`, `population`, `time_zone`, `active`, `created_at`, `updated_at`) VALUES ('PK','{\"en\":\"Johi\"}',67.61,26.69,'P','PPL','PK.05','PK.05.1180802',16311,'Asia/Karachi',1,'2019-12-05 23:00:00','2019-12-05 23:00:00');
INSERT INTO `__PREFIX__cities` (`country_code`, `name`, `longitude`, `latitude`, `feature_class`, `feature_code`, `subadmin1_code`, `subadmin2_code`, `population`, `time_zone`, `active`, `created_at`, `updated_at`) VALUES ('PK','{\"en\":\"Jiwani\"}',61.75,25.05,'P','PPL','PK.02','PK.02.1177445',16322,'Asia/Karachi',1,'2019-12-05 23:00:00','2019-12-05 23:00:00');
INSERT INTO `__PREFIX__cities` (`country_code`, `name`, `longitude`, `latitude`, `feature_class`, `feature_code`, `subadmin1_code`, `subadmin2_code`, `population`, `time_zone`, `active`, `created_at`, `updated_at`) VALUES ('PK','{\"en\":\"Chak Jhumra\"}',73.18,31.57,'P','PPL','PK.04','PK.04.1179399',37214,'Asia/Karachi',1,'2019-12-05 23:00:00','2019-12-05 23:00:00');
INSERT INTO `__PREFIX__cities` (`country_code`, `name`, `longitude`, `latitude`, `feature_class`, `feature_code`, `subadmin1_code`, `subadmin2_code`, `population`, `time_zone`, `active`, `created_at`, `updated_at`) VALUES ('PK','{\"en\":\"Jhol\"}',68.89,25.96,'P','PPL','PK.05','PK.05.1166162',16067,'Asia/Karachi',1,'2020-01-07 23:00:00','2020-01-07 23:00:00');
INSERT INTO `__PREFIX__cities` (`country_code`, `name`, `longitude`, `latitude`, `feature_class`, `feature_code`, `subadmin1_code`, `subadmin2_code`, `population`, `time_zone`, `active`, `created_at`, `updated_at`) VALUES ('PK','{\"en\":\"Jhelum\"}',73.73,32.93,'P','PPLA2','PK.04','PK.04.1175862',145000,'Asia/Karachi',1,'2019-12-05 23:00:00','2019-12-05 23:00:00');
INSERT INTO `__PREFIX__cities` (`country_code`, `name`, `longitude`, `latitude`, `feature_class`, `feature_code`, `subadmin1_code`, `subadmin2_code`, `population`, `time_zone`, `active`, `created_at`, `updated_at`) VALUES ('PK','{\"en\":\"Jhawarian\"}',72.62,32.36,'P','PPL','PK.04','PK.04.1165999',27893,'Asia/Karachi',1,'2020-01-07 23:00:00','2020-01-07 23:00:00');
INSERT INTO `__PREFIX__cities` (`country_code`, `name`, `longitude`, `latitude`, `feature_class`, `feature_code`, `subadmin1_code`, `subadmin2_code`, `population`, `time_zone`, `active`, `created_at`, `updated_at`) VALUES ('PK','{\"en\":\"Jhang Sadr\"}',72.32,31.27,'P','PPL','PK.04','PK.04.1175906',341210,'Asia/Karachi',1,'2019-12-05 23:00:00','2019-12-05 23:00:00');
INSERT INTO `__PREFIX__cities` (`country_code`, `name`, `longitude`, `latitude`, `feature_class`, `feature_code`, `subadmin1_code`, `subadmin2_code`, `population`, `time_zone`, `active`, `created_at`, `updated_at`) VALUES ('PK','{\"en\":\"Jauharabad\"}',72.28,32.29,'P','PPL','PK.04','PK.04.7418965',46545,'Asia/Karachi',1,'2019-12-05 23:00:00','2019-12-05 23:00:00');
INSERT INTO `__PREFIX__cities` (`country_code`, `name`, `longitude`, `latitude`, `feature_class`, `feature_code`, `subadmin1_code`, `subadmin2_code`, `population`, `time_zone`, `active`, `created_at`, `updated_at`) VALUES ('PK','{\"en\":\"Jatoi Shimali\"}',70.84,29.52,'P','PPL','PK.04','PK.04.1169603',47144,'Asia/Karachi',1,'2019-12-05 23:00:00','2019-12-05 23:00:00');
INSERT INTO `__PREFIX__cities` (`country_code`, `name`, `longitude`, `latitude`, `feature_class`, `feature_code`, `subadmin1_code`, `subadmin2_code`, `population`, `time_zone`, `active`, `created_at`, `updated_at`) VALUES ('PK','{\"en\":\"Jati\"}',68.27,24.35,'P','PPL','PK.05','PK.05.10300608',9152,'Asia/Karachi',1,'2019-12-05 23:00:00','2019-12-05 23:00:00');
INSERT INTO `__PREFIX__cities` (`country_code`, `name`, `longitude`, `latitude`, `feature_class`, `feature_code`, `subadmin1_code`, `subadmin2_code`, `population`, `time_zone`, `active`, `created_at`, `updated_at`) VALUES ('PK','{\"en\":\"Jaranwala\"}',73.42,31.33,'P','PPL','PK.04','PK.04.1179399',119785,'Asia/Karachi',1,'2019-12-05 23:00:00','2019-12-05 23:00:00');
INSERT INTO `__PREFIX__cities` (`country_code`, `name`, `longitude`, `latitude`, `feature_class`, `feature_code`, `subadmin1_code`, `subadmin2_code`, `population`, `time_zone`, `active`, `created_at`, `updated_at`) VALUES ('PK','{\"en\":\"Jandiala Sher Khan\"}',73.92,31.82,'P','PPL','PK.04','PK.04.1165218',10985,'Asia/Karachi',1,'2019-12-05 23:00:00','2019-12-05 23:00:00');
INSERT INTO `__PREFIX__cities` (`country_code`, `name`, `longitude`, `latitude`, `feature_class`, `feature_code`, `subadmin1_code`, `subadmin2_code`, `population`, `time_zone`, `active`, `created_at`, `updated_at`) VALUES ('PK','{\"en\":\"Jand\"}',72.02,33.43,'P','PPL','PK.04','PK.04.1184248',18170,'Asia/Karachi',1,'2019-12-05 23:00:00','2019-12-05 23:00:00');
INSERT INTO `__PREFIX__cities` (`country_code`, `name`, `longitude`, `latitude`, `feature_class`, `feature_code`, `subadmin1_code`, `subadmin2_code`, `population`, `time_zone`, `active`, `created_at`, `updated_at`) VALUES ('PK','{\"en\":\"Jampur\"}',70.60,29.64,'P','PPL','PK.04','PK.04.8309731',63791,'Asia/Karachi',1,'2019-12-08 23:00:00','2019-12-08 23:00:00');
INSERT INTO `__PREFIX__cities` (`country_code`, `name`, `longitude`, `latitude`, `feature_class`, `feature_code`, `subadmin1_code`, `subadmin2_code`, `population`, `time_zone`, `active`, `created_at`, `updated_at`) VALUES ('PK','{\"en\":\"Jalalpur Pirwala\"}',71.22,29.51,'P','PPL','PK.04','PK.04.1169821',37393,'Asia/Karachi',1,'2019-12-05 23:00:00','2019-12-05 23:00:00');
INSERT INTO `__PREFIX__cities` (`country_code`, `name`, `longitude`, `latitude`, `feature_class`, `feature_code`, `subadmin1_code`, `subadmin2_code`, `population`, `time_zone`, `active`, `created_at`, `updated_at`) VALUES ('PK','{\"en\":\"Jalalpur Jattan\"}',74.21,32.64,'P','PPL','PK.04','PK.04.1177651',93883,'Asia/Karachi',1,'2019-12-05 23:00:00','2019-12-05 23:00:00');
INSERT INTO `__PREFIX__cities` (`country_code`, `name`, `longitude`, `latitude`, `feature_class`, `feature_code`, `subadmin1_code`, `subadmin2_code`, `population`, `time_zone`, `active`, `created_at`, `updated_at`) VALUES ('PK','{\"en\":\"Jahanian Shah\"}',72.28,31.81,'P','PPL','PK.04','PK.04.1165999',29095,'Asia/Karachi',1,'2019-12-05 23:00:00','2019-12-05 23:00:00');
INSERT INTO `__PREFIX__cities` (`country_code`, `name`, `longitude`, `latitude`, `feature_class`, `feature_code`, `subadmin1_code`, `subadmin2_code`, `population`, `time_zone`, `active`, `created_at`, `updated_at`) VALUES ('PK','{\"en\":\"Jacobabad\"}',68.44,28.28,'P','PPLA2','PK.05','PK.05.1176514',170588,'Asia/Karachi',1,'2018-03-05 23:00:00','2018-03-05 23:00:00');
INSERT INTO `__PREFIX__cities` (`country_code`, `name`, `longitude`, `latitude`, `feature_class`, `feature_code`, `subadmin1_code`, `subadmin2_code`, `population`, `time_zone`, `active`, `created_at`, `updated_at`) VALUES ('PK','{\"en\":\"Islamkot\"}',70.18,24.70,'P','PPL','PK.05','PK.05.1163602',12426,'Asia/Karachi',1,'2019-12-05 23:00:00','2019-12-05 23:00:00');
INSERT INTO `__PREFIX__cities` (`country_code`, `name`, `longitude`, `latitude`, `feature_class`, `feature_code`, `subadmin1_code`, `subadmin2_code`, `population`, `time_zone`, `active`, `created_at`, `updated_at`) VALUES ('PK','{\"en\":\"Islamabad\"}',73.04,33.72,'P','PPLC','PK.08',NULL,601600,'Asia/Karachi',1,'2019-09-04 23:00:00','2019-09-04 23:00:00');
INSERT INTO `__PREFIX__cities` (`country_code`, `name`, `longitude`, `latitude`, `feature_class`, `feature_code`, `subadmin1_code`, `subadmin2_code`, `population`, `time_zone`, `active`, `created_at`, `updated_at`) VALUES ('PK','{\"en\":\"Hyderabad\"}',68.37,25.39,'P','PPLA2','PK.05','PK.05.1176733',1386330,'Asia/Karachi',1,'2019-12-05 23:00:00','2019-12-05 23:00:00');
INSERT INTO `__PREFIX__cities` (`country_code`, `name`, `longitude`, `latitude`, `feature_class`, `feature_code`, `subadmin1_code`, `subadmin2_code`, `population`, `time_zone`, `active`, `created_at`, `updated_at`) VALUES ('PK','{\"en\":\"Hujra Shah Muqim\"}',73.82,30.74,'P','PPL','PK.04','PK.04.7418888',61546,'Asia/Karachi',1,'2019-12-05 23:00:00','2019-12-05 23:00:00');
INSERT INTO `__PREFIX__cities` (`country_code`, `name`, `longitude`, `latitude`, `feature_class`, `feature_code`, `subadmin1_code`, `subadmin2_code`, `population`, `time_zone`, `active`, `created_at`, `updated_at`) VALUES ('PK','{\"en\":\"Hingorja\"}',68.42,27.21,'P','PPL','PK.05','PK.05.1174349',22263,'Asia/Karachi',1,'2019-12-05 23:00:00','2019-12-05 23:00:00');
INSERT INTO `__PREFIX__cities` (`country_code`, `name`, `longitude`, `latitude`, `feature_class`, `feature_code`, `subadmin1_code`, `subadmin2_code`, `population`, `time_zone`, `active`, `created_at`, `updated_at`) VALUES ('PK','{\"en\":\"Hazro City\"}',72.49,33.91,'P','PPL','PK.04','PK.04.1184248',26309,'Asia/Karachi',1,'2019-12-05 23:00:00','2019-12-05 23:00:00');
INSERT INTO `__PREFIX__cities` (`country_code`, `name`, `longitude`, `latitude`, `feature_class`, `feature_code`, `subadmin1_code`, `subadmin2_code`, `population`, `time_zone`, `active`, `created_at`, `updated_at`) VALUES ('PK','{\"en\":\"Havelian\"}',73.16,34.05,'P','PPL','PK.03','PK.03.1185055',40481,'Asia/Karachi',1,'2019-12-05 23:00:00','2019-12-05 23:00:00');
INSERT INTO `__PREFIX__cities` (`country_code`, `name`, `longitude`, `latitude`, `feature_class`, `feature_code`, `subadmin1_code`, `subadmin2_code`, `population`, `time_zone`, `active`, `created_at`, `updated_at`) VALUES ('PK','{\"en\":\"Haveli Lakha\"}',73.69,30.45,'P','PPL','PK.04','PK.04.7418888',65289,'Asia/Karachi',1,'2019-12-08 23:00:00','2019-12-08 23:00:00');
INSERT INTO `__PREFIX__cities` (`country_code`, `name`, `longitude`, `latitude`, `feature_class`, `feature_code`, `subadmin1_code`, `subadmin2_code`, `population`, `time_zone`, `active`, `created_at`, `updated_at`) VALUES ('PK','{\"en\":\"Hasilpur\"}',72.55,29.69,'P','PPL','PK.04','PK.04.1183876',88031,'Asia/Karachi',1,'2019-12-05 23:00:00','2019-12-05 23:00:00');
INSERT INTO `__PREFIX__cities` (`country_code`, `name`, `longitude`, `latitude`, `feature_class`, `feature_code`, `subadmin1_code`, `subadmin2_code`, `population`, `time_zone`, `active`, `created_at`, `updated_at`) VALUES ('PK','{\"en\":\"Chak Thirty-one -Eleven Left\"}',72.70,30.42,'P','PPL','PK.04','PK.04.1166545',45665,'Asia/Karachi',1,'2019-12-05 23:00:00','2019-12-05 23:00:00');
INSERT INTO `__PREFIX__cities` (`country_code`, `name`, `longitude`, `latitude`, `feature_class`, `feature_code`, `subadmin1_code`, `subadmin2_code`, `population`, `time_zone`, `active`, `created_at`, `updated_at`) VALUES ('PK','{\"en\":\"Harunabad\"}',73.14,29.61,'P','PPL','PK.04','PK.04.1183882',72432,'Asia/Karachi',1,'2019-12-05 23:00:00','2019-12-05 23:00:00');
INSERT INTO `__PREFIX__cities` (`country_code`, `name`, `longitude`, `latitude`, `feature_class`, `feature_code`, `subadmin1_code`, `subadmin2_code`, `population`, `time_zone`, `active`, `created_at`, `updated_at`) VALUES ('PK','{\"en\":\"Harnoli\"}',71.55,32.28,'P','PPL','PK.04','PK.04.1170424',15669,'Asia/Karachi',1,'2019-12-05 23:00:00','2019-12-05 23:00:00');
INSERT INTO `__PREFIX__cities` (`country_code`, `name`, `longitude`, `latitude`, `feature_class`, `feature_code`, `subadmin1_code`, `subadmin2_code`, `population`, `time_zone`, `active`, `created_at`, `updated_at`) VALUES ('PK','{\"en\":\"Harnai\"}',67.94,30.10,'P','PPL','PK.02','PK.02.8309758',11066,'Asia/Karachi',1,'2019-12-05 23:00:00','2019-12-05 23:00:00');
INSERT INTO `__PREFIX__cities` (`country_code`, `name`, `longitude`, `latitude`, `feature_class`, `feature_code`, `subadmin1_code`, `subadmin2_code`, `population`, `time_zone`, `active`, `created_at`, `updated_at`) VALUES ('PK','{\"en\":\"Haripur\"}',72.93,34.00,'P','PPLA2','PK.03','PK.03.7419054',56977,'Asia/Karachi',1,'2019-12-05 23:00:00','2019-12-05 23:00:00');
INSERT INTO `__PREFIX__cities` (`country_code`, `name`, `longitude`, `latitude`, `feature_class`, `feature_code`, `subadmin1_code`, `subadmin2_code`, `population`, `time_zone`, `active`, `created_at`, `updated_at`) VALUES ('PK','{\"en\":\"Hangu\"}',71.06,33.53,'P','PPLA2','PK.03','PK.03.7419048',36150,'Asia/Karachi',1,'2019-12-05 23:00:00','2019-12-05 23:00:00');
INSERT INTO `__PREFIX__cities` (`country_code`, `name`, `longitude`, `latitude`, `feature_class`, `feature_code`, `subadmin1_code`, `subadmin2_code`, `population`, `time_zone`, `active`, `created_at`, `updated_at`) VALUES ('PK','{\"en\":\"Hala\"}',68.42,25.81,'P','PPL','PK.05','PK.05.7419157',47915,'Asia/Karachi',1,'2019-12-05 23:00:00','2019-12-05 23:00:00');
INSERT INTO `__PREFIX__cities` (`country_code`, `name`, `longitude`, `latitude`, `feature_class`, `feature_code`, `subadmin1_code`, `subadmin2_code`, `population`, `time_zone`, `active`, `created_at`, `updated_at`) VALUES ('PK','{\"en\":\"Hafizabad\"}',73.69,32.07,'P','PPLA2','PK.04','PK.04.7418962',153656,'Asia/Karachi',1,'2019-12-05 23:00:00','2019-12-05 23:00:00');
INSERT INTO `__PREFIX__cities` (`country_code`, `name`, `longitude`, `latitude`, `feature_class`, `feature_code`, `subadmin1_code`, `subadmin2_code`, `population`, `time_zone`, `active`, `created_at`, `updated_at`) VALUES ('PK','{\"en\":\"Hadali\"}',74.57,32.64,'P','PPL','PK.04','PK.04.1164908',49663,'Asia/Karachi',1,'2019-12-05 23:00:00','2019-12-05 23:00:00');
INSERT INTO `__PREFIX__cities` (`country_code`, `name`, `longitude`, `latitude`, `feature_class`, `feature_code`, `subadmin1_code`, `subadmin2_code`, `population`, `time_zone`, `active`, `created_at`, `updated_at`) VALUES ('PK','{\"en\":\"Gwadar\"}',62.33,25.12,'P','PPLA2','PK.02','PK.02.1177445',51901,'Asia/Karachi',1,'2019-12-05 23:00:00','2019-12-05 23:00:00');
INSERT INTO `__PREFIX__cities` (`country_code`, `name`, `longitude`, `latitude`, `feature_class`, `feature_code`, `subadmin1_code`, `subadmin2_code`, `population`, `time_zone`, `active`, `created_at`, `updated_at`) VALUES ('PK','{\"en\":\"Gujrat\"}',74.08,32.57,'P','PPLA2','PK.04','PK.04.1177651',301506,'Asia/Karachi',1,'2019-12-05 23:00:00','2019-12-05 23:00:00');
INSERT INTO `__PREFIX__cities` (`country_code`, `name`, `longitude`, `latitude`, `feature_class`, `feature_code`, `subadmin1_code`, `subadmin2_code`, `population`, `time_zone`, `active`, `created_at`, `updated_at`) VALUES ('PK','{\"en\":\"Gujranwala\"}',74.19,32.16,'P','PPLA2','PK.04','PK.04.1177658',1384471,'Asia/Karachi',1,'2019-12-05 23:00:00','2019-12-05 23:00:00');
INSERT INTO `__PREFIX__cities` (`country_code`, `name`, `longitude`, `latitude`, `feature_class`, `feature_code`, `subadmin1_code`, `subadmin2_code`, `population`, `time_zone`, `active`, `created_at`, `updated_at`) VALUES ('PK','{\"en\":\"Gujar Khan\"}',73.30,33.25,'P','PPL','PK.04','PK.04.1166991',69374,'Asia/Karachi',1,'2019-12-05 23:00:00','2019-12-05 23:00:00');
INSERT INTO `__PREFIX__cities` (`country_code`, `name`, `longitude`, `latitude`, `feature_class`, `feature_code`, `subadmin1_code`, `subadmin2_code`, `population`, `time_zone`, `active`, `created_at`, `updated_at`) VALUES ('PK','{\"en\":\"Gojra\"}',72.68,31.15,'P','PPL','PK.04','PK.04.7331706',139726,'Asia/Karachi',1,'2019-12-05 23:00:00','2019-12-05 23:00:00');
INSERT INTO `__PREFIX__cities` (`country_code`, `name`, `longitude`, `latitude`, `feature_class`, `feature_code`, `subadmin1_code`, `subadmin2_code`, `population`, `time_zone`, `active`, `created_at`, `updated_at`) VALUES ('PK','{\"en\":\"Gilgit\"}',74.31,35.92,'P','PPLA','PK.07','PK.07.8358419',10414,'Asia/Karachi',1,'2020-08-26 23:00:00','2020-08-26 23:00:00');
INSERT INTO `__PREFIX__cities` (`country_code`, `name`, `longitude`, `latitude`, `feature_class`, `feature_code`, `subadmin1_code`, `subadmin2_code`, `population`, `time_zone`, `active`, `created_at`, `updated_at`) VALUES ('PK','{\"en\":\"Ghotki\"}',69.32,28.00,'P','PPLA2','PK.05','PK.05.7418822',64295,'Asia/Karachi',1,'2019-12-05 23:00:00','2019-12-05 23:00:00');
INSERT INTO `__PREFIX__cities` (`country_code`, `name`, `longitude`, `latitude`, `feature_class`, `feature_code`, `subadmin1_code`, `subadmin2_code`, `population`, `time_zone`, `active`, `created_at`, `updated_at`) VALUES ('PK','{\"en\":\"Ghauspur\"}',69.08,28.14,'P','PPL','PK.05','PK.05.9035095',29767,'Asia/Karachi',1,'2019-12-05 23:00:00','2019-12-05 23:00:00');
INSERT INTO `__PREFIX__cities` (`country_code`, `name`, `longitude`, `latitude`, `feature_class`, `feature_code`, `subadmin1_code`, `subadmin2_code`, `population`, `time_zone`, `active`, `created_at`, `updated_at`) VALUES ('PK','{\"en\":\"Gharo\"}',67.59,24.74,'P','PPL','PK.05','PK.05.1163570',19524,'Asia/Karachi',1,'2019-12-05 23:00:00','2019-12-05 23:00:00');
INSERT INTO `__PREFIX__cities` (`country_code`, `name`, `longitude`, `latitude`, `feature_class`, `feature_code`, `subadmin1_code`, `subadmin2_code`, `population`, `time_zone`, `active`, `created_at`, `updated_at`) VALUES ('PK','{\"en\":\"Garh Maharaja\"}',71.90,30.83,'P','PPL','PK.04','PK.04.1175906',29153,'Asia/Karachi',1,'2019-12-05 23:00:00','2019-12-05 23:00:00');
INSERT INTO `__PREFIX__cities` (`country_code`, `name`, `longitude`, `latitude`, `feature_class`, `feature_code`, `subadmin1_code`, `subadmin2_code`, `population`, `time_zone`, `active`, `created_at`, `updated_at`) VALUES ('PK','{\"en\":\"Garhiyasin\"}',68.51,27.91,'P','PPL','PK.05','PK.05.1165106',14810,'Asia/Karachi',1,'2019-12-05 23:00:00','2019-12-05 23:00:00');
INSERT INTO `__PREFIX__cities` (`country_code`, `name`, `longitude`, `latitude`, `feature_class`, `feature_code`, `subadmin1_code`, `subadmin2_code`, `population`, `time_zone`, `active`, `created_at`, `updated_at`) VALUES ('PK','{\"en\":\"Garhi Khairo\"}',67.98,28.06,'P','PPL','PK.02',NULL,13666,'Asia/Karachi',1,'2016-03-09 23:00:00','2016-03-09 23:00:00');
INSERT INTO `__PREFIX__cities` (`country_code`, `name`, `longitude`, `latitude`, `feature_class`, `feature_code`, `subadmin1_code`, `subadmin2_code`, `population`, `time_zone`, `active`, `created_at`, `updated_at`) VALUES ('PK','{\"en\":\"Goth Garelo\"}',68.08,27.44,'P','PPL','PK.05','PK.05.1172127',6853,'Asia/Karachi',1,'2019-12-05 23:00:00','2019-12-05 23:00:00');
INSERT INTO `__PREFIX__cities` (`country_code`, `name`, `longitude`, `latitude`, `feature_class`, `feature_code`, `subadmin1_code`, `subadmin2_code`, `population`, `time_zone`, `active`, `created_at`, `updated_at`) VALUES ('PK','{\"en\":\"Gambat\"}',68.52,27.35,'P','PPL','PK.05','PK.05.1174349',34005,'Asia/Karachi',1,'2019-12-05 23:00:00','2019-12-05 23:00:00');
INSERT INTO `__PREFIX__cities` (`country_code`, `name`, `longitude`, `latitude`, `feature_class`, `feature_code`, `subadmin1_code`, `subadmin2_code`, `population`, `time_zone`, `active`, `created_at`, `updated_at`) VALUES ('PK','{\"en\":\"Gahkuch\"}',73.76,36.18,'P','PPLA2','PK.07','PK.07.11594770',10000,'Asia/Karachi',1,'2020-08-30 23:00:00','2020-08-30 23:00:00');
INSERT INTO `__PREFIX__cities` (`country_code`, `name`, `longitude`, `latitude`, `feature_class`, `feature_code`, `subadmin1_code`, `subadmin2_code`, `population`, `time_zone`, `active`, `created_at`, `updated_at`) VALUES ('PK','{\"en\":\"Gadani\"}',66.73,25.12,'P','PPL','PK.02','PK.02.1172115',13427,'Asia/Karachi',1,'2019-12-05 23:00:00','2019-12-05 23:00:00');
INSERT INTO `__PREFIX__cities` (`country_code`, `name`, `longitude`, `latitude`, `feature_class`, `feature_code`, `subadmin1_code`, `subadmin2_code`, `population`, `time_zone`, `active`, `created_at`, `updated_at`) VALUES ('PK','{\"en\":\"Fort Abbas\"}',72.86,29.19,'P','PPL','PK.04','PK.04.1183882',40626,'Asia/Karachi',1,'2019-12-05 23:00:00','2019-12-05 23:00:00');
INSERT INTO `__PREFIX__cities` (`country_code`, `name`, `longitude`, `latitude`, `feature_class`, `feature_code`, `subadmin1_code`, `subadmin2_code`, `population`, `time_zone`, `active`, `created_at`, `updated_at`) VALUES ('PK','{\"en\":\"Fazilpur\"}',75.07,32.18,'P','PPL','PK.04','PK.04.7418968',28213,'Asia/Karachi',1,'2019-12-05 23:00:00','2019-12-05 23:00:00');
INSERT INTO `__PREFIX__cities` (`country_code`, `name`, `longitude`, `latitude`, `feature_class`, `feature_code`, `subadmin1_code`, `subadmin2_code`, `population`, `time_zone`, `active`, `created_at`, `updated_at`) VALUES ('PK','{\"en\":\"Chak Two Hundred Forty-nine Thal Development Authority\"}',71.20,31.18,'P','PPL','PK.04','PK.04.7418967',18126,'Asia/Karachi',1,'2019-12-05 23:00:00','2019-12-05 23:00:00');
INSERT INTO `__PREFIX__cities` (`country_code`, `name`, `longitude`, `latitude`, `feature_class`, `feature_code`, `subadmin1_code`, `subadmin2_code`, `population`, `time_zone`, `active`, `created_at`, `updated_at`) VALUES ('PK','{\"en\":\"Faruka\"}',72.41,31.89,'P','PPL','PK.04','PK.04.1165999',21747,'Asia/Karachi',1,'2019-12-09 23:00:00','2019-12-09 23:00:00');
INSERT INTO `__PREFIX__cities` (`country_code`, `name`, `longitude`, `latitude`, `feature_class`, `feature_code`, `subadmin1_code`, `subadmin2_code`, `population`, `time_zone`, `active`, `created_at`, `updated_at`) VALUES ('PK','{\"en\":\"Faqirwali\"}',73.03,29.47,'P','PPL','PK.04','PK.04.1183882',25186,'Asia/Karachi',1,'2019-12-05 23:00:00','2019-12-05 23:00:00');
INSERT INTO `__PREFIX__cities` (`country_code`, `name`, `longitude`, `latitude`, `feature_class`, `feature_code`, `subadmin1_code`, `subadmin2_code`, `population`, `time_zone`, `active`, `created_at`, `updated_at`) VALUES ('PK','{\"en\":\"Faisalabad\"}',73.09,31.42,'P','PPLA2','PK.04','PK.04.1179399',2506595,'Asia/Karachi',1,'2021-07-29 23:00:00','2021-07-29 23:00:00');
INSERT INTO `__PREFIX__cities` (`country_code`, `name`, `longitude`, `latitude`, `feature_class`, `feature_code`, `subadmin1_code`, `subadmin2_code`, `population`, `time_zone`, `active`, `created_at`, `updated_at`) VALUES ('PK','{\"en\":\"Eminabad\"}',74.26,32.04,'P','PPL','PK.04','PK.04.1177658',22679,'Asia/Karachi',1,'2019-12-05 23:00:00','2019-12-05 23:00:00');
INSERT INTO `__PREFIX__cities` (`country_code`, `name`, `longitude`, `latitude`, `feature_class`, `feature_code`, `subadmin1_code`, `subadmin2_code`, `population`, `time_zone`, `active`, `created_at`, `updated_at`) VALUES ('PK','{\"en\":\"Dunyapur\"}',71.74,29.80,'P','PPL','PK.04','PK.04.7418846',34044,'Asia/Karachi',1,'2019-12-05 23:00:00','2019-12-05 23:00:00');
INSERT INTO `__PREFIX__cities` (`country_code`, `name`, `longitude`, `latitude`, `feature_class`, `feature_code`, `subadmin1_code`, `subadmin2_code`, `population`, `time_zone`, `active`, `created_at`, `updated_at`) VALUES ('PK','{\"en\":\"Dunga Bunga\"}',73.24,29.75,'P','PPL','PK.04','PK.04.1183882',25893,'Asia/Karachi',1,'2019-12-05 23:00:00','2019-12-05 23:00:00');
INSERT INTO `__PREFIX__cities` (`country_code`, `name`, `longitude`, `latitude`, `feature_class`, `feature_code`, `subadmin1_code`, `subadmin2_code`, `population`, `time_zone`, `active`, `created_at`, `updated_at`) VALUES ('PK','{\"en\":\"Dullewala\"}',71.44,31.83,'P','PPL','PK.04','PK.04.7418966',48682,'Asia/Karachi',1,'2019-12-05 23:00:00','2019-12-05 23:00:00');
INSERT INTO `__PREFIX__cities` (`country_code`, `name`, `longitude`, `latitude`, `feature_class`, `feature_code`, `subadmin1_code`, `subadmin2_code`, `population`, `time_zone`, `active`, `created_at`, `updated_at`) VALUES ('PK','{\"en\":\"Duki\"}',68.57,30.15,'P','PPL','PK.02','PK.02.1171867',6384,'Asia/Karachi',1,'2019-12-05 23:00:00','2019-12-05 23:00:00');
INSERT INTO `__PREFIX__cities` (`country_code`, `name`, `longitude`, `latitude`, `feature_class`, `feature_code`, `subadmin1_code`, `subadmin2_code`, `population`, `time_zone`, `active`, `created_at`, `updated_at`) VALUES ('PK','{\"en\":\"Dokri\"}',68.10,27.37,'P','PPL','PK.05','PK.05.1172127',14800,'Asia/Karachi',1,'2019-12-05 23:00:00','2019-12-05 23:00:00');
INSERT INTO `__PREFIX__cities` (`country_code`, `name`, `longitude`, `latitude`, `feature_class`, `feature_code`, `subadmin1_code`, `subadmin2_code`, `population`, `time_zone`, `active`, `created_at`, `updated_at`) VALUES ('PK','{\"en\":\"Doaba\"}',70.74,33.42,'P','PPL','PK.03','PK.03.7419048',8893,'Asia/Karachi',1,'2019-12-05 23:00:00','2019-12-05 23:00:00');
INSERT INTO `__PREFIX__cities` (`country_code`, `name`, `longitude`, `latitude`, `feature_class`, `feature_code`, `subadmin1_code`, `subadmin2_code`, `population`, `time_zone`, `active`, `created_at`, `updated_at`) VALUES ('PK','{\"en\":\"Upper Dir\"}',71.88,35.21,'P','PPLA2','PK.03','PK.03.1179754',29869,'Asia/Karachi',1,'2019-12-05 23:00:00','2019-12-05 23:00:00');
INSERT INTO `__PREFIX__cities` (`country_code`, `name`, `longitude`, `latitude`, `feature_class`, `feature_code`, `subadmin1_code`, `subadmin2_code`, `population`, `time_zone`, `active`, `created_at`, `updated_at`) VALUES ('PK','{\"en\":\"Diplo\"}',69.58,24.47,'P','PPL','PK.05','PK.05.1163602',11575,'Asia/Karachi',1,'2019-12-05 23:00:00','2019-12-05 23:00:00');
INSERT INTO `__PREFIX__cities` (`country_code`, `name`, `longitude`, `latitude`, `feature_class`, `feature_code`, `subadmin1_code`, `subadmin2_code`, `population`, `time_zone`, `active`, `created_at`, `updated_at`) VALUES ('PK','{\"en\":\"Dipalpur\"}',73.65,30.67,'P','PPL','PK.04','PK.04.7418888',74640,'Asia/Karachi',1,'2019-12-05 23:00:00','2019-12-05 23:00:00');
INSERT INTO `__PREFIX__cities` (`country_code`, `name`, `longitude`, `latitude`, `feature_class`, `feature_code`, `subadmin1_code`, `subadmin2_code`, `population`, `time_zone`, `active`, `created_at`, `updated_at`) VALUES ('PK','{\"en\":\"Dinan Bashnoian Wala\"}',73.27,29.77,'P','PPL','PK.04','PK.04.1183882',7500,'Asia/Karachi',1,'2016-04-14 23:00:00','2016-04-14 23:00:00');
INSERT INTO `__PREFIX__cities` (`country_code`, `name`, `longitude`, `latitude`, `feature_class`, `feature_code`, `subadmin1_code`, `subadmin2_code`, `population`, `time_zone`, `active`, `created_at`, `updated_at`) VALUES ('PK','{\"en\":\"Dinga\"}',73.72,32.64,'P','PPL','PK.04','PK.04.1177651',39784,'Asia/Karachi',1,'2019-12-05 23:00:00','2019-12-05 23:00:00');
INSERT INTO `__PREFIX__cities` (`country_code`, `name`, `longitude`, `latitude`, `feature_class`, `feature_code`, `subadmin1_code`, `subadmin2_code`, `population`, `time_zone`, `active`, `created_at`, `updated_at`) VALUES ('PK','{\"en\":\"Dijkot\"}',73.00,31.22,'P','PPL','PK.04','PK.04.1179399',27469,'Asia/Karachi',1,'2019-12-05 23:00:00','2019-12-05 23:00:00');
INSERT INTO `__PREFIX__cities` (`country_code`, `name`, `longitude`, `latitude`, `feature_class`, `feature_code`, `subadmin1_code`, `subadmin2_code`, `population`, `time_zone`, `active`, `created_at`, `updated_at`) VALUES ('PK','{\"en\":\"Digri\"}',69.11,25.16,'P','PPL','PK.05','PK.05.1376894',31842,'Asia/Karachi',1,'2019-12-05 23:00:00','2019-12-05 23:00:00');
INSERT INTO `__PREFIX__cities` (`country_code`, `name`, `longitude`, `latitude`, `feature_class`, `feature_code`, `subadmin1_code`, `subadmin2_code`, `population`, `time_zone`, `active`, `created_at`, `updated_at`) VALUES ('PK','{\"en\":\"Dhoro Naro\"}',69.57,25.50,'P','PPL','PK.05','PK.05.9072726',19907,'Asia/Karachi',1,'2019-12-05 23:00:00','2019-12-05 23:00:00');
INSERT INTO `__PREFIX__cities` (`country_code`, `name`, `longitude`, `latitude`, `feature_class`, `feature_code`, `subadmin1_code`, `subadmin2_code`, `population`, `time_zone`, `active`, `created_at`, `updated_at`) VALUES ('PK','{\"en\":\"Dhaunkal\"}',74.14,32.41,'P','PPL','PK.04','PK.04.1177658',12117,'Asia/Karachi',1,'2019-12-05 23:00:00','2019-12-05 23:00:00');
INSERT INTO `__PREFIX__cities` (`country_code`, `name`, `longitude`, `latitude`, `feature_class`, `feature_code`, `subadmin1_code`, `subadmin2_code`, `population`, `time_zone`, `active`, `created_at`, `updated_at`) VALUES ('PK','{\"en\":\"Dhanot\"}',71.75,29.58,'P','PPL','PK.04','PK.04.7418846',18729,'Asia/Karachi',1,'2019-12-10 23:00:00','2019-12-10 23:00:00');
INSERT INTO `__PREFIX__cities` (`country_code`, `name`, `longitude`, `latitude`, `feature_class`, `feature_code`, `subadmin1_code`, `subadmin2_code`, `population`, `time_zone`, `active`, `created_at`, `updated_at`) VALUES ('PK','{\"en\":\"Dera Ismail Khan\"}',70.90,31.83,'P','PPLA2','PK.03','PK.03.1180282',101616,'Asia/Karachi',1,'2019-07-10 23:00:00','2019-07-10 23:00:00');
INSERT INTO `__PREFIX__cities` (`country_code`, `name`, `longitude`, `latitude`, `feature_class`, `feature_code`, `subadmin1_code`, `subadmin2_code`, `population`, `time_zone`, `active`, `created_at`, `updated_at`) VALUES ('PK','{\"en\":\"Dera Ghazi Khan\"}',70.64,30.05,'P','PPLA2','PK.04','PK.04.1180287',236093,'Asia/Karachi',1,'2019-12-05 23:00:00','2019-12-05 23:00:00');
INSERT INTO `__PREFIX__cities` (`country_code`, `name`, `longitude`, `latitude`, `feature_class`, `feature_code`, `subadmin1_code`, `subadmin2_code`, `population`, `time_zone`, `active`, `created_at`, `updated_at`) VALUES ('PK','{\"en\":\"Dera Bugti\"}',69.16,29.04,'P','PPLA2','PK.02','PK.02.6641919',18120,'Asia/Karachi',1,'2019-12-05 23:00:00','2019-12-05 23:00:00');
INSERT INTO `__PREFIX__cities` (`country_code`, `name`, `longitude`, `latitude`, `feature_class`, `feature_code`, `subadmin1_code`, `subadmin2_code`, `population`, `time_zone`, `active`, `created_at`, `updated_at`) VALUES ('PK','{\"en\":\"Daur\"}',68.32,26.46,'P','PPL','PK.05','PK.05.1169115',17577,'Asia/Karachi',1,'2019-12-05 23:00:00','2019-12-05 23:00:00');
INSERT INTO `__PREFIX__cities` (`country_code`, `name`, `longitude`, `latitude`, `feature_class`, `feature_code`, `subadmin1_code`, `subadmin2_code`, `population`, `time_zone`, `active`, `created_at`, `updated_at`) VALUES ('PK','{\"en\":\"Daultala\"}',73.14,33.19,'P','PPL','PK.04','PK.04.1166991',11814,'Asia/Karachi',1,'2019-12-05 23:00:00','2019-12-05 23:00:00');
INSERT INTO `__PREFIX__cities` (`country_code`, `name`, `longitude`, `latitude`, `feature_class`, `feature_code`, `subadmin1_code`, `subadmin2_code`, `population`, `time_zone`, `active`, `created_at`, `updated_at`) VALUES ('PK','{\"en\":\"Daulatpur\"}',67.97,26.50,'P','PPL','PK.05','PK.05.1169115',14574,'Asia/Karachi',1,'2019-12-05 23:00:00','2019-12-05 23:00:00');
INSERT INTO `__PREFIX__cities` (`country_code`, `name`, `longitude`, `latitude`, `feature_class`, `feature_code`, `subadmin1_code`, `subadmin2_code`, `population`, `time_zone`, `active`, `created_at`, `updated_at`) VALUES ('PK','{\"en\":\"Daud Khel\"}',71.57,32.88,'P','PPL','PK.04','PK.04.1170424',26395,'Asia/Karachi',1,'2019-12-05 23:00:00','2019-12-05 23:00:00');
INSERT INTO `__PREFIX__cities` (`country_code`, `name`, `longitude`, `latitude`, `feature_class`, `feature_code`, `subadmin1_code`, `subadmin2_code`, `population`, `time_zone`, `active`, `created_at`, `updated_at`) VALUES ('PK','{\"en\":\"Daska Kalan\"}',74.35,32.32,'P','PPLX','PK.04','PK.04.1164908',126924,'Asia/Karachi',1,'2019-12-05 23:00:00','2019-12-05 23:00:00');
INSERT INTO `__PREFIX__cities` (`country_code`, `name`, `longitude`, `latitude`, `feature_class`, `feature_code`, `subadmin1_code`, `subadmin2_code`, `population`, `time_zone`, `active`, `created_at`, `updated_at`) VALUES ('PK','{\"en\":\"Darya Khan Marri\"}',68.29,26.68,'P','PPL','PK.05','PK.05.7352189',8973,'Asia/Karachi',1,'2019-12-05 23:00:00','2019-12-05 23:00:00');
INSERT INTO `__PREFIX__cities` (`country_code`, `name`, `longitude`, `latitude`, `feature_class`, `feature_code`, `subadmin1_code`, `subadmin2_code`, `population`, `time_zone`, `active`, `created_at`, `updated_at`) VALUES ('PK','{\"en\":\"Darya Khan\"}',71.10,31.78,'P','PPL','PK.04','PK.04.7418966',15048,'Asia/Karachi',1,'2019-12-05 23:00:00','2019-12-05 23:00:00');
INSERT INTO `__PREFIX__cities` (`country_code`, `name`, `longitude`, `latitude`, `feature_class`, `feature_code`, `subadmin1_code`, `subadmin2_code`, `population`, `time_zone`, `active`, `created_at`, `updated_at`) VALUES ('PK','{\"en\":\"Daromehar\"}',68.18,24.79,'P','PPL','PK.05','PK.05.10300608',10869,'Asia/Karachi',1,'2019-12-05 23:00:00','2019-12-05 23:00:00');
INSERT INTO `__PREFIX__cities` (`country_code`, `name`, `longitude`, `latitude`, `feature_class`, `feature_code`, `subadmin1_code`, `subadmin2_code`, `population`, `time_zone`, `active`, `created_at`, `updated_at`) VALUES ('PK','{\"en\":\"Dalbandin\"}',64.41,28.89,'P','PPLA2','PK.02','PK.02.1181950',14621,'Asia/Karachi',1,'2019-12-05 23:00:00','2019-12-05 23:00:00');
INSERT INTO `__PREFIX__cities` (`country_code`, `name`, `longitude`, `latitude`, `feature_class`, `feature_code`, `subadmin1_code`, `subadmin2_code`, `population`, `time_zone`, `active`, `created_at`, `updated_at`) VALUES ('PK','{\"en\":\"Dajal\"}',70.38,29.56,'P','PPL','PK.04','PK.04.8309731',17630,'Asia/Karachi',1,'2020-01-07 23:00:00','2020-01-07 23:00:00');
INSERT INTO `__PREFIX__cities` (`country_code`, `name`, `longitude`, `latitude`, `feature_class`, `feature_code`, `subadmin1_code`, `subadmin2_code`, `population`, `time_zone`, `active`, `created_at`, `updated_at`) VALUES ('PK','{\"en\":\"Daira Din Panah\"}',70.94,30.57,'P','PPL','PK.04','PK.04.1169603',14878,'Asia/Karachi',1,'2019-12-05 23:00:00','2019-12-05 23:00:00');
INSERT INTO `__PREFIX__cities` (`country_code`, `name`, `longitude`, `latitude`, `feature_class`, `feature_code`, `subadmin1_code`, `subadmin2_code`, `population`, `time_zone`, `active`, `created_at`, `updated_at`) VALUES ('PK','{\"en\":\"Dadu\"}',67.78,26.73,'P','PPLA2','PK.05','PK.05.1180802',139784,'Asia/Karachi',1,'2019-12-05 23:00:00','2019-12-05 23:00:00');
INSERT INTO `__PREFIX__cities` (`country_code`, `name`, `longitude`, `latitude`, `feature_class`, `feature_code`, `subadmin1_code`, `subadmin2_code`, `population`, `time_zone`, `active`, `created_at`, `updated_at`) VALUES ('PK','{\"en\":\"Dadhar\"}',67.65,29.47,'P','PPL','PK.02','PK.02.1175527',15090,'Asia/Karachi',1,'2019-12-05 23:00:00','2019-12-05 23:00:00');
INSERT INTO `__PREFIX__cities` (`country_code`, `name`, `longitude`, `latitude`, `feature_class`, `feature_code`, `subadmin1_code`, `subadmin2_code`, `population`, `time_zone`, `active`, `created_at`, `updated_at`) VALUES ('PK','{\"en\":\"Chunian\"}',73.98,30.97,'P','PPL','PK.04','PK.04.1174623',57312,'Asia/Karachi',1,'2019-12-05 23:00:00','2019-12-05 23:00:00');
INSERT INTO `__PREFIX__cities` (`country_code`, `name`, `longitude`, `latitude`, `feature_class`, `feature_code`, `subadmin1_code`, `subadmin2_code`, `population`, `time_zone`, `active`, `created_at`, `updated_at`) VALUES ('PK','{\"en\":\"Chuchar-kana Mandi\"}',73.80,31.75,'P','PPL','PK.04','PK.04.1165218',69321,'Asia/Karachi',1,'2019-12-05 23:00:00','2019-12-05 23:00:00');
INSERT INTO `__PREFIX__cities` (`country_code`, `name`, `longitude`, `latitude`, `feature_class`, `feature_code`, `subadmin1_code`, `subadmin2_code`, `population`, `time_zone`, `active`, `created_at`, `updated_at`) VALUES ('PK','{\"en\":\"Chhor\"}',69.78,25.51,'P','PPL','PK.05','PK.05.9072726',16301,'Asia/Karachi',1,'2019-12-05 23:00:00','2019-12-05 23:00:00');
INSERT INTO `__PREFIX__cities` (`country_code`, `name`, `longitude`, `latitude`, `feature_class`, `feature_code`, `subadmin1_code`, `subadmin2_code`, `population`, `time_zone`, `active`, `created_at`, `updated_at`) VALUES ('PK','{\"en\":\"Choa Saidan Shah\"}',72.99,32.72,'P','PPL','PK.04','PK.04.7418964',15344,'Asia/Karachi',1,'2019-12-05 23:00:00','2019-12-05 23:00:00');
INSERT INTO `__PREFIX__cities` (`country_code`, `name`, `longitude`, `latitude`, `feature_class`, `feature_code`, `subadmin1_code`, `subadmin2_code`, `population`, `time_zone`, `active`, `created_at`, `updated_at`) VALUES ('PK','{\"en\":\"Chishtian\"}',72.86,29.80,'P','PPL','PK.04','PK.04.1183882',122199,'Asia/Karachi',1,'2019-12-05 23:00:00','2019-12-05 23:00:00');
INSERT INTO `__PREFIX__cities` (`country_code`, `name`, `longitude`, `latitude`, `feature_class`, `feature_code`, `subadmin1_code`, `subadmin2_code`, `population`, `time_zone`, `active`, `created_at`, `updated_at`) VALUES ('PK','{\"en\":\"Chiniot\"}',72.98,31.72,'P','PPLA2','PK.04','PK.04.11886901',201781,'Asia/Karachi',1,'2019-12-05 23:00:00','2019-12-05 23:00:00');
INSERT INTO `__PREFIX__cities` (`country_code`, `name`, `longitude`, `latitude`, `feature_class`, `feature_code`, `subadmin1_code`, `subadmin2_code`, `population`, `time_zone`, `active`, `created_at`, `updated_at`) VALUES ('PK','{\"en\":\"Chichawatni\"}',72.69,30.53,'P','PPL','PK.04','PK.04.1166545',82762,'Asia/Karachi',1,'2019-12-05 23:00:00','2019-12-05 23:00:00');
INSERT INTO `__PREFIX__cities` (`country_code`, `name`, `longitude`, `latitude`, `feature_class`, `feature_code`, `subadmin1_code`, `subadmin2_code`, `population`, `time_zone`, `active`, `created_at`, `updated_at`) VALUES ('PK','{\"en\":\"Chawinda\"}',74.71,32.34,'P','PPL','PK.04','PK.04.1164908',23599,'Asia/Karachi',1,'2019-12-05 23:00:00','2019-12-05 23:00:00');
INSERT INTO `__PREFIX__cities` (`country_code`, `name`, `longitude`, `latitude`, `feature_class`, `feature_code`, `subadmin1_code`, `subadmin2_code`, `population`, `time_zone`, `active`, `created_at`, `updated_at`) VALUES ('PK','{\"en\":\"Charsadda\"}',71.74,34.15,'P','PPLA2','PK.03','PK.03.7419051',95319,'Asia/Karachi',1,'2019-12-05 23:00:00','2019-12-05 23:00:00');
INSERT INTO `__PREFIX__cities` (`country_code`, `name`, `longitude`, `latitude`, `feature_class`, `feature_code`, `subadmin1_code`, `subadmin2_code`, `population`, `time_zone`, `active`, `created_at`, `updated_at`) VALUES ('PK','{\"en\":\"Chamber\"}',68.81,25.29,'P','PPL','PK.05','PK.05.9625763',12746,'Asia/Karachi',1,'2019-12-23 23:00:00','2019-12-23 23:00:00');
INSERT INTO `__PREFIX__cities` (`country_code`, `name`, `longitude`, `latitude`, `feature_class`, `feature_code`, `subadmin1_code`, `subadmin2_code`, `population`, `time_zone`, `active`, `created_at`, `updated_at`) VALUES ('PK','{\"en\":\"Chaman\"}',66.45,30.92,'P','PPL','PK.02','PK.02.6641961',88568,'Asia/Karachi',1,'2019-12-05 23:00:00','2019-12-05 23:00:00');
INSERT INTO `__PREFIX__cities` (`country_code`, `name`, `longitude`, `latitude`, `feature_class`, `feature_code`, `subadmin1_code`, `subadmin2_code`, `population`, `time_zone`, `active`, `created_at`, `updated_at`) VALUES ('PK','{\"en\":\"Chakwal\"}',72.85,32.93,'P','PPLA2','PK.04','PK.04.7418964',101200,'Asia/Karachi',1,'2019-12-05 23:00:00','2019-12-05 23:00:00');
INSERT INTO `__PREFIX__cities` (`country_code`, `name`, `longitude`, `latitude`, `feature_class`, `feature_code`, `subadmin1_code`, `subadmin2_code`, `population`, `time_zone`, `active`, `created_at`, `updated_at`) VALUES ('PK','{\"en\":\"Chak Azam Sahu\"}',73.03,30.75,'P','PPL','PK.04','PK.04.1166545',38216,'Asia/Karachi',1,'2019-12-05 23:00:00','2019-12-05 23:00:00');
INSERT INTO `__PREFIX__cities` (`country_code`, `name`, `longitude`, `latitude`, `feature_class`, `feature_code`, `subadmin1_code`, `subadmin2_code`, `population`, `time_zone`, `active`, `created_at`, `updated_at`) VALUES ('PK','{\"en\":\"Chak\"}',68.83,27.86,'P','PPL','PK.05','PK.05.1165106',14275,'Asia/Karachi',1,'2019-12-23 23:00:00','2019-12-23 23:00:00');
INSERT INTO `__PREFIX__cities` (`country_code`, `name`, `longitude`, `latitude`, `feature_class`, `feature_code`, `subadmin1_code`, `subadmin2_code`, `population`, `time_zone`, `active`, `created_at`, `updated_at`) VALUES ('PK','{\"en\":\"Būrewāla\"}',72.65,30.17,'P','PPL','PK.04','PK.04.10344547',183915,'Asia/Karachi',1,'2019-12-10 23:00:00','2019-12-10 23:00:00');
INSERT INTO `__PREFIX__cities` (`country_code`, `name`, `longitude`, `latitude`, `feature_class`, `feature_code`, `subadmin1_code`, `subadmin2_code`, `population`, `time_zone`, `active`, `created_at`, `updated_at`) VALUES ('PK','{\"en\":\"Bozdar Wada\"}',68.64,27.18,'P','PPL','PK.05','PK.05.1174349',9175,'Asia/Karachi',1,'2019-12-05 23:00:00','2019-12-05 23:00:00');
INSERT INTO `__PREFIX__cities` (`country_code`, `name`, `longitude`, `latitude`, `feature_class`, `feature_code`, `subadmin1_code`, `subadmin2_code`, `population`, `time_zone`, `active`, `created_at`, `updated_at`) VALUES ('PK','{\"en\":\"Bhopalwala\"}',74.36,32.43,'P','PPL','PK.04','PK.04.1164908',17341,'Asia/Karachi',1,'2020-01-07 23:00:00','2020-01-07 23:00:00');
INSERT INTO `__PREFIX__cities` (`country_code`, `name`, `longitude`, `latitude`, `feature_class`, `feature_code`, `subadmin1_code`, `subadmin2_code`, `population`, `time_zone`, `active`, `created_at`, `updated_at`) VALUES ('PK','{\"en\":\"Bhit Shah\"}',68.49,25.81,'P','PPL','PK.05','PK.05.7419157',19325,'Asia/Karachi',1,'2019-12-05 23:00:00','2019-12-05 23:00:00');
INSERT INTO `__PREFIX__cities` (`country_code`, `name`, `longitude`, `latitude`, `feature_class`, `feature_code`, `subadmin1_code`, `subadmin2_code`, `population`, `time_zone`, `active`, `created_at`, `updated_at`) VALUES ('PK','{\"en\":\"Bhiria\"}',68.19,26.91,'P','PPL','PK.05','PK.05.7352189',12186,'Asia/Karachi',1,'2019-12-05 23:00:00','2019-12-05 23:00:00');
INSERT INTO `__PREFIX__cities` (`country_code`, `name`, `longitude`, `latitude`, `feature_class`, `feature_code`, `subadmin1_code`, `subadmin2_code`, `population`, `time_zone`, `active`, `created_at`, `updated_at`) VALUES ('PK','{\"en\":\"Bhimber\"}',74.08,32.97,'P','PPLA2','PK.06','PK.06.7536187',342900,'Asia/Karachi',1,'2020-08-29 23:00:00','2020-08-29 23:00:00');
INSERT INTO `__PREFIX__cities` (`country_code`, `name`, `longitude`, `latitude`, `feature_class`, `feature_code`, `subadmin1_code`, `subadmin2_code`, `population`, `time_zone`, `active`, `created_at`, `updated_at`) VALUES ('PK','{\"en\":\"Bhera\"}',72.91,32.48,'P','PPL','PK.04','PK.04.1165999',31781,'Asia/Karachi',1,'2019-12-05 23:00:00','2019-12-05 23:00:00');
INSERT INTO `__PREFIX__cities` (`country_code`, `name`, `longitude`, `latitude`, `feature_class`, `feature_code`, `subadmin1_code`, `subadmin2_code`, `population`, `time_zone`, `active`, `created_at`, `updated_at`) VALUES ('PK','{\"en\":\"Bhawana\"}',72.65,31.57,'P','PPL','PK.04','PK.04.11886901',16218,'Asia/Karachi',1,'2019-12-05 23:00:00','2019-12-05 23:00:00');
INSERT INTO `__PREFIX__cities` (`country_code`, `name`, `longitude`, `latitude`, `feature_class`, `feature_code`, `subadmin1_code`, `subadmin2_code`, `population`, `time_zone`, `active`, `created_at`, `updated_at`) VALUES ('PK','{\"en\":\"Bhan\"}',67.72,26.56,'P','PPL','PK.05','PK.05.7419156',16961,'Asia/Karachi',1,'2019-12-05 23:00:00','2019-12-05 23:00:00');
INSERT INTO `__PREFIX__cities` (`country_code`, `name`, `longitude`, `latitude`, `feature_class`, `feature_code`, `subadmin1_code`, `subadmin2_code`, `population`, `time_zone`, `active`, `created_at`, `updated_at`) VALUES ('PK','{\"en\":\"Bhalwal\"}',72.90,32.27,'P','PPL','PK.04','PK.04.1165999',74744,'Asia/Karachi',1,'2019-12-05 23:00:00','2019-12-05 23:00:00');
INSERT INTO `__PREFIX__cities` (`country_code`, `name`, `longitude`, `latitude`, `feature_class`, `feature_code`, `subadmin1_code`, `subadmin2_code`, `population`, `time_zone`, `active`, `created_at`, `updated_at`) VALUES ('PK','{\"en\":\"Bhakkar\"}',71.06,31.63,'P','PPLA2','PK.04','PK.04.7418966',81950,'Asia/Karachi',1,'2019-12-05 23:00:00','2019-12-05 23:00:00');
INSERT INTO `__PREFIX__cities` (`country_code`, `name`, `longitude`, `latitude`, `feature_class`, `feature_code`, `subadmin1_code`, `subadmin2_code`, `population`, `time_zone`, `active`, `created_at`, `updated_at`) VALUES ('PK','{\"en\":\"Mianke Mor\"}',73.95,31.20,'P','PPL','PK.04','PK.04.1174623',86900,'Asia/Karachi',1,'2019-12-05 23:00:00','2019-12-05 23:00:00');
INSERT INTO `__PREFIX__cities` (`country_code`, `name`, `longitude`, `latitude`, `feature_class`, `feature_code`, `subadmin1_code`, `subadmin2_code`, `population`, `time_zone`, `active`, `created_at`, `updated_at`) VALUES ('PK','{\"en\":\"Bhag\"}',67.82,29.04,'P','PPL','PK.02','PK.02.11744836',14555,'Asia/Karachi',1,'2019-12-05 23:00:00','2019-12-05 23:00:00');
INSERT INTO `__PREFIX__cities` (`country_code`, `name`, `longitude`, `latitude`, `feature_class`, `feature_code`, `subadmin1_code`, `subadmin2_code`, `population`, `time_zone`, `active`, `created_at`, `updated_at`) VALUES ('PK','{\"en\":\"Berani\"}',68.81,25.78,'P','PPL','PK.05','PK.05.1166162',9975,'Asia/Karachi',1,'2019-12-05 23:00:00','2019-12-05 23:00:00');
INSERT INTO `__PREFIX__cities` (`country_code`, `name`, `longitude`, `latitude`, `feature_class`, `feature_code`, `subadmin1_code`, `subadmin2_code`, `population`, `time_zone`, `active`, `created_at`, `updated_at`) VALUES ('PK','{\"en\":\"Bela\"}',66.31,26.23,'P','PPL','PK.02','PK.02.1172115',20119,'Asia/Karachi',1,'2019-12-05 23:00:00','2019-12-05 23:00:00');
INSERT INTO `__PREFIX__cities` (`country_code`, `name`, `longitude`, `latitude`, `feature_class`, `feature_code`, `subadmin1_code`, `subadmin2_code`, `population`, `time_zone`, `active`, `created_at`, `updated_at`) VALUES ('PK','{\"en\":\"Begowala\"}',74.27,32.44,'P','PPL','PK.04','PK.04.1164908',9259,'Asia/Karachi',1,'2019-12-05 23:00:00','2019-12-05 23:00:00');
INSERT INTO `__PREFIX__cities` (`country_code`, `name`, `longitude`, `latitude`, `feature_class`, `feature_code`, `subadmin1_code`, `subadmin2_code`, `population`, `time_zone`, `active`, `created_at`, `updated_at`) VALUES ('PK','{\"en\":\"Bat Khela\"}',71.97,34.62,'P','PPL','PK.03','PK.03.1171388',46079,'Asia/Karachi',1,'2019-12-05 23:00:00','2019-12-05 23:00:00');
INSERT INTO `__PREFIX__cities` (`country_code`, `name`, `longitude`, `latitude`, `feature_class`, `feature_code`, `subadmin1_code`, `subadmin2_code`, `population`, `time_zone`, `active`, `created_at`, `updated_at`) VALUES ('PK','{\"en\":\"Battagram\"}',73.02,34.68,'P','PPLA2','PK.03','PK.03.8224052',700000,'Asia/Karachi',1,'2016-12-14 23:00:00','2016-12-14 23:00:00');
INSERT INTO `__PREFIX__cities` (`country_code`, `name`, `longitude`, `latitude`, `feature_class`, `feature_code`, `subadmin1_code`, `subadmin2_code`, `population`, `time_zone`, `active`, `created_at`, `updated_at`) VALUES ('PK','{\"en\":\"Basirpur\"}',73.84,30.58,'P','PPL','PK.04','PK.04.7418888',41617,'Asia/Karachi',1,'2020-01-07 23:00:00','2020-01-07 23:00:00');
INSERT INTO `__PREFIX__cities` (`country_code`, `name`, `longitude`, `latitude`, `feature_class`, `feature_code`, `subadmin1_code`, `subadmin2_code`, `population`, `time_zone`, `active`, `created_at`, `updated_at`) VALUES ('PK','{\"en\":\"Barkhan\"}',69.53,29.90,'P','PPLA2','PK.02','PK.02.6641912',8760,'Asia/Karachi',1,'2019-12-05 23:00:00','2019-12-05 23:00:00');
INSERT INTO `__PREFIX__cities` (`country_code`, `name`, `longitude`, `latitude`, `feature_class`, `feature_code`, `subadmin1_code`, `subadmin2_code`, `population`, `time_zone`, `active`, `created_at`, `updated_at`) VALUES ('PK','{\"en\":\"Bannu\"}',70.60,32.99,'P','PPLA2','PK.03','PK.03.1183459',49008,'Asia/Karachi',1,'2019-12-05 23:00:00','2019-12-05 23:00:00');
INSERT INTO `__PREFIX__cities` (`country_code`, `name`, `longitude`, `latitude`, `feature_class`, `feature_code`, `subadmin1_code`, `subadmin2_code`, `population`, `time_zone`, `active`, `created_at`, `updated_at`) VALUES ('PK','{\"en\":\"Bandhi\"}',68.30,26.59,'P','PPL','PK.05','PK.05.1169115',8608,'Asia/Karachi',1,'2019-12-05 23:00:00','2019-12-05 23:00:00');
INSERT INTO `__PREFIX__cities` (`country_code`, `name`, `longitude`, `latitude`, `feature_class`, `feature_code`, `subadmin1_code`, `subadmin2_code`, `population`, `time_zone`, `active`, `created_at`, `updated_at`) VALUES ('PK','{\"en\":\"Bahawalpur\"}',71.68,29.40,'P','PPLA2','PK.04','PK.04.1183876',552607,'Asia/Karachi',1,'2019-12-05 23:00:00','2019-12-05 23:00:00');
INSERT INTO `__PREFIX__cities` (`country_code`, `name`, `longitude`, `latitude`, `feature_class`, `feature_code`, `subadmin1_code`, `subadmin2_code`, `population`, `time_zone`, `active`, `created_at`, `updated_at`) VALUES ('PK','{\"en\":\"Bahawalnagar\"}',73.25,30.00,'P','PPLA2','PK.04','PK.04.1183882',126617,'Asia/Karachi',1,'2019-12-05 23:00:00','2019-12-05 23:00:00');
INSERT INTO `__PREFIX__cities` (`country_code`, `name`, `longitude`, `latitude`, `feature_class`, `feature_code`, `subadmin1_code`, `subadmin2_code`, `population`, `time_zone`, `active`, `created_at`, `updated_at`) VALUES ('PK','{\"en\":\"Bagarji\"}',68.76,27.75,'P','PPL','PK.05','PK.05.1164407',8005,'Asia/Karachi',1,'2019-12-05 23:00:00','2019-12-05 23:00:00');
INSERT INTO `__PREFIX__cities` (`country_code`, `name`, `longitude`, `latitude`, `feature_class`, `feature_code`, `subadmin1_code`, `subadmin2_code`, `population`, `time_zone`, `active`, `created_at`, `updated_at`) VALUES ('PK','{\"en\":\"Baffa\"}',73.22,34.44,'P','PPL','PK.03','PK.03.1170950',14047,'Asia/Karachi',1,'2019-12-05 23:00:00','2019-12-05 23:00:00');
INSERT INTO `__PREFIX__cities` (`country_code`, `name`, `longitude`, `latitude`, `feature_class`, `feature_code`, `subadmin1_code`, `subadmin2_code`, `population`, `time_zone`, `active`, `created_at`, `updated_at`) VALUES ('PK','{\"en\":\"Badin\"}',68.84,24.66,'P','PPLA2','PK.05','PK.05.1184051',73569,'Asia/Karachi',1,'2019-12-05 23:00:00','2019-12-05 23:00:00');
INSERT INTO `__PREFIX__cities` (`country_code`, `name`, `longitude`, `latitude`, `feature_class`, `feature_code`, `subadmin1_code`, `subadmin2_code`, `population`, `time_zone`, `active`, `created_at`, `updated_at`) VALUES ('PK','{\"en\":\"Baddomalhi\"}',74.66,31.99,'P','PPL','PK.04','PK.04.7418968',18435,'Asia/Karachi',1,'2019-12-05 23:00:00','2019-12-05 23:00:00');
INSERT INTO `__PREFIX__cities` (`country_code`, `name`, `longitude`, `latitude`, `feature_class`, `feature_code`, `subadmin1_code`, `subadmin2_code`, `population`, `time_zone`, `active`, `created_at`, `updated_at`) VALUES ('PK','{\"en\":\"Attock City\"}',72.36,33.77,'P','PPLA2','PK.04','PK.04.1184248',85479,'Asia/Karachi',1,'2019-12-05 23:00:00','2019-12-05 23:00:00');
INSERT INTO `__PREFIX__cities` (`country_code`, `name`, `longitude`, `latitude`, `feature_class`, `feature_code`, `subadmin1_code`, `subadmin2_code`, `population`, `time_zone`, `active`, `created_at`, `updated_at`) VALUES ('PK','{\"en\":\"Arifwala\"}',73.07,30.29,'P','PPL','PK.04','PK.04.7418850',87360,'Asia/Karachi',1,'2019-12-05 23:00:00','2019-12-05 23:00:00');
INSERT INTO `__PREFIX__cities` (`country_code`, `name`, `longitude`, `latitude`, `feature_class`, `feature_code`, `subadmin1_code`, `subadmin2_code`, `population`, `time_zone`, `active`, `created_at`, `updated_at`) VALUES ('PK','{\"en\":\"Aman Garh\"}',71.93,34.01,'P','PPL','PK.03','PK.03.7419052',25723,'Asia/Karachi',1,'2019-12-05 23:00:00','2019-12-05 23:00:00');
INSERT INTO `__PREFIX__cities` (`country_code`, `name`, `longitude`, `latitude`, `feature_class`, `feature_code`, `subadmin1_code`, `subadmin2_code`, `population`, `time_zone`, `active`, `created_at`, `updated_at`) VALUES ('PK','{\"en\":\"Alipur\"}',70.91,29.38,'P','PPL','PK.04','PK.04.1169603',33601,'Asia/Karachi',1,'2019-12-05 23:00:00','2019-12-05 23:00:00');
INSERT INTO `__PREFIX__cities` (`country_code`, `name`, `longitude`, `latitude`, `feature_class`, `feature_code`, `subadmin1_code`, `subadmin2_code`, `population`, `time_zone`, `active`, `created_at`, `updated_at`) VALUES ('PK','{\"en\":\"Akora\"}',72.13,34.00,'P','PPL','PK.03','PK.03.7419052',23288,'Asia/Karachi',1,'2019-12-05 23:00:00','2019-12-05 23:00:00');
INSERT INTO `__PREFIX__cities` (`country_code`, `name`, `longitude`, `latitude`, `feature_class`, `feature_code`, `subadmin1_code`, `subadmin2_code`, `population`, `time_zone`, `active`, `created_at`, `updated_at`) VALUES ('PK','{\"en\":\"Ahmadpur East\"}',71.26,29.14,'P','PPL','PK.04','PK.04.1183876',116579,'Asia/Karachi',1,'2019-12-05 23:00:00','2019-12-05 23:00:00');
INSERT INTO `__PREFIX__cities` (`country_code`, `name`, `longitude`, `latitude`, `feature_class`, `feature_code`, `subadmin1_code`, `subadmin2_code`, `population`, `time_zone`, `active`, `created_at`, `updated_at`) VALUES ('PK','{\"en\":\"Abbottabad\"}',73.21,34.15,'P','PPLA2','PK.03','PK.03.1185055',120000,'Asia/Karachi',1,'2020-06-30 23:00:00','2020-06-30 23:00:00');
INSERT INTO `__PREFIX__cities` (`country_code`, `name`, `longitude`, `latitude`, `feature_class`, `feature_code`, `subadmin1_code`, `subadmin2_code`, `population`, `time_zone`, `active`, `created_at`, `updated_at`) VALUES ('PK','{\"en\":\"Bahawalnagar\"}',73.39,30.55,'P','PPL','PK.04','PK.04.7418888',126700,'Asia/Karachi',1,'2019-12-05 23:00:00','2019-12-05 23:00:00');
INSERT INTO `__PREFIX__cities` (`country_code`, `name`, `longitude`, `latitude`, `feature_class`, `feature_code`, `subadmin1_code`, `subadmin2_code`, `population`, `time_zone`, `active`, `created_at`, `updated_at`) VALUES ('PK','{\"en\":\"Nowshera Cantonment\"}',72.00,34.00,'P','PPL','PK.03','PK.03.7419052',96766,'Asia/Karachi',1,'2019-12-05 23:00:00','2019-12-05 23:00:00');
INSERT INTO `__PREFIX__cities` (`country_code`, `name`, `longitude`, `latitude`, `feature_class`, `feature_code`, `subadmin1_code`, `subadmin2_code`, `population`, `time_zone`, `active`, `created_at`, `updated_at`) VALUES ('PK','{\"en\":\"Alik Ghund\"}',67.52,30.49,'P','PPL','PK.02','PK.02.6641972',7630,'Asia/Karachi',1,'2019-12-05 23:00:00','2019-12-05 23:00:00');
INSERT INTO `__PREFIX__cities` (`country_code`, `name`, `longitude`, `latitude`, `feature_class`, `feature_code`, `subadmin1_code`, `subadmin2_code`, `population`, `time_zone`, `active`, `created_at`, `updated_at`) VALUES ('PK','{\"en\":\"Khadan Khak\"}',67.71,30.75,'P','PPL','PK.02','PK.02.6641963',6622,'Asia/Karachi',1,'2019-12-05 23:00:00','2019-12-05 23:00:00');
INSERT INTO `__PREFIX__cities` (`country_code`, `name`, `longitude`, `latitude`, `feature_class`, `feature_code`, `subadmin1_code`, `subadmin2_code`, `population`, `time_zone`, `active`, `created_at`, `updated_at`) VALUES ('PK','{\"en\":\"Ahmadpur Sial\"}',71.74,30.68,'P','PPL','PK.04','PK.04.1175906',24889,'Asia/Karachi',1,'2019-12-05 23:00:00','2019-12-05 23:00:00');
INSERT INTO `__PREFIX__cities` (`country_code`, `name`, `longitude`, `latitude`, `feature_class`, `feature_code`, `subadmin1_code`, `subadmin2_code`, `population`, `time_zone`, `active`, `created_at`, `updated_at`) VALUES ('PK','{\"en\":\"New Bādāh\"}',68.03,27.34,'P','PPL','PK.05','PK.05.1172127',38855,'Asia/Karachi',1,'2019-12-05 23:00:00','2019-12-05 23:00:00');
INSERT INTO `__PREFIX__cities` (`country_code`, `name`, `longitude`, `latitude`, `feature_class`, `feature_code`, `subadmin1_code`, `subadmin2_code`, `population`, `time_zone`, `active`, `created_at`, `updated_at`) VALUES ('PK','{\"en\":\"Jām Sāhib\"}',68.63,26.30,'P','PPL','PK.05','PK.05.1169115',6869,'Asia/Karachi',1,'2019-12-05 23:00:00','2019-12-05 23:00:00');
INSERT INTO `__PREFIX__cities` (`country_code`, `name`, `longitude`, `latitude`, `feature_class`, `feature_code`, `subadmin1_code`, `subadmin2_code`, `population`, `time_zone`, `active`, `created_at`, `updated_at`) VALUES ('PK','{\"en\":\"Setharja Old\"}',68.47,27.21,'P','PPL','PK.05','PK.05.1174349',32651,'Asia/Karachi',1,'2019-12-05 23:00:00','2019-12-05 23:00:00');
INSERT INTO `__PREFIX__cities` (`country_code`, `name`, `longitude`, `latitude`, `feature_class`, `feature_code`, `subadmin1_code`, `subadmin2_code`, `population`, `time_zone`, `active`, `created_at`, `updated_at`) VALUES ('PK','{\"en\":\"Sook Kalan\"}',74.15,32.60,'P','PPL','PK.04','PK.04.1177651',20000,'Asia/Karachi',1,'2020-10-10 23:00:00','2020-10-10 23:00:00');
INSERT INTO `__PREFIX__cities` (`country_code`, `name`, `longitude`, `latitude`, `feature_class`, `feature_code`, `subadmin1_code`, `subadmin2_code`, `population`, `time_zone`, `active`, `created_at`, `updated_at`) VALUES ('PK','{\"en\":\"Risalpur Cantonment\"}',71.99,34.06,'P','PPL','PK.03','PK.03.7419052',37084,'Asia/Karachi',1,'2019-12-05 23:00:00','2019-12-05 23:00:00');
INSERT INTO `__PREFIX__cities` (`country_code`, `name`, `longitude`, `latitude`, `feature_class`, `feature_code`, `subadmin1_code`, `subadmin2_code`, `population`, `time_zone`, `active`, `created_at`, `updated_at`) VALUES ('PK','{\"en\":\"Malakwal City\"}',73.21,32.55,'P','PPL','PK.04','PK.04.7418963',35000,'Asia/Karachi',1,'2019-12-05 23:00:00','2019-12-05 23:00:00');
INSERT INTO `__PREFIX__cities` (`country_code`, `name`, `longitude`, `latitude`, `feature_class`, `feature_code`, `subadmin1_code`, `subadmin2_code`, `population`, `time_zone`, `active`, `created_at`, `updated_at`) VALUES ('PK','{\"en\":\"Nazir Town\"}',73.48,33.31,'P','PPL','PK.04','PK.04.1180287',6750,'Asia/Karachi',1,'2011-02-07 23:00:00','2011-02-07 23:00:00');
/*!40000 ALTER TABLE `__PREFIX__cities` ENABLE KEYS */;
/*!40103 SET TIME_ZONE=@OLD_TIME_ZONE */;

/*!40101 SET SQL_MODE=@OLD_SQL_MODE */;
/*!40014 SET FOREIGN_KEY_CHECKS=@OLD_FOREIGN_KEY_CHECKS */;
/*!40014 SET UNIQUE_CHECKS=@OLD_UNIQUE_CHECKS */;
/*!40101 SET CHARACTER_SET_CLIENT=@OLD_CHARACTER_SET_CLIENT */;
/*!40101 SET CHARACTER_SET_RESULTS=@OLD_CHARACTER_SET_RESULTS */;
/*!40101 SET COLLATION_CONNECTION=@OLD_COLLATION_CONNECTION */;
/*!40111 SET SQL_NOTES=@OLD_SQL_NOTES */;

-- Dump completed
