-- MySQL dump 10.13  Distrib 5.7.34, for osx10.12 (x86_64)
--
-- Host: 127.0.0.1    Database: laraclassifier
-- ------------------------------------------------------
-- Server version	5.7.34

/*!40101 SET @OLD_CHARACTER_SET_CLIENT=@@CHARACTER_SET_CLIENT */;
/*!40101 SET @OLD_CHARACTER_SET_RESULTS=@@CHARACTER_SET_RESULTS */;
/*!40101 SET @OLD_COLLATION_CONNECTION=@@COLLATION_CONNECTION */;
/*!40101 SET NAMES utf8 */;
/*!40103 SET @OLD_TIME_ZONE=@@TIME_ZONE */;
/*!40103 SET TIME_ZONE='+00:00' */;
/*!40014 SET @OLD_UNIQUE_CHECKS=@@UNIQUE_CHECKS, UNIQUE_CHECKS=0 */;
/*!40014 SET @OLD_FOREIGN_KEY_CHECKS=@@FOREIGN_KEY_CHECKS, FOREIGN_KEY_CHECKS=0 */;
/*!40101 SET @OLD_SQL_MODE=@@SQL_MODE, SQL_MODE='NO_AUTO_VALUE_ON_ZERO' */;
/*!40111 SET @OLD_SQL_NOTES=@@SQL_NOTES, SQL_NOTES=0 */;

--
-- Dumping data for table `__PREFIX__subadmin1`
--

/*!40000 ALTER TABLE `__PREFIX__subadmin1` DISABLE KEYS */;
INSERT INTO `__PREFIX__subadmin1` (`code`, `country_code`, `name`, `active`) VALUES ('PS.GZ','PS','{\"en\":\"Gaza Strip\"}',1);
INSERT INTO `__PREFIX__subadmin1` (`code`, `country_code`, `name`, `active`) VALUES ('PS.WE','PS','{\"en\":\"West Bank\"}',1);
/*!40000 ALTER TABLE `__PREFIX__subadmin1` ENABLE KEYS */;

--
-- Dumping data for table `__PREFIX__subadmin2`
--

/*!40000 ALTER TABLE `__PREFIX__subadmin2` DISABLE KEYS */;
INSERT INTO `__PREFIX__subadmin2` (`code`, `country_code`, `subadmin1_code`, `name`, `active`) VALUES ('PS.WE.7828733','PS','PS.WE','{\"en\":\"Jenin\"}',1);
INSERT INTO `__PREFIX__subadmin2` (`code`, `country_code`, `subadmin1_code`, `name`, `active`) VALUES ('PS.GZ.7870260','PS','PS.GZ','{\"en\":\"Rafah\"}',1);
INSERT INTO `__PREFIX__subadmin2` (`code`, `country_code`, `subadmin1_code`, `name`, `active`) VALUES ('PS.GZ.7870263','PS','PS.GZ','{\"en\":\"North Gaza\"}',1);
INSERT INTO `__PREFIX__subadmin2` (`code`, `country_code`, `subadmin1_code`, `name`, `active`) VALUES ('PS.GZ.7870268','PS','PS.GZ','{\"en\":\"Deir Al Balah\"}',1);
INSERT INTO `__PREFIX__subadmin2` (`code`, `country_code`, `subadmin1_code`, `name`, `active`) VALUES ('PS.WE.7870463','PS','PS.WE','{\"en\":\"Bethlehem\"}',1);
INSERT INTO `__PREFIX__subadmin2` (`code`, `country_code`, `subadmin1_code`, `name`, `active`) VALUES ('PS.WE.7870555','PS','PS.WE','{\"en\":\"Nablus\"}',1);
INSERT INTO `__PREFIX__subadmin2` (`code`, `country_code`, `subadmin1_code`, `name`, `active`) VALUES ('PS.WE.7870644','PS','PS.WE','{\"en\":\"Tulkarm\"}',1);
INSERT INTO `__PREFIX__subadmin2` (`code`, `country_code`, `subadmin1_code`, `name`, `active`) VALUES ('PS.WE.7870648','PS','PS.WE','{\"en\":\"Tubas\"}',1);
INSERT INTO `__PREFIX__subadmin2` (`code`, `country_code`, `subadmin1_code`, `name`, `active`) VALUES ('PS.WE.7870649','PS','PS.WE','{\"en\":\"Qalqilya\"}',1);
INSERT INTO `__PREFIX__subadmin2` (`code`, `country_code`, `subadmin1_code`, `name`, `active`) VALUES ('PS.WE.7870652','PS','PS.WE','{\"en\":\"Salfit\"}',1);
INSERT INTO `__PREFIX__subadmin2` (`code`, `country_code`, `subadmin1_code`, `name`, `active`) VALUES ('PS.WE.7870653','PS','PS.WE','{\"en\":\"Jericho\"}',1);
INSERT INTO `__PREFIX__subadmin2` (`code`, `country_code`, `subadmin1_code`, `name`, `active`) VALUES ('PS.WE.7870654','PS','PS.WE','{\"en\":\"Al Quds\"}',1);
INSERT INTO `__PREFIX__subadmin2` (`code`, `country_code`, `subadmin1_code`, `name`, `active`) VALUES ('PS.WE.7870657','PS','PS.WE','{\"en\":\"Ramallah\"}',1);
INSERT INTO `__PREFIX__subadmin2` (`code`, `country_code`, `subadmin1_code`, `name`, `active`) VALUES ('PS.WE.7870658','PS','PS.WE','{\"en\":\"Al Khalil\"}',1);
INSERT INTO `__PREFIX__subadmin2` (`code`, `country_code`, `subadmin1_code`, `name`, `active`) VALUES ('PS.GZ.7871092','PS','PS.GZ','{\"en\":\"Khan Yunis Governorate\"}',1);
INSERT INTO `__PREFIX__subadmin2` (`code`, `country_code`, `subadmin1_code`, `name`, `active`) VALUES ('PS.GZ.11184609','PS','PS.GZ','{\"en\":\"Gaza\"}',1);
/*!40000 ALTER TABLE `__PREFIX__subadmin2` ENABLE KEYS */;

--
-- Dumping data for table `__PREFIX__cities`
--

/*!40000 ALTER TABLE `__PREFIX__cities` DISABLE KEYS */;
INSERT INTO `__PREFIX__cities` (`country_code`, `name`, `longitude`, `latitude`, `feature_class`, `feature_code`, `subadmin1_code`, `subadmin2_code`, `population`, `time_zone`, `active`, `created_at`, `updated_at`) VALUES ('PS','{\"en\":\"Shūkat aş Şūfī\"}',34.28,31.26,'P','PPL','PS.GZ',NULL,10566,'Asia/Gaza',1,'2020-06-09 23:00:00','2020-06-09 23:00:00');
INSERT INTO `__PREFIX__cities` (`country_code`, `name`, `longitude`, `latitude`, `feature_class`, `feature_code`, `subadmin1_code`, `subadmin2_code`, `population`, `time_zone`, `active`, `created_at`, `updated_at`) VALUES ('PS','{\"en\":\"Rafaḩ\"}',34.24,31.30,'P','PPLA2','PS.GZ','PS.GZ.7870260',126305,'Asia/Gaza',1,'2019-03-23 23:00:00','2019-03-23 23:00:00');
INSERT INTO `__PREFIX__cities` (`country_code`, `name`, `longitude`, `latitude`, `feature_class`, `feature_code`, `subadmin1_code`, `subadmin2_code`, `population`, `time_zone`, `active`, `created_at`, `updated_at`) VALUES ('PS','{\"en\":\"An Nuşayrāt\"}',34.39,31.45,'P','PPL','PS.GZ','PS.GZ.7870268',36123,'Asia/Gaza',1,'2020-06-09 23:00:00','2020-06-09 23:00:00');
INSERT INTO `__PREFIX__cities` (`country_code`, `name`, `longitude`, `latitude`, `feature_class`, `feature_code`, `subadmin1_code`, `subadmin2_code`, `population`, `time_zone`, `active`, `created_at`, `updated_at`) VALUES ('PS','{\"en\":\"Khuzā‘ah\"}',34.36,31.31,'P','PPL','PS.GZ',NULL,9023,'Asia/Gaza',1,'2012-02-01 23:00:00','2012-02-01 23:00:00');
INSERT INTO `__PREFIX__cities` (`country_code`, `name`, `longitude`, `latitude`, `feature_class`, `feature_code`, `subadmin1_code`, `subadmin2_code`, `population`, `time_zone`, `active`, `created_at`, `updated_at`) VALUES ('PS','{\"en\":\"Khān Yūnis\"}',34.31,31.34,'P','PPLA2','PS.GZ','PS.GZ.7871092',173183,'Asia/Gaza',1,'2019-03-23 23:00:00','2019-03-23 23:00:00');
INSERT INTO `__PREFIX__cities` (`country_code`, `name`, `longitude`, `latitude`, `feature_class`, `feature_code`, `subadmin1_code`, `subadmin2_code`, `population`, `time_zone`, `active`, `created_at`, `updated_at`) VALUES ('PS','{\"en\":\"Jabālyā\"}',34.48,31.53,'P','PPL','PS.GZ','PS.GZ.7870263',168568,'Asia/Gaza',1,'2020-06-09 23:00:00','2020-06-09 23:00:00');
INSERT INTO `__PREFIX__cities` (`country_code`, `name`, `longitude`, `latitude`, `feature_class`, `feature_code`, `subadmin1_code`, `subadmin2_code`, `population`, `time_zone`, `active`, `created_at`, `updated_at`) VALUES ('PS','{\"en\":\"Gaza\"}',34.47,31.50,'P','PPLA','PS.GZ','PS.GZ.11184609',410000,'Asia/Gaza',1,'2019-03-23 23:00:00','2019-03-23 23:00:00');
INSERT INTO `__PREFIX__cities` (`country_code`, `name`, `longitude`, `latitude`, `feature_class`, `feature_code`, `subadmin1_code`, `subadmin2_code`, `population`, `time_zone`, `active`, `created_at`, `updated_at`) VALUES ('PS','{\"en\":\"Dayr al Balaḩ\"}',34.35,31.42,'P','PPLA2','PS.GZ','PS.GZ.7870268',59504,'Asia/Gaza',1,'2020-01-07 23:00:00','2020-01-07 23:00:00');
INSERT INTO `__PREFIX__cities` (`country_code`, `name`, `longitude`, `latitude`, `feature_class`, `feature_code`, `subadmin1_code`, `subadmin2_code`, `population`, `time_zone`, `active`, `created_at`, `updated_at`) VALUES ('PS','{\"en\":\"Bayt Lāhyā\"}',34.50,31.55,'P','PPL','PS.GZ','PS.GZ.7870263',56919,'Asia/Gaza',1,'2017-09-04 23:00:00','2017-09-04 23:00:00');
INSERT INTO `__PREFIX__cities` (`country_code`, `name`, `longitude`, `latitude`, `feature_class`, `feature_code`, `subadmin1_code`, `subadmin2_code`, `population`, `time_zone`, `active`, `created_at`, `updated_at`) VALUES ('PS','{\"en\":\"Bayt Ḩānūn\"}',34.54,31.54,'P','PPL','PS.GZ','PS.GZ.7870263',37392,'Asia/Gaza',1,'2020-06-09 23:00:00','2020-06-09 23:00:00');
INSERT INTO `__PREFIX__cities` (`country_code`, `name`, `longitude`, `latitude`, `feature_class`, `feature_code`, `subadmin1_code`, `subadmin2_code`, `population`, `time_zone`, `active`, `created_at`, `updated_at`) VALUES ('PS','{\"en\":\"Banī Suhaylā\"}',34.32,31.34,'P','PPL','PS.GZ','PS.GZ.7871092',31272,'Asia/Gaza',1,'2020-06-09 23:00:00','2020-06-09 23:00:00');
INSERT INTO `__PREFIX__cities` (`country_code`, `name`, `longitude`, `latitude`, `feature_class`, `feature_code`, `subadmin1_code`, `subadmin2_code`, `population`, `time_zone`, `active`, `created_at`, `updated_at`) VALUES ('PS','{\"en\":\"Al Fukhkhārī\"}',34.33,31.29,'P','PPL','PS.GZ',NULL,5464,'Asia/Gaza',1,'2020-06-09 23:00:00','2020-06-09 23:00:00');
INSERT INTO `__PREFIX__cities` (`country_code`, `name`, `longitude`, `latitude`, `feature_class`, `feature_code`, `subadmin1_code`, `subadmin2_code`, `population`, `time_zone`, `active`, `created_at`, `updated_at`) VALUES ('PS','{\"en\":\"Al Burayj\"}',34.40,31.44,'P','PPL','PS.GZ','PS.GZ.7870268',34951,'Asia/Gaza',1,'2019-05-02 23:00:00','2019-05-02 23:00:00');
INSERT INTO `__PREFIX__cities` (`country_code`, `name`, `longitude`, `latitude`, `feature_class`, `feature_code`, `subadmin1_code`, `subadmin2_code`, `population`, `time_zone`, `active`, `created_at`, `updated_at`) VALUES ('PS','{\"en\":\"‘Abasān al Kabīrah\"}',34.34,31.32,'P','PPL','PS.GZ','PS.GZ.7871092',18163,'Asia/Gaza',1,'2019-05-02 23:00:00','2019-05-02 23:00:00');
INSERT INTO `__PREFIX__cities` (`country_code`, `name`, `longitude`, `latitude`, `feature_class`, `feature_code`, `subadmin1_code`, `subadmin2_code`, `population`, `time_zone`, `active`, `created_at`, `updated_at`) VALUES ('PS','{\"en\":\"Za‘tarah\"}',35.26,31.67,'P','PPL','PS.WE',NULL,6210,'Asia/Hebron',1,'2012-01-17 23:00:00','2012-01-17 23:00:00');
INSERT INTO `__PREFIX__cities` (`country_code`, `name`, `longitude`, `latitude`, `feature_class`, `feature_code`, `subadmin1_code`, `subadmin2_code`, `population`, `time_zone`, `active`, `created_at`, `updated_at`) VALUES ('PS','{\"en\":\"Yaţţā\"}',35.09,31.45,'P','PPL','PS.WE','PS.WE.7870654',41425,'Asia/Hebron',1,'2020-07-08 23:00:00','2020-07-08 23:00:00');
INSERT INTO `__PREFIX__cities` (`country_code`, `name`, `longitude`, `latitude`, `feature_class`, `feature_code`, `subadmin1_code`, `subadmin2_code`, `population`, `time_zone`, `active`, `created_at`, `updated_at`) VALUES ('PS','{\"en\":\"Ya‘bad\"}',35.17,32.45,'P','PPL','PS.WE',NULL,13477,'Asia/Hebron',1,'2012-01-17 23:00:00','2012-01-17 23:00:00');
INSERT INTO `__PREFIX__cities` (`country_code`, `name`, `longitude`, `latitude`, `feature_class`, `feature_code`, `subadmin1_code`, `subadmin2_code`, `population`, `time_zone`, `active`, `created_at`, `updated_at`) VALUES ('PS','{\"en\":\"Ţūlkarm\"}',35.03,32.31,'P','PPL','PS.WE','PS.WE.7870644',44169,'Asia/Hebron',1,'2020-01-07 23:00:00','2020-01-07 23:00:00');
INSERT INTO `__PREFIX__cities` (`country_code`, `name`, `longitude`, `latitude`, `feature_class`, `feature_code`, `subadmin1_code`, `subadmin2_code`, `population`, `time_zone`, `active`, `created_at`, `updated_at`) VALUES ('PS','{\"en\":\"Ţūbās\"}',35.37,32.32,'P','PPLA2','PS.WE','PS.WE.7870648',15591,'Asia/Hebron',1,'2019-03-23 23:00:00','2019-03-23 23:00:00');
INSERT INTO `__PREFIX__cities` (`country_code`, `name`, `longitude`, `latitude`, `feature_class`, `feature_code`, `subadmin1_code`, `subadmin2_code`, `population`, `time_zone`, `active`, `created_at`, `updated_at`) VALUES ('PS','{\"en\":\"Tarqūmyā\"}',35.01,31.58,'P','PPL','PS.WE','PS.WE.7870658',14202,'Asia/Hebron',1,'2020-06-09 23:00:00','2020-06-09 23:00:00');
INSERT INTO `__PREFIX__cities` (`country_code`, `name`, `longitude`, `latitude`, `feature_class`, `feature_code`, `subadmin1_code`, `subadmin2_code`, `population`, `time_zone`, `active`, `created_at`, `updated_at`) VALUES ('PS','{\"en\":\"Ţammūn\"}',35.38,32.28,'P','PPL','PS.WE','PS.WE.7870648',10119,'Asia/Hebron',1,'2017-09-04 23:00:00','2017-09-04 23:00:00');
INSERT INTO `__PREFIX__cities` (`country_code`, `name`, `longitude`, `latitude`, `feature_class`, `feature_code`, `subadmin1_code`, `subadmin2_code`, `population`, `time_zone`, `active`, `created_at`, `updated_at`) VALUES ('PS','{\"en\":\"Taffūḩ\"}',35.05,31.54,'P','PPL','PS.WE','PS.WE.7870658',9480,'Asia/Hebron',1,'2019-05-02 23:00:00','2019-05-02 23:00:00');
INSERT INTO `__PREFIX__cities` (`country_code`, `name`, `longitude`, `latitude`, `feature_class`, `feature_code`, `subadmin1_code`, `subadmin2_code`, `population`, `time_zone`, `active`, `created_at`, `updated_at`) VALUES ('PS','{\"en\":\"Şūrīf\"}',35.06,31.65,'P','PPL','PS.WE','PS.WE.7870658',12992,'Asia/Hebron',1,'2019-05-02 23:00:00','2019-05-02 23:00:00');
INSERT INTO `__PREFIX__cities` (`country_code`, `name`, `longitude`, `latitude`, `feature_class`, `feature_code`, `subadmin1_code`, `subadmin2_code`, `population`, `time_zone`, `active`, `created_at`, `updated_at`) VALUES ('PS','{\"en\":\"Sinjil\"}',35.27,32.03,'P','PPL','PS.WE','PS.WE.7870657',5371,'Asia/Hebron',1,'2019-05-02 23:00:00','2019-05-02 23:00:00');
INSERT INTO `__PREFIX__cities` (`country_code`, `name`, `longitude`, `latitude`, `feature_class`, `feature_code`, `subadmin1_code`, `subadmin2_code`, `population`, `time_zone`, `active`, `created_at`, `updated_at`) VALUES ('PS','{\"en\":\"Silwād\"}',35.26,31.98,'P','PPL','PS.WE','PS.WE.7870657',7006,'Asia/Hebron',1,'2019-05-02 23:00:00','2019-05-02 23:00:00');
INSERT INTO `__PREFIX__cities` (`country_code`, `name`, `longitude`, `latitude`, `feature_class`, `feature_code`, `subadmin1_code`, `subadmin2_code`, `population`, `time_zone`, `active`, `created_at`, `updated_at`) VALUES ('PS','{\"en\":\"Sīlat az̧ Z̧ahr\"}',35.18,32.32,'P','PPL','PS.WE','PS.WE.7828733',6079,'Asia/Hebron',1,'2020-06-09 23:00:00','2020-06-09 23:00:00');
INSERT INTO `__PREFIX__cities` (`country_code`, `name`, `longitude`, `latitude`, `feature_class`, `feature_code`, `subadmin1_code`, `subadmin2_code`, `population`, `time_zone`, `active`, `created_at`, `updated_at`) VALUES ('PS','{\"en\":\"Sīlat al Ḩārithīyah\"}',35.23,32.51,'P','PPL','PS.WE','PS.WE.7828733',9557,'Asia/Hebron',1,'2020-06-09 23:00:00','2020-06-09 23:00:00');
INSERT INTO `__PREFIX__cities` (`country_code`, `name`, `longitude`, `latitude`, `feature_class`, `feature_code`, `subadmin1_code`, `subadmin2_code`, `population`, `time_zone`, `active`, `created_at`, `updated_at`) VALUES ('PS','{\"en\":\"Sa‘īr\"}',35.14,31.58,'P','PPL','PS.WE',NULL,17775,'Asia/Hebron',1,'2012-01-17 23:00:00','2012-01-17 23:00:00');
INSERT INTO `__PREFIX__cities` (`country_code`, `name`, `longitude`, `latitude`, `feature_class`, `feature_code`, `subadmin1_code`, `subadmin2_code`, `population`, `time_zone`, `active`, `created_at`, `updated_at`) VALUES ('PS','{\"en\":\"Salfīt\"}',35.18,32.08,'P','PPL','PS.WE','PS.WE.7870652',11000,'Asia/Hebron',1,'2021-07-26 23:00:00','2021-07-26 23:00:00');
INSERT INTO `__PREFIX__cities` (`country_code`, `name`, `longitude`, `latitude`, `feature_class`, `feature_code`, `subadmin1_code`, `subadmin2_code`, `population`, `time_zone`, `active`, `created_at`, `updated_at`) VALUES ('PS','{\"en\":\"Ramallah\"}',35.20,31.90,'P','PPL','PS.WE','PS.WE.7870657',24599,'Asia/Hebron',1,'2017-09-04 23:00:00','2017-09-04 23:00:00');
INSERT INTO `__PREFIX__cities` (`country_code`, `name`, `longitude`, `latitude`, `feature_class`, `feature_code`, `subadmin1_code`, `subadmin2_code`, `population`, `time_zone`, `active`, `created_at`, `updated_at`) VALUES ('PS','{\"en\":\"Qaţanah\"}',35.12,31.83,'P','PPL','PS.WE','PS.WE.7870654',7274,'Asia/Hebron',1,'2020-06-09 23:00:00','2020-06-09 23:00:00');
INSERT INTO `__PREFIX__cities` (`country_code`, `name`, `longitude`, `latitude`, `feature_class`, `feature_code`, `subadmin1_code`, `subadmin2_code`, `population`, `time_zone`, `active`, `created_at`, `updated_at`) VALUES ('PS','{\"en\":\"Qarne Shomeron\"}',35.08,32.17,'P','STLMT','PS.WE',NULL,7713,'Asia/Hebron',1,'2021-04-27 23:00:00','2021-04-27 23:00:00');
INSERT INTO `__PREFIX__cities` (`country_code`, `name`, `longitude`, `latitude`, `feature_class`, `feature_code`, `subadmin1_code`, `subadmin2_code`, `population`, `time_zone`, `active`, `created_at`, `updated_at`) VALUES ('PS','{\"en\":\"Qalqīlyah\"}',34.97,32.19,'P','PPL','PS.WE','PS.WE.7870649',43212,'Asia/Hebron',1,'2021-06-09 23:00:00','2021-06-09 23:00:00');
INSERT INTO `__PREFIX__cities` (`country_code`, `name`, `longitude`, `latitude`, `feature_class`, `feature_code`, `subadmin1_code`, `subadmin2_code`, `population`, `time_zone`, `active`, `created_at`, `updated_at`) VALUES ('PS','{\"en\":\"Qaffīn\"}',35.08,32.43,'P','PPL','PS.WE','PS.WE.7870644',8489,'Asia/Hebron',1,'2020-06-09 23:00:00','2020-06-09 23:00:00');
INSERT INTO `__PREFIX__cities` (`country_code`, `name`, `longitude`, `latitude`, `feature_class`, `feature_code`, `subadmin1_code`, `subadmin2_code`, `population`, `time_zone`, `active`, `created_at`, `updated_at`) VALUES ('PS','{\"en\":\"Qabāţīyah\"}',35.28,32.41,'P','PPL','PS.WE','PS.WE.7828733',19127,'Asia/Hebron',1,'2020-06-09 23:00:00','2020-06-09 23:00:00');
INSERT INTO `__PREFIX__cities` (`country_code`, `name`, `longitude`, `latitude`, `feature_class`, `feature_code`, `subadmin1_code`, `subadmin2_code`, `population`, `time_zone`, `active`, `created_at`, `updated_at`) VALUES ('PS','{\"en\":\"Qabalān\"}',35.29,32.10,'P','PPL','PS.WE','PS.WE.7870555',7043,'Asia/Hebron',1,'2020-06-09 23:00:00','2020-06-09 23:00:00');
INSERT INTO `__PREFIX__cities` (`country_code`, `name`, `longitude`, `latitude`, `feature_class`, `feature_code`, `subadmin1_code`, `subadmin2_code`, `population`, `time_zone`, `active`, `created_at`, `updated_at`) VALUES ('PS','{\"en\":\"Naḩḩālīn\"}',35.12,31.69,'P','PPL','PS.WE','PS.WE.7870463',6215,'Asia/Hebron',1,'2019-05-02 23:00:00','2019-05-02 23:00:00');
INSERT INTO `__PREFIX__cities` (`country_code`, `name`, `longitude`, `latitude`, `feature_class`, `feature_code`, `subadmin1_code`, `subadmin2_code`, `population`, `time_zone`, `active`, `created_at`, `updated_at`) VALUES ('PS','{\"en\":\"Nablus\"}',35.25,32.22,'P','PPLA2','PS.WE','PS.WE.7870555',130326,'Asia/Hebron',1,'2020-01-01 23:00:00','2020-01-01 23:00:00');
INSERT INTO `__PREFIX__cities` (`country_code`, `name`, `longitude`, `latitude`, `feature_class`, `feature_code`, `subadmin1_code`, `subadmin2_code`, `population`, `time_zone`, `active`, `created_at`, `updated_at`) VALUES ('PS','{\"en\":\"Banī Zayd ash Shārqīyah\"}',35.17,32.05,'P','PPL','PS.WE',NULL,5015,'Asia/Hebron',1,'2012-01-17 23:00:00','2012-01-17 23:00:00');
INSERT INTO `__PREFIX__cities` (`country_code`, `name`, `longitude`, `latitude`, `feature_class`, `feature_code`, `subadmin1_code`, `subadmin2_code`, `population`, `time_zone`, `active`, `created_at`, `updated_at`) VALUES ('PS','{\"en\":\"Maythalūn\"}',35.27,32.35,'P','PPL','PS.WE','PS.WE.7828733',6804,'Asia/Hebron',1,'2019-05-02 23:00:00','2019-05-02 23:00:00');
INSERT INTO `__PREFIX__cities` (`country_code`, `name`, `longitude`, `latitude`, `feature_class`, `feature_code`, `subadmin1_code`, `subadmin2_code`, `population`, `time_zone`, `active`, `created_at`, `updated_at`) VALUES ('PS','{\"en\":\"Ma‘ale Adummim\"}',35.30,31.78,'P','STLMT','PS.WE',NULL,38193,'Asia/Hebron',1,'2020-10-11 23:00:00','2020-10-11 23:00:00');
INSERT INTO `__PREFIX__cities` (`country_code`, `name`, `longitude`, `latitude`, `feature_class`, `feature_code`, `subadmin1_code`, `subadmin2_code`, `population`, `time_zone`, `active`, `created_at`, `updated_at`) VALUES ('PS','{\"en\":\"Kokhav Ya‘aqov\"}',35.24,31.88,'P','STLMT','PS.WE',NULL,8194,'Asia/Hebron',1,'2020-11-09 23:00:00','2020-11-09 23:00:00');
INSERT INTO `__PREFIX__cities` (`country_code`, `name`, `longitude`, `latitude`, `feature_class`, `feature_code`, `subadmin1_code`, `subadmin2_code`, `population`, `time_zone`, `active`, `created_at`, `updated_at`) VALUES ('PS','{\"en\":\"Bayt ‘Awwā\"}',34.95,31.51,'P','PPL','PS.WE','PS.WE.7870658',7943,'Asia/Hebron',1,'2019-05-02 23:00:00','2019-05-02 23:00:00');
INSERT INTO `__PREFIX__cities` (`country_code`, `name`, `longitude`, `latitude`, `feature_class`, `feature_code`, `subadmin1_code`, `subadmin2_code`, `population`, `time_zone`, `active`, `created_at`, `updated_at`) VALUES ('PS','{\"en\":\"Jannātah\"}',35.22,31.67,'P','PPL','PS.WE','PS.WE.7870463',5348,'Asia/Hebron',1,'2019-05-02 23:00:00','2019-05-02 23:00:00');
INSERT INTO `__PREFIX__cities` (`country_code`, `name`, `longitude`, `latitude`, `feature_class`, `feature_code`, `subadmin1_code`, `subadmin2_code`, `population`, `time_zone`, `active`, `created_at`, `updated_at`) VALUES ('PS','{\"en\":\"Kharbathā al Mişbāḩ\"}',35.07,31.89,'P','PPL','PS.WE','PS.WE.7870657',5141,'Asia/Hebron',1,'2017-09-04 23:00:00','2017-09-04 23:00:00');
INSERT INTO `__PREFIX__cities` (`country_code`, `name`, `longitude`, `latitude`, `feature_class`, `feature_code`, `subadmin1_code`, `subadmin2_code`, `population`, `time_zone`, `active`, `created_at`, `updated_at`) VALUES ('PS','{\"en\":\"Khārās\"}',35.04,31.61,'P','PPL','PS.WE',NULL,6885,'Asia/Hebron',1,'2012-02-27 23:00:00','2012-02-27 23:00:00');
INSERT INTO `__PREFIX__cities` (`country_code`, `name`, `longitude`, `latitude`, `feature_class`, `feature_code`, `subadmin1_code`, `subadmin2_code`, `population`, `time_zone`, `active`, `created_at`, `updated_at`) VALUES ('PS','{\"en\":\"Kafr Rā‘ī\"}',35.15,32.37,'P','PPL','PS.WE',NULL,7276,'Asia/Hebron',1,'2020-06-09 23:00:00','2020-06-09 23:00:00');
INSERT INTO `__PREFIX__cities` (`country_code`, `name`, `longitude`, `latitude`, `feature_class`, `feature_code`, `subadmin1_code`, `subadmin2_code`, `population`, `time_zone`, `active`, `created_at`, `updated_at`) VALUES ('PS','{\"en\":\"Janīn\"}',35.30,32.46,'P','PPL','PS.WE','PS.WE.7828733',34730,'Asia/Hebron',1,'2020-06-09 23:00:00','2020-06-09 23:00:00');
INSERT INTO `__PREFIX__cities` (`country_code`, `name`, `longitude`, `latitude`, `feature_class`, `feature_code`, `subadmin1_code`, `subadmin2_code`, `population`, `time_zone`, `active`, `created_at`, `updated_at`) VALUES ('PS','{\"en\":\"Jammā‘īn\"}',35.20,32.13,'P','PPL','PS.WE',NULL,6158,'Asia/Hebron',1,'2020-06-09 23:00:00','2020-06-09 23:00:00');
INSERT INTO `__PREFIX__cities` (`country_code`, `name`, `longitude`, `latitude`, `feature_class`, `feature_code`, `subadmin1_code`, `subadmin2_code`, `population`, `time_zone`, `active`, `created_at`, `updated_at`) VALUES ('PS','{\"en\":\"Jaba‘\"}',35.22,32.32,'P','PPL','PS.WE',NULL,8391,'Asia/Hebron',1,'2020-06-09 23:00:00','2020-06-09 23:00:00');
INSERT INTO `__PREFIX__cities` (`country_code`, `name`, `longitude`, `latitude`, `feature_class`, `feature_code`, `subadmin1_code`, `subadmin2_code`, `population`, `time_zone`, `active`, `created_at`, `updated_at`) VALUES ('PS','{\"en\":\"‘Illār\"}',35.11,32.37,'P','PPL','PS.WE','PS.WE.7870644',6681,'Asia/Hebron',1,'2017-09-04 23:00:00','2017-09-04 23:00:00');
INSERT INTO `__PREFIX__cities` (`country_code`, `name`, `longitude`, `latitude`, `feature_class`, `feature_code`, `subadmin1_code`, `subadmin2_code`, `population`, `time_zone`, `active`, `created_at`, `updated_at`) VALUES ('PS','{\"en\":\"Idhnā\"}',34.97,31.56,'P','PPL','PS.WE','PS.WE.7870658',18727,'Asia/Hebron',1,'2020-06-09 23:00:00','2020-06-09 23:00:00');
INSERT INTO `__PREFIX__cities` (`country_code`, `name`, `longitude`, `latitude`, `feature_class`, `feature_code`, `subadmin1_code`, `subadmin2_code`, `population`, `time_zone`, `active`, `created_at`, `updated_at`) VALUES ('PS','{\"en\":\"Ḩuwwārah\"}',35.26,32.15,'P','PPL','PS.WE',NULL,5633,'Asia/Hebron',1,'2012-02-27 23:00:00','2012-02-27 23:00:00');
INSERT INTO `__PREFIX__cities` (`country_code`, `name`, `longitude`, `latitude`, `feature_class`, `feature_code`, `subadmin1_code`, `subadmin2_code`, `population`, `time_zone`, `active`, `created_at`, `updated_at`) VALUES ('PS','{\"en\":\"Ḩūsān\"}',35.13,31.71,'P','PPL','PS.WE','PS.WE.7870463',5535,'Asia/Hebron',1,'2017-09-05 23:00:00','2017-09-05 23:00:00');
INSERT INTO `__PREFIX__cities` (`country_code`, `name`, `longitude`, `latitude`, `feature_class`, `feature_code`, `subadmin1_code`, `subadmin2_code`, `population`, `time_zone`, `active`, `created_at`, `updated_at`) VALUES ('PS','{\"en\":\"Ḩizmā\"}',35.26,31.83,'P','PPL','PS.WE',NULL,5916,'Asia/Hebron',1,'2012-02-27 23:00:00','2012-02-27 23:00:00');
INSERT INTO `__PREFIX__cities` (`country_code`, `name`, `longitude`, `latitude`, `feature_class`, `feature_code`, `subadmin1_code`, `subadmin2_code`, `population`, `time_zone`, `active`, `created_at`, `updated_at`) VALUES ('PS','{\"en\":\"Ḩalḩūl\"}',35.10,31.58,'P','PPL','PS.WE','PS.WE.7870658',21076,'Asia/Hebron',1,'2019-05-02 23:00:00','2019-05-02 23:00:00');
INSERT INTO `__PREFIX__cities` (`country_code`, `name`, `longitude`, `latitude`, `feature_class`, `feature_code`, `subadmin1_code`, `subadmin2_code`, `population`, `time_zone`, `active`, `created_at`, `updated_at`) VALUES ('PS','{\"en\":\"Ḩablah\"}',34.98,32.17,'P','PPL','PS.WE','PS.WE.7870649',5945,'Asia/Hebron',1,'2020-06-09 23:00:00','2020-06-09 23:00:00');
INSERT INTO `__PREFIX__cities` (`country_code`, `name`, `longitude`, `latitude`, `feature_class`, `feature_code`, `subadmin1_code`, `subadmin2_code`, `population`, `time_zone`, `active`, `created_at`, `updated_at`) VALUES ('PS','{\"en\":\"Efrata\"}',35.15,31.65,'P','STLMT','PS.WE',NULL,10088,'Asia/Hebron',1,'2019-10-27 23:00:00','2019-10-27 23:00:00');
INSERT INTO `__PREFIX__cities` (`country_code`, `name`, `longitude`, `latitude`, `feature_class`, `feature_code`, `subadmin1_code`, `subadmin2_code`, `population`, `time_zone`, `active`, `created_at`, `updated_at`) VALUES ('PS','{\"en\":\"Dūrā\"}',35.03,31.51,'P','PPL','PS.WE','PS.WE.7870658',20835,'Asia/Hebron',1,'2017-09-05 23:00:00','2017-09-05 23:00:00');
INSERT INTO `__PREFIX__cities` (`country_code`, `name`, `longitude`, `latitude`, `feature_class`, `feature_code`, `subadmin1_code`, `subadmin2_code`, `population`, `time_zone`, `active`, `created_at`, `updated_at`) VALUES ('PS','{\"en\":\"Dhannābah\"}',35.04,32.31,'P','PPL','PS.WE','PS.WE.7870644',8193,'Asia/Hebron',1,'2019-02-20 23:00:00','2019-02-20 23:00:00');
INSERT INTO `__PREFIX__cities` (`country_code`, `name`, `longitude`, `latitude`, `feature_class`, `feature_code`, `subadmin1_code`, `subadmin2_code`, `population`, `time_zone`, `active`, `created_at`, `updated_at`) VALUES ('PS','{\"en\":\"Dayr Dibwān\"}',35.27,31.91,'P','PPL','PS.WE','PS.WE.7870657',6692,'Asia/Hebron',1,'2017-09-04 23:00:00','2017-09-04 23:00:00');
INSERT INTO `__PREFIX__cities` (`country_code`, `name`, `longitude`, `latitude`, `feature_class`, `feature_code`, `subadmin1_code`, `subadmin2_code`, `population`, `time_zone`, `active`, `created_at`, `updated_at`) VALUES ('PS','{\"en\":\"Dayr al Ghuşūn\"}',35.08,32.35,'P','PPL','PS.WE','PS.WE.7870644',9187,'Asia/Hebron',1,'2020-06-09 23:00:00','2020-06-09 23:00:00');
INSERT INTO `__PREFIX__cities` (`country_code`, `name`, `longitude`, `latitude`, `feature_class`, `feature_code`, `subadmin1_code`, `subadmin2_code`, `population`, `time_zone`, `active`, `created_at`, `updated_at`) VALUES ('PS','{\"en\":\"Dayr Abū Ḑa‘īf\"}',35.36,32.46,'P','PPL','PS.WE',NULL,5506,'Asia/Hebron',1,'2012-01-17 23:00:00','2012-01-17 23:00:00');
INSERT INTO `__PREFIX__cities` (`country_code`, `name`, `longitude`, `latitude`, `feature_class`, `feature_code`, `subadmin1_code`, `subadmin2_code`, `population`, `time_zone`, `active`, `created_at`, `updated_at`) VALUES ('PS','{\"en\":\"Birqīn\"}',35.26,32.45,'P','PPL','PS.WE',NULL,5730,'Asia/Hebron',1,'2012-02-27 23:00:00','2012-02-27 23:00:00');
INSERT INTO `__PREFIX__cities` (`country_code`, `name`, `longitude`, `latitude`, `feature_class`, `feature_code`, `subadmin1_code`, `subadmin2_code`, `population`, `time_zone`, `active`, `created_at`, `updated_at`) VALUES ('PS','{\"en\":\"Bīr Zayt\"}',35.19,31.97,'P','PPL','PS.WE','PS.WE.7870657',6398,'Asia/Hebron',1,'2020-06-09 23:00:00','2020-06-09 23:00:00');
INSERT INTO `__PREFIX__cities` (`country_code`, `name`, `longitude`, `latitude`, `feature_class`, `feature_code`, `subadmin1_code`, `subadmin2_code`, `population`, `time_zone`, `active`, `created_at`, `updated_at`) VALUES ('PS','{\"en\":\"Biddū\"}',35.15,31.83,'P','PPL','PS.WE',NULL,6180,'Asia/Hebron',1,'2020-06-09 23:00:00','2020-06-09 23:00:00');
INSERT INTO `__PREFIX__cities` (`country_code`, `name`, `longitude`, `latitude`, `feature_class`, `feature_code`, `subadmin1_code`, `subadmin2_code`, `population`, `time_zone`, `active`, `created_at`, `updated_at`) VALUES ('PS','{\"en\":\"Bidyā\"}',35.08,32.11,'P','PPL','PS.WE','PS.WE.7870652',8065,'Asia/Hebron',1,'2020-06-09 23:00:00','2020-06-09 23:00:00');
INSERT INTO `__PREFIX__cities` (`country_code`, `name`, `longitude`, `latitude`, `feature_class`, `feature_code`, `subadmin1_code`, `subadmin2_code`, `population`, `time_zone`, `active`, `created_at`, `updated_at`) VALUES ('PS','{\"en\":\"Bet Arye\"}',35.05,32.03,'P','STLMT','PS.WE',NULL,5139,'Asia/Hebron',1,'2020-04-29 23:00:00','2020-04-29 23:00:00');
INSERT INTO `__PREFIX__cities` (`country_code`, `name`, `longitude`, `latitude`, `feature_class`, `feature_code`, `subadmin1_code`, `subadmin2_code`, `population`, `time_zone`, `active`, `created_at`, `updated_at`) VALUES ('PS','{\"en\":\"Baytūnyā\"}',35.17,31.90,'P','PPL','PS.WE','PS.WE.7870657',12822,'Asia/Hebron',1,'2020-06-09 23:00:00','2020-06-09 23:00:00');
INSERT INTO `__PREFIX__cities` (`country_code`, `name`, `longitude`, `latitude`, `feature_class`, `feature_code`, `subadmin1_code`, `subadmin2_code`, `population`, `time_zone`, `active`, `created_at`, `updated_at`) VALUES ('PS','{\"en\":\"Bayt Sāḩūr\"}',35.23,31.70,'P','PPL','PS.WE','PS.WE.7870463',14921,'Asia/Hebron',1,'2020-06-09 23:00:00','2020-06-09 23:00:00');
INSERT INTO `__PREFIX__cities` (`country_code`, `name`, `longitude`, `latitude`, `feature_class`, `feature_code`, `subadmin1_code`, `subadmin2_code`, `population`, `time_zone`, `active`, `created_at`, `updated_at`) VALUES ('PS','{\"en\":\"Bayt Liqyā\"}',35.07,31.87,'P','PPL','PS.WE','PS.WE.7870657',7795,'Asia/Hebron',1,'2020-06-09 23:00:00','2020-06-09 23:00:00');
INSERT INTO `__PREFIX__cities` (`country_code`, `name`, `longitude`, `latitude`, `feature_class`, `feature_code`, `subadmin1_code`, `subadmin2_code`, `population`, `time_zone`, `active`, `created_at`, `updated_at`) VALUES ('PS','{\"en\":\"Bayt Līd\"}',35.13,32.26,'P','PPL','PS.WE','PS.WE.7870644',5740,'Asia/Hebron',1,'2017-09-04 23:00:00','2017-09-04 23:00:00');
INSERT INTO `__PREFIX__cities` (`country_code`, `name`, `longitude`, `latitude`, `feature_class`, `feature_code`, `subadmin1_code`, `subadmin2_code`, `population`, `time_zone`, `active`, `created_at`, `updated_at`) VALUES ('PS','{\"en\":\"Bethlehem\"}',35.20,31.70,'P','PPLA2','PS.WE','PS.WE.7870463',29019,'Asia/Hebron',1,'2019-03-23 23:00:00','2019-03-23 23:00:00');
INSERT INTO `__PREFIX__cities` (`country_code`, `name`, `longitude`, `latitude`, `feature_class`, `feature_code`, `subadmin1_code`, `subadmin2_code`, `population`, `time_zone`, `active`, `created_at`, `updated_at`) VALUES ('PS','{\"en\":\"Bayt Kāḩil\"}',35.07,31.57,'P','PPL','PS.WE',NULL,5663,'Asia/Hebron',1,'2012-02-27 23:00:00','2012-02-27 23:00:00');
INSERT INTO `__PREFIX__cities` (`country_code`, `name`, `longitude`, `latitude`, `feature_class`, `feature_code`, `subadmin1_code`, `subadmin2_code`, `population`, `time_zone`, `active`, `created_at`, `updated_at`) VALUES ('PS','{\"en\":\"Bayt Jālā\"}',35.19,31.72,'P','PPL','PS.WE','PS.WE.7870463',16183,'Asia/Hebron',1,'2017-09-05 23:00:00','2017-09-05 23:00:00');
INSERT INTO `__PREFIX__cities` (`country_code`, `name`, `longitude`, `latitude`, `feature_class`, `feature_code`, `subadmin1_code`, `subadmin2_code`, `population`, `time_zone`, `active`, `created_at`, `updated_at`) VALUES ('PS','{\"en\":\"Bayt Ūmmar\"}',35.10,31.62,'P','PPL','PS.WE','PS.WE.7870658',12238,'Asia/Hebron',1,'2020-06-09 23:00:00','2020-06-09 23:00:00');
INSERT INTO `__PREFIX__cities` (`country_code`, `name`, `longitude`, `latitude`, `feature_class`, `feature_code`, `subadmin1_code`, `subadmin2_code`, `population`, `time_zone`, `active`, `created_at`, `updated_at`) VALUES ('PS','{\"en\":\"Bayt Fūrīk\"}',35.34,32.18,'P','PPL','PS.WE','PS.WE.7870555',10108,'Asia/Hebron',1,'2017-09-04 23:00:00','2017-09-04 23:00:00');
INSERT INTO `__PREFIX__cities` (`country_code`, `name`, `longitude`, `latitude`, `feature_class`, `feature_code`, `subadmin1_code`, `subadmin2_code`, `population`, `time_zone`, `active`, `created_at`, `updated_at`) VALUES ('PS','{\"en\":\"Bayt Fajjār\"}',35.15,31.62,'P','PPL','PS.WE','PS.WE.7870463',10579,'Asia/Hebron',1,'2017-09-05 23:00:00','2017-09-05 23:00:00');
INSERT INTO `__PREFIX__cities` (`country_code`, `name`, `longitude`, `latitude`, `feature_class`, `feature_code`, `subadmin1_code`, `subadmin2_code`, `population`, `time_zone`, `active`, `created_at`, `updated_at`) VALUES ('PS','{\"en\":\"Bayt Ūlā\"}',35.03,31.60,'P','PPL','PS.WE','PS.WE.7870658',9159,'Asia/Hebron',1,'2019-05-02 23:00:00','2019-05-02 23:00:00');
INSERT INTO `__PREFIX__cities` (`country_code`, `name`, `longitude`, `latitude`, `feature_class`, `feature_code`, `subadmin1_code`, `subadmin2_code`, `population`, `time_zone`, `active`, `created_at`, `updated_at`) VALUES ('PS','{\"en\":\"Baytā al Fawqā\"}',35.29,32.14,'P','PPL','PS.WE',NULL,8535,'Asia/Hebron',1,'2020-06-09 23:00:00','2020-06-09 23:00:00');
INSERT INTO `__PREFIX__cities` (`country_code`, `name`, `longitude`, `latitude`, `feature_class`, `feature_code`, `subadmin1_code`, `subadmin2_code`, `population`, `time_zone`, `active`, `created_at`, `updated_at`) VALUES ('PS','{\"en\":\"Battir\"}',35.12,31.70,'P','STLMT','PS.WE','PS.WE.7870463',56746,'Asia/Hebron',1,'2020-04-22 23:00:00','2020-04-22 23:00:00');
INSERT INTO `__PREFIX__cities` (`country_code`, `name`, `longitude`, `latitude`, `feature_class`, `feature_code`, `subadmin1_code`, `subadmin2_code`, `population`, `time_zone`, `active`, `created_at`, `updated_at`) VALUES ('PS','{\"en\":\"Banī Na‘īm\"}',35.16,31.52,'P','PPL','PS.WE',NULL,19783,'Asia/Hebron',1,'2012-01-17 23:00:00','2012-01-17 23:00:00');
INSERT INTO `__PREFIX__cities` (`country_code`, `name`, `longitude`, `latitude`, `feature_class`, `feature_code`, `subadmin1_code`, `subadmin2_code`, `population`, `time_zone`, `active`, `created_at`, `updated_at`) VALUES ('PS','{\"en\":\"Balāţah\"}',35.29,32.21,'P','PPL','PS.WE','PS.WE.7870555',17146,'Asia/Hebron',1,'2017-09-04 23:00:00','2017-09-04 23:00:00');
INSERT INTO `__PREFIX__cities` (`country_code`, `name`, `longitude`, `latitude`, `feature_class`, `feature_code`, `subadmin1_code`, `subadmin2_code`, `population`, `time_zone`, `active`, `created_at`, `updated_at`) VALUES ('PS','{\"en\":\"Bal‘ā\"}',35.11,32.33,'P','PPL','PS.WE','PS.WE.7870644',6545,'Asia/Hebron',1,'2017-09-04 23:00:00','2017-09-04 23:00:00');
INSERT INTO `__PREFIX__cities` (`country_code`, `name`, `longitude`, `latitude`, `feature_class`, `feature_code`, `subadmin1_code`, `subadmin2_code`, `population`, `time_zone`, `active`, `created_at`, `updated_at`) VALUES ('PS','{\"en\":\"‘Azzūn\"}',35.06,32.17,'P','PPL','PS.WE','PS.WE.7870649',7727,'Asia/Hebron',1,'2017-09-04 23:00:00','2017-09-04 23:00:00');
INSERT INTO `__PREFIX__cities` (`country_code`, `name`, `longitude`, `latitude`, `feature_class`, `feature_code`, `subadmin1_code`, `subadmin2_code`, `population`, `time_zone`, `active`, `created_at`, `updated_at`) VALUES ('PS','{\"en\":\"Az̧ Z̧āhirīyah\"}',34.97,31.41,'P','PPL','PS.WE','PS.WE.7870658',27616,'Asia/Hebron',1,'2020-06-09 23:00:00','2020-06-09 23:00:00');
INSERT INTO `__PREFIX__cities` (`country_code`, `name`, `longitude`, `latitude`, `feature_class`, `feature_code`, `subadmin1_code`, `subadmin2_code`, `population`, `time_zone`, `active`, `created_at`, `updated_at`) VALUES ('PS','{\"en\":\"‘Awartā\"}',35.28,32.16,'P','PPL','PS.WE','PS.WE.7870555',5563,'Asia/Hebron',1,'2017-09-04 23:00:00','2017-09-04 23:00:00');
INSERT INTO `__PREFIX__cities` (`country_code`, `name`, `longitude`, `latitude`, `feature_class`, `feature_code`, `subadmin1_code`, `subadmin2_code`, `population`, `time_zone`, `active`, `created_at`, `updated_at`) VALUES ('PS','{\"en\":\"‘Attīl\"}',35.07,32.37,'P','PPL','PS.WE','PS.WE.7870644',10100,'Asia/Hebron',1,'2017-09-04 23:00:00','2017-09-04 23:00:00');
INSERT INTO `__PREFIX__cities` (`country_code`, `name`, `longitude`, `latitude`, `feature_class`, `feature_code`, `subadmin1_code`, `subadmin2_code`, `population`, `time_zone`, `active`, `created_at`, `updated_at`) VALUES ('PS','{\"en\":\"‘Aţārūt\"}',35.22,31.87,'P','PPL','PS.WE',NULL,25595,'Asia/Hebron',1,'2020-07-08 23:00:00','2020-07-08 23:00:00');
INSERT INTO `__PREFIX__cities` (`country_code`, `name`, `longitude`, `latitude`, `feature_class`, `feature_code`, `subadmin1_code`, `subadmin2_code`, `population`, `time_zone`, `active`, `created_at`, `updated_at`) VALUES ('PS','{\"en\":\"As Samū‘\"}',35.07,31.40,'P','PPL','PS.WE','PS.WE.7870658',19355,'Asia/Hebron',1,'2019-05-02 23:00:00','2019-05-02 23:00:00');
INSERT INTO `__PREFIX__cities` (`country_code`, `name`, `longitude`, `latitude`, `feature_class`, `feature_code`, `subadmin1_code`, `subadmin2_code`, `population`, `time_zone`, `active`, `created_at`, `updated_at`) VALUES ('PS','{\"en\":\"‘Aşīrah ash Shamālīyah\"}',35.27,32.25,'P','PPL','PS.WE','PS.WE.7870555',7475,'Asia/Hebron',1,'2020-06-09 23:00:00','2020-06-09 23:00:00');
INSERT INTO `__PREFIX__cities` (`country_code`, `name`, `longitude`, `latitude`, `feature_class`, `feature_code`, `subadmin1_code`, `subadmin2_code`, `population`, `time_zone`, `active`, `created_at`, `updated_at`) VALUES ('PS','{\"en\":\"Ash Shuyūkh\"}',35.16,31.57,'P','PPL','PS.WE',NULL,8151,'Asia/Hebron',1,'2012-02-27 23:00:00','2012-02-27 23:00:00');
INSERT INTO `__PREFIX__cities` (`country_code`, `name`, `longitude`, `latitude`, `feature_class`, `feature_code`, `subadmin1_code`, `subadmin2_code`, `population`, `time_zone`, `active`, `created_at`, `updated_at`) VALUES ('PS','{\"en\":\"Ar Rām wa Ḑāḩiyat al Barīd\"}',35.23,31.85,'P','PPL','PS.GZ','PS.GZ.7870268',24838,'Asia/Hebron',1,'2019-05-06 23:00:00','2019-05-06 23:00:00');
INSERT INTO `__PREFIX__cities` (`country_code`, `name`, `longitude`, `latitude`, `feature_class`, `feature_code`, `subadmin1_code`, `subadmin2_code`, `population`, `time_zone`, `active`, `created_at`, `updated_at`) VALUES ('PS','{\"en\":\"‘Arrābah\"}',35.20,32.41,'P','PPL','PS.WE',NULL,9703,'Asia/Hebron',1,'2020-06-09 23:00:00','2020-06-09 23:00:00');
INSERT INTO `__PREFIX__cities` (`country_code`, `name`, `longitude`, `latitude`, `feature_class`, `feature_code`, `subadmin1_code`, `subadmin2_code`, `population`, `time_zone`, `active`, `created_at`, `updated_at`) VALUES ('PS','{\"en\":\"Jericho\"}',35.45,31.87,'P','PPLA','PS.WE','PS.WE.7870653',19783,'Asia/Hebron',1,'2019-09-04 23:00:00','2019-09-04 23:00:00');
INSERT INTO `__PREFIX__cities` (`country_code`, `name`, `longitude`, `latitude`, `feature_class`, `feature_code`, `subadmin1_code`, `subadmin2_code`, `population`, `time_zone`, `active`, `created_at`, `updated_at`) VALUES ('PS','{\"en\":\"‘Aqrabā\"}',35.35,32.12,'P','PPL','PS.WE','PS.WE.7870555',7707,'Asia/Hebron',1,'2017-09-04 23:00:00','2017-09-04 23:00:00');
INSERT INTO `__PREFIX__cities` (`country_code`, `name`, `longitude`, `latitude`, `feature_class`, `feature_code`, `subadmin1_code`, `subadmin2_code`, `population`, `time_zone`, `active`, `created_at`, `updated_at`) VALUES ('PS','{\"en\":\"‘Anātā\"}',35.26,31.81,'P','PPL','PS.WE','PS.WE.7870654',11946,'Asia/Hebron',1,'2019-05-02 23:00:00','2019-05-02 23:00:00');
INSERT INTO `__PREFIX__cities` (`country_code`, `name`, `longitude`, `latitude`, `feature_class`, `feature_code`, `subadmin1_code`, `subadmin2_code`, `population`, `time_zone`, `active`, `created_at`, `updated_at`) VALUES ('PS','{\"en\":\"‘Anabtā\"}',35.12,32.31,'P','PPL','PS.WE','PS.WE.7870644',7106,'Asia/Hebron',1,'2017-09-04 23:00:00','2017-09-04 23:00:00');
INSERT INTO `__PREFIX__cities` (`country_code`, `name`, `longitude`, `latitude`, `feature_class`, `feature_code`, `subadmin1_code`, `subadmin2_code`, `population`, `time_zone`, `active`, `created_at`, `updated_at`) VALUES ('PS','{\"en\":\"Al Yāmūn\"}',35.23,32.49,'P','PPL','PS.WE','PS.WE.7828733',16164,'Asia/Hebron',1,'2019-05-02 23:00:00','2019-05-02 23:00:00');
INSERT INTO `__PREFIX__cities` (`country_code`, `name`, `longitude`, `latitude`, `feature_class`, `feature_code`, `subadmin1_code`, `subadmin2_code`, `population`, `time_zone`, `active`, `created_at`, `updated_at`) VALUES ('PS','{\"en\":\"Az Zaytūnīyah\"}',35.16,31.95,'P','PPL','PS.WE',NULL,6107,'Asia/Hebron',1,'2012-01-17 23:00:00','2012-01-17 23:00:00');
INSERT INTO `__PREFIX__cities` (`country_code`, `name`, `longitude`, `latitude`, `feature_class`, `feature_code`, `subadmin1_code`, `subadmin2_code`, `population`, `time_zone`, `active`, `created_at`, `updated_at`) VALUES ('PS','{\"en\":\"Al Khaḑir\"}',35.17,31.69,'P','PPL','PS.WE','PS.WE.7870463',9003,'Asia/Hebron',1,'2020-06-09 23:00:00','2020-06-09 23:00:00');
INSERT INTO `__PREFIX__cities` (`country_code`, `name`, `longitude`, `latitude`, `feature_class`, `feature_code`, `subadmin1_code`, `subadmin2_code`, `population`, `time_zone`, `active`, `created_at`, `updated_at`) VALUES ('PS','{\"en\":\"Hebron\"}',35.09,31.53,'P','PPLA2','PS.WE','PS.WE.7870658',160470,'Asia/Hebron',1,'2019-09-04 23:00:00','2019-09-04 23:00:00');
INSERT INTO `__PREFIX__cities` (`country_code`, `name`, `longitude`, `latitude`, `feature_class`, `feature_code`, `subadmin1_code`, `subadmin2_code`, `population`, `time_zone`, `active`, `created_at`, `updated_at`) VALUES ('PS','{\"en\":\"Al Bīrah\"}',35.22,31.91,'P','PPL','PS.WE','PS.WE.7870657',38192,'Asia/Hebron',1,'2020-06-09 23:00:00','2020-06-09 23:00:00');
INSERT INTO `__PREFIX__cities` (`country_code`, `name`, `longitude`, `latitude`, `feature_class`, `feature_code`, `subadmin1_code`, `subadmin2_code`, `population`, `time_zone`, `active`, `created_at`, `updated_at`) VALUES ('PS','{\"en\":\"Al ‘Ayzarīyah\"}',35.27,31.77,'P','PPL','PS.WE','PS.WE.7870654',17455,'Asia/Hebron',1,'2020-06-09 23:00:00','2020-06-09 23:00:00');
INSERT INTO `__PREFIX__cities` (`country_code`, `name`, `longitude`, `latitude`, `feature_class`, `feature_code`, `subadmin1_code`, `subadmin2_code`, `population`, `time_zone`, `active`, `created_at`, `updated_at`) VALUES ('PS','{\"en\":\"Abū Dīs\"}',35.26,31.76,'P','PPL','PS.WE','PS.WE.7870654',11753,'Asia/Hebron',1,'2022-01-03 23:00:00','2022-01-03 23:00:00');
INSERT INTO `__PREFIX__cities` (`country_code`, `name`, `longitude`, `latitude`, `feature_class`, `feature_code`, `subadmin1_code`, `subadmin2_code`, `population`, `time_zone`, `active`, `created_at`, `updated_at`) VALUES ('PS','{\"en\":\"Old City\"}',35.23,31.78,'P','PPLX','PS.WE',NULL,36000,'Asia/Hebron',1,'2016-02-21 23:00:00','2016-02-21 23:00:00');
INSERT INTO `__PREFIX__cities` (`country_code`, `name`, `longitude`, `latitude`, `feature_class`, `feature_code`, `subadmin1_code`, `subadmin2_code`, `population`, `time_zone`, `active`, `created_at`, `updated_at`) VALUES ('PS','{\"en\":\"An Naşr\"}',34.30,31.28,'P','PPL','PS.GZ','PS.GZ.7870260',6211,'Asia/Gaza',1,'2020-06-11 23:00:00','2020-06-11 23:00:00');
INSERT INTO `__PREFIX__cities` (`country_code`, `name`, `longitude`, `latitude`, `feature_class`, `feature_code`, `subadmin1_code`, `subadmin2_code`, `population`, `time_zone`, `active`, `created_at`, `updated_at`) VALUES ('PS','{\"en\":\"‘Abasān al Jadīdah\"}',34.35,31.34,'P','PPL','PS.00',NULL,5984,'Asia/Gaza',1,'2012-01-19 23:00:00','2012-01-19 23:00:00');
INSERT INTO `__PREFIX__cities` (`country_code`, `name`, `longitude`, `latitude`, `feature_class`, `feature_code`, `subadmin1_code`, `subadmin2_code`, `population`, `time_zone`, `active`, `created_at`, `updated_at`) VALUES ('PS','{\"en\":\"Al Qarārah\"}',34.34,31.37,'P','PPL','PS.GZ','PS.GZ.7871092',19500,'Asia/Gaza',1,'2020-06-11 23:00:00','2020-06-11 23:00:00');
INSERT INTO `__PREFIX__cities` (`country_code`, `name`, `longitude`, `latitude`, `feature_class`, `feature_code`, `subadmin1_code`, `subadmin2_code`, `population`, `time_zone`, `active`, `created_at`, `updated_at`) VALUES ('PS','{\"en\":\"Az Zuwāydah\"}',34.38,31.44,'P','PPL','PS.GZ',NULL,16688,'Asia/Gaza',1,'2020-06-11 23:00:00','2020-06-11 23:00:00');
INSERT INTO `__PREFIX__cities` (`country_code`, `name`, `longitude`, `latitude`, `feature_class`, `feature_code`, `subadmin1_code`, `subadmin2_code`, `population`, `time_zone`, `active`, `created_at`, `updated_at`) VALUES ('PS','{\"en\":\"Al Mughrāqah\"}',34.41,31.47,'P','PPL','PS.GZ','PS.GZ.11184609',6448,'Asia/Gaza',1,'2017-09-04 23:00:00','2017-09-04 23:00:00');
INSERT INTO `__PREFIX__cities` (`country_code`, `name`, `longitude`, `latitude`, `feature_class`, `feature_code`, `subadmin1_code`, `subadmin2_code`, `population`, `time_zone`, `active`, `created_at`, `updated_at`) VALUES ('PS','{\"en\":\"East Jerusalem\"}',35.23,31.78,'P','PPLX','PS.WE','PS.WE.7870654',428304,'Asia/Hebron',1,'2019-03-23 23:00:00','2019-03-23 23:00:00');
INSERT INTO `__PREFIX__cities` (`country_code`, `name`, `longitude`, `latitude`, `feature_class`, `feature_code`, `subadmin1_code`, `subadmin2_code`, `population`, `time_zone`, `active`, `created_at`, `updated_at`) VALUES ('PS','{\"en\":\"Banī Zayd\"}',35.10,32.04,'P','PPL','PS.00',NULL,5441,'Asia/Hebron',1,'2012-01-20 23:00:00','2012-01-20 23:00:00');
INSERT INTO `__PREFIX__cities` (`country_code`, `name`, `longitude`, `latitude`, `feature_class`, `feature_code`, `subadmin1_code`, `subadmin2_code`, `population`, `time_zone`, `active`, `created_at`, `updated_at`) VALUES ('PS','{\"en\":\"Al ‘Ubaydīyah\"}',35.29,31.72,'P','PPL','PS.00',NULL,10618,'Asia/Hebron',1,'2012-01-20 23:00:00','2012-01-20 23:00:00');
INSERT INTO `__PREFIX__cities` (`country_code`, `name`, `longitude`, `latitude`, `feature_class`, `feature_code`, `subadmin1_code`, `subadmin2_code`, `population`, `time_zone`, `active`, `created_at`, `updated_at`) VALUES ('PS','{\"en\":\"Ad Dawḩah\"}',35.18,31.70,'P','PPL','PS.WE','PS.WE.7870463',9631,'Asia/Hebron',1,'2017-09-05 23:00:00','2017-09-05 23:00:00');
INSERT INTO `__PREFIX__cities` (`country_code`, `name`, `longitude`, `latitude`, `feature_class`, `feature_code`, `subadmin1_code`, `subadmin2_code`, `population`, `time_zone`, `active`, `created_at`, `updated_at`) VALUES ('PS','{\"en\":\"Dayr Sāmit\"}',34.97,31.52,'P','PPL','PS.00',NULL,6144,'Asia/Hebron',1,'2020-06-11 23:00:00','2020-06-11 23:00:00');
INSERT INTO `__PREFIX__cities` (`country_code`, `name`, `longitude`, `latitude`, `feature_class`, `feature_code`, `subadmin1_code`, `subadmin2_code`, `population`, `time_zone`, `active`, `created_at`, `updated_at`) VALUES ('PS','{\"en\":\"Givat Zeev\"}',35.17,31.86,'P','PPL','PS.WE',NULL,11764,'Asia/Hebron',1,'2021-07-26 23:00:00','2021-07-26 23:00:00');
INSERT INTO `__PREFIX__cities` (`country_code`, `name`, `longitude`, `latitude`, `feature_class`, `feature_code`, `subadmin1_code`, `subadmin2_code`, `population`, `time_zone`, `active`, `created_at`, `updated_at`) VALUES ('PS','{\"en\":\"Oranit\"}',34.99,32.13,'P','PPL','PS.WE',NULL,6205,'Asia/Hebron',1,'2021-07-26 23:00:00','2021-07-26 23:00:00');
INSERT INTO `__PREFIX__cities` (`country_code`, `name`, `longitude`, `latitude`, `feature_class`, `feature_code`, `subadmin1_code`, `subadmin2_code`, `population`, `time_zone`, `active`, `created_at`, `updated_at`) VALUES ('PS','{\"en\":\"Geva Binyamin\"}',35.27,31.85,'P','STLMT','PS.WE',NULL,5525,'Asia/Hebron',1,'2020-04-22 23:00:00','2020-04-22 23:00:00');
INSERT INTO `__PREFIX__cities` (`country_code`, `name`, `longitude`, `latitude`, `feature_class`, `feature_code`, `subadmin1_code`, `subadmin2_code`, `population`, `time_zone`, `active`, `created_at`, `updated_at`) VALUES ('PS','{\"en\":\"Beit El\"}',35.22,31.94,'P','PPL','PS.WE',NULL,6042,'Asia/Hebron',1,'2020-04-21 23:00:00','2020-04-21 23:00:00');
/*!40000 ALTER TABLE `__PREFIX__cities` ENABLE KEYS */;
/*!40103 SET TIME_ZONE=@OLD_TIME_ZONE */;

/*!40101 SET SQL_MODE=@OLD_SQL_MODE */;
/*!40014 SET FOREIGN_KEY_CHECKS=@OLD_FOREIGN_KEY_CHECKS */;
/*!40014 SET UNIQUE_CHECKS=@OLD_UNIQUE_CHECKS */;
/*!40101 SET CHARACTER_SET_CLIENT=@OLD_CHARACTER_SET_CLIENT */;
/*!40101 SET CHARACTER_SET_RESULTS=@OLD_CHARACTER_SET_RESULTS */;
/*!40101 SET COLLATION_CONNECTION=@OLD_COLLATION_CONNECTION */;
/*!40111 SET SQL_NOTES=@OLD_SQL_NOTES */;

-- Dump completed
