-- MySQL dump 10.13  Distrib 5.7.34, for osx10.12 (x86_64)
--
-- Host: 127.0.0.1    Database: laraclassifier
-- ------------------------------------------------------
-- Server version	5.7.34

/*!40101 SET @OLD_CHARACTER_SET_CLIENT=@@CHARACTER_SET_CLIENT */;
/*!40101 SET @OLD_CHARACTER_SET_RESULTS=@@CHARACTER_SET_RESULTS */;
/*!40101 SET @OLD_COLLATION_CONNECTION=@@COLLATION_CONNECTION */;
/*!40101 SET NAMES utf8 */;
/*!40103 SET @OLD_TIME_ZONE=@@TIME_ZONE */;
/*!40103 SET TIME_ZONE='+00:00' */;
/*!40014 SET @OLD_UNIQUE_CHECKS=@@UNIQUE_CHECKS, UNIQUE_CHECKS=0 */;
/*!40014 SET @OLD_FOREIGN_KEY_CHECKS=@@FOREIGN_KEY_CHECKS, FOREIGN_KEY_CHECKS=0 */;
/*!40101 SET @OLD_SQL_MODE=@@SQL_MODE, SQL_MODE='NO_AUTO_VALUE_ON_ZERO' */;
/*!40111 SET @OLD_SQL_NOTES=@@SQL_NOTES, SQL_NOTES=0 */;

--
-- Dumping data for table `__PREFIX__subadmin1`
--

/*!40000 ALTER TABLE `__PREFIX__subadmin1` DISABLE KEYS */;
INSERT INTO `__PREFIX__subadmin1` (`code`, `country_code`, `name`, `active`) VALUES ('PY.17','PY','{\"en\":\"San Pedro\"}',1);
INSERT INTO `__PREFIX__subadmin1` (`code`, `country_code`, `name`, `active`) VALUES ('PY.16','PY','{\"en\":\"Presidente Hayes\"}',1);
INSERT INTO `__PREFIX__subadmin1` (`code`, `country_code`, `name`, `active`) VALUES ('PY.15','PY','{\"en\":\"Paraguarí\"}',1);
INSERT INTO `__PREFIX__subadmin1` (`code`, `country_code`, `name`, `active`) VALUES ('PY.13','PY','{\"en\":\"Ñeembucú\"}',1);
INSERT INTO `__PREFIX__subadmin1` (`code`, `country_code`, `name`, `active`) VALUES ('PY.12','PY','{\"en\":\"Misiones\"}',1);
INSERT INTO `__PREFIX__subadmin1` (`code`, `country_code`, `name`, `active`) VALUES ('PY.11','PY','{\"en\":\"Itapúa\"}',1);
INSERT INTO `__PREFIX__subadmin1` (`code`, `country_code`, `name`, `active`) VALUES ('PY.10','PY','{\"en\":\"Guairá\"}',1);
INSERT INTO `__PREFIX__subadmin1` (`code`, `country_code`, `name`, `active`) VALUES ('PY.08','PY','{\"en\":\"Cordillera\"}',1);
INSERT INTO `__PREFIX__subadmin1` (`code`, `country_code`, `name`, `active`) VALUES ('PY.07','PY','{\"en\":\"Concepción\"}',1);
INSERT INTO `__PREFIX__subadmin1` (`code`, `country_code`, `name`, `active`) VALUES ('PY.06','PY','{\"en\":\"Central\"}',1);
INSERT INTO `__PREFIX__subadmin1` (`code`, `country_code`, `name`, `active`) VALUES ('PY.19','PY','{\"en\":\"Canindeyú\"}',1);
INSERT INTO `__PREFIX__subadmin1` (`code`, `country_code`, `name`, `active`) VALUES ('PY.05','PY','{\"en\":\"Caazapá\"}',1);
INSERT INTO `__PREFIX__subadmin1` (`code`, `country_code`, `name`, `active`) VALUES ('PY.04','PY','{\"en\":\"Caaguazú\"}',1);
INSERT INTO `__PREFIX__subadmin1` (`code`, `country_code`, `name`, `active`) VALUES ('PY.02','PY','{\"en\":\"Amambay\"}',1);
INSERT INTO `__PREFIX__subadmin1` (`code`, `country_code`, `name`, `active`) VALUES ('PY.01','PY','{\"en\":\"Alto Paraná\"}',1);
INSERT INTO `__PREFIX__subadmin1` (`code`, `country_code`, `name`, `active`) VALUES ('PY.23','PY','{\"en\":\"Alto Paraguay\"}',1);
INSERT INTO `__PREFIX__subadmin1` (`code`, `country_code`, `name`, `active`) VALUES ('PY.22','PY','{\"en\":\"Asunción\"}',1);
INSERT INTO `__PREFIX__subadmin1` (`code`, `country_code`, `name`, `active`) VALUES ('PY.24','PY','{\"en\":\"Boquerón\"}',1);
/*!40000 ALTER TABLE `__PREFIX__subadmin1` ENABLE KEYS */;

--
-- Dumping data for table `__PREFIX__subadmin2`
--

/*!40000 ALTER TABLE `__PREFIX__subadmin2` DISABLE KEYS */;
INSERT INTO `__PREFIX__subadmin2` (`code`, `country_code`, `subadmin1_code`, `name`, `active`) VALUES ('PY.01.1016','PY','PY.01','{\"en\":\"Minga Pora District\"}',1);
INSERT INTO `__PREFIX__subadmin2` (`code`, `country_code`, `subadmin1_code`, `name`, `active`) VALUES ('PY.11.0719','PY','PY.11','{\"en\":\"San Cosme y Damian\"}',1);
INSERT INTO `__PREFIX__subadmin2` (`code`, `country_code`, `subadmin1_code`, `name`, `active`) VALUES ('PY.17.0208','PY','PY.17','{\"en\":\"San Estanislao\"}',1);
INSERT INTO `__PREFIX__subadmin2` (`code`, `country_code`, `subadmin1_code`, `name`, `active`) VALUES ('PY.16.1504','PY','PY.16','{\"en\":\"Villa Hayes\"}',1);
INSERT INTO `__PREFIX__subadmin2` (`code`, `country_code`, `subadmin1_code`, `name`, `active`) VALUES ('PY.12.0805','PY','PY.12','{\"en\":\"San Patricio\"}',1);
INSERT INTO `__PREFIX__subadmin2` (`code`, `country_code`, `subadmin1_code`, `name`, `active`) VALUES ('PY.08.0308','PY','PY.08','{\"en\":\"Isla Pucu\"}',1);
INSERT INTO `__PREFIX__subadmin2` (`code`, `country_code`, `subadmin1_code`, `name`, `active`) VALUES ('PY.13.1211','PY','PY.13','{\"en\":\"Paso De Patria\"}',1);
INSERT INTO `__PREFIX__subadmin2` (`code`, `country_code`, `subadmin1_code`, `name`, `active`) VALUES ('PY.13.1202','PY','PY.13','{\"en\":\"Alberdi\"}',1);
INSERT INTO `__PREFIX__subadmin2` (`code`, `country_code`, `subadmin1_code`, `name`, `active`) VALUES ('PY.15.0911','PY','PY.15','{\"en\":\"Quyquyho\"}',1);
INSERT INTO `__PREFIX__subadmin2` (`code`, `country_code`, `subadmin1_code`, `name`, `active`) VALUES ('PY.10.0401','PY','PY.10','{\"en\":\"Villarrica\"}',1);
INSERT INTO `__PREFIX__subadmin2` (`code`, `country_code`, `subadmin1_code`, `name`, `active`) VALUES ('PY.01.1003','PY','PY.01','{\"en\":\"Domingo Martinez De Irala\"}',1);
INSERT INTO `__PREFIX__subadmin2` (`code`, `country_code`, `subadmin1_code`, `name`, `active`) VALUES ('PY.10.0414','PY','PY.10','{\"en\":\"San Salvador\"}',1);
INSERT INTO `__PREFIX__subadmin2` (`code`, `country_code`, `subadmin1_code`, `name`, `active`) VALUES ('PY.11.0715','PY','PY.11','{\"en\":\"Jesus\"}',1);
INSERT INTO `__PREFIX__subadmin2` (`code`, `country_code`, `subadmin1_code`, `name`, `active`) VALUES ('PY.06.1113','PY','PY.06','{\"en\":\"San Antonio\"}',1);
INSERT INTO `__PREFIX__subadmin2` (`code`, `country_code`, `subadmin1_code`, `name`, `active`) VALUES ('PY.17.0213','PY','PY.17','{\"en\":\"Villa Del Rosario\"}',1);
INSERT INTO `__PREFIX__subadmin2` (`code`, `country_code`, `subadmin1_code`, `name`, `active`) VALUES ('PY.04.0513','PY','PY.04','{\"en\":\"R.I. 3 Corrales\"}',1);
INSERT INTO `__PREFIX__subadmin2` (`code`, `country_code`, `subadmin1_code`, `name`, `active`) VALUES ('PY.11.0717','PY','PY.11','{\"en\":\"Obligado\"}',1);
INSERT INTO `__PREFIX__subadmin2` (`code`, `country_code`, `subadmin1_code`, `name`, `active`) VALUES ('PY.05.0602','PY','PY.05','{\"en\":\"Abai\"}',1);
INSERT INTO `__PREFIX__subadmin2` (`code`, `country_code`, `subadmin1_code`, `name`, `active`) VALUES ('PY.01.1010','PY','PY.01','{\"en\":\"Los Cedrales\"}',1);
INSERT INTO `__PREFIX__subadmin2` (`code`, `country_code`, `subadmin1_code`, `name`, `active`) VALUES ('PY.06.1102','PY','PY.06','{\"en\":\"Capiata\"}',1);
INSERT INTO `__PREFIX__subadmin2` (`code`, `country_code`, `subadmin1_code`, `name`, `active`) VALUES ('PY.17.0211','PY','PY.17','{\"en\":\"Union\"}',1);
INSERT INTO `__PREFIX__subadmin2` (`code`, `country_code`, `subadmin1_code`, `name`, `active`) VALUES ('PY.04.0519','PY','PY.04','{\"en\":\"Simon Bolivar\"}',1);
INSERT INTO `__PREFIX__subadmin2` (`code`, `country_code`, `subadmin1_code`, `name`, `active`) VALUES ('PY.19.1401','PY','PY.19','{\"en\":\"Saltos Del Guaira\"}',1);
INSERT INTO `__PREFIX__subadmin2` (`code`, `country_code`, `subadmin1_code`, `name`, `active`) VALUES ('PY.11.0720','PY','PY.11','{\"en\":\"San Pedro Del Parana\"}',1);
INSERT INTO `__PREFIX__subadmin2` (`code`, `country_code`, `subadmin1_code`, `name`, `active`) VALUES ('PY.04.0504','PY','PY.04','{\"en\":\"Cecilio Baez\"}',1);
INSERT INTO `__PREFIX__subadmin2` (`code`, `country_code`, `subadmin1_code`, `name`, `active`) VALUES ('PY.11.0708','PY','PY.11','{\"en\":\"Coronel Bogado\"}',1);
INSERT INTO `__PREFIX__subadmin2` (`code`, `country_code`, `subadmin1_code`, `name`, `active`) VALUES ('PY.01.1018','PY','PY.01','{\"en\":\"San Alberto\"}',1);
INSERT INTO `__PREFIX__subadmin2` (`code`, `country_code`, `subadmin1_code`, `name`, `active`) VALUES ('PY.01.1017','PY','PY.01','{\"en\":\"Mbaracayu\"}',1);
INSERT INTO `__PREFIX__subadmin2` (`code`, `country_code`, `subadmin1_code`, `name`, `active`) VALUES ('PY.13.1213','PY','PY.13','{\"en\":\"Tacuaras\"}',1);
INSERT INTO `__PREFIX__subadmin2` (`code`, `country_code`, `subadmin1_code`, `name`, `active`) VALUES ('PY.15.0905','PY','PY.15','{\"en\":\"Carapegua\"}',1);
INSERT INTO `__PREFIX__subadmin2` (`code`, `country_code`, `subadmin1_code`, `name`, `active`) VALUES ('PY.19.1407','PY','PY.19','{\"en\":\"Francisco Caballero Alvarez\"}',1);
INSERT INTO `__PREFIX__subadmin2` (`code`, `country_code`, `subadmin1_code`, `name`, `active`) VALUES ('PY.04.0507','PY','PY.04','{\"en\":\"Repatriacion\"}',1);
INSERT INTO `__PREFIX__subadmin2` (`code`, `country_code`, `subadmin1_code`, `name`, `active`) VALUES ('PY.13.1205','PY','PY.13','{\"en\":\"General Diaz\"}',1);
INSERT INTO `__PREFIX__subadmin2` (`code`, `country_code`, `subadmin1_code`, `name`, `active`) VALUES ('PY.13.1204','PY','PY.13','{\"en\":\"Desmochados\"}',1);
INSERT INTO `__PREFIX__subadmin2` (`code`, `country_code`, `subadmin1_code`, `name`, `active`) VALUES ('PY.04.0501','PY','PY.04','{\"en\":\"Coronel Oviedo\"}',1);
INSERT INTO `__PREFIX__subadmin2` (`code`, `country_code`, `subadmin1_code`, `name`, `active`) VALUES ('PY.11.0728','PY','PY.11','{\"en\":\"San Juan del Parana\"}',1);
INSERT INTO `__PREFIX__subadmin2` (`code`, `country_code`, `subadmin1_code`, `name`, `active`) VALUES ('PY.17.0217','PY','PY.17','{\"en\":\"Capiibary\"}',1);
INSERT INTO `__PREFIX__subadmin2` (`code`, `country_code`, `subadmin1_code`, `name`, `active`) VALUES ('PY.17.0207','PY','PY.17','{\"en\":\"Nueva Germania\"}',1);
INSERT INTO `__PREFIX__subadmin2` (`code`, `country_code`, `subadmin1_code`, `name`, `active`) VALUES ('PY.15.0908','PY','PY.15','{\"en\":\"Mbuyapey\"}',1);
INSERT INTO `__PREFIX__subadmin2` (`code`, `country_code`, `subadmin1_code`, `name`, `active`) VALUES ('PY.19.1410','PY','PY.19','{\"en\":\"Nueva Esperanza\"}',1);
INSERT INTO `__PREFIX__subadmin2` (`code`, `country_code`, `subadmin1_code`, `name`, `active`) VALUES ('PY.13.1208','PY','PY.13','{\"en\":\"Isla Umbu\"}',1);
INSERT INTO `__PREFIX__subadmin2` (`code`, `country_code`, `subadmin1_code`, `name`, `active`) VALUES ('PY.24.1605','PY','PY.24','{\"en\":\"Loma Plata\"}',1);
INSERT INTO `__PREFIX__subadmin2` (`code`, `country_code`, `subadmin1_code`, `name`, `active`) VALUES ('PY.01.1020','PY','PY.01','{\"en\":\"Santa Fe Del Parana\"}',1);
INSERT INTO `__PREFIX__subadmin2` (`code`, `country_code`, `subadmin1_code`, `name`, `active`) VALUES ('PY.08.0318','PY','PY.08','{\"en\":\"Tobati\"}',1);
INSERT INTO `__PREFIX__subadmin2` (`code`, `country_code`, `subadmin1_code`, `name`, `active`) VALUES ('PY.19.1403','PY','PY.19','{\"en\":\"Curuguaty\"}',1);
INSERT INTO `__PREFIX__subadmin2` (`code`, `country_code`, `subadmin1_code`, `name`, `active`) VALUES ('PY.19.1405','PY','PY.19','{\"en\":\"Itanara\"}',1);
INSERT INTO `__PREFIX__subadmin2` (`code`, `country_code`, `subadmin1_code`, `name`, `active`) VALUES ('PY.19.1406','PY','PY.19','{\"en\":\"Ype Jhu\"}',1);
INSERT INTO `__PREFIX__subadmin2` (`code`, `country_code`, `subadmin1_code`, `name`, `active`) VALUES ('PY.10.0412','PY','PY.10','{\"en\":\"Natalicio Talavera\"}',1);
INSERT INTO `__PREFIX__subadmin2` (`code`, `country_code`, `subadmin1_code`, `name`, `active`) VALUES ('PY.04.0505','PY','PY.04','{\"en\":\"Santa Rosa Del Mbutuy\"}',1);
INSERT INTO `__PREFIX__subadmin2` (`code`, `country_code`, `subadmin1_code`, `name`, `active`) VALUES ('PY.11.0725','PY','PY.11','{\"en\":\"Alto Vera\"}',1);
INSERT INTO `__PREFIX__subadmin2` (`code`, `country_code`, `subadmin1_code`, `name`, `active`) VALUES ('PY.15.0916','PY','PY.15','{\"en\":\"Yvycui\"}',1);
INSERT INTO `__PREFIX__subadmin2` (`code`, `country_code`, `subadmin1_code`, `name`, `active`) VALUES ('PY.10.0403','PY','PY.10','{\"en\":\"Mauricio Jose Troche\"}',1);
INSERT INTO `__PREFIX__subadmin2` (`code`, `country_code`, `subadmin1_code`, `name`, `active`) VALUES ('PY.15.0912','PY','PY.15','{\"en\":\"San Roque Gonzalez\"}',1);
INSERT INTO `__PREFIX__subadmin2` (`code`, `country_code`, `subadmin1_code`, `name`, `active`) VALUES ('PY.15.0902','PY','PY.15','{\"en\":\"Acahay\"}',1);
INSERT INTO `__PREFIX__subadmin2` (`code`, `country_code`, `subadmin1_code`, `name`, `active`) VALUES ('PY.06.1112','PY','PY.06','{\"en\":\"Ñemby\"}',1);
INSERT INTO `__PREFIX__subadmin2` (`code`, `country_code`, `subadmin1_code`, `name`, `active`) VALUES ('PY.06.1101','PY','PY.06','{\"en\":\"Aregua\"}',1);
INSERT INTO `__PREFIX__subadmin2` (`code`, `country_code`, `subadmin1_code`, `name`, `active`) VALUES ('PY.02.1303','PY','PY.02','{\"en\":\"Capitan Bado\"}',1);
INSERT INTO `__PREFIX__subadmin2` (`code`, `country_code`, `subadmin1_code`, `name`, `active`) VALUES ('PY.16.1508','PY','PY.16','{\"en\":\"Tte. Esteban Martinez\"}',1);
INSERT INTO `__PREFIX__subadmin2` (`code`, `country_code`, `subadmin1_code`, `name`, `active`) VALUES ('PY.08.0313','PY','PY.08','{\"en\":\"Nueva Colombia\"}',1);
INSERT INTO `__PREFIX__subadmin2` (`code`, `country_code`, `subadmin1_code`, `name`, `active`) VALUES ('PY.08.0310','PY','PY.08','{\"en\":\"Juan De Mena\"}',1);
INSERT INTO `__PREFIX__subadmin2` (`code`, `country_code`, `subadmin1_code`, `name`, `active`) VALUES ('PY.04.0515','PY','PY.04','{\"en\":\"Jose Domingo Ocampos\"}',1);
INSERT INTO `__PREFIX__subadmin2` (`code`, `country_code`, `subadmin1_code`, `name`, `active`) VALUES ('PY.16.1506','PY','PY.16','{\"en\":\"Jose Falcon\"}',1);
INSERT INTO `__PREFIX__subadmin2` (`code`, `country_code`, `subadmin1_code`, `name`, `active`) VALUES ('PY.11.0701','PY','PY.11','{\"en\":\"Encarnacion\"}',1);
INSERT INTO `__PREFIX__subadmin2` (`code`, `country_code`, `subadmin1_code`, `name`, `active`) VALUES ('PY.08.0305','PY','PY.08','{\"en\":\"Caraguatay\"}',1);
INSERT INTO `__PREFIX__subadmin2` (`code`, `country_code`, `subadmin1_code`, `name`, `active`) VALUES ('PY.08.0314','PY','PY.08','{\"en\":\"Piribebuy\"}',1);
INSERT INTO `__PREFIX__subadmin2` (`code`, `country_code`, `subadmin1_code`, `name`, `active`) VALUES ('PY.10.0413','PY','PY.10','{\"en\":\"Ñumi\"}',1);
INSERT INTO `__PREFIX__subadmin2` (`code`, `country_code`, `subadmin1_code`, `name`, `active`) VALUES ('PY.19.1408','PY','PY.19','{\"en\":\"Katuete\"}',1);
INSERT INTO `__PREFIX__subadmin2` (`code`, `country_code`, `subadmin1_code`, `name`, `active`) VALUES ('PY.11.0716','PY','PY.11','{\"en\":\"Leandro Oviedo\"}',1);
INSERT INTO `__PREFIX__subadmin2` (`code`, `country_code`, `subadmin1_code`, `name`, `active`) VALUES ('PY.11.0703','PY','PY.11','{\"en\":\"Cambyreta\"}',1);
INSERT INTO `__PREFIX__subadmin2` (`code`, `country_code`, `subadmin1_code`, `name`, `active`) VALUES ('PY.04.0516','PY','PY.04','{\"en\":\"Mcal. Francisco Solano Lopez\"}',1);
INSERT INTO `__PREFIX__subadmin2` (`code`, `country_code`, `subadmin1_code`, `name`, `active`) VALUES ('PY.17.0220','PY','PY.17','{\"en\":\"Liberacion\"}',1);
INSERT INTO `__PREFIX__subadmin2` (`code`, `country_code`, `subadmin1_code`, `name`, `active`) VALUES ('PY.11.0714','PY','PY.11','{\"en\":\"Hohenau\"}',1);
INSERT INTO `__PREFIX__subadmin2` (`code`, `country_code`, `subadmin1_code`, `name`, `active`) VALUES ('PY.05.0604','PY','PY.05','{\"en\":\"Moises Bertoni\"}',1);
INSERT INTO `__PREFIX__subadmin2` (`code`, `country_code`, `subadmin1_code`, `name`, `active`) VALUES ('PY.12.0804','PY','PY.12','{\"en\":\"San Miguel\"}',1);
INSERT INTO `__PREFIX__subadmin2` (`code`, `country_code`, `subadmin1_code`, `name`, `active`) VALUES ('PY.07.0109','PY','PY.07','{\"en\":\"Sgto. Jose Felix Lopez\"}',1);
INSERT INTO `__PREFIX__subadmin2` (`code`, `country_code`, `subadmin1_code`, `name`, `active`) VALUES ('PY.17.0215','PY','PY.17','{\"en\":\"Yataity Del Norte\"}',1);
INSERT INTO `__PREFIX__subadmin2` (`code`, `country_code`, `subadmin1_code`, `name`, `active`) VALUES ('PY.24.1604','PY','PY.24','{\"en\":\"Filadelfia\"}',1);
INSERT INTO `__PREFIX__subadmin2` (`code`, `country_code`, `subadmin1_code`, `name`, `active`) VALUES ('PY.01.1013','PY','PY.01','{\"en\":\"Santa Rita\"}',1);
INSERT INTO `__PREFIX__subadmin2` (`code`, `country_code`, `subadmin1_code`, `name`, `active`) VALUES ('PY.04.0510','PY','PY.04','{\"en\":\"San Jose De Los Arroyos\"}',1);
INSERT INTO `__PREFIX__subadmin2` (`code`, `country_code`, `subadmin1_code`, `name`, `active`) VALUES ('PY.08.0302','PY','PY.08','{\"en\":\"Altos\"}',1);
INSERT INTO `__PREFIX__subadmin2` (`code`, `country_code`, `subadmin1_code`, `name`, `active`) VALUES ('PY.02.1304','PY','PY.02','{\"en\":\"Zanja Pyta\"}',1);
INSERT INTO `__PREFIX__subadmin2` (`code`, `country_code`, `subadmin1_code`, `name`, `active`) VALUES ('PY.15.0909','PY','PY.15','{\"en\":\"Pirayu\"}',1);
INSERT INTO `__PREFIX__subadmin2` (`code`, `country_code`, `subadmin1_code`, `name`, `active`) VALUES ('PY.05.0603','PY','PY.05','{\"en\":\"Buena Vista\"}',1);
INSERT INTO `__PREFIX__subadmin2` (`code`, `country_code`, `subadmin1_code`, `name`, `active`) VALUES ('PY.05.0607','PY','PY.05','{\"en\":\"San Juan Nepomuceno\"}',1);
INSERT INTO `__PREFIX__subadmin2` (`code`, `country_code`, `subadmin1_code`, `name`, `active`) VALUES ('PY.12.0803','PY','PY.12','{\"en\":\"San Ignacio\"}',1);
INSERT INTO `__PREFIX__subadmin2` (`code`, `country_code`, `subadmin1_code`, `name`, `active`) VALUES ('PY.13.1207','PY','PY.13','{\"en\":\"Humaita\"}',1);
INSERT INTO `__PREFIX__subadmin2` (`code`, `country_code`, `subadmin1_code`, `name`, `active`) VALUES ('PY.23.1705','PY','PY.23','{\"en\":\"Carmelo Peralta\"}',1);
INSERT INTO `__PREFIX__subadmin2` (`code`, `country_code`, `subadmin1_code`, `name`, `active`) VALUES ('PY.11.0724','PY','PY.11','{\"en\":\"Tomas Romero Pereira\"}',1);
INSERT INTO `__PREFIX__subadmin2` (`code`, `country_code`, `subadmin1_code`, `name`, `active`) VALUES ('PY.01.1009','PY','PY.01','{\"en\":\"Yguazu\"}',1);
INSERT INTO `__PREFIX__subadmin2` (`code`, `country_code`, `subadmin1_code`, `name`, `active`) VALUES ('PY.15.0901','PY','PY.15','{\"en\":\"Paraguari\"}',1);
INSERT INTO `__PREFIX__subadmin2` (`code`, `country_code`, `subadmin1_code`, `name`, `active`) VALUES ('PY.17.0216','PY','PY.17','{\"en\":\"Guajayvi\"}',1);
INSERT INTO `__PREFIX__subadmin2` (`code`, `country_code`, `subadmin1_code`, `name`, `active`) VALUES ('PY.07.0107','PY','PY.07','{\"en\":\"Yvy Ya´U\"}',1);
INSERT INTO `__PREFIX__subadmin2` (`code`, `country_code`, `subadmin1_code`, `name`, `active`) VALUES ('PY.17.0212','PY','PY.17','{\"en\":\"25 De Diciembre\"}',1);
INSERT INTO `__PREFIX__subadmin2` (`code`, `country_code`, `subadmin1_code`, `name`, `active`) VALUES ('PY.08.0311','PY','PY.08','{\"en\":\"Loma Grande\"}',1);
INSERT INTO `__PREFIX__subadmin2` (`code`, `country_code`, `subadmin1_code`, `name`, `active`) VALUES ('PY.15.0904','PY','PY.15','{\"en\":\"General Bernardino Caballero\"}',1);
INSERT INTO `__PREFIX__subadmin2` (`code`, `country_code`, `subadmin1_code`, `name`, `active`) VALUES ('PY.12.0806','PY','PY.12','{\"en\":\"Santa Maria\"}',1);
INSERT INTO `__PREFIX__subadmin2` (`code`, `country_code`, `subadmin1_code`, `name`, `active`) VALUES ('PY.16.1507','PY','PY.16','{\"en\":\"Tte 1ro Manuel Irala Fernandez\"}',1);
INSERT INTO `__PREFIX__subadmin2` (`code`, `country_code`, `subadmin1_code`, `name`, `active`) VALUES ('PY.04.0502','PY','PY.04','{\"en\":\"Caaguazu\"}',1);
INSERT INTO `__PREFIX__subadmin2` (`code`, `country_code`, `subadmin1_code`, `name`, `active`) VALUES ('PY.10.0406','PY','PY.10','{\"en\":\"General Eugenio A. Garay\"}',1);
INSERT INTO `__PREFIX__subadmin2` (`code`, `country_code`, `subadmin1_code`, `name`, `active`) VALUES ('PY.11.0711','PY','PY.11','{\"en\":\"Fram\"}',1);
INSERT INTO `__PREFIX__subadmin2` (`code`, `country_code`, `subadmin1_code`, `name`, `active`) VALUES ('PY.10.0418','PY','PY.10','{\"en\":\"Tebicuary\"}',1);
INSERT INTO `__PREFIX__subadmin2` (`code`, `country_code`, `subadmin1_code`, `name`, `active`) VALUES ('PY.06.1103','PY','PY.06','{\"en\":\"Fernando De La Mora\"}',1);
INSERT INTO `__PREFIX__subadmin2` (`code`, `country_code`, `subadmin1_code`, `name`, `active`) VALUES ('PY.05.0608','PY','PY.05','{\"en\":\"Tavai\"}',1);
INSERT INTO `__PREFIX__subadmin2` (`code`, `country_code`, `subadmin1_code`, `name`, `active`) VALUES ('PY.16.1502','PY','PY.16','{\"en\":\"Benjamin Aceval\"}',1);
INSERT INTO `__PREFIX__subadmin2` (`code`, `country_code`, `subadmin1_code`, `name`, `active`) VALUES ('PY.11.0704','PY','PY.11','{\"en\":\"Capitan Meza\"}',1);
INSERT INTO `__PREFIX__subadmin2` (`code`, `country_code`, `subadmin1_code`, `name`, `active`) VALUES ('PY.06.1104','PY','PY.06','{\"en\":\"Guarambare\"}',1);
INSERT INTO `__PREFIX__subadmin2` (`code`, `country_code`, `subadmin1_code`, `name`, `active`) VALUES ('PY.24.1602','PY','PY.24','{\"en\":\"Mariscal Estigarribia\"}',1);
INSERT INTO `__PREFIX__subadmin2` (`code`, `country_code`, `subadmin1_code`, `name`, `active`) VALUES ('PY.15.0915','PY','PY.15','{\"en\":\"Yaguaron\"}',1);
INSERT INTO `__PREFIX__subadmin2` (`code`, `country_code`, `subadmin1_code`, `name`, `active`) VALUES ('PY.10.0410','PY','PY.10','{\"en\":\"Jose Fassardi\"}',1);
INSERT INTO `__PREFIX__subadmin2` (`code`, `country_code`, `subadmin1_code`, `name`, `active`) VALUES ('PY.07.0101','PY','PY.07','{\"en\":\"Concepcion\"}',1);
INSERT INTO `__PREFIX__subadmin2` (`code`, `country_code`, `subadmin1_code`, `name`, `active`) VALUES ('PY.12.0809','PY','PY.12','{\"en\":\"Villa Florida\"}',1);
INSERT INTO `__PREFIX__subadmin2` (`code`, `country_code`, `subadmin1_code`, `name`, `active`) VALUES ('PY.13.1212','PY','PY.13','{\"en\":\"San Juan Bautista De Ñeembucu\"}',1);
INSERT INTO `__PREFIX__subadmin2` (`code`, `country_code`, `subadmin1_code`, `name`, `active`) VALUES ('PY.13.1209','PY','PY.13','{\"en\":\"Los Laureles\"}',1);
INSERT INTO `__PREFIX__subadmin2` (`code`, `country_code`, `subadmin1_code`, `name`, `active`) VALUES ('PY.06.1118','PY','PY.06','{\"en\":\"Ypane\"}',1);
INSERT INTO `__PREFIX__subadmin2` (`code`, `country_code`, `subadmin1_code`, `name`, `active`) VALUES ('PY.17.0206','PY','PY.17','{\"en\":\"Lima\"}',1);
INSERT INTO `__PREFIX__subadmin2` (`code`, `country_code`, `subadmin1_code`, `name`, `active`) VALUES ('PY.06.1115','PY','PY.06','{\"en\":\"Villa Elisa\"}',1);
INSERT INTO `__PREFIX__subadmin2` (`code`, `country_code`, `subadmin1_code`, `name`, `active`) VALUES ('PY.10.0417','PY','PY.10','{\"en\":\"Paso Yobai\"}',1);
INSERT INTO `__PREFIX__subadmin2` (`code`, `country_code`, `subadmin1_code`, `name`, `active`) VALUES ('PY.11.0712','PY','PY.11','{\"en\":\"General Artigas\"}',1);
INSERT INTO `__PREFIX__subadmin2` (`code`, `country_code`, `subadmin1_code`, `name`, `active`) VALUES ('PY.08.0306','PY','PY.08','{\"en\":\"Emboscada\"}',1);
INSERT INTO `__PREFIX__subadmin2` (`code`, `country_code`, `subadmin1_code`, `name`, `active`) VALUES ('PY.08.0320','PY','PY.08','{\"en\":\"San Jose Obrero\"}',1);
INSERT INTO `__PREFIX__subadmin2` (`code`, `country_code`, `subadmin1_code`, `name`, `active`) VALUES ('PY.16.1509','PY','PY.16','{\"en\":\"General Jose Maria Bruguez\"}',1);
INSERT INTO `__PREFIX__subadmin2` (`code`, `country_code`, `subadmin1_code`, `name`, `active`) VALUES ('PY.08.0319','PY','PY.08','{\"en\":\"Valenzuela\"}',1);
INSERT INTO `__PREFIX__subadmin2` (`code`, `country_code`, `subadmin1_code`, `name`, `active`) VALUES ('PY.15.0914','PY','PY.15','{\"en\":\"Tebicuary-Mi\"}',1);
INSERT INTO `__PREFIX__subadmin2` (`code`, `country_code`, `subadmin1_code`, `name`, `active`) VALUES ('PY.15.0903','PY','PY.15','{\"en\":\"Caapucu\"}',1);
INSERT INTO `__PREFIX__subadmin2` (`code`, `country_code`, `subadmin1_code`, `name`, `active`) VALUES ('PY.05.0605','PY','PY.05','{\"en\":\"General Higinio Morinigo\"}',1);
INSERT INTO `__PREFIX__subadmin2` (`code`, `country_code`, `subadmin1_code`, `name`, `active`) VALUES ('PY.06.1109','PY','PY.06','{\"en\":\"Luque\"}',1);
INSERT INTO `__PREFIX__subadmin2` (`code`, `country_code`, `subadmin1_code`, `name`, `active`) VALUES ('PY.11.0723','PY','PY.11','{\"en\":\"Edelira\"}',1);
INSERT INTO `__PREFIX__subadmin2` (`code`, `country_code`, `subadmin1_code`, `name`, `active`) VALUES ('PY.19.1404','PY','PY.19','{\"en\":\"Villa Ygatimí\"}',1);
INSERT INTO `__PREFIX__subadmin2` (`code`, `country_code`, `subadmin1_code`, `name`, `active`) VALUES ('PY.22.0000','PY','PY.22','{\"en\":\"Asuncion\"}',1);
INSERT INTO `__PREFIX__subadmin2` (`code`, `country_code`, `subadmin1_code`, `name`, `active`) VALUES ('PY.19.1409','PY','PY.19','{\"en\":\"La Paloma\"}',1);
INSERT INTO `__PREFIX__subadmin2` (`code`, `country_code`, `subadmin1_code`, `name`, `active`) VALUES ('PY.13.1210','PY','PY.13','{\"en\":\"Mayor Martinez\"}',1);
INSERT INTO `__PREFIX__subadmin2` (`code`, `country_code`, `subadmin1_code`, `name`, `active`) VALUES ('PY.01.1022','PY','PY.01','{\"en\":\"Dr. Raul Peña\"}',1);
INSERT INTO `__PREFIX__subadmin2` (`code`, `country_code`, `subadmin1_code`, `name`, `active`) VALUES ('PY.12.0802','PY','PY.12','{\"en\":\"Ayolas\"}',1);
INSERT INTO `__PREFIX__subadmin2` (`code`, `country_code`, `subadmin1_code`, `name`, `active`) VALUES ('PY.04.0522','PY','PY.04','{\"en\":\"Nueva Toledo\"}',1);
INSERT INTO `__PREFIX__subadmin2` (`code`, `country_code`, `subadmin1_code`, `name`, `active`) VALUES ('PY.10.0402','PY','PY.10','{\"en\":\"Borja\"}',1);
INSERT INTO `__PREFIX__subadmin2` (`code`, `country_code`, `subadmin1_code`, `name`, `active`) VALUES ('PY.19.1411','PY','PY.19','{\"en\":\"Yasy Kañy\"}',1);
INSERT INTO `__PREFIX__subadmin2` (`code`, `country_code`, `subadmin1_code`, `name`, `active`) VALUES ('PY.07.0102','PY','PY.07','{\"en\":\"Belen\"}',1);
INSERT INTO `__PREFIX__subadmin2` (`code`, `country_code`, `subadmin1_code`, `name`, `active`) VALUES ('PY.10.0404','PY','PY.10','{\"en\":\"Coronel Martinez\"}',1);
INSERT INTO `__PREFIX__subadmin2` (`code`, `country_code`, `subadmin1_code`, `name`, `active`) VALUES ('PY.15.0907','PY','PY.15','{\"en\":\"La Colmena\"}',1);
INSERT INTO `__PREFIX__subadmin2` (`code`, `country_code`, `subadmin1_code`, `name`, `active`) VALUES ('PY.04.0512','PY','PY.04','{\"en\":\"J Eulogio Estigarribia\"}',1);
INSERT INTO `__PREFIX__subadmin2` (`code`, `country_code`, `subadmin1_code`, `name`, `active`) VALUES ('PY.16.1505','PY','PY.16','{\"en\":\"Nanawa\"}',1);
INSERT INTO `__PREFIX__subadmin2` (`code`, `country_code`, `subadmin1_code`, `name`, `active`) VALUES ('PY.06.1119','PY','PY.06','{\"en\":\"J Augusto Saldivar\"}',1);
INSERT INTO `__PREFIX__subadmin2` (`code`, `country_code`, `subadmin1_code`, `name`, `active`) VALUES ('PY.06.1107','PY','PY.06','{\"en\":\"Lambare\"}',1);
INSERT INTO `__PREFIX__subadmin2` (`code`, `country_code`, `subadmin1_code`, `name`, `active`) VALUES ('PY.08.0316','PY','PY.08','{\"en\":\"San Bernardino\"}',1);
INSERT INTO `__PREFIX__subadmin2` (`code`, `country_code`, `subadmin1_code`, `name`, `active`) VALUES ('PY.11.0702','PY','PY.11','{\"en\":\"Bella Vista\"}',1);
INSERT INTO `__PREFIX__subadmin2` (`code`, `country_code`, `subadmin1_code`, `name`, `active`) VALUES ('PY.10.0416','PY','PY.10','{\"en\":\"Dr. Bottrell\"}',1);
INSERT INTO `__PREFIX__subadmin2` (`code`, `country_code`, `subadmin1_code`, `name`, `active`) VALUES ('PY.01.1014','PY','PY.01','{\"en\":\"Naranjal\"}',1);
INSERT INTO `__PREFIX__subadmin2` (`code`, `country_code`, `subadmin1_code`, `name`, `active`) VALUES ('PY.23.1704','PY','PY.23','{\"en\":\"Bahia Negra\"}',1);
INSERT INTO `__PREFIX__subadmin2` (`code`, `country_code`, `subadmin1_code`, `name`, `active`) VALUES ('PY.07.0104','PY','PY.07','{\"en\":\"Loreto\"}',1);
INSERT INTO `__PREFIX__subadmin2` (`code`, `country_code`, `subadmin1_code`, `name`, `active`) VALUES ('PY.17.0214','PY','PY.17','{\"en\":\"General Resquin\"}',1);
INSERT INTO `__PREFIX__subadmin2` (`code`, `country_code`, `subadmin1_code`, `name`, `active`) VALUES ('PY.01.1021','PY','PY.01','{\"en\":\"Tavapy\"}',1);
INSERT INTO `__PREFIX__subadmin2` (`code`, `country_code`, `subadmin1_code`, `name`, `active`) VALUES ('PY.11.0722','PY','PY.11','{\"en\":\"Trinidad\"}',1);
INSERT INTO `__PREFIX__subadmin2` (`code`, `country_code`, `subadmin1_code`, `name`, `active`) VALUES ('PY.12.0808','PY','PY.12','{\"en\":\"Santiago\"}',1);
INSERT INTO `__PREFIX__subadmin2` (`code`, `country_code`, `subadmin1_code`, `name`, `active`) VALUES ('PY.11.0707','PY','PY.11','{\"en\":\"Carmen Del Parana\"}',1);
INSERT INTO `__PREFIX__subadmin2` (`code`, `country_code`, `subadmin1_code`, `name`, `active`) VALUES ('PY.12.0810','PY','PY.12','{\"en\":\"Yabebyry\"}',1);
INSERT INTO `__PREFIX__subadmin2` (`code`, `country_code`, `subadmin1_code`, `name`, `active`) VALUES ('PY.13.1214','PY','PY.13','{\"en\":\"Villa Franca\"}',1);
INSERT INTO `__PREFIX__subadmin2` (`code`, `country_code`, `subadmin1_code`, `name`, `active`) VALUES ('PY.11.0721','PY','PY.11','{\"en\":\"San Rafael Del Parana\"}',1);
INSERT INTO `__PREFIX__subadmin2` (`code`, `country_code`, `subadmin1_code`, `name`, `active`) VALUES ('PY.17.0203','PY','PY.17','{\"en\":\"Chore\"}',1);
INSERT INTO `__PREFIX__subadmin2` (`code`, `country_code`, `subadmin1_code`, `name`, `active`) VALUES ('PY.08.0315','PY','PY.08','{\"en\":\"Primero De Marzo\"}',1);
INSERT INTO `__PREFIX__subadmin2` (`code`, `country_code`, `subadmin1_code`, `name`, `active`) VALUES ('PY.11.0730','PY','PY.11','{\"en\":\"Itapua Poty\"}',1);
INSERT INTO `__PREFIX__subadmin2` (`code`, `country_code`, `subadmin1_code`, `name`, `active`) VALUES ('PY.05.0610','PY','PY.05','{\"en\":\"Yuty\"}',1);
INSERT INTO `__PREFIX__subadmin2` (`code`, `country_code`, `subadmin1_code`, `name`, `active`) VALUES ('PY.11.0718','PY','PY.11','{\"en\":\"Mayor Otaño\"}',1);
INSERT INTO `__PREFIX__subadmin2` (`code`, `country_code`, `subadmin1_code`, `name`, `active`) VALUES ('PY.13.1215','PY','PY.13','{\"en\":\"Villa Oliva\"}',1);
INSERT INTO `__PREFIX__subadmin2` (`code`, `country_code`, `subadmin1_code`, `name`, `active`) VALUES ('PY.12.0801','PY','PY.12','{\"en\":\"San Juan Bautista\"}',1);
INSERT INTO `__PREFIX__subadmin2` (`code`, `country_code`, `subadmin1_code`, `name`, `active`) VALUES ('PY.08.0307','PY','PY.08','{\"en\":\"Eusebio Ayala\"}',1);
INSERT INTO `__PREFIX__subadmin2` (`code`, `country_code`, `subadmin1_code`, `name`, `active`) VALUES ('PY.07.0108','PY','PY.07','{\"en\":\"Azotey\"}',1);
INSERT INTO `__PREFIX__subadmin2` (`code`, `country_code`, `subadmin1_code`, `name`, `active`) VALUES ('PY.02.1301','PY','PY.02','{\"en\":\"Pedro Juan Caballero\"}',1);
INSERT INTO `__PREFIX__subadmin2` (`code`, `country_code`, `subadmin1_code`, `name`, `active`) VALUES ('PY.05.0609','PY','PY.05','{\"en\":\"Fulgencio Yegros\"}',1);
INSERT INTO `__PREFIX__subadmin2` (`code`, `country_code`, `subadmin1_code`, `name`, `active`) VALUES ('PY.06.1110','PY','PY.06','{\"en\":\"Mariano Roque Alonso\"}',1);
INSERT INTO `__PREFIX__subadmin2` (`code`, `country_code`, `subadmin1_code`, `name`, `active`) VALUES ('PY.11.0706','PY','PY.11','{\"en\":\"Nueva Alborada\"}',1);
INSERT INTO `__PREFIX__subadmin2` (`code`, `country_code`, `subadmin1_code`, `name`, `active`) VALUES ('PY.15.0910','PY','PY.15','{\"en\":\"Quiindy\"}',1);
INSERT INTO `__PREFIX__subadmin2` (`code`, `country_code`, `subadmin1_code`, `name`, `active`) VALUES ('PY.04.0509','PY','PY.04','{\"en\":\"San Joaquin\"}',1);
INSERT INTO `__PREFIX__subadmin2` (`code`, `country_code`, `subadmin1_code`, `name`, `active`) VALUES ('PY.01.1002','PY','PY.01','{\"en\":\"Presidente Franco\"}',1);
INSERT INTO `__PREFIX__subadmin2` (`code`, `country_code`, `subadmin1_code`, `name`, `active`) VALUES ('PY.01.1012','PY','PY.01','{\"en\":\"San Cristobal\"}',1);
INSERT INTO `__PREFIX__subadmin2` (`code`, `country_code`, `subadmin1_code`, `name`, `active`) VALUES ('PY.17.0209','PY','PY.17','{\"en\":\"San Pablo\"}',1);
INSERT INTO `__PREFIX__subadmin2` (`code`, `country_code`, `subadmin1_code`, `name`, `active`) VALUES ('PY.13.1203','PY','PY.13','{\"en\":\"Cerrito\"}',1);
INSERT INTO `__PREFIX__subadmin2` (`code`, `country_code`, `subadmin1_code`, `name`, `active`) VALUES ('PY.07.0106','PY','PY.07','{\"en\":\"San Lazaro\"}',1);
INSERT INTO `__PREFIX__subadmin2` (`code`, `country_code`, `subadmin1_code`, `name`, `active`) VALUES ('PY.08.0312','PY','PY.08','{\"en\":\"Mbocayaty Del Yhaguy\"}',1);
INSERT INTO `__PREFIX__subadmin2` (`code`, `country_code`, `subadmin1_code`, `name`, `active`) VALUES ('PY.01.1019','PY','PY.01','{\"en\":\"Iruña\"}',1);
INSERT INTO `__PREFIX__subadmin2` (`code`, `country_code`, `subadmin1_code`, `name`, `active`) VALUES ('PY.04.0508','PY','PY.04','{\"en\":\"Nueva Londres\"}',1);
INSERT INTO `__PREFIX__subadmin2` (`code`, `country_code`, `subadmin1_code`, `name`, `active`) VALUES ('PY.01.1006','PY','PY.01','{\"en\":\"Itakyry\"}',1);
INSERT INTO `__PREFIX__subadmin2` (`code`, `country_code`, `subadmin1_code`, `name`, `active`) VALUES ('PY.07.0105','PY','PY.07','{\"en\":\"San Carlos\"}',1);
INSERT INTO `__PREFIX__subadmin2` (`code`, `country_code`, `subadmin1_code`, `name`, `active`) VALUES ('PY.05.0606','PY','PY.05','{\"en\":\"Maciel\"}',1);
INSERT INTO `__PREFIX__subadmin2` (`code`, `country_code`, `subadmin1_code`, `name`, `active`) VALUES ('PY.17.0205','PY','PY.17','{\"en\":\"Itacurubi Del Rosario\"}',1);
INSERT INTO `__PREFIX__subadmin2` (`code`, `country_code`, `subadmin1_code`, `name`, `active`) VALUES ('PY.06.1114','PY','PY.06','{\"en\":\"San Lorenzo\"}',1);
INSERT INTO `__PREFIX__subadmin2` (`code`, `country_code`, `subadmin1_code`, `name`, `active`) VALUES ('PY.17.0210','PY','PY.17','{\"en\":\"Tacuati\"}',1);
INSERT INTO `__PREFIX__subadmin2` (`code`, `country_code`, `subadmin1_code`, `name`, `active`) VALUES ('PY.11.0727','PY','PY.11','{\"en\":\"Yatytay\"}',1);
INSERT INTO `__PREFIX__subadmin2` (`code`, `country_code`, `subadmin1_code`, `name`, `active`) VALUES ('PY.10.0407','PY','PY.10','{\"en\":\"Colonia Independencia\"}',1);
INSERT INTO `__PREFIX__subadmin2` (`code`, `country_code`, `subadmin1_code`, `name`, `active`) VALUES ('PY.01.1007','PY','PY.01','{\"en\":\"Juan E. O´Leary\"}',1);
INSERT INTO `__PREFIX__subadmin2` (`code`, `country_code`, `subadmin1_code`, `name`, `active`) VALUES ('PY.08.0317','PY','PY.08','{\"en\":\"Santa Elena\"}',1);
INSERT INTO `__PREFIX__subadmin2` (`code`, `country_code`, `subadmin1_code`, `name`, `active`) VALUES ('PY.11.0705','PY','PY.11','{\"en\":\"Capitan Miranda\"}',1);
INSERT INTO `__PREFIX__subadmin2` (`code`, `country_code`, `subadmin1_code`, `name`, `active`) VALUES ('PY.01.1001','PY','PY.01','{\"en\":\"Ciudad Del Este\"}',1);
INSERT INTO `__PREFIX__subadmin2` (`code`, `country_code`, `subadmin1_code`, `name`, `active`) VALUES ('PY.19.1402','PY','PY.19','{\"en\":\"Corpus Christi\"}',1);
INSERT INTO `__PREFIX__subadmin2` (`code`, `country_code`, `subadmin1_code`, `name`, `active`) VALUES ('PY.08.0304','PY','PY.08','{\"en\":\"Atyra\"}',1);
INSERT INTO `__PREFIX__subadmin2` (`code`, `country_code`, `subadmin1_code`, `name`, `active`) VALUES ('PY.17.0204','PY','PY.17','{\"en\":\"General Elizardo Aquino\"}',1);
INSERT INTO `__PREFIX__subadmin2` (`code`, `country_code`, `subadmin1_code`, `name`, `active`) VALUES ('PY.13.1216','PY','PY.13','{\"en\":\"Villalbin\"}',1);
INSERT INTO `__PREFIX__subadmin2` (`code`, `country_code`, `subadmin1_code`, `name`, `active`) VALUES ('PY.01.1011','PY','PY.01','{\"en\":\"Minga Guazu\"}',1);
INSERT INTO `__PREFIX__subadmin2` (`code`, `country_code`, `subadmin1_code`, `name`, `active`) VALUES ('PY.04.0521','PY','PY.04','{\"en\":\"Tembiapora\"}',1);
INSERT INTO `__PREFIX__subadmin2` (`code`, `country_code`, `subadmin1_code`, `name`, `active`) VALUES ('PY.15.0906','PY','PY.15','{\"en\":\"Escobar\"}',1);
INSERT INTO `__PREFIX__subadmin2` (`code`, `country_code`, `subadmin1_code`, `name`, `active`) VALUES ('PY.15.0913','PY','PY.15','{\"en\":\"Sapucai\"}',1);
INSERT INTO `__PREFIX__subadmin2` (`code`, `country_code`, `subadmin1_code`, `name`, `active`) VALUES ('PY.17.0201','PY','PY.17','{\"en\":\"San Pedro Del Ykuamandiyu\"}',1);
INSERT INTO `__PREFIX__subadmin2` (`code`, `country_code`, `subadmin1_code`, `name`, `active`) VALUES ('PY.19.1412','PY','PY.19','{\"en\":\"Ybyrarobana\"}',1);
INSERT INTO `__PREFIX__subadmin2` (`code`, `country_code`, `subadmin1_code`, `name`, `active`) VALUES ('PY.10.0411','PY','PY.10','{\"en\":\"Mbocayaty\"}',1);
INSERT INTO `__PREFIX__subadmin2` (`code`, `country_code`, `subadmin1_code`, `name`, `active`) VALUES ('PY.23.1702','PY','PY.23','{\"en\":\"Puerto Casado\"}',1);
INSERT INTO `__PREFIX__subadmin2` (`code`, `country_code`, `subadmin1_code`, `name`, `active`) VALUES ('PY.04.0518','PY','PY.04','{\"en\":\"3 De Febrero\"}',1);
INSERT INTO `__PREFIX__subadmin2` (`code`, `country_code`, `subadmin1_code`, `name`, `active`) VALUES ('PY.01.1004','PY','PY.01','{\"en\":\"Dr. Juan Leon Mallorquin\"}',1);
INSERT INTO `__PREFIX__subadmin2` (`code`, `country_code`, `subadmin1_code`, `name`, `active`) VALUES ('PY.07.0103','PY','PY.07','{\"en\":\"Horqueta\"}',1);
INSERT INTO `__PREFIX__subadmin2` (`code`, `country_code`, `subadmin1_code`, `name`, `active`) VALUES ('PY.15.0917','PY','PY.15','{\"en\":\"Yvytimi\"}',1);
INSERT INTO `__PREFIX__subadmin2` (`code`, `country_code`, `subadmin1_code`, `name`, `active`) VALUES ('PY.06.1111','PY','PY.06','{\"en\":\"Nueva Italia\"}',1);
INSERT INTO `__PREFIX__subadmin2` (`code`, `country_code`, `subadmin1_code`, `name`, `active`) VALUES ('PY.04.0503','PY','PY.04','{\"en\":\"Carayao\"}',1);
INSERT INTO `__PREFIX__subadmin2` (`code`, `country_code`, `subadmin1_code`, `name`, `active`) VALUES ('PY.17.0219','PY','PY.17','{\"en\":\"Yryvu Cua\"}',1);
INSERT INTO `__PREFIX__subadmin2` (`code`, `country_code`, `subadmin1_code`, `name`, `active`) VALUES ('PY.10.0408','PY','PY.10','{\"en\":\"Itape\"}',1);
INSERT INTO `__PREFIX__subadmin2` (`code`, `country_code`, `subadmin1_code`, `name`, `active`) VALUES ('PY.13.1201','PY','PY.13','{\"en\":\"Pilar\"}',1);
INSERT INTO `__PREFIX__subadmin2` (`code`, `country_code`, `subadmin1_code`, `name`, `active`) VALUES ('PY.01.1015','PY','PY.01','{\"en\":\"Santa Rosa Del Monday\"}',1);
INSERT INTO `__PREFIX__subadmin2` (`code`, `country_code`, `subadmin1_code`, `name`, `active`) VALUES ('PY.06.1105','PY','PY.06','{\"en\":\"Ita\"}',1);
INSERT INTO `__PREFIX__subadmin2` (`code`, `country_code`, `subadmin1_code`, `name`, `active`) VALUES ('PY.04.0506','PY','PY.04','{\"en\":\"Dr. Juan Manuel Frutos\"}',1);
INSERT INTO `__PREFIX__subadmin2` (`code`, `country_code`, `subadmin1_code`, `name`, `active`) VALUES ('PY.04.0514','PY','PY.04','{\"en\":\"Raul Arsenio Oviedo\"}',1);
INSERT INTO `__PREFIX__subadmin2` (`code`, `country_code`, `subadmin1_code`, `name`, `active`) VALUES ('PY.10.0405','PY','PY.10','{\"en\":\"Felix Perez Cardozo\"}',1);
INSERT INTO `__PREFIX__subadmin2` (`code`, `country_code`, `subadmin1_code`, `name`, `active`) VALUES ('PY.11.0709','PY','PY.11','{\"en\":\"Carlos Antonio Lopez\"}',1);
INSERT INTO `__PREFIX__subadmin2` (`code`, `country_code`, `subadmin1_code`, `name`, `active`) VALUES ('PY.06.1116','PY','PY.06','{\"en\":\"Villeta\"}',1);
INSERT INTO `__PREFIX__subadmin2` (`code`, `country_code`, `subadmin1_code`, `name`, `active`) VALUES ('PY.13.1206','PY','PY.13','{\"en\":\"Guazu Cua\"}',1);
INSERT INTO `__PREFIX__subadmin2` (`code`, `country_code`, `subadmin1_code`, `name`, `active`) VALUES ('PY.04.0517','PY','PY.04','{\"en\":\"La Pastora\"}',1);
INSERT INTO `__PREFIX__subadmin2` (`code`, `country_code`, `subadmin1_code`, `name`, `active`) VALUES ('PY.06.1108','PY','PY.06','{\"en\":\"Limpio\"}',1);
INSERT INTO `__PREFIX__subadmin2` (`code`, `country_code`, `subadmin1_code`, `name`, `active`) VALUES ('PY.23.1701','PY','PY.23','{\"en\":\"Fuerte Olimpo\"}',1);
INSERT INTO `__PREFIX__subadmin2` (`code`, `country_code`, `subadmin1_code`, `name`, `active`) VALUES ('PY.08.0301','PY','PY.08','{\"en\":\"Caacupe\"}',1);
INSERT INTO `__PREFIX__subadmin2` (`code`, `country_code`, `subadmin1_code`, `name`, `active`) VALUES ('PY.17.0202','PY','PY.17','{\"en\":\"Antequera\"}',1);
INSERT INTO `__PREFIX__subadmin2` (`code`, `country_code`, `subadmin1_code`, `name`, `active`) VALUES ('PY.01.1008','PY','PY.01','{\"en\":\"Ñacunday\"}',1);
INSERT INTO `__PREFIX__subadmin2` (`code`, `country_code`, `subadmin1_code`, `name`, `active`) VALUES ('PY.05.0611','PY','PY.05','{\"en\":\"3 De Mayo\"}',1);
INSERT INTO `__PREFIX__subadmin2` (`code`, `country_code`, `subadmin1_code`, `name`, `active`) VALUES ('PY.12.0807','PY','PY.12','{\"en\":\"Santa Rosa\"}',1);
INSERT INTO `__PREFIX__subadmin2` (`code`, `country_code`, `subadmin1_code`, `name`, `active`) VALUES ('PY.05.0601','PY','PY.05','{\"en\":\"Caazapa\"}',1);
INSERT INTO `__PREFIX__subadmin2` (`code`, `country_code`, `subadmin1_code`, `name`, `active`) VALUES ('PY.08.0303','PY','PY.08','{\"en\":\"Arroyos Y Esteros\"}',1);
INSERT INTO `__PREFIX__subadmin2` (`code`, `country_code`, `subadmin1_code`, `name`, `active`) VALUES ('PY.10.0415','PY','PY.10','{\"en\":\"Yataity\"}',1);
INSERT INTO `__PREFIX__subadmin2` (`code`, `country_code`, `subadmin1_code`, `name`, `active`) VALUES ('PY.04.0511','PY','PY.04','{\"en\":\"Yhu\"}',1);
INSERT INTO `__PREFIX__subadmin2` (`code`, `country_code`, `subadmin1_code`, `name`, `active`) VALUES ('PY.06.1117','PY','PY.06','{\"en\":\"Ypacarai\"}',1);
INSERT INTO `__PREFIX__subadmin2` (`code`, `country_code`, `subadmin1_code`, `name`, `active`) VALUES ('PY.16.1503','PY','PY.16','{\"en\":\"Puerto Pinasco\"}',1);
INSERT INTO `__PREFIX__subadmin2` (`code`, `country_code`, `subadmin1_code`, `name`, `active`) VALUES ('PY.11.0710','PY','PY.11','{\"en\":\"Natalio\"}',1);
INSERT INTO `__PREFIX__subadmin2` (`code`, `country_code`, `subadmin1_code`, `name`, `active`) VALUES ('PY.11.0729','PY','PY.11','{\"en\":\"Pirapo\"}',1);
INSERT INTO `__PREFIX__subadmin2` (`code`, `country_code`, `subadmin1_code`, `name`, `active`) VALUES ('PY.17.0218','PY','PY.17','{\"en\":\"Santa Rosa Del Aguaray\"}',1);
INSERT INTO `__PREFIX__subadmin2` (`code`, `country_code`, `subadmin1_code`, `name`, `active`) VALUES ('PY.01.1005','PY','PY.01','{\"en\":\"Hernandarias\"}',1);
INSERT INTO `__PREFIX__subadmin2` (`code`, `country_code`, `subadmin1_code`, `name`, `active`) VALUES ('PY.02.1302','PY','PY.02','{\"en\":\"Bella Vista\"}',1);
INSERT INTO `__PREFIX__subadmin2` (`code`, `country_code`, `subadmin1_code`, `name`, `active`) VALUES ('PY.04.0520','PY','PY.04','{\"en\":\"Vaqueria\"}',1);
INSERT INTO `__PREFIX__subadmin2` (`code`, `country_code`, `subadmin1_code`, `name`, `active`) VALUES ('PY.11.0726','PY','PY.11','{\"en\":\"La Paz\"}',1);
INSERT INTO `__PREFIX__subadmin2` (`code`, `country_code`, `subadmin1_code`, `name`, `active`) VALUES ('PY.10.0409','PY','PY.10','{\"en\":\"Iturbe\"}',1);
INSERT INTO `__PREFIX__subadmin2` (`code`, `country_code`, `subadmin1_code`, `name`, `active`) VALUES ('PY.08.0309','PY','PY.08','{\"en\":\"Itacurubi De La Cordillera\"}',1);
INSERT INTO `__PREFIX__subadmin2` (`code`, `country_code`, `subadmin1_code`, `name`, `active`) VALUES ('PY.06.1106','PY','PY.06','{\"en\":\"Itaugua\"}',1);
INSERT INTO `__PREFIX__subadmin2` (`code`, `country_code`, `subadmin1_code`, `name`, `active`) VALUES ('PY.11.0713','PY','PY.11','{\"en\":\"General Delgado\"}',1);
/*!40000 ALTER TABLE `__PREFIX__subadmin2` ENABLE KEYS */;

--
-- Dumping data for table `__PREFIX__cities`
--

/*!40000 ALTER TABLE `__PREFIX__cities` DISABLE KEYS */;
INSERT INTO `__PREFIX__cities` (`country_code`, `name`, `longitude`, `latitude`, `feature_class`, `feature_code`, `subadmin1_code`, `subadmin2_code`, `population`, `time_zone`, `active`, `created_at`, `updated_at`) VALUES ('PY','{\"en\":\"Ypacarai\"}',-57.29,-25.41,'P','PPL','PY.06','PY.06.1117',9655,'America/Asuncion',1,'2018-04-08 23:00:00','2018-04-08 23:00:00');
INSERT INTO `__PREFIX__cities` (`country_code`, `name`, `longitude`, `latitude`, `feature_class`, `feature_code`, `subadmin1_code`, `subadmin2_code`, `population`, `time_zone`, `active`, `created_at`, `updated_at`) VALUES ('PY','{\"en\":\"Yaguarón\"}',-57.29,-25.56,'P','PPL','PY.15','PY.15.0915',7181,'America/Asuncion',1,'2020-06-09 23:00:00','2020-06-09 23:00:00');
INSERT INTO `__PREFIX__cities` (`country_code`, `name`, `longitude`, `latitude`, `feature_class`, `feature_code`, `subadmin1_code`, `subadmin2_code`, `population`, `time_zone`, `active`, `created_at`, `updated_at`) VALUES ('PY','{\"en\":\"Villarrica\"}',-56.44,-25.75,'P','PPLA','PY.10','PY.10.0401',41157,'America/Asuncion',1,'2019-09-04 23:00:00','2019-09-04 23:00:00');
INSERT INTO `__PREFIX__cities` (`country_code`, `name`, `longitude`, `latitude`, `feature_class`, `feature_code`, `subadmin1_code`, `subadmin2_code`, `population`, `time_zone`, `active`, `created_at`, `updated_at`) VALUES ('PY','{\"en\":\"Villa Hayes\"}',-57.52,-25.09,'P','PPLA','PY.16','PY.16.1504',57217,'America/Asuncion',1,'2018-04-08 23:00:00','2018-04-08 23:00:00');
INSERT INTO `__PREFIX__cities` (`country_code`, `name`, `longitude`, `latitude`, `feature_class`, `feature_code`, `subadmin1_code`, `subadmin2_code`, `population`, `time_zone`, `active`, `created_at`, `updated_at`) VALUES ('PY','{\"en\":\"Villa Elisa\"}',-57.59,-25.37,'P','PPL','PY.06','PY.06.1115',64099,'America/Asuncion',1,'2019-03-28 23:00:00','2019-03-28 23:00:00');
INSERT INTO `__PREFIX__cities` (`country_code`, `name`, `longitude`, `latitude`, `feature_class`, `feature_code`, `subadmin1_code`, `subadmin2_code`, `population`, `time_zone`, `active`, `created_at`, `updated_at`) VALUES ('PY','{\"en\":\"Tobatí\"}',-57.08,-25.26,'P','PPL','PY.08','PY.08.0318',9952,'America/Asuncion',1,'2020-06-09 23:00:00','2020-06-09 23:00:00');
INSERT INTO `__PREFIX__cities` (`country_code`, `name`, `longitude`, `latitude`, `feature_class`, `feature_code`, `subadmin1_code`, `subadmin2_code`, `population`, `time_zone`, `active`, `created_at`, `updated_at`) VALUES ('PY','{\"en\":\"Santa Rosa\"}',-56.85,-26.89,'P','PPL','PY.12','PY.12.0807',7257,'America/Asuncion',1,'2020-07-08 23:00:00','2020-07-08 23:00:00');
INSERT INTO `__PREFIX__cities` (`country_code`, `name`, `longitude`, `latitude`, `feature_class`, `feature_code`, `subadmin1_code`, `subadmin2_code`, `population`, `time_zone`, `active`, `created_at`, `updated_at`) VALUES ('PY','{\"en\":\"Santa Rita\"}',-55.09,-25.80,'P','PPL','PY.01','PY.01.1013',11823,'America/Asuncion',1,'2020-07-08 23:00:00','2020-07-08 23:00:00');
INSERT INTO `__PREFIX__cities` (`country_code`, `name`, `longitude`, `latitude`, `feature_class`, `feature_code`, `subadmin1_code`, `subadmin2_code`, `population`, `time_zone`, `active`, `created_at`, `updated_at`) VALUES ('PY','{\"en\":\"San Pedro de Ycuamandiyú\"}',-57.09,-24.09,'P','PPLA','PY.17','PY.17.0201',9360,'America/Asuncion',1,'2018-04-08 23:00:00','2018-04-08 23:00:00');
INSERT INTO `__PREFIX__cities` (`country_code`, `name`, `longitude`, `latitude`, `feature_class`, `feature_code`, `subadmin1_code`, `subadmin2_code`, `population`, `time_zone`, `active`, `created_at`, `updated_at`) VALUES ('PY','{\"en\":\"San Pedro del Paraná\"}',-56.21,-26.83,'P','PPL','PY.11','PY.11.0720',5722,'America/Asuncion',1,'2020-06-09 23:00:00','2020-06-09 23:00:00');
INSERT INTO `__PREFIX__cities` (`country_code`, `name`, `longitude`, `latitude`, `feature_class`, `feature_code`, `subadmin1_code`, `subadmin2_code`, `population`, `time_zone`, `active`, `created_at`, `updated_at`) VALUES ('PY','{\"en\":\"San Lorenzo\"}',-57.51,-25.34,'P','PPL','PY.06','PY.06.1114',227876,'America/Asuncion',1,'2019-02-25 23:00:00','2019-02-25 23:00:00');
INSERT INTO `__PREFIX__cities` (`country_code`, `name`, `longitude`, `latitude`, `feature_class`, `feature_code`, `subadmin1_code`, `subadmin2_code`, `population`, `time_zone`, `active`, `created_at`, `updated_at`) VALUES ('PY','{\"en\":\"San Juan Nepomuceno\"}',-55.94,-26.11,'P','PPL','PY.05','PY.05.0607',7893,'America/Asuncion',1,'2018-04-08 23:00:00','2018-04-08 23:00:00');
INSERT INTO `__PREFIX__cities` (`country_code`, `name`, `longitude`, `latitude`, `feature_class`, `feature_code`, `subadmin1_code`, `subadmin2_code`, `population`, `time_zone`, `active`, `created_at`, `updated_at`) VALUES ('PY','{\"en\":\"San Juan Bautista\"}',-57.15,-26.67,'P','PPLA','PY.12','PY.12.0801',16593,'America/Asuncion',1,'2018-04-08 23:00:00','2018-04-08 23:00:00');
INSERT INTO `__PREFIX__cities` (`country_code`, `name`, `longitude`, `latitude`, `feature_class`, `feature_code`, `subadmin1_code`, `subadmin2_code`, `population`, `time_zone`, `active`, `created_at`, `updated_at`) VALUES ('PY','{\"en\":\"San José de los Arroyos\"}',-56.73,-25.53,'P','PPL','PY.04','PY.04.0510',5117,'America/Asuncion',1,'2020-07-08 23:00:00','2020-07-08 23:00:00');
INSERT INTO `__PREFIX__cities` (`country_code`, `name`, `longitude`, `latitude`, `feature_class`, `feature_code`, `subadmin1_code`, `subadmin2_code`, `population`, `time_zone`, `active`, `created_at`, `updated_at`) VALUES ('PY','{\"en\":\"San Isidro de Curuguaty\"}',-55.69,-24.47,'P','PPL','PY.19','PY.19.1403',11095,'America/Asuncion',1,'2018-04-08 23:00:00','2018-04-08 23:00:00');
INSERT INTO `__PREFIX__cities` (`country_code`, `name`, `longitude`, `latitude`, `feature_class`, `feature_code`, `subadmin1_code`, `subadmin2_code`, `population`, `time_zone`, `active`, `created_at`, `updated_at`) VALUES ('PY','{\"en\":\"San Antonio\"}',-57.55,-25.42,'P','PPL','PY.06','PY.06.1113',55754,'America/Asuncion',1,'2018-04-08 23:00:00','2018-04-08 23:00:00');
INSERT INTO `__PREFIX__cities` (`country_code`, `name`, `longitude`, `latitude`, `feature_class`, `feature_code`, `subadmin1_code`, `subadmin2_code`, `population`, `time_zone`, `active`, `created_at`, `updated_at`) VALUES ('PY','{\"en\":\"Salto del Guairá\"}',-54.31,-24.06,'P','PPLA','PY.19','PY.19.1401',7385,'America/Asuncion',1,'2018-04-08 23:00:00','2018-04-08 23:00:00');
INSERT INTO `__PREFIX__cities` (`country_code`, `name`, `longitude`, `latitude`, `feature_class`, `feature_code`, `subadmin1_code`, `subadmin2_code`, `population`, `time_zone`, `active`, `created_at`, `updated_at`) VALUES ('PY','{\"en\":\"Repatriación\"}',-55.99,-25.54,'P','PPL','PY.04','PY.04.0507',7085,'America/Asuncion',1,'2020-06-09 23:00:00','2020-06-09 23:00:00');
INSERT INTO `__PREFIX__cities` (`country_code`, `name`, `longitude`, `latitude`, `feature_class`, `feature_code`, `subadmin1_code`, `subadmin2_code`, `population`, `time_zone`, `active`, `created_at`, `updated_at`) VALUES ('PY','{\"en\":\"Quiindy\"}',-57.23,-25.98,'P','PPL','PY.15','PY.15.0910',5137,'America/Asuncion',1,'2019-03-28 23:00:00','2019-03-28 23:00:00');
INSERT INTO `__PREFIX__cities` (`country_code`, `name`, `longitude`, `latitude`, `feature_class`, `feature_code`, `subadmin1_code`, `subadmin2_code`, `population`, `time_zone`, `active`, `created_at`, `updated_at`) VALUES ('PY','{\"en\":\"Puerto Rosario\"}',-57.14,-24.44,'P','PPL','PY.17','PY.17.0213',5123,'America/Asuncion',1,'2018-11-29 23:00:00','2018-11-29 23:00:00');
INSERT INTO `__PREFIX__cities` (`country_code`, `name`, `longitude`, `latitude`, `feature_class`, `feature_code`, `subadmin1_code`, `subadmin2_code`, `population`, `time_zone`, `active`, `created_at`, `updated_at`) VALUES ('PY','{\"en\":\"Presidente Franco\"}',-54.61,-25.56,'P','PPL','PY.01','PY.01.1002',54292,'America/Asuncion',1,'2019-03-28 23:00:00','2019-03-28 23:00:00');
INSERT INTO `__PREFIX__cities` (`country_code`, `name`, `longitude`, `latitude`, `feature_class`, `feature_code`, `subadmin1_code`, `subadmin2_code`, `population`, `time_zone`, `active`, `created_at`, `updated_at`) VALUES ('PY','{\"en\":\"Piribebuy\"}',-57.04,-25.46,'P','PPL','PY.08','PY.08.0314',10337,'America/Asuncion',1,'2018-04-08 23:00:00','2018-04-08 23:00:00');
INSERT INTO `__PREFIX__cities` (`country_code`, `name`, `longitude`, `latitude`, `feature_class`, `feature_code`, `subadmin1_code`, `subadmin2_code`, `population`, `time_zone`, `active`, `created_at`, `updated_at`) VALUES ('PY','{\"en\":\"Pilar\"}',-58.31,-26.86,'P','PPLA','PY.13','PY.13.1201',28716,'America/Asuncion',1,'2018-11-29 23:00:00','2018-11-29 23:00:00');
INSERT INTO `__PREFIX__cities` (`country_code`, `name`, `longitude`, `latitude`, `feature_class`, `feature_code`, `subadmin1_code`, `subadmin2_code`, `population`, `time_zone`, `active`, `created_at`, `updated_at`) VALUES ('PY','{\"en\":\"Pedro Juan Caballero\"}',-55.73,-22.55,'P','PPLA','PY.02','PY.02.1301',75109,'America/Asuncion',1,'2018-04-08 23:00:00','2018-04-08 23:00:00');
INSERT INTO `__PREFIX__cities` (`country_code`, `name`, `longitude`, `latitude`, `feature_class`, `feature_code`, `subadmin1_code`, `subadmin2_code`, `population`, `time_zone`, `active`, `created_at`, `updated_at`) VALUES ('PY','{\"en\":\"Paraguarí\"}',-57.15,-25.62,'P','PPLA','PY.15','PY.15.0901',10079,'America/Asuncion',1,'2018-04-08 23:00:00','2018-04-08 23:00:00');
INSERT INTO `__PREFIX__cities` (`country_code`, `name`, `longitude`, `latitude`, `feature_class`, `feature_code`, `subadmin1_code`, `subadmin2_code`, `population`, `time_zone`, `active`, `created_at`, `updated_at`) VALUES ('PY','{\"en\":\"Obligado\"}',-55.63,-27.06,'P','PPL','PY.11','PY.11.0717',6350,'America/Asuncion',1,'2020-06-09 23:00:00','2020-06-09 23:00:00');
INSERT INTO `__PREFIX__cities` (`country_code`, `name`, `longitude`, `latitude`, `feature_class`, `feature_code`, `subadmin1_code`, `subadmin2_code`, `population`, `time_zone`, `active`, `created_at`, `updated_at`) VALUES ('PY','{\"en\":\"Nemby\"}',-57.54,-25.39,'P','PPL','PY.06','PY.06.1112',94641,'America/Asuncion',1,'2019-03-28 23:00:00','2019-03-28 23:00:00');
INSERT INTO `__PREFIX__cities` (`country_code`, `name`, `longitude`, `latitude`, `feature_class`, `feature_code`, `subadmin1_code`, `subadmin2_code`, `population`, `time_zone`, `active`, `created_at`, `updated_at`) VALUES ('PY','{\"en\":\"Nanawa\"}',-57.70,-25.28,'P','PPL','PY.16','PY.16.1505',5587,'America/Asuncion',1,'2020-07-08 23:00:00','2020-07-08 23:00:00');
INSERT INTO `__PREFIX__cities` (`country_code`, `name`, `longitude`, `latitude`, `feature_class`, `feature_code`, `subadmin1_code`, `subadmin2_code`, `population`, `time_zone`, `active`, `created_at`, `updated_at`) VALUES ('PY','{\"en\":\"Limpio\"}',-57.49,-25.17,'P','PPL','PY.06','PY.06.1108',96143,'America/Asuncion',1,'2019-02-26 23:00:00','2019-02-26 23:00:00');
INSERT INTO `__PREFIX__cities` (`country_code`, `name`, `longitude`, `latitude`, `feature_class`, `feature_code`, `subadmin1_code`, `subadmin2_code`, `population`, `time_zone`, `active`, `created_at`, `updated_at`) VALUES ('PY','{\"en\":\"Lima\"}',-56.48,-23.88,'P','PPL','PY.17','PY.17.0206',10367,'America/Asuncion',1,'2020-06-09 23:00:00','2020-06-09 23:00:00');
INSERT INTO `__PREFIX__cities` (`country_code`, `name`, `longitude`, `latitude`, `feature_class`, `feature_code`, `subadmin1_code`, `subadmin2_code`, `population`, `time_zone`, `active`, `created_at`, `updated_at`) VALUES ('PY','{\"en\":\"Lambaré\"}',-57.61,-25.35,'P','PPL','PY.06','PY.06.1107',126377,'America/Asuncion',1,'2019-02-25 23:00:00','2019-02-25 23:00:00');
INSERT INTO `__PREFIX__cities` (`country_code`, `name`, `longitude`, `latitude`, `feature_class`, `feature_code`, `subadmin1_code`, `subadmin2_code`, `population`, `time_zone`, `active`, `created_at`, `updated_at`) VALUES ('PY','{\"en\":\"Itauguá\"}',-57.35,-25.39,'P','PPL','PY.06','PY.06.1106',64997,'America/Asuncion',1,'2019-03-27 23:00:00','2019-03-27 23:00:00');
INSERT INTO `__PREFIX__cities` (`country_code`, `name`, `longitude`, `latitude`, `feature_class`, `feature_code`, `subadmin1_code`, `subadmin2_code`, `population`, `time_zone`, `active`, `created_at`, `updated_at`) VALUES ('PY','{\"en\":\"Itá\"}',-57.37,-25.50,'P','PPL','PY.06','PY.06.1105',18459,'America/Asuncion',1,'2018-04-08 23:00:00','2018-04-08 23:00:00');
INSERT INTO `__PREFIX__cities` (`country_code`, `name`, `longitude`, `latitude`, `feature_class`, `feature_code`, `subadmin1_code`, `subadmin2_code`, `population`, `time_zone`, `active`, `created_at`, `updated_at`) VALUES ('PY','{\"en\":\"Hohenau\"}',-55.64,-27.07,'P','PPLA2','PY.11','PY.11.0714',5306,'America/Asuncion',1,'2018-04-10 23:00:00','2018-04-10 23:00:00');
INSERT INTO `__PREFIX__cities` (`country_code`, `name`, `longitude`, `latitude`, `feature_class`, `feature_code`, `subadmin1_code`, `subadmin2_code`, `population`, `time_zone`, `active`, `created_at`, `updated_at`) VALUES ('PY','{\"en\":\"Guarambaré\"}',-57.46,-25.49,'P','PPL','PY.06','PY.06.1104',9065,'America/Asuncion',1,'2019-03-27 23:00:00','2019-03-27 23:00:00');
INSERT INTO `__PREFIX__cities` (`country_code`, `name`, `longitude`, `latitude`, `feature_class`, `feature_code`, `subadmin1_code`, `subadmin2_code`, `population`, `time_zone`, `active`, `created_at`, `updated_at`) VALUES ('PY','{\"en\":\"Fuerte Olimpo\"}',-57.87,-21.04,'P','PPLA','PY.23','PY.23.1701',2475,'America/Asuncion',1,'2018-04-08 23:00:00','2018-04-08 23:00:00');
INSERT INTO `__PREFIX__cities` (`country_code`, `name`, `longitude`, `latitude`, `feature_class`, `feature_code`, `subadmin1_code`, `subadmin2_code`, `population`, `time_zone`, `active`, `created_at`, `updated_at`) VALUES ('PY','{\"en\":\"Fernando de la Mora\"}',-57.52,-25.34,'P','PPL','PY.06','PY.06.1114',120167,'America/Asuncion',1,'2019-02-26 23:00:00','2019-02-26 23:00:00');
INSERT INTO `__PREFIX__cities` (`country_code`, `name`, `longitude`, `latitude`, `feature_class`, `feature_code`, `subadmin1_code`, `subadmin2_code`, `population`, `time_zone`, `active`, `created_at`, `updated_at`) VALUES ('PY','{\"en\":\"Eusebio Ayala\"}',-56.96,-25.38,'P','PPL','PY.08','PY.08.0307',8253,'America/Asuncion',1,'2018-04-08 23:00:00','2018-04-08 23:00:00');
INSERT INTO `__PREFIX__cities` (`country_code`, `name`, `longitude`, `latitude`, `feature_class`, `feature_code`, `subadmin1_code`, `subadmin2_code`, `population`, `time_zone`, `active`, `created_at`, `updated_at`) VALUES ('PY','{\"en\":\"Encarnación\"}',-55.87,-27.33,'P','PPLA','PY.11','PY.11.0701',74983,'America/Asuncion',1,'2018-04-08 23:00:00','2018-04-08 23:00:00');
INSERT INTO `__PREFIX__cities` (`country_code`, `name`, `longitude`, `latitude`, `feature_class`, `feature_code`, `subadmin1_code`, `subadmin2_code`, `population`, `time_zone`, `active`, `created_at`, `updated_at`) VALUES ('PY','{\"en\":\"Emboscada\"}',-57.35,-25.12,'P','PPL','PY.08','PY.08.0306',5911,'America/Asuncion',1,'2020-07-08 23:00:00','2020-07-08 23:00:00');
INSERT INTO `__PREFIX__cities` (`country_code`, `name`, `longitude`, `latitude`, `feature_class`, `feature_code`, `subadmin1_code`, `subadmin2_code`, `population`, `time_zone`, `active`, `created_at`, `updated_at`) VALUES ('PY','{\"en\":\"Doctor Juan León Mallorquín\"}',-55.25,-25.43,'P','PPL','PY.01','PY.01.1004',7481,'America/Asuncion',1,'2020-07-08 23:00:00','2020-07-08 23:00:00');
INSERT INTO `__PREFIX__cities` (`country_code`, `name`, `longitude`, `latitude`, `feature_class`, `feature_code`, `subadmin1_code`, `subadmin2_code`, `population`, `time_zone`, `active`, `created_at`, `updated_at`) VALUES ('PY','{\"en\":\"Coronel Oviedo\"}',-56.44,-25.44,'P','PPLA','PY.04','PY.04.0501',51286,'America/Asuncion',1,'2018-04-08 23:00:00','2018-04-08 23:00:00');
INSERT INTO `__PREFIX__cities` (`country_code`, `name`, `longitude`, `latitude`, `feature_class`, `feature_code`, `subadmin1_code`, `subadmin2_code`, `population`, `time_zone`, `active`, `created_at`, `updated_at`) VALUES ('PY','{\"en\":\"Concepción\"}',-57.43,-23.40,'P','PPLA','PY.07','PY.07.0101',48123,'America/Asuncion',1,'2018-04-08 23:00:00','2018-04-08 23:00:00');
INSERT INTO `__PREFIX__cities` (`country_code`, `name`, `longitude`, `latitude`, `feature_class`, `feature_code`, `subadmin1_code`, `subadmin2_code`, `population`, `time_zone`, `active`, `created_at`, `updated_at`) VALUES ('PY','{\"en\":\"Colonia Menno\"}',-59.82,-22.37,'P','PPL','PY.24','PY.24.1605',5615,'America/Asuncion',1,'2018-04-08 23:00:00','2018-04-08 23:00:00');
INSERT INTO `__PREFIX__cities` (`country_code`, `name`, `longitude`, `latitude`, `feature_class`, `feature_code`, `subadmin1_code`, `subadmin2_code`, `population`, `time_zone`, `active`, `created_at`, `updated_at`) VALUES ('PY','{\"en\":\"Mariano Roque Alonso\"}',-57.53,-25.21,'P','PPL','PY.06','PY.06.1110',72008,'America/Asuncion',1,'2018-04-08 23:00:00','2018-04-08 23:00:00');
INSERT INTO `__PREFIX__cities` (`country_code`, `name`, `longitude`, `latitude`, `feature_class`, `feature_code`, `subadmin1_code`, `subadmin2_code`, `population`, `time_zone`, `active`, `created_at`, `updated_at`) VALUES ('PY','{\"en\":\"Colonia General Alfredo Stroessner\"}',-55.71,-25.36,'P','PPLL','PY.04','PY.04.0512',11558,'America/Asuncion',1,'2018-04-08 23:00:00','2018-04-08 23:00:00');
INSERT INTO `__PREFIX__cities` (`country_code`, `name`, `longitude`, `latitude`, `feature_class`, `feature_code`, `subadmin1_code`, `subadmin2_code`, `population`, `time_zone`, `active`, `created_at`, `updated_at`) VALUES ('PY','{\"en\":\"Ciudad del Este\"}',-54.61,-25.51,'P','PPLA','PY.01','PY.01.1001',320782,'America/Asuncion',1,'2018-04-08 23:00:00','2018-04-08 23:00:00');
INSERT INTO `__PREFIX__cities` (`country_code`, `name`, `longitude`, `latitude`, `feature_class`, `feature_code`, `subadmin1_code`, `subadmin2_code`, `population`, `time_zone`, `active`, `created_at`, `updated_at`) VALUES ('PY','{\"en\":\"Carapeguá\"}',-57.25,-25.76,'P','PPL','PY.15','PY.15.0905',5784,'America/Asuncion',1,'2020-06-09 23:00:00','2020-06-09 23:00:00');
INSERT INTO `__PREFIX__cities` (`country_code`, `name`, `longitude`, `latitude`, `feature_class`, `feature_code`, `subadmin1_code`, `subadmin2_code`, `population`, `time_zone`, `active`, `created_at`, `updated_at`) VALUES ('PY','{\"en\":\"Capitán Bado\"}',-55.54,-23.27,'P','PPL','PY.02','PY.02.1303',9114,'America/Asuncion',1,'2020-07-08 23:00:00','2020-07-08 23:00:00');
INSERT INTO `__PREFIX__cities` (`country_code`, `name`, `longitude`, `latitude`, `feature_class`, `feature_code`, `subadmin1_code`, `subadmin2_code`, `population`, `time_zone`, `active`, `created_at`, `updated_at`) VALUES ('PY','{\"en\":\"Capiatá\"}',-57.45,-25.36,'P','PPL','PY.06','PY.06.1102',198553,'America/Asuncion',1,'2019-02-25 23:00:00','2019-02-25 23:00:00');
INSERT INTO `__PREFIX__cities` (`country_code`, `name`, `longitude`, `latitude`, `feature_class`, `feature_code`, `subadmin1_code`, `subadmin2_code`, `population`, `time_zone`, `active`, `created_at`, `updated_at`) VALUES ('PY','{\"en\":\"Caazapá\"}',-56.37,-26.20,'P','PPLA','PY.05','PY.05.0601',23996,'America/Asuncion',1,'2019-03-27 23:00:00','2019-03-27 23:00:00');
INSERT INTO `__PREFIX__cities` (`country_code`, `name`, `longitude`, `latitude`, `feature_class`, `feature_code`, `subadmin1_code`, `subadmin2_code`, `population`, `time_zone`, `active`, `created_at`, `updated_at`) VALUES ('PY','{\"en\":\"Caaguazú\"}',-56.02,-25.47,'P','PPL','PY.04','PY.04.0502',54808,'America/Asuncion',1,'2018-04-08 23:00:00','2018-04-08 23:00:00');
INSERT INTO `__PREFIX__cities` (`country_code`, `name`, `longitude`, `latitude`, `feature_class`, `feature_code`, `subadmin1_code`, `subadmin2_code`, `population`, `time_zone`, `active`, `created_at`, `updated_at`) VALUES ('PY','{\"en\":\"Caacupé\"}',-57.14,-25.39,'P','PPLA','PY.08','PY.08.0301',21696,'America/Asuncion',1,'2019-03-27 23:00:00','2019-03-27 23:00:00');
INSERT INTO `__PREFIX__cities` (`country_code`, `name`, `longitude`, `latitude`, `feature_class`, `feature_code`, `subadmin1_code`, `subadmin2_code`, `population`, `time_zone`, `active`, `created_at`, `updated_at`) VALUES ('PY','{\"en\":\"Benjamín Aceval\"}',-57.55,-25.00,'P','PPL','PY.16','PY.16.1502',7751,'America/Asuncion',1,'2020-06-09 23:00:00','2020-06-09 23:00:00');
INSERT INTO `__PREFIX__cities` (`country_code`, `name`, `longitude`, `latitude`, `feature_class`, `feature_code`, `subadmin1_code`, `subadmin2_code`, `population`, `time_zone`, `active`, `created_at`, `updated_at`) VALUES ('PY','{\"en\":\"Bella Vista\"}',-56.52,-22.12,'P','PPL','PY.02','PY.02.1302',5653,'America/Asuncion',1,'2020-07-08 23:00:00','2020-07-08 23:00:00');
INSERT INTO `__PREFIX__cities` (`country_code`, `name`, `longitude`, `latitude`, `feature_class`, `feature_code`, `subadmin1_code`, `subadmin2_code`, `population`, `time_zone`, `active`, `created_at`, `updated_at`) VALUES ('PY','{\"en\":\"Ayolas\"}',-56.84,-27.38,'P','PPL','PY.12','PY.12.0802',12061,'America/Asuncion',1,'2020-07-08 23:00:00','2020-07-08 23:00:00');
INSERT INTO `__PREFIX__cities` (`country_code`, `name`, `longitude`, `latitude`, `feature_class`, `feature_code`, `subadmin1_code`, `subadmin2_code`, `population`, `time_zone`, `active`, `created_at`, `updated_at`) VALUES ('PY','{\"en\":\"Asunción\"}',-57.65,-25.29,'P','PPLC','PY.22','PY.22.0000',1482200,'America/Asuncion',1,'2019-09-04 23:00:00','2019-09-04 23:00:00');
INSERT INTO `__PREFIX__cities` (`country_code`, `name`, `longitude`, `latitude`, `feature_class`, `feature_code`, `subadmin1_code`, `subadmin2_code`, `population`, `time_zone`, `active`, `created_at`, `updated_at`) VALUES ('PY','{\"en\":\"Tomás Romero Pereira\"}',-55.26,-26.53,'P','PPL','PY.11','PY.11.0724',5533,'America/Asuncion',1,'2020-07-08 23:00:00','2020-07-08 23:00:00');
INSERT INTO `__PREFIX__cities` (`country_code`, `name`, `longitude`, `latitude`, `feature_class`, `feature_code`, `subadmin1_code`, `subadmin2_code`, `population`, `time_zone`, `active`, `created_at`, `updated_at`) VALUES ('PY','{\"en\":\"Areguá\"}',-57.38,-25.31,'P','PPLA','PY.06','PY.06.1101',11222,'America/Asuncion',1,'2019-03-27 23:00:00','2019-03-27 23:00:00');
INSERT INTO `__PREFIX__cities` (`country_code`, `name`, `longitude`, `latitude`, `feature_class`, `feature_code`, `subadmin1_code`, `subadmin2_code`, `population`, `time_zone`, `active`, `created_at`, `updated_at`) VALUES ('PY','{\"en\":\"Horqueta\"}',-57.05,-23.34,'P','PPL','PY.07','PY.07.0103',10531,'America/Asuncion',1,'2020-06-10 23:00:00','2020-06-10 23:00:00');
INSERT INTO `__PREFIX__cities` (`country_code`, `name`, `longitude`, `latitude`, `feature_class`, `feature_code`, `subadmin1_code`, `subadmin2_code`, `population`, `time_zone`, `active`, `created_at`, `updated_at`) VALUES ('PY','{\"en\":\"Filadelfia\"}',-60.03,-22.34,'P','PPLA','PY.24','PY.24.1604',8048,'America/Asuncion',1,'2018-04-08 23:00:00','2018-04-08 23:00:00');
INSERT INTO `__PREFIX__cities` (`country_code`, `name`, `longitude`, `latitude`, `feature_class`, `feature_code`, `subadmin1_code`, `subadmin2_code`, `population`, `time_zone`, `active`, `created_at`, `updated_at`) VALUES ('PY','{\"en\":\"Nueva Esperanza\"}',-54.86,-24.51,'P','PPL','PY.19','PY.19.1410',12717,'America/Asuncion',1,'2018-04-08 23:00:00','2018-04-08 23:00:00');
/*!40000 ALTER TABLE `__PREFIX__cities` ENABLE KEYS */;
/*!40103 SET TIME_ZONE=@OLD_TIME_ZONE */;

/*!40101 SET SQL_MODE=@OLD_SQL_MODE */;
/*!40014 SET FOREIGN_KEY_CHECKS=@OLD_FOREIGN_KEY_CHECKS */;
/*!40014 SET UNIQUE_CHECKS=@OLD_UNIQUE_CHECKS */;
/*!40101 SET CHARACTER_SET_CLIENT=@OLD_CHARACTER_SET_CLIENT */;
/*!40101 SET CHARACTER_SET_RESULTS=@OLD_CHARACTER_SET_RESULTS */;
/*!40101 SET COLLATION_CONNECTION=@OLD_COLLATION_CONNECTION */;
/*!40111 SET SQL_NOTES=@OLD_SQL_NOTES */;

-- Dump completed
