-- MySQL dump 10.13  Distrib 5.7.34, for osx10.12 (x86_64)
--
-- Host: 127.0.0.1    Database: laraclassifier
-- ------------------------------------------------------
-- Server version	5.7.34

/*!40101 SET @OLD_CHARACTER_SET_CLIENT=@@CHARACTER_SET_CLIENT */;
/*!40101 SET @OLD_CHARACTER_SET_RESULTS=@@CHARACTER_SET_RESULTS */;
/*!40101 SET @OLD_COLLATION_CONNECTION=@@COLLATION_CONNECTION */;
/*!40101 SET NAMES utf8 */;
/*!40103 SET @OLD_TIME_ZONE=@@TIME_ZONE */;
/*!40103 SET TIME_ZONE='+00:00' */;
/*!40014 SET @OLD_UNIQUE_CHECKS=@@UNIQUE_CHECKS, UNIQUE_CHECKS=0 */;
/*!40014 SET @OLD_FOREIGN_KEY_CHECKS=@@FOREIGN_KEY_CHECKS, FOREIGN_KEY_CHECKS=0 */;
/*!40101 SET @OLD_SQL_MODE=@@SQL_MODE, SQL_MODE='NO_AUTO_VALUE_ON_ZERO' */;
/*!40111 SET @OLD_SQL_NOTES=@@SQL_NOTES, SQL_NOTES=0 */;

--
-- Dumping data for table `__PREFIX__subadmin1`
--

/*!40000 ALTER TABLE `__PREFIX__subadmin1` DISABLE KEYS */;
INSERT INTO `__PREFIX__subadmin1` (`code`, `country_code`, `name`, `active`) VALUES ('RS.VO','RS','{\"en\":\"Vojvodina\"}',1);
INSERT INTO `__PREFIX__subadmin1` (`code`, `country_code`, `name`, `active`) VALUES ('RS.SE','RS','{\"en\":\"Central Serbia\"}',1);
/*!40000 ALTER TABLE `__PREFIX__subadmin1` ENABLE KEYS */;

--
-- Dumping data for table `__PREFIX__subadmin2`
--

/*!40000 ALTER TABLE `__PREFIX__subadmin2` DISABLE KEYS */;
INSERT INTO `__PREFIX__subadmin2` (`code`, `country_code`, `subadmin1_code`, `name`, `active`) VALUES ('RS.SE.14','RS','RS.SE','{\"en\":\"Bor\"}',1);
INSERT INTO `__PREFIX__subadmin2` (`code`, `country_code`, `subadmin1_code`, `name`, `active`) VALUES ('RS.SE.11','RS','RS.SE','{\"en\":\"Branicevo\"}',1);
INSERT INTO `__PREFIX__subadmin2` (`code`, `country_code`, `subadmin1_code`, `name`, `active`) VALUES ('RS.SE.23','RS','RS.SE','{\"en\":\"Jablanica\"}',1);
INSERT INTO `__PREFIX__subadmin2` (`code`, `country_code`, `subadmin1_code`, `name`, `active`) VALUES ('RS.VO.6','RS','RS.VO','{\"en\":\"South Bačka\"}',1);
INSERT INTO `__PREFIX__subadmin2` (`code`, `country_code`, `subadmin1_code`, `name`, `active`) VALUES ('RS.VO.4','RS','RS.VO','{\"en\":\"South Banat\"}',1);
INSERT INTO `__PREFIX__subadmin2` (`code`, `country_code`, `subadmin1_code`, `name`, `active`) VALUES ('RS.SE.9','RS','RS.SE','{\"en\":\"Kolubara\"}',1);
INSERT INTO `__PREFIX__subadmin2` (`code`, `country_code`, `subadmin1_code`, `name`, `active`) VALUES ('RS.SE.8','RS','RS.SE','{\"en\":\"Mačva\"}',1);
INSERT INTO `__PREFIX__subadmin2` (`code`, `country_code`, `subadmin1_code`, `name`, `active`) VALUES ('RS.SE.17','RS','RS.SE','{\"en\":\"Morava\"}',1);
INSERT INTO `__PREFIX__subadmin2` (`code`, `country_code`, `subadmin1_code`, `name`, `active`) VALUES ('RS.SE.20','RS','RS.SE','{\"en\":\"Nišava\"}',1);
INSERT INTO `__PREFIX__subadmin2` (`code`, `country_code`, `subadmin1_code`, `name`, `active`) VALUES ('RS.SE.24','RS','RS.SE','{\"en\":\"Pčinja\"}',1);
INSERT INTO `__PREFIX__subadmin2` (`code`, `country_code`, `subadmin1_code`, `name`, `active`) VALUES ('RS.SE.22','RS','RS.SE','{\"en\":\"Pirot\"}',1);
INSERT INTO `__PREFIX__subadmin2` (`code`, `country_code`, `subadmin1_code`, `name`, `active`) VALUES ('RS.SE.10','RS','RS.SE','{\"en\":\"Podunavlje District\"}',1);
INSERT INTO `__PREFIX__subadmin2` (`code`, `country_code`, `subadmin1_code`, `name`, `active`) VALUES ('RS.SE.13','RS','RS.SE','{\"en\":\"Pomoravlje\"}',1);
INSERT INTO `__PREFIX__subadmin2` (`code`, `country_code`, `subadmin1_code`, `name`, `active`) VALUES ('RS.SE.19','RS','RS.SE','{\"en\":\"Rasina\"}',1);
INSERT INTO `__PREFIX__subadmin2` (`code`, `country_code`, `subadmin1_code`, `name`, `active`) VALUES ('RS.SE.18','RS','RS.SE','{\"en\":\"Raška\"}',1);
INSERT INTO `__PREFIX__subadmin2` (`code`, `country_code`, `subadmin1_code`, `name`, `active`) VALUES ('RS.VO.1','RS','RS.VO','{\"en\":\"North Bačka\"}',1);
INSERT INTO `__PREFIX__subadmin2` (`code`, `country_code`, `subadmin1_code`, `name`, `active`) VALUES ('RS.VO.3','RS','RS.VO','{\"en\":\"North Banat\"}',1);
INSERT INTO `__PREFIX__subadmin2` (`code`, `country_code`, `subadmin1_code`, `name`, `active`) VALUES ('RS.VO.2','RS','RS.VO','{\"en\":\"Central Banat\"}',1);
INSERT INTO `__PREFIX__subadmin2` (`code`, `country_code`, `subadmin1_code`, `name`, `active`) VALUES ('RS.VO.7','RS','RS.VO','{\"en\":\"Srem\"}',1);
INSERT INTO `__PREFIX__subadmin2` (`code`, `country_code`, `subadmin1_code`, `name`, `active`) VALUES ('RS.SE.12','RS','RS.SE','{\"en\":\"Šumadija\"}',1);
INSERT INTO `__PREFIX__subadmin2` (`code`, `country_code`, `subadmin1_code`, `name`, `active`) VALUES ('RS.SE.21','RS','RS.SE','{\"en\":\"Toplica\"}',1);
INSERT INTO `__PREFIX__subadmin2` (`code`, `country_code`, `subadmin1_code`, `name`, `active`) VALUES ('RS.SE.15','RS','RS.SE','{\"en\":\"Zaječar\"}',1);
INSERT INTO `__PREFIX__subadmin2` (`code`, `country_code`, `subadmin1_code`, `name`, `active`) VALUES ('RS.VO.5','RS','RS.VO','{\"en\":\"West Bačka\"}',1);
INSERT INTO `__PREFIX__subadmin2` (`code`, `country_code`, `subadmin1_code`, `name`, `active`) VALUES ('RS.SE.16','RS','RS.SE','{\"en\":\"Zlatibor\"}',1);
INSERT INTO `__PREFIX__subadmin2` (`code`, `country_code`, `subadmin1_code`, `name`, `active`) VALUES ('RS.SE.0','RS','RS.SE','{\"en\":\"Belgrade\"}',1);
/*!40000 ALTER TABLE `__PREFIX__subadmin2` ENABLE KEYS */;

--
-- Dumping data for table `__PREFIX__cities`
--

/*!40000 ALTER TABLE `__PREFIX__cities` DISABLE KEYS */;
INSERT INTO `__PREFIX__cities` (`country_code`, `name`, `longitude`, `latitude`, `feature_class`, `feature_code`, `subadmin1_code`, `subadmin2_code`, `population`, `time_zone`, `active`, `created_at`, `updated_at`) VALUES ('RS','{\"en\":\"Zvečka\"}',20.16,44.64,'P','PPL','RS.SE','RS.SE.0',5321,'Europe/Belgrade',1,'2020-01-27 23:00:00','2020-01-27 23:00:00');
INSERT INTO `__PREFIX__cities` (`country_code`, `name`, `longitude`, `latitude`, `feature_class`, `feature_code`, `subadmin1_code`, `subadmin2_code`, `population`, `time_zone`, `active`, `created_at`, `updated_at`) VALUES ('RS','{\"en\":\"Zrenjanin\"}',20.38,45.38,'P','PPLA2','RS.VO','RS.VO.2',79773,'Europe/Belgrade',1,'2012-04-14 23:00:00','2012-04-14 23:00:00');
INSERT INTO `__PREFIX__cities` (`country_code`, `name`, `longitude`, `latitude`, `feature_class`, `feature_code`, `subadmin1_code`, `subadmin2_code`, `population`, `time_zone`, `active`, `created_at`, `updated_at`) VALUES ('RS','{\"en\":\"Zemun\"}',20.40,44.85,'P','PPLA3','RS.SE','RS.SE.0',155591,'Europe/Belgrade',1,'2020-06-17 23:00:00','2020-06-17 23:00:00');
INSERT INTO `__PREFIX__cities` (`country_code`, `name`, `longitude`, `latitude`, `feature_class`, `feature_code`, `subadmin1_code`, `subadmin2_code`, `population`, `time_zone`, `active`, `created_at`, `updated_at`) VALUES ('RS','{\"en\":\"Zaječar\"}',22.26,43.90,'P','PPLA2','RS.SE','RS.SE.15',49800,'Europe/Belgrade',1,'2019-09-04 23:00:00','2019-09-04 23:00:00');
INSERT INTO `__PREFIX__cities` (`country_code`, `name`, `longitude`, `latitude`, `feature_class`, `feature_code`, `subadmin1_code`, `subadmin2_code`, `population`, `time_zone`, `active`, `created_at`, `updated_at`) VALUES ('RS','{\"en\":\"Žabalj\"}',20.06,45.37,'P','PPLA3','RS.VO','RS.VO.6',8503,'Europe/Belgrade',1,'2020-01-27 23:00:00','2020-01-27 23:00:00');
INSERT INTO `__PREFIX__cities` (`country_code`, `name`, `longitude`, `latitude`, `feature_class`, `feature_code`, `subadmin1_code`, `subadmin2_code`, `population`, `time_zone`, `active`, `created_at`, `updated_at`) VALUES ('RS','{\"en\":\"Vršac\"}',21.30,45.12,'P','PPLA3','RS.VO','RS.VO.4',36300,'Europe/Belgrade',1,'2020-01-27 23:00:00','2020-01-27 23:00:00');
INSERT INTO `__PREFIX__cities` (`country_code`, `name`, `longitude`, `latitude`, `feature_class`, `feature_code`, `subadmin1_code`, `subadmin2_code`, `population`, `time_zone`, `active`, `created_at`, `updated_at`) VALUES ('RS','{\"en\":\"Vrnjačka Banja\"}',20.90,43.63,'P','PPLA3','RS.SE','RS.SE.18',10207,'Europe/Belgrade',1,'2012-04-14 23:00:00','2012-04-14 23:00:00');
INSERT INTO `__PREFIX__cities` (`country_code`, `name`, `longitude`, `latitude`, `feature_class`, `feature_code`, `subadmin1_code`, `subadmin2_code`, `population`, `time_zone`, `active`, `created_at`, `updated_at`) VALUES ('RS','{\"en\":\"Vranje\"}',21.90,42.55,'P','PPLA2','RS.SE','RS.SE.24',56199,'Europe/Belgrade',1,'2012-04-16 23:00:00','2012-04-16 23:00:00');
INSERT INTO `__PREFIX__cities` (`country_code`, `name`, `longitude`, `latitude`, `feature_class`, `feature_code`, `subadmin1_code`, `subadmin2_code`, `population`, `time_zone`, `active`, `created_at`, `updated_at`) VALUES ('RS','{\"en\":\"Vladimirovac\"}',20.87,45.03,'P','PPL','RS.VO','RS.VO.4',5106,'Europe/Belgrade',1,'2020-01-27 23:00:00','2020-01-27 23:00:00');
INSERT INTO `__PREFIX__cities` (`country_code`, `name`, `longitude`, `latitude`, `feature_class`, `feature_code`, `subadmin1_code`, `subadmin2_code`, `population`, `time_zone`, `active`, `created_at`, `updated_at`) VALUES ('RS','{\"en\":\"Umka\"}',20.30,44.68,'P','PPL','RS.SE','RS.SE.0',5618,'Europe/Belgrade',1,'2020-01-27 23:00:00','2020-01-27 23:00:00');
INSERT INTO `__PREFIX__cities` (`country_code`, `name`, `longitude`, `latitude`, `feature_class`, `feature_code`, `subadmin1_code`, `subadmin2_code`, `population`, `time_zone`, `active`, `created_at`, `updated_at`) VALUES ('RS','{\"en\":\"Trstenik\"}',21.00,43.62,'P','PPLA3','RS.SE','RS.SE.19',49043,'Europe/Belgrade',1,'2012-04-14 23:00:00','2012-04-14 23:00:00');
INSERT INTO `__PREFIX__cities` (`country_code`, `name`, `longitude`, `latitude`, `feature_class`, `feature_code`, `subadmin1_code`, `subadmin2_code`, `population`, `time_zone`, `active`, `created_at`, `updated_at`) VALUES ('RS','{\"en\":\"Titel\"}',20.29,45.21,'P','PPLA3','RS.VO','RS.VO.6',6227,'Europe/Belgrade',1,'2016-05-17 23:00:00','2016-05-17 23:00:00');
INSERT INTO `__PREFIX__cities` (`country_code`, `name`, `longitude`, `latitude`, `feature_class`, `feature_code`, `subadmin1_code`, `subadmin2_code`, `population`, `time_zone`, `active`, `created_at`, `updated_at`) VALUES ('RS','{\"en\":\"Surčin\"}',20.28,44.79,'P','PPLA3','RS.SE','RS.SE.0',12575,'Europe/Belgrade',1,'2012-04-13 23:00:00','2012-04-13 23:00:00');
INSERT INTO `__PREFIX__cities` (`country_code`, `name`, `longitude`, `latitude`, `feature_class`, `feature_code`, `subadmin1_code`, `subadmin2_code`, `population`, `time_zone`, `active`, `created_at`, `updated_at`) VALUES ('RS','{\"en\":\"Stara Pazova\"}',20.16,44.98,'P','PPLA3','RS.VO','RS.VO.7',16217,'Europe/Belgrade',1,'2016-05-17 23:00:00','2016-05-17 23:00:00');
INSERT INTO `__PREFIX__cities` (`country_code`, `name`, `longitude`, `latitude`, `feature_class`, `feature_code`, `subadmin1_code`, `subadmin2_code`, `population`, `time_zone`, `active`, `created_at`, `updated_at`) VALUES ('RS','{\"en\":\"Srpska Crnja\"}',20.69,45.73,'P','PPL','RS.VO','RS.VO.2',5467,'Europe/Belgrade',1,'2016-10-13 23:00:00','2016-10-13 23:00:00');
INSERT INTO `__PREFIX__cities` (`country_code`, `name`, `longitude`, `latitude`, `feature_class`, `feature_code`, `subadmin1_code`, `subadmin2_code`, `population`, `time_zone`, `active`, `created_at`, `updated_at`) VALUES ('RS','{\"en\":\"Sremčica\"}',20.39,44.68,'P','PPL','RS.SE','RS.SE.0',23000,'Europe/Belgrade',1,'2020-01-27 23:00:00','2020-01-27 23:00:00');
INSERT INTO `__PREFIX__cities` (`country_code`, `name`, `longitude`, `latitude`, `feature_class`, `feature_code`, `subadmin1_code`, `subadmin2_code`, `population`, `time_zone`, `active`, `created_at`, `updated_at`) VALUES ('RS','{\"en\":\"Smederevska Palanka\"}',20.96,44.37,'P','PPLA3','RS.SE','RS.SE.10',27000,'Europe/Belgrade',1,'2012-04-16 23:00:00','2012-04-16 23:00:00');
INSERT INTO `__PREFIX__cities` (`country_code`, `name`, `longitude`, `latitude`, `feature_class`, `feature_code`, `subadmin1_code`, `subadmin2_code`, `population`, `time_zone`, `active`, `created_at`, `updated_at`) VALUES ('RS','{\"en\":\"Smederevo\"}',20.93,44.66,'P','PPLA2','RS.SE','RS.SE.10',62000,'Europe/Belgrade',1,'2019-09-04 23:00:00','2019-09-04 23:00:00');
INSERT INTO `__PREFIX__cities` (`country_code`, `name`, `longitude`, `latitude`, `feature_class`, `feature_code`, `subadmin1_code`, `subadmin2_code`, `population`, `time_zone`, `active`, `created_at`, `updated_at`) VALUES ('RS','{\"en\":\"Senta\"}',20.08,45.93,'P','PPLA3','RS.VO','RS.VO.3',20302,'Europe/Belgrade',1,'2012-04-14 23:00:00','2012-04-14 23:00:00');
INSERT INTO `__PREFIX__cities` (`country_code`, `name`, `longitude`, `latitude`, `feature_class`, `feature_code`, `subadmin1_code`, `subadmin2_code`, `population`, `time_zone`, `active`, `created_at`, `updated_at`) VALUES ('RS','{\"en\":\"Ripanj\"}',20.52,44.64,'P','PPL','RS.SE','RS.SE.0',11000,'Europe/Belgrade',1,'2020-01-27 23:00:00','2020-01-27 23:00:00');
INSERT INTO `__PREFIX__cities` (`country_code`, `name`, `longitude`, `latitude`, `feature_class`, `feature_code`, `subadmin1_code`, `subadmin2_code`, `population`, `time_zone`, `active`, `created_at`, `updated_at`) VALUES ('RS','{\"en\":\"Prokuplje\"}',21.59,43.23,'P','PPLA2','RS.SE','RS.SE.21',27673,'Europe/Belgrade',1,'2012-04-16 23:00:00','2012-04-16 23:00:00');
INSERT INTO `__PREFIX__cities` (`country_code`, `name`, `longitude`, `latitude`, `feature_class`, `feature_code`, `subadmin1_code`, `subadmin2_code`, `population`, `time_zone`, `active`, `created_at`, `updated_at`) VALUES ('RS','{\"en\":\"Požarevac\"}',21.19,44.62,'P','PPLA2','RS.SE','RS.SE.11',41736,'Europe/Belgrade',1,'2019-09-04 23:00:00','2019-09-04 23:00:00');
INSERT INTO `__PREFIX__cities` (`country_code`, `name`, `longitude`, `latitude`, `feature_class`, `feature_code`, `subadmin1_code`, `subadmin2_code`, `population`, `time_zone`, `active`, `created_at`, `updated_at`) VALUES ('RS','{\"en\":\"Pirot\"}',22.59,43.15,'P','PPLA2','RS.SE','RS.SE.22',40678,'Europe/Belgrade',1,'2012-04-16 23:00:00','2012-04-16 23:00:00');
INSERT INTO `__PREFIX__cities` (`country_code`, `name`, `longitude`, `latitude`, `feature_class`, `feature_code`, `subadmin1_code`, `subadmin2_code`, `population`, `time_zone`, `active`, `created_at`, `updated_at`) VALUES ('RS','{\"en\":\"Paraćin\"}',21.41,43.86,'P','PPLA3','RS.SE','RS.SE.13',6000,'Europe/Belgrade',1,'2012-04-14 23:00:00','2012-04-14 23:00:00');
INSERT INTO `__PREFIX__cities` (`country_code`, `name`, `longitude`, `latitude`, `feature_class`, `feature_code`, `subadmin1_code`, `subadmin2_code`, `population`, `time_zone`, `active`, `created_at`, `updated_at`) VALUES ('RS','{\"en\":\"Pančevo\"}',20.64,44.87,'P','PPLA2','RS.VO','RS.VO.4',76654,'Europe/Belgrade',1,'2020-01-27 23:00:00','2020-01-27 23:00:00');
INSERT INTO `__PREFIX__cities` (`country_code`, `name`, `longitude`, `latitude`, `feature_class`, `feature_code`, `subadmin1_code`, `subadmin2_code`, `population`, `time_zone`, `active`, `created_at`, `updated_at`) VALUES ('RS','{\"en\":\"Padina\"}',20.73,45.12,'P','PPL','RS.VO','RS.VO.4',6367,'Europe/Belgrade',1,'2020-01-27 23:00:00','2020-01-27 23:00:00');
INSERT INTO `__PREFIX__cities` (`country_code`, `name`, `longitude`, `latitude`, `feature_class`, `feature_code`, `subadmin1_code`, `subadmin2_code`, `population`, `time_zone`, `active`, `created_at`, `updated_at`) VALUES ('RS','{\"en\":\"Obrenovac\"}',20.20,44.65,'P','PPLA3','RS.SE','RS.SE.0',16821,'Europe/Belgrade',1,'2012-04-13 23:00:00','2012-04-13 23:00:00');
INSERT INTO `__PREFIX__cities` (`country_code`, `name`, `longitude`, `latitude`, `feature_class`, `feature_code`, `subadmin1_code`, `subadmin2_code`, `population`, `time_zone`, `active`, `created_at`, `updated_at`) VALUES ('RS','{\"en\":\"Novo Miloševo\"}',20.30,45.72,'P','PPL','RS.VO','RS.VO.2',7805,'Europe/Belgrade',1,'2020-06-10 23:00:00','2020-06-10 23:00:00');
INSERT INTO `__PREFIX__cities` (`country_code`, `name`, `longitude`, `latitude`, `feature_class`, `feature_code`, `subadmin1_code`, `subadmin2_code`, `population`, `time_zone`, `active`, `created_at`, `updated_at`) VALUES ('RS','{\"en\":\"Novi Pazar\"}',20.51,43.14,'P','PPLA3','RS.SE','RS.SE.18',85996,'Europe/Belgrade',1,'2016-05-17 23:00:00','2016-05-17 23:00:00');
INSERT INTO `__PREFIX__cities` (`country_code`, `name`, `longitude`, `latitude`, `feature_class`, `feature_code`, `subadmin1_code`, `subadmin2_code`, `population`, `time_zone`, `active`, `created_at`, `updated_at`) VALUES ('RS','{\"en\":\"Novi Kneževac\"}',20.10,46.05,'P','PPLA3','RS.VO','RS.VO.3',8166,'Europe/Belgrade',1,'2012-04-14 23:00:00','2012-04-14 23:00:00');
INSERT INTO `__PREFIX__cities` (`country_code`, `name`, `longitude`, `latitude`, `feature_class`, `feature_code`, `subadmin1_code`, `subadmin2_code`, `population`, `time_zone`, `active`, `created_at`, `updated_at`) VALUES ('RS','{\"en\":\"Nova Pazova\"}',20.22,44.94,'P','PPL','RS.VO','RS.VO.7',15488,'Europe/Belgrade',1,'2020-01-27 23:00:00','2020-01-27 23:00:00');
INSERT INTO `__PREFIX__cities` (`country_code`, `name`, `longitude`, `latitude`, `feature_class`, `feature_code`, `subadmin1_code`, `subadmin2_code`, `population`, `time_zone`, `active`, `created_at`, `updated_at`) VALUES ('RS','{\"en\":\"Niš\"}',21.90,43.32,'P','PPLA2','RS.SE','RS.SE.20',250000,'Europe/Belgrade',1,'2020-01-30 23:00:00','2020-01-30 23:00:00');
INSERT INTO `__PREFIX__cities` (`country_code`, `name`, `longitude`, `latitude`, `feature_class`, `feature_code`, `subadmin1_code`, `subadmin2_code`, `population`, `time_zone`, `active`, `created_at`, `updated_at`) VALUES ('RS','{\"en\":\"Negotin\"}',22.53,44.23,'P','PPLA3','RS.SE','RS.SE.14',17612,'Europe/Belgrade',1,'2012-04-15 23:00:00','2012-04-15 23:00:00');
INSERT INTO `__PREFIX__cities` (`country_code`, `name`, `longitude`, `latitude`, `feature_class`, `feature_code`, `subadmin1_code`, `subadmin2_code`, `population`, `time_zone`, `active`, `created_at`, `updated_at`) VALUES ('RS','{\"en\":\"Mol\"}',20.13,45.76,'P','PPL','RS.VO','RS.VO.3',7950,'Europe/Belgrade',1,'2020-01-27 23:00:00','2020-01-27 23:00:00');
INSERT INTO `__PREFIX__cities` (`country_code`, `name`, `longitude`, `latitude`, `feature_class`, `feature_code`, `subadmin1_code`, `subadmin2_code`, `population`, `time_zone`, `active`, `created_at`, `updated_at`) VALUES ('RS','{\"en\":\"Mokrin\"}',20.41,45.93,'P','PPL','RS.VO','RS.VO.3',6567,'Europe/Belgrade',1,'2020-01-27 23:00:00','2020-01-27 23:00:00');
INSERT INTO `__PREFIX__cities` (`country_code`, `name`, `longitude`, `latitude`, `feature_class`, `feature_code`, `subadmin1_code`, `subadmin2_code`, `population`, `time_zone`, `active`, `created_at`, `updated_at`) VALUES ('RS','{\"en\":\"Melenci\"}',20.32,45.52,'P','PPL','RS.VO','RS.VO.2',7685,'Europe/Belgrade',1,'2020-01-27 23:00:00','2020-01-27 23:00:00');
INSERT INTO `__PREFIX__cities` (`country_code`, `name`, `longitude`, `latitude`, `feature_class`, `feature_code`, `subadmin1_code`, `subadmin2_code`, `population`, `time_zone`, `active`, `created_at`, `updated_at`) VALUES ('RS','{\"en\":\"Majdanpek\"}',21.95,44.43,'P','PPLA3','RS.SE','RS.SE.14',10071,'Europe/Belgrade',1,'2012-04-15 23:00:00','2012-04-15 23:00:00');
INSERT INTO `__PREFIX__cities` (`country_code`, `name`, `longitude`, `latitude`, `feature_class`, `feature_code`, `subadmin1_code`, `subadmin2_code`, `population`, `time_zone`, `active`, `created_at`, `updated_at`) VALUES ('RS','{\"en\":\"Leskovac\"}',21.95,43.00,'P','PPLA2','RS.SE','RS.SE.23',94758,'Europe/Belgrade',1,'2019-09-04 23:00:00','2019-09-04 23:00:00');
INSERT INTO `__PREFIX__cities` (`country_code`, `name`, `longitude`, `latitude`, `feature_class`, `feature_code`, `subadmin1_code`, `subadmin2_code`, `population`, `time_zone`, `active`, `created_at`, `updated_at`) VALUES ('RS','{\"en\":\"Lazarevac\"}',20.26,44.39,'P','PPLA3','RS.SE','RS.SE.0',23551,'Europe/Belgrade',1,'2016-05-17 23:00:00','2016-05-17 23:00:00');
INSERT INTO `__PREFIX__cities` (`country_code`, `name`, `longitude`, `latitude`, `feature_class`, `feature_code`, `subadmin1_code`, `subadmin2_code`, `population`, `time_zone`, `active`, `created_at`, `updated_at`) VALUES ('RS','{\"en\":\"Lapovo\"}',21.10,44.18,'P','PPLA3','RS.SE','RS.SE.12',7422,'Europe/Belgrade',1,'2012-04-15 23:00:00','2012-04-15 23:00:00');
INSERT INTO `__PREFIX__cities` (`country_code`, `name`, `longitude`, `latitude`, `feature_class`, `feature_code`, `subadmin1_code`, `subadmin2_code`, `population`, `time_zone`, `active`, `created_at`, `updated_at`) VALUES ('RS','{\"en\":\"Kruševac\"}',21.33,43.58,'P','PPLA2','RS.SE','RS.SE.19',75256,'Europe/Belgrade',1,'2019-09-04 23:00:00','2019-09-04 23:00:00');
INSERT INTO `__PREFIX__cities` (`country_code`, `name`, `longitude`, `latitude`, `feature_class`, `feature_code`, `subadmin1_code`, `subadmin2_code`, `population`, `time_zone`, `active`, `created_at`, `updated_at`) VALUES ('RS','{\"en\":\"Kraljevo\"}',20.69,43.73,'P','PPLA2','RS.SE','RS.SE.18',82846,'Europe/Belgrade',1,'2019-12-07 23:00:00','2019-12-07 23:00:00');
INSERT INTO `__PREFIX__cities` (`country_code`, `name`, `longitude`, `latitude`, `feature_class`, `feature_code`, `subadmin1_code`, `subadmin2_code`, `population`, `time_zone`, `active`, `created_at`, `updated_at`) VALUES ('RS','{\"en\":\"Kragujevac\"}',20.92,44.02,'P','PPLA2','RS.SE','RS.SE.12',147473,'Europe/Belgrade',1,'2019-09-04 23:00:00','2019-09-04 23:00:00');
INSERT INTO `__PREFIX__cities` (`country_code`, `name`, `longitude`, `latitude`, `feature_class`, `feature_code`, `subadmin1_code`, `subadmin2_code`, `population`, `time_zone`, `active`, `created_at`, `updated_at`) VALUES ('RS','{\"en\":\"Kovin\"}',20.98,44.75,'P','PPLA3','RS.VO','RS.VO.4',14250,'Europe/Belgrade',1,'2020-01-27 23:00:00','2020-01-27 23:00:00');
INSERT INTO `__PREFIX__cities` (`country_code`, `name`, `longitude`, `latitude`, `feature_class`, `feature_code`, `subadmin1_code`, `subadmin2_code`, `population`, `time_zone`, `active`, `created_at`, `updated_at`) VALUES ('RS','{\"en\":\"Kovilj\"}',20.02,45.23,'P','PPL','RS.VO','RS.VO.6',5279,'Europe/Belgrade',1,'2012-08-20 23:00:00','2012-08-20 23:00:00');
INSERT INTO `__PREFIX__cities` (`country_code`, `name`, `longitude`, `latitude`, `feature_class`, `feature_code`, `subadmin1_code`, `subadmin2_code`, `population`, `time_zone`, `active`, `created_at`, `updated_at`) VALUES ('RS','{\"en\":\"Kovačica\"}',20.62,45.11,'P','PPLA3','RS.VO','RS.VO.4',7357,'Europe/Belgrade',1,'2020-01-27 23:00:00','2020-01-27 23:00:00');
INSERT INTO `__PREFIX__cities` (`country_code`, `name`, `longitude`, `latitude`, `feature_class`, `feature_code`, `subadmin1_code`, `subadmin2_code`, `population`, `time_zone`, `active`, `created_at`, `updated_at`) VALUES ('RS','{\"en\":\"Kikinda\"}',20.47,45.83,'P','PPLA2','RS.VO','RS.VO.3',41935,'Europe/Belgrade',1,'2016-05-17 23:00:00','2016-05-17 23:00:00');
INSERT INTO `__PREFIX__cities` (`country_code`, `name`, `longitude`, `latitude`, `feature_class`, `feature_code`, `subadmin1_code`, `subadmin2_code`, `population`, `time_zone`, `active`, `created_at`, `updated_at`) VALUES ('RS','{\"en\":\"Kanjiža\"}',20.05,46.07,'P','PPLA3','RS.VO','RS.VO.3',10200,'Europe/Belgrade',1,'2012-04-14 23:00:00','2012-04-14 23:00:00');
INSERT INTO `__PREFIX__cities` (`country_code`, `name`, `longitude`, `latitude`, `feature_class`, `feature_code`, `subadmin1_code`, `subadmin2_code`, `population`, `time_zone`, `active`, `created_at`, `updated_at`) VALUES ('RS','{\"en\":\"Jagodina\"}',21.26,43.98,'P','PPLA2','RS.SE','RS.SE.13',35589,'Europe/Belgrade',1,'2013-10-20 23:00:00','2013-10-20 23:00:00');
INSERT INTO `__PREFIX__cities` (`country_code`, `name`, `longitude`, `latitude`, `feature_class`, `feature_code`, `subadmin1_code`, `subadmin2_code`, `population`, `time_zone`, `active`, `created_at`, `updated_at`) VALUES ('RS','{\"en\":\"Inđija\"}',20.08,45.05,'P','PPL','RS.VO','RS.VO.7',26247,'Europe/Belgrade',1,'2016-05-17 23:00:00','2016-05-17 23:00:00');
INSERT INTO `__PREFIX__cities` (`country_code`, `name`, `longitude`, `latitude`, `feature_class`, `feature_code`, `subadmin1_code`, `subadmin2_code`, `population`, `time_zone`, `active`, `created_at`, `updated_at`) VALUES ('RS','{\"en\":\"Gornji Milanovac\"}',20.46,44.03,'P','PPLA3','RS.SE','RS.SE.17',23982,'Europe/Belgrade',1,'2012-04-14 23:00:00','2012-04-14 23:00:00');
INSERT INTO `__PREFIX__cities` (`country_code`, `name`, `longitude`, `latitude`, `feature_class`, `feature_code`, `subadmin1_code`, `subadmin2_code`, `population`, `time_zone`, `active`, `created_at`, `updated_at`) VALUES ('RS','{\"en\":\"Ečka\"}',20.44,45.32,'P','PPL','RS.VO','RS.VO.2',5293,'Europe/Belgrade',1,'2020-06-10 23:00:00','2020-06-10 23:00:00');
INSERT INTO `__PREFIX__cities` (`country_code`, `name`, `longitude`, `latitude`, `feature_class`, `feature_code`, `subadmin1_code`, `subadmin2_code`, `population`, `time_zone`, `active`, `created_at`, `updated_at`) VALUES ('RS','{\"en\":\"Dobanovci\"}',20.22,44.83,'P','PPL','RS.SE','RS.SE.0',7592,'Europe/Belgrade',1,'2016-10-20 23:00:00','2016-10-20 23:00:00');
INSERT INTO `__PREFIX__cities` (`country_code`, `name`, `longitude`, `latitude`, `feature_class`, `feature_code`, `subadmin1_code`, `subadmin2_code`, `population`, `time_zone`, `active`, `created_at`, `updated_at`) VALUES ('RS','{\"en\":\"Debeljača\"}',20.60,45.07,'P','PPL','RS.VO','RS.VO.4',6413,'Europe/Belgrade',1,'2016-10-20 23:00:00','2016-10-20 23:00:00');
INSERT INTO `__PREFIX__cities` (`country_code`, `name`, `longitude`, `latitude`, `feature_class`, `feature_code`, `subadmin1_code`, `subadmin2_code`, `population`, `time_zone`, `active`, `created_at`, `updated_at`) VALUES ('RS','{\"en\":\"Čurug\"}',20.07,45.47,'P','PPL','RS.VO','RS.VO.6',9231,'Europe/Belgrade',1,'2020-06-10 23:00:00','2020-06-10 23:00:00');
INSERT INTO `__PREFIX__cities` (`country_code`, `name`, `longitude`, `latitude`, `feature_class`, `feature_code`, `subadmin1_code`, `subadmin2_code`, `population`, `time_zone`, `active`, `created_at`, `updated_at`) VALUES ('RS','{\"en\":\"Ćuprija\"}',21.37,43.93,'P','PPLA3','RS.SE','RS.SE.13',20585,'Europe/Belgrade',1,'2012-04-14 23:00:00','2012-04-14 23:00:00');
INSERT INTO `__PREFIX__cities` (`country_code`, `name`, `longitude`, `latitude`, `feature_class`, `feature_code`, `subadmin1_code`, `subadmin2_code`, `population`, `time_zone`, `active`, `created_at`, `updated_at`) VALUES ('RS','{\"en\":\"Crepaja\"}',20.64,45.01,'P','PPL','RS.VO','RS.VO.4',5369,'Europe/Belgrade',1,'2016-10-20 23:00:00','2016-10-20 23:00:00');
INSERT INTO `__PREFIX__cities` (`country_code`, `name`, `longitude`, `latitude`, `feature_class`, `feature_code`, `subadmin1_code`, `subadmin2_code`, `population`, `time_zone`, `active`, `created_at`, `updated_at`) VALUES ('RS','{\"en\":\"Čoka\"}',20.14,45.94,'P','PPLA3','RS.VO','RS.VO.3',5414,'Europe/Belgrade',1,'2012-04-14 23:00:00','2012-04-14 23:00:00');
INSERT INTO `__PREFIX__cities` (`country_code`, `name`, `longitude`, `latitude`, `feature_class`, `feature_code`, `subadmin1_code`, `subadmin2_code`, `population`, `time_zone`, `active`, `created_at`, `updated_at`) VALUES ('RS','{\"en\":\"Čačak\"}',20.35,43.89,'P','PPLA2','RS.SE','RS.SE.17',117072,'Europe/Belgrade',1,'2019-09-04 23:00:00','2019-09-04 23:00:00');
INSERT INTO `__PREFIX__cities` (`country_code`, `name`, `longitude`, `latitude`, `feature_class`, `feature_code`, `subadmin1_code`, `subadmin2_code`, `population`, `time_zone`, `active`, `created_at`, `updated_at`) VALUES ('RS','{\"en\":\"Bor\"}',22.10,44.07,'P','PPLA2','RS.SE','RS.SE.14',39387,'Europe/Belgrade',1,'2019-09-04 23:00:00','2019-09-04 23:00:00');
INSERT INTO `__PREFIX__cities` (`country_code`, `name`, `longitude`, `latitude`, `feature_class`, `feature_code`, `subadmin1_code`, `subadmin2_code`, `population`, `time_zone`, `active`, `created_at`, `updated_at`) VALUES ('RS','{\"en\":\"Beška\"}',20.07,45.13,'P','PPL','RS.VO','RS.VO.7',6377,'Europe/Belgrade',1,'2020-06-10 23:00:00','2020-06-10 23:00:00');
INSERT INTO `__PREFIX__cities` (`country_code`, `name`, `longitude`, `latitude`, `feature_class`, `feature_code`, `subadmin1_code`, `subadmin2_code`, `population`, `time_zone`, `active`, `created_at`, `updated_at`) VALUES ('RS','{\"en\":\"Belgrade\"}',20.47,44.80,'P','PPLC','RS.SE','RS.SE.0',1273651,'Europe/Belgrade',1,'2020-01-30 23:00:00','2020-01-30 23:00:00');
INSERT INTO `__PREFIX__cities` (`country_code`, `name`, `longitude`, `latitude`, `feature_class`, `feature_code`, `subadmin1_code`, `subadmin2_code`, `population`, `time_zone`, `active`, `created_at`, `updated_at`) VALUES ('RS','{\"en\":\"Bela Crkva\"}',21.42,44.90,'P','PPLA3','RS.VO','RS.VO.4',10675,'Europe/Belgrade',1,'2020-01-27 23:00:00','2020-01-27 23:00:00');
INSERT INTO `__PREFIX__cities` (`country_code`, `name`, `longitude`, `latitude`, `feature_class`, `feature_code`, `subadmin1_code`, `subadmin2_code`, `population`, `time_zone`, `active`, `created_at`, `updated_at`) VALUES ('RS','{\"en\":\"Bečej\"}',20.03,45.62,'P','PPLA3','RS.VO','RS.VO.6',25774,'Europe/Belgrade',1,'2020-01-27 23:00:00','2020-01-27 23:00:00');
INSERT INTO `__PREFIX__cities` (`country_code`, `name`, `longitude`, `latitude`, `feature_class`, `feature_code`, `subadmin1_code`, `subadmin2_code`, `population`, `time_zone`, `active`, `created_at`, `updated_at`) VALUES ('RS','{\"en\":\"Barič\"}',20.26,44.65,'P','PPL','RS.SE','RS.SE.0',5033,'Europe/Belgrade',1,'2020-01-27 23:00:00','2020-01-27 23:00:00');
INSERT INTO `__PREFIX__cities` (`country_code`, `name`, `longitude`, `latitude`, `feature_class`, `feature_code`, `subadmin1_code`, `subadmin2_code`, `population`, `time_zone`, `active`, `created_at`, `updated_at`) VALUES ('RS','{\"en\":\"Banatski Karlovac\"}',21.02,45.05,'P','PPL','RS.VO','RS.VO.4',6319,'Europe/Belgrade',1,'2016-10-20 23:00:00','2016-10-20 23:00:00');
INSERT INTO `__PREFIX__cities` (`country_code`, `name`, `longitude`, `latitude`, `feature_class`, `feature_code`, `subadmin1_code`, `subadmin2_code`, `population`, `time_zone`, `active`, `created_at`, `updated_at`) VALUES ('RS','{\"en\":\"Bačko Petrovo Selo\"}',20.08,45.71,'P','PPL','RS.VO','RS.VO.6',8959,'Europe/Belgrade',1,'2020-06-10 23:00:00','2020-06-10 23:00:00');
INSERT INTO `__PREFIX__cities` (`country_code`, `name`, `longitude`, `latitude`, `feature_class`, `feature_code`, `subadmin1_code`, `subadmin2_code`, `population`, `time_zone`, `active`, `created_at`, `updated_at`) VALUES ('RS','{\"en\":\"Bačko Gradište\"}',20.03,45.53,'P','PPL','RS.VO','RS.VO.6',5764,'Europe/Belgrade',1,'2016-10-20 23:00:00','2016-10-20 23:00:00');
INSERT INTO `__PREFIX__cities` (`country_code`, `name`, `longitude`, `latitude`, `feature_class`, `feature_code`, `subadmin1_code`, `subadmin2_code`, `population`, `time_zone`, `active`, `created_at`, `updated_at`) VALUES ('RS','{\"en\":\"Arilje\"}',20.10,43.75,'P','PPLA3','RS.SE','RS.SE.16',6762,'Europe/Belgrade',1,'2012-04-14 23:00:00','2012-04-14 23:00:00');
INSERT INTO `__PREFIX__cities` (`country_code`, `name`, `longitude`, `latitude`, `feature_class`, `feature_code`, `subadmin1_code`, `subadmin2_code`, `population`, `time_zone`, `active`, `created_at`, `updated_at`) VALUES ('RS','{\"en\":\"Aranđelovac\"}',20.56,44.31,'P','PPLA3','RS.SE','RS.SE.12',24309,'Europe/Belgrade',1,'2012-04-14 23:00:00','2012-04-14 23:00:00');
INSERT INTO `__PREFIX__cities` (`country_code`, `name`, `longitude`, `latitude`, `feature_class`, `feature_code`, `subadmin1_code`, `subadmin2_code`, `population`, `time_zone`, `active`, `created_at`, `updated_at`) VALUES ('RS','{\"en\":\"Vrbas\"}',19.64,45.57,'P','PPLA3','RS.VO','RS.VO.6',25907,'Europe/Belgrade',1,'2020-01-27 23:00:00','2020-01-27 23:00:00');
INSERT INTO `__PREFIX__cities` (`country_code`, `name`, `longitude`, `latitude`, `feature_class`, `feature_code`, `subadmin1_code`, `subadmin2_code`, `population`, `time_zone`, `active`, `created_at`, `updated_at`) VALUES ('RS','{\"en\":\"Veternik\"}',19.76,45.25,'P','PPL','RS.VO','RS.VO.6',10226,'Europe/Belgrade',1,'2016-10-23 23:00:00','2016-10-23 23:00:00');
INSERT INTO `__PREFIX__cities` (`country_code`, `name`, `longitude`, `latitude`, `feature_class`, `feature_code`, `subadmin1_code`, `subadmin2_code`, `population`, `time_zone`, `active`, `created_at`, `updated_at`) VALUES ('RS','{\"en\":\"Valjevo\"}',19.90,44.28,'P','PPLA2','RS.SE','RS.SE.9',61035,'Europe/Belgrade',1,'2012-04-14 23:00:00','2012-04-14 23:00:00');
INSERT INTO `__PREFIX__cities` (`country_code`, `name`, `longitude`, `latitude`, `feature_class`, `feature_code`, `subadmin1_code`, `subadmin2_code`, `population`, `time_zone`, `active`, `created_at`, `updated_at`) VALUES ('RS','{\"en\":\"Užice\"}',19.85,43.86,'P','PPLA2','RS.SE','RS.SE.16',63577,'Europe/Belgrade',1,'2019-09-04 23:00:00','2019-09-04 23:00:00');
INSERT INTO `__PREFIX__cities` (`country_code`, `name`, `longitude`, `latitude`, `feature_class`, `feature_code`, `subadmin1_code`, `subadmin2_code`, `population`, `time_zone`, `active`, `created_at`, `updated_at`) VALUES ('RS','{\"en\":\"Subotica\"}',19.67,46.10,'P','PPLA2','RS.VO','RS.VO.1',100000,'Europe/Belgrade',1,'2020-10-04 23:00:00','2020-10-04 23:00:00');
INSERT INTO `__PREFIX__cities` (`country_code`, `name`, `longitude`, `latitude`, `feature_class`, `feature_code`, `subadmin1_code`, `subadmin2_code`, `population`, `time_zone`, `active`, `created_at`, `updated_at`) VALUES ('RS','{\"en\":\"Stanišić\"}',19.17,45.94,'P','PPL','RS.VO','RS.VO.5',5476,'Europe/Belgrade',1,'2020-06-10 23:00:00','2020-06-10 23:00:00');
INSERT INTO `__PREFIX__cities` (`country_code`, `name`, `longitude`, `latitude`, `feature_class`, `feature_code`, `subadmin1_code`, `subadmin2_code`, `population`, `time_zone`, `active`, `created_at`, `updated_at`) VALUES ('RS','{\"en\":\"Sremski Karlovci\"}',19.93,45.20,'P','PPLA3','RS.VO','RS.VO.6',8839,'Europe/Belgrade',1,'2019-09-04 23:00:00','2019-09-04 23:00:00');
INSERT INTO `__PREFIX__cities` (`country_code`, `name`, `longitude`, `latitude`, `feature_class`, `feature_code`, `subadmin1_code`, `subadmin2_code`, `population`, `time_zone`, `active`, `created_at`, `updated_at`) VALUES ('RS','{\"en\":\"Sremska Mitrovica\"}',19.61,44.98,'P','PPLA2','RS.VO','RS.VO.7',39084,'Europe/Belgrade',1,'2014-10-19 23:00:00','2014-10-19 23:00:00');
INSERT INTO `__PREFIX__cities` (`country_code`, `name`, `longitude`, `latitude`, `feature_class`, `feature_code`, `subadmin1_code`, `subadmin2_code`, `population`, `time_zone`, `active`, `created_at`, `updated_at`) VALUES ('RS','{\"en\":\"Sonta\"}',19.10,45.59,'P','PPL','RS.VO','RS.VO.5',5991,'Europe/Belgrade',1,'2020-01-27 23:00:00','2020-01-27 23:00:00');
INSERT INTO `__PREFIX__cities` (`country_code`, `name`, `longitude`, `latitude`, `feature_class`, `feature_code`, `subadmin1_code`, `subadmin2_code`, `population`, `time_zone`, `active`, `created_at`, `updated_at`) VALUES ('RS','{\"en\":\"Sombor\"}',19.11,45.77,'P','PPLA2','RS.VO','RS.VO.5',48454,'Europe/Belgrade',1,'2020-01-27 23:00:00','2020-01-27 23:00:00');
INSERT INTO `__PREFIX__cities` (`country_code`, `name`, `longitude`, `latitude`, `feature_class`, `feature_code`, `subadmin1_code`, `subadmin2_code`, `population`, `time_zone`, `active`, `created_at`, `updated_at`) VALUES ('RS','{\"en\":\"Šabac\"}',19.69,44.75,'P','PPLA2','RS.SE','RS.SE.8',55114,'Europe/Belgrade',1,'2016-05-17 23:00:00','2016-05-17 23:00:00');
INSERT INTO `__PREFIX__cities` (`country_code`, `name`, `longitude`, `latitude`, `feature_class`, `feature_code`, `subadmin1_code`, `subadmin2_code`, `population`, `time_zone`, `active`, `created_at`, `updated_at`) VALUES ('RS','{\"en\":\"Ruma\"}',19.82,45.01,'P','PPLA3','RS.VO','RS.VO.7',32229,'Europe/Belgrade',1,'2019-09-04 23:00:00','2019-09-04 23:00:00');
INSERT INTO `__PREFIX__cities` (`country_code`, `name`, `longitude`, `latitude`, `feature_class`, `feature_code`, `subadmin1_code`, `subadmin2_code`, `population`, `time_zone`, `active`, `created_at`, `updated_at`) VALUES ('RS','{\"en\":\"Prigrevica\"}',19.09,45.68,'P','PPL','RS.VO','RS.VO.5',5026,'Europe/Belgrade',1,'2016-10-23 23:00:00','2016-10-23 23:00:00');
INSERT INTO `__PREFIX__cities` (`country_code`, `name`, `longitude`, `latitude`, `feature_class`, `feature_code`, `subadmin1_code`, `subadmin2_code`, `population`, `time_zone`, `active`, `created_at`, `updated_at`) VALUES ('RS','{\"en\":\"Petrovaradin\"}',19.88,45.25,'P','PPLA3','RS.VO','RS.VO.6',13917,'Europe/Belgrade',1,'2015-11-12 23:00:00','2015-11-12 23:00:00');
INSERT INTO `__PREFIX__cities` (`country_code`, `name`, `longitude`, `latitude`, `feature_class`, `feature_code`, `subadmin1_code`, `subadmin2_code`, `population`, `time_zone`, `active`, `created_at`, `updated_at`) VALUES ('RS','{\"en\":\"Novi Sad\"}',19.84,45.25,'P','PPLA','RS.VO','RS.VO.6',215400,'Europe/Belgrade',1,'2019-09-04 23:00:00','2019-09-04 23:00:00');
INSERT INTO `__PREFIX__cities` (`country_code`, `name`, `longitude`, `latitude`, `feature_class`, `feature_code`, `subadmin1_code`, `subadmin2_code`, `population`, `time_zone`, `active`, `created_at`, `updated_at`) VALUES ('RS','{\"en\":\"Čelarevo\"}',19.52,45.27,'P','PPL','RS.VO','RS.VO.6',5017,'Europe/Belgrade',1,'2020-06-10 23:00:00','2020-06-10 23:00:00');
INSERT INTO `__PREFIX__cities` (`country_code`, `name`, `longitude`, `latitude`, `feature_class`, `feature_code`, `subadmin1_code`, `subadmin2_code`, `population`, `time_zone`, `active`, `created_at`, `updated_at`) VALUES ('RS','{\"en\":\"Bogatić\"}',19.48,44.84,'P','PPLA3','RS.SE','RS.SE.8',7225,'Europe/Belgrade',1,'2012-04-14 23:00:00','2012-04-14 23:00:00');
INSERT INTO `__PREFIX__cities` (`country_code`, `name`, `longitude`, `latitude`, `feature_class`, `feature_code`, `subadmin1_code`, `subadmin2_code`, `population`, `time_zone`, `active`, `created_at`, `updated_at`) VALUES ('RS','{\"en\":\"Bajina Bašta\"}',19.57,43.97,'P','PPLA3','RS.SE','RS.SE.16',8533,'Europe/Belgrade',1,'2012-04-14 23:00:00','2012-04-14 23:00:00');
INSERT INTO `__PREFIX__cities` (`country_code`, `name`, `longitude`, `latitude`, `feature_class`, `feature_code`, `subadmin1_code`, `subadmin2_code`, `population`, `time_zone`, `active`, `created_at`, `updated_at`) VALUES ('RS','{\"en\":\"Badovinci\"}',19.37,44.79,'P','PPL','RS.SE','RS.SE.8',5879,'Europe/Belgrade',1,'2020-01-27 23:00:00','2020-01-27 23:00:00');
INSERT INTO `__PREFIX__cities` (`country_code`, `name`, `longitude`, `latitude`, `feature_class`, `feature_code`, `subadmin1_code`, `subadmin2_code`, `population`, `time_zone`, `active`, `created_at`, `updated_at`) VALUES ('RS','{\"en\":\"Bački Petrovac\"}',19.59,45.36,'P','PPLA3','RS.VO','RS.VO.6',7229,'Europe/Belgrade',1,'2020-01-27 23:00:00','2020-01-27 23:00:00');
INSERT INTO `__PREFIX__cities` (`country_code`, `name`, `longitude`, `latitude`, `feature_class`, `feature_code`, `subadmin1_code`, `subadmin2_code`, `population`, `time_zone`, `active`, `created_at`, `updated_at`) VALUES ('RS','{\"en\":\"Bačka Topola\"}',19.63,45.82,'P','PPLA3','RS.VO','RS.VO.1',16154,'Europe/Belgrade',1,'2012-04-14 23:00:00','2012-04-14 23:00:00');
INSERT INTO `__PREFIX__cities` (`country_code`, `name`, `longitude`, `latitude`, `feature_class`, `feature_code`, `subadmin1_code`, `subadmin2_code`, `population`, `time_zone`, `active`, `created_at`, `updated_at`) VALUES ('RS','{\"en\":\"Bačka Palanka\"}',19.40,45.25,'P','PPLA3','RS.VO','RS.VO.6',29449,'Europe/Belgrade',1,'2020-01-27 23:00:00','2020-01-27 23:00:00');
INSERT INTO `__PREFIX__cities` (`country_code`, `name`, `longitude`, `latitude`, `feature_class`, `feature_code`, `subadmin1_code`, `subadmin2_code`, `population`, `time_zone`, `active`, `created_at`, `updated_at`) VALUES ('RS','{\"en\":\"Apatin\"}',18.98,45.67,'P','PPLA3','RS.VO','RS.VO.5',18320,'Europe/Belgrade',1,'2020-01-27 23:00:00','2020-01-27 23:00:00');
INSERT INTO `__PREFIX__cities` (`country_code`, `name`, `longitude`, `latitude`, `feature_class`, `feature_code`, `subadmin1_code`, `subadmin2_code`, `population`, `time_zone`, `active`, `created_at`, `updated_at`) VALUES ('RS','{\"en\":\"Knjazevac\"}',22.26,43.57,'P','PPLA3','RS.SE','RS.SE.15',25000,'Europe/Belgrade',1,'2012-04-15 23:00:00','2012-04-15 23:00:00');
/*!40000 ALTER TABLE `__PREFIX__cities` ENABLE KEYS */;
/*!40103 SET TIME_ZONE=@OLD_TIME_ZONE */;

/*!40101 SET SQL_MODE=@OLD_SQL_MODE */;
/*!40014 SET FOREIGN_KEY_CHECKS=@OLD_FOREIGN_KEY_CHECKS */;
/*!40014 SET UNIQUE_CHECKS=@OLD_UNIQUE_CHECKS */;
/*!40101 SET CHARACTER_SET_CLIENT=@OLD_CHARACTER_SET_CLIENT */;
/*!40101 SET CHARACTER_SET_RESULTS=@OLD_CHARACTER_SET_RESULTS */;
/*!40101 SET COLLATION_CONNECTION=@OLD_COLLATION_CONNECTION */;
/*!40111 SET SQL_NOTES=@OLD_SQL_NOTES */;

-- Dump completed
