-- MySQL dump 10.13  Distrib 5.7.34, for osx10.12 (x86_64)
--
-- Host: 127.0.0.1    Database: laraclassifier
-- ------------------------------------------------------
-- Server version	5.7.34

/*!40101 SET @OLD_CHARACTER_SET_CLIENT=@@CHARACTER_SET_CLIENT */;
/*!40101 SET @OLD_CHARACTER_SET_RESULTS=@@CHARACTER_SET_RESULTS */;
/*!40101 SET @OLD_COLLATION_CONNECTION=@@COLLATION_CONNECTION */;
/*!40101 SET NAMES utf8 */;
/*!40103 SET @OLD_TIME_ZONE=@@TIME_ZONE */;
/*!40103 SET TIME_ZONE='+00:00' */;
/*!40014 SET @OLD_UNIQUE_CHECKS=@@UNIQUE_CHECKS, UNIQUE_CHECKS=0 */;
/*!40014 SET @OLD_FOREIGN_KEY_CHECKS=@@FOREIGN_KEY_CHECKS, FOREIGN_KEY_CHECKS=0 */;
/*!40101 SET @OLD_SQL_MODE=@@SQL_MODE, SQL_MODE='NO_AUTO_VALUE_ON_ZERO' */;
/*!40111 SET @OLD_SQL_NOTES=@@SQL_NOTES, SQL_NOTES=0 */;

--
-- Dumping data for table `__PREFIX__subadmin1`
--

/*!40000 ALTER TABLE `__PREFIX__subadmin1` DISABLE KEYS */;
INSERT INTO `__PREFIX__subadmin1` (`code`, `country_code`, `name`, `active`) VALUES ('SA.19','SA','{\"en\":\"Tabuk Region\"}',1);
INSERT INTO `__PREFIX__subadmin1` (`code`, `country_code`, `name`, `active`) VALUES ('SA.16','SA','{\"en\":\"Najran Region\"}',1);
INSERT INTO `__PREFIX__subadmin1` (`code`, `country_code`, `name`, `active`) VALUES ('SA.14','SA','{\"en\":\"Mecca Region\"}',1);
INSERT INTO `__PREFIX__subadmin1` (`code`, `country_code`, `name`, `active`) VALUES ('SA.17','SA','{\"en\":\"Jazan Region\"}',1);
INSERT INTO `__PREFIX__subadmin1` (`code`, `country_code`, `name`, `active`) VALUES ('SA.13','SA','{\"en\":\"Ha\'il Region\"}',1);
INSERT INTO `__PREFIX__subadmin1` (`code`, `country_code`, `name`, `active`) VALUES ('SA.11','SA','{\"en\":\"\'Asir Region\"}',1);
INSERT INTO `__PREFIX__subadmin1` (`code`, `country_code`, `name`, `active`) VALUES ('SA.06','SA','{\"en\":\"Eastern Province\"}',1);
INSERT INTO `__PREFIX__subadmin1` (`code`, `country_code`, `name`, `active`) VALUES ('SA.10','SA','{\"en\":\"Riyadh Region\"}',1);
INSERT INTO `__PREFIX__subadmin1` (`code`, `country_code`, `name`, `active`) VALUES ('SA.08','SA','{\"en\":\"Al-Qassim Region\"}',1);
INSERT INTO `__PREFIX__subadmin1` (`code`, `country_code`, `name`, `active`) VALUES ('SA.05','SA','{\"en\":\"Medina Region\"}',1);
INSERT INTO `__PREFIX__subadmin1` (`code`, `country_code`, `name`, `active`) VALUES ('SA.20','SA','{\"en\":\"Al Jawf Region\"}',1);
INSERT INTO `__PREFIX__subadmin1` (`code`, `country_code`, `name`, `active`) VALUES ('SA.15','SA','{\"en\":\"Northern Borders Region\"}',1);
INSERT INTO `__PREFIX__subadmin1` (`code`, `country_code`, `name`, `active`) VALUES ('SA.02','SA','{\"en\":\"Al Bahah Region\"}',1);
/*!40000 ALTER TABLE `__PREFIX__subadmin1` ENABLE KEYS */;

--
-- Dumping data for table `__PREFIX__subadmin2`
--

/*!40000 ALTER TABLE `__PREFIX__subadmin2` DISABLE KEYS */;
INSERT INTO `__PREFIX__subadmin2` (`code`, `country_code`, `subadmin1_code`, `name`, `active`) VALUES ('SA.11.10972259','SA','SA.11','{\"en\":\"Abhā\"}',1);
INSERT INTO `__PREFIX__subadmin2` (`code`, `country_code`, `subadmin1_code`, `name`, `active`) VALUES ('SA.11.10972260','SA','SA.11','{\"en\":\"Aḩad Rufaydah\"}',1);
INSERT INTO `__PREFIX__subadmin2` (`code`, `country_code`, `subadmin1_code`, `name`, `active`) VALUES ('SA.11.10972261','SA','SA.11','{\"en\":\"Al Majāridah\"}',1);
INSERT INTO `__PREFIX__subadmin2` (`code`, `country_code`, `subadmin1_code`, `name`, `active`) VALUES ('SA.11.10972262','SA','SA.11','{\"en\":\"An Namāş\"}',1);
INSERT INTO `__PREFIX__subadmin2` (`code`, `country_code`, `subadmin1_code`, `name`, `active`) VALUES ('SA.11.10972263','SA','SA.11','{\"en\":\"Sabt Al Alayah\"}',1);
INSERT INTO `__PREFIX__subadmin2` (`code`, `country_code`, `subadmin1_code`, `name`, `active`) VALUES ('SA.11.10972264','SA','SA.11','{\"en\":\"Bīshah\"}',1);
INSERT INTO `__PREFIX__subadmin2` (`code`, `country_code`, `subadmin1_code`, `name`, `active`) VALUES ('SA.11.10972265','SA','SA.11','{\"en\":\"Khamīs Mushayţ\"}',1);
INSERT INTO `__PREFIX__subadmin2` (`code`, `country_code`, `subadmin1_code`, `name`, `active`) VALUES ('SA.11.10972266','SA','SA.11','{\"en\":\"Muḩā’il\"}',1);
INSERT INTO `__PREFIX__subadmin2` (`code`, `country_code`, `subadmin1_code`, `name`, `active`) VALUES ('SA.11.10972267','SA','SA.11','{\"en\":\"Rijāl Alma‘\"}',1);
INSERT INTO `__PREFIX__subadmin2` (`code`, `country_code`, `subadmin1_code`, `name`, `active`) VALUES ('SA.11.10972268','SA','SA.11','{\"en\":\"Sarāt ‘Abīdah\"}',1);
INSERT INTO `__PREFIX__subadmin2` (`code`, `country_code`, `subadmin1_code`, `name`, `active`) VALUES ('SA.11.10972269','SA','SA.11','{\"en\":\"Tathlīth\"}',1);
INSERT INTO `__PREFIX__subadmin2` (`code`, `country_code`, `subadmin1_code`, `name`, `active`) VALUES ('SA.11.10972270','SA','SA.11','{\"en\":\"Z̧ahrān al Janūb\"}',1);
INSERT INTO `__PREFIX__subadmin2` (`code`, `country_code`, `subadmin1_code`, `name`, `active`) VALUES ('SA.02.10972271','SA','SA.02','{\"en\":\"Al ‘Aqīq\"}',1);
INSERT INTO `__PREFIX__subadmin2` (`code`, `country_code`, `subadmin1_code`, `name`, `active`) VALUES ('SA.02.10972272','SA','SA.02','{\"en\":\"Al Bāḩah\"}',1);
INSERT INTO `__PREFIX__subadmin2` (`code`, `country_code`, `subadmin1_code`, `name`, `active`) VALUES ('SA.02.10972273','SA','SA.02','{\"en\":\"Al Mandaq\"}',1);
INSERT INTO `__PREFIX__subadmin2` (`code`, `country_code`, `subadmin1_code`, `name`, `active`) VALUES ('SA.02.10972274','SA','SA.02','{\"en\":\"Al Mikhwāh\"}',1);
INSERT INTO `__PREFIX__subadmin2` (`code`, `country_code`, `subadmin1_code`, `name`, `active`) VALUES ('SA.02.10972283','SA','SA.02','{\"en\":\"Al Qurá\"}',1);
INSERT INTO `__PREFIX__subadmin2` (`code`, `country_code`, `subadmin1_code`, `name`, `active`) VALUES ('SA.02.10972284','SA','SA.02','{\"en\":\"Baljurashī\"}',1);
INSERT INTO `__PREFIX__subadmin2` (`code`, `country_code`, `subadmin1_code`, `name`, `active`) VALUES ('SA.02.10972285','SA','SA.02','{\"en\":\"Qilwah\"}',1);
INSERT INTO `__PREFIX__subadmin2` (`code`, `country_code`, `subadmin1_code`, `name`, `active`) VALUES ('SA.15.10972286','SA','SA.15','{\"en\":\"‘Ar‘ar\"}',1);
INSERT INTO `__PREFIX__subadmin2` (`code`, `country_code`, `subadmin1_code`, `name`, `active`) VALUES ('SA.15.10972287','SA','SA.15','{\"en\":\"Rafha\"}',1);
INSERT INTO `__PREFIX__subadmin2` (`code`, `country_code`, `subadmin1_code`, `name`, `active`) VALUES ('SA.15.10972288','SA','SA.15','{\"en\":\"Ţurayf\"}',1);
INSERT INTO `__PREFIX__subadmin2` (`code`, `country_code`, `subadmin1_code`, `name`, `active`) VALUES ('SA.20.10972289','SA','SA.20','{\"en\":\"Al Qurayyāt\"}',1);
INSERT INTO `__PREFIX__subadmin2` (`code`, `country_code`, `subadmin1_code`, `name`, `active`) VALUES ('SA.20.10972290','SA','SA.20','{\"en\":\"Dawmat al Jandal\"}',1);
INSERT INTO `__PREFIX__subadmin2` (`code`, `country_code`, `subadmin1_code`, `name`, `active`) VALUES ('SA.20.10972291','SA','SA.20','{\"en\":\"Sakākā\"}',1);
INSERT INTO `__PREFIX__subadmin2` (`code`, `country_code`, `subadmin1_code`, `name`, `active`) VALUES ('SA.05.10972292','SA','SA.05','{\"en\":\"Al Ḩinākīyah\"}',1);
INSERT INTO `__PREFIX__subadmin2` (`code`, `country_code`, `subadmin1_code`, `name`, `active`) VALUES ('SA.05.10972293','SA','SA.05','{\"en\":\"Al Madīnah al Munawwarah\"}',1);
INSERT INTO `__PREFIX__subadmin2` (`code`, `country_code`, `subadmin1_code`, `name`, `active`) VALUES ('SA.05.10972294','SA','SA.05','{\"en\":\"Al Mahd\"}',1);
INSERT INTO `__PREFIX__subadmin2` (`code`, `country_code`, `subadmin1_code`, `name`, `active`) VALUES ('SA.05.10972295','SA','SA.05','{\"en\":\"Al ‘Ulā\"}',1);
INSERT INTO `__PREFIX__subadmin2` (`code`, `country_code`, `subadmin1_code`, `name`, `active`) VALUES ('SA.05.10972296','SA','SA.05','{\"en\":\"Badr\"}',1);
INSERT INTO `__PREFIX__subadmin2` (`code`, `country_code`, `subadmin1_code`, `name`, `active`) VALUES ('SA.05.10972297','SA','SA.05','{\"en\":\"Khaybar\"}',1);
INSERT INTO `__PREFIX__subadmin2` (`code`, `country_code`, `subadmin1_code`, `name`, `active`) VALUES ('SA.05.10972298','SA','SA.05','{\"en\":\"Yanbu‘ al Baḩr\"}',1);
INSERT INTO `__PREFIX__subadmin2` (`code`, `country_code`, `subadmin1_code`, `name`, `active`) VALUES ('SA.08.10972299','SA','SA.08','{\"en\":\"Al Asyāḩ\"}',1);
INSERT INTO `__PREFIX__subadmin2` (`code`, `country_code`, `subadmin1_code`, `name`, `active`) VALUES ('SA.08.10972300','SA','SA.08','{\"en\":\"Al Badā’i‘\"}',1);
INSERT INTO `__PREFIX__subadmin2` (`code`, `country_code`, `subadmin1_code`, `name`, `active`) VALUES ('SA.08.10972301','SA','SA.08','{\"en\":\"Al Bukayrīyah\"}',1);
INSERT INTO `__PREFIX__subadmin2` (`code`, `country_code`, `subadmin1_code`, `name`, `active`) VALUES ('SA.08.10972302','SA','SA.08','{\"en\":\"Al Midhnab\"}',1);
INSERT INTO `__PREFIX__subadmin2` (`code`, `country_code`, `subadmin1_code`, `name`, `active`) VALUES ('SA.08.10972303','SA','SA.08','{\"en\":\"An Nabhānīyah\"}',1);
INSERT INTO `__PREFIX__subadmin2` (`code`, `country_code`, `subadmin1_code`, `name`, `active`) VALUES ('SA.08.10972304','SA','SA.08','{\"en\":\"Ar Rass\"}',1);
INSERT INTO `__PREFIX__subadmin2` (`code`, `country_code`, `subadmin1_code`, `name`, `active`) VALUES ('SA.08.10972305','SA','SA.08','{\"en\":\"Ash Shimāsīyah\"}',1);
INSERT INTO `__PREFIX__subadmin2` (`code`, `country_code`, `subadmin1_code`, `name`, `active`) VALUES ('SA.08.10972306','SA','SA.08','{\"en\":\"Buraydah\"}',1);
INSERT INTO `__PREFIX__subadmin2` (`code`, `country_code`, `subadmin1_code`, `name`, `active`) VALUES ('SA.08.10972307','SA','SA.08','{\"en\":\"Riyāḑ al Khabrā’\"}',1);
INSERT INTO `__PREFIX__subadmin2` (`code`, `country_code`, `subadmin1_code`, `name`, `active`) VALUES ('SA.08.10972308','SA','SA.08','{\"en\":\"Governorate of Unaizah\"}',1);
INSERT INTO `__PREFIX__subadmin2` (`code`, `country_code`, `subadmin1_code`, `name`, `active`) VALUES ('SA.08.10972309','SA','SA.08','{\"en\":\"‘Uyūn al Jiwā’\"}',1);
INSERT INTO `__PREFIX__subadmin2` (`code`, `country_code`, `subadmin1_code`, `name`, `active`) VALUES ('SA.10.10972310','SA','SA.10','{\"en\":\"Ad Dawādimī\"}',1);
INSERT INTO `__PREFIX__subadmin2` (`code`, `country_code`, `subadmin1_code`, `name`, `active`) VALUES ('SA.10.10972311','SA','SA.10','{\"en\":\"Ad Dir‘īyah\"}',1);
INSERT INTO `__PREFIX__subadmin2` (`code`, `country_code`, `subadmin1_code`, `name`, `active`) VALUES ('SA.10.10972312','SA','SA.10','{\"en\":\"‘Afīf\"}',1);
INSERT INTO `__PREFIX__subadmin2` (`code`, `country_code`, `subadmin1_code`, `name`, `active`) VALUES ('SA.10.10972313','SA','SA.10','{\"en\":\"Al Aflāj\"}',1);
INSERT INTO `__PREFIX__subadmin2` (`code`, `country_code`, `subadmin1_code`, `name`, `active`) VALUES ('SA.10.10972314','SA','SA.10','{\"en\":\"Al Ghāţ\"}',1);
INSERT INTO `__PREFIX__subadmin2` (`code`, `country_code`, `subadmin1_code`, `name`, `active`) VALUES ('SA.10.10972315','SA','SA.10','{\"en\":\"Al Ḩarīq\"}',1);
INSERT INTO `__PREFIX__subadmin2` (`code`, `country_code`, `subadmin1_code`, `name`, `active`) VALUES ('SA.10.10972316','SA','SA.10','{\"en\":\"Al Kharj\"}',1);
INSERT INTO `__PREFIX__subadmin2` (`code`, `country_code`, `subadmin1_code`, `name`, `active`) VALUES ('SA.10.10972317','SA','SA.10','{\"en\":\"Al Majma‘ah\"}',1);
INSERT INTO `__PREFIX__subadmin2` (`code`, `country_code`, `subadmin1_code`, `name`, `active`) VALUES ('SA.10.10972318','SA','SA.10','{\"en\":\"Al Muzāḩimīyah\"}',1);
INSERT INTO `__PREFIX__subadmin2` (`code`, `country_code`, `subadmin1_code`, `name`, `active`) VALUES ('SA.10.10972319','SA','SA.10','{\"en\":\"Al Quway‘īyah\"}',1);
INSERT INTO `__PREFIX__subadmin2` (`code`, `country_code`, `subadmin1_code`, `name`, `active`) VALUES ('SA.10.10972320','SA','SA.10','{\"en\":\"Ar Riyāḑ\"}',1);
INSERT INTO `__PREFIX__subadmin2` (`code`, `country_code`, `subadmin1_code`, `name`, `active`) VALUES ('SA.10.10972321','SA','SA.10','{\"en\":\"As Sulayyil\"}',1);
INSERT INTO `__PREFIX__subadmin2` (`code`, `country_code`, `subadmin1_code`, `name`, `active`) VALUES ('SA.10.10972322','SA','SA.10','{\"en\":\"Az Zulfī\"}',1);
INSERT INTO `__PREFIX__subadmin2` (`code`, `country_code`, `subadmin1_code`, `name`, `active`) VALUES ('SA.10.10972323','SA','SA.10','{\"en\":\"Ḑurumā\"}',1);
INSERT INTO `__PREFIX__subadmin2` (`code`, `country_code`, `subadmin1_code`, `name`, `active`) VALUES ('SA.10.10972324','SA','SA.10','{\"en\":\"Ḩawţat Banī Tamīm\"}',1);
INSERT INTO `__PREFIX__subadmin2` (`code`, `country_code`, `subadmin1_code`, `name`, `active`) VALUES ('SA.10.10972325','SA','SA.10','{\"en\":\"Ḩuraymilā’\"}',1);
INSERT INTO `__PREFIX__subadmin2` (`code`, `country_code`, `subadmin1_code`, `name`, `active`) VALUES ('SA.10.10972326','SA','SA.10','{\"en\":\"Rumāḩ\"}',1);
INSERT INTO `__PREFIX__subadmin2` (`code`, `country_code`, `subadmin1_code`, `name`, `active`) VALUES ('SA.10.10972327','SA','SA.10','{\"en\":\"Shaqrā’\"}',1);
INSERT INTO `__PREFIX__subadmin2` (`code`, `country_code`, `subadmin1_code`, `name`, `active`) VALUES ('SA.10.10972328','SA','SA.10','{\"en\":\"Thādiq\"}',1);
INSERT INTO `__PREFIX__subadmin2` (`code`, `country_code`, `subadmin1_code`, `name`, `active`) VALUES ('SA.10.10972329','SA','SA.10','{\"en\":\"Wādī ad Dawāsir\"}',1);
INSERT INTO `__PREFIX__subadmin2` (`code`, `country_code`, `subadmin1_code`, `name`, `active`) VALUES ('SA.06.10972330','SA','SA.06','{\"en\":\"Ad Dammām\"}',1);
INSERT INTO `__PREFIX__subadmin2` (`code`, `country_code`, `subadmin1_code`, `name`, `active`) VALUES ('SA.06.10972331','SA','SA.06','{\"en\":\"Al Aḩsā’\"}',1);
INSERT INTO `__PREFIX__subadmin2` (`code`, `country_code`, `subadmin1_code`, `name`, `active`) VALUES ('SA.06.10972332','SA','SA.06','{\"en\":\"Al Jubayl\"}',1);
INSERT INTO `__PREFIX__subadmin2` (`code`, `country_code`, `subadmin1_code`, `name`, `active`) VALUES ('SA.06.10972333','SA','SA.06','{\"en\":\"Al Khafjī\"}',1);
INSERT INTO `__PREFIX__subadmin2` (`code`, `country_code`, `subadmin1_code`, `name`, `active`) VALUES ('SA.06.10972334','SA','SA.06','{\"en\":\"Al Khubar\"}',1);
INSERT INTO `__PREFIX__subadmin2` (`code`, `country_code`, `subadmin1_code`, `name`, `active`) VALUES ('SA.06.10972335','SA','SA.06','{\"en\":\"An Nu‘ayrīyah\"}',1);
INSERT INTO `__PREFIX__subadmin2` (`code`, `country_code`, `subadmin1_code`, `name`, `active`) VALUES ('SA.06.10972336','SA','SA.06','{\"en\":\"Al Qaţīf\"}',1);
INSERT INTO `__PREFIX__subadmin2` (`code`, `country_code`, `subadmin1_code`, `name`, `active`) VALUES ('SA.06.10972337','SA','SA.06','{\"en\":\"Buqayq\"}',1);
INSERT INTO `__PREFIX__subadmin2` (`code`, `country_code`, `subadmin1_code`, `name`, `active`) VALUES ('SA.06.10972338','SA','SA.06','{\"en\":\"Ḩafr al Bāţin\"}',1);
INSERT INTO `__PREFIX__subadmin2` (`code`, `country_code`, `subadmin1_code`, `name`, `active`) VALUES ('SA.06.10972339','SA','SA.06','{\"en\":\"Qaryah al ‘Ulyā\"}',1);
INSERT INTO `__PREFIX__subadmin2` (`code`, `country_code`, `subadmin1_code`, `name`, `active`) VALUES ('SA.06.10972340','SA','SA.06','{\"en\":\"Ra’s Tannūrah\"}',1);
INSERT INTO `__PREFIX__subadmin2` (`code`, `country_code`, `subadmin1_code`, `name`, `active`) VALUES ('SA.13.10972341','SA','SA.13','{\"en\":\"Al Ghazālah\"}',1);
INSERT INTO `__PREFIX__subadmin2` (`code`, `country_code`, `subadmin1_code`, `name`, `active`) VALUES ('SA.13.10972342','SA','SA.13','{\"en\":\"Ash Shinān\"}',1);
INSERT INTO `__PREFIX__subadmin2` (`code`, `country_code`, `subadmin1_code`, `name`, `active`) VALUES ('SA.13.10972343','SA','SA.13','{\"en\":\"Baq‘ā’\"}',1);
INSERT INTO `__PREFIX__subadmin2` (`code`, `country_code`, `subadmin1_code`, `name`, `active`) VALUES ('SA.13.10972344','SA','SA.13','{\"en\":\"Ḩā’il\"}',1);
INSERT INTO `__PREFIX__subadmin2` (`code`, `country_code`, `subadmin1_code`, `name`, `active`) VALUES ('SA.17.10972345','SA','SA.17','{\"en\":\"Abū ‘Arīsh\"}',1);
INSERT INTO `__PREFIX__subadmin2` (`code`, `country_code`, `subadmin1_code`, `name`, `active`) VALUES ('SA.17.10972346','SA','SA.17','{\"en\":\"Ad Dā’ir\"}',1);
INSERT INTO `__PREFIX__subadmin2` (`code`, `country_code`, `subadmin1_code`, `name`, `active`) VALUES ('SA.17.10972347','SA','SA.17','{\"en\":\"Ad Darb\"}',1);
INSERT INTO `__PREFIX__subadmin2` (`code`, `country_code`, `subadmin1_code`, `name`, `active`) VALUES ('SA.17.10972348','SA','SA.17','{\"en\":\"Aḩad al Musāriḩah\"}',1);
INSERT INTO `__PREFIX__subadmin2` (`code`, `country_code`, `subadmin1_code`, `name`, `active`) VALUES ('SA.17.10972349','SA','SA.17','{\"en\":\"Al ‘Āriḑah\"}',1);
INSERT INTO `__PREFIX__subadmin2` (`code`, `country_code`, `subadmin1_code`, `name`, `active`) VALUES ('SA.17.10972350','SA','SA.17','{\"en\":\"Al Ḩarth\"}',1);
INSERT INTO `__PREFIX__subadmin2` (`code`, `country_code`, `subadmin1_code`, `name`, `active`) VALUES ('SA.17.10972351','SA','SA.17','{\"en\":\"Al ‘Īdābī\"}',1);
INSERT INTO `__PREFIX__subadmin2` (`code`, `country_code`, `subadmin1_code`, `name`, `active`) VALUES ('SA.17.10972352','SA','SA.17','{\"en\":\"Ar Rayth\"}',1);
INSERT INTO `__PREFIX__subadmin2` (`code`, `country_code`, `subadmin1_code`, `name`, `active`) VALUES ('SA.17.10972353','SA','SA.17','{\"en\":\"Baysh\"}',1);
INSERT INTO `__PREFIX__subadmin2` (`code`, `country_code`, `subadmin1_code`, `name`, `active`) VALUES ('SA.17.10972354','SA','SA.17','{\"en\":\"Ḑamad\"}',1);
INSERT INTO `__PREFIX__subadmin2` (`code`, `country_code`, `subadmin1_code`, `name`, `active`) VALUES ('SA.17.10972355','SA','SA.17','{\"en\":\"Farasān\"}',1);
INSERT INTO `__PREFIX__subadmin2` (`code`, `country_code`, `subadmin1_code`, `name`, `active`) VALUES ('SA.17.10972356','SA','SA.17','{\"en\":\"Jāzān\"}',1);
INSERT INTO `__PREFIX__subadmin2` (`code`, `country_code`, `subadmin1_code`, `name`, `active`) VALUES ('SA.17.10972357','SA','SA.17','{\"en\":\"Şabyā’\"}',1);
INSERT INTO `__PREFIX__subadmin2` (`code`, `country_code`, `subadmin1_code`, `name`, `active`) VALUES ('SA.17.10972358','SA','SA.17','{\"en\":\"Şāmiţah\"}',1);
INSERT INTO `__PREFIX__subadmin2` (`code`, `country_code`, `subadmin1_code`, `name`, `active`) VALUES ('SA.14.10972359','SA','SA.14','{\"en\":\"Al Jumūm\"}',1);
INSERT INTO `__PREFIX__subadmin2` (`code`, `country_code`, `subadmin1_code`, `name`, `active`) VALUES ('SA.14.10972360','SA','SA.14','{\"en\":\"Al Kāmil\"}',1);
INSERT INTO `__PREFIX__subadmin2` (`code`, `country_code`, `subadmin1_code`, `name`, `active`) VALUES ('SA.14.10972361','SA','SA.14','{\"en\":\"Al Khurmah\"}',1);
INSERT INTO `__PREFIX__subadmin2` (`code`, `country_code`, `subadmin1_code`, `name`, `active`) VALUES ('SA.14.10972362','SA','SA.14','{\"en\":\"Al Līth\"}',1);
INSERT INTO `__PREFIX__subadmin2` (`code`, `country_code`, `subadmin1_code`, `name`, `active`) VALUES ('SA.14.10972363','SA','SA.14','{\"en\":\"Al Qunfudhah\"}',1);
INSERT INTO `__PREFIX__subadmin2` (`code`, `country_code`, `subadmin1_code`, `name`, `active`) VALUES ('SA.14.10972364','SA','SA.14','{\"en\":\"Aţ Ţā’if\"}',1);
INSERT INTO `__PREFIX__subadmin2` (`code`, `country_code`, `subadmin1_code`, `name`, `active`) VALUES ('SA.14.10972365','SA','SA.14','{\"en\":\"Jiddah\"}',1);
INSERT INTO `__PREFIX__subadmin2` (`code`, `country_code`, `subadmin1_code`, `name`, `active`) VALUES ('SA.14.10972366','SA','SA.14','{\"en\":\"Khulayş\"}',1);
INSERT INTO `__PREFIX__subadmin2` (`code`, `country_code`, `subadmin1_code`, `name`, `active`) VALUES ('SA.14.10972367','SA','SA.14','{\"en\":\"Makkah al Mukarramah\"}',1);
INSERT INTO `__PREFIX__subadmin2` (`code`, `country_code`, `subadmin1_code`, `name`, `active`) VALUES ('SA.14.10972368','SA','SA.14','{\"en\":\"Rābigh\"}',1);
INSERT INTO `__PREFIX__subadmin2` (`code`, `country_code`, `subadmin1_code`, `name`, `active`) VALUES ('SA.14.10972369','SA','SA.14','{\"en\":\"Ranyah\"}',1);
INSERT INTO `__PREFIX__subadmin2` (`code`, `country_code`, `subadmin1_code`, `name`, `active`) VALUES ('SA.14.10972370','SA','SA.14','{\"en\":\"Turubah\"}',1);
INSERT INTO `__PREFIX__subadmin2` (`code`, `country_code`, `subadmin1_code`, `name`, `active`) VALUES ('SA.16.10972371','SA','SA.16','{\"en\":\"Al Kharkhīr\"}',1);
INSERT INTO `__PREFIX__subadmin2` (`code`, `country_code`, `subadmin1_code`, `name`, `active`) VALUES ('SA.16.10972372','SA','SA.16','{\"en\":\"Badr al Janūb\"}',1);
INSERT INTO `__PREFIX__subadmin2` (`code`, `country_code`, `subadmin1_code`, `name`, `active`) VALUES ('SA.16.10972373','SA','SA.16','{\"en\":\"Ḩubūnā\"}',1);
INSERT INTO `__PREFIX__subadmin2` (`code`, `country_code`, `subadmin1_code`, `name`, `active`) VALUES ('SA.16.10972374','SA','SA.16','{\"en\":\"Khubāsh\"}',1);
INSERT INTO `__PREFIX__subadmin2` (`code`, `country_code`, `subadmin1_code`, `name`, `active`) VALUES ('SA.16.10972375','SA','SA.16','{\"en\":\"Najrān\"}',1);
INSERT INTO `__PREFIX__subadmin2` (`code`, `country_code`, `subadmin1_code`, `name`, `active`) VALUES ('SA.16.10972376','SA','SA.16','{\"en\":\"Sharūrah\"}',1);
INSERT INTO `__PREFIX__subadmin2` (`code`, `country_code`, `subadmin1_code`, `name`, `active`) VALUES ('SA.16.10972377','SA','SA.16','{\"en\":\"Thār\"}',1);
INSERT INTO `__PREFIX__subadmin2` (`code`, `country_code`, `subadmin1_code`, `name`, `active`) VALUES ('SA.16.10972378','SA','SA.16','{\"en\":\"Yadamah\"}',1);
INSERT INTO `__PREFIX__subadmin2` (`code`, `country_code`, `subadmin1_code`, `name`, `active`) VALUES ('SA.19.10972379','SA','SA.19','{\"en\":\"Al Wajh\"}',1);
INSERT INTO `__PREFIX__subadmin2` (`code`, `country_code`, `subadmin1_code`, `name`, `active`) VALUES ('SA.19.10972380','SA','SA.19','{\"en\":\"Ḑubā’\"}',1);
INSERT INTO `__PREFIX__subadmin2` (`code`, `country_code`, `subadmin1_code`, `name`, `active`) VALUES ('SA.19.10972381','SA','SA.19','{\"en\":\"Ḩaql\"}',1);
INSERT INTO `__PREFIX__subadmin2` (`code`, `country_code`, `subadmin1_code`, `name`, `active`) VALUES ('SA.19.10972382','SA','SA.19','{\"en\":\"Tabūk\"}',1);
INSERT INTO `__PREFIX__subadmin2` (`code`, `country_code`, `subadmin1_code`, `name`, `active`) VALUES ('SA.19.10972383','SA','SA.19','{\"en\":\"Taymā’\"}',1);
INSERT INTO `__PREFIX__subadmin2` (`code`, `country_code`, `subadmin1_code`, `name`, `active`) VALUES ('SA.19.10972384','SA','SA.19','{\"en\":\"Umluj\"}',1);
INSERT INTO `__PREFIX__subadmin2` (`code`, `country_code`, `subadmin1_code`, `name`, `active`) VALUES ('SA.14.11906054','SA','SA.14','{\"en\":\"Ghran\"}',1);
/*!40000 ALTER TABLE `__PREFIX__subadmin2` ENABLE KEYS */;

--
-- Dumping data for table `__PREFIX__cities`
--

/*!40000 ALTER TABLE `__PREFIX__cities` DISABLE KEYS */;
INSERT INTO `__PREFIX__cities` (`country_code`, `name`, `longitude`, `latitude`, `feature_class`, `feature_code`, `subadmin1_code`, `subadmin2_code`, `population`, `time_zone`, `active`, `created_at`, `updated_at`) VALUES ('SA','{\"en\":\"Yanbu\"}',38.06,24.09,'P','PPL','SA.05',NULL,200161,'Asia/Riyadh',1,'2017-05-22 23:00:00','2017-05-22 23:00:00');
INSERT INTO `__PREFIX__cities` (`country_code`, `name`, `longitude`, `latitude`, `feature_class`, `feature_code`, `subadmin1_code`, `subadmin2_code`, `population`, `time_zone`, `active`, `created_at`, `updated_at`) VALUES ('SA','{\"en\":\"Umluj\"}',37.27,25.02,'P','PPL','SA.19',NULL,33874,'Asia/Riyadh',1,'2020-02-06 23:00:00','2020-02-06 23:00:00');
INSERT INTO `__PREFIX__cities` (`country_code`, `name`, `longitude`, `latitude`, `feature_class`, `feature_code`, `subadmin1_code`, `subadmin2_code`, `population`, `time_zone`, `active`, `created_at`, `updated_at`) VALUES ('SA','{\"en\":\"Umm as Sāhik\"}',49.92,26.65,'P','PPL','SA.06',NULL,11813,'Asia/Riyadh',1,'2020-06-09 23:00:00','2020-06-09 23:00:00');
INSERT INTO `__PREFIX__cities` (`country_code`, `name`, `longitude`, `latitude`, `feature_class`, `feature_code`, `subadmin1_code`, `subadmin2_code`, `population`, `time_zone`, `active`, `created_at`, `updated_at`) VALUES ('SA','{\"en\":\"Turaif\"}',38.66,31.67,'P','PPL','SA.15',NULL,40819,'Asia/Riyadh',1,'2016-09-19 23:00:00','2016-09-19 23:00:00');
INSERT INTO `__PREFIX__cities` (`country_code`, `name`, `longitude`, `latitude`, `feature_class`, `feature_code`, `subadmin1_code`, `subadmin2_code`, `population`, `time_zone`, `active`, `created_at`, `updated_at`) VALUES ('SA','{\"en\":\"Turabah\"}',41.63,21.21,'P','PPL','SA.14',NULL,23235,'Asia/Riyadh',1,'2012-01-15 23:00:00','2012-01-15 23:00:00');
INSERT INTO `__PREFIX__cities` (`country_code`, `name`, `longitude`, `latitude`, `feature_class`, `feature_code`, `subadmin1_code`, `subadmin2_code`, `population`, `time_zone`, `active`, `created_at`, `updated_at`) VALUES ('SA','{\"en\":\"At Tūbī\"}',49.99,26.56,'P','PPL','SA.06',NULL,7740,'Asia/Riyadh',1,'2020-06-09 23:00:00','2020-06-09 23:00:00');
INSERT INTO `__PREFIX__cities` (`country_code`, `name`, `longitude`, `latitude`, `feature_class`, `feature_code`, `subadmin1_code`, `subadmin2_code`, `population`, `time_zone`, `active`, `created_at`, `updated_at`) VALUES ('SA','{\"en\":\"Tārūt\"}',50.04,26.57,'P','PPL','SA.06',NULL,85371,'Asia/Riyadh',1,'2020-06-09 23:00:00','2020-06-09 23:00:00');
INSERT INTO `__PREFIX__cities` (`country_code`, `name`, `longitude`, `latitude`, `feature_class`, `feature_code`, `subadmin1_code`, `subadmin2_code`, `population`, `time_zone`, `active`, `created_at`, `updated_at`) VALUES ('SA','{\"en\":\"Tanūmah\"}',44.13,27.10,'P','PPL','SA.08',NULL,13594,'Asia/Riyadh',1,'2020-06-09 23:00:00','2020-06-09 23:00:00');
INSERT INTO `__PREFIX__cities` (`country_code`, `name`, `longitude`, `latitude`, `feature_class`, `feature_code`, `subadmin1_code`, `subadmin2_code`, `population`, `time_zone`, `active`, `created_at`, `updated_at`) VALUES ('SA','{\"en\":\"Tabuk\"}',36.57,28.40,'P','PPLA','SA.19',NULL,455450,'Asia/Riyadh',1,'2015-09-11 23:00:00','2015-09-11 23:00:00');
INSERT INTO `__PREFIX__cities` (`country_code`, `name`, `longitude`, `latitude`, `feature_class`, `feature_code`, `subadmin1_code`, `subadmin2_code`, `population`, `time_zone`, `active`, `created_at`, `updated_at`) VALUES ('SA','{\"en\":\"Ţubarjal\"}',38.22,30.50,'P','PPL','SA.20',NULL,40019,'Asia/Riyadh',1,'2012-01-15 23:00:00','2012-01-15 23:00:00');
INSERT INTO `__PREFIX__cities` (`country_code`, `name`, `longitude`, `latitude`, `feature_class`, `feature_code`, `subadmin1_code`, `subadmin2_code`, `population`, `time_zone`, `active`, `created_at`, `updated_at`) VALUES ('SA','{\"en\":\"Tabālah\"}',42.40,19.95,'P','PPL','SA.11',NULL,5151,'Asia/Riyadh',1,'2020-06-09 23:00:00','2020-06-09 23:00:00');
INSERT INTO `__PREFIX__cities` (`country_code`, `name`, `longitude`, `latitude`, `feature_class`, `feature_code`, `subadmin1_code`, `subadmin2_code`, `population`, `time_zone`, `active`, `created_at`, `updated_at`) VALUES ('SA','{\"en\":\"Sulţānah\"}',39.59,24.49,'P','PPL','SA.05',NULL,946697,'Asia/Riyadh',1,'2012-01-15 23:00:00','2012-01-15 23:00:00');
INSERT INTO `__PREFIX__cities` (`country_code`, `name`, `longitude`, `latitude`, `feature_class`, `feature_code`, `subadmin1_code`, `subadmin2_code`, `population`, `time_zone`, `active`, `created_at`, `updated_at`) VALUES ('SA','{\"en\":\"Sayhāt\"}',50.05,26.48,'P','PPL','SA.06',NULL,66702,'Asia/Riyadh',1,'2020-06-09 23:00:00','2020-06-09 23:00:00');
INSERT INTO `__PREFIX__cities` (`country_code`, `name`, `longitude`, `latitude`, `feature_class`, `feature_code`, `subadmin1_code`, `subadmin2_code`, `population`, `time_zone`, `active`, `created_at`, `updated_at`) VALUES ('SA','{\"en\":\"Şāmitah\"}',42.94,16.60,'P','PPL','SA.17',NULL,26945,'Asia/Riyadh',1,'2020-06-09 23:00:00','2020-06-09 23:00:00');
INSERT INTO `__PREFIX__cities` (`country_code`, `name`, `longitude`, `latitude`, `feature_class`, `feature_code`, `subadmin1_code`, `subadmin2_code`, `population`, `time_zone`, `active`, `created_at`, `updated_at`) VALUES ('SA','{\"en\":\"Sakakah\"}',40.21,29.97,'P','PPLA','SA.20',NULL,128332,'Asia/Riyadh',1,'2015-12-12 23:00:00','2015-12-12 23:00:00');
INSERT INTO `__PREFIX__cities` (`country_code`, `name`, `longitude`, `latitude`, `feature_class`, `feature_code`, `subadmin1_code`, `subadmin2_code`, `population`, `time_zone`, `active`, `created_at`, `updated_at`) VALUES ('SA','{\"en\":\"Şafwá\"}',49.96,26.65,'P','PPL','SA.06',NULL,45876,'Asia/Riyadh',1,'2017-11-06 23:00:00','2017-11-06 23:00:00');
INSERT INTO `__PREFIX__cities` (`country_code`, `name`, `longitude`, `latitude`, `feature_class`, `feature_code`, `subadmin1_code`, `subadmin2_code`, `population`, `time_zone`, `active`, `created_at`, `updated_at`) VALUES ('SA','{\"en\":\"Şabyā\"}',42.63,17.15,'P','PPL','SA.17',NULL,54108,'Asia/Riyadh',1,'2020-06-09 23:00:00','2020-06-09 23:00:00');
INSERT INTO `__PREFIX__cities` (`country_code`, `name`, `longitude`, `latitude`, `feature_class`, `feature_code`, `subadmin1_code`, `subadmin2_code`, `population`, `time_zone`, `active`, `created_at`, `updated_at`) VALUES ('SA','{\"en\":\"Raḩīmah\"}',50.06,26.71,'P','PPL','SA.06',NULL,41188,'Asia/Riyadh',1,'2012-01-15 23:00:00','2012-01-15 23:00:00');
INSERT INTO `__PREFIX__cities` (`country_code`, `name`, `longitude`, `latitude`, `feature_class`, `feature_code`, `subadmin1_code`, `subadmin2_code`, `population`, `time_zone`, `active`, `created_at`, `updated_at`) VALUES ('SA','{\"en\":\"Rābigh\"}',39.03,22.80,'P','PPL','SA.14',NULL,41759,'Asia/Riyadh',1,'2020-06-09 23:00:00','2020-06-09 23:00:00');
INSERT INTO `__PREFIX__cities` (`country_code`, `name`, `longitude`, `latitude`, `feature_class`, `feature_code`, `subadmin1_code`, `subadmin2_code`, `population`, `time_zone`, `active`, `created_at`, `updated_at`) VALUES ('SA','{\"en\":\"Qal‘at Bīshah\"}',42.61,20.00,'P','PPL','SA.11',NULL,81828,'Asia/Riyadh',1,'2020-06-09 23:00:00','2020-06-09 23:00:00');
INSERT INTO `__PREFIX__cities` (`country_code`, `name`, `longitude`, `latitude`, `feature_class`, `feature_code`, `subadmin1_code`, `subadmin2_code`, `population`, `time_zone`, `active`, `created_at`, `updated_at`) VALUES ('SA','{\"en\":\"Najrān\"}',44.13,17.49,'P','PPLA','SA.16',NULL,258573,'Asia/Riyadh',1,'2020-06-09 23:00:00','2020-06-09 23:00:00');
INSERT INTO `__PREFIX__cities` (`country_code`, `name`, `longitude`, `latitude`, `feature_class`, `feature_code`, `subadmin1_code`, `subadmin2_code`, `population`, `time_zone`, `active`, `created_at`, `updated_at`) VALUES ('SA','{\"en\":\"Mulayjah\"}',48.42,27.27,'P','PPL','SA.06',NULL,5247,'Asia/Riyadh',1,'2013-08-10 23:00:00','2013-08-10 23:00:00');
INSERT INTO `__PREFIX__cities` (`country_code`, `name`, `longitude`, `latitude`, `feature_class`, `feature_code`, `subadmin1_code`, `subadmin2_code`, `population`, `time_zone`, `active`, `created_at`, `updated_at`) VALUES ('SA','{\"en\":\"Mislīyah\"}',42.56,17.46,'P','PPL','SA.17',NULL,6117,'Asia/Riyadh',1,'2020-06-09 23:00:00','2020-06-09 23:00:00');
INSERT INTO `__PREFIX__cities` (`country_code`, `name`, `longitude`, `latitude`, `feature_class`, `feature_code`, `subadmin1_code`, `subadmin2_code`, `population`, `time_zone`, `active`, `created_at`, `updated_at`) VALUES ('SA','{\"en\":\"Marāt\"}',45.46,25.07,'P','PPL','SA.10',NULL,8885,'Asia/Riyadh',1,'2018-03-05 23:00:00','2018-03-05 23:00:00');
INSERT INTO `__PREFIX__cities` (`country_code`, `name`, `longitude`, `latitude`, `feature_class`, `feature_code`, `subadmin1_code`, `subadmin2_code`, `population`, `time_zone`, `active`, `created_at`, `updated_at`) VALUES ('SA','{\"en\":\"Mecca\"}',39.83,21.43,'P','PPLA','SA.14',NULL,1323624,'Asia/Riyadh',1,'2020-05-27 23:00:00','2020-05-27 23:00:00');
INSERT INTO `__PREFIX__cities` (`country_code`, `name`, `longitude`, `latitude`, `feature_class`, `feature_code`, `subadmin1_code`, `subadmin2_code`, `population`, `time_zone`, `active`, `created_at`, `updated_at`) VALUES ('SA','{\"en\":\"Khamis Mushait\"}',42.73,18.30,'P','PPL','SA.11',NULL,387553,'Asia/Riyadh',1,'2013-11-24 23:00:00','2013-11-24 23:00:00');
INSERT INTO `__PREFIX__cities` (`country_code`, `name`, `longitude`, `latitude`, `feature_class`, `feature_code`, `subadmin1_code`, `subadmin2_code`, `population`, `time_zone`, `active`, `created_at`, `updated_at`) VALUES ('SA','{\"en\":\"Julayjilah\"}',49.60,25.50,'P','PPL','SA.06',NULL,5359,'Asia/Riyadh',1,'2012-01-15 23:00:00','2012-01-15 23:00:00');
INSERT INTO `__PREFIX__cities` (`country_code`, `name`, `longitude`, `latitude`, `feature_class`, `feature_code`, `subadmin1_code`, `subadmin2_code`, `population`, `time_zone`, `active`, `created_at`, `updated_at`) VALUES ('SA','{\"en\":\"Jizan\"}',42.55,16.89,'P','PPLA','SA.17',NULL,105198,'Asia/Riyadh',1,'2014-01-31 23:00:00','2014-01-31 23:00:00');
INSERT INTO `__PREFIX__cities` (`country_code`, `name`, `longitude`, `latitude`, `feature_class`, `feature_code`, `subadmin1_code`, `subadmin2_code`, `population`, `time_zone`, `active`, `created_at`, `updated_at`) VALUES ('SA','{\"en\":\"Jeddah\"}',39.19,21.49,'P','PPL','SA.14',NULL,2867446,'Asia/Riyadh',1,'2022-01-20 23:00:00','2022-01-20 23:00:00');
INSERT INTO `__PREFIX__cities` (`country_code`, `name`, `longitude`, `latitude`, `feature_class`, `feature_code`, `subadmin1_code`, `subadmin2_code`, `population`, `time_zone`, `active`, `created_at`, `updated_at`) VALUES ('SA','{\"en\":\"Ha\'il\"}',41.69,27.52,'P','PPLA','SA.13',NULL,267005,'Asia/Riyadh',1,'2016-01-27 23:00:00','2016-01-27 23:00:00');
INSERT INTO `__PREFIX__cities` (`country_code`, `name`, `longitude`, `latitude`, `feature_class`, `feature_code`, `subadmin1_code`, `subadmin2_code`, `population`, `time_zone`, `active`, `created_at`, `updated_at`) VALUES ('SA','{\"en\":\"Hafar Al-Batin\"}',45.97,28.43,'P','PPL','SA.06',NULL,271642,'Asia/Riyadh',1,'2017-09-11 23:00:00','2017-09-11 23:00:00');
INSERT INTO `__PREFIX__cities` (`country_code`, `name`, `longitude`, `latitude`, `feature_class`, `feature_code`, `subadmin1_code`, `subadmin2_code`, `population`, `time_zone`, `active`, `created_at`, `updated_at`) VALUES ('SA','{\"en\":\"Farasān\"}',42.12,16.70,'P','PPL','SA.17',NULL,10527,'Asia/Riyadh',1,'2012-01-15 23:00:00','2012-01-15 23:00:00');
INSERT INTO `__PREFIX__cities` (`country_code`, `name`, `longitude`, `latitude`, `feature_class`, `feature_code`, `subadmin1_code`, `subadmin2_code`, `population`, `time_zone`, `active`, `created_at`, `updated_at`) VALUES ('SA','{\"en\":\"Duba\"}',35.69,27.35,'P','PPL','SA.19',NULL,22000,'Asia/Riyadh',1,'2016-01-27 23:00:00','2016-01-27 23:00:00');
INSERT INTO `__PREFIX__cities` (`country_code`, `name`, `longitude`, `latitude`, `feature_class`, `feature_code`, `subadmin1_code`, `subadmin2_code`, `population`, `time_zone`, `active`, `created_at`, `updated_at`) VALUES ('SA','{\"en\":\"Buraydah\"}',43.97,26.33,'P','PPLA','SA.08',NULL,391336,'Asia/Riyadh',1,'2018-03-05 23:00:00','2018-03-05 23:00:00');
INSERT INTO `__PREFIX__cities` (`country_code`, `name`, `longitude`, `latitude`, `feature_class`, `feature_code`, `subadmin1_code`, `subadmin2_code`, `population`, `time_zone`, `active`, `created_at`, `updated_at`) VALUES ('SA','{\"en\":\"Abqaiq\"}',49.67,25.93,'P','PPL','SA.06',NULL,29474,'Asia/Riyadh',1,'2017-10-02 23:00:00','2017-10-02 23:00:00');
INSERT INTO `__PREFIX__cities` (`country_code`, `name`, `longitude`, `latitude`, `feature_class`, `feature_code`, `subadmin1_code`, `subadmin2_code`, `population`, `time_zone`, `active`, `created_at`, `updated_at`) VALUES ('SA','{\"en\":\"Badr Ḩunayn\"}',38.79,23.78,'P','PPL','SA.05',NULL,27257,'Asia/Riyadh',1,'2020-06-09 23:00:00','2020-06-09 23:00:00');
INSERT INTO `__PREFIX__cities` (`country_code`, `name`, `longitude`, `latitude`, `feature_class`, `feature_code`, `subadmin1_code`, `subadmin2_code`, `population`, `time_zone`, `active`, `created_at`, `updated_at`) VALUES ('SA','{\"en\":\"Az Zulfī\"}',44.82,26.30,'P','PPL','SA.10',NULL,53144,'Asia/Riyadh',1,'2020-06-09 23:00:00','2020-06-09 23:00:00');
INSERT INTO `__PREFIX__cities` (`country_code`, `name`, `longitude`, `latitude`, `feature_class`, `feature_code`, `subadmin1_code`, `subadmin2_code`, `population`, `time_zone`, `active`, `created_at`, `updated_at`) VALUES ('SA','{\"en\":\"Dhahran\"}',50.11,26.29,'P','PPL','SA.06',NULL,99540,'Asia/Riyadh',1,'2019-09-04 23:00:00','2019-09-04 23:00:00');
INSERT INTO `__PREFIX__cities` (`country_code`, `name`, `longitude`, `latitude`, `feature_class`, `feature_code`, `subadmin1_code`, `subadmin2_code`, `population`, `time_zone`, `active`, `created_at`, `updated_at`) VALUES ('SA','{\"en\":\"Aţ Ţaraf\"}',49.73,25.36,'P','PPL','SA.06',NULL,21386,'Asia/Riyadh',1,'2020-06-09 23:00:00','2020-06-09 23:00:00');
INSERT INTO `__PREFIX__cities` (`country_code`, `name`, `longitude`, `latitude`, `feature_class`, `feature_code`, `subadmin1_code`, `subadmin2_code`, `population`, `time_zone`, `active`, `created_at`, `updated_at`) VALUES ('SA','{\"en\":\"Ta’if\"}',40.42,21.27,'P','PPL','SA.14',NULL,530848,'Asia/Riyadh',1,'2015-09-04 23:00:00','2015-09-04 23:00:00');
INSERT INTO `__PREFIX__cities` (`country_code`, `name`, `longitude`, `latitude`, `feature_class`, `feature_code`, `subadmin1_code`, `subadmin2_code`, `population`, `time_zone`, `active`, `created_at`, `updated_at`) VALUES ('SA','{\"en\":\"As Sulayyil\"}',45.58,20.46,'P','PPL','SA.10',NULL,24097,'Asia/Riyadh',1,'2017-07-04 23:00:00','2017-07-04 23:00:00');
INSERT INTO `__PREFIX__cities` (`country_code`, `name`, `longitude`, `latitude`, `feature_class`, `feature_code`, `subadmin1_code`, `subadmin2_code`, `population`, `time_zone`, `active`, `created_at`, `updated_at`) VALUES ('SA','{\"en\":\"Sājir\"}',44.60,25.18,'P','PPL','SA.10',NULL,11717,'Asia/Riyadh',1,'2018-02-05 23:00:00','2018-02-05 23:00:00');
INSERT INTO `__PREFIX__cities` (`country_code`, `name`, `longitude`, `latitude`, `feature_class`, `feature_code`, `subadmin1_code`, `subadmin2_code`, `population`, `time_zone`, `active`, `created_at`, `updated_at`) VALUES ('SA','{\"en\":\"As Saffānīyah\"}',48.73,27.97,'P','PPL','SA.06',NULL,7014,'Asia/Riyadh',1,'2020-06-09 23:00:00','2020-06-09 23:00:00');
INSERT INTO `__PREFIX__cities` (`country_code`, `name`, `longitude`, `latitude`, `feature_class`, `feature_code`, `subadmin1_code`, `subadmin2_code`, `population`, `time_zone`, `active`, `created_at`, `updated_at`) VALUES ('SA','{\"en\":\"Riyadh\"}',46.72,24.69,'P','PPLC','SA.10',NULL,4205961,'Asia/Riyadh',1,'2019-09-04 23:00:00','2019-09-04 23:00:00');
INSERT INTO `__PREFIX__cities` (`country_code`, `name`, `longitude`, `latitude`, `feature_class`, `feature_code`, `subadmin1_code`, `subadmin2_code`, `population`, `time_zone`, `active`, `created_at`, `updated_at`) VALUES ('SA','{\"en\":\"Ar Rass\"}',43.50,25.87,'P','PPL','SA.08',NULL,81728,'Asia/Riyadh',1,'2017-12-05 23:00:00','2017-12-05 23:00:00');
INSERT INTO `__PREFIX__cities` (`country_code`, `name`, `longitude`, `latitude`, `feature_class`, `feature_code`, `subadmin1_code`, `subadmin2_code`, `population`, `time_zone`, `active`, `created_at`, `updated_at`) VALUES ('SA','{\"en\":\"Arar\"}',41.04,30.98,'P','PPLA','SA.15',NULL,148540,'Asia/Riyadh',1,'2018-12-06 23:00:00','2018-12-06 23:00:00');
INSERT INTO `__PREFIX__cities` (`country_code`, `name`, `longitude`, `latitude`, `feature_class`, `feature_code`, `subadmin1_code`, `subadmin2_code`, `population`, `time_zone`, `active`, `created_at`, `updated_at`) VALUES ('SA','{\"en\":\"An Nimāş\"}',42.12,19.15,'P','PPL','SA.11',NULL,24153,'Asia/Riyadh',1,'2013-08-10 23:00:00','2013-08-10 23:00:00');
INSERT INTO `__PREFIX__cities` (`country_code`, `name`, `longitude`, `latitude`, `feature_class`, `feature_code`, `subadmin1_code`, `subadmin2_code`, `population`, `time_zone`, `active`, `created_at`, `updated_at`) VALUES ('SA','{\"en\":\"Qurayyat\"}',37.34,31.33,'P','PPL','SA.20','SA.20.10972289',102903,'Asia/Riyadh',1,'2016-10-22 23:00:00','2016-10-22 23:00:00');
INSERT INTO `__PREFIX__cities` (`country_code`, `name`, `longitude`, `latitude`, `feature_class`, `feature_code`, `subadmin1_code`, `subadmin2_code`, `population`, `time_zone`, `active`, `created_at`, `updated_at`) VALUES ('SA','{\"en\":\"Al Wajh\"}',36.45,26.25,'P','PPL','SA.19',NULL,26636,'Asia/Riyadh',1,'2017-08-30 23:00:00','2017-08-30 23:00:00');
INSERT INTO `__PREFIX__cities` (`country_code`, `name`, `longitude`, `latitude`, `feature_class`, `feature_code`, `subadmin1_code`, `subadmin2_code`, `population`, `time_zone`, `active`, `created_at`, `updated_at`) VALUES ('SA','{\"en\":\"Al-`Ula\"}',37.92,26.61,'P','PPL','SA.05',NULL,32413,'Asia/Riyadh',1,'2020-03-22 23:00:00','2020-03-22 23:00:00');
INSERT INTO `__PREFIX__cities` (`country_code`, `name`, `longitude`, `latitude`, `feature_class`, `feature_code`, `subadmin1_code`, `subadmin2_code`, `population`, `time_zone`, `active`, `created_at`, `updated_at`) VALUES ('SA','{\"en\":\"Al Qurayn\"}',49.60,25.48,'P','PPL','SA.06',NULL,12013,'Asia/Riyadh',1,'2012-01-15 23:00:00','2012-01-15 23:00:00');
INSERT INTO `__PREFIX__cities` (`country_code`, `name`, `longitude`, `latitude`, `feature_class`, `feature_code`, `subadmin1_code`, `subadmin2_code`, `population`, `time_zone`, `active`, `created_at`, `updated_at`) VALUES ('SA','{\"en\":\"Qaisumah\"}',46.13,28.31,'P','PPL','SA.06',NULL,20685,'Asia/Riyadh',1,'2016-10-22 23:00:00','2016-10-22 23:00:00');
INSERT INTO `__PREFIX__cities` (`country_code`, `name`, `longitude`, `latitude`, `feature_class`, `feature_code`, `subadmin1_code`, `subadmin2_code`, `population`, `time_zone`, `active`, `created_at`, `updated_at`) VALUES ('SA','{\"en\":\"Al Qaţīf\"}',50.01,26.57,'P','PPL','SA.06',NULL,98259,'Asia/Riyadh',1,'2020-06-09 23:00:00','2020-06-09 23:00:00');
INSERT INTO `__PREFIX__cities` (`country_code`, `name`, `longitude`, `latitude`, `feature_class`, `feature_code`, `subadmin1_code`, `subadmin2_code`, `population`, `time_zone`, `active`, `created_at`, `updated_at`) VALUES ('SA','{\"en\":\"Al Qārah\"}',49.67,25.42,'P','PPL','SA.06',NULL,9106,'Asia/Riyadh',1,'2020-06-09 23:00:00','2020-06-09 23:00:00');
INSERT INTO `__PREFIX__cities` (`country_code`, `name`, `longitude`, `latitude`, `feature_class`, `feature_code`, `subadmin1_code`, `subadmin2_code`, `population`, `time_zone`, `active`, `created_at`, `updated_at`) VALUES ('SA','{\"en\":\"Al Muţayrifī\"}',49.56,25.48,'P','PPL','SA.06',NULL,5962,'Asia/Riyadh',1,'2020-06-09 23:00:00','2020-06-09 23:00:00');
INSERT INTO `__PREFIX__cities` (`country_code`, `name`, `longitude`, `latitude`, `feature_class`, `feature_code`, `subadmin1_code`, `subadmin2_code`, `population`, `time_zone`, `active`, `created_at`, `updated_at`) VALUES ('SA','{\"en\":\"Al Munayzilah\"}',49.67,25.38,'P','PPL','SA.06',NULL,16296,'Asia/Riyadh',1,'2012-01-15 23:00:00','2012-01-15 23:00:00');
INSERT INTO `__PREFIX__cities` (`country_code`, `name`, `longitude`, `latitude`, `feature_class`, `feature_code`, `subadmin1_code`, `subadmin2_code`, `population`, `time_zone`, `active`, `created_at`, `updated_at`) VALUES ('SA','{\"en\":\"Al Mubarraz\"}',49.59,25.41,'P','PPL','SA.06',NULL,290802,'Asia/Riyadh',1,'2017-10-02 23:00:00','2017-10-02 23:00:00');
INSERT INTO `__PREFIX__cities` (`country_code`, `name`, `longitude`, `latitude`, `feature_class`, `feature_code`, `subadmin1_code`, `subadmin2_code`, `population`, `time_zone`, `active`, `created_at`, `updated_at`) VALUES ('SA','{\"en\":\"Al Mindak\"}',41.28,20.16,'P','PPL','SA.02',NULL,9218,'Asia/Riyadh',1,'2013-08-10 23:00:00','2013-08-10 23:00:00');
INSERT INTO `__PREFIX__cities` (`country_code`, `name`, `longitude`, `latitude`, `feature_class`, `feature_code`, `subadmin1_code`, `subadmin2_code`, `population`, `time_zone`, `active`, `created_at`, `updated_at`) VALUES ('SA','{\"en\":\"Al Mithnab\"}',44.22,25.86,'P','PPL','SA.08',NULL,60870,'Asia/Riyadh',1,'2012-10-08 23:00:00','2012-10-08 23:00:00');
INSERT INTO `__PREFIX__cities` (`country_code`, `name`, `longitude`, `latitude`, `feature_class`, `feature_code`, `subadmin1_code`, `subadmin2_code`, `population`, `time_zone`, `active`, `created_at`, `updated_at`) VALUES ('SA','{\"en\":\"Al Markaz\"}',49.73,25.40,'P','PPL','SA.06',NULL,6464,'Asia/Riyadh',1,'2012-01-15 23:00:00','2012-01-15 23:00:00');
INSERT INTO `__PREFIX__cities` (`country_code`, `name`, `longitude`, `latitude`, `feature_class`, `feature_code`, `subadmin1_code`, `subadmin2_code`, `population`, `time_zone`, `active`, `created_at`, `updated_at`) VALUES ('SA','{\"en\":\"Medina\"}',39.61,24.47,'P','PPLA','SA.05',NULL,1300000,'Asia/Riyadh',1,'2019-09-04 23:00:00','2019-09-04 23:00:00');
INSERT INTO `__PREFIX__cities` (`country_code`, `name`, `longitude`, `latitude`, `feature_class`, `feature_code`, `subadmin1_code`, `subadmin2_code`, `population`, `time_zone`, `active`, `created_at`, `updated_at`) VALUES ('SA','{\"en\":\"Khobar\"}',50.21,26.28,'P','PPL','SA.06',NULL,165799,'Asia/Riyadh',1,'2021-08-14 23:00:00','2021-08-14 23:00:00');
INSERT INTO `__PREFIX__cities` (`country_code`, `name`, `longitude`, `latitude`, `feature_class`, `feature_code`, `subadmin1_code`, `subadmin2_code`, `population`, `time_zone`, `active`, `created_at`, `updated_at`) VALUES ('SA','{\"en\":\"Al Kharj\"}',47.33,24.16,'P','PPL','SA.10',NULL,425300,'Asia/Riyadh',1,'2017-09-12 23:00:00','2017-09-12 23:00:00');
INSERT INTO `__PREFIX__cities` (`country_code`, `name`, `longitude`, `latitude`, `feature_class`, `feature_code`, `subadmin1_code`, `subadmin2_code`, `population`, `time_zone`, `active`, `created_at`, `updated_at`) VALUES ('SA','{\"en\":\"Al Khafjī\"}',48.49,28.44,'P','PPL','SA.06',NULL,54857,'Asia/Riyadh',1,'2012-01-15 23:00:00','2012-01-15 23:00:00');
INSERT INTO `__PREFIX__cities` (`country_code`, `name`, `longitude`, `latitude`, `feature_class`, `feature_code`, `subadmin1_code`, `subadmin2_code`, `population`, `time_zone`, `active`, `created_at`, `updated_at`) VALUES ('SA','{\"en\":\"Al Jumūm\"}',39.70,21.62,'P','PPL','SA.14',NULL,22207,'Asia/Riyadh',1,'2020-06-09 23:00:00','2020-06-09 23:00:00');
INSERT INTO `__PREFIX__cities` (`country_code`, `name`, `longitude`, `latitude`, `feature_class`, `feature_code`, `subadmin1_code`, `subadmin2_code`, `population`, `time_zone`, `active`, `created_at`, `updated_at`) VALUES ('SA','{\"en\":\"Al Jubayl\"}',49.62,27.02,'P','PPL','SA.06',NULL,237274,'Asia/Riyadh',1,'2017-11-06 23:00:00','2017-11-06 23:00:00');
INSERT INTO `__PREFIX__cities` (`country_code`, `name`, `longitude`, `latitude`, `feature_class`, `feature_code`, `subadmin1_code`, `subadmin2_code`, `population`, `time_zone`, `active`, `created_at`, `updated_at`) VALUES ('SA','{\"en\":\"Al Jubayl\"}',49.65,25.40,'P','PPL','SA.06',NULL,9108,'Asia/Riyadh',1,'2012-01-15 23:00:00','2012-01-15 23:00:00');
INSERT INTO `__PREFIX__cities` (`country_code`, `name`, `longitude`, `latitude`, `feature_class`, `feature_code`, `subadmin1_code`, `subadmin2_code`, `population`, `time_zone`, `active`, `created_at`, `updated_at`) VALUES ('SA','{\"en\":\"Al Jarādīyah\"}',42.91,16.58,'P','PPL','SA.17',NULL,7396,'Asia/Riyadh',1,'2012-01-15 23:00:00','2012-01-15 23:00:00');
INSERT INTO `__PREFIX__cities` (`country_code`, `name`, `longitude`, `latitude`, `feature_class`, `feature_code`, `subadmin1_code`, `subadmin2_code`, `population`, `time_zone`, `active`, `created_at`, `updated_at`) VALUES ('SA','{\"en\":\"Al Jafr\"}',49.72,25.38,'P','PPL','SA.06',NULL,8715,'Asia/Riyadh',1,'2017-10-02 23:00:00','2017-10-02 23:00:00');
INSERT INTO `__PREFIX__cities` (`country_code`, `name`, `longitude`, `latitude`, `feature_class`, `feature_code`, `subadmin1_code`, `subadmin2_code`, `population`, `time_zone`, `active`, `created_at`, `updated_at`) VALUES ('SA','{\"en\":\"Al Hufūf\"}',49.59,25.36,'P','PPL','SA.06',NULL,293179,'Asia/Riyadh',1,'2017-10-02 23:00:00','2017-10-02 23:00:00');
INSERT INTO `__PREFIX__cities` (`country_code`, `name`, `longitude`, `latitude`, `feature_class`, `feature_code`, `subadmin1_code`, `subadmin2_code`, `population`, `time_zone`, `active`, `created_at`, `updated_at`) VALUES ('SA','{\"en\":\"Al Bukayrīyah\"}',43.66,26.14,'P','PPL','SA.08',NULL,25153,'Asia/Riyadh',1,'2020-06-09 23:00:00','2020-06-09 23:00:00');
INSERT INTO `__PREFIX__cities` (`country_code`, `name`, `longitude`, `latitude`, `feature_class`, `feature_code`, `subadmin1_code`, `subadmin2_code`, `population`, `time_zone`, `active`, `created_at`, `updated_at`) VALUES ('SA','{\"en\":\"Al Baţţālīyah\"}',49.63,25.43,'P','PPL','SA.06',NULL,16606,'Asia/Riyadh',1,'2012-01-15 23:00:00','2012-01-15 23:00:00');
INSERT INTO `__PREFIX__cities` (`country_code`, `name`, `longitude`, `latitude`, `feature_class`, `feature_code`, `subadmin1_code`, `subadmin2_code`, `population`, `time_zone`, `active`, `created_at`, `updated_at`) VALUES ('SA','{\"en\":\"Al Bahah\"}',41.47,20.01,'P','PPLA','SA.02',NULL,88419,'Asia/Riyadh',1,'2019-02-09 23:00:00','2019-02-09 23:00:00');
INSERT INTO `__PREFIX__cities` (`country_code`, `name`, `longitude`, `latitude`, `feature_class`, `feature_code`, `subadmin1_code`, `subadmin2_code`, `population`, `time_zone`, `active`, `created_at`, `updated_at`) VALUES ('SA','{\"en\":\"Al Arţāwīyah\"}',45.35,26.50,'P','PPL','SA.10',NULL,9152,'Asia/Riyadh',1,'2020-06-09 23:00:00','2020-06-09 23:00:00');
INSERT INTO `__PREFIX__cities` (`country_code`, `name`, `longitude`, `latitude`, `feature_class`, `feature_code`, `subadmin1_code`, `subadmin2_code`, `population`, `time_zone`, `active`, `created_at`, `updated_at`) VALUES ('SA','{\"en\":\"Al Awjām\"}',49.94,26.56,'P','PPL','SA.06',NULL,11460,'Asia/Riyadh',1,'2020-06-09 23:00:00','2020-06-09 23:00:00');
INSERT INTO `__PREFIX__cities` (`country_code`, `name`, `longitude`, `latitude`, `feature_class`, `feature_code`, `subadmin1_code`, `subadmin2_code`, `population`, `time_zone`, `active`, `created_at`, `updated_at`) VALUES ('SA','{\"en\":\"Afif\"}',42.92,23.91,'P','PPL','SA.10',NULL,45525,'Asia/Riyadh',1,'2018-12-06 23:00:00','2018-12-06 23:00:00');
INSERT INTO `__PREFIX__cities` (`country_code`, `name`, `longitude`, `latitude`, `feature_class`, `feature_code`, `subadmin1_code`, `subadmin2_code`, `population`, `time_zone`, `active`, `created_at`, `updated_at`) VALUES ('SA','{\"en\":\"Adh Dhibiyah\"}',43.16,26.03,'P','PPL','SA.08',NULL,5068,'Asia/Riyadh',1,'2021-11-06 23:00:00','2021-11-06 23:00:00');
INSERT INTO `__PREFIX__cities` (`country_code`, `name`, `longitude`, `latitude`, `feature_class`, `feature_code`, `subadmin1_code`, `subadmin2_code`, `population`, `time_zone`, `active`, `created_at`, `updated_at`) VALUES ('SA','{\"en\":\"Ad Dilam\"}',47.16,23.99,'P','PPL','SA.10',NULL,35371,'Asia/Riyadh',1,'2014-09-29 23:00:00','2014-09-29 23:00:00');
INSERT INTO `__PREFIX__cities` (`country_code`, `name`, `longitude`, `latitude`, `feature_class`, `feature_code`, `subadmin1_code`, `subadmin2_code`, `population`, `time_zone`, `active`, `created_at`, `updated_at`) VALUES ('SA','{\"en\":\"Ad Dawādimī\"}',44.39,24.51,'P','PPL','SA.10',NULL,54474,'Asia/Riyadh',1,'2020-06-09 23:00:00','2020-06-09 23:00:00');
INSERT INTO `__PREFIX__cities` (`country_code`, `name`, `longitude`, `latitude`, `feature_class`, `feature_code`, `subadmin1_code`, `subadmin2_code`, `population`, `time_zone`, `active`, `created_at`, `updated_at`) VALUES ('SA','{\"en\":\"Ad Darb\"}',42.25,17.72,'P','PPL','SA.17',NULL,5378,'Asia/Riyadh',1,'2017-06-05 23:00:00','2017-06-05 23:00:00');
INSERT INTO `__PREFIX__cities` (`country_code`, `name`, `longitude`, `latitude`, `feature_class`, `feature_code`, `subadmin1_code`, `subadmin2_code`, `population`, `time_zone`, `active`, `created_at`, `updated_at`) VALUES ('SA','{\"en\":\"Dammam\"}',50.10,26.43,'P','PPLA','SA.06',NULL,768602,'Asia/Riyadh',1,'2014-08-18 23:00:00','2014-08-18 23:00:00');
INSERT INTO `__PREFIX__cities` (`country_code`, `name`, `longitude`, `latitude`, `feature_class`, `feature_code`, `subadmin1_code`, `subadmin2_code`, `population`, `time_zone`, `active`, `created_at`, `updated_at`) VALUES ('SA','{\"en\":\"Abū ‘Arīsh\"}',42.83,16.97,'P','PPL','SA.17',NULL,49171,'Asia/Riyadh',1,'2012-01-15 23:00:00','2012-01-15 23:00:00');
INSERT INTO `__PREFIX__cities` (`country_code`, `name`, `longitude`, `latitude`, `feature_class`, `feature_code`, `subadmin1_code`, `subadmin2_code`, `population`, `time_zone`, `active`, `created_at`, `updated_at`) VALUES ('SA','{\"en\":\"Abha\"}',42.51,18.22,'P','PPLA','SA.11',NULL,210886,'Asia/Riyadh',1,'2018-05-06 23:00:00','2018-05-06 23:00:00');
INSERT INTO `__PREFIX__cities` (`country_code`, `name`, `longitude`, `latitude`, `feature_class`, `feature_code`, `subadmin1_code`, `subadmin2_code`, `population`, `time_zone`, `active`, `created_at`, `updated_at`) VALUES ('SA','{\"en\":\"Şuwayr\"}',40.39,30.12,'P','PPL','SA.20',NULL,8515,'Asia/Riyadh',1,'2012-01-18 23:00:00','2012-01-18 23:00:00');
INSERT INTO `__PREFIX__cities` (`country_code`, `name`, `longitude`, `latitude`, `feature_class`, `feature_code`, `subadmin1_code`, `subadmin2_code`, `population`, `time_zone`, `active`, `created_at`, `updated_at`) VALUES ('SA','{\"en\":\"Tumayr\"}',45.87,25.70,'P','PPL','SA.10',NULL,8246,'Asia/Riyadh',1,'2018-03-07 23:00:00','2018-03-07 23:00:00');
INSERT INTO `__PREFIX__cities` (`country_code`, `name`, `longitude`, `latitude`, `feature_class`, `feature_code`, `subadmin1_code`, `subadmin2_code`, `population`, `time_zone`, `active`, `created_at`, `updated_at`) VALUES ('SA','{\"en\":\"Al Fuwayliq\"}',43.25,26.44,'P','PPL','SA.08',NULL,5205,'Asia/Riyadh',1,'2018-01-09 23:00:00','2018-01-09 23:00:00');
INSERT INTO `__PREFIX__cities` (`country_code`, `name`, `longitude`, `latitude`, `feature_class`, `feature_code`, `subadmin1_code`, `subadmin2_code`, `population`, `time_zone`, `active`, `created_at`, `updated_at`) VALUES ('SA','{\"en\":\"Al Majāridah\"}',41.91,19.12,'P','PPL','SA.11',NULL,14830,'Asia/Riyadh',1,'2013-08-10 23:00:00','2013-08-10 23:00:00');
INSERT INTO `__PREFIX__cities` (`country_code`, `name`, `longitude`, `latitude`, `feature_class`, `feature_code`, `subadmin1_code`, `subadmin2_code`, `population`, `time_zone`, `active`, `created_at`, `updated_at`) VALUES ('SA','{\"en\":\"Al Muwayh\"}',41.76,22.43,'P','PPL','SA.14',NULL,7364,'Asia/Riyadh',1,'2012-01-18 23:00:00','2012-01-18 23:00:00');
INSERT INTO `__PREFIX__cities` (`country_code`, `name`, `longitude`, `latitude`, `feature_class`, `feature_code`, `subadmin1_code`, `subadmin2_code`, `population`, `time_zone`, `active`, `created_at`, `updated_at`) VALUES ('SA','{\"en\":\"Al Hadā\"}',40.28,21.36,'P','PPL','SA.14',NULL,6885,'Asia/Riyadh',1,'2019-10-09 23:00:00','2019-10-09 23:00:00');
INSERT INTO `__PREFIX__cities` (`country_code`, `name`, `longitude`, `latitude`, `feature_class`, `feature_code`, `subadmin1_code`, `subadmin2_code`, `population`, `time_zone`, `active`, `created_at`, `updated_at`) VALUES ('SA','{\"en\":\"Ash Shafā\"}',40.32,21.07,'P','PPL','SA.14',NULL,72190,'Asia/Riyadh',1,'2019-10-09 23:00:00','2019-10-09 23:00:00');
INSERT INTO `__PREFIX__cities` (`country_code`, `name`, `longitude`, `latitude`, `feature_class`, `feature_code`, `subadmin1_code`, `subadmin2_code`, `population`, `time_zone`, `active`, `created_at`, `updated_at`) VALUES ('SA','{\"en\":\"Mizhirah\"}',42.73,16.83,'P','PPL','SA.17',NULL,5529,'Asia/Riyadh',1,'2017-06-06 23:00:00','2017-06-06 23:00:00');
INSERT INTO `__PREFIX__cities` (`country_code`, `name`, `longitude`, `latitude`, `feature_class`, `feature_code`, `subadmin1_code`, `subadmin2_code`, `population`, `time_zone`, `active`, `created_at`, `updated_at`) VALUES ('SA','{\"en\":\"Sabt Alalayah\"}',41.96,19.58,'P','PPLL','SA.11','SA.11.10972263',100000,'Asia/Riyadh',1,'2020-06-25 23:00:00','2020-06-25 23:00:00');
/*!40000 ALTER TABLE `__PREFIX__cities` ENABLE KEYS */;
/*!40103 SET TIME_ZONE=@OLD_TIME_ZONE */;

/*!40101 SET SQL_MODE=@OLD_SQL_MODE */;
/*!40014 SET FOREIGN_KEY_CHECKS=@OLD_FOREIGN_KEY_CHECKS */;
/*!40014 SET UNIQUE_CHECKS=@OLD_UNIQUE_CHECKS */;
/*!40101 SET CHARACTER_SET_CLIENT=@OLD_CHARACTER_SET_CLIENT */;
/*!40101 SET CHARACTER_SET_RESULTS=@OLD_CHARACTER_SET_RESULTS */;
/*!40101 SET COLLATION_CONNECTION=@OLD_COLLATION_CONNECTION */;
/*!40111 SET SQL_NOTES=@OLD_SQL_NOTES */;

-- Dump completed
