-- MySQL dump 10.13  Distrib 5.7.34, for osx10.12 (x86_64)
--
-- Host: 127.0.0.1    Database: laraclassifier
-- ------------------------------------------------------
-- Server version	5.7.34

/*!40101 SET @OLD_CHARACTER_SET_CLIENT=@@CHARACTER_SET_CLIENT */;
/*!40101 SET @OLD_CHARACTER_SET_RESULTS=@@CHARACTER_SET_RESULTS */;
/*!40101 SET @OLD_COLLATION_CONNECTION=@@COLLATION_CONNECTION */;
/*!40101 SET NAMES utf8 */;
/*!40103 SET @OLD_TIME_ZONE=@@TIME_ZONE */;
/*!40103 SET TIME_ZONE='+00:00' */;
/*!40014 SET @OLD_UNIQUE_CHECKS=@@UNIQUE_CHECKS, UNIQUE_CHECKS=0 */;
/*!40014 SET @OLD_FOREIGN_KEY_CHECKS=@@FOREIGN_KEY_CHECKS, FOREIGN_KEY_CHECKS=0 */;
/*!40101 SET @OLD_SQL_MODE=@@SQL_MODE, SQL_MODE='NO_AUTO_VALUE_ON_ZERO' */;
/*!40111 SET @OLD_SQL_NOTES=@@SQL_NOTES, SQL_NOTES=0 */;

--
-- Dumping data for table `__PREFIX__subadmin1`
--

/*!40000 ALTER TABLE `__PREFIX__subadmin1` DISABLE KEYS */;
INSERT INTO `__PREFIX__subadmin1` (`code`, `country_code`, `name`, `active`) VALUES ('SE.14','SE','{\"en\":\"Norrbotten\"}',1);
INSERT INTO `__PREFIX__subadmin1` (`code`, `country_code`, `name`, `active`) VALUES ('SE.25','SE','{\"en\":\"Västmanland\"}',1);
INSERT INTO `__PREFIX__subadmin1` (`code`, `country_code`, `name`, `active`) VALUES ('SE.24','SE','{\"en\":\"Västernorrland\"}',1);
INSERT INTO `__PREFIX__subadmin1` (`code`, `country_code`, `name`, `active`) VALUES ('SE.23','SE','{\"en\":\"Västerbotten\"}',1);
INSERT INTO `__PREFIX__subadmin1` (`code`, `country_code`, `name`, `active`) VALUES ('SE.22','SE','{\"en\":\"Värmland\"}',1);
INSERT INTO `__PREFIX__subadmin1` (`code`, `country_code`, `name`, `active`) VALUES ('SE.21','SE','{\"en\":\"Uppsala\"}',1);
INSERT INTO `__PREFIX__subadmin1` (`code`, `country_code`, `name`, `active`) VALUES ('SE.26','SE','{\"en\":\"Stockholm\"}',1);
INSERT INTO `__PREFIX__subadmin1` (`code`, `country_code`, `name`, `active`) VALUES ('SE.18','SE','{\"en\":\"Södermanland\"}',1);
INSERT INTO `__PREFIX__subadmin1` (`code`, `country_code`, `name`, `active`) VALUES ('SE.16','SE','{\"en\":\"Östergötland\"}',1);
INSERT INTO `__PREFIX__subadmin1` (`code`, `country_code`, `name`, `active`) VALUES ('SE.15','SE','{\"en\":\"Örebro\"}',1);
INSERT INTO `__PREFIX__subadmin1` (`code`, `country_code`, `name`, `active`) VALUES ('SE.12','SE','{\"en\":\"Kronoberg\"}',1);
INSERT INTO `__PREFIX__subadmin1` (`code`, `country_code`, `name`, `active`) VALUES ('SE.10','SE','{\"en\":\"Dalarna\"}',1);
INSERT INTO `__PREFIX__subadmin1` (`code`, `country_code`, `name`, `active`) VALUES ('SE.09','SE','{\"en\":\"Kalmar\"}',1);
INSERT INTO `__PREFIX__subadmin1` (`code`, `country_code`, `name`, `active`) VALUES ('SE.08','SE','{\"en\":\"Jönköping\"}',1);
INSERT INTO `__PREFIX__subadmin1` (`code`, `country_code`, `name`, `active`) VALUES ('SE.07','SE','{\"en\":\"Jämtland\"}',1);
INSERT INTO `__PREFIX__subadmin1` (`code`, `country_code`, `name`, `active`) VALUES ('SE.06','SE','{\"en\":\"Halland\"}',1);
INSERT INTO `__PREFIX__subadmin1` (`code`, `country_code`, `name`, `active`) VALUES ('SE.05','SE','{\"en\":\"Gotland\"}',1);
INSERT INTO `__PREFIX__subadmin1` (`code`, `country_code`, `name`, `active`) VALUES ('SE.03','SE','{\"en\":\"Gävleborg\"}',1);
INSERT INTO `__PREFIX__subadmin1` (`code`, `country_code`, `name`, `active`) VALUES ('SE.02','SE','{\"en\":\"Blekinge\"}',1);
INSERT INTO `__PREFIX__subadmin1` (`code`, `country_code`, `name`, `active`) VALUES ('SE.27','SE','{\"en\":\"Skåne\"}',1);
INSERT INTO `__PREFIX__subadmin1` (`code`, `country_code`, `name`, `active`) VALUES ('SE.28','SE','{\"en\":\"Västra Götaland\"}',1);
/*!40000 ALTER TABLE `__PREFIX__subadmin1` ENABLE KEYS */;

--
-- Dumping data for table `__PREFIX__subadmin2`
--

/*!40000 ALTER TABLE `__PREFIX__subadmin2` DISABLE KEYS */;
INSERT INTO `__PREFIX__subadmin2` (`code`, `country_code`, `subadmin1_code`, `name`, `active`) VALUES ('SE.23.2480','SE','SE.23','{\"en\":\"Umeå Kommun\"}',1);
INSERT INTO `__PREFIX__subadmin2` (`code`, `country_code`, `subadmin1_code`, `name`, `active`) VALUES ('SE.23.2482','SE','SE.23','{\"en\":\"Skellefteå Kommun\"}',1);
INSERT INTO `__PREFIX__subadmin2` (`code`, `country_code`, `subadmin1_code`, `name`, `active`) VALUES ('SE.23.2409','SE','SE.23','{\"en\":\"Robertsfors Kommun\"}',1);
INSERT INTO `__PREFIX__subadmin2` (`code`, `country_code`, `subadmin1_code`, `name`, `active`) VALUES ('SE.14.2581','SE','SE.14','{\"en\":\"Piteå Kommun\"}',1);
INSERT INTO `__PREFIX__subadmin2` (`code`, `country_code`, `subadmin1_code`, `name`, `active`) VALUES ('SE.14.2521','SE','SE.14','{\"en\":\"Pajala Kommun\"}',1);
INSERT INTO `__PREFIX__subadmin2` (`code`, `country_code`, `subadmin1_code`, `name`, `active`) VALUES ('SE.14.2518','SE','SE.14','{\"en\":\"Övertorneå Kommun\"}',1);
INSERT INTO `__PREFIX__subadmin2` (`code`, `country_code`, `subadmin1_code`, `name`, `active`) VALUES ('SE.14.2513','SE','SE.14','{\"en\":\"Överkalix Kommun\"}',1);
INSERT INTO `__PREFIX__subadmin2` (`code`, `country_code`, `subadmin1_code`, `name`, `active`) VALUES ('SE.14.2580','SE','SE.14','{\"en\":\"Luleå kommun\"}',1);
INSERT INTO `__PREFIX__subadmin2` (`code`, `country_code`, `subadmin1_code`, `name`, `active`) VALUES ('SE.14.2514','SE','SE.14','{\"en\":\"Kalix Kommun\"}',1);
INSERT INTO `__PREFIX__subadmin2` (`code`, `country_code`, `subadmin1_code`, `name`, `active`) VALUES ('SE.14.2583','SE','SE.14','{\"en\":\"Haparanda Kommun\"}',1);
INSERT INTO `__PREFIX__subadmin2` (`code`, `country_code`, `subadmin1_code`, `name`, `active`) VALUES ('SE.14.2523','SE','SE.14','{\"en\":\"Gällivare kommun\"}',1);
INSERT INTO `__PREFIX__subadmin2` (`code`, `country_code`, `subadmin1_code`, `name`, `active`) VALUES ('SE.14.2582','SE','SE.14','{\"en\":\"Bodens Kommun\"}',1);
INSERT INTO `__PREFIX__subadmin2` (`code`, `country_code`, `subadmin1_code`, `name`, `active`) VALUES ('SE.14.2560','SE','SE.14','{\"en\":\"Älvsbyns Kommun\"}',1);
INSERT INTO `__PREFIX__subadmin2` (`code`, `country_code`, `subadmin1_code`, `name`, `active`) VALUES ('SE.27.1286','SE','SE.27','{\"en\":\"Ystads Kommun\"}',1);
INSERT INTO `__PREFIX__subadmin2` (`code`, `country_code`, `subadmin1_code`, `name`, `active`) VALUES ('SE.16.0512','SE','SE.16','{\"en\":\"Ydre Kommun\"}',1);
INSERT INTO `__PREFIX__subadmin2` (`code`, `country_code`, `subadmin1_code`, `name`, `active`) VALUES ('SE.18.0428','SE','SE.18','{\"en\":\"Vingåkers Kommun\"}',1);
INSERT INTO `__PREFIX__subadmin2` (`code`, `country_code`, `subadmin1_code`, `name`, `active`) VALUES ('SE.23.2404','SE','SE.23','{\"en\":\"Vindelns Kommun\"}',1);
INSERT INTO `__PREFIX__subadmin2` (`code`, `country_code`, `subadmin1_code`, `name`, `active`) VALUES ('SE.09.0884','SE','SE.09','{\"en\":\"Vimmerby Kommun\"}',1);
INSERT INTO `__PREFIX__subadmin2` (`code`, `country_code`, `subadmin1_code`, `name`, `active`) VALUES ('SE.23.2462','SE','SE.23','{\"en\":\"Vilhelmina Kommun\"}',1);
INSERT INTO `__PREFIX__subadmin2` (`code`, `country_code`, `subadmin1_code`, `name`, `active`) VALUES ('SE.08.0685','SE','SE.08','{\"en\":\"Vetlanda kommun\"}',1);
INSERT INTO `__PREFIX__subadmin2` (`code`, `country_code`, `subadmin1_code`, `name`, `active`) VALUES ('SE.27.1233','SE','SE.27','{\"en\":\"Vellinge Kommun\"}',1);
INSERT INTO `__PREFIX__subadmin2` (`code`, `country_code`, `subadmin1_code`, `name`, `active`) VALUES ('SE.12.0780','SE','SE.12','{\"en\":\"Växjö Kommun\"}',1);
INSERT INTO `__PREFIX__subadmin2` (`code`, `country_code`, `subadmin1_code`, `name`, `active`) VALUES ('SE.26.0187','SE','SE.26','{\"en\":\"Vaxholms Kommun\"}',1);
INSERT INTO `__PREFIX__subadmin2` (`code`, `country_code`, `subadmin1_code`, `name`, `active`) VALUES ('SE.09.0883','SE','SE.09','{\"en\":\"Västerviks Kommun\"}',1);
INSERT INTO `__PREFIX__subadmin2` (`code`, `country_code`, `subadmin1_code`, `name`, `active`) VALUES ('SE.25.1980','SE','SE.25','{\"en\":\"Västerås\"}',1);
INSERT INTO `__PREFIX__subadmin2` (`code`, `country_code`, `subadmin1_code`, `name`, `active`) VALUES ('SE.08.0683','SE','SE.08','{\"en\":\"Värnamo Kommun\"}',1);
INSERT INTO `__PREFIX__subadmin2` (`code`, `country_code`, `subadmin1_code`, `name`, `active`) VALUES ('SE.26.0120','SE','SE.26','{\"en\":\"Värmdö Kommun\"}',1);
INSERT INTO `__PREFIX__subadmin2` (`code`, `country_code`, `subadmin1_code`, `name`, `active`) VALUES ('SE.28.1442','SE','SE.28','{\"en\":\"Vårgårda Kommun\"}',1);
INSERT INTO `__PREFIX__subadmin2` (`code`, `country_code`, `subadmin1_code`, `name`, `active`) VALUES ('SE.06.1383','SE','SE.06','{\"en\":\"Varbergs Kommun\"}',1);
INSERT INTO `__PREFIX__subadmin2` (`code`, `country_code`, `subadmin1_code`, `name`, `active`) VALUES ('SE.28.1470','SE','SE.28','{\"en\":\"Vara Kommun\"}',1);
INSERT INTO `__PREFIX__subadmin2` (`code`, `country_code`, `subadmin1_code`, `name`, `active`) VALUES ('SE.10.2021','SE','SE.10','{\"en\":\"Vansbro Kommun\"}',1);
INSERT INTO `__PREFIX__subadmin2` (`code`, `country_code`, `subadmin1_code`, `name`, `active`) VALUES ('SE.23.2460','SE','SE.23','{\"en\":\"Vännäs Kommun\"}',1);
INSERT INTO `__PREFIX__subadmin2` (`code`, `country_code`, `subadmin1_code`, `name`, `active`) VALUES ('SE.28.1487','SE','SE.28','{\"en\":\"Vänersborgs Kommun\"}',1);
INSERT INTO `__PREFIX__subadmin2` (`code`, `country_code`, `subadmin1_code`, `name`, `active`) VALUES ('SE.26.0115','SE','SE.26','{\"en\":\"Vallentuna Kommun\"}',1);
INSERT INTO `__PREFIX__subadmin2` (`code`, `country_code`, `subadmin1_code`, `name`, `active`) VALUES ('SE.16.0563','SE','SE.16','{\"en\":\"Valdemarsviks Kommun\"}',1);
INSERT INTO `__PREFIX__subadmin2` (`code`, `country_code`, `subadmin1_code`, `name`, `active`) VALUES ('SE.08.0665','SE','SE.08','{\"en\":\"Vaggeryds Kommun\"}',1);
INSERT INTO `__PREFIX__subadmin2` (`code`, `country_code`, `subadmin1_code`, `name`, `active`) VALUES ('SE.16.0584','SE','SE.16','{\"en\":\"Vadstena Kommun\"}',1);
INSERT INTO `__PREFIX__subadmin2` (`code`, `country_code`, `subadmin1_code`, `name`, `active`) VALUES ('SE.12.0760','SE','SE.12','{\"en\":\"Uppvidinge Kommun\"}',1);
INSERT INTO `__PREFIX__subadmin2` (`code`, `country_code`, `subadmin1_code`, `name`, `active`) VALUES ('SE.21.0380','SE','SE.21','{\"en\":\"Uppsala Kommun\"}',1);
INSERT INTO `__PREFIX__subadmin2` (`code`, `country_code`, `subadmin1_code`, `name`, `active`) VALUES ('SE.26.0114','SE','SE.26','{\"en\":\"Upplands Väsby kommun\"}',1);
INSERT INTO `__PREFIX__subadmin2` (`code`, `country_code`, `subadmin1_code`, `name`, `active`) VALUES ('SE.26.0139','SE','SE.26','{\"en\":\"Upplands-Bro Kommun\"}',1);
INSERT INTO `__PREFIX__subadmin2` (`code`, `country_code`, `subadmin1_code`, `name`, `active`) VALUES ('SE.28.1491','SE','SE.28','{\"en\":\"Ulricehamns Kommun\"}',1);
INSERT INTO `__PREFIX__subadmin2` (`code`, `country_code`, `subadmin1_code`, `name`, `active`) VALUES ('SE.28.1485','SE','SE.28','{\"en\":\"Uddevalla Kommun\"}',1);
INSERT INTO `__PREFIX__subadmin2` (`code`, `country_code`, `subadmin1_code`, `name`, `active`) VALUES ('SE.26.0138','SE','SE.26','{\"en\":\"Tyresö Kommun\"}',1);
INSERT INTO `__PREFIX__subadmin2` (`code`, `country_code`, `subadmin1_code`, `name`, `active`) VALUES ('SE.28.1488','SE','SE.28','{\"en\":\"Trollhättan\"}',1);
INSERT INTO `__PREFIX__subadmin2` (`code`, `country_code`, `subadmin1_code`, `name`, `active`) VALUES ('SE.27.1287','SE','SE.27','{\"en\":\"Trelleborgs Kommun\"}',1);
INSERT INTO `__PREFIX__subadmin2` (`code`, `country_code`, `subadmin1_code`, `name`, `active`) VALUES ('SE.28.1452','SE','SE.28','{\"en\":\"Tranemo Kommun\"}',1);
INSERT INTO `__PREFIX__subadmin2` (`code`, `country_code`, `subadmin1_code`, `name`, `active`) VALUES ('SE.08.0687','SE','SE.08','{\"en\":\"Tranås Kommun\"}',1);
INSERT INTO `__PREFIX__subadmin2` (`code`, `country_code`, `subadmin1_code`, `name`, `active`) VALUES ('SE.22.1737','SE','SE.22','{\"en\":\"Torsby Kommun\"}',1);
INSERT INTO `__PREFIX__subadmin2` (`code`, `country_code`, `subadmin1_code`, `name`, `active`) VALUES ('SE.09.0834','SE','SE.09','{\"en\":\"Torsås Kommun\"}',1);
INSERT INTO `__PREFIX__subadmin2` (`code`, `country_code`, `subadmin1_code`, `name`, `active`) VALUES ('SE.28.1473','SE','SE.28','{\"en\":\"Töreboda Kommun\"}',1);
INSERT INTO `__PREFIX__subadmin2` (`code`, `country_code`, `subadmin1_code`, `name`, `active`) VALUES ('SE.27.1270','SE','SE.27','{\"en\":\"Tomelilla Kommun\"}',1);
INSERT INTO `__PREFIX__subadmin2` (`code`, `country_code`, `subadmin1_code`, `name`, `active`) VALUES ('SE.28.1419','SE','SE.28','{\"en\":\"Tjörns Kommun\"}',1);
INSERT INTO `__PREFIX__subadmin2` (`code`, `country_code`, `subadmin1_code`, `name`, `active`) VALUES ('SE.12.0763','SE','SE.12','{\"en\":\"Tingsryds Kommun\"}',1);
INSERT INTO `__PREFIX__subadmin2` (`code`, `country_code`, `subadmin1_code`, `name`, `active`) VALUES ('SE.24.2262','SE','SE.24','{\"en\":\"Timrå Kommun\"}',1);
INSERT INTO `__PREFIX__subadmin2` (`code`, `country_code`, `subadmin1_code`, `name`, `active`) VALUES ('SE.21.0360','SE','SE.21','{\"en\":\"Tierps kommun\"}',1);
INSERT INTO `__PREFIX__subadmin2` (`code`, `country_code`, `subadmin1_code`, `name`, `active`) VALUES ('SE.28.1498','SE','SE.28','{\"en\":\"Tidaholms kommun\"}',1);
INSERT INTO `__PREFIX__subadmin2` (`code`, `country_code`, `subadmin1_code`, `name`, `active`) VALUES ('SE.28.1472','SE','SE.28','{\"en\":\"Tibro Kommun\"}',1);
INSERT INTO `__PREFIX__subadmin2` (`code`, `country_code`, `subadmin1_code`, `name`, `active`) VALUES ('SE.28.1435','SE','SE.28','{\"en\":\"Tanums Kommun\"}',1);
INSERT INTO `__PREFIX__subadmin2` (`code`, `country_code`, `subadmin1_code`, `name`, `active`) VALUES ('SE.26.0160','SE','SE.26','{\"en\":\"Täby Kommun\"}',1);
INSERT INTO `__PREFIX__subadmin2` (`code`, `country_code`, `subadmin1_code`, `name`, `active`) VALUES ('SE.28.1465','SE','SE.28','{\"en\":\"Svenljunga Kommun\"}',1);
INSERT INTO `__PREFIX__subadmin2` (`code`, `country_code`, `subadmin1_code`, `name`, `active`) VALUES ('SE.27.1263','SE','SE.27','{\"en\":\"Svedala Kommun\"}',1);
INSERT INTO `__PREFIX__subadmin2` (`code`, `country_code`, `subadmin1_code`, `name`, `active`) VALUES ('SE.27.1214','SE','SE.27','{\"en\":\"Svalövs Kommun\"}',1);
INSERT INTO `__PREFIX__subadmin2` (`code`, `country_code`, `subadmin1_code`, `name`, `active`) VALUES ('SE.25.1907','SE','SE.25','{\"en\":\"Surahammars Kommun\"}',1);
INSERT INTO `__PREFIX__subadmin2` (`code`, `country_code`, `subadmin1_code`, `name`, `active`) VALUES ('SE.22.1766','SE','SE.22','{\"en\":\"Sunne Kommun\"}',1);
INSERT INTO `__PREFIX__subadmin2` (`code`, `country_code`, `subadmin1_code`, `name`, `active`) VALUES ('SE.24.2281','SE','SE.24','{\"en\":\"Sundsvalls Kommun\"}',1);
INSERT INTO `__PREFIX__subadmin2` (`code`, `country_code`, `subadmin1_code`, `name`, `active`) VALUES ('SE.26.0183','SE','SE.26','{\"en\":\"Sundbybergs Kommun\"}',1);
INSERT INTO `__PREFIX__subadmin2` (`code`, `country_code`, `subadmin1_code`, `name`, `active`) VALUES ('SE.07.2313','SE','SE.07','{\"en\":\"Strömsunds kommun\"}',1);
INSERT INTO `__PREFIX__subadmin2` (`code`, `country_code`, `subadmin1_code`, `name`, `active`) VALUES ('SE.28.1486','SE','SE.28','{\"en\":\"Strömstads Kommun\"}',1);
INSERT INTO `__PREFIX__subadmin2` (`code`, `country_code`, `subadmin1_code`, `name`, `active`) VALUES ('SE.18.0486','SE','SE.18','{\"en\":\"Strängnäs Kommun\"}',1);
INSERT INTO `__PREFIX__subadmin2` (`code`, `country_code`, `subadmin1_code`, `name`, `active`) VALUES ('SE.23.2421','SE','SE.23','{\"en\":\"Storumans kommun\"}',1);
INSERT INTO `__PREFIX__subadmin2` (`code`, `country_code`, `subadmin1_code`, `name`, `active`) VALUES ('SE.22.1760','SE','SE.22','{\"en\":\"Storfors Kommun\"}',1);
INSERT INTO `__PREFIX__subadmin2` (`code`, `country_code`, `subadmin1_code`, `name`, `active`) VALUES ('SE.26.0180','SE','SE.26','{\"en\":\"Stockholms Kommun\"}',1);
INSERT INTO `__PREFIX__subadmin2` (`code`, `country_code`, `subadmin1_code`, `name`, `active`) VALUES ('SE.28.1415','SE','SE.28','{\"en\":\"Stenungsunds Kommun\"}',1);
INSERT INTO `__PREFIX__subadmin2` (`code`, `country_code`, `subadmin1_code`, `name`, `active`) VALUES ('SE.27.1230','SE','SE.27','{\"en\":\"Staffanstorps Kommun\"}',1);
INSERT INTO `__PREFIX__subadmin2` (`code`, `country_code`, `subadmin1_code`, `name`, `active`) VALUES ('SE.28.1427','SE','SE.28','{\"en\":\"Sotenäs Kommun\"}',1);
INSERT INTO `__PREFIX__subadmin2` (`code`, `country_code`, `subadmin1_code`, `name`, `active`) VALUES ('SE.23.2422','SE','SE.23','{\"en\":\"Sorsele kommun\"}',1);
INSERT INTO `__PREFIX__subadmin2` (`code`, `country_code`, `subadmin1_code`, `name`, `active`) VALUES ('SE.02.1083','SE','SE.02','{\"en\":\"Sölvesborgs kommun\"}',1);
INSERT INTO `__PREFIX__subadmin2` (`code`, `country_code`, `subadmin1_code`, `name`, `active`) VALUES ('SE.26.0184','SE','SE.26','{\"en\":\"Solna Kommun\"}',1);
INSERT INTO `__PREFIX__subadmin2` (`code`, `country_code`, `subadmin1_code`, `name`, `active`) VALUES ('SE.26.0163','SE','SE.26','{\"en\":\"Sollentuna Kommun\"}',1);
INSERT INTO `__PREFIX__subadmin2` (`code`, `country_code`, `subadmin1_code`, `name`, `active`) VALUES ('SE.24.2283','SE','SE.24','{\"en\":\"Sollefteå Kommun\"}',1);
INSERT INTO `__PREFIX__subadmin2` (`code`, `country_code`, `subadmin1_code`, `name`, `active`) VALUES ('SE.26.0181','SE','SE.26','{\"en\":\"Södertälje Kommun\"}',1);
INSERT INTO `__PREFIX__subadmin2` (`code`, `country_code`, `subadmin1_code`, `name`, `active`) VALUES ('SE.16.0582','SE','SE.16','{\"en\":\"Söderköpings Kommun\"}',1);
INSERT INTO `__PREFIX__subadmin2` (`code`, `country_code`, `subadmin1_code`, `name`, `active`) VALUES ('SE.03.2182','SE','SE.03','{\"en\":\"Söderhamns Kommun\"}',1);
INSERT INTO `__PREFIX__subadmin2` (`code`, `country_code`, `subadmin1_code`, `name`, `active`) VALUES ('SE.10.2061','SE','SE.10','{\"en\":\"Smedjebackens Kommun\"}',1);
INSERT INTO `__PREFIX__subadmin2` (`code`, `country_code`, `subadmin1_code`, `name`, `active`) VALUES ('SE.27.1264','SE','SE.27','{\"en\":\"Skurups Kommun\"}',1);
INSERT INTO `__PREFIX__subadmin2` (`code`, `country_code`, `subadmin1_code`, `name`, `active`) VALUES ('SE.28.1496','SE','SE.28','{\"en\":\"Skövde Kommun\"}',1);
INSERT INTO `__PREFIX__subadmin2` (`code`, `country_code`, `subadmin1_code`, `name`, `active`) VALUES ('SE.25.1904','SE','SE.25','{\"en\":\"Skinnskattebergs Kommun\"}',1);
INSERT INTO `__PREFIX__subadmin2` (`code`, `country_code`, `subadmin1_code`, `name`, `active`) VALUES ('SE.28.1495','SE','SE.28','{\"en\":\"Skara Kommun\"}',1);
INSERT INTO `__PREFIX__subadmin2` (`code`, `country_code`, `subadmin1_code`, `name`, `active`) VALUES ('SE.27.1265','SE','SE.27','{\"en\":\"Sjöbo Kommun\"}',1);
INSERT INTO `__PREFIX__subadmin2` (`code`, `country_code`, `subadmin1_code`, `name`, `active`) VALUES ('SE.27.1291','SE','SE.27','{\"en\":\"Simrishamns kommun\"}',1);
INSERT INTO `__PREFIX__subadmin2` (`code`, `country_code`, `subadmin1_code`, `name`, `active`) VALUES ('SE.26.0191','SE','SE.26','{\"en\":\"Sigtuna Kommun\"}',1);
INSERT INTO `__PREFIX__subadmin2` (`code`, `country_code`, `subadmin1_code`, `name`, `active`) VALUES ('SE.08.0684','SE','SE.08','{\"en\":\"Sävsjö Kommun\"}',1);
INSERT INTO `__PREFIX__subadmin2` (`code`, `country_code`, `subadmin1_code`, `name`, `active`) VALUES ('SE.10.2082','SE','SE.10','{\"en\":\"Säters Kommun\"}',1);
INSERT INTO `__PREFIX__subadmin2` (`code`, `country_code`, `subadmin1_code`, `name`, `active`) VALUES ('SE.03.2181','SE','SE.03','{\"en\":\"Sandvikens Kommun\"}',1);
INSERT INTO `__PREFIX__subadmin2` (`code`, `country_code`, `subadmin1_code`, `name`, `active`) VALUES ('SE.26.0128','SE','SE.26','{\"en\":\"Salems Kommun\"}',1);
INSERT INTO `__PREFIX__subadmin2` (`code`, `country_code`, `subadmin1_code`, `name`, `active`) VALUES ('SE.25.1981','SE','SE.25','{\"en\":\"Sala kommun\"}',1);
INSERT INTO `__PREFIX__subadmin2` (`code`, `country_code`, `subadmin1_code`, `name`, `active`) VALUES ('SE.22.1785','SE','SE.22','{\"en\":\"Säffle Kommun\"}',1);
INSERT INTO `__PREFIX__subadmin2` (`code`, `country_code`, `subadmin1_code`, `name`, `active`) VALUES ('SE.02.1081','SE','SE.02','{\"en\":\"Ronneby Kommun\"}',1);
INSERT INTO `__PREFIX__subadmin2` (`code`, `country_code`, `subadmin1_code`, `name`, `active`) VALUES ('SE.10.2031','SE','SE.10','{\"en\":\"Rättviks Kommun\"}',1);
INSERT INTO `__PREFIX__subadmin2` (`code`, `country_code`, `subadmin1_code`, `name`, `active`) VALUES ('SE.07.2303','SE','SE.07','{\"en\":\"Ragunda Kommun\"}',1);
INSERT INTO `__PREFIX__subadmin2` (`code`, `country_code`, `subadmin1_code`, `name`, `active`) VALUES ('SE.27.1275','SE','SE.27','{\"en\":\"Perstorps Kommun\"}',1);
INSERT INTO `__PREFIX__subadmin2` (`code`, `country_code`, `subadmin1_code`, `name`, `active`) VALUES ('SE.28.1402','SE','SE.28','{\"en\":\"Partille Kommun\"}',1);
INSERT INTO `__PREFIX__subadmin2` (`code`, `country_code`, `subadmin1_code`, `name`, `active`) VALUES ('SE.18.0481','SE','SE.18','{\"en\":\"Oxelösunds Kommun\"}',1);
INSERT INTO `__PREFIX__subadmin2` (`code`, `country_code`, `subadmin1_code`, `name`, `active`) VALUES ('SE.03.2121','SE','SE.03','{\"en\":\"Ovanåkers Kommun\"}',1);
INSERT INTO `__PREFIX__subadmin2` (`code`, `country_code`, `subadmin1_code`, `name`, `active`) VALUES ('SE.27.1256','SE','SE.27','{\"en\":\"Östra Göinge Kommun\"}',1);
INSERT INTO `__PREFIX__subadmin2` (`code`, `country_code`, `subadmin1_code`, `name`, `active`) VALUES ('SE.21.0382','SE','SE.21','{\"en\":\"Östhammars Kommun\"}',1);
INSERT INTO `__PREFIX__subadmin2` (`code`, `country_code`, `subadmin1_code`, `name`, `active`) VALUES ('SE.07.2380','SE','SE.07','{\"en\":\"Östersunds Kommun\"}',1);
INSERT INTO `__PREFIX__subadmin2` (`code`, `country_code`, `subadmin1_code`, `name`, `active`) VALUES ('SE.26.0117','SE','SE.26','{\"en\":\"Österåkers Kommun\"}',1);
INSERT INTO `__PREFIX__subadmin2` (`code`, `country_code`, `subadmin1_code`, `name`, `active`) VALUES ('SE.09.0882','SE','SE.09','{\"en\":\"Oskarshamns Kommun\"}',1);
INSERT INTO `__PREFIX__subadmin2` (`code`, `country_code`, `subadmin1_code`, `name`, `active`) VALUES ('SE.27.1273','SE','SE.27','{\"en\":\"Osby kommun\"}',1);
INSERT INTO `__PREFIX__subadmin2` (`code`, `country_code`, `subadmin1_code`, `name`, `active`) VALUES ('SE.28.1421','SE','SE.28','{\"en\":\"Orust\"}',1);
INSERT INTO `__PREFIX__subadmin2` (`code`, `country_code`, `subadmin1_code`, `name`, `active`) VALUES ('SE.10.2034','SE','SE.10','{\"en\":\"Orsa Kommun\"}',1);
INSERT INTO `__PREFIX__subadmin2` (`code`, `country_code`, `subadmin1_code`, `name`, `active`) VALUES ('SE.24.2284','SE','SE.24','{\"en\":\"Örnsköldsviks Kommun\"}',1);
INSERT INTO `__PREFIX__subadmin2` (`code`, `country_code`, `subadmin1_code`, `name`, `active`) VALUES ('SE.27.1257','SE','SE.27','{\"en\":\"Örkelljunga Kommun\"}',1);
INSERT INTO `__PREFIX__subadmin2` (`code`, `country_code`, `subadmin1_code`, `name`, `active`) VALUES ('SE.15.1880','SE','SE.15','{\"en\":\"Örebro Kommun\"}',1);
INSERT INTO `__PREFIX__subadmin2` (`code`, `country_code`, `subadmin1_code`, `name`, `active`) VALUES ('SE.02.1060','SE','SE.02','{\"en\":\"Olofströms Kommun\"}',1);
INSERT INTO `__PREFIX__subadmin2` (`code`, `country_code`, `subadmin1_code`, `name`, `active`) VALUES ('SE.16.0509','SE','SE.16','{\"en\":\"Ödeshögs Kommun\"}',1);
INSERT INTO `__PREFIX__subadmin2` (`code`, `country_code`, `subadmin1_code`, `name`, `active`) VALUES ('SE.28.1407','SE','SE.28','{\"en\":\"Öckerö Kommun\"}',1);
INSERT INTO `__PREFIX__subadmin2` (`code`, `country_code`, `subadmin1_code`, `name`, `active`) VALUES ('SE.03.2101','SE','SE.03','{\"en\":\"Ockelbo Kommun\"}',1);
INSERT INTO `__PREFIX__subadmin2` (`code`, `country_code`, `subadmin1_code`, `name`, `active`) VALUES ('SE.26.0192','SE','SE.26','{\"en\":\"Nynäshamns kommun\"}',1);
INSERT INTO `__PREFIX__subadmin2` (`code`, `country_code`, `subadmin1_code`, `name`, `active`) VALUES ('SE.18.0480','SE','SE.18','{\"en\":\"Nyköpings Kommun\"}',1);
INSERT INTO `__PREFIX__subadmin2` (`code`, `country_code`, `subadmin1_code`, `name`, `active`) VALUES ('SE.09.0881','SE','SE.09','{\"en\":\"Nybro Kommun\"}',1);
INSERT INTO `__PREFIX__subadmin2` (`code`, `country_code`, `subadmin1_code`, `name`, `active`) VALUES ('SE.23.2417','SE','SE.23','{\"en\":\"Norsjö Kommun\"}',1);
INSERT INTO `__PREFIX__subadmin2` (`code`, `country_code`, `subadmin1_code`, `name`, `active`) VALUES ('SE.26.0188','SE','SE.26','{\"en\":\"Norrtälje Kommun\"}',1);
INSERT INTO `__PREFIX__subadmin2` (`code`, `country_code`, `subadmin1_code`, `name`, `active`) VALUES ('SE.16.0581','SE','SE.16','{\"en\":\"Norrköpings Kommun\"}',1);
INSERT INTO `__PREFIX__subadmin2` (`code`, `country_code`, `subadmin1_code`, `name`, `active`) VALUES ('SE.23.2401','SE','SE.23','{\"en\":\"Nordmalings Kommun\"}',1);
INSERT INTO `__PREFIX__subadmin2` (`code`, `country_code`, `subadmin1_code`, `name`, `active`) VALUES ('SE.03.2132','SE','SE.03','{\"en\":\"Nordanstigs kommun\"}',1);
INSERT INTO `__PREFIX__subadmin2` (`code`, `country_code`, `subadmin1_code`, `name`, `active`) VALUES ('SE.25.1962','SE','SE.25','{\"en\":\"Norbergs Kommun\"}',1);
INSERT INTO `__PREFIX__subadmin2` (`code`, `country_code`, `subadmin1_code`, `name`, `active`) VALUES ('SE.15.1884','SE','SE.15','{\"en\":\"Nora Kommun\"}',1);
INSERT INTO `__PREFIX__subadmin2` (`code`, `country_code`, `subadmin1_code`, `name`, `active`) VALUES ('SE.08.0682','SE','SE.08','{\"en\":\"Nässjö Kommun\"}',1);
INSERT INTO `__PREFIX__subadmin2` (`code`, `country_code`, `subadmin1_code`, `name`, `active`) VALUES ('SE.26.0182','SE','SE.26','{\"en\":\"Nacka Kommun\"}',1);
INSERT INTO `__PREFIX__subadmin2` (`code`, `country_code`, `subadmin1_code`, `name`, `active`) VALUES ('SE.22.1762','SE','SE.22','{\"en\":\"Munkfors Kommun\"}',1);
INSERT INTO `__PREFIX__subadmin2` (`code`, `country_code`, `subadmin1_code`, `name`, `active`) VALUES ('SE.28.1430','SE','SE.28','{\"en\":\"Munkedals Kommun\"}',1);
INSERT INTO `__PREFIX__subadmin2` (`code`, `country_code`, `subadmin1_code`, `name`, `active`) VALUES ('SE.08.0642','SE','SE.08','{\"en\":\"Mullsjö kommun\"}',1);
INSERT INTO `__PREFIX__subadmin2` (`code`, `country_code`, `subadmin1_code`, `name`, `active`) VALUES ('SE.16.0583','SE','SE.16','{\"en\":\"Motala Kommun\"}',1);
INSERT INTO `__PREFIX__subadmin2` (`code`, `country_code`, `subadmin1_code`, `name`, `active`) VALUES ('SE.09.0840','SE','SE.09','{\"en\":\"Mörbylånga Kommun\"}',1);
INSERT INTO `__PREFIX__subadmin2` (`code`, `country_code`, `subadmin1_code`, `name`, `active`) VALUES ('SE.10.2062','SE','SE.10','{\"en\":\"Mora Kommun\"}',1);
INSERT INTO `__PREFIX__subadmin2` (`code`, `country_code`, `subadmin1_code`, `name`, `active`) VALUES ('SE.09.0861','SE','SE.09','{\"en\":\"Mönsterås Kommun\"}',1);
INSERT INTO `__PREFIX__subadmin2` (`code`, `country_code`, `subadmin1_code`, `name`, `active`) VALUES ('SE.28.1481','SE','SE.28','{\"en\":\"Mölndals kommun\"}',1);
INSERT INTO `__PREFIX__subadmin2` (`code`, `country_code`, `subadmin1_code`, `name`, `active`) VALUES ('SE.16.0586','SE','SE.16','{\"en\":\"Mjölby Kommun\"}',1);
INSERT INTO `__PREFIX__subadmin2` (`code`, `country_code`, `subadmin1_code`, `name`, `active`) VALUES ('SE.28.1461','SE','SE.28','{\"en\":\"Melleruds Kommun\"}',1);
INSERT INTO `__PREFIX__subadmin2` (`code`, `country_code`, `subadmin1_code`, `name`, `active`) VALUES ('SE.28.1463','SE','SE.28','{\"en\":\"Marks Kommun\"}',1);
INSERT INTO `__PREFIX__subadmin2` (`code`, `country_code`, `subadmin1_code`, `name`, `active`) VALUES ('SE.12.0767','SE','SE.12','{\"en\":\"Markaryds Kommun\"}',1);
INSERT INTO `__PREFIX__subadmin2` (`code`, `country_code`, `subadmin1_code`, `name`, `active`) VALUES ('SE.28.1493','SE','SE.28','{\"en\":\"Mariestads Kommun\"}',1);
INSERT INTO `__PREFIX__subadmin2` (`code`, `country_code`, `subadmin1_code`, `name`, `active`) VALUES ('SE.10.2023','SE','SE.10','{\"en\":\"Malung-Sälens kommun\"}',1);
INSERT INTO `__PREFIX__subadmin2` (`code`, `country_code`, `subadmin1_code`, `name`, `active`) VALUES ('SE.27.1280','SE','SE.27','{\"en\":\"Malmö\"}',1);
INSERT INTO `__PREFIX__subadmin2` (`code`, `country_code`, `subadmin1_code`, `name`, `active`) VALUES ('SE.23.2418','SE','SE.23','{\"en\":\"Malå Kommun\"}',1);
INSERT INTO `__PREFIX__subadmin2` (`code`, `country_code`, `subadmin1_code`, `name`, `active`) VALUES ('SE.28.1484','SE','SE.28','{\"en\":\"Lysekils Kommun\"}',1);
INSERT INTO `__PREFIX__subadmin2` (`code`, `country_code`, `subadmin1_code`, `name`, `active`) VALUES ('SE.23.2481','SE','SE.23','{\"en\":\"Lycksele kommun\"}',1);
INSERT INTO `__PREFIX__subadmin2` (`code`, `country_code`, `subadmin1_code`, `name`, `active`) VALUES ('SE.27.1281','SE','SE.27','{\"en\":\"Lunds Kommun\"}',1);
INSERT INTO `__PREFIX__subadmin2` (`code`, `country_code`, `subadmin1_code`, `name`, `active`) VALUES ('SE.10.2085','SE','SE.10','{\"en\":\"Ludvika Kommun\"}',1);
INSERT INTO `__PREFIX__subadmin2` (`code`, `country_code`, `subadmin1_code`, `name`, `active`) VALUES ('SE.27.1262','SE','SE.27','{\"en\":\"Lomma Kommun\"}',1);
INSERT INTO `__PREFIX__subadmin2` (`code`, `country_code`, `subadmin1_code`, `name`, `active`) VALUES ('SE.15.1864','SE','SE.15','{\"en\":\"Ljusnarsbergs Kommun\"}',1);
INSERT INTO `__PREFIX__subadmin2` (`code`, `country_code`, `subadmin1_code`, `name`, `active`) VALUES ('SE.03.2161','SE','SE.03','{\"en\":\"Ljusdals Kommun\"}',1);
INSERT INTO `__PREFIX__subadmin2` (`code`, `country_code`, `subadmin1_code`, `name`, `active`) VALUES ('SE.12.0781','SE','SE.12','{\"en\":\"Ljungby Kommun\"}',1);
INSERT INTO `__PREFIX__subadmin2` (`code`, `country_code`, `subadmin1_code`, `name`, `active`) VALUES ('SE.16.0580','SE','SE.16','{\"en\":\"Linköpings Kommun\"}',1);
INSERT INTO `__PREFIX__subadmin2` (`code`, `country_code`, `subadmin1_code`, `name`, `active`) VALUES ('SE.15.1885','SE','SE.15','{\"en\":\"Lindesbergs Kommun\"}',1);
INSERT INTO `__PREFIX__subadmin2` (`code`, `country_code`, `subadmin1_code`, `name`, `active`) VALUES ('SE.28.1462','SE','SE.28','{\"en\":\"Lilla Edets Kommun\"}',1);
INSERT INTO `__PREFIX__subadmin2` (`code`, `country_code`, `subadmin1_code`, `name`, `active`) VALUES ('SE.28.1494','SE','SE.28','{\"en\":\"Lidköpings Kommun\"}',1);
INSERT INTO `__PREFIX__subadmin2` (`code`, `country_code`, `subadmin1_code`, `name`, `active`) VALUES ('SE.26.0186','SE','SE.26','{\"en\":\"Lidingö\"}',1);
INSERT INTO `__PREFIX__subadmin2` (`code`, `country_code`, `subadmin1_code`, `name`, `active`) VALUES ('SE.12.0761','SE','SE.12','{\"en\":\"Lessebo Kommun\"}',1);
INSERT INTO `__PREFIX__subadmin2` (`code`, `country_code`, `subadmin1_code`, `name`, `active`) VALUES ('SE.28.1441','SE','SE.28','{\"en\":\"Lerums Kommun\"}',1);
INSERT INTO `__PREFIX__subadmin2` (`code`, `country_code`, `subadmin1_code`, `name`, `active`) VALUES ('SE.10.2029','SE','SE.10','{\"en\":\"Leksands kommun\"}',1);
INSERT INTO `__PREFIX__subadmin2` (`code`, `country_code`, `subadmin1_code`, `name`, `active`) VALUES ('SE.15.1860','SE','SE.15','{\"en\":\"Laxå Kommun\"}',1);
INSERT INTO `__PREFIX__subadmin2` (`code`, `country_code`, `subadmin1_code`, `name`, `active`) VALUES ('SE.27.1282','SE','SE.27','{\"en\":\"Landskrona\"}',1);
INSERT INTO `__PREFIX__subadmin2` (`code`, `country_code`, `subadmin1_code`, `name`, `active`) VALUES ('SE.06.1381','SE','SE.06','{\"en\":\"Laholms Kommun\"}',1);
INSERT INTO `__PREFIX__subadmin2` (`code`, `country_code`, `subadmin1_code`, `name`, `active`) VALUES ('SE.25.1960','SE','SE.25','{\"en\":\"Kungsörs kommun\"}',1);
INSERT INTO `__PREFIX__subadmin2` (`code`, `country_code`, `subadmin1_code`, `name`, `active`) VALUES ('SE.06.1384','SE','SE.06','{\"en\":\"Kungsbacka Kommun\"}',1);
INSERT INTO `__PREFIX__subadmin2` (`code`, `country_code`, `subadmin1_code`, `name`, `active`) VALUES ('SE.28.1482','SE','SE.28','{\"en\":\"Kungälvs Kommun\"}',1);
INSERT INTO `__PREFIX__subadmin2` (`code`, `country_code`, `subadmin1_code`, `name`, `active`) VALUES ('SE.15.1881','SE','SE.15','{\"en\":\"Kumla Kommun\"}',1);
INSERT INTO `__PREFIX__subadmin2` (`code`, `country_code`, `subadmin1_code`, `name`, `active`) VALUES ('SE.07.2309','SE','SE.07','{\"en\":\"Krokoms Kommun\"}',1);
INSERT INTO `__PREFIX__subadmin2` (`code`, `country_code`, `subadmin1_code`, `name`, `active`) VALUES ('SE.22.1781','SE','SE.22','{\"en\":\"Kristinehamns Kommun\"}',1);
INSERT INTO `__PREFIX__subadmin2` (`code`, `country_code`, `subadmin1_code`, `name`, `active`) VALUES ('SE.27.1290','SE','SE.27','{\"en\":\"Kristianstads kommun\"}',1);
INSERT INTO `__PREFIX__subadmin2` (`code`, `country_code`, `subadmin1_code`, `name`, `active`) VALUES ('SE.24.2282','SE','SE.24','{\"en\":\"Kramfors Kommun\"}',1);
INSERT INTO `__PREFIX__subadmin2` (`code`, `country_code`, `subadmin1_code`, `name`, `active`) VALUES ('SE.25.1983','SE','SE.25','{\"en\":\"Köpings Kommun\"}',1);
INSERT INTO `__PREFIX__subadmin2` (`code`, `country_code`, `subadmin1_code`, `name`, `active`) VALUES ('SE.27.1276','SE','SE.27','{\"en\":\"Klippans Kommun\"}',1);
INSERT INTO `__PREFIX__subadmin2` (`code`, `country_code`, `subadmin1_code`, `name`, `active`) VALUES ('SE.14.2584','SE','SE.14','{\"en\":\"Kiruna Kommun\"}',1);
INSERT INTO `__PREFIX__subadmin2` (`code`, `country_code`, `subadmin1_code`, `name`, `active`) VALUES ('SE.16.0513','SE','SE.16','{\"en\":\"Kinda Kommun\"}',1);
INSERT INTO `__PREFIX__subadmin2` (`code`, `country_code`, `subadmin1_code`, `name`, `active`) VALUES ('SE.22.1715','SE','SE.22','{\"en\":\"Kils Kommun\"}',1);
INSERT INTO `__PREFIX__subadmin2` (`code`, `country_code`, `subadmin1_code`, `name`, `active`) VALUES ('SE.27.1261','SE','SE.27','{\"en\":\"Kävlinge Kommun\"}',1);
INSERT INTO `__PREFIX__subadmin2` (`code`, `country_code`, `subadmin1_code`, `name`, `active`) VALUES ('SE.18.0483','SE','SE.18','{\"en\":\"Katrineholms Kommun\"}',1);
INSERT INTO `__PREFIX__subadmin2` (`code`, `country_code`, `subadmin1_code`, `name`, `active`) VALUES ('SE.22.1780','SE','SE.22','{\"en\":\"Karlstads Kommun\"}',1);
INSERT INTO `__PREFIX__subadmin2` (`code`, `country_code`, `subadmin1_code`, `name`, `active`) VALUES ('SE.02.1080','SE','SE.02','{\"en\":\"Karlskrona Kommun\"}',1);
INSERT INTO `__PREFIX__subadmin2` (`code`, `country_code`, `subadmin1_code`, `name`, `active`) VALUES ('SE.15.1883','SE','SE.15','{\"en\":\"Karlskoga Kommun\"}',1);
INSERT INTO `__PREFIX__subadmin2` (`code`, `country_code`, `subadmin1_code`, `name`, `active`) VALUES ('SE.02.1082','SE','SE.02','{\"en\":\"Karlshamns kommun\"}',1);
INSERT INTO `__PREFIX__subadmin2` (`code`, `country_code`, `subadmin1_code`, `name`, `active`) VALUES ('SE.28.1446','SE','SE.28','{\"en\":\"Karlsborgs Kommun\"}',1);
INSERT INTO `__PREFIX__subadmin2` (`code`, `country_code`, `subadmin1_code`, `name`, `active`) VALUES ('SE.09.0880','SE','SE.09','{\"en\":\"Kalmar Kommun\"}',1);
INSERT INTO `__PREFIX__subadmin2` (`code`, `country_code`, `subadmin1_code`, `name`, `active`) VALUES ('SE.08.0680','SE','SE.08','{\"en\":\"Jönköpings Kommun\"}',1);
INSERT INTO `__PREFIX__subadmin2` (`code`, `country_code`, `subadmin1_code`, `name`, `active`) VALUES ('SE.14.2510','SE','SE.14','{\"en\":\"Jokkmokks Kommun\"}',1);
INSERT INTO `__PREFIX__subadmin2` (`code`, `country_code`, `subadmin1_code`, `name`, `active`) VALUES ('SE.26.0123','SE','SE.26','{\"en\":\"Järfälla kommun\"}',1);
INSERT INTO `__PREFIX__subadmin2` (`code`, `country_code`, `subadmin1_code`, `name`, `active`) VALUES ('SE.06.1315','SE','SE.06','{\"en\":\"Hylte Kommun\"}',1);
INSERT INTO `__PREFIX__subadmin2` (`code`, `country_code`, `subadmin1_code`, `name`, `active`) VALUES ('SE.09.0860','SE','SE.09','{\"en\":\"Hultsfreds Kommun\"}',1);
INSERT INTO `__PREFIX__subadmin2` (`code`, `country_code`, `subadmin1_code`, `name`, `active`) VALUES ('SE.03.2184','SE','SE.03','{\"en\":\"Hudiksvalls Kommun\"}',1);
INSERT INTO `__PREFIX__subadmin2` (`code`, `country_code`, `subadmin1_code`, `name`, `active`) VALUES ('SE.26.0126','SE','SE.26','{\"en\":\"Huddinge Kommun\"}',1);
INSERT INTO `__PREFIX__subadmin2` (`code`, `country_code`, `subadmin1_code`, `name`, `active`) VALUES ('SE.27.1266','SE','SE.27','{\"en\":\"Hörby Kommun\"}',1);
INSERT INTO `__PREFIX__subadmin2` (`code`, `country_code`, `subadmin1_code`, `name`, `active`) VALUES ('SE.27.1267','SE','SE.27','{\"en\":\"Höörs Kommun\"}',1);
INSERT INTO `__PREFIX__subadmin2` (`code`, `country_code`, `subadmin1_code`, `name`, `active`) VALUES ('SE.09.0821','SE','SE.09','{\"en\":\"Högsby Kommun\"}',1);
INSERT INTO `__PREFIX__subadmin2` (`code`, `country_code`, `subadmin1_code`, `name`, `active`) VALUES ('SE.27.1284','SE','SE.27','{\"en\":\"Höganäs Kommun\"}',1);
INSERT INTO `__PREFIX__subadmin2` (`code`, `country_code`, `subadmin1_code`, `name`, `active`) VALUES ('SE.03.2104','SE','SE.03','{\"en\":\"Hofors Kommun\"}',1);
INSERT INTO `__PREFIX__subadmin2` (`code`, `country_code`, `subadmin1_code`, `name`, `active`) VALUES ('SE.28.1497','SE','SE.28','{\"en\":\"Hjo Kommun\"}',1);
INSERT INTO `__PREFIX__subadmin2` (`code`, `country_code`, `subadmin1_code`, `name`, `active`) VALUES ('SE.28.1466','SE','SE.28','{\"en\":\"Herrljunga Kommun\"}',1);
INSERT INTO `__PREFIX__subadmin2` (`code`, `country_code`, `subadmin1_code`, `name`, `active`) VALUES ('SE.27.1283','SE','SE.27','{\"en\":\"Helsingborg\"}',1);
INSERT INTO `__PREFIX__subadmin2` (`code`, `country_code`, `subadmin1_code`, `name`, `active`) VALUES ('SE.10.2083','SE','SE.10','{\"en\":\"Hedemora Kommun\"}',1);
INSERT INTO `__PREFIX__subadmin2` (`code`, `country_code`, `subadmin1_code`, `name`, `active`) VALUES ('SE.21.0331','SE','SE.21','{\"en\":\"Heby kommun\"}',1);
INSERT INTO `__PREFIX__subadmin2` (`code`, `country_code`, `subadmin1_code`, `name`, `active`) VALUES ('SE.27.1293','SE','SE.27','{\"en\":\"Hässleholms Kommun\"}',1);
INSERT INTO `__PREFIX__subadmin2` (`code`, `country_code`, `subadmin1_code`, `name`, `active`) VALUES ('SE.28.1401','SE','SE.28','{\"en\":\"Härryda Kommun\"}',1);
INSERT INTO `__PREFIX__subadmin2` (`code`, `country_code`, `subadmin1_code`, `name`, `active`) VALUES ('SE.24.2280','SE','SE.24','{\"en\":\"Härnösands Kommun\"}',1);
INSERT INTO `__PREFIX__subadmin2` (`code`, `country_code`, `subadmin1_code`, `name`, `active`) VALUES ('SE.07.2361','SE','SE.07','{\"en\":\"Härjedalens kommun\"}',1);
INSERT INTO `__PREFIX__subadmin2` (`code`, `country_code`, `subadmin1_code`, `name`, `active`) VALUES ('SE.26.0136','SE','SE.26','{\"en\":\"Haninge Kommun\"}',1);
INSERT INTO `__PREFIX__subadmin2` (`code`, `country_code`, `subadmin1_code`, `name`, `active`) VALUES ('SE.22.1761','SE','SE.22','{\"en\":\"Hammarö Kommun\"}',1);
INSERT INTO `__PREFIX__subadmin2` (`code`, `country_code`, `subadmin1_code`, `name`, `active`) VALUES ('SE.06.1380','SE','SE.06','{\"en\":\"Halmstads Kommun\"}',1);
INSERT INTO `__PREFIX__subadmin2` (`code`, `country_code`, `subadmin1_code`, `name`, `active`) VALUES ('SE.25.1961','SE','SE.25','{\"en\":\"Hallstahammars Kommun\"}',1);
INSERT INTO `__PREFIX__subadmin2` (`code`, `country_code`, `subadmin1_code`, `name`, `active`) VALUES ('SE.15.1861','SE','SE.15','{\"en\":\"Hallsbergs Kommun\"}',1);
INSERT INTO `__PREFIX__subadmin2` (`code`, `country_code`, `subadmin1_code`, `name`, `active`) VALUES ('SE.15.1863','SE','SE.15','{\"en\":\"Hällefors Kommun\"}',1);
INSERT INTO `__PREFIX__subadmin2` (`code`, `country_code`, `subadmin1_code`, `name`, `active`) VALUES ('SE.22.1783','SE','SE.22','{\"en\":\"Hagfors Kommun\"}',1);
INSERT INTO `__PREFIX__subadmin2` (`code`, `country_code`, `subadmin1_code`, `name`, `active`) VALUES ('SE.21.0305','SE','SE.21','{\"en\":\"Håbo kommun\"}',1);
INSERT INTO `__PREFIX__subadmin2` (`code`, `country_code`, `subadmin1_code`, `name`, `active`) VALUES ('SE.08.0643','SE','SE.08','{\"en\":\"Habo Kommun\"}',1);
INSERT INTO `__PREFIX__subadmin2` (`code`, `country_code`, `subadmin1_code`, `name`, `active`) VALUES ('SE.28.1447','SE','SE.28','{\"en\":\"Gullspångs Kommun\"}',1);
INSERT INTO `__PREFIX__subadmin2` (`code`, `country_code`, `subadmin1_code`, `name`, `active`) VALUES ('SE.22.1764','SE','SE.22','{\"en\":\"Grums Kommun\"}',1);
INSERT INTO `__PREFIX__subadmin2` (`code`, `country_code`, `subadmin1_code`, `name`, `active`) VALUES ('SE.28.1444','SE','SE.28','{\"en\":\"Grästorps Kommun\"}',1);
INSERT INTO `__PREFIX__subadmin2` (`code`, `country_code`, `subadmin1_code`, `name`, `active`) VALUES ('SE.05.0980','SE','SE.05','{\"en\":\"Gotland\"}',1);
INSERT INTO `__PREFIX__subadmin2` (`code`, `country_code`, `subadmin1_code`, `name`, `active`) VALUES ('SE.28.1471','SE','SE.28','{\"en\":\"Götene Kommun\"}',1);
INSERT INTO `__PREFIX__subadmin2` (`code`, `country_code`, `subadmin1_code`, `name`, `active`) VALUES ('SE.28.1480','SE','SE.28','{\"en\":\"Göteborgs stad\"}',1);
INSERT INTO `__PREFIX__subadmin2` (`code`, `country_code`, `subadmin1_code`, `name`, `active`) VALUES ('SE.08.0617','SE','SE.08','{\"en\":\"Gnosjö Kommun\"}',1);
INSERT INTO `__PREFIX__subadmin2` (`code`, `country_code`, `subadmin1_code`, `name`, `active`) VALUES ('SE.08.0662','SE','SE.08','{\"en\":\"Gislaveds Kommun\"}',1);
INSERT INTO `__PREFIX__subadmin2` (`code`, `country_code`, `subadmin1_code`, `name`, `active`) VALUES ('SE.03.2180','SE','SE.03','{\"en\":\"Gävle Kommun\"}',1);
INSERT INTO `__PREFIX__subadmin2` (`code`, `country_code`, `subadmin1_code`, `name`, `active`) VALUES ('SE.10.2026','SE','SE.10','{\"en\":\"Gagnefs Kommun\"}',1);
INSERT INTO `__PREFIX__subadmin2` (`code`, `country_code`, `subadmin1_code`, `name`, `active`) VALUES ('SE.22.1763','SE','SE.22','{\"en\":\"Forshaga Kommun\"}',1);
INSERT INTO `__PREFIX__subadmin2` (`code`, `country_code`, `subadmin1_code`, `name`, `active`) VALUES ('SE.18.0482','SE','SE.18','{\"en\":\"Flens Kommun\"}',1);
INSERT INTO `__PREFIX__subadmin2` (`code`, `country_code`, `subadmin1_code`, `name`, `active`) VALUES ('SE.16.0562','SE','SE.16','{\"en\":\"Finspångs Kommun\"}',1);
INSERT INTO `__PREFIX__subadmin2` (`code`, `country_code`, `subadmin1_code`, `name`, `active`) VALUES ('SE.22.1782','SE','SE.22','{\"en\":\"Filipstads Kommun\"}',1);
INSERT INTO `__PREFIX__subadmin2` (`code`, `country_code`, `subadmin1_code`, `name`, `active`) VALUES ('SE.28.1439','SE','SE.28','{\"en\":\"Färgelanda Kommun\"}',1);
INSERT INTO `__PREFIX__subadmin2` (`code`, `country_code`, `subadmin1_code`, `name`, `active`) VALUES ('SE.10.2080','SE','SE.10','{\"en\":\"Falu kommun\"}',1);
INSERT INTO `__PREFIX__subadmin2` (`code`, `country_code`, `subadmin1_code`, `name`, `active`) VALUES ('SE.28.1499','SE','SE.28','{\"en\":\"Falköpings Kommun\"}',1);
INSERT INTO `__PREFIX__subadmin2` (`code`, `country_code`, `subadmin1_code`, `name`, `active`) VALUES ('SE.06.1382','SE','SE.06','{\"en\":\"Falkenbergs Kommun\"}',1);
INSERT INTO `__PREFIX__subadmin2` (`code`, `country_code`, `subadmin1_code`, `name`, `active`) VALUES ('SE.25.1982','SE','SE.25','{\"en\":\"Fagersta Kommun\"}',1);
INSERT INTO `__PREFIX__subadmin2` (`code`, `country_code`, `subadmin1_code`, `name`, `active`) VALUES ('SE.28.1445','SE','SE.28','{\"en\":\"Essunga Kommun\"}',1);
INSERT INTO `__PREFIX__subadmin2` (`code`, `country_code`, `subadmin1_code`, `name`, `active`) VALUES ('SE.27.1285','SE','SE.27','{\"en\":\"Eslövs Kommun\"}',1);
INSERT INTO `__PREFIX__subadmin2` (`code`, `country_code`, `subadmin1_code`, `name`, `active`) VALUES ('SE.18.0484','SE','SE.18','{\"en\":\"Eskilstuna Kommun\"}',1);
INSERT INTO `__PREFIX__subadmin2` (`code`, `country_code`, `subadmin1_code`, `name`, `active`) VALUES ('SE.21.0381','SE','SE.21','{\"en\":\"Enköpings Kommun\"}',1);
INSERT INTO `__PREFIX__subadmin2` (`code`, `country_code`, `subadmin1_code`, `name`, `active`) VALUES ('SE.09.0862','SE','SE.09','{\"en\":\"Emmaboda Kommun\"}',1);
INSERT INTO `__PREFIX__subadmin2` (`code`, `country_code`, `subadmin1_code`, `name`, `active`) VALUES ('SE.08.0686','SE','SE.08','{\"en\":\"Eksjö Kommun\"}',1);
INSERT INTO `__PREFIX__subadmin2` (`code`, `country_code`, `subadmin1_code`, `name`, `active`) VALUES ('SE.26.0125','SE','SE.26','{\"en\":\"Ekerö Kommun\"}',1);
INSERT INTO `__PREFIX__subadmin2` (`code`, `country_code`, `subadmin1_code`, `name`, `active`) VALUES ('SE.22.1730','SE','SE.22','{\"en\":\"Eda kommun\"}',1);
INSERT INTO `__PREFIX__subadmin2` (`code`, `country_code`, `subadmin1_code`, `name`, `active`) VALUES ('SE.23.2425','SE','SE.23','{\"en\":\"Dorotea Kommun\"}',1);
INSERT INTO `__PREFIX__subadmin2` (`code`, `country_code`, `subadmin1_code`, `name`, `active`) VALUES ('SE.15.1862','SE','SE.15','{\"en\":\"Degerfors Kommun\"}',1);
INSERT INTO `__PREFIX__subadmin2` (`code`, `country_code`, `subadmin1_code`, `name`, `active`) VALUES ('SE.26.0162','SE','SE.26','{\"en\":\"Danderyds Kommun\"}',1);
INSERT INTO `__PREFIX__subadmin2` (`code`, `country_code`, `subadmin1_code`, `name`, `active`) VALUES ('SE.28.1438','SE','SE.28','{\"en\":\"Dals-Ed Kommun\"}',1);
INSERT INTO `__PREFIX__subadmin2` (`code`, `country_code`, `subadmin1_code`, `name`, `active`) VALUES ('SE.27.1231','SE','SE.27','{\"en\":\"Burlövs Kommun\"}',1);
INSERT INTO `__PREFIX__subadmin2` (`code`, `country_code`, `subadmin1_code`, `name`, `active`) VALUES ('SE.27.1272','SE','SE.27','{\"en\":\"Bromölla Kommun\"}',1);
INSERT INTO `__PREFIX__subadmin2` (`code`, `country_code`, `subadmin1_code`, `name`, `active`) VALUES ('SE.07.2305','SE','SE.07','{\"en\":\"Bräcke Kommun\"}',1);
INSERT INTO `__PREFIX__subadmin2` (`code`, `country_code`, `subadmin1_code`, `name`, `active`) VALUES ('SE.16.0560','SE','SE.16','{\"en\":\"Boxholms Kommun\"}',1);
INSERT INTO `__PREFIX__subadmin2` (`code`, `country_code`, `subadmin1_code`, `name`, `active`) VALUES ('SE.26.0127','SE','SE.26','{\"en\":\"Botkyrka Kommun\"}',1);
INSERT INTO `__PREFIX__subadmin2` (`code`, `country_code`, `subadmin1_code`, `name`, `active`) VALUES ('SE.10.2081','SE','SE.10','{\"en\":\"Borlänge Kommun\"}',1);
INSERT INTO `__PREFIX__subadmin2` (`code`, `country_code`, `subadmin1_code`, `name`, `active`) VALUES ('SE.09.0885','SE','SE.09','{\"en\":\"Borgholms Kommun\"}',1);
INSERT INTO `__PREFIX__subadmin2` (`code`, `country_code`, `subadmin1_code`, `name`, `active`) VALUES ('SE.28.1490','SE','SE.28','{\"en\":\"Borås\"}',1);
INSERT INTO `__PREFIX__subadmin2` (`code`, `country_code`, `subadmin1_code`, `name`, `active`) VALUES ('SE.03.2183','SE','SE.03','{\"en\":\"Bollnäs Kommun\"}',1);
INSERT INTO `__PREFIX__subadmin2` (`code`, `country_code`, `subadmin1_code`, `name`, `active`) VALUES ('SE.27.1260','SE','SE.27','{\"en\":\"Bjuvs Kommun\"}',1);
INSERT INTO `__PREFIX__subadmin2` (`code`, `country_code`, `subadmin1_code`, `name`, `active`) VALUES ('SE.23.2403','SE','SE.23','{\"en\":\"Bjurholms Kommun\"}',1);
INSERT INTO `__PREFIX__subadmin2` (`code`, `country_code`, `subadmin1_code`, `name`, `active`) VALUES ('SE.07.2326','SE','SE.07','{\"en\":\"Bergs Kommun\"}',1);
INSERT INTO `__PREFIX__subadmin2` (`code`, `country_code`, `subadmin1_code`, `name`, `active`) VALUES ('SE.28.1460','SE','SE.28','{\"en\":\"Bengtsfors Kommun\"}',1);
INSERT INTO `__PREFIX__subadmin2` (`code`, `country_code`, `subadmin1_code`, `name`, `active`) VALUES ('SE.27.1278','SE','SE.27','{\"en\":\"Båstads Kommun\"}',1);
INSERT INTO `__PREFIX__subadmin2` (`code`, `country_code`, `subadmin1_code`, `name`, `active`) VALUES ('SE.10.2084','SE','SE.10','{\"en\":\"Avesta Kommun\"}',1);
INSERT INTO `__PREFIX__subadmin2` (`code`, `country_code`, `subadmin1_code`, `name`, `active`) VALUES ('SE.16.0561','SE','SE.16','{\"en\":\"Åtvidabergs Kommun\"}',1);
INSERT INTO `__PREFIX__subadmin2` (`code`, `country_code`, `subadmin1_code`, `name`, `active`) VALUES ('SE.27.1277','SE','SE.27','{\"en\":\"Åstorps Kommun\"}',1);
INSERT INTO `__PREFIX__subadmin2` (`code`, `country_code`, `subadmin1_code`, `name`, `active`) VALUES ('SE.15.1882','SE','SE.15','{\"en\":\"Askersunds Kommun\"}',1);
INSERT INTO `__PREFIX__subadmin2` (`code`, `country_code`, `subadmin1_code`, `name`, `active`) VALUES ('SE.23.2463','SE','SE.23','{\"en\":\"Åsele Kommun\"}',1);
INSERT INTO `__PREFIX__subadmin2` (`code`, `country_code`, `subadmin1_code`, `name`, `active`) VALUES ('SE.22.1784','SE','SE.22','{\"en\":\"Arvika Kommun\"}',1);
INSERT INTO `__PREFIX__subadmin2` (`code`, `country_code`, `subadmin1_code`, `name`, `active`) VALUES ('SE.14.2505','SE','SE.14','{\"en\":\"Arvidsjaurs Kommun\"}',1);
INSERT INTO `__PREFIX__subadmin2` (`code`, `country_code`, `subadmin1_code`, `name`, `active`) VALUES ('SE.14.2506','SE','SE.14','{\"en\":\"Arjeplogs Kommun\"}',1);
INSERT INTO `__PREFIX__subadmin2` (`code`, `country_code`, `subadmin1_code`, `name`, `active`) VALUES ('SE.22.1765','SE','SE.22','{\"en\":\"Årjängs Kommun\"}',1);
INSERT INTO `__PREFIX__subadmin2` (`code`, `country_code`, `subadmin1_code`, `name`, `active`) VALUES ('SE.07.2321','SE','SE.07','{\"en\":\"Åre kommun\"}',1);
INSERT INTO `__PREFIX__subadmin2` (`code`, `country_code`, `subadmin1_code`, `name`, `active`) VALUES ('SE.25.1984','SE','SE.25','{\"en\":\"Arboga Kommun\"}',1);
INSERT INTO `__PREFIX__subadmin2` (`code`, `country_code`, `subadmin1_code`, `name`, `active`) VALUES ('SE.27.1292','SE','SE.27','{\"en\":\"Ängelholms Kommun\"}',1);
INSERT INTO `__PREFIX__subadmin2` (`code`, `country_code`, `subadmin1_code`, `name`, `active`) VALUES ('SE.24.2260','SE','SE.24','{\"en\":\"Ånge kommun\"}',1);
INSERT INTO `__PREFIX__subadmin2` (`code`, `country_code`, `subadmin1_code`, `name`, `active`) VALUES ('SE.08.0604','SE','SE.08','{\"en\":\"Aneby Kommun\"}',1);
INSERT INTO `__PREFIX__subadmin2` (`code`, `country_code`, `subadmin1_code`, `name`, `active`) VALUES ('SE.28.1492','SE','SE.28','{\"en\":\"Åmåls Kommun\"}',1);
INSERT INTO `__PREFIX__subadmin2` (`code`, `country_code`, `subadmin1_code`, `name`, `active`) VALUES ('SE.21.0319','SE','SE.21','{\"en\":\"Älvkarleby Kommun\"}',1);
INSERT INTO `__PREFIX__subadmin2` (`code`, `country_code`, `subadmin1_code`, `name`, `active`) VALUES ('SE.12.0764','SE','SE.12','{\"en\":\"Alvesta Kommun\"}',1);
INSERT INTO `__PREFIX__subadmin2` (`code`, `country_code`, `subadmin1_code`, `name`, `active`) VALUES ('SE.10.2039','SE','SE.10','{\"en\":\"Älvdalens kommun\"}',1);
INSERT INTO `__PREFIX__subadmin2` (`code`, `country_code`, `subadmin1_code`, `name`, `active`) VALUES ('SE.12.0765','SE','SE.12','{\"en\":\"Älmhults Kommun\"}',1);
INSERT INTO `__PREFIX__subadmin2` (`code`, `country_code`, `subadmin1_code`, `name`, `active`) VALUES ('SE.28.1489','SE','SE.28','{\"en\":\"Alingsås Kommun\"}',1);
INSERT INTO `__PREFIX__subadmin2` (`code`, `country_code`, `subadmin1_code`, `name`, `active`) VALUES ('SE.28.1440','SE','SE.28','{\"en\":\"Ale Kommun\"}',1);
INSERT INTO `__PREFIX__subadmin2` (`code`, `country_code`, `subadmin1_code`, `name`, `active`) VALUES ('SE.18.0461','SE','SE.18','{\"en\":\"Gnesta Kommun\"}',1);
INSERT INTO `__PREFIX__subadmin2` (`code`, `country_code`, `subadmin1_code`, `name`, `active`) VALUES ('SE.18.0488','SE','SE.18','{\"en\":\"Trosa Kommun\"}',1);
INSERT INTO `__PREFIX__subadmin2` (`code`, `country_code`, `subadmin1_code`, `name`, `active`) VALUES ('SE.21.0330','SE','SE.21','{\"en\":\"Knivsta muncipality\"}',1);
INSERT INTO `__PREFIX__subadmin2` (`code`, `country_code`, `subadmin1_code`, `name`, `active`) VALUES ('SE.28.1443','SE','SE.28','{\"en\":\"Bollebygds Kommun\"}',1);
INSERT INTO `__PREFIX__subadmin2` (`code`, `country_code`, `subadmin1_code`, `name`, `active`) VALUES ('SE.15.1814','SE','SE.15','{\"en\":\"Lekebergs Kommun\"}',1);
INSERT INTO `__PREFIX__subadmin2` (`code`, `country_code`, `subadmin1_code`, `name`, `active`) VALUES ('SE.26.0140','SE','SE.26','{\"en\":\"Nykvarns Kommun\"}',1);
/*!40000 ALTER TABLE `__PREFIX__subadmin2` ENABLE KEYS */;

--
-- Dumping data for table `__PREFIX__cities`
--

/*!40000 ALTER TABLE `__PREFIX__cities` DISABLE KEYS */;
INSERT INTO `__PREFIX__cities` (`country_code`, `name`, `longitude`, `latitude`, `feature_class`, `feature_code`, `subadmin1_code`, `subadmin2_code`, `population`, `time_zone`, `active`, `created_at`, `updated_at`) VALUES ('SE','{\"en\":\"Umeå\"}',20.26,63.83,'P','PPLA','SE.23','SE.23.2480',83249,'Europe/Stockholm',1,'2019-09-04 23:00:00','2019-09-04 23:00:00');
INSERT INTO `__PREFIX__cities` (`country_code`, `name`, `longitude`, `latitude`, `feature_class`, `feature_code`, `subadmin1_code`, `subadmin2_code`, `population`, `time_zone`, `active`, `created_at`, `updated_at`) VALUES ('SE','{\"en\":\"Skellefteå\"}',20.95,64.75,'P','PPLA2','SE.23','SE.23.2482',35516,'Europe/Stockholm',1,'2017-03-17 23:00:00','2017-03-17 23:00:00');
INSERT INTO `__PREFIX__cities` (`country_code`, `name`, `longitude`, `latitude`, `feature_class`, `feature_code`, `subadmin1_code`, `subadmin2_code`, `population`, `time_zone`, `active`, `created_at`, `updated_at`) VALUES ('SE','{\"en\":\"Piteå\"}',21.48,65.32,'P','PPLA2','SE.14','SE.14.2581',23067,'Europe/Stockholm',1,'2017-03-17 23:00:00','2017-03-17 23:00:00');
INSERT INTO `__PREFIX__cities` (`country_code`, `name`, `longitude`, `latitude`, `feature_class`, `feature_code`, `subadmin1_code`, `subadmin2_code`, `population`, `time_zone`, `active`, `created_at`, `updated_at`) VALUES ('SE','{\"en\":\"Malmberget\"}',20.65,67.18,'P','PPL','SE.14','SE.14.2523',6017,'Europe/Stockholm',1,'2014-03-14 23:00:00','2014-03-14 23:00:00');
INSERT INTO `__PREFIX__cities` (`country_code`, `name`, `longitude`, `latitude`, `feature_class`, `feature_code`, `subadmin1_code`, `subadmin2_code`, `population`, `time_zone`, `active`, `created_at`, `updated_at`) VALUES ('SE','{\"en\":\"Luleå\"}',22.15,65.58,'P','PPLA','SE.14','SE.14.2580',43574,'Europe/Stockholm',1,'2019-09-04 23:00:00','2019-09-04 23:00:00');
INSERT INTO `__PREFIX__cities` (`country_code`, `name`, `longitude`, `latitude`, `feature_class`, `feature_code`, `subadmin1_code`, `subadmin2_code`, `population`, `time_zone`, `active`, `created_at`, `updated_at`) VALUES ('SE','{\"en\":\"Kiruna\"}',20.23,67.86,'P','PPLA2','SE.14','SE.14.2584',17037,'Europe/Stockholm',1,'2019-09-04 23:00:00','2019-09-04 23:00:00');
INSERT INTO `__PREFIX__cities` (`country_code`, `name`, `longitude`, `latitude`, `feature_class`, `feature_code`, `subadmin1_code`, `subadmin2_code`, `population`, `time_zone`, `active`, `created_at`, `updated_at`) VALUES ('SE','{\"en\":\"Kalix\"}',23.16,65.85,'P','PPLA2','SE.14','SE.14.2514',7495,'Europe/Stockholm',1,'2020-06-11 23:00:00','2020-06-11 23:00:00');
INSERT INTO `__PREFIX__cities` (`country_code`, `name`, `longitude`, `latitude`, `feature_class`, `feature_code`, `subadmin1_code`, `subadmin2_code`, `population`, `time_zone`, `active`, `created_at`, `updated_at`) VALUES ('SE','{\"en\":\"Holmsund\"}',20.36,63.71,'P','PPL','SE.23','SE.23.2480',5962,'Europe/Stockholm',1,'2017-03-17 23:00:00','2017-03-17 23:00:00');
INSERT INTO `__PREFIX__cities` (`country_code`, `name`, `longitude`, `latitude`, `feature_class`, `feature_code`, `subadmin1_code`, `subadmin2_code`, `population`, `time_zone`, `active`, `created_at`, `updated_at`) VALUES ('SE','{\"en\":\"Haparanda\"}',24.14,65.84,'P','PPLA2','SE.14','SE.14.2583',6679,'Europe/Stockholm',1,'2017-03-17 23:00:00','2017-03-17 23:00:00');
INSERT INTO `__PREFIX__cities` (`country_code`, `name`, `longitude`, `latitude`, `feature_class`, `feature_code`, `subadmin1_code`, `subadmin2_code`, `population`, `time_zone`, `active`, `created_at`, `updated_at`) VALUES ('SE','{\"en\":\"Gällivare\"}',20.65,67.13,'P','PPLA2','SE.14','SE.14.2523',10362,'Europe/Stockholm',1,'2017-03-17 23:00:00','2017-03-17 23:00:00');
INSERT INTO `__PREFIX__cities` (`country_code`, `name`, `longitude`, `latitude`, `feature_class`, `feature_code`, `subadmin1_code`, `subadmin2_code`, `population`, `time_zone`, `active`, `created_at`, `updated_at`) VALUES ('SE','{\"en\":\"Boden\"}',21.69,65.83,'P','PPLA2','SE.14','SE.14.2582',16830,'Europe/Stockholm',1,'2017-03-17 23:00:00','2017-03-17 23:00:00');
INSERT INTO `__PREFIX__cities` (`country_code`, `name`, `longitude`, `latitude`, `feature_class`, `feature_code`, `subadmin1_code`, `subadmin2_code`, `population`, `time_zone`, `active`, `created_at`, `updated_at`) VALUES ('SE','{\"en\":\"Ystad\"}',13.82,55.43,'P','PPLA2','SE.27','SE.27.1286',18806,'Europe/Stockholm',1,'2017-03-17 23:00:00','2017-03-17 23:00:00');
INSERT INTO `__PREFIX__cities` (`country_code`, `name`, `longitude`, `latitude`, `feature_class`, `feature_code`, `subadmin1_code`, `subadmin2_code`, `population`, `time_zone`, `active`, `created_at`, `updated_at`) VALUES ('SE','{\"en\":\"Visby\"}',18.30,57.64,'P','PPLA','SE.05','SE.05.0980',23402,'Europe/Stockholm',1,'2019-09-04 23:00:00','2019-09-04 23:00:00');
INSERT INTO `__PREFIX__cities` (`country_code`, `name`, `longitude`, `latitude`, `feature_class`, `feature_code`, `subadmin1_code`, `subadmin2_code`, `population`, `time_zone`, `active`, `created_at`, `updated_at`) VALUES ('SE','{\"en\":\"Vimmerby\"}',15.86,57.67,'P','PPLA2','SE.09','SE.09.0884',8037,'Europe/Stockholm',1,'2017-03-17 23:00:00','2017-03-17 23:00:00');
INSERT INTO `__PREFIX__cities` (`country_code`, `name`, `longitude`, `latitude`, `feature_class`, `feature_code`, `subadmin1_code`, `subadmin2_code`, `population`, `time_zone`, `active`, `created_at`, `updated_at`) VALUES ('SE','{\"en\":\"Vetlanda\"}',15.08,57.43,'P','PPLA2','SE.08','SE.08.0685',13430,'Europe/Stockholm',1,'2017-03-17 23:00:00','2017-03-17 23:00:00');
INSERT INTO `__PREFIX__cities` (`country_code`, `name`, `longitude`, `latitude`, `feature_class`, `feature_code`, `subadmin1_code`, `subadmin2_code`, `population`, `time_zone`, `active`, `created_at`, `updated_at`) VALUES ('SE','{\"en\":\"Vellinge\"}',13.02,55.47,'P','PPLA2','SE.27','SE.27.1233',6496,'Europe/Stockholm',1,'2017-03-17 23:00:00','2017-03-17 23:00:00');
INSERT INTO `__PREFIX__cities` (`country_code`, `name`, `longitude`, `latitude`, `feature_class`, `feature_code`, `subadmin1_code`, `subadmin2_code`, `population`, `time_zone`, `active`, `created_at`, `updated_at`) VALUES ('SE','{\"en\":\"Växjö\"}',14.81,56.88,'P','PPLA','SE.12','SE.12.0780',65383,'Europe/Stockholm',1,'2019-09-04 23:00:00','2019-09-04 23:00:00');
INSERT INTO `__PREFIX__cities` (`country_code`, `name`, `longitude`, `latitude`, `feature_class`, `feature_code`, `subadmin1_code`, `subadmin2_code`, `population`, `time_zone`, `active`, `created_at`, `updated_at`) VALUES ('SE','{\"en\":\"Västra Frölunda\"}',11.93,57.65,'P','PPL','SE.28','SE.28.1480',15924,'Europe/Stockholm',1,'2019-06-13 23:00:00','2019-06-13 23:00:00');
INSERT INTO `__PREFIX__cities` (`country_code`, `name`, `longitude`, `latitude`, `feature_class`, `feature_code`, `subadmin1_code`, `subadmin2_code`, `population`, `time_zone`, `active`, `created_at`, `updated_at`) VALUES ('SE','{\"en\":\"Västervik\"}',16.64,57.76,'P','PPLA2','SE.09','SE.09.0883',21178,'Europe/Stockholm',1,'2017-03-17 23:00:00','2017-03-17 23:00:00');
INSERT INTO `__PREFIX__cities` (`country_code`, `name`, `longitude`, `latitude`, `feature_class`, `feature_code`, `subadmin1_code`, `subadmin2_code`, `population`, `time_zone`, `active`, `created_at`, `updated_at`) VALUES ('SE','{\"en\":\"Västerås\"}',16.55,59.62,'P','PPLA','SE.25','SE.25.1980',117746,'Europe/Stockholm',1,'2019-09-04 23:00:00','2019-09-04 23:00:00');
INSERT INTO `__PREFIX__cities` (`country_code`, `name`, `longitude`, `latitude`, `feature_class`, `feature_code`, `subadmin1_code`, `subadmin2_code`, `population`, `time_zone`, `active`, `created_at`, `updated_at`) VALUES ('SE','{\"en\":\"Vasastan\"}',18.05,59.35,'P','PPLX','SE.26','SE.26.0180',58458,'Europe/Stockholm',1,'2016-10-13 23:00:00','2016-10-13 23:00:00');
INSERT INTO `__PREFIX__cities` (`country_code`, `name`, `longitude`, `latitude`, `feature_class`, `feature_code`, `subadmin1_code`, `subadmin2_code`, `population`, `time_zone`, `active`, `created_at`, `updated_at`) VALUES ('SE','{\"en\":\"Värnamo\"}',14.04,57.19,'P','PPLA2','SE.08','SE.08.0683',19061,'Europe/Stockholm',1,'2017-03-17 23:00:00','2017-03-17 23:00:00');
INSERT INTO `__PREFIX__cities` (`country_code`, `name`, `longitude`, `latitude`, `feature_class`, `feature_code`, `subadmin1_code`, `subadmin2_code`, `population`, `time_zone`, `active`, `created_at`, `updated_at`) VALUES ('SE','{\"en\":\"Vårgårda\"}',12.81,58.04,'P','PPLA2','SE.28','SE.28.1442',5384,'Europe/Stockholm',1,'2017-03-17 23:00:00','2017-03-17 23:00:00');
INSERT INTO `__PREFIX__cities` (`country_code`, `name`, `longitude`, `latitude`, `feature_class`, `feature_code`, `subadmin1_code`, `subadmin2_code`, `population`, `time_zone`, `active`, `created_at`, `updated_at`) VALUES ('SE','{\"en\":\"Vårby\"}',17.88,59.27,'P','PPL','SE.26','SE.26.0126',10115,'Europe/Stockholm',1,'2019-06-13 23:00:00','2019-06-13 23:00:00');
INSERT INTO `__PREFIX__cities` (`country_code`, `name`, `longitude`, `latitude`, `feature_class`, `feature_code`, `subadmin1_code`, `subadmin2_code`, `population`, `time_zone`, `active`, `created_at`, `updated_at`) VALUES ('SE','{\"en\":\"Varberg\"}',12.25,57.11,'P','PPLA2','SE.06','SE.06.1383',34248,'Europe/Stockholm',1,'2019-09-04 23:00:00','2019-09-04 23:00:00');
INSERT INTO `__PREFIX__cities` (`country_code`, `name`, `longitude`, `latitude`, `feature_class`, `feature_code`, `subadmin1_code`, `subadmin2_code`, `population`, `time_zone`, `active`, `created_at`, `updated_at`) VALUES ('SE','{\"en\":\"Vänersborg\"}',12.32,58.38,'P','PPLA2','SE.28','SE.28.1487',23119,'Europe/Stockholm',1,'2017-03-17 23:00:00','2017-03-17 23:00:00');
INSERT INTO `__PREFIX__cities` (`country_code`, `name`, `longitude`, `latitude`, `feature_class`, `feature_code`, `subadmin1_code`, `subadmin2_code`, `population`, `time_zone`, `active`, `created_at`, `updated_at`) VALUES ('SE','{\"en\":\"Vallentuna\"}',18.08,59.53,'P','PPLA2','SE.26','SE.26.0115',31937,'Europe/Stockholm',1,'2017-03-17 23:00:00','2017-03-17 23:00:00');
INSERT INTO `__PREFIX__cities` (`country_code`, `name`, `longitude`, `latitude`, `feature_class`, `feature_code`, `subadmin1_code`, `subadmin2_code`, `population`, `time_zone`, `active`, `created_at`, `updated_at`) VALUES ('SE','{\"en\":\"Valbo\"}',17.03,60.65,'P','PPL','SE.03','SE.03.2180',7147,'Europe/Stockholm',1,'2017-03-17 23:00:00','2017-03-17 23:00:00');
INSERT INTO `__PREFIX__cities` (`country_code`, `name`, `longitude`, `latitude`, `feature_class`, `feature_code`, `subadmin1_code`, `subadmin2_code`, `population`, `time_zone`, `active`, `created_at`, `updated_at`) VALUES ('SE','{\"en\":\"Vaggeryd\"}',14.15,57.50,'P','PPLA2','SE.08','SE.08.0665',5122,'Europe/Stockholm',1,'2017-03-17 23:00:00','2017-03-17 23:00:00');
INSERT INTO `__PREFIX__cities` (`country_code`, `name`, `longitude`, `latitude`, `feature_class`, `feature_code`, `subadmin1_code`, `subadmin2_code`, `population`, `time_zone`, `active`, `created_at`, `updated_at`) VALUES ('SE','{\"en\":\"Vadstena\"}',14.89,58.45,'P','PPLA2','SE.16','SE.16.0584',5674,'Europe/Stockholm',1,'2019-09-04 23:00:00','2019-09-04 23:00:00');
INSERT INTO `__PREFIX__cities` (`country_code`, `name`, `longitude`, `latitude`, `feature_class`, `feature_code`, `subadmin1_code`, `subadmin2_code`, `population`, `time_zone`, `active`, `created_at`, `updated_at`) VALUES ('SE','{\"en\":\"Uppsala\"}',17.64,59.86,'P','PPLA','SE.21','SE.21.0380',149245,'Europe/Stockholm',1,'2019-09-04 23:00:00','2019-09-04 23:00:00');
INSERT INTO `__PREFIX__cities` (`country_code`, `name`, `longitude`, `latitude`, `feature_class`, `feature_code`, `subadmin1_code`, `subadmin2_code`, `population`, `time_zone`, `active`, `created_at`, `updated_at`) VALUES ('SE','{\"en\":\"Upplands Väsby\"}',17.91,59.52,'P','PPLA2','SE.26','SE.26.0114',36534,'Europe/Stockholm',1,'2013-03-10 23:00:00','2013-03-10 23:00:00');
INSERT INTO `__PREFIX__cities` (`country_code`, `name`, `longitude`, `latitude`, `feature_class`, `feature_code`, `subadmin1_code`, `subadmin2_code`, `population`, `time_zone`, `active`, `created_at`, `updated_at`) VALUES ('SE','{\"en\":\"Ulricehamn\"}',13.41,57.79,'P','PPLA2','SE.28','SE.28.1491',10629,'Europe/Stockholm',1,'2017-03-17 23:00:00','2017-03-17 23:00:00');
INSERT INTO `__PREFIX__cities` (`country_code`, `name`, `longitude`, `latitude`, `feature_class`, `feature_code`, `subadmin1_code`, `subadmin2_code`, `population`, `time_zone`, `active`, `created_at`, `updated_at`) VALUES ('SE','{\"en\":\"Uddevalla\"}',11.94,58.35,'P','PPLA2','SE.28','SE.28.1485',34781,'Europe/Stockholm',1,'2017-03-17 23:00:00','2017-03-17 23:00:00');
INSERT INTO `__PREFIX__cities` (`country_code`, `name`, `longitude`, `latitude`, `feature_class`, `feature_code`, `subadmin1_code`, `subadmin2_code`, `population`, `time_zone`, `active`, `created_at`, `updated_at`) VALUES ('SE','{\"en\":\"Tumba\"}',17.83,59.20,'P','PPLA2','SE.26','SE.26.0127',40832,'Europe/Stockholm',1,'2017-03-17 23:00:00','2017-03-17 23:00:00');
INSERT INTO `__PREFIX__cities` (`country_code`, `name`, `longitude`, `latitude`, `feature_class`, `feature_code`, `subadmin1_code`, `subadmin2_code`, `population`, `time_zone`, `active`, `created_at`, `updated_at`) VALUES ('SE','{\"en\":\"Tullinge\"}',17.90,59.20,'P','PPL','SE.26','SE.26.0127',16000,'Europe/Stockholm',1,'2011-08-15 23:00:00','2011-08-15 23:00:00');
INSERT INTO `__PREFIX__cities` (`country_code`, `name`, `longitude`, `latitude`, `feature_class`, `feature_code`, `subadmin1_code`, `subadmin2_code`, `population`, `time_zone`, `active`, `created_at`, `updated_at`) VALUES ('SE','{\"en\":\"Trosa\"}',17.55,58.90,'P','PPLA2','SE.18','SE.18.0488',5836,'Europe/Stockholm',1,'2017-03-17 23:00:00','2017-03-17 23:00:00');
INSERT INTO `__PREFIX__cities` (`country_code`, `name`, `longitude`, `latitude`, `feature_class`, `feature_code`, `subadmin1_code`, `subadmin2_code`, `population`, `time_zone`, `active`, `created_at`, `updated_at`) VALUES ('SE','{\"en\":\"Trollhättan\"}',12.29,58.28,'P','PPLA2','SE.28','SE.28.1488',48573,'Europe/Stockholm',1,'2019-09-04 23:00:00','2019-09-04 23:00:00');
INSERT INTO `__PREFIX__cities` (`country_code`, `name`, `longitude`, `latitude`, `feature_class`, `feature_code`, `subadmin1_code`, `subadmin2_code`, `population`, `time_zone`, `active`, `created_at`, `updated_at`) VALUES ('SE','{\"en\":\"Trelleborg\"}',13.16,55.38,'P','PPLA2','SE.27','SE.27.1287',29316,'Europe/Stockholm',1,'2017-03-17 23:00:00','2017-03-17 23:00:00');
INSERT INTO `__PREFIX__cities` (`country_code`, `name`, `longitude`, `latitude`, `feature_class`, `feature_code`, `subadmin1_code`, `subadmin2_code`, `population`, `time_zone`, `active`, `created_at`, `updated_at`) VALUES ('SE','{\"en\":\"Tranås\"}',14.98,58.04,'P','PPLA2','SE.08','SE.08.0687',14550,'Europe/Stockholm',1,'2017-03-17 23:00:00','2017-03-17 23:00:00');
INSERT INTO `__PREFIX__cities` (`country_code`, `name`, `longitude`, `latitude`, `feature_class`, `feature_code`, `subadmin1_code`, `subadmin2_code`, `population`, `time_zone`, `active`, `created_at`, `updated_at`) VALUES ('SE','{\"en\":\"Torslanda\"}',11.77,57.72,'P','PPL','SE.28','SE.28.1480',10129,'Europe/Stockholm',1,'2011-10-29 23:00:00','2011-10-29 23:00:00');
INSERT INTO `__PREFIX__cities` (`country_code`, `name`, `longitude`, `latitude`, `feature_class`, `feature_code`, `subadmin1_code`, `subadmin2_code`, `population`, `time_zone`, `active`, `created_at`, `updated_at`) VALUES ('SE','{\"en\":\"Torshälla\"}',16.47,59.42,'P','PPL','SE.18','SE.18.0484',8928,'Europe/Stockholm',1,'2017-03-17 23:00:00','2017-03-17 23:00:00');
INSERT INTO `__PREFIX__cities` (`country_code`, `name`, `longitude`, `latitude`, `feature_class`, `feature_code`, `subadmin1_code`, `subadmin2_code`, `population`, `time_zone`, `active`, `created_at`, `updated_at`) VALUES ('SE','{\"en\":\"Tomelilla\"}',13.95,55.54,'P','PPLA2','SE.27','SE.27.1270',6826,'Europe/Stockholm',1,'2017-03-17 23:00:00','2017-03-17 23:00:00');
INSERT INTO `__PREFIX__cities` (`country_code`, `name`, `longitude`, `latitude`, `feature_class`, `feature_code`, `subadmin1_code`, `subadmin2_code`, `population`, `time_zone`, `active`, `created_at`, `updated_at`) VALUES ('SE','{\"en\":\"Timrå\"}',17.33,62.49,'P','PPLA2','SE.24','SE.24.2262',10495,'Europe/Stockholm',1,'2017-03-17 23:00:00','2017-03-17 23:00:00');
INSERT INTO `__PREFIX__cities` (`country_code`, `name`, `longitude`, `latitude`, `feature_class`, `feature_code`, `subadmin1_code`, `subadmin2_code`, `population`, `time_zone`, `active`, `created_at`, `updated_at`) VALUES ('SE','{\"en\":\"Tierp\"}',17.52,60.34,'P','PPLA2','SE.21','SE.21.0360',5826,'Europe/Stockholm',1,'2017-03-17 23:00:00','2017-03-17 23:00:00');
INSERT INTO `__PREFIX__cities` (`country_code`, `name`, `longitude`, `latitude`, `feature_class`, `feature_code`, `subadmin1_code`, `subadmin2_code`, `population`, `time_zone`, `active`, `created_at`, `updated_at`) VALUES ('SE','{\"en\":\"Tidaholm\"}',13.96,58.18,'P','PPLA2','SE.28','SE.28.1498',8175,'Europe/Stockholm',1,'2017-03-17 23:00:00','2017-03-17 23:00:00');
INSERT INTO `__PREFIX__cities` (`country_code`, `name`, `longitude`, `latitude`, `feature_class`, `feature_code`, `subadmin1_code`, `subadmin2_code`, `population`, `time_zone`, `active`, `created_at`, `updated_at`) VALUES ('SE','{\"en\":\"Tibro\"}',14.16,58.42,'P','PPLA2','SE.28','SE.28.1472',8396,'Europe/Stockholm',1,'2017-03-17 23:00:00','2017-03-17 23:00:00');
INSERT INTO `__PREFIX__cities` (`country_code`, `name`, `longitude`, `latitude`, `feature_class`, `feature_code`, `subadmin1_code`, `subadmin2_code`, `population`, `time_zone`, `active`, `created_at`, `updated_at`) VALUES ('SE','{\"en\":\"Täby\"}',18.07,59.44,'P','PPLA2','SE.26','SE.26.0160',58123,'Europe/Stockholm',1,'2011-12-19 23:00:00','2011-12-19 23:00:00');
INSERT INTO `__PREFIX__cities` (`country_code`, `name`, `longitude`, `latitude`, `feature_class`, `feature_code`, `subadmin1_code`, `subadmin2_code`, `population`, `time_zone`, `active`, `created_at`, `updated_at`) VALUES ('SE','{\"en\":\"Svedala\"}',13.24,55.51,'P','PPLA2','SE.27','SE.27.1263',11796,'Europe/Stockholm',1,'2017-03-17 23:00:00','2017-03-17 23:00:00');
INSERT INTO `__PREFIX__cities` (`country_code`, `name`, `longitude`, `latitude`, `feature_class`, `feature_code`, `subadmin1_code`, `subadmin2_code`, `population`, `time_zone`, `active`, `created_at`, `updated_at`) VALUES ('SE','{\"en\":\"Surte\"}',12.02,57.83,'P','PPL','SE.28','SE.28.1440',6003,'Europe/Stockholm',1,'2017-03-17 23:00:00','2017-03-17 23:00:00');
INSERT INTO `__PREFIX__cities` (`country_code`, `name`, `longitude`, `latitude`, `feature_class`, `feature_code`, `subadmin1_code`, `subadmin2_code`, `population`, `time_zone`, `active`, `created_at`, `updated_at`) VALUES ('SE','{\"en\":\"Surahammar\"}',16.22,59.71,'P','PPLA2','SE.25','SE.25.1907',6270,'Europe/Stockholm',1,'2017-03-17 23:00:00','2017-03-17 23:00:00');
INSERT INTO `__PREFIX__cities` (`country_code`, `name`, `longitude`, `latitude`, `feature_class`, `feature_code`, `subadmin1_code`, `subadmin2_code`, `population`, `time_zone`, `active`, `created_at`, `updated_at`) VALUES ('SE','{\"en\":\"Sunne\"}',13.14,59.84,'P','PPLA2','SE.22','SE.22.1766',5026,'Europe/Stockholm',1,'2017-03-17 23:00:00','2017-03-17 23:00:00');
INSERT INTO `__PREFIX__cities` (`country_code`, `name`, `longitude`, `latitude`, `feature_class`, `feature_code`, `subadmin1_code`, `subadmin2_code`, `population`, `time_zone`, `active`, `created_at`, `updated_at`) VALUES ('SE','{\"en\":\"Sundsvall\"}',17.31,62.39,'P','PPLA2','SE.24','SE.24.2281',57606,'Europe/Stockholm',1,'2019-09-04 23:00:00','2019-09-04 23:00:00');
INSERT INTO `__PREFIX__cities` (`country_code`, `name`, `longitude`, `latitude`, `feature_class`, `feature_code`, `subadmin1_code`, `subadmin2_code`, `population`, `time_zone`, `active`, `created_at`, `updated_at`) VALUES ('SE','{\"en\":\"Sundbyberg\"}',17.97,59.36,'P','PPLA2','SE.26','SE.26.0183',34529,'Europe/Stockholm',1,'2011-12-19 23:00:00','2011-12-19 23:00:00');
INSERT INTO `__PREFIX__cities` (`country_code`, `name`, `longitude`, `latitude`, `feature_class`, `feature_code`, `subadmin1_code`, `subadmin2_code`, `population`, `time_zone`, `active`, `created_at`, `updated_at`) VALUES ('SE','{\"en\":\"Strömstad\"}',11.17,58.94,'P','PPLA2','SE.28','SE.28.1486',7176,'Europe/Stockholm',1,'2017-03-17 23:00:00','2017-03-17 23:00:00');
INSERT INTO `__PREFIX__cities` (`country_code`, `name`, `longitude`, `latitude`, `feature_class`, `feature_code`, `subadmin1_code`, `subadmin2_code`, `population`, `time_zone`, `active`, `created_at`, `updated_at`) VALUES ('SE','{\"en\":\"Strängnäs\"}',17.03,59.38,'P','PPLA2','SE.18','SE.18.0486',13693,'Europe/Stockholm',1,'2017-03-17 23:00:00','2017-03-17 23:00:00');
INSERT INTO `__PREFIX__cities` (`country_code`, `name`, `longitude`, `latitude`, `feature_class`, `feature_code`, `subadmin1_code`, `subadmin2_code`, `population`, `time_zone`, `active`, `created_at`, `updated_at`) VALUES ('SE','{\"en\":\"Storvreta\"}',17.71,59.96,'P','PPL','SE.21','SE.21.0380',6340,'Europe/Stockholm',1,'2017-03-17 23:00:00','2017-03-17 23:00:00');
INSERT INTO `__PREFIX__cities` (`country_code`, `name`, `longitude`, `latitude`, `feature_class`, `feature_code`, `subadmin1_code`, `subadmin2_code`, `population`, `time_zone`, `active`, `created_at`, `updated_at`) VALUES ('SE','{\"en\":\"Stockholm\"}',18.07,59.33,'P','PPLC','SE.26','SE.26.0180',1515017,'Europe/Stockholm',1,'2019-11-27 23:00:00','2019-11-27 23:00:00');
INSERT INTO `__PREFIX__cities` (`country_code`, `name`, `longitude`, `latitude`, `feature_class`, `feature_code`, `subadmin1_code`, `subadmin2_code`, `population`, `time_zone`, `active`, `created_at`, `updated_at`) VALUES ('SE','{\"en\":\"Stenungsund\"}',11.82,58.07,'P','PPLA2','SE.28','SE.28.1415',13093,'Europe/Stockholm',1,'2017-03-17 23:00:00','2017-03-17 23:00:00');
INSERT INTO `__PREFIX__cities` (`country_code`, `name`, `longitude`, `latitude`, `feature_class`, `feature_code`, `subadmin1_code`, `subadmin2_code`, `population`, `time_zone`, `active`, `created_at`, `updated_at`) VALUES ('SE','{\"en\":\"Staffanstorp\"}',13.21,55.64,'P','PPLA2','SE.27','SE.27.1230',15373,'Europe/Stockholm',1,'2017-03-17 23:00:00','2017-03-17 23:00:00');
INSERT INTO `__PREFIX__cities` (`country_code`, `name`, `longitude`, `latitude`, `feature_class`, `feature_code`, `subadmin1_code`, `subadmin2_code`, `population`, `time_zone`, `active`, `created_at`, `updated_at`) VALUES ('SE','{\"en\":\"Sölvesborg\"}',14.58,56.05,'P','PPLA2','SE.02','SE.02.1083',8972,'Europe/Stockholm',1,'2017-03-17 23:00:00','2017-03-17 23:00:00');
INSERT INTO `__PREFIX__cities` (`country_code`, `name`, `longitude`, `latitude`, `feature_class`, `feature_code`, `subadmin1_code`, `subadmin2_code`, `population`, `time_zone`, `active`, `created_at`, `updated_at`) VALUES ('SE','{\"en\":\"Solna\"}',18.00,59.36,'P','PPLA2','SE.26','SE.26.0184',66909,'Europe/Stockholm',1,'2014-09-08 23:00:00','2014-09-08 23:00:00');
INSERT INTO `__PREFIX__cities` (`country_code`, `name`, `longitude`, `latitude`, `feature_class`, `feature_code`, `subadmin1_code`, `subadmin2_code`, `population`, `time_zone`, `active`, `created_at`, `updated_at`) VALUES ('SE','{\"en\":\"Sollentuna\"}',17.95,59.43,'P','PPLA2','SE.26','SE.26.0163',139606,'Europe/Stockholm',1,'2017-03-17 23:00:00','2017-03-17 23:00:00');
INSERT INTO `__PREFIX__cities` (`country_code`, `name`, `longitude`, `latitude`, `feature_class`, `feature_code`, `subadmin1_code`, `subadmin2_code`, `population`, `time_zone`, `active`, `created_at`, `updated_at`) VALUES ('SE','{\"en\":\"Sollefteå\"}',17.27,63.17,'P','PPLA2','SE.24','SE.24.2283',7399,'Europe/Stockholm',1,'2017-03-17 23:00:00','2017-03-17 23:00:00');
INSERT INTO `__PREFIX__cities` (`country_code`, `name`, `longitude`, `latitude`, `feature_class`, `feature_code`, `subadmin1_code`, `subadmin2_code`, `population`, `time_zone`, `active`, `created_at`, `updated_at`) VALUES ('SE','{\"en\":\"Södra Sandby\"}',16.62,56.57,'P','PPL','SE.09','SE.09.0840',5941,'Europe/Stockholm',1,'2012-01-16 23:00:00','2012-01-16 23:00:00');
INSERT INTO `__PREFIX__cities` (`country_code`, `name`, `longitude`, `latitude`, `feature_class`, `feature_code`, `subadmin1_code`, `subadmin2_code`, `population`, `time_zone`, `active`, `created_at`, `updated_at`) VALUES ('SE','{\"en\":\"Södra Sandby\"}',13.35,55.72,'P','PPL','SE.27','SE.27.1281',6306,'Europe/Stockholm',1,'2017-03-17 23:00:00','2017-03-17 23:00:00');
INSERT INTO `__PREFIX__cities` (`country_code`, `name`, `longitude`, `latitude`, `feature_class`, `feature_code`, `subadmin1_code`, `subadmin2_code`, `population`, `time_zone`, `active`, `created_at`, `updated_at`) VALUES ('SE','{\"en\":\"Södertälje\"}',17.63,59.20,'P','PPLA2','SE.26','SE.26.0181',70777,'Europe/Stockholm',1,'2019-09-04 23:00:00','2019-09-04 23:00:00');
INSERT INTO `__PREFIX__cities` (`country_code`, `name`, `longitude`, `latitude`, `feature_class`, `feature_code`, `subadmin1_code`, `subadmin2_code`, `population`, `time_zone`, `active`, `created_at`, `updated_at`) VALUES ('SE','{\"en\":\"Södermalm\"}',18.08,59.31,'P','PPLX','SE.26','SE.26.0180',127323,'Europe/Stockholm',1,'2019-06-12 23:00:00','2019-06-12 23:00:00');
INSERT INTO `__PREFIX__cities` (`country_code`, `name`, `longitude`, `latitude`, `feature_class`, `feature_code`, `subadmin1_code`, `subadmin2_code`, `population`, `time_zone`, `active`, `created_at`, `updated_at`) VALUES ('SE','{\"en\":\"Söderköping\"}',16.32,58.48,'P','PPLA2','SE.16','SE.16.0582',7418,'Europe/Stockholm',1,'2017-03-17 23:00:00','2017-03-17 23:00:00');
INSERT INTO `__PREFIX__cities` (`country_code`, `name`, `longitude`, `latitude`, `feature_class`, `feature_code`, `subadmin1_code`, `subadmin2_code`, `population`, `time_zone`, `active`, `created_at`, `updated_at`) VALUES ('SE','{\"en\":\"Söderhamn\"}',17.06,61.30,'P','PPLA2','SE.03','SE.03.2182',12259,'Europe/Stockholm',1,'2020-10-31 23:00:00','2020-10-31 23:00:00');
INSERT INTO `__PREFIX__cities` (`country_code`, `name`, `longitude`, `latitude`, `feature_class`, `feature_code`, `subadmin1_code`, `subadmin2_code`, `population`, `time_zone`, `active`, `created_at`, `updated_at`) VALUES ('SE','{\"en\":\"Smedjebacken\"}',15.41,60.14,'P','PPLA2','SE.10','SE.10.2061',5258,'Europe/Stockholm',1,'2017-03-17 23:00:00','2017-03-17 23:00:00');
INSERT INTO `__PREFIX__cities` (`country_code`, `name`, `longitude`, `latitude`, `feature_class`, `feature_code`, `subadmin1_code`, `subadmin2_code`, `population`, `time_zone`, `active`, `created_at`, `updated_at`) VALUES ('SE','{\"en\":\"Skutskär\"}',17.42,60.63,'P','PPLA2','SE.21','SE.21.0319',6279,'Europe/Stockholm',1,'2017-03-17 23:00:00','2017-03-17 23:00:00');
INSERT INTO `__PREFIX__cities` (`country_code`, `name`, `longitude`, `latitude`, `feature_class`, `feature_code`, `subadmin1_code`, `subadmin2_code`, `population`, `time_zone`, `active`, `created_at`, `updated_at`) VALUES ('SE','{\"en\":\"Skurup\"}',13.50,55.48,'P','PPLA2','SE.27','SE.27.1264',8040,'Europe/Stockholm',1,'2017-03-17 23:00:00','2017-03-17 23:00:00');
INSERT INTO `__PREFIX__cities` (`country_code`, `name`, `longitude`, `latitude`, `feature_class`, `feature_code`, `subadmin1_code`, `subadmin2_code`, `population`, `time_zone`, `active`, `created_at`, `updated_at`) VALUES ('SE','{\"en\":\"Skövde\"}',13.85,58.39,'P','PPLA2','SE.28','SE.28.1496',36842,'Europe/Stockholm',1,'2017-03-17 23:00:00','2017-03-17 23:00:00');
INSERT INTO `__PREFIX__cities` (`country_code`, `name`, `longitude`, `latitude`, `feature_class`, `feature_code`, `subadmin1_code`, `subadmin2_code`, `population`, `time_zone`, `active`, `created_at`, `updated_at`) VALUES ('SE','{\"en\":\"Skoghall\"}',13.47,59.32,'P','PPLA2','SE.22','SE.22.1761',13605,'Europe/Stockholm',1,'2017-03-17 23:00:00','2017-03-17 23:00:00');
INSERT INTO `__PREFIX__cities` (`country_code`, `name`, `longitude`, `latitude`, `feature_class`, `feature_code`, `subadmin1_code`, `subadmin2_code`, `population`, `time_zone`, `active`, `created_at`, `updated_at`) VALUES ('SE','{\"en\":\"Skåre\"}',13.05,55.38,'P','PPL','SE.27','SE.27.1287',5173,'Europe/Stockholm',1,'2012-01-16 23:00:00','2012-01-16 23:00:00');
INSERT INTO `__PREFIX__cities` (`country_code`, `name`, `longitude`, `latitude`, `feature_class`, `feature_code`, `subadmin1_code`, `subadmin2_code`, `population`, `time_zone`, `active`, `created_at`, `updated_at`) VALUES ('SE','{\"en\":\"Skåre\"}',13.43,59.43,'P','PPL','SE.22','SE.22.1780',5444,'Europe/Stockholm',1,'2017-03-17 23:00:00','2017-03-17 23:00:00');
INSERT INTO `__PREFIX__cities` (`country_code`, `name`, `longitude`, `latitude`, `feature_class`, `feature_code`, `subadmin1_code`, `subadmin2_code`, `population`, `time_zone`, `active`, `created_at`, `updated_at`) VALUES ('SE','{\"en\":\"Skara\"}',13.44,58.39,'P','PPLA2','SE.28','SE.28.1495',11437,'Europe/Stockholm',1,'2017-03-17 23:00:00','2017-03-17 23:00:00');
INSERT INTO `__PREFIX__cities` (`country_code`, `name`, `longitude`, `latitude`, `feature_class`, `feature_code`, `subadmin1_code`, `subadmin2_code`, `population`, `time_zone`, `active`, `created_at`, `updated_at`) VALUES ('SE','{\"en\":\"Sjöbo\"}',13.71,55.63,'P','PPLA2','SE.27','SE.27.1265',7910,'Europe/Stockholm',1,'2017-03-17 23:00:00','2017-03-17 23:00:00');
INSERT INTO `__PREFIX__cities` (`country_code`, `name`, `longitude`, `latitude`, `feature_class`, `feature_code`, `subadmin1_code`, `subadmin2_code`, `population`, `time_zone`, `active`, `created_at`, `updated_at`) VALUES ('SE','{\"en\":\"Simrishamn\"}',14.35,55.56,'P','PPLA2','SE.27','SE.27.1291',6779,'Europe/Stockholm',1,'2019-09-04 23:00:00','2019-09-04 23:00:00');
INSERT INTO `__PREFIX__cities` (`country_code`, `name`, `longitude`, `latitude`, `feature_class`, `feature_code`, `subadmin1_code`, `subadmin2_code`, `population`, `time_zone`, `active`, `created_at`, `updated_at`) VALUES ('SE','{\"en\":\"Sigtuna\"}',17.72,59.62,'P','PPLA2','SE.26','SE.26.0191',9074,'Europe/Stockholm',1,'2019-09-04 23:00:00','2019-09-04 23:00:00');
INSERT INTO `__PREFIX__cities` (`country_code`, `name`, `longitude`, `latitude`, `feature_class`, `feature_code`, `subadmin1_code`, `subadmin2_code`, `population`, `time_zone`, `active`, `created_at`, `updated_at`) VALUES ('SE','{\"en\":\"Segeltorp\"}',17.93,59.28,'P','PPLX','SE.26','SE.26.0126',10536,'Europe/Stockholm',1,'2012-08-12 23:00:00','2012-08-12 23:00:00');
INSERT INTO `__PREFIX__cities` (`country_code`, `name`, `longitude`, `latitude`, `feature_class`, `feature_code`, `subadmin1_code`, `subadmin2_code`, `population`, `time_zone`, `active`, `created_at`, `updated_at`) VALUES ('SE','{\"en\":\"Sävsjö\"}',14.66,57.40,'P','PPLA2','SE.08','SE.08.0684',5374,'Europe/Stockholm',1,'2017-03-17 23:00:00','2017-03-17 23:00:00');
INSERT INTO `__PREFIX__cities` (`country_code`, `name`, `longitude`, `latitude`, `feature_class`, `feature_code`, `subadmin1_code`, `subadmin2_code`, `population`, `time_zone`, `active`, `created_at`, `updated_at`) VALUES ('SE','{\"en\":\"Sävja\"}',17.70,59.82,'P','PPL','SE.21','SE.21.0380',9723,'Europe/Stockholm',1,'2017-03-17 23:00:00','2017-03-17 23:00:00');
INSERT INTO `__PREFIX__cities` (`country_code`, `name`, `longitude`, `latitude`, `feature_class`, `feature_code`, `subadmin1_code`, `subadmin2_code`, `population`, `time_zone`, `active`, `created_at`, `updated_at`) VALUES ('SE','{\"en\":\"Sandviken\"}',16.77,60.62,'P','PPLA2','SE.03','SE.03.2181',24724,'Europe/Stockholm',1,'2017-03-17 23:00:00','2017-03-17 23:00:00');
INSERT INTO `__PREFIX__cities` (`country_code`, `name`, `longitude`, `latitude`, `feature_class`, `feature_code`, `subadmin1_code`, `subadmin2_code`, `population`, `time_zone`, `active`, `created_at`, `updated_at`) VALUES ('SE','{\"en\":\"Saltsjöbaden\"}',18.30,59.28,'P','PPL','SE.26','SE.26.0182',9477,'Europe/Stockholm',1,'2017-03-17 23:00:00','2017-03-17 23:00:00');
INSERT INTO `__PREFIX__cities` (`country_code`, `name`, `longitude`, `latitude`, `feature_class`, `feature_code`, `subadmin1_code`, `subadmin2_code`, `population`, `time_zone`, `active`, `created_at`, `updated_at`) VALUES ('SE','{\"en\":\"Sala\"}',16.61,59.92,'P','PPLA2','SE.25','SE.25.1981',13087,'Europe/Stockholm',1,'2017-03-17 23:00:00','2017-03-17 23:00:00');
INSERT INTO `__PREFIX__cities` (`country_code`, `name`, `longitude`, `latitude`, `feature_class`, `feature_code`, `subadmin1_code`, `subadmin2_code`, `population`, `time_zone`, `active`, `created_at`, `updated_at`) VALUES ('SE','{\"en\":\"Säffle\"}',12.93,59.13,'P','PPLA2','SE.22','SE.22.1785',9150,'Europe/Stockholm',1,'2017-03-17 23:00:00','2017-03-17 23:00:00');
INSERT INTO `__PREFIX__cities` (`country_code`, `name`, `longitude`, `latitude`, `feature_class`, `feature_code`, `subadmin1_code`, `subadmin2_code`, `population`, `time_zone`, `active`, `created_at`, `updated_at`) VALUES ('SE','{\"en\":\"Rydebäck\"}',12.77,55.97,'P','PPL','SE.27','SE.27.1283',5904,'Europe/Stockholm',1,'2017-03-17 23:00:00','2017-03-17 23:00:00');
INSERT INTO `__PREFIX__cities` (`country_code`, `name`, `longitude`, `latitude`, `feature_class`, `feature_code`, `subadmin1_code`, `subadmin2_code`, `population`, `time_zone`, `active`, `created_at`, `updated_at`) VALUES ('SE','{\"en\":\"Ronneby\"}',15.28,56.21,'P','PPLA2','SE.02','SE.02.1081',12612,'Europe/Stockholm',1,'2017-03-17 23:00:00','2017-03-17 23:00:00');
INSERT INTO `__PREFIX__cities` (`country_code`, `name`, `longitude`, `latitude`, `feature_class`, `feature_code`, `subadmin1_code`, `subadmin2_code`, `population`, `time_zone`, `active`, `created_at`, `updated_at`) VALUES ('SE','{\"en\":\"Rättvik\"}',15.12,60.89,'P','PPLA2','SE.10','SE.10.2031',5160,'Europe/Stockholm',1,'2017-03-17 23:00:00','2017-03-17 23:00:00');
INSERT INTO `__PREFIX__cities` (`country_code`, `name`, `longitude`, `latitude`, `feature_class`, `feature_code`, `subadmin1_code`, `subadmin2_code`, `population`, `time_zone`, `active`, `created_at`, `updated_at`) VALUES ('SE','{\"en\":\"Råsunda\"}',18.00,59.37,'P','PPLX','SE.26','SE.26.0184',16877,'Europe/Stockholm',1,'2015-10-28 23:00:00','2015-10-28 23:00:00');
INSERT INTO `__PREFIX__cities` (`country_code`, `name`, `longitude`, `latitude`, `feature_class`, `feature_code`, `subadmin1_code`, `subadmin2_code`, `population`, `time_zone`, `active`, `created_at`, `updated_at`) VALUES ('SE','{\"en\":\"Perstorp\"}',13.39,56.14,'P','PPLA2','SE.27','SE.27.1275',5847,'Europe/Stockholm',1,'2017-03-17 23:00:00','2017-03-17 23:00:00');
INSERT INTO `__PREFIX__cities` (`country_code`, `name`, `longitude`, `latitude`, `feature_class`, `feature_code`, `subadmin1_code`, `subadmin2_code`, `population`, `time_zone`, `active`, `created_at`, `updated_at`) VALUES ('SE','{\"en\":\"Partille\"}',12.11,57.74,'P','PPLA2','SE.28','SE.28.1402',28648,'Europe/Stockholm',1,'2011-12-19 23:00:00','2011-12-19 23:00:00');
INSERT INTO `__PREFIX__cities` (`country_code`, `name`, `longitude`, `latitude`, `feature_class`, `feature_code`, `subadmin1_code`, `subadmin2_code`, `population`, `time_zone`, `active`, `created_at`, `updated_at`) VALUES ('SE','{\"en\":\"Oxie\"}',13.10,55.54,'P','PPL','SE.27','SE.27.1280',12665,'Europe/Stockholm',1,'2017-03-17 23:00:00','2017-03-17 23:00:00');
INSERT INTO `__PREFIX__cities` (`country_code`, `name`, `longitude`, `latitude`, `feature_class`, `feature_code`, `subadmin1_code`, `subadmin2_code`, `population`, `time_zone`, `active`, `created_at`, `updated_at`) VALUES ('SE','{\"en\":\"Oxelösund\"}',17.10,58.67,'P','PPLA2','SE.18','SE.18.0481',11157,'Europe/Stockholm',1,'2019-09-04 23:00:00','2019-09-04 23:00:00');
INSERT INTO `__PREFIX__cities` (`country_code`, `name`, `longitude`, `latitude`, `feature_class`, `feature_code`, `subadmin1_code`, `subadmin2_code`, `population`, `time_zone`, `active`, `created_at`, `updated_at`) VALUES ('SE','{\"en\":\"Östersund\"}',14.64,63.18,'P','PPLA','SE.07','SE.07.2380',49806,'Europe/Stockholm',1,'2019-09-04 23:00:00','2019-09-04 23:00:00');
INSERT INTO `__PREFIX__cities` (`country_code`, `name`, `longitude`, `latitude`, `feature_class`, `feature_code`, `subadmin1_code`, `subadmin2_code`, `population`, `time_zone`, `active`, `created_at`, `updated_at`) VALUES ('SE','{\"en\":\"Östermalm\"}',18.08,59.34,'P','PPLX','SE.26','SE.26.0180',36418,'Europe/Stockholm',1,'2010-08-27 23:00:00','2010-08-27 23:00:00');
INSERT INTO `__PREFIX__cities` (`country_code`, `name`, `longitude`, `latitude`, `feature_class`, `feature_code`, `subadmin1_code`, `subadmin2_code`, `population`, `time_zone`, `active`, `created_at`, `updated_at`) VALUES ('SE','{\"en\":\"Oskarshamn\"}',16.45,57.26,'P','PPLA2','SE.09','SE.09.0882',18287,'Europe/Stockholm',1,'2019-09-15 23:00:00','2019-09-15 23:00:00');
INSERT INTO `__PREFIX__cities` (`country_code`, `name`, `longitude`, `latitude`, `feature_class`, `feature_code`, `subadmin1_code`, `subadmin2_code`, `population`, `time_zone`, `active`, `created_at`, `updated_at`) VALUES ('SE','{\"en\":\"Osby\"}',13.99,56.38,'P','PPLA2','SE.27','SE.27.1273',7554,'Europe/Stockholm',1,'2017-03-17 23:00:00','2017-03-17 23:00:00');
INSERT INTO `__PREFIX__cities` (`country_code`, `name`, `longitude`, `latitude`, `feature_class`, `feature_code`, `subadmin1_code`, `subadmin2_code`, `population`, `time_zone`, `active`, `created_at`, `updated_at`) VALUES ('SE','{\"en\":\"Orsa\"}',14.62,61.12,'P','PPLA2','SE.10','SE.10.2034',5349,'Europe/Stockholm',1,'2017-03-17 23:00:00','2017-03-17 23:00:00');
INSERT INTO `__PREFIX__cities` (`country_code`, `name`, `longitude`, `latitude`, `feature_class`, `feature_code`, `subadmin1_code`, `subadmin2_code`, `population`, `time_zone`, `active`, `created_at`, `updated_at`) VALUES ('SE','{\"en\":\"Örnsköldsvik\"}',18.72,63.29,'P','PPLA2','SE.24','SE.24.2284',32493,'Europe/Stockholm',1,'2019-09-04 23:00:00','2019-09-04 23:00:00');
INSERT INTO `__PREFIX__cities` (`country_code`, `name`, `longitude`, `latitude`, `feature_class`, `feature_code`, `subadmin1_code`, `subadmin2_code`, `population`, `time_zone`, `active`, `created_at`, `updated_at`) VALUES ('SE','{\"en\":\"Örkelljunga\"}',13.28,56.28,'P','PPLA2','SE.27','SE.27.1257',5193,'Europe/Stockholm',1,'2017-03-17 23:00:00','2017-03-17 23:00:00');
INSERT INTO `__PREFIX__cities` (`country_code`, `name`, `longitude`, `latitude`, `feature_class`, `feature_code`, `subadmin1_code`, `subadmin2_code`, `population`, `time_zone`, `active`, `created_at`, `updated_at`) VALUES ('SE','{\"en\":\"Örebro\"}',15.21,59.27,'P','PPLA','SE.15','SE.15.1880',115765,'Europe/Stockholm',1,'2019-09-04 23:00:00','2019-09-04 23:00:00');
INSERT INTO `__PREFIX__cities` (`country_code`, `name`, `longitude`, `latitude`, `feature_class`, `feature_code`, `subadmin1_code`, `subadmin2_code`, `population`, `time_zone`, `active`, `created_at`, `updated_at`) VALUES ('SE','{\"en\":\"Olofström\"}',14.53,56.28,'P','PPLA2','SE.02','SE.02.1060',7526,'Europe/Stockholm',1,'2017-03-17 23:00:00','2017-03-17 23:00:00');
INSERT INTO `__PREFIX__cities` (`country_code`, `name`, `longitude`, `latitude`, `feature_class`, `feature_code`, `subadmin1_code`, `subadmin2_code`, `population`, `time_zone`, `active`, `created_at`, `updated_at`) VALUES ('SE','{\"en\":\"Ödåkra\"}',12.75,56.10,'P','PPL','SE.27','SE.27.1283',5231,'Europe/Stockholm',1,'2017-03-17 23:00:00','2017-03-17 23:00:00');
INSERT INTO `__PREFIX__cities` (`country_code`, `name`, `longitude`, `latitude`, `feature_class`, `feature_code`, `subadmin1_code`, `subadmin2_code`, `population`, `time_zone`, `active`, `created_at`, `updated_at`) VALUES ('SE','{\"en\":\"Nynäshamn\"}',17.95,58.90,'P','PPLA2','SE.26','SE.26.0192',14532,'Europe/Stockholm',1,'2017-03-17 23:00:00','2017-03-17 23:00:00');
INSERT INTO `__PREFIX__cities` (`country_code`, `name`, `longitude`, `latitude`, `feature_class`, `feature_code`, `subadmin1_code`, `subadmin2_code`, `population`, `time_zone`, `active`, `created_at`, `updated_at`) VALUES ('SE','{\"en\":\"Nykvarn\"}',18.30,59.80,'P','PPL','SE.26','SE.26.0188',6032,'Europe/Stockholm',1,'2018-12-03 23:00:00','2018-12-03 23:00:00');
INSERT INTO `__PREFIX__cities` (`country_code`, `name`, `longitude`, `latitude`, `feature_class`, `feature_code`, `subadmin1_code`, `subadmin2_code`, `population`, `time_zone`, `active`, `created_at`, `updated_at`) VALUES ('SE','{\"en\":\"Nykvarn\"}',17.43,59.18,'P','PPLA2','SE.26','SE.26.0140',7327,'Europe/Stockholm',1,'2017-03-17 23:00:00','2017-03-17 23:00:00');
INSERT INTO `__PREFIX__cities` (`country_code`, `name`, `longitude`, `latitude`, `feature_class`, `feature_code`, `subadmin1_code`, `subadmin2_code`, `population`, `time_zone`, `active`, `created_at`, `updated_at`) VALUES ('SE','{\"en\":\"Nyköping\"}',17.01,58.75,'P','PPLA','SE.18','SE.18.0480',32224,'Europe/Stockholm',1,'2019-09-04 23:00:00','2019-09-04 23:00:00');
INSERT INTO `__PREFIX__cities` (`country_code`, `name`, `longitude`, `latitude`, `feature_class`, `feature_code`, `subadmin1_code`, `subadmin2_code`, `population`, `time_zone`, `active`, `created_at`, `updated_at`) VALUES ('SE','{\"en\":\"Nybro\"}',15.91,56.74,'P','PPLA2','SE.09','SE.09.0881',13039,'Europe/Stockholm',1,'2017-03-17 23:00:00','2017-03-17 23:00:00');
INSERT INTO `__PREFIX__cities` (`country_code`, `name`, `longitude`, `latitude`, `feature_class`, `feature_code`, `subadmin1_code`, `subadmin2_code`, `population`, `time_zone`, `active`, `created_at`, `updated_at`) VALUES ('SE','{\"en\":\"Norrtälje\"}',18.70,59.76,'P','PPLA2','SE.26','SE.26.0188',19365,'Europe/Stockholm',1,'2017-03-17 23:00:00','2017-03-17 23:00:00');
INSERT INTO `__PREFIX__cities` (`country_code`, `name`, `longitude`, `latitude`, `feature_class`, `feature_code`, `subadmin1_code`, `subadmin2_code`, `population`, `time_zone`, `active`, `created_at`, `updated_at`) VALUES ('SE','{\"en\":\"Norrköping\"}',16.18,58.59,'P','PPLA2','SE.16','SE.16.0581',93765,'Europe/Stockholm',1,'2019-09-04 23:00:00','2019-09-04 23:00:00');
INSERT INTO `__PREFIX__cities` (`country_code`, `name`, `longitude`, `latitude`, `feature_class`, `feature_code`, `subadmin1_code`, `subadmin2_code`, `population`, `time_zone`, `active`, `created_at`, `updated_at`) VALUES ('SE','{\"en\":\"Nora\"}',15.04,59.52,'P','PPLA2','SE.15','SE.15.1884',6597,'Europe/Stockholm',1,'2017-03-17 23:00:00','2017-03-17 23:00:00');
INSERT INTO `__PREFIX__cities` (`country_code`, `name`, `longitude`, `latitude`, `feature_class`, `feature_code`, `subadmin1_code`, `subadmin2_code`, `population`, `time_zone`, `active`, `created_at`, `updated_at`) VALUES ('SE','{\"en\":\"Nässjö\"}',14.70,57.65,'P','PPLA2','SE.08','SE.08.0682',17719,'Europe/Stockholm',1,'2017-03-17 23:00:00','2017-03-17 23:00:00');
INSERT INTO `__PREFIX__cities` (`country_code`, `name`, `longitude`, `latitude`, `feature_class`, `feature_code`, `subadmin1_code`, `subadmin2_code`, `population`, `time_zone`, `active`, `created_at`, `updated_at`) VALUES ('SE','{\"en\":\"Nacka\"}',18.16,59.31,'P','PPLA2','SE.26','SE.26.0182',25170,'Europe/Stockholm',1,'2011-12-19 23:00:00','2011-12-19 23:00:00');
INSERT INTO `__PREFIX__cities` (`country_code`, `name`, `longitude`, `latitude`, `feature_class`, `feature_code`, `subadmin1_code`, `subadmin2_code`, `population`, `time_zone`, `active`, `created_at`, `updated_at`) VALUES ('SE','{\"en\":\"Mullsjö\"}',13.88,57.92,'P','PPLA2','SE.08','SE.08.0642',5584,'Europe/Stockholm',1,'2017-03-17 23:00:00','2017-03-17 23:00:00');
INSERT INTO `__PREFIX__cities` (`country_code`, `name`, `longitude`, `latitude`, `feature_class`, `feature_code`, `subadmin1_code`, `subadmin2_code`, `population`, `time_zone`, `active`, `created_at`, `updated_at`) VALUES ('SE','{\"en\":\"Motala\"}',15.04,58.54,'P','PPLA2','SE.16','SE.16.0583',30944,'Europe/Stockholm',1,'2017-03-17 23:00:00','2017-03-17 23:00:00');
INSERT INTO `__PREFIX__cities` (`country_code`, `name`, `longitude`, `latitude`, `feature_class`, `feature_code`, `subadmin1_code`, `subadmin2_code`, `population`, `time_zone`, `active`, `created_at`, `updated_at`) VALUES ('SE','{\"en\":\"Mora\"}',14.54,61.01,'P','PPLA2','SE.10','SE.10.2062',12602,'Europe/Stockholm',1,'2017-03-17 23:00:00','2017-03-17 23:00:00');
INSERT INTO `__PREFIX__cities` (`country_code`, `name`, `longitude`, `latitude`, `feature_class`, `feature_code`, `subadmin1_code`, `subadmin2_code`, `population`, `time_zone`, `active`, `created_at`, `updated_at`) VALUES ('SE','{\"en\":\"Mölnlycke\"}',12.12,57.66,'P','PPLA2','SE.28','SE.28.1401',17579,'Europe/Stockholm',1,'2017-11-28 23:00:00','2017-11-28 23:00:00');
INSERT INTO `__PREFIX__cities` (`country_code`, `name`, `longitude`, `latitude`, `feature_class`, `feature_code`, `subadmin1_code`, `subadmin2_code`, `population`, `time_zone`, `active`, `created_at`, `updated_at`) VALUES ('SE','{\"en\":\"Mölndal\"}',12.01,57.66,'P','PPLA2','SE.28','SE.28.1481',59430,'Europe/Stockholm',1,'2012-05-17 23:00:00','2012-05-17 23:00:00');
INSERT INTO `__PREFIX__cities` (`country_code`, `name`, `longitude`, `latitude`, `feature_class`, `feature_code`, `subadmin1_code`, `subadmin2_code`, `population`, `time_zone`, `active`, `created_at`, `updated_at`) VALUES ('SE','{\"en\":\"Mjölby\"}',15.12,58.33,'P','PPLA2','SE.16','SE.16.0586',12858,'Europe/Stockholm',1,'2017-03-17 23:00:00','2017-03-17 23:00:00');
INSERT INTO `__PREFIX__cities` (`country_code`, `name`, `longitude`, `latitude`, `feature_class`, `feature_code`, `subadmin1_code`, `subadmin2_code`, `population`, `time_zone`, `active`, `created_at`, `updated_at`) VALUES ('SE','{\"en\":\"Märsta\"}',17.85,59.62,'P','PPL','SE.26','SE.26.0191',27034,'Europe/Stockholm',1,'2017-03-17 23:00:00','2017-03-17 23:00:00');
INSERT INTO `__PREFIX__cities` (`country_code`, `name`, `longitude`, `latitude`, `feature_class`, `feature_code`, `subadmin1_code`, `subadmin2_code`, `population`, `time_zone`, `active`, `created_at`, `updated_at`) VALUES ('SE','{\"en\":\"Mariestad\"}',13.82,58.71,'P','PPLA2','SE.28','SE.28.1493',16122,'Europe/Stockholm',1,'2017-03-17 23:00:00','2017-03-17 23:00:00');
INSERT INTO `__PREFIX__cities` (`country_code`, `name`, `longitude`, `latitude`, `feature_class`, `feature_code`, `subadmin1_code`, `subadmin2_code`, `population`, `time_zone`, `active`, `created_at`, `updated_at`) VALUES ('SE','{\"en\":\"Malmslätt\"}',15.52,58.41,'P','PPL','SE.16','SE.16.0580',5074,'Europe/Stockholm',1,'2017-03-17 23:00:00','2017-03-17 23:00:00');
INSERT INTO `__PREFIX__cities` (`country_code`, `name`, `longitude`, `latitude`, `feature_class`, `feature_code`, `subadmin1_code`, `subadmin2_code`, `population`, `time_zone`, `active`, `created_at`, `updated_at`) VALUES ('SE','{\"en\":\"Malmö\"}',13.00,55.61,'P','PPLA','SE.27','SE.27.1280',301706,'Europe/Stockholm',1,'2021-03-25 23:00:00','2021-03-25 23:00:00');
INSERT INTO `__PREFIX__cities` (`country_code`, `name`, `longitude`, `latitude`, `feature_class`, `feature_code`, `subadmin1_code`, `subadmin2_code`, `population`, `time_zone`, `active`, `created_at`, `updated_at`) VALUES ('SE','{\"en\":\"Lysekil\"}',11.44,58.27,'P','PPLA2','SE.28','SE.28.1484',7734,'Europe/Stockholm',1,'2017-03-17 23:00:00','2017-03-17 23:00:00');
INSERT INTO `__PREFIX__cities` (`country_code`, `name`, `longitude`, `latitude`, `feature_class`, `feature_code`, `subadmin1_code`, `subadmin2_code`, `population`, `time_zone`, `active`, `created_at`, `updated_at`) VALUES ('SE','{\"en\":\"Lycksele\"}',18.67,64.60,'P','PPLA2','SE.23','SE.23.2481',8545,'Europe/Stockholm',1,'2017-03-17 23:00:00','2017-03-17 23:00:00');
INSERT INTO `__PREFIX__cities` (`country_code`, `name`, `longitude`, `latitude`, `feature_class`, `feature_code`, `subadmin1_code`, `subadmin2_code`, `population`, `time_zone`, `active`, `created_at`, `updated_at`) VALUES ('SE','{\"en\":\"Lund\"}',13.19,55.71,'P','PPLA2','SE.27','SE.27.1281',87244,'Europe/Stockholm',1,'2019-09-04 23:00:00','2019-09-04 23:00:00');
INSERT INTO `__PREFIX__cities` (`country_code`, `name`, `longitude`, `latitude`, `feature_class`, `feature_code`, `subadmin1_code`, `subadmin2_code`, `population`, `time_zone`, `active`, `created_at`, `updated_at`) VALUES ('SE','{\"en\":\"Ludvika\"}',15.19,60.15,'P','PPLA2','SE.10','SE.10.2085',15245,'Europe/Stockholm',1,'2017-03-17 23:00:00','2017-03-17 23:00:00');
INSERT INTO `__PREFIX__cities` (`country_code`, `name`, `longitude`, `latitude`, `feature_class`, `feature_code`, `subadmin1_code`, `subadmin2_code`, `population`, `time_zone`, `active`, `created_at`, `updated_at`) VALUES ('SE','{\"en\":\"Lomma\"}',13.07,55.67,'P','PPLA2','SE.27','SE.27.1262',12368,'Europe/Stockholm',1,'2017-03-17 23:00:00','2017-03-17 23:00:00');
INSERT INTO `__PREFIX__cities` (`country_code`, `name`, `longitude`, `latitude`, `feature_class`, `feature_code`, `subadmin1_code`, `subadmin2_code`, `population`, `time_zone`, `active`, `created_at`, `updated_at`) VALUES ('SE','{\"en\":\"Löddeköpinge\"}',13.02,55.77,'P','PPL','SE.27','SE.27.1261',6481,'Europe/Stockholm',1,'2017-03-17 23:00:00','2017-03-17 23:00:00');
INSERT INTO `__PREFIX__cities` (`country_code`, `name`, `longitude`, `latitude`, `feature_class`, `feature_code`, `subadmin1_code`, `subadmin2_code`, `population`, `time_zone`, `active`, `created_at`, `updated_at`) VALUES ('SE','{\"en\":\"Ljusdal\"}',16.09,61.83,'P','PPLA2','SE.03','SE.03.2161',7259,'Europe/Stockholm',1,'2017-03-17 23:00:00','2017-03-17 23:00:00');
INSERT INTO `__PREFIX__cities` (`country_code`, `name`, `longitude`, `latitude`, `feature_class`, `feature_code`, `subadmin1_code`, `subadmin2_code`, `population`, `time_zone`, `active`, `created_at`, `updated_at`) VALUES ('SE','{\"en\":\"Ljungsbro\"}',15.50,58.52,'P','PPL','SE.16','SE.16.0580',6763,'Europe/Stockholm',1,'2017-03-17 23:00:00','2017-03-17 23:00:00');
INSERT INTO `__PREFIX__cities` (`country_code`, `name`, `longitude`, `latitude`, `feature_class`, `feature_code`, `subadmin1_code`, `subadmin2_code`, `population`, `time_zone`, `active`, `created_at`, `updated_at`) VALUES ('SE','{\"en\":\"Ljungby\"}',13.94,56.83,'P','PPLA2','SE.12','SE.12.0781',15785,'Europe/Stockholm',1,'2017-03-17 23:00:00','2017-03-17 23:00:00');
INSERT INTO `__PREFIX__cities` (`country_code`, `name`, `longitude`, `latitude`, `feature_class`, `feature_code`, `subadmin1_code`, `subadmin2_code`, `population`, `time_zone`, `active`, `created_at`, `updated_at`) VALUES ('SE','{\"en\":\"Linköping\"}',15.62,58.41,'P','PPLA','SE.16','SE.16.0580',106502,'Europe/Stockholm',1,'2019-09-04 23:00:00','2019-09-04 23:00:00');
INSERT INTO `__PREFIX__cities` (`country_code`, `name`, `longitude`, `latitude`, `feature_class`, `feature_code`, `subadmin1_code`, `subadmin2_code`, `population`, `time_zone`, `active`, `created_at`, `updated_at`) VALUES ('SE','{\"en\":\"Lindsdal\"}',16.30,56.73,'P','PPL','SE.09','SE.09.0880',5709,'Europe/Stockholm',1,'2017-03-17 23:00:00','2017-03-17 23:00:00');
INSERT INTO `__PREFIX__cities` (`country_code`, `name`, `longitude`, `latitude`, `feature_class`, `feature_code`, `subadmin1_code`, `subadmin2_code`, `population`, `time_zone`, `active`, `created_at`, `updated_at`) VALUES ('SE','{\"en\":\"Lindome\"}',12.08,57.57,'P','PPL','SE.28','SE.28.1481',10942,'Europe/Stockholm',1,'2012-01-31 23:00:00','2012-01-31 23:00:00');
INSERT INTO `__PREFIX__cities` (`country_code`, `name`, `longitude`, `latitude`, `feature_class`, `feature_code`, `subadmin1_code`, `subadmin2_code`, `population`, `time_zone`, `active`, `created_at`, `updated_at`) VALUES ('SE','{\"en\":\"Lindesberg\"}',15.23,59.59,'P','PPLA2','SE.15','SE.15.1885',9571,'Europe/Stockholm',1,'2017-03-17 23:00:00','2017-03-17 23:00:00');
INSERT INTO `__PREFIX__cities` (`country_code`, `name`, `longitude`, `latitude`, `feature_class`, `feature_code`, `subadmin1_code`, `subadmin2_code`, `population`, `time_zone`, `active`, `created_at`, `updated_at`) VALUES ('SE','{\"en\":\"Lidköping\"}',13.16,58.51,'P','PPLA2','SE.28','SE.28.1494',22988,'Europe/Stockholm',1,'2017-03-17 23:00:00','2017-03-17 23:00:00');
INSERT INTO `__PREFIX__cities` (`country_code`, `name`, `longitude`, `latitude`, `feature_class`, `feature_code`, `subadmin1_code`, `subadmin2_code`, `population`, `time_zone`, `active`, `created_at`, `updated_at`) VALUES ('SE','{\"en\":\"Lidingö\"}',18.13,59.37,'P','PPLA2','SE.26','SE.26.0186',42466,'Europe/Stockholm',1,'2017-03-17 23:00:00','2017-03-17 23:00:00');
INSERT INTO `__PREFIX__cities` (`country_code`, `name`, `longitude`, `latitude`, `feature_class`, `feature_code`, `subadmin1_code`, `subadmin2_code`, `population`, `time_zone`, `active`, `created_at`, `updated_at`) VALUES ('SE','{\"en\":\"Lerum\"}',12.27,57.77,'P','PPLA2','SE.28','SE.28.1441',26913,'Europe/Stockholm',1,'2017-03-17 23:00:00','2017-03-17 23:00:00');
INSERT INTO `__PREFIX__cities` (`country_code`, `name`, `longitude`, `latitude`, `feature_class`, `feature_code`, `subadmin1_code`, `subadmin2_code`, `population`, `time_zone`, `active`, `created_at`, `updated_at`) VALUES ('SE','{\"en\":\"Leksand\"}',15.00,60.73,'P','PPLA2','SE.10','SE.10.2029',6107,'Europe/Stockholm',1,'2017-03-17 23:00:00','2017-03-17 23:00:00');
INSERT INTO `__PREFIX__cities` (`country_code`, `name`, `longitude`, `latitude`, `feature_class`, `feature_code`, `subadmin1_code`, `subadmin2_code`, `population`, `time_zone`, `active`, `created_at`, `updated_at`) VALUES ('SE','{\"en\":\"Landvetter\"}',12.21,57.69,'P','PPL','SE.28','SE.28.1401',8839,'Europe/Stockholm',1,'2017-03-17 23:00:00','2017-03-17 23:00:00');
INSERT INTO `__PREFIX__cities` (`country_code`, `name`, `longitude`, `latitude`, `feature_class`, `feature_code`, `subadmin1_code`, `subadmin2_code`, `population`, `time_zone`, `active`, `created_at`, `updated_at`) VALUES ('SE','{\"en\":\"Landskrona\"}',12.83,55.87,'P','PPLA2','SE.27','SE.27.1282',32229,'Europe/Stockholm',1,'2019-09-04 23:00:00','2019-09-04 23:00:00');
INSERT INTO `__PREFIX__cities` (`country_code`, `name`, `longitude`, `latitude`, `feature_class`, `feature_code`, `subadmin1_code`, `subadmin2_code`, `population`, `time_zone`, `active`, `created_at`, `updated_at`) VALUES ('SE','{\"en\":\"Laholm\"}',13.04,56.51,'P','PPLA2','SE.06','SE.06.1381',6527,'Europe/Stockholm',1,'2017-03-17 23:00:00','2017-03-17 23:00:00');
INSERT INTO `__PREFIX__cities` (`country_code`, `name`, `longitude`, `latitude`, `feature_class`, `feature_code`, `subadmin1_code`, `subadmin2_code`, `population`, `time_zone`, `active`, `created_at`, `updated_at`) VALUES ('SE','{\"en\":\"Kvissleby\"}',17.38,62.29,'P','PPL','SE.24','SE.24.2281',8785,'Europe/Stockholm',1,'2017-03-17 23:00:00','2017-03-17 23:00:00');
INSERT INTO `__PREFIX__cities` (`country_code`, `name`, `longitude`, `latitude`, `feature_class`, `feature_code`, `subadmin1_code`, `subadmin2_code`, `population`, `time_zone`, `active`, `created_at`, `updated_at`) VALUES ('SE','{\"en\":\"Kungsör\"}',16.10,59.42,'P','PPLA2','SE.25','SE.25.1960',5885,'Europe/Stockholm',1,'2017-03-17 23:00:00','2017-03-17 23:00:00');
INSERT INTO `__PREFIX__cities` (`country_code`, `name`, `longitude`, `latitude`, `feature_class`, `feature_code`, `subadmin1_code`, `subadmin2_code`, `population`, `time_zone`, `active`, `created_at`, `updated_at`) VALUES ('SE','{\"en\":\"Kungsholmen\"}',18.04,59.33,'P','PPLX','SE.26','SE.26.0180',69363,'Europe/Stockholm',1,'2016-10-13 23:00:00','2016-10-13 23:00:00');
INSERT INTO `__PREFIX__cities` (`country_code`, `name`, `longitude`, `latitude`, `feature_class`, `feature_code`, `subadmin1_code`, `subadmin2_code`, `population`, `time_zone`, `active`, `created_at`, `updated_at`) VALUES ('SE','{\"en\":\"Kungsbacka\"}',12.08,57.49,'P','PPLA2','SE.06','SE.06.1384',18698,'Europe/Stockholm',1,'2011-12-19 23:00:00','2011-12-19 23:00:00');
INSERT INTO `__PREFIX__cities` (`country_code`, `name`, `longitude`, `latitude`, `feature_class`, `feature_code`, `subadmin1_code`, `subadmin2_code`, `population`, `time_zone`, `active`, `created_at`, `updated_at`) VALUES ('SE','{\"en\":\"Kungsängen\"}',17.75,59.48,'P','PPLA2','SE.26','SE.26.0139',10151,'Europe/Stockholm',1,'2017-03-17 23:00:00','2017-03-17 23:00:00');
INSERT INTO `__PREFIX__cities` (`country_code`, `name`, `longitude`, `latitude`, `feature_class`, `feature_code`, `subadmin1_code`, `subadmin2_code`, `population`, `time_zone`, `active`, `created_at`, `updated_at`) VALUES ('SE','{\"en\":\"Kungälv\"}',11.98,57.87,'P','PPLA2','SE.28','SE.28.1482',24101,'Europe/Stockholm',1,'2017-03-17 23:00:00','2017-03-17 23:00:00');
INSERT INTO `__PREFIX__cities` (`country_code`, `name`, `longitude`, `latitude`, `feature_class`, `feature_code`, `subadmin1_code`, `subadmin2_code`, `population`, `time_zone`, `active`, `created_at`, `updated_at`) VALUES ('SE','{\"en\":\"Kumla\"}',15.14,59.13,'P','PPLA2','SE.15','SE.15.1881',16663,'Europe/Stockholm',1,'2017-03-17 23:00:00','2017-03-17 23:00:00');
INSERT INTO `__PREFIX__cities` (`country_code`, `name`, `longitude`, `latitude`, `feature_class`, `feature_code`, `subadmin1_code`, `subadmin2_code`, `population`, `time_zone`, `active`, `created_at`, `updated_at`) VALUES ('SE','{\"en\":\"Krokek\"}',16.37,58.67,'P','PPL','SE.16','SE.16.0581',5053,'Europe/Stockholm',1,'2017-03-18 23:00:00','2017-03-18 23:00:00');
INSERT INTO `__PREFIX__cities` (`country_code`, `name`, `longitude`, `latitude`, `feature_class`, `feature_code`, `subadmin1_code`, `subadmin2_code`, `population`, `time_zone`, `active`, `created_at`, `updated_at`) VALUES ('SE','{\"en\":\"Kristinehamn\"}',14.11,59.31,'P','PPLA2','SE.22','SE.22.1781',18557,'Europe/Stockholm',1,'2017-03-17 23:00:00','2017-03-17 23:00:00');
INSERT INTO `__PREFIX__cities` (`country_code`, `name`, `longitude`, `latitude`, `feature_class`, `feature_code`, `subadmin1_code`, `subadmin2_code`, `population`, `time_zone`, `active`, `created_at`, `updated_at`) VALUES ('SE','{\"en\":\"Kristianstad\"}',14.15,56.03,'P','PPLA2','SE.27','SE.27.1290',39762,'Europe/Stockholm',1,'2019-09-04 23:00:00','2019-09-04 23:00:00');
INSERT INTO `__PREFIX__cities` (`country_code`, `name`, `longitude`, `latitude`, `feature_class`, `feature_code`, `subadmin1_code`, `subadmin2_code`, `population`, `time_zone`, `active`, `created_at`, `updated_at`) VALUES ('SE','{\"en\":\"Kramfors\"}',17.78,62.93,'P','PPLA2','SE.24','SE.24.2282',6582,'Europe/Stockholm',1,'2018-04-21 23:00:00','2018-04-21 23:00:00');
INSERT INTO `__PREFIX__cities` (`country_code`, `name`, `longitude`, `latitude`, `feature_class`, `feature_code`, `subadmin1_code`, `subadmin2_code`, `population`, `time_zone`, `active`, `created_at`, `updated_at`) VALUES ('SE','{\"en\":\"Köping\"}',15.99,59.51,'P','PPLA2','SE.25','SE.25.1983',18355,'Europe/Stockholm',1,'2017-03-17 23:00:00','2017-03-17 23:00:00');
INSERT INTO `__PREFIX__cities` (`country_code`, `name`, `longitude`, `latitude`, `feature_class`, `feature_code`, `subadmin1_code`, `subadmin2_code`, `population`, `time_zone`, `active`, `created_at`, `updated_at`) VALUES ('SE','{\"en\":\"Knivsta\"}',17.79,59.73,'P','PPLA2','SE.21','SE.21.0330',7977,'Europe/Stockholm',1,'2017-03-17 23:00:00','2017-03-17 23:00:00');
INSERT INTO `__PREFIX__cities` (`country_code`, `name`, `longitude`, `latitude`, `feature_class`, `feature_code`, `subadmin1_code`, `subadmin2_code`, `population`, `time_zone`, `active`, `created_at`, `updated_at`) VALUES ('SE','{\"en\":\"Klippan\"}',13.13,56.14,'P','PPLA2','SE.27','SE.27.1276',8411,'Europe/Stockholm',1,'2017-03-17 23:00:00','2017-03-17 23:00:00');
INSERT INTO `__PREFIX__cities` (`country_code`, `name`, `longitude`, `latitude`, `feature_class`, `feature_code`, `subadmin1_code`, `subadmin2_code`, `population`, `time_zone`, `active`, `created_at`, `updated_at`) VALUES ('SE','{\"en\":\"Kista\"}',17.94,59.40,'P','PPL','SE.26','SE.26.0180',10254,'Europe/Stockholm',1,'2013-08-24 23:00:00','2013-08-24 23:00:00');
INSERT INTO `__PREFIX__cities` (`country_code`, `name`, `longitude`, `latitude`, `feature_class`, `feature_code`, `subadmin1_code`, `subadmin2_code`, `population`, `time_zone`, `active`, `created_at`, `updated_at`) VALUES ('SE','{\"en\":\"Kinna\"}',12.69,57.51,'P','PPLA2','SE.28','SE.28.1463',15019,'Europe/Stockholm',1,'2017-03-17 23:00:00','2017-03-17 23:00:00');
INSERT INTO `__PREFIX__cities` (`country_code`, `name`, `longitude`, `latitude`, `feature_class`, `feature_code`, `subadmin1_code`, `subadmin2_code`, `population`, `time_zone`, `active`, `created_at`, `updated_at`) VALUES ('SE','{\"en\":\"Kil\"}',13.31,59.50,'P','PPLA2','SE.22','SE.22.1715',7627,'Europe/Stockholm',1,'2017-03-17 23:00:00','2017-03-17 23:00:00');
INSERT INTO `__PREFIX__cities` (`country_code`, `name`, `longitude`, `latitude`, `feature_class`, `feature_code`, `subadmin1_code`, `subadmin2_code`, `population`, `time_zone`, `active`, `created_at`, `updated_at`) VALUES ('SE','{\"en\":\"Kävlinge\"}',13.11,55.79,'P','PPLA2','SE.27','SE.27.1261',9320,'Europe/Stockholm',1,'2017-03-17 23:00:00','2017-03-17 23:00:00');
INSERT INTO `__PREFIX__cities` (`country_code`, `name`, `longitude`, `latitude`, `feature_class`, `feature_code`, `subadmin1_code`, `subadmin2_code`, `population`, `time_zone`, `active`, `created_at`, `updated_at`) VALUES ('SE','{\"en\":\"Katrineholm\"}',16.21,59.00,'P','PPLA2','SE.18','SE.18.0483',23283,'Europe/Stockholm',1,'2017-03-17 23:00:00','2017-03-17 23:00:00');
INSERT INTO `__PREFIX__cities` (`country_code`, `name`, `longitude`, `latitude`, `feature_class`, `feature_code`, `subadmin1_code`, `subadmin2_code`, `population`, `time_zone`, `active`, `created_at`, `updated_at`) VALUES ('SE','{\"en\":\"Karlstad\"}',13.50,59.38,'P','PPLA','SE.22','SE.22.1780',61492,'Europe/Stockholm',1,'2019-09-04 23:00:00','2019-09-04 23:00:00');
INSERT INTO `__PREFIX__cities` (`country_code`, `name`, `longitude`, `latitude`, `feature_class`, `feature_code`, `subadmin1_code`, `subadmin2_code`, `population`, `time_zone`, `active`, `created_at`, `updated_at`) VALUES ('SE','{\"en\":\"Karlskrona\"}',15.59,56.16,'P','PPLA','SE.02','SE.02.1080',36477,'Europe/Stockholm',1,'2019-09-04 23:00:00','2019-09-04 23:00:00');
INSERT INTO `__PREFIX__cities` (`country_code`, `name`, `longitude`, `latitude`, `feature_class`, `feature_code`, `subadmin1_code`, `subadmin2_code`, `population`, `time_zone`, `active`, `created_at`, `updated_at`) VALUES ('SE','{\"en\":\"Karlskoga\"}',14.52,59.33,'P','PPLA2','SE.15','SE.15.1883',27490,'Europe/Stockholm',1,'2019-09-04 23:00:00','2019-09-04 23:00:00');
INSERT INTO `__PREFIX__cities` (`country_code`, `name`, `longitude`, `latitude`, `feature_class`, `feature_code`, `subadmin1_code`, `subadmin2_code`, `population`, `time_zone`, `active`, `created_at`, `updated_at`) VALUES ('SE','{\"en\":\"Karlshamn\"}',14.86,56.17,'P','PPLA2','SE.02','SE.02.1082',20112,'Europe/Stockholm',1,'2017-03-17 23:00:00','2017-03-17 23:00:00');
INSERT INTO `__PREFIX__cities` (`country_code`, `name`, `longitude`, `latitude`, `feature_class`, `feature_code`, `subadmin1_code`, `subadmin2_code`, `population`, `time_zone`, `active`, `created_at`, `updated_at`) VALUES ('SE','{\"en\":\"Kalmar\"}',16.36,56.66,'P','PPLA','SE.09','SE.09.0880',38408,'Europe/Stockholm',1,'2019-10-09 23:00:00','2019-10-09 23:00:00');
INSERT INTO `__PREFIX__cities` (`country_code`, `name`, `longitude`, `latitude`, `feature_class`, `feature_code`, `subadmin1_code`, `subadmin2_code`, `population`, `time_zone`, `active`, `created_at`, `updated_at`) VALUES ('SE','{\"en\":\"Kållered\"}',12.05,57.61,'P','PPL','SE.28','SE.28.1481',6784,'Europe/Stockholm',1,'2011-10-29 23:00:00','2011-10-29 23:00:00');
INSERT INTO `__PREFIX__cities` (`country_code`, `name`, `longitude`, `latitude`, `feature_class`, `feature_code`, `subadmin1_code`, `subadmin2_code`, `population`, `time_zone`, `active`, `created_at`, `updated_at`) VALUES ('SE','{\"en\":\"Jordbro\"}',18.12,59.15,'P','PPL','SE.26','SE.26.0136',10757,'Europe/Stockholm',1,'2017-03-17 23:00:00','2017-03-17 23:00:00');
INSERT INTO `__PREFIX__cities` (`country_code`, `name`, `longitude`, `latitude`, `feature_class`, `feature_code`, `subadmin1_code`, `subadmin2_code`, `population`, `time_zone`, `active`, `created_at`, `updated_at`) VALUES ('SE','{\"en\":\"Jönköping\"}',14.16,57.78,'P','PPLA','SE.08','SE.08.0680',93797,'Europe/Stockholm',1,'2019-09-04 23:00:00','2019-09-04 23:00:00');
INSERT INTO `__PREFIX__cities` (`country_code`, `name`, `longitude`, `latitude`, `feature_class`, `feature_code`, `subadmin1_code`, `subadmin2_code`, `population`, `time_zone`, `active`, `created_at`, `updated_at`) VALUES ('SE','{\"en\":\"Järna\"}',17.57,59.09,'P','PPL','SE.26','SE.26.0181',6038,'Europe/Stockholm',1,'2017-03-17 23:00:00','2017-03-17 23:00:00');
INSERT INTO `__PREFIX__cities` (`country_code`, `name`, `longitude`, `latitude`, `feature_class`, `feature_code`, `subadmin1_code`, `subadmin2_code`, `population`, `time_zone`, `active`, `created_at`, `updated_at`) VALUES ('SE','{\"en\":\"Jakobsberg\"}',17.84,59.42,'P','PPLA2','SE.26','SE.26.0123',24046,'Europe/Stockholm',1,'2011-12-19 23:00:00','2011-12-19 23:00:00');
INSERT INTO `__PREFIX__cities` (`country_code`, `name`, `longitude`, `latitude`, `feature_class`, `feature_code`, `subadmin1_code`, `subadmin2_code`, `population`, `time_zone`, `active`, `created_at`, `updated_at`) VALUES ('SE','{\"en\":\"Huskvarna\"}',14.30,57.79,'P','PPL','SE.08','SE.08.0680',21500,'Europe/Stockholm',1,'2011-10-29 23:00:00','2011-10-29 23:00:00');
INSERT INTO `__PREFIX__cities` (`country_code`, `name`, `longitude`, `latitude`, `feature_class`, `feature_code`, `subadmin1_code`, `subadmin2_code`, `population`, `time_zone`, `active`, `created_at`, `updated_at`) VALUES ('SE','{\"en\":\"Hultsfred\"}',15.84,57.49,'P','PPLA2','SE.09','SE.09.0860',5510,'Europe/Stockholm',1,'2017-03-17 23:00:00','2017-03-17 23:00:00');
INSERT INTO `__PREFIX__cities` (`country_code`, `name`, `longitude`, `latitude`, `feature_class`, `feature_code`, `subadmin1_code`, `subadmin2_code`, `population`, `time_zone`, `active`, `created_at`, `updated_at`) VALUES ('SE','{\"en\":\"Hudiksvall\"}',17.11,61.73,'P','PPLA2','SE.03','SE.03.2184',16081,'Europe/Stockholm',1,'2017-03-17 23:00:00','2017-03-17 23:00:00');
INSERT INTO `__PREFIX__cities` (`country_code`, `name`, `longitude`, `latitude`, `feature_class`, `feature_code`, `subadmin1_code`, `subadmin2_code`, `population`, `time_zone`, `active`, `created_at`, `updated_at`) VALUES ('SE','{\"en\":\"Huddinge\"}',17.98,59.24,'P','PPLA2','SE.26','SE.26.0126',90182,'Europe/Stockholm',1,'2011-12-19 23:00:00','2011-12-19 23:00:00');
INSERT INTO `__PREFIX__cities` (`country_code`, `name`, `longitude`, `latitude`, `feature_class`, `feature_code`, `subadmin1_code`, `subadmin2_code`, `population`, `time_zone`, `active`, `created_at`, `updated_at`) VALUES ('SE','{\"en\":\"Hörby\"}',13.66,55.85,'P','PPLA2','SE.27','SE.27.1266',7459,'Europe/Stockholm',1,'2017-03-17 23:00:00','2017-03-17 23:00:00');
INSERT INTO `__PREFIX__cities` (`country_code`, `name`, `longitude`, `latitude`, `feature_class`, `feature_code`, `subadmin1_code`, `subadmin2_code`, `population`, `time_zone`, `active`, `created_at`, `updated_at`) VALUES ('SE','{\"en\":\"Höör\"}',13.54,55.93,'P','PPLA2','SE.27','SE.27.1267',12152,'Europe/Stockholm',1,'2017-03-17 23:00:00','2017-03-17 23:00:00');
INSERT INTO `__PREFIX__cities` (`country_code`, `name`, `longitude`, `latitude`, `feature_class`, `feature_code`, `subadmin1_code`, `subadmin2_code`, `population`, `time_zone`, `active`, `created_at`, `updated_at`) VALUES ('SE','{\"en\":\"Hönö\"}',11.65,57.69,'P','PPL','SE.28','SE.28.1407',5293,'Europe/Stockholm',1,'2017-04-05 23:00:00','2017-04-05 23:00:00');
INSERT INTO `__PREFIX__cities` (`country_code`, `name`, `longitude`, `latitude`, `feature_class`, `feature_code`, `subadmin1_code`, `subadmin2_code`, `population`, `time_zone`, `active`, `created_at`, `updated_at`) VALUES ('SE','{\"en\":\"Höllviken\"}',12.96,55.41,'P','PPL','SE.27','SE.27.1233',14889,'Europe/Stockholm',1,'2017-03-17 23:00:00','2017-03-17 23:00:00');
INSERT INTO `__PREFIX__cities` (`country_code`, `name`, `longitude`, `latitude`, `feature_class`, `feature_code`, `subadmin1_code`, `subadmin2_code`, `population`, `time_zone`, `active`, `created_at`, `updated_at`) VALUES ('SE','{\"en\":\"Höganäs\"}',12.56,56.20,'P','PPLA2','SE.27','SE.27.1284',14778,'Europe/Stockholm',1,'2017-03-17 23:00:00','2017-03-17 23:00:00');
INSERT INTO `__PREFIX__cities` (`country_code`, `name`, `longitude`, `latitude`, `feature_class`, `feature_code`, `subadmin1_code`, `subadmin2_code`, `population`, `time_zone`, `active`, `created_at`, `updated_at`) VALUES ('SE','{\"en\":\"Hofors\"}',16.29,60.55,'P','PPLA2','SE.03','SE.03.2104',6090,'Europe/Stockholm',1,'2017-03-17 23:00:00','2017-03-17 23:00:00');
INSERT INTO `__PREFIX__cities` (`country_code`, `name`, `longitude`, `latitude`, `feature_class`, `feature_code`, `subadmin1_code`, `subadmin2_code`, `population`, `time_zone`, `active`, `created_at`, `updated_at`) VALUES ('SE','{\"en\":\"Hjo\"}',14.29,58.30,'P','PPLA2','SE.28','SE.28.1497',6203,'Europe/Stockholm',1,'2017-03-17 23:00:00','2017-03-17 23:00:00');
INSERT INTO `__PREFIX__cities` (`country_code`, `name`, `longitude`, `latitude`, `feature_class`, `feature_code`, `subadmin1_code`, `subadmin2_code`, `population`, `time_zone`, `active`, `created_at`, `updated_at`) VALUES ('SE','{\"en\":\"Helsingborg\"}',12.69,56.05,'P','PPLA2','SE.27','SE.27.1283',104250,'Europe/Stockholm',1,'2019-09-04 23:00:00','2019-09-04 23:00:00');
INSERT INTO `__PREFIX__cities` (`country_code`, `name`, `longitude`, `latitude`, `feature_class`, `feature_code`, `subadmin1_code`, `subadmin2_code`, `population`, `time_zone`, `active`, `created_at`, `updated_at`) VALUES ('SE','{\"en\":\"Hedemora\"}',15.99,60.28,'P','PPLA2','SE.10','SE.10.2083',7371,'Europe/Stockholm',1,'2017-03-17 23:00:00','2017-03-17 23:00:00');
INSERT INTO `__PREFIX__cities` (`country_code`, `name`, `longitude`, `latitude`, `feature_class`, `feature_code`, `subadmin1_code`, `subadmin2_code`, `population`, `time_zone`, `active`, `created_at`, `updated_at`) VALUES ('SE','{\"en\":\"Hässleholm\"}',13.77,56.16,'P','PPLA2','SE.27','SE.27.1293',19309,'Europe/Stockholm',1,'2019-09-04 23:00:00','2019-09-04 23:00:00');
INSERT INTO `__PREFIX__cities` (`country_code`, `name`, `longitude`, `latitude`, `feature_class`, `feature_code`, `subadmin1_code`, `subadmin2_code`, `population`, `time_zone`, `active`, `created_at`, `updated_at`) VALUES ('SE','{\"en\":\"Härnösand\"}',17.94,62.63,'P','PPLA','SE.24','SE.24.2280',18426,'Europe/Stockholm',1,'2018-10-22 23:00:00','2018-10-22 23:00:00');
INSERT INTO `__PREFIX__cities` (`country_code`, `name`, `longitude`, `latitude`, `feature_class`, `feature_code`, `subadmin1_code`, `subadmin2_code`, `population`, `time_zone`, `active`, `created_at`, `updated_at`) VALUES ('SE','{\"en\":\"Haninge\"}',18.14,59.17,'P','PPL','SE.26','SE.26.0136',74968,'Europe/Stockholm',1,'2011-10-29 23:00:00','2011-10-29 23:00:00');
INSERT INTO `__PREFIX__cities` (`country_code`, `name`, `longitude`, `latitude`, `feature_class`, `feature_code`, `subadmin1_code`, `subadmin2_code`, `population`, `time_zone`, `active`, `created_at`, `updated_at`) VALUES ('SE','{\"en\":\"Handen\"}',18.14,59.17,'P','PPLA2','SE.26','SE.26.0136',11524,'Europe/Stockholm',1,'2011-12-19 23:00:00','2011-12-19 23:00:00');
INSERT INTO `__PREFIX__cities` (`country_code`, `name`, `longitude`, `latitude`, `feature_class`, `feature_code`, `subadmin1_code`, `subadmin2_code`, `population`, `time_zone`, `active`, `created_at`, `updated_at`) VALUES ('SE','{\"en\":\"Halmstad\"}',12.86,56.67,'P','PPLA','SE.06','SE.06.1380',66124,'Europe/Stockholm',1,'2019-09-04 23:00:00','2019-09-04 23:00:00');
INSERT INTO `__PREFIX__cities` (`country_code`, `name`, `longitude`, `latitude`, `feature_class`, `feature_code`, `subadmin1_code`, `subadmin2_code`, `population`, `time_zone`, `active`, `created_at`, `updated_at`) VALUES ('SE','{\"en\":\"Hallstahammar\"}',16.23,59.61,'P','PPLA2','SE.25','SE.25.1961',10787,'Europe/Stockholm',1,'2017-03-17 23:00:00','2017-03-17 23:00:00');
INSERT INTO `__PREFIX__cities` (`country_code`, `name`, `longitude`, `latitude`, `feature_class`, `feature_code`, `subadmin1_code`, `subadmin2_code`, `population`, `time_zone`, `active`, `created_at`, `updated_at`) VALUES ('SE','{\"en\":\"Hallsberg\"}',15.11,59.06,'P','PPLA2','SE.15','SE.15.1861',8146,'Europe/Stockholm',1,'2017-03-17 23:00:00','2017-03-17 23:00:00');
INSERT INTO `__PREFIX__cities` (`country_code`, `name`, `longitude`, `latitude`, `feature_class`, `feature_code`, `subadmin1_code`, `subadmin2_code`, `population`, `time_zone`, `active`, `created_at`, `updated_at`) VALUES ('SE','{\"en\":\"Habo\"}',14.07,57.91,'P','PPLA2','SE.08','SE.08.0643',7740,'Europe/Stockholm',1,'2017-03-17 23:00:00','2017-03-17 23:00:00');
INSERT INTO `__PREFIX__cities` (`country_code`, `name`, `longitude`, `latitude`, `feature_class`, `feature_code`, `subadmin1_code`, `subadmin2_code`, `population`, `time_zone`, `active`, `created_at`, `updated_at`) VALUES ('SE','{\"en\":\"Gustavsberg\"}',18.39,59.33,'P','PPLA2','SE.26','SE.26.0120',20774,'Europe/Stockholm',1,'2017-03-17 23:00:00','2017-03-17 23:00:00');
INSERT INTO `__PREFIX__cities` (`country_code`, `name`, `longitude`, `latitude`, `feature_class`, `feature_code`, `subadmin1_code`, `subadmin2_code`, `population`, `time_zone`, `active`, `created_at`, `updated_at`) VALUES ('SE','{\"en\":\"Grums\"}',13.11,59.35,'P','PPLA2','SE.22','SE.22.1764',5040,'Europe/Stockholm',1,'2017-03-17 23:00:00','2017-03-17 23:00:00');
INSERT INTO `__PREFIX__cities` (`country_code`, `name`, `longitude`, `latitude`, `feature_class`, `feature_code`, `subadmin1_code`, `subadmin2_code`, `population`, `time_zone`, `active`, `created_at`, `updated_at`) VALUES ('SE','{\"en\":\"Gråbo\"}',12.30,57.84,'P','PPL','SE.28','SE.28.1441',6021,'Europe/Stockholm',1,'2017-03-17 23:00:00','2017-03-17 23:00:00');
INSERT INTO `__PREFIX__cities` (`country_code`, `name`, `longitude`, `latitude`, `feature_class`, `feature_code`, `subadmin1_code`, `subadmin2_code`, `population`, `time_zone`, `active`, `created_at`, `updated_at`) VALUES ('SE','{\"en\":\"Götene\"}',13.49,58.53,'P','PPLA2','SE.28','SE.28.1471',5027,'Europe/Stockholm',1,'2017-03-17 23:00:00','2017-03-17 23:00:00');
INSERT INTO `__PREFIX__cities` (`country_code`, `name`, `longitude`, `latitude`, `feature_class`, `feature_code`, `subadmin1_code`, `subadmin2_code`, `population`, `time_zone`, `active`, `created_at`, `updated_at`) VALUES ('SE','{\"en\":\"Göteborg\"}',11.97,57.71,'P','PPLA','SE.28','SE.28.1480',572799,'Europe/Stockholm',1,'2021-08-01 23:00:00','2021-08-01 23:00:00');
INSERT INTO `__PREFIX__cities` (`country_code`, `name`, `longitude`, `latitude`, `feature_class`, `feature_code`, `subadmin1_code`, `subadmin2_code`, `population`, `time_zone`, `active`, `created_at`, `updated_at`) VALUES ('SE','{\"en\":\"Gnesta\"}',17.31,59.05,'P','PPLA2','SE.18','SE.18.0461',5772,'Europe/Stockholm',1,'2017-03-17 23:00:00','2017-03-17 23:00:00');
INSERT INTO `__PREFIX__cities` (`country_code`, `name`, `longitude`, `latitude`, `feature_class`, `feature_code`, `subadmin1_code`, `subadmin2_code`, `population`, `time_zone`, `active`, `created_at`, `updated_at`) VALUES ('SE','{\"en\":\"Gislaved\"}',13.54,57.30,'P','PPLA2','SE.08','SE.08.0662',10180,'Europe/Stockholm',1,'2017-03-17 23:00:00','2017-03-17 23:00:00');
INSERT INTO `__PREFIX__cities` (`country_code`, `name`, `longitude`, `latitude`, `feature_class`, `feature_code`, `subadmin1_code`, `subadmin2_code`, `population`, `time_zone`, `active`, `created_at`, `updated_at`) VALUES ('SE','{\"en\":\"Gävle\"}',17.14,60.67,'P','PPLA','SE.03','SE.03.2180',74884,'Europe/Stockholm',1,'2019-09-04 23:00:00','2019-09-04 23:00:00');
INSERT INTO `__PREFIX__cities` (`country_code`, `name`, `longitude`, `latitude`, `feature_class`, `feature_code`, `subadmin1_code`, `subadmin2_code`, `population`, `time_zone`, `active`, `created_at`, `updated_at`) VALUES ('SE','{\"en\":\"Gamla Uppsala\"}',17.63,59.90,'P','PPLX','SE.21','SE.21.0380',16231,'Europe/Stockholm',1,'2014-10-11 23:00:00','2014-10-11 23:00:00');
INSERT INTO `__PREFIX__cities` (`country_code`, `name`, `longitude`, `latitude`, `feature_class`, `feature_code`, `subadmin1_code`, `subadmin2_code`, `population`, `time_zone`, `active`, `created_at`, `updated_at`) VALUES ('SE','{\"en\":\"Fristad\"}',13.01,57.82,'P','PPL','SE.28','SE.28.1490',5409,'Europe/Stockholm',1,'2017-03-17 23:00:00','2017-03-17 23:00:00');
INSERT INTO `__PREFIX__cities` (`country_code`, `name`, `longitude`, `latitude`, `feature_class`, `feature_code`, `subadmin1_code`, `subadmin2_code`, `population`, `time_zone`, `active`, `created_at`, `updated_at`) VALUES ('SE','{\"en\":\"Forshaga\"}',13.48,59.53,'P','PPLA2','SE.22','SE.22.1763',6361,'Europe/Stockholm',1,'2017-03-17 23:00:00','2017-03-17 23:00:00');
INSERT INTO `__PREFIX__cities` (`country_code`, `name`, `longitude`, `latitude`, `feature_class`, `feature_code`, `subadmin1_code`, `subadmin2_code`, `population`, `time_zone`, `active`, `created_at`, `updated_at`) VALUES ('SE','{\"en\":\"Flen\"}',16.59,59.06,'P','PPLA2','SE.18','SE.18.0482',6594,'Europe/Stockholm',1,'2017-03-17 23:00:00','2017-03-17 23:00:00');
INSERT INTO `__PREFIX__cities` (`country_code`, `name`, `longitude`, `latitude`, `feature_class`, `feature_code`, `subadmin1_code`, `subadmin2_code`, `population`, `time_zone`, `active`, `created_at`, `updated_at`) VALUES ('SE','{\"en\":\"Fittja\"}',17.86,59.25,'P','PPL','SE.26','SE.26.0127',7500,'Europe/Stockholm',1,'2011-08-15 23:00:00','2011-08-15 23:00:00');
INSERT INTO `__PREFIX__cities` (`country_code`, `name`, `longitude`, `latitude`, `feature_class`, `feature_code`, `subadmin1_code`, `subadmin2_code`, `population`, `time_zone`, `active`, `created_at`, `updated_at`) VALUES ('SE','{\"en\":\"Finspång\"}',15.77,58.71,'P','PPLA2','SE.16','SE.16.0562',12807,'Europe/Stockholm',1,'2017-03-17 23:00:00','2017-03-17 23:00:00');
INSERT INTO `__PREFIX__cities` (`country_code`, `name`, `longitude`, `latitude`, `feature_class`, `feature_code`, `subadmin1_code`, `subadmin2_code`, `population`, `time_zone`, `active`, `created_at`, `updated_at`) VALUES ('SE','{\"en\":\"Filipstad\"}',14.17,59.71,'P','PPLA2','SE.22','SE.22.1782',6119,'Europe/Stockholm',1,'2017-03-17 23:00:00','2017-03-17 23:00:00');
INSERT INTO `__PREFIX__cities` (`country_code`, `name`, `longitude`, `latitude`, `feature_class`, `feature_code`, `subadmin1_code`, `subadmin2_code`, `population`, `time_zone`, `active`, `created_at`, `updated_at`) VALUES ('SE','{\"en\":\"Färjestaden\"}',16.47,56.65,'P','PPL','SE.09','SE.09.0840',5645,'Europe/Stockholm',1,'2017-03-17 23:00:00','2017-03-17 23:00:00');
INSERT INTO `__PREFIX__cities` (`country_code`, `name`, `longitude`, `latitude`, `feature_class`, `feature_code`, `subadmin1_code`, `subadmin2_code`, `population`, `time_zone`, `active`, `created_at`, `updated_at`) VALUES ('SE','{\"en\":\"Falun\"}',15.63,60.60,'P','PPLA','SE.10','SE.10.2080',37000,'Europe/Stockholm',1,'2019-09-04 23:00:00','2019-09-04 23:00:00');
INSERT INTO `__PREFIX__cities` (`country_code`, `name`, `longitude`, `latitude`, `feature_class`, `feature_code`, `subadmin1_code`, `subadmin2_code`, `population`, `time_zone`, `active`, `created_at`, `updated_at`) VALUES ('SE','{\"en\":\"Falköping\"}',13.55,58.17,'P','PPLA2','SE.28','SE.28.1499',17170,'Europe/Stockholm',1,'2017-03-17 23:00:00','2017-03-17 23:00:00');
INSERT INTO `__PREFIX__cities` (`country_code`, `name`, `longitude`, `latitude`, `feature_class`, `feature_code`, `subadmin1_code`, `subadmin2_code`, `population`, `time_zone`, `active`, `created_at`, `updated_at`) VALUES ('SE','{\"en\":\"Falkenberg\"}',12.49,56.91,'P','PPLA2','SE.06','SE.06.1382',24099,'Europe/Stockholm',1,'2017-03-17 23:00:00','2017-03-17 23:00:00');
INSERT INTO `__PREFIX__cities` (`country_code`, `name`, `longitude`, `latitude`, `feature_class`, `feature_code`, `subadmin1_code`, `subadmin2_code`, `population`, `time_zone`, `active`, `created_at`, `updated_at`) VALUES ('SE','{\"en\":\"Fagersta\"}',15.79,60.00,'P','PPLA2','SE.25','SE.25.1982',11936,'Europe/Stockholm',1,'2017-03-17 23:00:00','2017-03-17 23:00:00');
INSERT INTO `__PREFIX__cities` (`country_code`, `name`, `longitude`, `latitude`, `feature_class`, `feature_code`, `subadmin1_code`, `subadmin2_code`, `population`, `time_zone`, `active`, `created_at`, `updated_at`) VALUES ('SE','{\"en\":\"Eslöv\"}',13.30,55.84,'P','PPLA2','SE.27','SE.27.1285',18592,'Europe/Stockholm',1,'2017-03-17 23:00:00','2017-03-17 23:00:00');
INSERT INTO `__PREFIX__cities` (`country_code`, `name`, `longitude`, `latitude`, `feature_class`, `feature_code`, `subadmin1_code`, `subadmin2_code`, `population`, `time_zone`, `active`, `created_at`, `updated_at`) VALUES ('SE','{\"en\":\"Eskilstuna\"}',16.51,59.37,'P','PPLA2','SE.18','SE.18.0484',67359,'Europe/Stockholm',1,'2019-09-04 23:00:00','2019-09-04 23:00:00');
INSERT INTO `__PREFIX__cities` (`country_code`, `name`, `longitude`, `latitude`, `feature_class`, `feature_code`, `subadmin1_code`, `subadmin2_code`, `population`, `time_zone`, `active`, `created_at`, `updated_at`) VALUES ('SE','{\"en\":\"Enköping\"}',17.08,59.64,'P','PPLA2','SE.21','SE.21.0381',22553,'Europe/Stockholm',1,'2017-03-17 23:00:00','2017-03-17 23:00:00');
INSERT INTO `__PREFIX__cities` (`country_code`, `name`, `longitude`, `latitude`, `feature_class`, `feature_code`, `subadmin1_code`, `subadmin2_code`, `population`, `time_zone`, `active`, `created_at`, `updated_at`) VALUES ('SE','{\"en\":\"Eksjö\"}',14.97,57.67,'P','PPLA2','SE.08','SE.08.0686',10157,'Europe/Stockholm',1,'2017-03-17 23:00:00','2017-03-17 23:00:00');
INSERT INTO `__PREFIX__cities` (`country_code`, `name`, `longitude`, `latitude`, `feature_class`, `feature_code`, `subadmin1_code`, `subadmin2_code`, `population`, `time_zone`, `active`, `created_at`, `updated_at`) VALUES ('SE','{\"en\":\"Ekerö\"}',17.81,59.29,'P','PPLA2','SE.26','SE.26.0125',11505,'Europe/Stockholm',1,'2017-03-17 23:00:00','2017-03-17 23:00:00');
INSERT INTO `__PREFIX__cities` (`country_code`, `name`, `longitude`, `latitude`, `feature_class`, `feature_code`, `subadmin1_code`, `subadmin2_code`, `population`, `time_zone`, `active`, `created_at`, `updated_at`) VALUES ('SE','{\"en\":\"Djursholm\"}',18.06,59.40,'P','PPLA2','SE.26','SE.26.0162',8856,'Europe/Stockholm',1,'2011-12-19 23:00:00','2011-12-19 23:00:00');
INSERT INTO `__PREFIX__cities` (`country_code`, `name`, `longitude`, `latitude`, `feature_class`, `feature_code`, `subadmin1_code`, `subadmin2_code`, `population`, `time_zone`, `active`, `created_at`, `updated_at`) VALUES ('SE','{\"en\":\"Degerfors\"}',14.43,59.24,'P','PPLA2','SE.15','SE.15.1862',7190,'Europe/Stockholm',1,'2017-03-17 23:00:00','2017-03-17 23:00:00');
INSERT INTO `__PREFIX__cities` (`country_code`, `name`, `longitude`, `latitude`, `feature_class`, `feature_code`, `subadmin1_code`, `subadmin2_code`, `population`, `time_zone`, `active`, `created_at`, `updated_at`) VALUES ('SE','{\"en\":\"Dalby\"}',13.35,55.67,'P','PPL','SE.27','SE.27.1281',6302,'Europe/Stockholm',1,'2017-03-17 23:00:00','2017-03-17 23:00:00');
INSERT INTO `__PREFIX__cities` (`country_code`, `name`, `longitude`, `latitude`, `feature_class`, `feature_code`, `subadmin1_code`, `subadmin2_code`, `population`, `time_zone`, `active`, `created_at`, `updated_at`) VALUES ('SE','{\"en\":\"Bunkeflostrand\"}',12.92,55.54,'P','PPL','SE.27','SE.27.1280',13048,'Europe/Stockholm',1,'2017-03-18 23:00:00','2017-03-18 23:00:00');
INSERT INTO `__PREFIX__cities` (`country_code`, `name`, `longitude`, `latitude`, `feature_class`, `feature_code`, `subadmin1_code`, `subadmin2_code`, `population`, `time_zone`, `active`, `created_at`, `updated_at`) VALUES ('SE','{\"en\":\"Bromölla\"}',14.47,56.08,'P','PPLA2','SE.27','SE.27.1272',7854,'Europe/Stockholm',1,'2017-03-17 23:00:00','2017-03-17 23:00:00');
INSERT INTO `__PREFIX__cities` (`country_code`, `name`, `longitude`, `latitude`, `feature_class`, `feature_code`, `subadmin1_code`, `subadmin2_code`, `population`, `time_zone`, `active`, `created_at`, `updated_at`) VALUES ('SE','{\"en\":\"Bromma\"}',17.94,59.34,'P','PPLX','SE.26','SE.26.0180',61000,'Europe/Stockholm',1,'2010-06-21 23:00:00','2010-06-21 23:00:00');
INSERT INTO `__PREFIX__cities` (`country_code`, `name`, `longitude`, `latitude`, `feature_class`, `feature_code`, `subadmin1_code`, `subadmin2_code`, `population`, `time_zone`, `active`, `created_at`, `updated_at`) VALUES ('SE','{\"en\":\"Bro\"}',17.63,59.52,'P','PPL','SE.26','SE.26.0139',8266,'Europe/Stockholm',1,'2017-03-17 23:00:00','2017-03-17 23:00:00');
INSERT INTO `__PREFIX__cities` (`country_code`, `name`, `longitude`, `latitude`, `feature_class`, `feature_code`, `subadmin1_code`, `subadmin2_code`, `population`, `time_zone`, `active`, `created_at`, `updated_at`) VALUES ('SE','{\"en\":\"Brevik\"}',18.20,59.35,'P','PPL','SE.26','SE.26.0186',8024,'Europe/Stockholm',1,'2012-01-31 23:00:00','2012-01-31 23:00:00');
INSERT INTO `__PREFIX__cities` (`country_code`, `name`, `longitude`, `latitude`, `feature_class`, `feature_code`, `subadmin1_code`, `subadmin2_code`, `population`, `time_zone`, `active`, `created_at`, `updated_at`) VALUES ('SE','{\"en\":\"Borlänge\"}',15.44,60.49,'P','PPLA2','SE.10','SE.10.2081',41955,'Europe/Stockholm',1,'2017-03-17 23:00:00','2017-03-17 23:00:00');
INSERT INTO `__PREFIX__cities` (`country_code`, `name`, `longitude`, `latitude`, `feature_class`, `feature_code`, `subadmin1_code`, `subadmin2_code`, `population`, `time_zone`, `active`, `created_at`, `updated_at`) VALUES ('SE','{\"en\":\"Borås\"}',12.94,57.72,'P','PPLA2','SE.28','SE.28.1490',71700,'Europe/Stockholm',1,'2019-09-04 23:00:00','2019-09-04 23:00:00');
INSERT INTO `__PREFIX__cities` (`country_code`, `name`, `longitude`, `latitude`, `feature_class`, `feature_code`, `subadmin1_code`, `subadmin2_code`, `population`, `time_zone`, `active`, `created_at`, `updated_at`) VALUES ('SE','{\"en\":\"Bollnäs\"}',16.39,61.35,'P','PPLA2','SE.03','SE.03.2183',13716,'Europe/Stockholm',1,'2017-03-17 23:00:00','2017-03-17 23:00:00');
INSERT INTO `__PREFIX__cities` (`country_code`, `name`, `longitude`, `latitude`, `feature_class`, `feature_code`, `subadmin1_code`, `subadmin2_code`, `population`, `time_zone`, `active`, `created_at`, `updated_at`) VALUES ('SE','{\"en\":\"Boo\"}',18.28,59.33,'P','PPLX','SE.26','SE.26.0182',24052,'Europe/Stockholm',1,'2017-04-06 23:00:00','2017-04-06 23:00:00');
INSERT INTO `__PREFIX__cities` (`country_code`, `name`, `longitude`, `latitude`, `feature_class`, `feature_code`, `subadmin1_code`, `subadmin2_code`, `population`, `time_zone`, `active`, `created_at`, `updated_at`) VALUES ('SE','{\"en\":\"Bjuv\"}',12.92,56.08,'P','PPLA2','SE.27','SE.27.1260',10602,'Europe/Stockholm',1,'2017-03-17 23:00:00','2017-03-17 23:00:00');
INSERT INTO `__PREFIX__cities` (`country_code`, `name`, `longitude`, `latitude`, `feature_class`, `feature_code`, `subadmin1_code`, `subadmin2_code`, `population`, `time_zone`, `active`, `created_at`, `updated_at`) VALUES ('SE','{\"en\":\"Björlanda\"}',11.83,57.77,'P','PPL','SE.28','SE.28.1480',23088,'Europe/Stockholm',1,'2017-03-17 23:00:00','2017-03-17 23:00:00');
INSERT INTO `__PREFIX__cities` (`country_code`, `name`, `longitude`, `latitude`, `feature_class`, `feature_code`, `subadmin1_code`, `subadmin2_code`, `population`, `time_zone`, `active`, `created_at`, `updated_at`) VALUES ('SE','{\"en\":\"Bjärred\"}',13.02,55.72,'P','PPL','SE.27','SE.27.1262',9844,'Europe/Stockholm',1,'2017-03-17 23:00:00','2017-03-17 23:00:00');
INSERT INTO `__PREFIX__cities` (`country_code`, `name`, `longitude`, `latitude`, `feature_class`, `feature_code`, `subadmin1_code`, `subadmin2_code`, `population`, `time_zone`, `active`, `created_at`, `updated_at`) VALUES ('SE','{\"en\":\"Billdal\"}',11.93,57.57,'P','PPL','SE.28','SE.28.1480',14874,'Europe/Stockholm',1,'2017-03-17 23:00:00','2017-03-17 23:00:00');
INSERT INTO `__PREFIX__cities` (`country_code`, `name`, `longitude`, `latitude`, `feature_class`, `feature_code`, `subadmin1_code`, `subadmin2_code`, `population`, `time_zone`, `active`, `created_at`, `updated_at`) VALUES ('SE','{\"en\":\"Bergshamra\"}',18.03,59.38,'P','PPL','SE.26','SE.26.0184',7300,'Europe/Stockholm',1,'2021-03-03 23:00:00','2021-03-03 23:00:00');
INSERT INTO `__PREFIX__cities` (`country_code`, `name`, `longitude`, `latitude`, `feature_class`, `feature_code`, `subadmin1_code`, `subadmin2_code`, `population`, `time_zone`, `active`, `created_at`, `updated_at`) VALUES ('SE','{\"en\":\"Båstad\"}',12.85,56.43,'P','PPLA2','SE.27','SE.27.1278',5146,'Europe/Stockholm',1,'2017-03-17 23:00:00','2017-03-17 23:00:00');
INSERT INTO `__PREFIX__cities` (`country_code`, `name`, `longitude`, `latitude`, `feature_class`, `feature_code`, `subadmin1_code`, `subadmin2_code`, `population`, `time_zone`, `active`, `created_at`, `updated_at`) VALUES ('SE','{\"en\":\"Bankeryd\"}',14.12,57.86,'P','PPL','SE.08','SE.08.0680',8506,'Europe/Stockholm',1,'2017-03-17 23:00:00','2017-03-17 23:00:00');
INSERT INTO `__PREFIX__cities` (`country_code`, `name`, `longitude`, `latitude`, `feature_class`, `feature_code`, `subadmin1_code`, `subadmin2_code`, `population`, `time_zone`, `active`, `created_at`, `updated_at`) VALUES ('SE','{\"en\":\"Bålsta\"}',17.53,59.57,'P','PPLA2','SE.21','SE.21.0305',13138,'Europe/Stockholm',1,'2017-03-17 23:00:00','2017-03-17 23:00:00');
INSERT INTO `__PREFIX__cities` (`country_code`, `name`, `longitude`, `latitude`, `feature_class`, `feature_code`, `subadmin1_code`, `subadmin2_code`, `population`, `time_zone`, `active`, `created_at`, `updated_at`) VALUES ('SE','{\"en\":\"Avesta\"}',16.16,60.14,'P','PPLA2','SE.10','SE.10.2084',11949,'Europe/Stockholm',1,'2017-11-09 23:00:00','2017-11-09 23:00:00');
INSERT INTO `__PREFIX__cities` (`country_code`, `name`, `longitude`, `latitude`, `feature_class`, `feature_code`, `subadmin1_code`, `subadmin2_code`, `population`, `time_zone`, `active`, `created_at`, `updated_at`) VALUES ('SE','{\"en\":\"Åtvidaberg\"}',16.00,58.20,'P','PPLA2','SE.16','SE.16.0561',7014,'Europe/Stockholm',1,'2017-03-17 23:00:00','2017-03-17 23:00:00');
INSERT INTO `__PREFIX__cities` (`country_code`, `name`, `longitude`, `latitude`, `feature_class`, `feature_code`, `subadmin1_code`, `subadmin2_code`, `population`, `time_zone`, `active`, `created_at`, `updated_at`) VALUES ('SE','{\"en\":\"Åstorp\"}',12.94,56.14,'P','PPLA2','SE.27','SE.27.1277',9215,'Europe/Stockholm',1,'2017-03-17 23:00:00','2017-03-17 23:00:00');
INSERT INTO `__PREFIX__cities` (`country_code`, `name`, `longitude`, `latitude`, `feature_class`, `feature_code`, `subadmin1_code`, `subadmin2_code`, `population`, `time_zone`, `active`, `created_at`, `updated_at`) VALUES ('SE','{\"en\":\"Åsa\"}',12.12,57.35,'P','PPL','SE.06','SE.06.1384',6084,'Europe/Stockholm',1,'2017-03-17 23:00:00','2017-03-17 23:00:00');
INSERT INTO `__PREFIX__cities` (`country_code`, `name`, `longitude`, `latitude`, `feature_class`, `feature_code`, `subadmin1_code`, `subadmin2_code`, `population`, `time_zone`, `active`, `created_at`, `updated_at`) VALUES ('SE','{\"en\":\"Arvika\"}',12.59,59.66,'P','PPLA2','SE.22','SE.22.1784',13926,'Europe/Stockholm',1,'2017-03-17 23:00:00','2017-03-17 23:00:00');
INSERT INTO `__PREFIX__cities` (`country_code`, `name`, `longitude`, `latitude`, `feature_class`, `feature_code`, `subadmin1_code`, `subadmin2_code`, `population`, `time_zone`, `active`, `created_at`, `updated_at`) VALUES ('SE','{\"en\":\"Årsta\"}',18.05,59.30,'P','PPLX','SE.26','SE.26.0180',16807,'Europe/Stockholm',1,'2010-08-27 23:00:00','2010-08-27 23:00:00');
INSERT INTO `__PREFIX__cities` (`country_code`, `name`, `longitude`, `latitude`, `feature_class`, `feature_code`, `subadmin1_code`, `subadmin2_code`, `population`, `time_zone`, `active`, `created_at`, `updated_at`) VALUES ('SE','{\"en\":\"Arlöv\"}',13.07,55.63,'P','PPLA2','SE.27','SE.27.1231',9108,'Europe/Stockholm',1,'2011-12-19 23:00:00','2011-12-19 23:00:00');
INSERT INTO `__PREFIX__cities` (`country_code`, `name`, `longitude`, `latitude`, `feature_class`, `feature_code`, `subadmin1_code`, `subadmin2_code`, `population`, `time_zone`, `active`, `created_at`, `updated_at`) VALUES ('SE','{\"en\":\"Arboga\"}',15.84,59.39,'P','PPLA2','SE.25','SE.25.1984',10841,'Europe/Stockholm',1,'2019-09-04 23:00:00','2019-09-04 23:00:00');
INSERT INTO `__PREFIX__cities` (`country_code`, `name`, `longitude`, `latitude`, `feature_class`, `feature_code`, `subadmin1_code`, `subadmin2_code`, `population`, `time_zone`, `active`, `created_at`, `updated_at`) VALUES ('SE','{\"en\":\"Ängelholm\"}',12.86,56.24,'P','PPLA2','SE.27','SE.27.1292',23240,'Europe/Stockholm',1,'2020-10-31 23:00:00','2020-10-31 23:00:00');
INSERT INTO `__PREFIX__cities` (`country_code`, `name`, `longitude`, `latitude`, `feature_class`, `feature_code`, `subadmin1_code`, `subadmin2_code`, `population`, `time_zone`, `active`, `created_at`, `updated_at`) VALUES ('SE','{\"en\":\"Anderstorp\"}',13.63,57.28,'P','PPL','SE.08','SE.08.0662',5076,'Europe/Stockholm',1,'2017-03-17 23:00:00','2017-03-17 23:00:00');
INSERT INTO `__PREFIX__cities` (`country_code`, `name`, `longitude`, `latitude`, `feature_class`, `feature_code`, `subadmin1_code`, `subadmin2_code`, `population`, `time_zone`, `active`, `created_at`, `updated_at`) VALUES ('SE','{\"en\":\"Åmål\"}',12.70,59.05,'P','PPLA2','SE.28','SE.28.1492',9373,'Europe/Stockholm',1,'2017-03-17 23:00:00','2017-03-17 23:00:00');
INSERT INTO `__PREFIX__cities` (`country_code`, `name`, `longitude`, `latitude`, `feature_class`, `feature_code`, `subadmin1_code`, `subadmin2_code`, `population`, `time_zone`, `active`, `created_at`, `updated_at`) VALUES ('SE','{\"en\":\"Alvesta\"}',14.56,56.90,'P','PPLA2','SE.12','SE.12.0764',8627,'Europe/Stockholm',1,'2017-03-17 23:00:00','2017-03-17 23:00:00');
INSERT INTO `__PREFIX__cities` (`country_code`, `name`, `longitude`, `latitude`, `feature_class`, `feature_code`, `subadmin1_code`, `subadmin2_code`, `population`, `time_zone`, `active`, `created_at`, `updated_at`) VALUES ('SE','{\"en\":\"Älta\"}',18.18,59.27,'P','PPL','SE.26','SE.26.0182',9274,'Europe/Stockholm',1,'2012-01-31 23:00:00','2012-01-31 23:00:00');
INSERT INTO `__PREFIX__cities` (`country_code`, `name`, `longitude`, `latitude`, `feature_class`, `feature_code`, `subadmin1_code`, `subadmin2_code`, `population`, `time_zone`, `active`, `created_at`, `updated_at`) VALUES ('SE','{\"en\":\"Älmhult\"}',14.14,56.55,'P','PPLA2','SE.12','SE.12.0765',9495,'Europe/Stockholm',1,'2017-03-17 23:00:00','2017-03-17 23:00:00');
INSERT INTO `__PREFIX__cities` (`country_code`, `name`, `longitude`, `latitude`, `feature_class`, `feature_code`, `subadmin1_code`, `subadmin2_code`, `population`, `time_zone`, `active`, `created_at`, `updated_at`) VALUES ('SE','{\"en\":\"Alingsås\"}',12.53,57.93,'P','PPLA2','SE.28','SE.28.1489',26329,'Europe/Stockholm',1,'2017-03-17 23:00:00','2017-03-17 23:00:00');
INSERT INTO `__PREFIX__cities` (`country_code`, `name`, `longitude`, `latitude`, `feature_class`, `feature_code`, `subadmin1_code`, `subadmin2_code`, `population`, `time_zone`, `active`, `created_at`, `updated_at`) VALUES ('SE','{\"en\":\"Åkersberga\"}',18.30,59.48,'P','PPLA2','SE.26','SE.26.0117',32659,'Europe/Stockholm',1,'2017-03-17 23:00:00','2017-03-17 23:00:00');
INSERT INTO `__PREFIX__cities` (`country_code`, `name`, `longitude`, `latitude`, `feature_class`, `feature_code`, `subadmin1_code`, `subadmin2_code`, `population`, `time_zone`, `active`, `created_at`, `updated_at`) VALUES ('SE','{\"en\":\"Åkarp\"}',13.65,58.23,'P','PPL','SE.28','SE.28.1499',5393,'Europe/Stockholm',1,'2011-10-29 23:00:00','2011-10-29 23:00:00');
INSERT INTO `__PREFIX__cities` (`country_code`, `name`, `longitude`, `latitude`, `feature_class`, `feature_code`, `subadmin1_code`, `subadmin2_code`, `population`, `time_zone`, `active`, `created_at`, `updated_at`) VALUES ('SE','{\"en\":\"Åkarp\"}',13.11,55.65,'P','PPL','SE.27','SE.27.1231',5959,'Europe/Stockholm',1,'2017-03-17 23:00:00','2017-03-17 23:00:00');
INSERT INTO `__PREFIX__cities` (`country_code`, `name`, `longitude`, `latitude`, `feature_class`, `feature_code`, `subadmin1_code`, `subadmin2_code`, `population`, `time_zone`, `active`, `created_at`, `updated_at`) VALUES ('SE','{\"en\":\"Åhus\"}',14.28,55.92,'P','PPL','SE.27','SE.27.1290',9840,'Europe/Stockholm',1,'2017-03-17 23:00:00','2017-03-17 23:00:00');
INSERT INTO `__PREFIX__cities` (`country_code`, `name`, `longitude`, `latitude`, `feature_class`, `feature_code`, `subadmin1_code`, `subadmin2_code`, `population`, `time_zone`, `active`, `created_at`, `updated_at`) VALUES ('SE','{\"en\":\"Åby\"}',16.18,58.67,'P','PPL','SE.16','SE.16.0581',6917,'Europe/Stockholm',1,'2017-03-17 23:00:00','2017-03-17 23:00:00');
INSERT INTO `__PREFIX__cities` (`country_code`, `name`, `longitude`, `latitude`, `feature_class`, `feature_code`, `subadmin1_code`, `subadmin2_code`, `population`, `time_zone`, `active`, `created_at`, `updated_at`) VALUES ('SE','{\"en\":\"Vi\"}',17.42,62.43,'P','PPL','SE.24','SE.24.2281',5841,'Europe/Stockholm',1,'2017-03-17 23:00:00','2017-03-17 23:00:00');
INSERT INTO `__PREFIX__cities` (`country_code`, `name`, `longitude`, `latitude`, `feature_class`, `feature_code`, `subadmin1_code`, `subadmin2_code`, `population`, `time_zone`, `active`, `created_at`, `updated_at`) VALUES ('SE','{\"en\":\"Fisksätra\"}',18.25,59.29,'P','PPL','SE.26','SE.26.0182',8117,'Europe/Stockholm',1,'2017-03-17 23:00:00','2017-03-17 23:00:00');
INSERT INTO `__PREFIX__cities` (`country_code`, `name`, `longitude`, `latitude`, `feature_class`, `feature_code`, `subadmin1_code`, `subadmin2_code`, `population`, `time_zone`, `active`, `created_at`, `updated_at`) VALUES ('SE','{\"en\":\"Skanör med Falsterbo\"}',12.85,55.40,'P','PPL','SE.27','SE.27.1233',7077,'Europe/Stockholm',1,'2017-03-17 23:00:00','2017-03-17 23:00:00');
INSERT INTO `__PREFIX__cities` (`country_code`, `name`, `longitude`, `latitude`, `feature_class`, `feature_code`, `subadmin1_code`, `subadmin2_code`, `population`, `time_zone`, `active`, `created_at`, `updated_at`) VALUES ('SE','{\"en\":\"Majorna\"}',11.92,57.69,'P','PPLX','SE.28','SE.28.1480',29254,'Europe/Stockholm',1,'2007-11-21 23:00:00','2007-11-21 23:00:00');
INSERT INTO `__PREFIX__cities` (`country_code`, `name`, `longitude`, `latitude`, `feature_class`, `feature_code`, `subadmin1_code`, `subadmin2_code`, `population`, `time_zone`, `active`, `created_at`, `updated_at`) VALUES ('SE','{\"en\":\"Onsala\"}',12.03,57.43,'P','PPL','SE.06','SE.06.1384',12275,'Europe/Stockholm',1,'2017-03-17 23:00:00','2017-03-17 23:00:00');
INSERT INTO `__PREFIX__cities` (`country_code`, `name`, `longitude`, `latitude`, `feature_class`, `feature_code`, `subadmin1_code`, `subadmin2_code`, `population`, `time_zone`, `active`, `created_at`, `updated_at`) VALUES ('SE','{\"en\":\"Akalla\"}',17.91,59.41,'P','PPLX','SE.26','SE.26.0180',8153,'Europe/Stockholm',1,'2018-03-13 23:00:00','2018-03-13 23:00:00');
INSERT INTO `__PREFIX__cities` (`country_code`, `name`, `longitude`, `latitude`, `feature_class`, `feature_code`, `subadmin1_code`, `subadmin2_code`, `population`, `time_zone`, `active`, `created_at`, `updated_at`) VALUES ('SE','{\"en\":\"Tensta\"}',17.90,59.39,'P','PPLX','SE.26','SE.26.0180',17083,'Europe/Stockholm',1,'2018-03-13 23:00:00','2018-03-13 23:00:00');
INSERT INTO `__PREFIX__cities` (`country_code`, `name`, `longitude`, `latitude`, `feature_class`, `feature_code`, `subadmin1_code`, `subadmin2_code`, `population`, `time_zone`, `active`, `created_at`, `updated_at`) VALUES ('SE','{\"en\":\"Alby\"}',17.85,59.23,'P','PPL','SE.26','SE.26.0127',11400,'Europe/Stockholm',1,'2011-08-15 23:00:00','2011-08-15 23:00:00');
INSERT INTO `__PREFIX__cities` (`country_code`, `name`, `longitude`, `latitude`, `feature_class`, `feature_code`, `subadmin1_code`, `subadmin2_code`, `population`, `time_zone`, `active`, `created_at`, `updated_at`) VALUES ('SE','{\"en\":\"Hammarkullen\"}',12.04,57.78,'P','PPL','SE.28','SE.28.1480',7914,'Europe/Stockholm',1,'2012-05-14 23:00:00','2012-05-14 23:00:00');
INSERT INTO `__PREFIX__cities` (`country_code`, `name`, `longitude`, `latitude`, `feature_class`, `feature_code`, `subadmin1_code`, `subadmin2_code`, `population`, `time_zone`, `active`, `created_at`, `updated_at`) VALUES ('SE','{\"en\":\"Gårdsten\"}',12.03,57.80,'P','PPL','SE.28','SE.28.1480',8025,'Europe/Stockholm',1,'2012-05-14 23:00:00','2012-05-14 23:00:00');
INSERT INTO `__PREFIX__cities` (`country_code`, `name`, `longitude`, `latitude`, `feature_class`, `feature_code`, `subadmin1_code`, `subadmin2_code`, `population`, `time_zone`, `active`, `created_at`, `updated_at`) VALUES ('SE','{\"en\":\"Lövgärdet\"}',12.04,57.82,'P','PPL','SE.28','SE.28.1480',7113,'Europe/Stockholm',1,'2012-05-14 23:00:00','2012-05-14 23:00:00');
/*!40000 ALTER TABLE `__PREFIX__cities` ENABLE KEYS */;
/*!40103 SET TIME_ZONE=@OLD_TIME_ZONE */;

/*!40101 SET SQL_MODE=@OLD_SQL_MODE */;
/*!40014 SET FOREIGN_KEY_CHECKS=@OLD_FOREIGN_KEY_CHECKS */;
/*!40014 SET UNIQUE_CHECKS=@OLD_UNIQUE_CHECKS */;
/*!40101 SET CHARACTER_SET_CLIENT=@OLD_CHARACTER_SET_CLIENT */;
/*!40101 SET CHARACTER_SET_RESULTS=@OLD_CHARACTER_SET_RESULTS */;
/*!40101 SET COLLATION_CONNECTION=@OLD_COLLATION_CONNECTION */;
/*!40111 SET SQL_NOTES=@OLD_SQL_NOTES */;

-- Dump completed
