-- MySQL dump 10.13  Distrib 5.7.34, for osx10.12 (x86_64)
--
-- Host: 127.0.0.1    Database: laraclassifier
-- ------------------------------------------------------
-- Server version	5.7.34

/*!40101 SET @OLD_CHARACTER_SET_CLIENT=@@CHARACTER_SET_CLIENT */;
/*!40101 SET @OLD_CHARACTER_SET_RESULTS=@@CHARACTER_SET_RESULTS */;
/*!40101 SET @OLD_COLLATION_CONNECTION=@@COLLATION_CONNECTION */;
/*!40101 SET NAMES utf8 */;
/*!40103 SET @OLD_TIME_ZONE=@@TIME_ZONE */;
/*!40103 SET TIME_ZONE='+00:00' */;
/*!40014 SET @OLD_UNIQUE_CHECKS=@@UNIQUE_CHECKS, UNIQUE_CHECKS=0 */;
/*!40014 SET @OLD_FOREIGN_KEY_CHECKS=@@FOREIGN_KEY_CHECKS, FOREIGN_KEY_CHECKS=0 */;
/*!40101 SET @OLD_SQL_MODE=@@SQL_MODE, SQL_MODE='NO_AUTO_VALUE_ON_ZERO' */;
/*!40111 SET @OLD_SQL_NOTES=@@SQL_NOTES, SQL_NOTES=0 */;

--
-- Dumping data for table `__PREFIX__subadmin1`
--

/*!40000 ALTER TABLE `__PREFIX__subadmin1` DISABLE KEYS */;
INSERT INTO `__PREFIX__subadmin1` (`code`, `country_code`, `name`, `active`) VALUES ('SI.N5','SI','{\"en\":\"Žalec\"}',1);
INSERT INTO `__PREFIX__subadmin1` (`code`, `country_code`, `name`, `active`) VALUES ('SI.E7','SI','{\"en\":\"Zagorje ob Savi\"}',1);
INSERT INTO `__PREFIX__subadmin1` (`code`, `country_code`, `name`, `active`) VALUES ('SI.E5','SI','{\"en\":\"Vrhnika\"}',1);
INSERT INTO `__PREFIX__subadmin1` (`code`, `country_code`, `name`, `active`) VALUES ('SI.D5','SI','{\"en\":\"Tržič\"}',1);
INSERT INTO `__PREFIX__subadmin1` (`code`, `country_code`, `name`, `active`) VALUES ('SI.D4','SI','{\"en\":\"Trebnje\"}',1);
INSERT INTO `__PREFIX__subadmin1` (`code`, `country_code`, `name`, `active`) VALUES ('SI.D3','SI','{\"en\":\"Trbovlje\"}',1);
INSERT INTO `__PREFIX__subadmin1` (`code`, `country_code`, `name`, `active`) VALUES ('SI.D2','SI','{\"en\":\"Tolmin\"}',1);
INSERT INTO `__PREFIX__subadmin1` (`code`, `country_code`, `name`, `active`) VALUES ('SI.D7','SI','{\"en\":\"Velenje\"}',1);
INSERT INTO `__PREFIX__subadmin1` (`code`, `country_code`, `name`, `active`) VALUES ('SI.C5','SI','{\"en\":\"Šmarje pri Jelšah\"}',1);
INSERT INTO `__PREFIX__subadmin1` (`code`, `country_code`, `name`, `active`) VALUES ('SI.C4','SI','{\"en\":\"Slovenska Konjice\"}',1);
INSERT INTO `__PREFIX__subadmin1` (`code`, `country_code`, `name`, `active`) VALUES ('SI.L8','SI','{\"en\":\"Slovenska Bistrica\"}',1);
INSERT INTO `__PREFIX__subadmin1` (`code`, `country_code`, `name`, `active`) VALUES ('SI.C2','SI','{\"en\":\"Slovenj Gradec\"}',1);
INSERT INTO `__PREFIX__subadmin1` (`code`, `country_code`, `name`, `active`) VALUES ('SI.B9','SI','{\"en\":\"Škofja Loka\"}',1);
INSERT INTO `__PREFIX__subadmin1` (`code`, `country_code`, `name`, `active`) VALUES ('SI.B7','SI','{\"en\":\"Sežana\"}',1);
INSERT INTO `__PREFIX__subadmin1` (`code`, `country_code`, `name`, `active`) VALUES ('SI.B6','SI','{\"en\":\"Sevnica\"}',1);
INSERT INTO `__PREFIX__subadmin1` (`code`, `country_code`, `name`, `active`) VALUES ('SI.L7','SI','{\"en\":\"Sentjur\"}',1);
INSERT INTO `__PREFIX__subadmin1` (`code`, `country_code`, `name`, `active`) VALUES ('SI.L1','SI','{\"en\":\"Ribnica\"}',1);
INSERT INTO `__PREFIX__subadmin1` (`code`, `country_code`, `name`, `active`) VALUES ('SI.A3','SI','{\"en\":\"Radovljica\"}',1);
INSERT INTO `__PREFIX__subadmin1` (`code`, `country_code`, `name`, `active`) VALUES ('SI.A2','SI','{\"en\":\"Radlje ob Dravi\"}',1);
INSERT INTO `__PREFIX__subadmin1` (`code`, `country_code`, `name`, `active`) VALUES ('SI.K7','SI','{\"en\":\"Ptuj\"}',1);
INSERT INTO `__PREFIX__subadmin1` (`code`, `country_code`, `name`, `active`) VALUES ('SI.94','SI','{\"en\":\"Postojna\"}',1);
INSERT INTO `__PREFIX__subadmin1` (`code`, `country_code`, `name`, `active`) VALUES ('SI.J9','SI','{\"en\":\"Piran-Pirano\"}',1);
INSERT INTO `__PREFIX__subadmin1` (`code`, `country_code`, `name`, `active`) VALUES ('SI.87','SI','{\"en\":\"Ormož\"}',1);
INSERT INTO `__PREFIX__subadmin1` (`code`, `country_code`, `name`, `active`) VALUES ('SI.J7','SI','{\"en\":\"Novo Mesto\"}',1);
INSERT INTO `__PREFIX__subadmin1` (`code`, `country_code`, `name`, `active`) VALUES ('SI.84','SI','{\"en\":\"Nova Gorica\"}',1);
INSERT INTO `__PREFIX__subadmin1` (`code`, `country_code`, `name`, `active`) VALUES ('SI.80','SI','{\"en\":\"Murska Sobota\"}',1);
INSERT INTO `__PREFIX__subadmin1` (`code`, `country_code`, `name`, `active`) VALUES ('SI.79','SI','{\"en\":\"Mozirje\"}',1);
INSERT INTO `__PREFIX__subadmin1` (`code`, `country_code`, `name`, `active`) VALUES ('SI.73','SI','{\"en\":\"Metlika\"}',1);
INSERT INTO `__PREFIX__subadmin1` (`code`, `country_code`, `name`, `active`) VALUES ('SI.J2','SI','{\"en\":\"Maribor\"}',1);
INSERT INTO `__PREFIX__subadmin1` (`code`, `country_code`, `name`, `active`) VALUES ('SI.64','SI','{\"en\":\"Logatec\"}',1);
INSERT INTO `__PREFIX__subadmin1` (`code`, `country_code`, `name`, `active`) VALUES ('SI.I6','SI','{\"en\":\"Ljutomer\"}',1);
INSERT INTO `__PREFIX__subadmin1` (`code`, `country_code`, `name`, `active`) VALUES ('SI.I5','SI','{\"en\":\"Litija\"}',1);
INSERT INTO `__PREFIX__subadmin1` (`code`, `country_code`, `name`, `active`) VALUES ('SI.I3','SI','{\"en\":\"Lenart\"}',1);
INSERT INTO `__PREFIX__subadmin1` (`code`, `country_code`, `name`, `active`) VALUES ('SI.57','SI','{\"en\":\"Laško\"}',1);
INSERT INTO `__PREFIX__subadmin1` (`code`, `country_code`, `name`, `active`) VALUES ('SI.54','SI','{\"en\":\"Krško\"}',1);
INSERT INTO `__PREFIX__subadmin1` (`code`, `country_code`, `name`, `active`) VALUES ('SI.52','SI','{\"en\":\"Kranj\"}',1);
INSERT INTO `__PREFIX__subadmin1` (`code`, `country_code`, `name`, `active`) VALUES ('SI.50','SI','{\"en\":\"Koper-Capodistria\"}',1);
INSERT INTO `__PREFIX__subadmin1` (`code`, `country_code`, `name`, `active`) VALUES ('SI.H7','SI','{\"en\":\"Kočevje\"}',1);
INSERT INTO `__PREFIX__subadmin1` (`code`, `country_code`, `name`, `active`) VALUES ('SI.H6','SI','{\"en\":\"Kamnik\"}',1);
INSERT INTO `__PREFIX__subadmin1` (`code`, `country_code`, `name`, `active`) VALUES ('SI.H4','SI','{\"en\":\"Jesenice\"}',1);
INSERT INTO `__PREFIX__subadmin1` (`code`, `country_code`, `name`, `active`) VALUES ('SI.40','SI','{\"en\":\"Izola-Isola\"}',1);
INSERT INTO `__PREFIX__subadmin1` (`code`, `country_code`, `name`, `active`) VALUES ('SI.38','SI','{\"en\":\"Ilirska Bistrica\"}',1);
INSERT INTO `__PREFIX__subadmin1` (`code`, `country_code`, `name`, `active`) VALUES ('SI.36','SI','{\"en\":\"Idrija\"}',1);
INSERT INTO `__PREFIX__subadmin1` (`code`, `country_code`, `name`, `active`) VALUES ('SI.34','SI','{\"en\":\"Hrastnik\"}',1);
INSERT INTO `__PREFIX__subadmin1` (`code`, `country_code`, `name`, `active`) VALUES ('SI.32','SI','{\"en\":\"Grosuplje\"}',1);
INSERT INTO `__PREFIX__subadmin1` (`code`, `country_code`, `name`, `active`) VALUES ('SI.29','SI','{\"en\":\"Gornja Radgona\"}',1);
INSERT INTO `__PREFIX__subadmin1` (`code`, `country_code`, `name`, `active`) VALUES ('SI.25','SI','{\"en\":\"Dravograd\"}',1);
INSERT INTO `__PREFIX__subadmin1` (`code`, `country_code`, `name`, `active`) VALUES ('SI.G7','SI','{\"en\":\"Domžale\"}',1);
INSERT INTO `__PREFIX__subadmin1` (`code`, `country_code`, `name`, `active`) VALUES ('SI.17','SI','{\"en\":\"Črnomelj\"}',1);
INSERT INTO `__PREFIX__subadmin1` (`code`, `country_code`, `name`, `active`) VALUES ('SI.13','SI','{\"en\":\"Cerknica\"}',1);
INSERT INTO `__PREFIX__subadmin1` (`code`, `country_code`, `name`, `active`) VALUES ('SI.11','SI','{\"en\":\"Celje\"}',1);
INSERT INTO `__PREFIX__subadmin1` (`code`, `country_code`, `name`, `active`) VALUES ('SI.08','SI','{\"en\":\"Brežice\"}',1);
INSERT INTO `__PREFIX__subadmin1` (`code`, `country_code`, `name`, `active`) VALUES ('SI.01','SI','{\"en\":\"Ajdovščina\"}',1);
INSERT INTO `__PREFIX__subadmin1` (`code`, `country_code`, `name`, `active`) VALUES ('SI.35','SI','{\"en\":\"Hrpelje-Kozina\"}',1);
INSERT INTO `__PREFIX__subadmin1` (`code`, `country_code`, `name`, `active`) VALUES ('SI.19','SI','{\"en\":\"Divača\"}',1);
INSERT INTO `__PREFIX__subadmin1` (`code`, `country_code`, `name`, `active`) VALUES ('SI.91','SI','{\"en\":\"Pivka\"}',1);
INSERT INTO `__PREFIX__subadmin1` (`code`, `country_code`, `name`, `active`) VALUES ('SI.I7','SI','{\"en\":\"Loška Dolina\"}',1);
INSERT INTO `__PREFIX__subadmin1` (`code`, `country_code`, `name`, `active`) VALUES ('SI.66','SI','{\"en\":\"Loški Potok\"}',1);
INSERT INTO `__PREFIX__subadmin1` (`code`, `country_code`, `name`, `active`) VALUES ('SI.88','SI','{\"en\":\"Osilnica\"}',1);
INSERT INTO `__PREFIX__subadmin1` (`code`, `country_code`, `name`, `active`) VALUES ('SI.D8','SI','{\"en\":\"Velike Lašče\"}',1);
INSERT INTO `__PREFIX__subadmin1` (`code`, `country_code`, `name`, `active`) VALUES ('SI.C1','SI','{\"en\":\"Škofljica\"}',1);
INSERT INTO `__PREFIX__subadmin1` (`code`, `country_code`, `name`, `active`) VALUES ('SI.37','SI','{\"en\":\"Ig\"}',1);
INSERT INTO `__PREFIX__subadmin1` (`code`, `country_code`, `name`, `active`) VALUES ('SI.09','SI','{\"en\":\"Brezovica\"}',1);
INSERT INTO `__PREFIX__subadmin1` (`code`, `country_code`, `name`, `active`) VALUES ('SI.05','SI','{\"en\":\"Borovnica\"}',1);
INSERT INTO `__PREFIX__subadmin1` (`code`, `country_code`, `name`, `active`) VALUES ('SI.E1','SI','{\"en\":\"Vipava\"}',1);
INSERT INTO `__PREFIX__subadmin1` (`code`, `country_code`, `name`, `active`) VALUES ('SI.49','SI','{\"en\":\"Komen\"}',1);
INSERT INTO `__PREFIX__subadmin1` (`code`, `country_code`, `name`, `active`) VALUES ('SI.J5','SI','{\"en\":\"Miren-Kostanjevica\"}',1);
INSERT INTO `__PREFIX__subadmin1` (`code`, `country_code`, `name`, `active`) VALUES ('SI.07','SI','{\"en\":\"Brda\"}',1);
INSERT INTO `__PREFIX__subadmin1` (`code`, `country_code`, `name`, `active`) VALUES ('SI.44','SI','{\"en\":\"Kanal\"}',1);
INSERT INTO `__PREFIX__subadmin1` (`code`, `country_code`, `name`, `active`) VALUES ('SI.F2','SI','{\"en\":\"Žiri\"}',1);
INSERT INTO `__PREFIX__subadmin1` (`code`, `country_code`, `name`, `active`) VALUES ('SI.14','SI','{\"en\":\"Cerkno\"}',1);
INSERT INTO `__PREFIX__subadmin1` (`code`, `country_code`, `name`, `active`) VALUES ('SI.F1','SI','{\"en\":\"Železniki\"}',1);
INSERT INTO `__PREFIX__subadmin1` (`code`, `country_code`, `name`, `active`) VALUES ('SI.27','SI','{\"en\":\"Gorenja Vas-Poljane\"}',1);
INSERT INTO `__PREFIX__subadmin1` (`code`, `country_code`, `name`, `active`) VALUES ('SI.G4','SI','{\"en\":\"Dobrova-Horjul-Polhov Gradec\"}',1);
INSERT INTO `__PREFIX__subadmin1` (`code`, `country_code`, `name`, `active`) VALUES ('SI.46','SI','{\"en\":\"Kobarid\"}',1);
INSERT INTO `__PREFIX__subadmin1` (`code`, `country_code`, `name`, `active`) VALUES ('SI.06','SI','{\"en\":\"Bovec\"}',1);
INSERT INTO `__PREFIX__subadmin1` (`code`, `country_code`, `name`, `active`) VALUES ('SI.04','SI','{\"en\":\"Bohinj\"}',1);
INSERT INTO `__PREFIX__subadmin1` (`code`, `country_code`, `name`, `active`) VALUES ('SI.03','SI','{\"en\":\"Bled\"}',1);
INSERT INTO `__PREFIX__subadmin1` (`code`, `country_code`, `name`, `active`) VALUES ('SI.82','SI','{\"en\":\"Naklo\"}',1);
INSERT INTO `__PREFIX__subadmin1` (`code`, `country_code`, `name`, `active`) VALUES ('SI.53','SI','{\"en\":\"Kranjska Gora\"}',1);
INSERT INTO `__PREFIX__subadmin1` (`code`, `country_code`, `name`, `active`) VALUES ('SI.K5','SI','{\"en\":\"Preddvor\"}',1);
INSERT INTO `__PREFIX__subadmin1` (`code`, `country_code`, `name`, `active`) VALUES ('SI.12','SI','{\"en\":\"Cerklje na Gorenjskem\"}',1);
INSERT INTO `__PREFIX__subadmin1` (`code`, `country_code`, `name`, `active`) VALUES ('SI.B2','SI','{\"en\":\"Šenčur\"}',1);
INSERT INTO `__PREFIX__subadmin1` (`code`, `country_code`, `name`, `active`) VALUES ('SI.E3','SI','{\"en\":\"Vodice\"}',1);
INSERT INTO `__PREFIX__subadmin1` (`code`, `country_code`, `name`, `active`) VALUES ('SI.71','SI','{\"en\":\"Medvode\"}',1);
INSERT INTO `__PREFIX__subadmin1` (`code`, `country_code`, `name`, `active`) VALUES ('SI.72','SI','{\"en\":\"Mengeš\"}',1);
INSERT INTO `__PREFIX__subadmin1` (`code`, `country_code`, `name`, `active`) VALUES ('SI.22','SI','{\"en\":\"Dol pri Ljubljani\"}',1);
INSERT INTO `__PREFIX__subadmin1` (`code`, `country_code`, `name`, `active`) VALUES ('SI.77','SI','{\"en\":\"Moravče\"}',1);
INSERT INTO `__PREFIX__subadmin1` (`code`, `country_code`, `name`, `active`) VALUES ('SI.30','SI','{\"en\":\"Gornji Grad\"}',1);
INSERT INTO `__PREFIX__subadmin1` (`code`, `country_code`, `name`, `active`) VALUES ('SI.I9','SI','{\"en\":\"Luče\"}',1);
INSERT INTO `__PREFIX__subadmin1` (`code`, `country_code`, `name`, `active`) VALUES ('SI.K8','SI','{\"en\":\"Ravne na Koroškem\"}',1);
INSERT INTO `__PREFIX__subadmin1` (`code`, `country_code`, `name`, `active`) VALUES ('SI.74','SI','{\"en\":\"Mežica\"}',1);
INSERT INTO `__PREFIX__subadmin1` (`code`, `country_code`, `name`, `active`) VALUES ('SI.81','SI','{\"en\":\"Muta\"}',1);
INSERT INTO `__PREFIX__subadmin1` (`code`, `country_code`, `name`, `active`) VALUES ('SI.E6','SI','{\"en\":\"Vuzenica\"}',1);
INSERT INTO `__PREFIX__subadmin1` (`code`, `country_code`, `name`, `active`) VALUES ('SI.16','SI','{\"en\":\"Črna na Koroškem\"}',1);
INSERT INTO `__PREFIX__subadmin1` (`code`, `country_code`, `name`, `active`) VALUES ('SI.62','SI','{\"en\":\"Ljubno\"}',1);
INSERT INTO `__PREFIX__subadmin1` (`code`, `country_code`, `name`, `active`) VALUES ('SI.C7','SI','{\"en\":\"Šoštanj\"}',1);
INSERT INTO `__PREFIX__subadmin1` (`code`, `country_code`, `name`, `active`) VALUES ('SI.C6','SI','{\"en\":\"Šmartno ob Paki\"}',1);
INSERT INTO `__PREFIX__subadmin1` (`code`, `country_code`, `name`, `active`) VALUES ('SI.68','SI','{\"en\":\"Lukovica\"}',1);
INSERT INTO `__PREFIX__subadmin1` (`code`, `country_code`, `name`, `active`) VALUES ('SI.99','SI','{\"en\":\"Radeče\"}',1);
INSERT INTO `__PREFIX__subadmin1` (`code`, `country_code`, `name`, `active`) VALUES ('SI.39','SI','{\"en\":\"Ivančna Gorica\"}',1);
INSERT INTO `__PREFIX__subadmin1` (`code`, `country_code`, `name`, `active`) VALUES ('SI.20','SI','{\"en\":\"Dobrepolje\"}',1);
INSERT INTO `__PREFIX__subadmin1` (`code`, `country_code`, `name`, `active`) VALUES ('SI.B1','SI','{\"en\":\"Semič\"}',1);
INSERT INTO `__PREFIX__subadmin1` (`code`, `country_code`, `name`, `active`) VALUES ('SI.B4','SI','{\"en\":\"Šentjernej\"}',1);
INSERT INTO `__PREFIX__subadmin1` (`code`, `country_code`, `name`, `active`) VALUES ('SI.B8','SI','{\"en\":\"Škocjan\"}',1);
INSERT INTO `__PREFIX__subadmin1` (`code`, `country_code`, `name`, `active`) VALUES ('SI.C9','SI','{\"en\":\"Štore\"}',1);
INSERT INTO `__PREFIX__subadmin1` (`code`, `country_code`, `name`, `active`) VALUES ('SI.N3','SI','{\"en\":\"Vojnik\"}',1);
INSERT INTO `__PREFIX__subadmin1` (`code`, `country_code`, `name`, `active`) VALUES ('SI.E2','SI','{\"en\":\"Vitanje\"}',1);
INSERT INTO `__PREFIX__subadmin1` (`code`, `country_code`, `name`, `active`) VALUES ('SI.F3','SI','{\"en\":\"Zreče\"}',1);
INSERT INTO `__PREFIX__subadmin1` (`code`, `country_code`, `name`, `active`) VALUES ('SI.76','SI','{\"en\":\"Mislinja\"}',1);
INSERT INTO `__PREFIX__subadmin1` (`code`, `country_code`, `name`, `active`) VALUES ('SI.L3','SI','{\"en\":\"Ruše\"}',1);
INSERT INTO `__PREFIX__subadmin1` (`code`, `country_code`, `name`, `active`) VALUES ('SI.55','SI','{\"en\":\"Kungota\"}',1);
INSERT INTO `__PREFIX__subadmin1` (`code`, `country_code`, `name`, `active`) VALUES ('SI.B3','SI','{\"en\":\"Šentilj\"}',1);
INSERT INTO `__PREFIX__subadmin1` (`code`, `country_code`, `name`, `active`) VALUES ('SI.89','SI','{\"en\":\"Pesnica\"}',1);
INSERT INTO `__PREFIX__subadmin1` (`code`, `country_code`, `name`, `active`) VALUES ('SI.26','SI','{\"en\":\"Duplek\"}',1);
INSERT INTO `__PREFIX__subadmin1` (`code`, `country_code`, `name`, `active`) VALUES ('SI.98','SI','{\"en\":\"Rače-Fram\"}',1);
INSERT INTO `__PREFIX__subadmin1` (`code`, `country_code`, `name`, `active`) VALUES ('SI.C8','SI','{\"en\":\"Starše\"}',1);
INSERT INTO `__PREFIX__subadmin1` (`code`, `country_code`, `name`, `active`) VALUES ('SI.45','SI','{\"en\":\"Kidričevo\"}',1);
INSERT INTO `__PREFIX__subadmin1` (`code`, `country_code`, `name`, `active`) VALUES ('SI.J1','SI','{\"en\":\"Majšperk\"}',1);
INSERT INTO `__PREFIX__subadmin1` (`code`, `country_code`, `name`, `active`) VALUES ('SI.N2','SI','{\"en\":\"Videm\"}',1);
INSERT INTO `__PREFIX__subadmin1` (`code`, `country_code`, `name`, `active`) VALUES ('SI.A7','SI','{\"en\":\"Rogaška Slatina\"}',1);
INSERT INTO `__PREFIX__subadmin1` (`code`, `country_code`, `name`, `active`) VALUES ('SI.A8','SI','{\"en\":\"Rogatec\"}',1);
INSERT INTO `__PREFIX__subadmin1` (`code`, `country_code`, `name`, `active`) VALUES ('SI.92','SI','{\"en\":\"Podčetrtek\"}',1);
INSERT INTO `__PREFIX__subadmin1` (`code`, `country_code`, `name`, `active`) VALUES ('SI.51','SI','{\"en\":\"Kozje\"}',1);
INSERT INTO `__PREFIX__subadmin1` (`code`, `country_code`, `name`, `active`) VALUES ('SI.28','SI','{\"en\":\"Gorišnica\"}',1);
INSERT INTO `__PREFIX__subadmin1` (`code`, `country_code`, `name`, `active`) VALUES ('SI.E9','SI','{\"en\":\"Zavrč\"}',1);
INSERT INTO `__PREFIX__subadmin1` (`code`, `country_code`, `name`, `active`) VALUES ('SI.24','SI','{\"en\":\"Dornava\"}',1);
INSERT INTO `__PREFIX__subadmin1` (`code`, `country_code`, `name`, `active`) VALUES ('SI.42','SI','{\"en\":\"Juršinci\"}',1);
INSERT INTO `__PREFIX__subadmin1` (`code`, `country_code`, `name`, `active`) VALUES ('SI.D1','SI','{\"en\":\"Sveti Jurij\"}',1);
INSERT INTO `__PREFIX__subadmin1` (`code`, `country_code`, `name`, `active`) VALUES ('SI.A1','SI','{\"en\":\"Radenci\"}',1);
INSERT INTO `__PREFIX__subadmin1` (`code`, `country_code`, `name`, `active`) VALUES ('SI.97','SI','{\"en\":\"Puconci\"}',1);
INSERT INTO `__PREFIX__subadmin1` (`code`, `country_code`, `name`, `active`) VALUES ('SI.A6','SI','{\"en\":\"Rogašovci\"}',1);
INSERT INTO `__PREFIX__subadmin1` (`code`, `country_code`, `name`, `active`) VALUES ('SI.I2','SI','{\"en\":\"Kuzma\"}',1);
INSERT INTO `__PREFIX__subadmin1` (`code`, `country_code`, `name`, `active`) VALUES ('SI.31','SI','{\"en\":\"Gornji Petrovci\"}',1);
INSERT INTO `__PREFIX__subadmin1` (`code`, `country_code`, `name`, `active`) VALUES ('SI.78','SI','{\"en\":\"Moravske Toplice\"}',1);
INSERT INTO `__PREFIX__subadmin1` (`code`, `country_code`, `name`, `active`) VALUES ('SI.47','SI','{\"en\":\"Kobilje\"}',1);
INSERT INTO `__PREFIX__subadmin1` (`code`, `country_code`, `name`, `active`) VALUES ('SI.02','SI','{\"en\":\"Beltinci\"}',1);
INSERT INTO `__PREFIX__subadmin1` (`code`, `country_code`, `name`, `active`) VALUES ('SI.D6','SI','{\"en\":\"Turnišče\"}',1);
INSERT INTO `__PREFIX__subadmin1` (`code`, `country_code`, `name`, `active`) VALUES ('SI.86','SI','{\"en\":\"Odranci\"}',1);
INSERT INTO `__PREFIX__subadmin1` (`code`, `country_code`, `name`, `active`) VALUES ('SI.15','SI','{\"en\":\"Črenšovci\"}',1);
INSERT INTO `__PREFIX__subadmin1` (`code`, `country_code`, `name`, `active`) VALUES ('SI.83','SI','{\"en\":\"Nazarje\"}',1);
INSERT INTO `__PREFIX__subadmin1` (`code`, `country_code`, `name`, `active`) VALUES ('SI.61','SI','{\"en\":\"Ljubljana\"}',1);
INSERT INTO `__PREFIX__subadmin1` (`code`, `country_code`, `name`, `active`) VALUES ('SI.N7','SI','{\"en\":\"Žirovnica\"}',1);
INSERT INTO `__PREFIX__subadmin1` (`code`, `country_code`, `name`, `active`) VALUES ('SI.H5','SI','{\"en\":\"Jezersko\"}',1);
INSERT INTO `__PREFIX__subadmin1` (`code`, `country_code`, `name`, `active`) VALUES ('SI.M2','SI','{\"en\":\"Solčava\"}',1);
INSERT INTO `__PREFIX__subadmin1` (`code`, `country_code`, `name`, `active`) VALUES ('SI.H8','SI','{\"en\":\"Komenda\"}',1);
INSERT INTO `__PREFIX__subadmin1` (`code`, `country_code`, `name`, `active`) VALUES ('SI.H3','SI','{\"en\":\"Horjul\"}',1);
INSERT INTO `__PREFIX__subadmin1` (`code`, `country_code`, `name`, `active`) VALUES ('SI.L6','SI','{\"en\":\"Šempeter-Vrtojba\"}',1);
INSERT INTO `__PREFIX__subadmin1` (`code`, `country_code`, `name`, `active`) VALUES ('SI.F6','SI','{\"en\":\"Bloke\"}',1);
INSERT INTO `__PREFIX__subadmin1` (`code`, `country_code`, `name`, `active`) VALUES ('SI.M1','SI','{\"en\":\"Sodražica\"}',1);
INSERT INTO `__PREFIX__subadmin1` (`code`, `country_code`, `name`, `active`) VALUES ('SI.M8','SI','{\"en\":\"Trzin\"}',1);
INSERT INTO `__PREFIX__subadmin1` (`code`, `country_code`, `name`, `active`) VALUES ('SI.K6','SI','{\"en\":\"Prevalje\"}',1);
INSERT INTO `__PREFIX__subadmin1` (`code`, `country_code`, `name`, `active`) VALUES ('SI.N4','SI','{\"en\":\"Vransko\"}',1);
INSERT INTO `__PREFIX__subadmin1` (`code`, `country_code`, `name`, `active`) VALUES ('SI.M5','SI','{\"en\":\"Tabor\"}',1);
INSERT INTO `__PREFIX__subadmin1` (`code`, `country_code`, `name`, `active`) VALUES ('SI.F7','SI','{\"en\":\"Braslovče\"}',1);
INSERT INTO `__PREFIX__subadmin1` (`code`, `country_code`, `name`, `active`) VALUES ('SI.K3','SI','{\"en\":\"Polzela\"}',1);
INSERT INTO `__PREFIX__subadmin1` (`code`, `country_code`, `name`, `active`) VALUES ('SI.K4','SI','{\"en\":\"Prebold\"}',1);
INSERT INTO `__PREFIX__subadmin1` (`code`, `country_code`, `name`, `active`) VALUES ('SI.H9','SI','{\"en\":\"Kostel\"}',1);
INSERT INTO `__PREFIX__subadmin1` (`code`, `country_code`, `name`, `active`) VALUES ('SI.N8','SI','{\"en\":\"Žužemberk\"}',1);
INSERT INTO `__PREFIX__subadmin1` (`code`, `country_code`, `name`, `active`) VALUES ('SI.G6','SI','{\"en\":\"Dolenjske Toplice\"}',1);
INSERT INTO `__PREFIX__subadmin1` (`code`, `country_code`, `name`, `active`) VALUES ('SI.J6','SI','{\"en\":\"Mirna Peč\"}',1);
INSERT INTO `__PREFIX__subadmin1` (`code`, `country_code`, `name`, `active`) VALUES ('SI.F5','SI','{\"en\":\"Bistrica ob Sotli\"}',1);
INSERT INTO `__PREFIX__subadmin1` (`code`, `country_code`, `name`, `active`) VALUES ('SI.G2','SI','{\"en\":\"Dobje\"}',1);
INSERT INTO `__PREFIX__subadmin1` (`code`, `country_code`, `name`, `active`) VALUES ('SI.G3','SI','{\"en\":\"Dobrna\"}',1);
INSERT INTO `__PREFIX__subadmin1` (`code`, `country_code`, `name`, `active`) VALUES ('SI.J8','SI','{\"en\":\"Oplotnica\"}',1);
INSERT INTO `__PREFIX__subadmin1` (`code`, `country_code`, `name`, `active`) VALUES ('SI.K2','SI','{\"en\":\"Podvelka\"}',1);
INSERT INTO `__PREFIX__subadmin1` (`code`, `country_code`, `name`, `active`) VALUES ('SI.L2','SI','{\"en\":\"Ribnica na Pohorju\"}',1);
INSERT INTO `__PREFIX__subadmin1` (`code`, `country_code`, `name`, `active`) VALUES ('SI.I8','SI','{\"en\":\"Lovrenc na Pohorju\"}',1);
INSERT INTO `__PREFIX__subadmin1` (`code`, `country_code`, `name`, `active`) VALUES ('SI.L5','SI','{\"en\":\"Selnica ob Dravi\"}',1);
INSERT INTO `__PREFIX__subadmin1` (`code`, `country_code`, `name`, `active`) VALUES ('SI.H1','SI','{\"en\":\"Hoče-Slivnica\"}',1);
INSERT INTO `__PREFIX__subadmin1` (`code`, `country_code`, `name`, `active`) VALUES ('SI.J4','SI','{\"en\":\"Miklavž na Dravskem Polju\"}',1);
INSERT INTO `__PREFIX__subadmin1` (`code`, `country_code`, `name`, `active`) VALUES ('SI.G9','SI','{\"en\":\"Hajdina\"}',1);
INSERT INTO `__PREFIX__subadmin1` (`code`, `country_code`, `name`, `active`) VALUES ('SI.N6','SI','{\"en\":\"Žetale\"}',1);
INSERT INTO `__PREFIX__subadmin1` (`code`, `country_code`, `name`, `active`) VALUES ('SI.K1','SI','{\"en\":\"Podlehnik\"}',1);
INSERT INTO `__PREFIX__subadmin1` (`code`, `country_code`, `name`, `active`) VALUES ('SI.J3','SI','{\"en\":\"Markovci\"}',1);
INSERT INTO `__PREFIX__subadmin1` (`code`, `country_code`, `name`, `active`) VALUES ('SI.G1','SI','{\"en\":\"Destrnik\"}',1);
INSERT INTO `__PREFIX__subadmin1` (`code`, `country_code`, `name`, `active`) VALUES ('SI.M7','SI','{\"en\":\"Trnovska Vas\"}',1);
INSERT INTO `__PREFIX__subadmin1` (`code`, `country_code`, `name`, `active`) VALUES ('SI.M4','SI','{\"en\":\"Sveti Andraž v Slovenskih Goricah\"}',1);
INSERT INTO `__PREFIX__subadmin1` (`code`, `country_code`, `name`, `active`) VALUES ('SI.F9','SI','{\"en\":\"Cerkvenjak\"}',1);
INSERT INTO `__PREFIX__subadmin1` (`code`, `country_code`, `name`, `active`) VALUES ('SI.F4','SI','{\"en\":\"Benedikt\"}',1);
INSERT INTO `__PREFIX__subadmin1` (`code`, `country_code`, `name`, `active`) VALUES ('SI.M3','SI','{\"en\":\"Sveta Ana\"}',1);
INSERT INTO `__PREFIX__subadmin1` (`code`, `country_code`, `name`, `active`) VALUES ('SI.I1','SI','{\"en\":\"Križevci\"}',1);
INSERT INTO `__PREFIX__subadmin1` (`code`, `country_code`, `name`, `active`) VALUES ('SI.N1','SI','{\"en\":\"Veržej\"}',1);
INSERT INTO `__PREFIX__subadmin1` (`code`, `country_code`, `name`, `active`) VALUES ('SI.M9','SI','{\"en\":\"Velika Polana\"}',1);
INSERT INTO `__PREFIX__subadmin1` (`code`, `country_code`, `name`, `active`) VALUES ('SI.I4','SI','{\"en\":\"Lendava-Lendva\"}',1);
INSERT INTO `__PREFIX__subadmin1` (`code`, `country_code`, `name`, `active`) VALUES ('SI.G5','SI','{\"en\":\"Dobrovnik-Dobronak\"}',1);
INSERT INTO `__PREFIX__subadmin1` (`code`, `country_code`, `name`, `active`) VALUES ('SI.M6','SI','{\"en\":\"Tišina\"}',1);
INSERT INTO `__PREFIX__subadmin1` (`code`, `country_code`, `name`, `active`) VALUES ('SI.F8','SI','{\"en\":\"Cankova\"}',1);
INSERT INTO `__PREFIX__subadmin1` (`code`, `country_code`, `name`, `active`) VALUES ('SI.G8','SI','{\"en\":\"Grad\"}',1);
INSERT INTO `__PREFIX__subadmin1` (`code`, `country_code`, `name`, `active`) VALUES ('SI.H2','SI','{\"en\":\"Hodoš-Hodos\"}',1);
INSERT INTO `__PREFIX__subadmin1` (`code`, `country_code`, `name`, `active`) VALUES ('SI.K9','SI','{\"en\":\"Razkrižje\"}',1);
INSERT INTO `__PREFIX__subadmin1` (`code`, `country_code`, `name`, `active`) VALUES ('SI.L9','SI','{\"en\":\"Šmartno pri Litiji\"}',1);
INSERT INTO `__PREFIX__subadmin1` (`code`, `country_code`, `name`, `active`) VALUES ('SI.L4','SI','{\"en\":\"Šalovci\"}',1);
INSERT INTO `__PREFIX__subadmin1` (`code`, `country_code`, `name`, `active`) VALUES ('SI.N9','SI','{\"en\":\"Apače\"}',1);
INSERT INTO `__PREFIX__subadmin1` (`code`, `country_code`, `name`, `active`) VALUES ('SI.O1','SI','{\"en\":\"Cirkulane\"}',1);
INSERT INTO `__PREFIX__subadmin1` (`code`, `country_code`, `name`, `active`) VALUES ('SI.O3','SI','{\"en\":\"Kostanjevica na Krki\"}',1);
INSERT INTO `__PREFIX__subadmin1` (`code`, `country_code`, `name`, `active`) VALUES ('SI.O4','SI','{\"en\":\"Log–Dragomer\"}',1);
INSERT INTO `__PREFIX__subadmin1` (`code`, `country_code`, `name`, `active`) VALUES ('SI.O5','SI','{\"en\":\"Makole\"}',1);
INSERT INTO `__PREFIX__subadmin1` (`code`, `country_code`, `name`, `active`) VALUES ('SI.O7','SI','{\"en\":\"Mokronog-Trebelno\"}',1);
INSERT INTO `__PREFIX__subadmin1` (`code`, `country_code`, `name`, `active`) VALUES ('SI.O8','SI','{\"en\":\"Poljčane\"}',1);
INSERT INTO `__PREFIX__subadmin1` (`code`, `country_code`, `name`, `active`) VALUES ('SI.O9','SI','{\"en\":\"Rečica ob Savinji\"}',1);
INSERT INTO `__PREFIX__subadmin1` (`code`, `country_code`, `name`, `active`) VALUES ('SI.P1','SI','{\"en\":\"Renče-Vogrsko\"}',1);
INSERT INTO `__PREFIX__subadmin1` (`code`, `country_code`, `name`, `active`) VALUES ('SI.P4','SI','{\"en\":\"Središče ob Dravi\"}',1);
INSERT INTO `__PREFIX__subadmin1` (`code`, `country_code`, `name`, `active`) VALUES ('SI.P5','SI','{\"en\":\"Straža\"}',1);
INSERT INTO `__PREFIX__subadmin1` (`code`, `country_code`, `name`, `active`) VALUES ('SI.P6','SI','{\"en\":\"Sv. Trojica v Slov. Goricah\"}',1);
INSERT INTO `__PREFIX__subadmin1` (`code`, `country_code`, `name`, `active`) VALUES ('SI.P8','SI','{\"en\":\"Sveti Tomaž\"}',1);
INSERT INTO `__PREFIX__subadmin1` (`code`, `country_code`, `name`, `active`) VALUES ('SI.P2','SI','{\"en\":\"Šentrupert\"}',1);
INSERT INTO `__PREFIX__subadmin1` (`code`, `country_code`, `name`, `active`) VALUES ('SI.P3','SI','{\"en\":\"Šmarješke Toplice\"}',1);
INSERT INTO `__PREFIX__subadmin1` (`code`, `country_code`, `name`, `active`) VALUES ('SI.P7','SI','{\"en\":\"Sveti Jurij v Slovenskih Goricah\"}',1);
INSERT INTO `__PREFIX__subadmin1` (`code`, `country_code`, `name`, `active`) VALUES ('SI.O2','SI','{\"en\":\"Gorje\"}',1);
INSERT INTO `__PREFIX__subadmin1` (`code`, `country_code`, `name`, `active`) VALUES ('SI.P9','SI','{\"en\":\"Ankaran\"}',1);
INSERT INTO `__PREFIX__subadmin1` (`code`, `country_code`, `name`, `active`) VALUES ('SI.O6','SI','{\"en\":\"Mirna\"}',1);
/*!40000 ALTER TABLE `__PREFIX__subadmin1` ENABLE KEYS */;

--
-- Dumping data for table `__PREFIX__subadmin2`
--

/*!40000 ALTER TABLE `__PREFIX__subadmin2` DISABLE KEYS */;
INSERT INTO `__PREFIX__subadmin2` (`code`, `country_code`, `subadmin1_code`, `name`, `active`) VALUES ('SI.09.3196350','SI','SI.09','{\"en\":\"Opština Ljubljana-Vič-Rudnik\"}',1);
INSERT INTO `__PREFIX__subadmin2` (`code`, `country_code`, `subadmin1_code`, `name`, `active`) VALUES ('SI.71.3196352','SI','SI.71','{\"en\":\"Opština [historical] Ljubljana-Šiška\"}',1);
INSERT INTO `__PREFIX__subadmin2` (`code`, `country_code`, `subadmin1_code`, `name`, `active`) VALUES ('SI.61.3196355','SI','SI.61','{\"en\":\"Opština Ljubljana-Moste-Polje\"}',1);
INSERT INTO `__PREFIX__subadmin2` (`code`, `country_code`, `subadmin1_code`, `name`, `active`) VALUES ('SI.61.3196356','SI','SI.61','{\"en\":\"Opština Ljubljana-Center\"}',1);
INSERT INTO `__PREFIX__subadmin2` (`code`, `country_code`, `subadmin1_code`, `name`, `active`) VALUES ('SI.61.3196357','SI','SI.61','{\"en\":\"Opčina Ljubljana-Bežigrad\"}',1);
INSERT INTO `__PREFIX__subadmin2` (`code`, `country_code`, `subadmin1_code`, `name`, `active`) VALUES ('SI.M8.9794374','SI','SI.M8','{\"en\":\"Črnuče District\"}',1);
INSERT INTO `__PREFIX__subadmin2` (`code`, `country_code`, `subadmin1_code`, `name`, `active`) VALUES ('SI.61.9794375','SI','SI.61','{\"en\":\"Dravlje District\"}',1);
INSERT INTO `__PREFIX__subadmin2` (`code`, `country_code`, `subadmin1_code`, `name`, `active`) VALUES ('SI.61.9794376','SI','SI.61','{\"en\":\"Golovec District\"}',1);
INSERT INTO `__PREFIX__subadmin2` (`code`, `country_code`, `subadmin1_code`, `name`, `active`) VALUES ('SI.61.9794377','SI','SI.61','{\"en\":\"Jarše District\"}',1);
INSERT INTO `__PREFIX__subadmin2` (`code`, `country_code`, `subadmin1_code`, `name`, `active`) VALUES ('SI.61.9794378','SI','SI.61','{\"en\":\"Posavje District\"}',1);
INSERT INTO `__PREFIX__subadmin2` (`code`, `country_code`, `subadmin1_code`, `name`, `active`) VALUES ('SI.61.9794379','SI','SI.61','{\"en\":\"Rožnik District\"}',1);
INSERT INTO `__PREFIX__subadmin2` (`code`, `country_code`, `subadmin1_code`, `name`, `active`) VALUES ('SI.61.9794380','SI','SI.61','{\"en\":\"Sostro District\"}',1);
INSERT INTO `__PREFIX__subadmin2` (`code`, `country_code`, `subadmin1_code`, `name`, `active`) VALUES ('SI.61.9794381','SI','SI.61','{\"en\":\"Šentvid District\"}',1);
INSERT INTO `__PREFIX__subadmin2` (`code`, `country_code`, `subadmin1_code`, `name`, `active`) VALUES ('SI.61.9794382','SI','SI.61','{\"en\":\"Šmarna Gora District\"}',1);
INSERT INTO `__PREFIX__subadmin2` (`code`, `country_code`, `subadmin1_code`, `name`, `active`) VALUES ('SI.61.9794384','SI','SI.61','{\"en\":\"Trnovo District\"}',1);
INSERT INTO `__PREFIX__subadmin2` (`code`, `country_code`, `subadmin1_code`, `name`, `active`) VALUES ('SI.61.9794386','SI','SI.61','{\"en\":\"Vič District\"}',1);
/*!40000 ALTER TABLE `__PREFIX__subadmin2` ENABLE KEYS */;

--
-- Dumping data for table `__PREFIX__cities`
--

/*!40000 ALTER TABLE `__PREFIX__cities` DISABLE KEYS */;
INSERT INTO `__PREFIX__cities` (`country_code`, `name`, `longitude`, `latitude`, `feature_class`, `feature_code`, `subadmin1_code`, `subadmin2_code`, `population`, `time_zone`, `active`, `created_at`, `updated_at`) VALUES ('SI','{\"en\":\"Žužemberk\"}',14.93,45.83,'P','PPLA','SI.N8',NULL,1053,'Europe/Ljubljana',1,'2020-06-10 23:00:00','2020-06-10 23:00:00');
INSERT INTO `__PREFIX__cities` (`country_code`, `name`, `longitude`, `latitude`, `feature_class`, `feature_code`, `subadmin1_code`, `subadmin2_code`, `population`, `time_zone`, `active`, `created_at`, `updated_at`) VALUES ('SI','{\"en\":\"Žiri\"}',14.11,46.04,'P','PPLA','SI.F2',NULL,3588,'Europe/Ljubljana',1,'2020-06-10 23:00:00','2020-06-10 23:00:00');
INSERT INTO `__PREFIX__cities` (`country_code`, `name`, `longitude`, `latitude`, `feature_class`, `feature_code`, `subadmin1_code`, `subadmin2_code`, `population`, `time_zone`, `active`, `created_at`, `updated_at`) VALUES ('SI','{\"en\":\"Zgornje Jezersko\"}',14.51,46.39,'P','PPLA','SI.H5',NULL,568,'Europe/Ljubljana',1,'2014-04-26 23:00:00','2014-04-26 23:00:00');
INSERT INTO `__PREFIX__cities` (`country_code`, `name`, `longitude`, `latitude`, `feature_class`, `feature_code`, `subadmin1_code`, `subadmin2_code`, `population`, `time_zone`, `active`, `created_at`, `updated_at`) VALUES ('SI','{\"en\":\"Zgornje Gorje\"}',14.07,46.38,'P','PPLA','SI.O2',NULL,500,'Europe/Ljubljana',1,'2014-04-23 23:00:00','2014-04-23 23:00:00');
INSERT INTO `__PREFIX__cities` (`country_code`, `name`, `longitude`, `latitude`, `feature_class`, `feature_code`, `subadmin1_code`, `subadmin2_code`, `population`, `time_zone`, `active`, `created_at`, `updated_at`) VALUES ('SI','{\"en\":\"Zgornja Kungota\"}',15.62,46.64,'P','PPLA','SI.55',NULL,535,'Europe/Ljubljana',1,'2014-04-26 23:00:00','2014-04-26 23:00:00');
INSERT INTO `__PREFIX__cities` (`country_code`, `name`, `longitude`, `latitude`, `feature_class`, `feature_code`, `subadmin1_code`, `subadmin2_code`, `population`, `time_zone`, `active`, `created_at`, `updated_at`) VALUES ('SI','{\"en\":\"Zgornja Hajdina\"}',15.84,46.41,'P','PPLA','SI.G9',NULL,858,'Europe/Ljubljana',1,'2021-10-05 23:00:00','2021-10-05 23:00:00');
INSERT INTO `__PREFIX__cities` (`country_code`, `name`, `longitude`, `latitude`, `feature_class`, `feature_code`, `subadmin1_code`, `subadmin2_code`, `population`, `time_zone`, `active`, `created_at`, `updated_at`) VALUES ('SI','{\"en\":\"Žetale\"}',15.83,46.27,'P','PPLA','SI.N6',NULL,392,'Europe/Ljubljana',1,'2014-04-26 23:00:00','2014-04-26 23:00:00');
INSERT INTO `__PREFIX__cities` (`country_code`, `name`, `longitude`, `latitude`, `feature_class`, `feature_code`, `subadmin1_code`, `subadmin2_code`, `population`, `time_zone`, `active`, `created_at`, `updated_at`) VALUES ('SI','{\"en\":\"Železniki\"}',14.17,46.22,'P','PPLA','SI.F1',NULL,3075,'Europe/Ljubljana',1,'2018-07-17 23:00:00','2018-07-17 23:00:00');
INSERT INTO `__PREFIX__cities` (`country_code`, `name`, `longitude`, `latitude`, `feature_class`, `feature_code`, `subadmin1_code`, `subadmin2_code`, `population`, `time_zone`, `active`, `created_at`, `updated_at`) VALUES ('SI','{\"en\":\"Zavrč\"}',16.05,46.39,'P','PPLA','SI.E9',NULL,77,'Europe/Ljubljana',1,'2014-04-26 23:00:00','2014-04-26 23:00:00');
INSERT INTO `__PREFIX__cities` (`country_code`, `name`, `longitude`, `latitude`, `feature_class`, `feature_code`, `subadmin1_code`, `subadmin2_code`, `population`, `time_zone`, `active`, `created_at`, `updated_at`) VALUES ('SI','{\"en\":\"Žalec\"}',15.16,46.25,'P','PPLA','SI.N5',NULL,4943,'Europe/Ljubljana',1,'2014-04-26 23:00:00','2014-04-26 23:00:00');
INSERT INTO `__PREFIX__cities` (`country_code`, `name`, `longitude`, `latitude`, `feature_class`, `feature_code`, `subadmin1_code`, `subadmin2_code`, `population`, `time_zone`, `active`, `created_at`, `updated_at`) VALUES ('SI','{\"en\":\"Zagorje ob Savi\"}',15.00,46.13,'P','PPLA','SI.E7',NULL,6439,'Europe/Ljubljana',1,'2014-04-26 23:00:00','2014-04-26 23:00:00');
INSERT INTO `__PREFIX__cities` (`country_code`, `name`, `longitude`, `latitude`, `feature_class`, `feature_code`, `subadmin1_code`, `subadmin2_code`, `population`, `time_zone`, `active`, `created_at`, `updated_at`) VALUES ('SI','{\"en\":\"Vuzenica\"}',15.17,46.60,'P','PPLA','SI.E6',NULL,1580,'Europe/Ljubljana',1,'2014-04-26 23:00:00','2014-04-26 23:00:00');
INSERT INTO `__PREFIX__cities` (`country_code`, `name`, `longitude`, `latitude`, `feature_class`, `feature_code`, `subadmin1_code`, `subadmin2_code`, `population`, `time_zone`, `active`, `created_at`, `updated_at`) VALUES ('SI','{\"en\":\"Vrhnika\"}',14.29,45.96,'P','PPLA','SI.E5',NULL,8413,'Europe/Ljubljana',1,'2014-04-30 23:00:00','2014-04-30 23:00:00');
INSERT INTO `__PREFIX__cities` (`country_code`, `name`, `longitude`, `latitude`, `feature_class`, `feature_code`, `subadmin1_code`, `subadmin2_code`, `population`, `time_zone`, `active`, `created_at`, `updated_at`) VALUES ('SI','{\"en\":\"Vransko\"}',14.95,46.24,'P','PPLA','SI.N4',NULL,778,'Europe/Ljubljana',1,'2014-04-26 23:00:00','2014-04-26 23:00:00');
INSERT INTO `__PREFIX__cities` (`country_code`, `name`, `longitude`, `latitude`, `feature_class`, `feature_code`, `subadmin1_code`, `subadmin2_code`, `population`, `time_zone`, `active`, `created_at`, `updated_at`) VALUES ('SI','{\"en\":\"Vojnik\"}',15.30,46.29,'P','PPLA','SI.N3',NULL,2292,'Europe/Ljubljana',1,'2014-04-26 23:00:00','2014-04-26 23:00:00');
INSERT INTO `__PREFIX__cities` (`country_code`, `name`, `longitude`, `latitude`, `feature_class`, `feature_code`, `subadmin1_code`, `subadmin2_code`, `population`, `time_zone`, `active`, `created_at`, `updated_at`) VALUES ('SI','{\"en\":\"Vodice\"}',14.49,46.19,'P','PPLA','SI.E3',NULL,1589,'Europe/Ljubljana',1,'2014-04-26 23:00:00','2014-04-26 23:00:00');
INSERT INTO `__PREFIX__cities` (`country_code`, `name`, `longitude`, `latitude`, `feature_class`, `feature_code`, `subadmin1_code`, `subadmin2_code`, `population`, `time_zone`, `active`, `created_at`, `updated_at`) VALUES ('SI','{\"en\":\"Vitomarci\"}',15.94,46.53,'P','PPLA','SI.M4',NULL,329,'Europe/Ljubljana',1,'2014-04-26 23:00:00','2014-04-26 23:00:00');
INSERT INTO `__PREFIX__cities` (`country_code`, `name`, `longitude`, `latitude`, `feature_class`, `feature_code`, `subadmin1_code`, `subadmin2_code`, `population`, `time_zone`, `active`, `created_at`, `updated_at`) VALUES ('SI','{\"en\":\"Vitanje\"}',15.30,46.38,'P','PPLA','SI.E2',NULL,865,'Europe/Ljubljana',1,'2014-04-26 23:00:00','2014-04-26 23:00:00');
INSERT INTO `__PREFIX__cities` (`country_code`, `name`, `longitude`, `latitude`, `feature_class`, `feature_code`, `subadmin1_code`, `subadmin2_code`, `population`, `time_zone`, `active`, `created_at`, `updated_at`) VALUES ('SI','{\"en\":\"Vipava\"}',13.96,45.85,'P','PPLA','SI.E1',NULL,1771,'Europe/Ljubljana',1,'2014-04-26 23:00:00','2014-04-26 23:00:00');
INSERT INTO `__PREFIX__cities` (`country_code`, `name`, `longitude`, `latitude`, `feature_class`, `feature_code`, `subadmin1_code`, `subadmin2_code`, `population`, `time_zone`, `active`, `created_at`, `updated_at`) VALUES ('SI','{\"en\":\"Videm\"}',14.69,45.85,'P','PPLA','SI.20',NULL,577,'Europe/Ljubljana',1,'2014-04-26 23:00:00','2014-04-26 23:00:00');
INSERT INTO `__PREFIX__cities` (`country_code`, `name`, `longitude`, `latitude`, `feature_class`, `feature_code`, `subadmin1_code`, `subadmin2_code`, `population`, `time_zone`, `active`, `created_at`, `updated_at`) VALUES ('SI','{\"en\":\"Veržej\"}',16.17,46.58,'P','PPLA','SI.N1',NULL,903,'Europe/Ljubljana',1,'2019-10-06 23:00:00','2019-10-06 23:00:00');
INSERT INTO `__PREFIX__cities` (`country_code`, `name`, `longitude`, `latitude`, `feature_class`, `feature_code`, `subadmin1_code`, `subadmin2_code`, `population`, `time_zone`, `active`, `created_at`, `updated_at`) VALUES ('SI','{\"en\":\"Velike Lašče\"}',14.64,45.83,'P','PPLA','SI.D8',NULL,729,'Europe/Ljubljana',1,'2020-06-10 23:00:00','2020-06-10 23:00:00');
INSERT INTO `__PREFIX__cities` (`country_code`, `name`, `longitude`, `latitude`, `feature_class`, `feature_code`, `subadmin1_code`, `subadmin2_code`, `population`, `time_zone`, `active`, `created_at`, `updated_at`) VALUES ('SI','{\"en\":\"Velika Polana\"}',16.35,46.57,'P','PPLA','SI.M9',NULL,929,'Europe/Ljubljana',1,'2014-04-26 23:00:00','2014-04-26 23:00:00');
INSERT INTO `__PREFIX__cities` (`country_code`, `name`, `longitude`, `latitude`, `feature_class`, `feature_code`, `subadmin1_code`, `subadmin2_code`, `population`, `time_zone`, `active`, `created_at`, `updated_at`) VALUES ('SI','{\"en\":\"Turnišče\"}',16.32,46.63,'P','PPLA','SI.D6',NULL,1509,'Europe/Ljubljana',1,'2020-06-10 23:00:00','2020-06-10 23:00:00');
INSERT INTO `__PREFIX__cities` (`country_code`, `name`, `longitude`, `latitude`, `feature_class`, `feature_code`, `subadmin1_code`, `subadmin2_code`, `population`, `time_zone`, `active`, `created_at`, `updated_at`) VALUES ('SI','{\"en\":\"Trzin\"}',14.57,46.13,'P','PPLA','SI.M8',NULL,3844,'Europe/Ljubljana',1,'2014-04-26 23:00:00','2014-04-26 23:00:00');
INSERT INTO `__PREFIX__cities` (`country_code`, `name`, `longitude`, `latitude`, `feature_class`, `feature_code`, `subadmin1_code`, `subadmin2_code`, `population`, `time_zone`, `active`, `created_at`, `updated_at`) VALUES ('SI','{\"en\":\"Tržič\"}',14.31,46.36,'P','PPLA','SI.D5',NULL,3865,'Europe/Ljubljana',1,'2014-04-26 23:00:00','2014-04-26 23:00:00');
INSERT INTO `__PREFIX__cities` (`country_code`, `name`, `longitude`, `latitude`, `feature_class`, `feature_code`, `subadmin1_code`, `subadmin2_code`, `population`, `time_zone`, `active`, `created_at`, `updated_at`) VALUES ('SI','{\"en\":\"Trnovska Vas\"}',15.89,46.52,'P','PPLA','SI.M7',NULL,367,'Europe/Ljubljana',1,'2014-04-26 23:00:00','2014-04-26 23:00:00');
INSERT INTO `__PREFIX__cities` (`country_code`, `name`, `longitude`, `latitude`, `feature_class`, `feature_code`, `subadmin1_code`, `subadmin2_code`, `population`, `time_zone`, `active`, `created_at`, `updated_at`) VALUES ('SI','{\"en\":\"Trebnje\"}',15.02,45.90,'P','PPLA','SI.D4',NULL,3477,'Europe/Ljubljana',1,'2014-04-26 23:00:00','2014-04-26 23:00:00');
INSERT INTO `__PREFIX__cities` (`country_code`, `name`, `longitude`, `latitude`, `feature_class`, `feature_code`, `subadmin1_code`, `subadmin2_code`, `population`, `time_zone`, `active`, `created_at`, `updated_at`) VALUES ('SI','{\"en\":\"Trbovlje\"}',15.05,46.16,'P','PPLA','SI.D3',NULL,15163,'Europe/Ljubljana',1,'2014-04-26 23:00:00','2014-04-26 23:00:00');
INSERT INTO `__PREFIX__cities` (`country_code`, `name`, `longitude`, `latitude`, `feature_class`, `feature_code`, `subadmin1_code`, `subadmin2_code`, `population`, `time_zone`, `active`, `created_at`, `updated_at`) VALUES ('SI','{\"en\":\"Sveti Tomaž\"}',16.08,46.48,'P','PPLA','SI.P8',NULL,284,'Europe/Ljubljana',1,'2014-04-26 23:00:00','2014-04-26 23:00:00');
INSERT INTO `__PREFIX__cities` (`country_code`, `name`, `longitude`, `latitude`, `feature_class`, `feature_code`, `subadmin1_code`, `subadmin2_code`, `population`, `time_zone`, `active`, `created_at`, `updated_at`) VALUES ('SI','{\"en\":\"Tolmin\"}',13.73,46.18,'P','PPLA','SI.D2',NULL,3534,'Europe/Ljubljana',1,'2014-04-26 23:00:00','2014-04-26 23:00:00');
INSERT INTO `__PREFIX__cities` (`country_code`, `name`, `longitude`, `latitude`, `feature_class`, `feature_code`, `subadmin1_code`, `subadmin2_code`, `population`, `time_zone`, `active`, `created_at`, `updated_at`) VALUES ('SI','{\"en\":\"Velenje\"}',15.11,46.36,'P','PPLA','SI.D7',NULL,25456,'Europe/Ljubljana',1,'2014-04-26 23:00:00','2014-04-26 23:00:00');
INSERT INTO `__PREFIX__cities` (`country_code`, `name`, `longitude`, `latitude`, `feature_class`, `feature_code`, `subadmin1_code`, `subadmin2_code`, `population`, `time_zone`, `active`, `created_at`, `updated_at`) VALUES ('SI','{\"en\":\"Tišina\"}',16.09,46.66,'P','PPLA','SI.M6',NULL,404,'Europe/Ljubljana',1,'2020-06-10 23:00:00','2020-06-10 23:00:00');
INSERT INTO `__PREFIX__cities` (`country_code`, `name`, `longitude`, `latitude`, `feature_class`, `feature_code`, `subadmin1_code`, `subadmin2_code`, `population`, `time_zone`, `active`, `created_at`, `updated_at`) VALUES ('SI','{\"en\":\"Tabor\"}',15.02,46.24,'P','PPLA','SI.M5',NULL,406,'Europe/Ljubljana',1,'2014-04-26 23:00:00','2014-04-26 23:00:00');
INSERT INTO `__PREFIX__cities` (`country_code`, `name`, `longitude`, `latitude`, `feature_class`, `feature_code`, `subadmin1_code`, `subadmin2_code`, `population`, `time_zone`, `active`, `created_at`, `updated_at`) VALUES ('SI','{\"en\":\"Sv. Ana v Slov. Goricah\"}',15.84,46.65,'P','PPLA','SI.M3',NULL,155,'Europe/Ljubljana',1,'2014-04-26 23:00:00','2014-04-26 23:00:00');
INSERT INTO `__PREFIX__cities` (`country_code`, `name`, `longitude`, `latitude`, `feature_class`, `feature_code`, `subadmin1_code`, `subadmin2_code`, `population`, `time_zone`, `active`, `created_at`, `updated_at`) VALUES ('SI','{\"en\":\"Štore\"}',15.31,46.22,'P','PPLA','SI.C9',NULL,1937,'Europe/Ljubljana',1,'2014-04-26 23:00:00','2014-04-26 23:00:00');
INSERT INTO `__PREFIX__cities` (`country_code`, `name`, `longitude`, `latitude`, `feature_class`, `feature_code`, `subadmin1_code`, `subadmin2_code`, `population`, `time_zone`, `active`, `created_at`, `updated_at`) VALUES ('SI','{\"en\":\"Starše\"}',15.77,46.47,'P','PPLA','SI.C8',NULL,803,'Europe/Ljubljana',1,'2020-06-10 23:00:00','2020-06-10 23:00:00');
INSERT INTO `__PREFIX__cities` (`country_code`, `name`, `longitude`, `latitude`, `feature_class`, `feature_code`, `subadmin1_code`, `subadmin2_code`, `population`, `time_zone`, `active`, `created_at`, `updated_at`) VALUES ('SI','{\"en\":\"Središče ob Dravi\"}',16.27,46.39,'P','PPLA','SI.P4',NULL,1124,'Europe/Ljubljana',1,'2014-04-26 23:00:00','2014-04-26 23:00:00');
INSERT INTO `__PREFIX__cities` (`country_code`, `name`, `longitude`, `latitude`, `feature_class`, `feature_code`, `subadmin1_code`, `subadmin2_code`, `population`, `time_zone`, `active`, `created_at`, `updated_at`) VALUES ('SI','{\"en\":\"Spodnji Duplek\"}',15.75,46.50,'P','PPLA','SI.26',NULL,1429,'Europe/Ljubljana',1,'2014-04-26 23:00:00','2014-04-26 23:00:00');
INSERT INTO `__PREFIX__cities` (`country_code`, `name`, `longitude`, `latitude`, `feature_class`, `feature_code`, `subadmin1_code`, `subadmin2_code`, `population`, `time_zone`, `active`, `created_at`, `updated_at`) VALUES ('SI','{\"en\":\"Spodnje Hoče\"}',15.65,46.50,'P','PPLA','SI.H1',NULL,2555,'Europe/Ljubljana',1,'2022-01-20 23:00:00','2022-01-20 23:00:00');
INSERT INTO `__PREFIX__cities` (`country_code`, `name`, `longitude`, `latitude`, `feature_class`, `feature_code`, `subadmin1_code`, `subadmin2_code`, `population`, `time_zone`, `active`, `created_at`, `updated_at`) VALUES ('SI','{\"en\":\"Šoštanj\"}',15.05,46.38,'P','PPLA','SI.C7',NULL,2880,'Europe/Ljubljana',1,'2020-06-10 23:00:00','2020-06-10 23:00:00');
INSERT INTO `__PREFIX__cities` (`country_code`, `name`, `longitude`, `latitude`, `feature_class`, `feature_code`, `subadmin1_code`, `subadmin2_code`, `population`, `time_zone`, `active`, `created_at`, `updated_at`) VALUES ('SI','{\"en\":\"Solčava\"}',14.69,46.42,'P','PPLA','SI.M2',NULL,214,'Europe/Ljubljana',1,'2013-08-05 23:00:00','2013-08-05 23:00:00');
INSERT INTO `__PREFIX__cities` (`country_code`, `name`, `longitude`, `latitude`, `feature_class`, `feature_code`, `subadmin1_code`, `subadmin2_code`, `population`, `time_zone`, `active`, `created_at`, `updated_at`) VALUES ('SI','{\"en\":\"Sodražica\"}',14.64,45.76,'P','PPLA','SI.M1',NULL,832,'Europe/Ljubljana',1,'2020-06-10 23:00:00','2020-06-10 23:00:00');
INSERT INTO `__PREFIX__cities` (`country_code`, `name`, `longitude`, `latitude`, `feature_class`, `feature_code`, `subadmin1_code`, `subadmin2_code`, `population`, `time_zone`, `active`, `created_at`, `updated_at`) VALUES ('SI','{\"en\":\"Šmartno pri Litiji\"}',14.84,46.04,'P','PPLA','SI.L9',NULL,1444,'Europe/Ljubljana',1,'2014-04-26 23:00:00','2014-04-26 23:00:00');
INSERT INTO `__PREFIX__cities` (`country_code`, `name`, `longitude`, `latitude`, `feature_class`, `feature_code`, `subadmin1_code`, `subadmin2_code`, `population`, `time_zone`, `active`, `created_at`, `updated_at`) VALUES ('SI','{\"en\":\"Šmartno ob Paki\"}',15.03,46.33,'P','PPLA','SI.C6',NULL,642,'Europe/Ljubljana',1,'2014-04-26 23:00:00','2014-04-26 23:00:00');
INSERT INTO `__PREFIX__cities` (`country_code`, `name`, `longitude`, `latitude`, `feature_class`, `feature_code`, `subadmin1_code`, `subadmin2_code`, `population`, `time_zone`, `active`, `created_at`, `updated_at`) VALUES ('SI','{\"en\":\"Šmarjeta\"}',15.25,45.88,'P','PPLA','SI.P3',NULL,326,'Europe/Ljubljana',1,'2015-11-25 23:00:00','2015-11-25 23:00:00');
INSERT INTO `__PREFIX__cities` (`country_code`, `name`, `longitude`, `latitude`, `feature_class`, `feature_code`, `subadmin1_code`, `subadmin2_code`, `population`, `time_zone`, `active`, `created_at`, `updated_at`) VALUES ('SI','{\"en\":\"Šmarje pri Jelšah\"}',15.52,46.23,'P','PPLA','SI.C5',NULL,1779,'Europe/Ljubljana',1,'2020-06-10 23:00:00','2020-06-10 23:00:00');
INSERT INTO `__PREFIX__cities` (`country_code`, `name`, `longitude`, `latitude`, `feature_class`, `feature_code`, `subadmin1_code`, `subadmin2_code`, `population`, `time_zone`, `active`, `created_at`, `updated_at`) VALUES ('SI','{\"en\":\"Slovenske Konjice\"}',15.43,46.34,'P','PPLA','SI.C4',NULL,4869,'Europe/Ljubljana',1,'2014-04-26 23:00:00','2014-04-26 23:00:00');
INSERT INTO `__PREFIX__cities` (`country_code`, `name`, `longitude`, `latitude`, `feature_class`, `feature_code`, `subadmin1_code`, `subadmin2_code`, `population`, `time_zone`, `active`, `created_at`, `updated_at`) VALUES ('SI','{\"en\":\"Slovenska Bistrica\"}',15.57,46.39,'P','PPLA','SI.L8',NULL,7454,'Europe/Ljubljana',1,'2014-04-26 23:00:00','2014-04-26 23:00:00');
INSERT INTO `__PREFIX__cities` (`country_code`, `name`, `longitude`, `latitude`, `feature_class`, `feature_code`, `subadmin1_code`, `subadmin2_code`, `population`, `time_zone`, `active`, `created_at`, `updated_at`) VALUES ('SI','{\"en\":\"Slovenj Gradec\"}',15.08,46.51,'P','PPLA','SI.C2',NULL,7519,'Europe/Ljubljana',1,'2014-04-26 23:00:00','2014-04-26 23:00:00');
INSERT INTO `__PREFIX__cities` (`country_code`, `name`, `longitude`, `latitude`, `feature_class`, `feature_code`, `subadmin1_code`, `subadmin2_code`, `population`, `time_zone`, `active`, `created_at`, `updated_at`) VALUES ('SI','{\"en\":\"Škofljica\"}',14.58,45.98,'P','PPLA','SI.C1',NULL,2209,'Europe/Ljubljana',1,'2014-04-26 23:00:00','2014-04-26 23:00:00');
INSERT INTO `__PREFIX__cities` (`country_code`, `name`, `longitude`, `latitude`, `feature_class`, `feature_code`, `subadmin1_code`, `subadmin2_code`, `population`, `time_zone`, `active`, `created_at`, `updated_at`) VALUES ('SI','{\"en\":\"Škofja Loka\"}',14.31,46.17,'P','PPLA','SI.B9',NULL,11969,'Europe/Ljubljana',1,'2014-04-26 23:00:00','2014-04-26 23:00:00');
INSERT INTO `__PREFIX__cities` (`country_code`, `name`, `longitude`, `latitude`, `feature_class`, `feature_code`, `subadmin1_code`, `subadmin2_code`, `population`, `time_zone`, `active`, `created_at`, `updated_at`) VALUES ('SI','{\"en\":\"Škocjan\"}',15.29,45.91,'P','PPLA','SI.B8',NULL,246,'Europe/Ljubljana',1,'2014-04-24 23:00:00','2014-04-24 23:00:00');
INSERT INTO `__PREFIX__cities` (`country_code`, `name`, `longitude`, `latitude`, `feature_class`, `feature_code`, `subadmin1_code`, `subadmin2_code`, `population`, `time_zone`, `active`, `created_at`, `updated_at`) VALUES ('SI','{\"en\":\"Sežana\"}',13.87,45.71,'P','PPLA','SI.B7',NULL,5531,'Europe/Ljubljana',1,'2014-04-26 23:00:00','2014-04-26 23:00:00');
INSERT INTO `__PREFIX__cities` (`country_code`, `name`, `longitude`, `latitude`, `feature_class`, `feature_code`, `subadmin1_code`, `subadmin2_code`, `population`, `time_zone`, `active`, `created_at`, `updated_at`) VALUES ('SI','{\"en\":\"Sevnica\"}',15.32,46.01,'P','PPLA','SI.B6',NULL,4660,'Europe/Ljubljana',1,'2018-07-03 23:00:00','2018-07-03 23:00:00');
INSERT INTO `__PREFIX__cities` (`country_code`, `name`, `longitude`, `latitude`, `feature_class`, `feature_code`, `subadmin1_code`, `subadmin2_code`, `population`, `time_zone`, `active`, `created_at`, `updated_at`) VALUES ('SI','{\"en\":\"Šentrupert na Dolenjskem\"}',15.10,45.98,'P','PPLA','SI.P2',NULL,329,'Europe/Ljubljana',1,'2021-10-05 23:00:00','2021-10-05 23:00:00');
INSERT INTO `__PREFIX__cities` (`country_code`, `name`, `longitude`, `latitude`, `feature_class`, `feature_code`, `subadmin1_code`, `subadmin2_code`, `population`, `time_zone`, `active`, `created_at`, `updated_at`) VALUES ('SI','{\"en\":\"Šentjur\"}',15.40,46.22,'P','PPLA','SI.L7',NULL,4762,'Europe/Ljubljana',1,'2020-06-10 23:00:00','2020-06-10 23:00:00');
INSERT INTO `__PREFIX__cities` (`country_code`, `name`, `longitude`, `latitude`, `feature_class`, `feature_code`, `subadmin1_code`, `subadmin2_code`, `population`, `time_zone`, `active`, `created_at`, `updated_at`) VALUES ('SI','{\"en\":\"Šentjernej\"}',15.34,45.84,'P','PPLA','SI.B4',NULL,1423,'Europe/Ljubljana',1,'2015-12-02 23:00:00','2015-12-02 23:00:00');
INSERT INTO `__PREFIX__cities` (`country_code`, `name`, `longitude`, `latitude`, `feature_class`, `feature_code`, `subadmin1_code`, `subadmin2_code`, `population`, `time_zone`, `active`, `created_at`, `updated_at`) VALUES ('SI','{\"en\":\"Šentilj v Slov. Goricah\"}',15.65,46.68,'P','PPLA','SI.B3',NULL,1826,'Europe/Ljubljana',1,'2014-04-26 23:00:00','2014-04-26 23:00:00');
INSERT INTO `__PREFIX__cities` (`country_code`, `name`, `longitude`, `latitude`, `feature_class`, `feature_code`, `subadmin1_code`, `subadmin2_code`, `population`, `time_zone`, `active`, `created_at`, `updated_at`) VALUES ('SI','{\"en\":\"Šenčur\"}',14.42,46.25,'P','PPLA','SI.B2',NULL,3152,'Europe/Ljubljana',1,'2014-04-26 23:00:00','2014-04-26 23:00:00');
INSERT INTO `__PREFIX__cities` (`country_code`, `name`, `longitude`, `latitude`, `feature_class`, `feature_code`, `subadmin1_code`, `subadmin2_code`, `population`, `time_zone`, `active`, `created_at`, `updated_at`) VALUES ('SI','{\"en\":\"Šempeter pri Gorici\"}',13.64,45.93,'P','PPLA','SI.L6',NULL,3760,'Europe/Ljubljana',1,'2020-06-10 23:00:00','2020-06-10 23:00:00');
INSERT INTO `__PREFIX__cities` (`country_code`, `name`, `longitude`, `latitude`, `feature_class`, `feature_code`, `subadmin1_code`, `subadmin2_code`, `population`, `time_zone`, `active`, `created_at`, `updated_at`) VALUES ('SI','{\"en\":\"Semič\"}',15.18,45.65,'P','PPLA','SI.B1',NULL,2000,'Europe/Ljubljana',1,'2014-04-26 23:00:00','2014-04-26 23:00:00');
INSERT INTO `__PREFIX__cities` (`country_code`, `name`, `longitude`, `latitude`, `feature_class`, `feature_code`, `subadmin1_code`, `subadmin2_code`, `population`, `time_zone`, `active`, `created_at`, `updated_at`) VALUES ('SI','{\"en\":\"Šalovci\"}',16.30,46.83,'P','PPLA','SI.L4',NULL,426,'Europe/Ljubljana',1,'2020-06-10 23:00:00','2020-06-10 23:00:00');
INSERT INTO `__PREFIX__cities` (`country_code`, `name`, `longitude`, `latitude`, `feature_class`, `feature_code`, `subadmin1_code`, `subadmin2_code`, `population`, `time_zone`, `active`, `created_at`, `updated_at`) VALUES ('SI','{\"en\":\"Ruše\"}',15.52,46.54,'P','PPLA','SI.L3',NULL,4503,'Europe/Ljubljana',1,'2020-06-10 23:00:00','2020-06-10 23:00:00');
INSERT INTO `__PREFIX__cities` (`country_code`, `name`, `longitude`, `latitude`, `feature_class`, `feature_code`, `subadmin1_code`, `subadmin2_code`, `population`, `time_zone`, `active`, `created_at`, `updated_at`) VALUES ('SI','{\"en\":\"Rogatec\"}',15.70,46.23,'P','PPLA','SI.A8',NULL,1558,'Europe/Ljubljana',1,'2014-04-26 23:00:00','2014-04-26 23:00:00');
INSERT INTO `__PREFIX__cities` (`country_code`, `name`, `longitude`, `latitude`, `feature_class`, `feature_code`, `subadmin1_code`, `subadmin2_code`, `population`, `time_zone`, `active`, `created_at`, `updated_at`) VALUES ('SI','{\"en\":\"Rogašovci\"}',16.03,46.80,'P','PPLA','SI.A6',NULL,254,'Europe/Ljubljana',1,'2020-06-10 23:00:00','2020-06-10 23:00:00');
INSERT INTO `__PREFIX__cities` (`country_code`, `name`, `longitude`, `latitude`, `feature_class`, `feature_code`, `subadmin1_code`, `subadmin2_code`, `population`, `time_zone`, `active`, `created_at`, `updated_at`) VALUES ('SI','{\"en\":\"Rogaška Slatina\"}',15.64,46.24,'P','PPLA','SI.A7',NULL,5111,'Europe/Ljubljana',1,'2021-12-15 23:00:00','2021-12-15 23:00:00');
INSERT INTO `__PREFIX__cities` (`country_code`, `name`, `longitude`, `latitude`, `feature_class`, `feature_code`, `subadmin1_code`, `subadmin2_code`, `population`, `time_zone`, `active`, `created_at`, `updated_at`) VALUES ('SI','{\"en\":\"Ribnica na Pohorju\"}',15.27,46.53,'P','PPLA','SI.L2',NULL,443,'Europe/Ljubljana',1,'2014-04-26 23:00:00','2014-04-26 23:00:00');
INSERT INTO `__PREFIX__cities` (`country_code`, `name`, `longitude`, `latitude`, `feature_class`, `feature_code`, `subadmin1_code`, `subadmin2_code`, `population`, `time_zone`, `active`, `created_at`, `updated_at`) VALUES ('SI','{\"en\":\"Ribnica\"}',14.73,45.74,'P','PPLA','SI.L1',NULL,3604,'Europe/Ljubljana',1,'2014-04-26 23:00:00','2014-04-26 23:00:00');
INSERT INTO `__PREFIX__cities` (`country_code`, `name`, `longitude`, `latitude`, `feature_class`, `feature_code`, `subadmin1_code`, `subadmin2_code`, `population`, `time_zone`, `active`, `created_at`, `updated_at`) VALUES ('SI','{\"en\":\"Rečica ob Savinji\"}',14.92,46.32,'P','PPLA','SI.O9',NULL,489,'Europe/Ljubljana',1,'2014-04-26 23:00:00','2014-04-26 23:00:00');
INSERT INTO `__PREFIX__cities` (`country_code`, `name`, `longitude`, `latitude`, `feature_class`, `feature_code`, `subadmin1_code`, `subadmin2_code`, `population`, `time_zone`, `active`, `created_at`, `updated_at`) VALUES ('SI','{\"en\":\"Ravne na Koroškem\"}',14.97,46.54,'P','PPLA','SI.K8',NULL,6979,'Europe/Ljubljana',1,'2020-06-10 23:00:00','2020-06-10 23:00:00');
INSERT INTO `__PREFIX__cities` (`country_code`, `name`, `longitude`, `latitude`, `feature_class`, `feature_code`, `subadmin1_code`, `subadmin2_code`, `population`, `time_zone`, `active`, `created_at`, `updated_at`) VALUES ('SI','{\"en\":\"Radovljica\"}',14.17,46.34,'P','PPLA','SI.A3',NULL,5940,'Europe/Ljubljana',1,'2014-04-26 23:00:00','2014-04-26 23:00:00');
INSERT INTO `__PREFIX__cities` (`country_code`, `name`, `longitude`, `latitude`, `feature_class`, `feature_code`, `subadmin1_code`, `subadmin2_code`, `population`, `time_zone`, `active`, `created_at`, `updated_at`) VALUES ('SI','{\"en\":\"Radlje ob Dravi\"}',15.23,46.61,'P','PPLA','SI.A2',NULL,2811,'Europe/Ljubljana',1,'2014-04-26 23:00:00','2014-04-26 23:00:00');
INSERT INTO `__PREFIX__cities` (`country_code`, `name`, `longitude`, `latitude`, `feature_class`, `feature_code`, `subadmin1_code`, `subadmin2_code`, `population`, `time_zone`, `active`, `created_at`, `updated_at`) VALUES ('SI','{\"en\":\"Radenci\"}',16.04,46.64,'P','PPLA','SI.A1',NULL,2201,'Europe/Ljubljana',1,'2014-04-26 23:00:00','2014-04-26 23:00:00');
INSERT INTO `__PREFIX__cities` (`country_code`, `name`, `longitude`, `latitude`, `feature_class`, `feature_code`, `subadmin1_code`, `subadmin2_code`, `population`, `time_zone`, `active`, `created_at`, `updated_at`) VALUES ('SI','{\"en\":\"Radeče\"}',15.18,46.07,'P','PPLA','SI.99',NULL,2168,'Europe/Ljubljana',1,'2014-04-26 23:00:00','2014-04-26 23:00:00');
INSERT INTO `__PREFIX__cities` (`country_code`, `name`, `longitude`, `latitude`, `feature_class`, `feature_code`, `subadmin1_code`, `subadmin2_code`, `population`, `time_zone`, `active`, `created_at`, `updated_at`) VALUES ('SI','{\"en\":\"Rače\"}',15.68,46.45,'P','PPLA','SI.98',NULL,2529,'Europe/Ljubljana',1,'2020-06-10 23:00:00','2020-06-10 23:00:00');
INSERT INTO `__PREFIX__cities` (`country_code`, `name`, `longitude`, `latitude`, `feature_class`, `feature_code`, `subadmin1_code`, `subadmin2_code`, `population`, `time_zone`, `active`, `created_at`, `updated_at`) VALUES ('SI','{\"en\":\"Puconci\"}',16.16,46.71,'P','PPLA','SI.97',NULL,638,'Europe/Ljubljana',1,'2014-04-26 23:00:00','2014-04-26 23:00:00');
INSERT INTO `__PREFIX__cities` (`country_code`, `name`, `longitude`, `latitude`, `feature_class`, `feature_code`, `subadmin1_code`, `subadmin2_code`, `population`, `time_zone`, `active`, `created_at`, `updated_at`) VALUES ('SI','{\"en\":\"Ptuj\"}',15.87,46.42,'P','PPLA','SI.K7',NULL,18164,'Europe/Ljubljana',1,'2019-02-26 23:00:00','2019-02-26 23:00:00');
INSERT INTO `__PREFIX__cities` (`country_code`, `name`, `longitude`, `latitude`, `feature_class`, `feature_code`, `subadmin1_code`, `subadmin2_code`, `population`, `time_zone`, `active`, `created_at`, `updated_at`) VALUES ('SI','{\"en\":\"Prevalje\"}',14.92,46.55,'P','PPLA','SI.K6',NULL,4643,'Europe/Ljubljana',1,'2014-04-26 23:00:00','2014-04-26 23:00:00');
INSERT INTO `__PREFIX__cities` (`country_code`, `name`, `longitude`, `latitude`, `feature_class`, `feature_code`, `subadmin1_code`, `subadmin2_code`, `population`, `time_zone`, `active`, `created_at`, `updated_at`) VALUES ('SI','{\"en\":\"Preddvor\"}',14.42,46.30,'P','PPLA','SI.K5',NULL,837,'Europe/Ljubljana',1,'2014-04-26 23:00:00','2014-04-26 23:00:00');
INSERT INTO `__PREFIX__cities` (`country_code`, `name`, `longitude`, `latitude`, `feature_class`, `feature_code`, `subadmin1_code`, `subadmin2_code`, `population`, `time_zone`, `active`, `created_at`, `updated_at`) VALUES ('SI','{\"en\":\"Prebold\"}',15.09,46.24,'P','PPLA','SI.K4',NULL,1709,'Europe/Ljubljana',1,'2014-04-26 23:00:00','2014-04-26 23:00:00');
INSERT INTO `__PREFIX__cities` (`country_code`, `name`, `longitude`, `latitude`, `feature_class`, `feature_code`, `subadmin1_code`, `subadmin2_code`, `population`, `time_zone`, `active`, `created_at`, `updated_at`) VALUES ('SI','{\"en\":\"Postojna\"}',14.22,45.77,'P','PPLA','SI.94',NULL,9183,'Europe/Ljubljana',1,'2014-04-30 23:00:00','2014-04-30 23:00:00');
INSERT INTO `__PREFIX__cities` (`country_code`, `name`, `longitude`, `latitude`, `feature_class`, `feature_code`, `subadmin1_code`, `subadmin2_code`, `population`, `time_zone`, `active`, `created_at`, `updated_at`) VALUES ('SI','{\"en\":\"Polzela\"}',15.07,46.28,'P','PPLA','SI.K3',NULL,2380,'Europe/Ljubljana',1,'2014-04-26 23:00:00','2014-04-26 23:00:00');
INSERT INTO `__PREFIX__cities` (`country_code`, `name`, `longitude`, `latitude`, `feature_class`, `feature_code`, `subadmin1_code`, `subadmin2_code`, `population`, `time_zone`, `active`, `created_at`, `updated_at`) VALUES ('SI','{\"en\":\"Poljčane\"}',15.58,46.31,'P','PPLA','SI.O8',NULL,1153,'Europe/Ljubljana',1,'2014-04-26 23:00:00','2014-04-26 23:00:00');
INSERT INTO `__PREFIX__cities` (`country_code`, `name`, `longitude`, `latitude`, `feature_class`, `feature_code`, `subadmin1_code`, `subadmin2_code`, `population`, `time_zone`, `active`, `created_at`, `updated_at`) VALUES ('SI','{\"en\":\"Podvelka\"}',15.33,46.59,'P','PPLA','SI.K2',NULL,343,'Europe/Ljubljana',1,'2014-04-26 23:00:00','2014-04-26 23:00:00');
INSERT INTO `__PREFIX__cities` (`country_code`, `name`, `longitude`, `latitude`, `feature_class`, `feature_code`, `subadmin1_code`, `subadmin2_code`, `population`, `time_zone`, `active`, `created_at`, `updated_at`) VALUES ('SI','{\"en\":\"Podlehnik\"}',15.88,46.34,'P','PPLA','SI.K1',NULL,388,'Europe/Ljubljana',1,'2014-04-26 23:00:00','2014-04-26 23:00:00');
INSERT INTO `__PREFIX__cities` (`country_code`, `name`, `longitude`, `latitude`, `feature_class`, `feature_code`, `subadmin1_code`, `subadmin2_code`, `population`, `time_zone`, `active`, `created_at`, `updated_at`) VALUES ('SI','{\"en\":\"Podčetrtek\"}',15.60,46.16,'P','PPLA','SI.92',NULL,528,'Europe/Ljubljana',1,'2014-04-26 23:00:00','2014-04-26 23:00:00');
INSERT INTO `__PREFIX__cities` (`country_code`, `name`, `longitude`, `latitude`, `feature_class`, `feature_code`, `subadmin1_code`, `subadmin2_code`, `population`, `time_zone`, `active`, `created_at`, `updated_at`) VALUES ('SI','{\"en\":\"Pivka\"}',14.20,45.68,'P','PPLA','SI.91',NULL,2088,'Europe/Ljubljana',1,'2015-10-21 23:00:00','2015-10-21 23:00:00');
INSERT INTO `__PREFIX__cities` (`country_code`, `name`, `longitude`, `latitude`, `feature_class`, `feature_code`, `subadmin1_code`, `subadmin2_code`, `population`, `time_zone`, `active`, `created_at`, `updated_at`) VALUES ('SI','{\"en\":\"Piran\"}',13.57,45.53,'P','PPLA','SI.J9',NULL,4192,'Europe/Ljubljana',1,'2014-04-30 23:00:00','2014-04-30 23:00:00');
INSERT INTO `__PREFIX__cities` (`country_code`, `name`, `longitude`, `latitude`, `feature_class`, `feature_code`, `subadmin1_code`, `subadmin2_code`, `population`, `time_zone`, `active`, `created_at`, `updated_at`) VALUES ('SI','{\"en\":\"Pesnica\"}',15.68,46.61,'P','PPLA','SI.89',NULL,913,'Europe/Ljubljana',1,'2020-03-08 23:00:00','2020-03-08 23:00:00');
INSERT INTO `__PREFIX__cities` (`country_code`, `name`, `longitude`, `latitude`, `feature_class`, `feature_code`, `subadmin1_code`, `subadmin2_code`, `population`, `time_zone`, `active`, `created_at`, `updated_at`) VALUES ('SI','{\"en\":\"Osilnica\"}',14.70,45.53,'P','PPLA','SI.88',NULL,87,'Europe/Ljubljana',1,'2014-04-30 23:00:00','2014-04-30 23:00:00');
INSERT INTO `__PREFIX__cities` (`country_code`, `name`, `longitude`, `latitude`, `feature_class`, `feature_code`, `subadmin1_code`, `subadmin2_code`, `population`, `time_zone`, `active`, `created_at`, `updated_at`) VALUES ('SI','{\"en\":\"Ormož\"}',16.15,46.41,'P','PPLA','SI.87',NULL,2174,'Europe/Ljubljana',1,'2020-06-10 23:00:00','2020-06-10 23:00:00');
INSERT INTO `__PREFIX__cities` (`country_code`, `name`, `longitude`, `latitude`, `feature_class`, `feature_code`, `subadmin1_code`, `subadmin2_code`, `population`, `time_zone`, `active`, `created_at`, `updated_at`) VALUES ('SI','{\"en\":\"Oplotnica\"}',15.45,46.39,'P','PPLA','SI.J8',NULL,1352,'Europe/Ljubljana',1,'2014-04-26 23:00:00','2014-04-26 23:00:00');
INSERT INTO `__PREFIX__cities` (`country_code`, `name`, `longitude`, `latitude`, `feature_class`, `feature_code`, `subadmin1_code`, `subadmin2_code`, `population`, `time_zone`, `active`, `created_at`, `updated_at`) VALUES ('SI','{\"en\":\"Odranci\"}',16.28,46.59,'P','PPLA','SI.86',NULL,1693,'Europe/Ljubljana',1,'2014-04-26 23:00:00','2014-04-26 23:00:00');
INSERT INTO `__PREFIX__cities` (`country_code`, `name`, `longitude`, `latitude`, `feature_class`, `feature_code`, `subadmin1_code`, `subadmin2_code`, `population`, `time_zone`, `active`, `created_at`, `updated_at`) VALUES ('SI','{\"en\":\"Novo Mesto\"}',15.17,45.80,'P','PPLA','SI.J7',NULL,23341,'Europe/Ljubljana',1,'2019-09-04 23:00:00','2019-09-04 23:00:00');
INSERT INTO `__PREFIX__cities` (`country_code`, `name`, `longitude`, `latitude`, `feature_class`, `feature_code`, `subadmin1_code`, `subadmin2_code`, `population`, `time_zone`, `active`, `created_at`, `updated_at`) VALUES ('SI','{\"en\":\"Nova Vas\"}',14.51,45.77,'P','PPLA','SI.F6',NULL,299,'Europe/Ljubljana',1,'2014-04-26 23:00:00','2014-04-26 23:00:00');
INSERT INTO `__PREFIX__cities` (`country_code`, `name`, `longitude`, `latitude`, `feature_class`, `feature_code`, `subadmin1_code`, `subadmin2_code`, `population`, `time_zone`, `active`, `created_at`, `updated_at`) VALUES ('SI','{\"en\":\"Nova Gorica\"}',13.65,45.96,'P','PPLA','SI.84',NULL,13178,'Europe/Ljubljana',1,'2019-09-04 23:00:00','2019-09-04 23:00:00');
INSERT INTO `__PREFIX__cities` (`country_code`, `name`, `longitude`, `latitude`, `feature_class`, `feature_code`, `subadmin1_code`, `subadmin2_code`, `population`, `time_zone`, `active`, `created_at`, `updated_at`) VALUES ('SI','{\"en\":\"Naklo\"}',14.32,46.27,'P','PPLA','SI.82',NULL,1716,'Europe/Ljubljana',1,'2021-01-23 23:00:00','2021-01-23 23:00:00');
INSERT INTO `__PREFIX__cities` (`country_code`, `name`, `longitude`, `latitude`, `feature_class`, `feature_code`, `subadmin1_code`, `subadmin2_code`, `population`, `time_zone`, `active`, `created_at`, `updated_at`) VALUES ('SI','{\"en\":\"Muta\"}',15.17,46.61,'P','PPLA','SI.81',NULL,2300,'Europe/Ljubljana',1,'2014-04-26 23:00:00','2014-04-26 23:00:00');
INSERT INTO `__PREFIX__cities` (`country_code`, `name`, `longitude`, `latitude`, `feature_class`, `feature_code`, `subadmin1_code`, `subadmin2_code`, `population`, `time_zone`, `active`, `created_at`, `updated_at`) VALUES ('SI','{\"en\":\"Murska Sobota\"}',16.17,46.66,'P','PPLA','SI.80',NULL,11614,'Europe/Ljubljana',1,'2014-04-26 23:00:00','2014-04-26 23:00:00');
INSERT INTO `__PREFIX__cities` (`country_code`, `name`, `longitude`, `latitude`, `feature_class`, `feature_code`, `subadmin1_code`, `subadmin2_code`, `population`, `time_zone`, `active`, `created_at`, `updated_at`) VALUES ('SI','{\"en\":\"Mozirje\"}',14.96,46.34,'P','PPLA','SI.79',NULL,2085,'Europe/Ljubljana',1,'2014-04-26 23:00:00','2014-04-26 23:00:00');
INSERT INTO `__PREFIX__cities` (`country_code`, `name`, `longitude`, `latitude`, `feature_class`, `feature_code`, `subadmin1_code`, `subadmin2_code`, `population`, `time_zone`, `active`, `created_at`, `updated_at`) VALUES ('SI','{\"en\":\"Moravske Toplice\"}',16.22,46.68,'P','PPLA','SI.78',NULL,735,'Europe/Ljubljana',1,'2014-04-26 23:00:00','2014-04-26 23:00:00');
INSERT INTO `__PREFIX__cities` (`country_code`, `name`, `longitude`, `latitude`, `feature_class`, `feature_code`, `subadmin1_code`, `subadmin2_code`, `population`, `time_zone`, `active`, `created_at`, `updated_at`) VALUES ('SI','{\"en\":\"Moravče\"}',14.74,46.14,'P','PPLA','SI.77',NULL,903,'Europe/Ljubljana',1,'2014-04-26 23:00:00','2014-04-26 23:00:00');
INSERT INTO `__PREFIX__cities` (`country_code`, `name`, `longitude`, `latitude`, `feature_class`, `feature_code`, `subadmin1_code`, `subadmin2_code`, `population`, `time_zone`, `active`, `created_at`, `updated_at`) VALUES ('SI','{\"en\":\"Mokronog\"}',15.14,45.93,'P','PPLA','SI.O7',NULL,637,'Europe/Ljubljana',1,'2014-04-26 23:00:00','2014-04-26 23:00:00');
INSERT INTO `__PREFIX__cities` (`country_code`, `name`, `longitude`, `latitude`, `feature_class`, `feature_code`, `subadmin1_code`, `subadmin2_code`, `population`, `time_zone`, `active`, `created_at`, `updated_at`) VALUES ('SI','{\"en\":\"Mislinja\"}',15.20,46.44,'P','PPLA','SI.76',NULL,1945,'Europe/Ljubljana',1,'2016-03-10 23:00:00','2016-03-10 23:00:00');
INSERT INTO `__PREFIX__cities` (`country_code`, `name`, `longitude`, `latitude`, `feature_class`, `feature_code`, `subadmin1_code`, `subadmin2_code`, `population`, `time_zone`, `active`, `created_at`, `updated_at`) VALUES ('SI','{\"en\":\"Mirna Peč\"}',15.08,45.86,'P','PPLA','SI.J6',NULL,990,'Europe/Ljubljana',1,'2014-04-26 23:00:00','2014-04-26 23:00:00');
INSERT INTO `__PREFIX__cities` (`country_code`, `name`, `longitude`, `latitude`, `feature_class`, `feature_code`, `subadmin1_code`, `subadmin2_code`, `population`, `time_zone`, `active`, `created_at`, `updated_at`) VALUES ('SI','{\"en\":\"Mirna\"}',15.06,45.96,'P','PPLA','SI.O6',NULL,1398,'Europe/Ljubljana',1,'2016-11-22 23:00:00','2016-11-22 23:00:00');
INSERT INTO `__PREFIX__cities` (`country_code`, `name`, `longitude`, `latitude`, `feature_class`, `feature_code`, `subadmin1_code`, `subadmin2_code`, `population`, `time_zone`, `active`, `created_at`, `updated_at`) VALUES ('SI','{\"en\":\"Miren\"}',13.61,45.90,'P','PPLA','SI.J5',NULL,1460,'Europe/Ljubljana',1,'2014-04-26 23:00:00','2014-04-26 23:00:00');
INSERT INTO `__PREFIX__cities` (`country_code`, `name`, `longitude`, `latitude`, `feature_class`, `feature_code`, `subadmin1_code`, `subadmin2_code`, `population`, `time_zone`, `active`, `created_at`, `updated_at`) VALUES ('SI','{\"en\":\"Miklavž na Dravskem Polju\"}',15.70,46.51,'P','PPLA','SI.J4',NULL,3854,'Europe/Ljubljana',1,'2014-04-26 23:00:00','2014-04-26 23:00:00');
INSERT INTO `__PREFIX__cities` (`country_code`, `name`, `longitude`, `latitude`, `feature_class`, `feature_code`, `subadmin1_code`, `subadmin2_code`, `population`, `time_zone`, `active`, `created_at`, `updated_at`) VALUES ('SI','{\"en\":\"Mežica\"}',14.85,46.52,'P','PPLA','SI.74',NULL,3254,'Europe/Ljubljana',1,'2014-04-26 23:00:00','2014-04-26 23:00:00');
INSERT INTO `__PREFIX__cities` (`country_code`, `name`, `longitude`, `latitude`, `feature_class`, `feature_code`, `subadmin1_code`, `subadmin2_code`, `population`, `time_zone`, `active`, `created_at`, `updated_at`) VALUES ('SI','{\"en\":\"Metlika\"}',15.31,45.65,'P','PPLA','SI.73',NULL,3273,'Europe/Ljubljana',1,'2014-04-26 23:00:00','2014-04-26 23:00:00');
INSERT INTO `__PREFIX__cities` (`country_code`, `name`, `longitude`, `latitude`, `feature_class`, `feature_code`, `subadmin1_code`, `subadmin2_code`, `population`, `time_zone`, `active`, `created_at`, `updated_at`) VALUES ('SI','{\"en\":\"Mengeš\"}',14.57,46.17,'P','PPLA','SI.72',NULL,6112,'Europe/Ljubljana',1,'2014-04-26 23:00:00','2014-04-26 23:00:00');
INSERT INTO `__PREFIX__cities` (`country_code`, `name`, `longitude`, `latitude`, `feature_class`, `feature_code`, `subadmin1_code`, `subadmin2_code`, `population`, `time_zone`, `active`, `created_at`, `updated_at`) VALUES ('SI','{\"en\":\"Medvode\"}',14.41,46.14,'P','PPLA','SI.71',NULL,5178,'Europe/Ljubljana',1,'2014-04-30 23:00:00','2014-04-30 23:00:00');
INSERT INTO `__PREFIX__cities` (`country_code`, `name`, `longitude`, `latitude`, `feature_class`, `feature_code`, `subadmin1_code`, `subadmin2_code`, `population`, `time_zone`, `active`, `created_at`, `updated_at`) VALUES ('SI','{\"en\":\"Markovci\"}',15.93,46.40,'P','PPLA','SI.J3',NULL,462,'Europe/Ljubljana',1,'2014-04-26 23:00:00','2014-04-26 23:00:00');
INSERT INTO `__PREFIX__cities` (`country_code`, `name`, `longitude`, `latitude`, `feature_class`, `feature_code`, `subadmin1_code`, `subadmin2_code`, `population`, `time_zone`, `active`, `created_at`, `updated_at`) VALUES ('SI','{\"en\":\"Maribor\"}',15.65,46.55,'P','PPLA','SI.J2',NULL,95171,'Europe/Ljubljana',1,'2019-02-25 23:00:00','2019-02-25 23:00:00');
INSERT INTO `__PREFIX__cities` (`country_code`, `name`, `longitude`, `latitude`, `feature_class`, `feature_code`, `subadmin1_code`, `subadmin2_code`, `population`, `time_zone`, `active`, `created_at`, `updated_at`) VALUES ('SI','{\"en\":\"Makole\"}',15.67,46.32,'P','PPLA','SI.O5',NULL,250,'Europe/Ljubljana',1,'2014-04-26 23:00:00','2014-04-26 23:00:00');
INSERT INTO `__PREFIX__cities` (`country_code`, `name`, `longitude`, `latitude`, `feature_class`, `feature_code`, `subadmin1_code`, `subadmin2_code`, `population`, `time_zone`, `active`, `created_at`, `updated_at`) VALUES ('SI','{\"en\":\"Majšperk\"}',15.73,46.35,'P','PPLA','SI.J1',NULL,637,'Europe/Ljubljana',1,'2014-04-26 23:00:00','2014-04-26 23:00:00');
INSERT INTO `__PREFIX__cities` (`country_code`, `name`, `longitude`, `latitude`, `feature_class`, `feature_code`, `subadmin1_code`, `subadmin2_code`, `population`, `time_zone`, `active`, `created_at`, `updated_at`) VALUES ('SI','{\"en\":\"Lukovica pri Domžalah\"}',14.69,46.17,'P','PPLA','SI.68',NULL,419,'Europe/Ljubljana',1,'2014-04-30 23:00:00','2014-04-30 23:00:00');
INSERT INTO `__PREFIX__cities` (`country_code`, `name`, `longitude`, `latitude`, `feature_class`, `feature_code`, `subadmin1_code`, `subadmin2_code`, `population`, `time_zone`, `active`, `created_at`, `updated_at`) VALUES ('SI','{\"en\":\"Luče\"}',14.75,46.36,'P','PPLA','SI.I9',NULL,413,'Europe/Ljubljana',1,'2014-04-26 23:00:00','2014-04-26 23:00:00');
INSERT INTO `__PREFIX__cities` (`country_code`, `name`, `longitude`, `latitude`, `feature_class`, `feature_code`, `subadmin1_code`, `subadmin2_code`, `population`, `time_zone`, `active`, `created_at`, `updated_at`) VALUES ('SI','{\"en\":\"Lovrenc na Pohorju\"}',15.39,46.54,'P','PPLA','SI.I8',NULL,1977,'Europe/Ljubljana',1,'2014-04-26 23:00:00','2014-04-26 23:00:00');
INSERT INTO `__PREFIX__cities` (`country_code`, `name`, `longitude`, `latitude`, `feature_class`, `feature_code`, `subadmin1_code`, `subadmin2_code`, `population`, `time_zone`, `active`, `created_at`, `updated_at`) VALUES ('SI','{\"en\":\"Ljutomer\"}',16.20,46.52,'P','PPLA','SI.I6',NULL,3460,'Europe/Ljubljana',1,'2014-04-26 23:00:00','2014-04-26 23:00:00');
INSERT INTO `__PREFIX__cities` (`country_code`, `name`, `longitude`, `latitude`, `feature_class`, `feature_code`, `subadmin1_code`, `subadmin2_code`, `population`, `time_zone`, `active`, `created_at`, `updated_at`) VALUES ('SI','{\"en\":\"Ljubno ob Savinji\"}',14.83,46.34,'P','PPLA','SI.62',NULL,1104,'Europe/Ljubljana',1,'2014-04-30 23:00:00','2014-04-30 23:00:00');
INSERT INTO `__PREFIX__cities` (`country_code`, `name`, `longitude`, `latitude`, `feature_class`, `feature_code`, `subadmin1_code`, `subadmin2_code`, `population`, `time_zone`, `active`, `created_at`, `updated_at`) VALUES ('SI','{\"en\":\"Ljubljana\"}',14.51,46.05,'P','PPLC','SI.61',NULL,272220,'Europe/Ljubljana',1,'2019-09-04 23:00:00','2019-09-04 23:00:00');
INSERT INTO `__PREFIX__cities` (`country_code`, `name`, `longitude`, `latitude`, `feature_class`, `feature_code`, `subadmin1_code`, `subadmin2_code`, `population`, `time_zone`, `active`, `created_at`, `updated_at`) VALUES ('SI','{\"en\":\"Litija\"}',14.82,46.06,'P','PPLA','SI.I5',NULL,6467,'Europe/Ljubljana',1,'2014-04-26 23:00:00','2014-04-26 23:00:00');
INSERT INTO `__PREFIX__cities` (`country_code`, `name`, `longitude`, `latitude`, `feature_class`, `feature_code`, `subadmin1_code`, `subadmin2_code`, `population`, `time_zone`, `active`, `created_at`, `updated_at`) VALUES ('SI','{\"en\":\"Lendava\"}',16.45,46.56,'P','PPLA','SI.I4',NULL,3129,'Europe/Ljubljana',1,'2014-04-26 23:00:00','2014-04-26 23:00:00');
INSERT INTO `__PREFIX__cities` (`country_code`, `name`, `longitude`, `latitude`, `feature_class`, `feature_code`, `subadmin1_code`, `subadmin2_code`, `population`, `time_zone`, `active`, `created_at`, `updated_at`) VALUES ('SI','{\"en\":\"Lenart v Slov. Goricah\"}',15.83,46.58,'P','PPLA','SI.I3',NULL,3006,'Europe/Ljubljana',1,'2014-04-30 23:00:00','2014-04-30 23:00:00');
INSERT INTO `__PREFIX__cities` (`country_code`, `name`, `longitude`, `latitude`, `feature_class`, `feature_code`, `subadmin1_code`, `subadmin2_code`, `population`, `time_zone`, `active`, `created_at`, `updated_at`) VALUES ('SI','{\"en\":\"Laško\"}',15.24,46.15,'P','PPLA','SI.57',NULL,3456,'Europe/Ljubljana',1,'2019-10-07 23:00:00','2019-10-07 23:00:00');
INSERT INTO `__PREFIX__cities` (`country_code`, `name`, `longitude`, `latitude`, `feature_class`, `feature_code`, `subadmin1_code`, `subadmin2_code`, `population`, `time_zone`, `active`, `created_at`, `updated_at`) VALUES ('SI','{\"en\":\"Kuzma\"}',16.08,46.84,'P','PPLA','SI.I2',NULL,375,'Europe/Ljubljana',1,'2014-04-26 23:00:00','2014-04-26 23:00:00');
INSERT INTO `__PREFIX__cities` (`country_code`, `name`, `longitude`, `latitude`, `feature_class`, `feature_code`, `subadmin1_code`, `subadmin2_code`, `population`, `time_zone`, `active`, `created_at`, `updated_at`) VALUES ('SI','{\"en\":\"Krško\"}',15.49,45.96,'P','PPLA','SI.54',NULL,7097,'Europe/Ljubljana',1,'2014-04-26 23:00:00','2014-04-26 23:00:00');
INSERT INTO `__PREFIX__cities` (`country_code`, `name`, `longitude`, `latitude`, `feature_class`, `feature_code`, `subadmin1_code`, `subadmin2_code`, `population`, `time_zone`, `active`, `created_at`, `updated_at`) VALUES ('SI','{\"en\":\"Križevci pri Ljutomeru\"}',16.14,46.57,'P','PPLA','SI.I1',NULL,490,'Europe/Ljubljana',1,'2020-06-10 23:00:00','2020-06-10 23:00:00');
INSERT INTO `__PREFIX__cities` (`country_code`, `name`, `longitude`, `latitude`, `feature_class`, `feature_code`, `subadmin1_code`, `subadmin2_code`, `population`, `time_zone`, `active`, `created_at`, `updated_at`) VALUES ('SI','{\"en\":\"Kranjska Gora\"}',13.78,46.46,'P','PPLA','SI.53',NULL,1439,'Europe/Ljubljana',1,'2014-04-26 23:00:00','2014-04-26 23:00:00');
INSERT INTO `__PREFIX__cities` (`country_code`, `name`, `longitude`, `latitude`, `feature_class`, `feature_code`, `subadmin1_code`, `subadmin2_code`, `population`, `time_zone`, `active`, `created_at`, `updated_at`) VALUES ('SI','{\"en\":\"Kranj\"}',14.36,46.24,'P','PPLA','SI.52',NULL,36874,'Europe/Ljubljana',1,'2014-04-26 23:00:00','2014-04-26 23:00:00');
INSERT INTO `__PREFIX__cities` (`country_code`, `name`, `longitude`, `latitude`, `feature_class`, `feature_code`, `subadmin1_code`, `subadmin2_code`, `population`, `time_zone`, `active`, `created_at`, `updated_at`) VALUES ('SI','{\"en\":\"Kozje\"}',15.56,46.08,'P','PPLA','SI.51',NULL,669,'Europe/Ljubljana',1,'2014-04-26 23:00:00','2014-04-26 23:00:00');
INSERT INTO `__PREFIX__cities` (`country_code`, `name`, `longitude`, `latitude`, `feature_class`, `feature_code`, `subadmin1_code`, `subadmin2_code`, `population`, `time_zone`, `active`, `created_at`, `updated_at`) VALUES ('SI','{\"en\":\"Kostanjevica na Krki\"}',15.42,45.85,'P','PPLA','SI.O3',NULL,695,'Europe/Ljubljana',1,'2014-04-26 23:00:00','2014-04-26 23:00:00');
INSERT INTO `__PREFIX__cities` (`country_code`, `name`, `longitude`, `latitude`, `feature_class`, `feature_code`, `subadmin1_code`, `subadmin2_code`, `population`, `time_zone`, `active`, `created_at`, `updated_at`) VALUES ('SI','{\"en\":\"Koper\"}',13.73,45.55,'P','PPLA','SI.50',NULL,24996,'Europe/Ljubljana',1,'2019-02-25 23:00:00','2019-02-25 23:00:00');
INSERT INTO `__PREFIX__cities` (`country_code`, `name`, `longitude`, `latitude`, `feature_class`, `feature_code`, `subadmin1_code`, `subadmin2_code`, `population`, `time_zone`, `active`, `created_at`, `updated_at`) VALUES ('SI','{\"en\":\"Komen\"}',13.75,45.82,'P','PPLA','SI.49',NULL,650,'Europe/Ljubljana',1,'2014-04-26 23:00:00','2014-04-26 23:00:00');
INSERT INTO `__PREFIX__cities` (`country_code`, `name`, `longitude`, `latitude`, `feature_class`, `feature_code`, `subadmin1_code`, `subadmin2_code`, `population`, `time_zone`, `active`, `created_at`, `updated_at`) VALUES ('SI','{\"en\":\"Kočevje\"}',14.86,45.64,'P','PPLA','SI.H7',NULL,8672,'Europe/Ljubljana',1,'2020-06-10 23:00:00','2020-06-10 23:00:00');
INSERT INTO `__PREFIX__cities` (`country_code`, `name`, `longitude`, `latitude`, `feature_class`, `feature_code`, `subadmin1_code`, `subadmin2_code`, `population`, `time_zone`, `active`, `created_at`, `updated_at`) VALUES ('SI','{\"en\":\"Kobilje\"}',16.40,46.68,'P','PPLA','SI.47',NULL,618,'Europe/Ljubljana',1,'2014-04-26 23:00:00','2014-04-26 23:00:00');
INSERT INTO `__PREFIX__cities` (`country_code`, `name`, `longitude`, `latitude`, `feature_class`, `feature_code`, `subadmin1_code`, `subadmin2_code`, `population`, `time_zone`, `active`, `created_at`, `updated_at`) VALUES ('SI','{\"en\":\"Kobarid\"}',13.58,46.25,'P','PPLA','SI.46',NULL,1121,'Europe/Ljubljana',1,'2017-03-17 23:00:00','2017-03-17 23:00:00');
INSERT INTO `__PREFIX__cities` (`country_code`, `name`, `longitude`, `latitude`, `feature_class`, `feature_code`, `subadmin1_code`, `subadmin2_code`, `population`, `time_zone`, `active`, `created_at`, `updated_at`) VALUES ('SI','{\"en\":\"Kidričevo\"}',15.79,46.40,'P','PPLA','SI.45',NULL,1253,'Europe/Ljubljana',1,'2014-04-26 23:00:00','2014-04-26 23:00:00');
INSERT INTO `__PREFIX__cities` (`country_code`, `name`, `longitude`, `latitude`, `feature_class`, `feature_code`, `subadmin1_code`, `subadmin2_code`, `population`, `time_zone`, `active`, `created_at`, `updated_at`) VALUES ('SI','{\"en\":\"Kanal\"}',13.64,46.09,'P','PPLA','SI.44',NULL,1269,'Europe/Ljubljana',1,'2014-04-26 23:00:00','2014-04-26 23:00:00');
INSERT INTO `__PREFIX__cities` (`country_code`, `name`, `longitude`, `latitude`, `feature_class`, `feature_code`, `subadmin1_code`, `subadmin2_code`, `population`, `time_zone`, `active`, `created_at`, `updated_at`) VALUES ('SI','{\"en\":\"Kamnik\"}',14.61,46.23,'P','PPLA','SI.H6',NULL,13644,'Europe/Ljubljana',1,'2014-04-26 23:00:00','2014-04-26 23:00:00');
INSERT INTO `__PREFIX__cities` (`country_code`, `name`, `longitude`, `latitude`, `feature_class`, `feature_code`, `subadmin1_code`, `subadmin2_code`, `population`, `time_zone`, `active`, `created_at`, `updated_at`) VALUES ('SI','{\"en\":\"Juršinci\"}',15.97,46.48,'P','PPLA','SI.42',NULL,314,'Europe/Ljubljana',1,'2014-04-26 23:00:00','2014-04-26 23:00:00');
INSERT INTO `__PREFIX__cities` (`country_code`, `name`, `longitude`, `latitude`, `feature_class`, `feature_code`, `subadmin1_code`, `subadmin2_code`, `population`, `time_zone`, `active`, `created_at`, `updated_at`) VALUES ('SI','{\"en\":\"Jurovski Dol\"}',15.78,46.61,'P','PPLA','SI.P7',NULL,385,'Europe/Ljubljana',1,'2014-04-26 23:00:00','2014-04-26 23:00:00');
INSERT INTO `__PREFIX__cities` (`country_code`, `name`, `longitude`, `latitude`, `feature_class`, `feature_code`, `subadmin1_code`, `subadmin2_code`, `population`, `time_zone`, `active`, `created_at`, `updated_at`) VALUES ('SI','{\"en\":\"Sveti Jurij\"}',16.02,46.57,'P','PPLA','SI.D1',NULL,204,'Europe/Ljubljana',1,'2020-03-08 23:00:00','2020-03-08 23:00:00');
INSERT INTO `__PREFIX__cities` (`country_code`, `name`, `longitude`, `latitude`, `feature_class`, `feature_code`, `subadmin1_code`, `subadmin2_code`, `population`, `time_zone`, `active`, `created_at`, `updated_at`) VALUES ('SI','{\"en\":\"Jesenice\"}',14.07,46.43,'P','PPLA','SI.H4',NULL,13440,'Europe/Ljubljana',1,'2014-04-26 23:00:00','2014-04-26 23:00:00');
INSERT INTO `__PREFIX__cities` (`country_code`, `name`, `longitude`, `latitude`, `feature_class`, `feature_code`, `subadmin1_code`, `subadmin2_code`, `population`, `time_zone`, `active`, `created_at`, `updated_at`) VALUES ('SI','{\"en\":\"Izola\"}',13.66,45.54,'P','PPLA','SI.40',NULL,11223,'Europe/Ljubljana',1,'2019-02-21 23:00:00','2019-02-21 23:00:00');
INSERT INTO `__PREFIX__cities` (`country_code`, `name`, `longitude`, `latitude`, `feature_class`, `feature_code`, `subadmin1_code`, `subadmin2_code`, `population`, `time_zone`, `active`, `created_at`, `updated_at`) VALUES ('SI','{\"en\":\"Ivančna Gorica\"}',14.80,45.94,'P','PPLA','SI.39',NULL,1988,'Europe/Ljubljana',1,'2020-06-10 23:00:00','2020-06-10 23:00:00');
INSERT INTO `__PREFIX__cities` (`country_code`, `name`, `longitude`, `latitude`, `feature_class`, `feature_code`, `subadmin1_code`, `subadmin2_code`, `population`, `time_zone`, `active`, `created_at`, `updated_at`) VALUES ('SI','{\"en\":\"Ilirska Bistrica\"}',14.25,45.57,'P','PPLA','SI.38',NULL,4553,'Europe/Ljubljana',1,'2018-07-17 23:00:00','2018-07-17 23:00:00');
INSERT INTO `__PREFIX__cities` (`country_code`, `name`, `longitude`, `latitude`, `feature_class`, `feature_code`, `subadmin1_code`, `subadmin2_code`, `population`, `time_zone`, `active`, `created_at`, `updated_at`) VALUES ('SI','{\"en\":\"Ig\"}',14.53,45.96,'P','PPLA','SI.37',NULL,2262,'Europe/Ljubljana',1,'2014-04-26 23:00:00','2014-04-26 23:00:00');
INSERT INTO `__PREFIX__cities` (`country_code`, `name`, `longitude`, `latitude`, `feature_class`, `feature_code`, `subadmin1_code`, `subadmin2_code`, `population`, `time_zone`, `active`, `created_at`, `updated_at`) VALUES ('SI','{\"en\":\"Idrija\"}',14.03,46.00,'P','PPLA','SI.36',NULL,5955,'Europe/Ljubljana',1,'2014-04-26 23:00:00','2014-04-26 23:00:00');
INSERT INTO `__PREFIX__cities` (`country_code`, `name`, `longitude`, `latitude`, `feature_class`, `feature_code`, `subadmin1_code`, `subadmin2_code`, `population`, `time_zone`, `active`, `created_at`, `updated_at`) VALUES ('SI','{\"en\":\"Hrib-Loški Potok\"}',14.62,45.71,'P','PPLA','SI.66',NULL,373,'Europe/Ljubljana',1,'2014-04-26 23:00:00','2014-04-26 23:00:00');
INSERT INTO `__PREFIX__cities` (`country_code`, `name`, `longitude`, `latitude`, `feature_class`, `feature_code`, `subadmin1_code`, `subadmin2_code`, `population`, `time_zone`, `active`, `created_at`, `updated_at`) VALUES ('SI','{\"en\":\"Hrastnik\"}',15.08,46.15,'P','PPLA','SI.34',NULL,5621,'Europe/Ljubljana',1,'2014-04-26 23:00:00','2014-04-26 23:00:00');
INSERT INTO `__PREFIX__cities` (`country_code`, `name`, `longitude`, `latitude`, `feature_class`, `feature_code`, `subadmin1_code`, `subadmin2_code`, `population`, `time_zone`, `active`, `created_at`, `updated_at`) VALUES ('SI','{\"en\":\"Horjul\"}',14.30,46.02,'P','PPLA','SI.H3',NULL,1329,'Europe/Ljubljana',1,'2014-04-26 23:00:00','2014-04-26 23:00:00');
INSERT INTO `__PREFIX__cities` (`country_code`, `name`, `longitude`, `latitude`, `feature_class`, `feature_code`, `subadmin1_code`, `subadmin2_code`, `population`, `time_zone`, `active`, `created_at`, `updated_at`) VALUES ('SI','{\"en\":\"Hodoš\"}',16.33,46.82,'P','PPLA','SI.H2',NULL,228,'Europe/Ljubljana',1,'2014-04-26 23:00:00','2014-04-26 23:00:00');
INSERT INTO `__PREFIX__cities` (`country_code`, `name`, `longitude`, `latitude`, `feature_class`, `feature_code`, `subadmin1_code`, `subadmin2_code`, `population`, `time_zone`, `active`, `created_at`, `updated_at`) VALUES ('SI','{\"en\":\"Grosuplje\"}',14.66,45.96,'P','PPLA','SI.32',NULL,7098,'Europe/Ljubljana',1,'2014-04-26 23:00:00','2014-04-26 23:00:00');
INSERT INTO `__PREFIX__cities` (`country_code`, `name`, `longitude`, `latitude`, `feature_class`, `feature_code`, `subadmin1_code`, `subadmin2_code`, `population`, `time_zone`, `active`, `created_at`, `updated_at`) VALUES ('SI','{\"en\":\"Sv. Trojica v Slov. Goricah\"}',15.88,46.58,'P','PPLA','SI.P6',NULL,730,'Europe/Ljubljana',1,'2016-10-23 23:00:00','2016-10-23 23:00:00');
INSERT INTO `__PREFIX__cities` (`country_code`, `name`, `longitude`, `latitude`, `feature_class`, `feature_code`, `subadmin1_code`, `subadmin2_code`, `population`, `time_zone`, `active`, `created_at`, `updated_at`) VALUES ('SI','{\"en\":\"Grad\"}',16.10,46.80,'P','PPLA','SI.G8',NULL,686,'Europe/Ljubljana',1,'2014-04-26 23:00:00','2014-04-26 23:00:00');
INSERT INTO `__PREFIX__cities` (`country_code`, `name`, `longitude`, `latitude`, `feature_class`, `feature_code`, `subadmin1_code`, `subadmin2_code`, `population`, `time_zone`, `active`, `created_at`, `updated_at`) VALUES ('SI','{\"en\":\"Gornji Petrovci\"}',16.22,46.81,'P','PPLA','SI.31',NULL,419,'Europe/Ljubljana',1,'2014-04-26 23:00:00','2014-04-26 23:00:00');
INSERT INTO `__PREFIX__cities` (`country_code`, `name`, `longitude`, `latitude`, `feature_class`, `feature_code`, `subadmin1_code`, `subadmin2_code`, `population`, `time_zone`, `active`, `created_at`, `updated_at`) VALUES ('SI','{\"en\":\"Gornji Grad\"}',14.81,46.30,'P','PPLA','SI.30',NULL,1048,'Europe/Ljubljana',1,'2014-04-26 23:00:00','2014-04-26 23:00:00');
INSERT INTO `__PREFIX__cities` (`country_code`, `name`, `longitude`, `latitude`, `feature_class`, `feature_code`, `subadmin1_code`, `subadmin2_code`, `population`, `time_zone`, `active`, `created_at`, `updated_at`) VALUES ('SI','{\"en\":\"Gornja Radgona\"}',15.99,46.67,'P','PPLA','SI.29',NULL,3159,'Europe/Ljubljana',1,'2014-04-26 23:00:00','2014-04-26 23:00:00');
INSERT INTO `__PREFIX__cities` (`country_code`, `name`, `longitude`, `latitude`, `feature_class`, `feature_code`, `subadmin1_code`, `subadmin2_code`, `population`, `time_zone`, `active`, `created_at`, `updated_at`) VALUES ('SI','{\"en\":\"Gorišnica\"}',16.01,46.41,'P','PPLA','SI.28',NULL,788,'Europe/Ljubljana',1,'2014-04-26 23:00:00','2014-04-26 23:00:00');
INSERT INTO `__PREFIX__cities` (`country_code`, `name`, `longitude`, `latitude`, `feature_class`, `feature_code`, `subadmin1_code`, `subadmin2_code`, `population`, `time_zone`, `active`, `created_at`, `updated_at`) VALUES ('SI','{\"en\":\"Gorenja Vas\"}',14.15,46.11,'P','PPLA','SI.27',NULL,1192,'Europe/Ljubljana',1,'2014-04-26 23:00:00','2014-04-26 23:00:00');
INSERT INTO `__PREFIX__cities` (`country_code`, `name`, `longitude`, `latitude`, `feature_class`, `feature_code`, `subadmin1_code`, `subadmin2_code`, `population`, `time_zone`, `active`, `created_at`, `updated_at`) VALUES ('SI','{\"en\":\"Straža\"}',15.07,45.78,'P','PPLA','SI.P5',NULL,1996,'Europe/Ljubljana',1,'2020-06-10 23:00:00','2020-06-10 23:00:00');
INSERT INTO `__PREFIX__cities` (`country_code`, `name`, `longitude`, `latitude`, `feature_class`, `feature_code`, `subadmin1_code`, `subadmin2_code`, `population`, `time_zone`, `active`, `created_at`, `updated_at`) VALUES ('SI','{\"en\":\"Dravograd\"}',15.02,46.59,'P','PPLA','SI.25',NULL,3289,'Europe/Ljubljana',1,'2014-04-26 23:00:00','2014-04-26 23:00:00');
INSERT INTO `__PREFIX__cities` (`country_code`, `name`, `longitude`, `latitude`, `feature_class`, `feature_code`, `subadmin1_code`, `subadmin2_code`, `population`, `time_zone`, `active`, `created_at`, `updated_at`) VALUES ('SI','{\"en\":\"Dragomer\"}',14.38,46.02,'P','PPLA','SI.O4',NULL,1446,'Europe/Ljubljana',1,'2021-10-05 23:00:00','2021-10-05 23:00:00');
INSERT INTO `__PREFIX__cities` (`country_code`, `name`, `longitude`, `latitude`, `feature_class`, `feature_code`, `subadmin1_code`, `subadmin2_code`, `population`, `time_zone`, `active`, `created_at`, `updated_at`) VALUES ('SI','{\"en\":\"Dornava\"}',15.95,46.44,'P','PPLA','SI.24',NULL,1267,'Europe/Ljubljana',1,'2014-04-26 23:00:00','2014-04-26 23:00:00');
INSERT INTO `__PREFIX__cities` (`country_code`, `name`, `longitude`, `latitude`, `feature_class`, `feature_code`, `subadmin1_code`, `subadmin2_code`, `population`, `time_zone`, `active`, `created_at`, `updated_at`) VALUES ('SI','{\"en\":\"Domžale\"}',14.59,46.14,'P','PPLA','SI.G7',NULL,12406,'Europe/Ljubljana',1,'2014-04-26 23:00:00','2014-04-26 23:00:00');
INSERT INTO `__PREFIX__cities` (`country_code`, `name`, `longitude`, `latitude`, `feature_class`, `feature_code`, `subadmin1_code`, `subadmin2_code`, `population`, `time_zone`, `active`, `created_at`, `updated_at`) VALUES ('SI','{\"en\":\"Dol pri Ljubljani\"}',14.60,46.09,'P','PPLA','SI.22',NULL,241,'Europe/Ljubljana',1,'2013-08-04 23:00:00','2013-08-04 23:00:00');
INSERT INTO `__PREFIX__cities` (`country_code`, `name`, `longitude`, `latitude`, `feature_class`, `feature_code`, `subadmin1_code`, `subadmin2_code`, `population`, `time_zone`, `active`, `created_at`, `updated_at`) VALUES ('SI','{\"en\":\"Dolenjske Toplice\"}',15.06,45.76,'P','PPLA','SI.G6',NULL,797,'Europe/Ljubljana',1,'2014-04-26 23:00:00','2014-04-26 23:00:00');
INSERT INTO `__PREFIX__cities` (`country_code`, `name`, `longitude`, `latitude`, `feature_class`, `feature_code`, `subadmin1_code`, `subadmin2_code`, `population`, `time_zone`, `active`, `created_at`, `updated_at`) VALUES ('SI','{\"en\":\"Dobrovo\"}',13.53,46.00,'P','PPLA','SI.07',NULL,368,'Europe/Ljubljana',1,'2014-04-26 23:00:00','2014-04-26 23:00:00');
INSERT INTO `__PREFIX__cities` (`country_code`, `name`, `longitude`, `latitude`, `feature_class`, `feature_code`, `subadmin1_code`, `subadmin2_code`, `population`, `time_zone`, `active`, `created_at`, `updated_at`) VALUES ('SI','{\"en\":\"Dobrovnik\"}',16.35,46.65,'P','PPLA','SI.G5',NULL,972,'Europe/Ljubljana',1,'2014-04-26 23:00:00','2014-04-26 23:00:00');
INSERT INTO `__PREFIX__cities` (`country_code`, `name`, `longitude`, `latitude`, `feature_class`, `feature_code`, `subadmin1_code`, `subadmin2_code`, `population`, `time_zone`, `active`, `created_at`, `updated_at`) VALUES ('SI','{\"en\":\"Dobrova\"}',14.39,46.05,'P','PPLA','SI.G4',NULL,943,'Europe/Ljubljana',1,'2014-04-26 23:00:00','2014-04-26 23:00:00');
INSERT INTO `__PREFIX__cities` (`country_code`, `name`, `longitude`, `latitude`, `feature_class`, `feature_code`, `subadmin1_code`, `subadmin2_code`, `population`, `time_zone`, `active`, `created_at`, `updated_at`) VALUES ('SI','{\"en\":\"Dobrna\"}',15.23,46.34,'P','PPLA','SI.G3',NULL,548,'Europe/Ljubljana',1,'2014-04-26 23:00:00','2014-04-26 23:00:00');
INSERT INTO `__PREFIX__cities` (`country_code`, `name`, `longitude`, `latitude`, `feature_class`, `feature_code`, `subadmin1_code`, `subadmin2_code`, `population`, `time_zone`, `active`, `created_at`, `updated_at`) VALUES ('SI','{\"en\":\"Dobje pri Planini\"}',15.39,46.14,'P','PPLA','SI.G2',NULL,116,'Europe/Ljubljana',1,'2014-04-30 23:00:00','2014-04-30 23:00:00');
INSERT INTO `__PREFIX__cities` (`country_code`, `name`, `longitude`, `latitude`, `feature_class`, `feature_code`, `subadmin1_code`, `subadmin2_code`, `population`, `time_zone`, `active`, `created_at`, `updated_at`) VALUES ('SI','{\"en\":\"Divača\"}',13.97,45.68,'P','PPLA','SI.19',NULL,1357,'Europe/Ljubljana',1,'2020-06-10 23:00:00','2020-06-10 23:00:00');
INSERT INTO `__PREFIX__cities` (`country_code`, `name`, `longitude`, `latitude`, `feature_class`, `feature_code`, `subadmin1_code`, `subadmin2_code`, `population`, `time_zone`, `active`, `created_at`, `updated_at`) VALUES ('SI','{\"en\":\"Destrnik\"}',15.88,46.49,'P','PPLA','SI.G1',NULL,172,'Europe/Ljubljana',1,'2014-04-30 23:00:00','2014-04-30 23:00:00');
INSERT INTO `__PREFIX__cities` (`country_code`, `name`, `longitude`, `latitude`, `feature_class`, `feature_code`, `subadmin1_code`, `subadmin2_code`, `population`, `time_zone`, `active`, `created_at`, `updated_at`) VALUES ('SI','{\"en\":\"Črnomelj\"}',15.19,45.57,'P','PPLA','SI.17',NULL,5776,'Europe/Ljubljana',1,'2020-06-10 23:00:00','2020-06-10 23:00:00');
INSERT INTO `__PREFIX__cities` (`country_code`, `name`, `longitude`, `latitude`, `feature_class`, `feature_code`, `subadmin1_code`, `subadmin2_code`, `population`, `time_zone`, `active`, `created_at`, `updated_at`) VALUES ('SI','{\"en\":\"Črna na Koroškem\"}',14.85,46.47,'P','PPLA','SI.16',NULL,2409,'Europe/Ljubljana',1,'2014-04-26 23:00:00','2014-04-26 23:00:00');
INSERT INTO `__PREFIX__cities` (`country_code`, `name`, `longitude`, `latitude`, `feature_class`, `feature_code`, `subadmin1_code`, `subadmin2_code`, `population`, `time_zone`, `active`, `created_at`, `updated_at`) VALUES ('SI','{\"en\":\"Črenšovci\"}',16.30,46.56,'P','PPLA','SI.15',NULL,1178,'Europe/Ljubljana',1,'2014-04-26 23:00:00','2014-04-26 23:00:00');
INSERT INTO `__PREFIX__cities` (`country_code`, `name`, `longitude`, `latitude`, `feature_class`, `feature_code`, `subadmin1_code`, `subadmin2_code`, `population`, `time_zone`, `active`, `created_at`, `updated_at`) VALUES ('SI','{\"en\":\"Cerkvenjak\"}',15.94,46.57,'P','PPLA','SI.F9',NULL,135,'Europe/Ljubljana',1,'2014-04-26 23:00:00','2014-04-26 23:00:00');
INSERT INTO `__PREFIX__cities` (`country_code`, `name`, `longitude`, `latitude`, `feature_class`, `feature_code`, `subadmin1_code`, `subadmin2_code`, `population`, `time_zone`, `active`, `created_at`, `updated_at`) VALUES ('SI','{\"en\":\"Cerknica\"}',14.36,45.79,'P','PPLA','SI.13',NULL,3928,'Europe/Ljubljana',1,'2014-04-26 23:00:00','2014-04-26 23:00:00');
INSERT INTO `__PREFIX__cities` (`country_code`, `name`, `longitude`, `latitude`, `feature_class`, `feature_code`, `subadmin1_code`, `subadmin2_code`, `population`, `time_zone`, `active`, `created_at`, `updated_at`) VALUES ('SI','{\"en\":\"Cerklje na Gorenjskem\"}',14.49,46.25,'P','PPLA','SI.12',NULL,1608,'Europe/Ljubljana',1,'2014-04-26 23:00:00','2014-04-26 23:00:00');
INSERT INTO `__PREFIX__cities` (`country_code`, `name`, `longitude`, `latitude`, `feature_class`, `feature_code`, `subadmin1_code`, `subadmin2_code`, `population`, `time_zone`, `active`, `created_at`, `updated_at`) VALUES ('SI','{\"en\":\"Celje\"}',15.26,46.23,'P','PPLA','SI.11',NULL,37520,'Europe/Ljubljana',1,'2019-09-04 23:00:00','2019-09-04 23:00:00');
INSERT INTO `__PREFIX__cities` (`country_code`, `name`, `longitude`, `latitude`, `feature_class`, `feature_code`, `subadmin1_code`, `subadmin2_code`, `population`, `time_zone`, `active`, `created_at`, `updated_at`) VALUES ('SI','{\"en\":\"Cankova\"}',16.02,46.72,'P','PPLA','SI.F8',NULL,446,'Europe/Ljubljana',1,'2014-04-26 23:00:00','2014-04-26 23:00:00');
INSERT INTO `__PREFIX__cities` (`country_code`, `name`, `longitude`, `latitude`, `feature_class`, `feature_code`, `subadmin1_code`, `subadmin2_code`, `population`, `time_zone`, `active`, `created_at`, `updated_at`) VALUES ('SI','{\"en\":\"Brezovica pri Ljubljani\"}',14.40,46.03,'P','PPLA','SI.09','SI.09.3196350',2862,'Europe/Ljubljana',1,'2014-04-26 23:00:00','2014-04-26 23:00:00');
INSERT INTO `__PREFIX__cities` (`country_code`, `name`, `longitude`, `latitude`, `feature_class`, `feature_code`, `subadmin1_code`, `subadmin2_code`, `population`, `time_zone`, `active`, `created_at`, `updated_at`) VALUES ('SI','{\"en\":\"Brežice\"}',15.59,45.90,'P','PPLA','SI.08',NULL,6573,'Europe/Ljubljana',1,'2020-06-10 23:00:00','2020-06-10 23:00:00');
INSERT INTO `__PREFIX__cities` (`country_code`, `name`, `longitude`, `latitude`, `feature_class`, `feature_code`, `subadmin1_code`, `subadmin2_code`, `population`, `time_zone`, `active`, `created_at`, `updated_at`) VALUES ('SI','{\"en\":\"Braslovče\"}',15.04,46.29,'P','PPLA','SI.F7',NULL,383,'Europe/Ljubljana',1,'2014-04-26 23:00:00','2014-04-26 23:00:00');
INSERT INTO `__PREFIX__cities` (`country_code`, `name`, `longitude`, `latitude`, `feature_class`, `feature_code`, `subadmin1_code`, `subadmin2_code`, `population`, `time_zone`, `active`, `created_at`, `updated_at`) VALUES ('SI','{\"en\":\"Bovec\"}',13.55,46.34,'P','PPLA','SI.06',NULL,1631,'Europe/Ljubljana',1,'2017-03-17 23:00:00','2017-03-17 23:00:00');
INSERT INTO `__PREFIX__cities` (`country_code`, `name`, `longitude`, `latitude`, `feature_class`, `feature_code`, `subadmin1_code`, `subadmin2_code`, `population`, `time_zone`, `active`, `created_at`, `updated_at`) VALUES ('SI','{\"en\":\"Borovnica\"}',14.36,45.92,'P','PPLA','SI.05',NULL,2162,'Europe/Ljubljana',1,'2016-05-04 23:00:00','2016-05-04 23:00:00');
INSERT INTO `__PREFIX__cities` (`country_code`, `name`, `longitude`, `latitude`, `feature_class`, `feature_code`, `subadmin1_code`, `subadmin2_code`, `population`, `time_zone`, `active`, `created_at`, `updated_at`) VALUES ('SI','{\"en\":\"Bohinjska Bistrica\"}',13.95,46.27,'P','PPLA','SI.04',NULL,1799,'Europe/Ljubljana',1,'2014-04-26 23:00:00','2014-04-26 23:00:00');
INSERT INTO `__PREFIX__cities` (`country_code`, `name`, `longitude`, `latitude`, `feature_class`, `feature_code`, `subadmin1_code`, `subadmin2_code`, `population`, `time_zone`, `active`, `created_at`, `updated_at`) VALUES ('SI','{\"en\":\"Bled\"}',14.11,46.37,'P','PPLA','SI.03',NULL,5181,'Europe/Ljubljana',1,'2014-04-26 23:00:00','2014-04-26 23:00:00');
INSERT INTO `__PREFIX__cities` (`country_code`, `name`, `longitude`, `latitude`, `feature_class`, `feature_code`, `subadmin1_code`, `subadmin2_code`, `population`, `time_zone`, `active`, `created_at`, `updated_at`) VALUES ('SI','{\"en\":\"Bistrica ob Sotli\"}',15.66,46.06,'P','PPLA','SI.F5',NULL,272,'Europe/Ljubljana',1,'2014-04-26 23:00:00','2014-04-26 23:00:00');
INSERT INTO `__PREFIX__cities` (`country_code`, `name`, `longitude`, `latitude`, `feature_class`, `feature_code`, `subadmin1_code`, `subadmin2_code`, `population`, `time_zone`, `active`, `created_at`, `updated_at`) VALUES ('SI','{\"en\":\"Benedikt\"}',15.89,46.61,'P','PPLA','SI.F4',NULL,955,'Europe/Ljubljana',1,'2014-04-26 23:00:00','2014-04-26 23:00:00');
INSERT INTO `__PREFIX__cities` (`country_code`, `name`, `longitude`, `latitude`, `feature_class`, `feature_code`, `subadmin1_code`, `subadmin2_code`, `population`, `time_zone`, `active`, `created_at`, `updated_at`) VALUES ('SI','{\"en\":\"Beltinci\"}',16.24,46.61,'P','PPLA','SI.02',NULL,2394,'Europe/Ljubljana',1,'2014-04-26 23:00:00','2014-04-26 23:00:00');
INSERT INTO `__PREFIX__cities` (`country_code`, `name`, `longitude`, `latitude`, `feature_class`, `feature_code`, `subadmin1_code`, `subadmin2_code`, `population`, `time_zone`, `active`, `created_at`, `updated_at`) VALUES ('SI','{\"en\":\"Apače\"}',15.91,46.70,'P','PPLA','SI.N9',NULL,528,'Europe/Ljubljana',1,'2014-04-26 23:00:00','2014-04-26 23:00:00');
INSERT INTO `__PREFIX__cities` (`country_code`, `name`, `longitude`, `latitude`, `feature_class`, `feature_code`, `subadmin1_code`, `subadmin2_code`, `population`, `time_zone`, `active`, `created_at`, `updated_at`) VALUES ('SI','{\"en\":\"Ajdovščina\"}',13.91,45.89,'P','PPLA','SI.01',NULL,6656,'Europe/Ljubljana',1,'2014-04-26 23:00:00','2014-04-26 23:00:00');
INSERT INTO `__PREFIX__cities` (`country_code`, `name`, `longitude`, `latitude`, `feature_class`, `feature_code`, `subadmin1_code`, `subadmin2_code`, `population`, `time_zone`, `active`, `created_at`, `updated_at`) VALUES ('SI','{\"en\":\"Razkrižje\"}',16.28,46.52,'P','PPLA','SI.K9',NULL,252,'Europe/Ljubljana',1,'2020-06-10 23:00:00','2020-06-10 23:00:00');
INSERT INTO `__PREFIX__cities` (`country_code`, `name`, `longitude`, `latitude`, `feature_class`, `feature_code`, `subadmin1_code`, `subadmin2_code`, `population`, `time_zone`, `active`, `created_at`, `updated_at`) VALUES ('SI','{\"en\":\"Cerkno\"}',13.98,46.13,'P','PPLA','SI.14',NULL,1596,'Europe/Ljubljana',1,'2014-04-26 23:00:00','2014-04-26 23:00:00');
INSERT INTO `__PREFIX__cities` (`country_code`, `name`, `longitude`, `latitude`, `feature_class`, `feature_code`, `subadmin1_code`, `subadmin2_code`, `population`, `time_zone`, `active`, `created_at`, `updated_at`) VALUES ('SI','{\"en\":\"Leskova Dolina\"}',14.46,45.62,'P','PPLA','SI.I7',NULL,539,'Europe/Ljubljana',1,'2013-08-09 23:00:00','2013-08-09 23:00:00');
INSERT INTO `__PREFIX__cities` (`country_code`, `name`, `longitude`, `latitude`, `feature_class`, `feature_code`, `subadmin1_code`, `subadmin2_code`, `population`, `time_zone`, `active`, `created_at`, `updated_at`) VALUES ('SI','{\"en\":\"Logatec\"}',14.23,45.91,'P','PPLA','SI.64',NULL,8942,'Europe/Ljubljana',1,'2014-04-26 23:00:00','2014-04-26 23:00:00');
INSERT INTO `__PREFIX__cities` (`country_code`, `name`, `longitude`, `latitude`, `feature_class`, `feature_code`, `subadmin1_code`, `subadmin2_code`, `population`, `time_zone`, `active`, `created_at`, `updated_at`) VALUES ('SI','{\"en\":\"Ankaran\"}',13.74,45.58,'P','PPLA','SI.P9',NULL,3278,'Europe/Ljubljana',1,'2016-11-22 23:00:00','2016-11-22 23:00:00');
INSERT INTO `__PREFIX__cities` (`country_code`, `name`, `longitude`, `latitude`, `feature_class`, `feature_code`, `subadmin1_code`, `subadmin2_code`, `population`, `time_zone`, `active`, `created_at`, `updated_at`) VALUES ('SI','{\"en\":\"Videm pri Ptuju\"}',15.91,46.37,'P','PPLA','SI.N2',NULL,471,'Europe/Ljubljana',1,'2014-04-26 23:00:00','2014-04-26 23:00:00');
INSERT INTO `__PREFIX__cities` (`country_code`, `name`, `longitude`, `latitude`, `feature_class`, `feature_code`, `subadmin1_code`, `subadmin2_code`, `population`, `time_zone`, `active`, `created_at`, `updated_at`) VALUES ('SI','{\"en\":\"Zreče\"}',15.38,46.38,'P','PPLA','SI.F3',NULL,2935,'Europe/Ljubljana',1,'2015-11-25 23:00:00','2015-11-25 23:00:00');
INSERT INTO `__PREFIX__cities` (`country_code`, `name`, `longitude`, `latitude`, `feature_class`, `feature_code`, `subadmin1_code`, `subadmin2_code`, `population`, `time_zone`, `active`, `created_at`, `updated_at`) VALUES ('SI','{\"en\":\"Selnica ob Dravi\"}',15.49,46.55,'P','PPLA','SI.L5',NULL,1297,'Europe/Ljubljana',1,'2014-04-26 23:00:00','2014-04-26 23:00:00');
INSERT INTO `__PREFIX__cities` (`country_code`, `name`, `longitude`, `latitude`, `feature_class`, `feature_code`, `subadmin1_code`, `subadmin2_code`, `population`, `time_zone`, `active`, `created_at`, `updated_at`) VALUES ('SI','{\"en\":\"Lucija\"}',13.60,45.51,'P','PPL','SI.J9',NULL,6057,'Europe/Ljubljana',1,'2022-01-08 23:00:00','2022-01-08 23:00:00');
INSERT INTO `__PREFIX__cities` (`country_code`, `name`, `longitude`, `latitude`, `feature_class`, `feature_code`, `subadmin1_code`, `subadmin2_code`, `population`, `time_zone`, `active`, `created_at`, `updated_at`) VALUES ('SI','{\"en\":\"Cirkulane\"}',15.99,46.34,'P','PPLA','SI.O1',NULL,434,'Europe/Ljubljana',1,'2015-11-25 23:00:00','2015-11-25 23:00:00');
INSERT INTO `__PREFIX__cities` (`country_code`, `name`, `longitude`, `latitude`, `feature_class`, `feature_code`, `subadmin1_code`, `subadmin2_code`, `population`, `time_zone`, `active`, `created_at`, `updated_at`) VALUES ('SI','{\"en\":\"Komenda\"}',14.54,46.20,'P','PPLA','SI.H8',NULL,881,'Europe/Ljubljana',1,'2014-04-26 23:00:00','2014-04-26 23:00:00');
INSERT INTO `__PREFIX__cities` (`country_code`, `name`, `longitude`, `latitude`, `feature_class`, `feature_code`, `subadmin1_code`, `subadmin2_code`, `population`, `time_zone`, `active`, `created_at`, `updated_at`) VALUES ('SI','{\"en\":\"Nazarje\"}',14.95,46.32,'P','PPLA','SI.83',NULL,872,'Europe/Ljubljana',1,'2014-04-26 23:00:00','2014-04-26 23:00:00');
INSERT INTO `__PREFIX__cities` (`country_code`, `name`, `longitude`, `latitude`, `feature_class`, `feature_code`, `subadmin1_code`, `subadmin2_code`, `population`, `time_zone`, `active`, `created_at`, `updated_at`) VALUES ('SI','{\"en\":\"Kostel\"}',14.91,45.51,'P','PPLA','SI.H9',NULL,12,'Europe/Ljubljana',1,'2014-04-26 23:00:00','2014-04-26 23:00:00');
/*!40000 ALTER TABLE `__PREFIX__cities` ENABLE KEYS */;
/*!40103 SET TIME_ZONE=@OLD_TIME_ZONE */;

/*!40101 SET SQL_MODE=@OLD_SQL_MODE */;
/*!40014 SET FOREIGN_KEY_CHECKS=@OLD_FOREIGN_KEY_CHECKS */;
/*!40014 SET UNIQUE_CHECKS=@OLD_UNIQUE_CHECKS */;
/*!40101 SET CHARACTER_SET_CLIENT=@OLD_CHARACTER_SET_CLIENT */;
/*!40101 SET CHARACTER_SET_RESULTS=@OLD_CHARACTER_SET_RESULTS */;
/*!40101 SET COLLATION_CONNECTION=@OLD_COLLATION_CONNECTION */;
/*!40111 SET SQL_NOTES=@OLD_SQL_NOTES */;

-- Dump completed
