-- MySQL dump 10.13  Distrib 5.7.34, for osx10.12 (x86_64)
--
-- Host: 127.0.0.1    Database: laraclassifier
-- ------------------------------------------------------
-- Server version	5.7.34

/*!40101 SET @OLD_CHARACTER_SET_CLIENT=@@CHARACTER_SET_CLIENT */;
/*!40101 SET @OLD_CHARACTER_SET_RESULTS=@@CHARACTER_SET_RESULTS */;
/*!40101 SET @OLD_COLLATION_CONNECTION=@@COLLATION_CONNECTION */;
/*!40101 SET NAMES utf8 */;
/*!40103 SET @OLD_TIME_ZONE=@@TIME_ZONE */;
/*!40103 SET TIME_ZONE='+00:00' */;
/*!40014 SET @OLD_UNIQUE_CHECKS=@@UNIQUE_CHECKS, UNIQUE_CHECKS=0 */;
/*!40014 SET @OLD_FOREIGN_KEY_CHECKS=@@FOREIGN_KEY_CHECKS, FOREIGN_KEY_CHECKS=0 */;
/*!40101 SET @OLD_SQL_MODE=@@SQL_MODE, SQL_MODE='NO_AUTO_VALUE_ON_ZERO' */;
/*!40111 SET @OLD_SQL_NOTES=@@SQL_NOTES, SQL_NOTES=0 */;

--
-- Dumping data for table `__PREFIX__subadmin1`
--

/*!40000 ALTER TABLE `__PREFIX__subadmin1` DISABLE KEYS */;
INSERT INTO `__PREFIX__subadmin1` (`code`, `country_code`, `name`, `active`) VALUES ('SK.03','SK','{\"en\":\"Košický kraj\"}',1);
INSERT INTO `__PREFIX__subadmin1` (`code`, `country_code`, `name`, `active`) VALUES ('SK.05','SK','{\"en\":\"Prešovský kraj\"}',1);
INSERT INTO `__PREFIX__subadmin1` (`code`, `country_code`, `name`, `active`) VALUES ('SK.08','SK','{\"en\":\"Žilinský kraj\"}',1);
INSERT INTO `__PREFIX__subadmin1` (`code`, `country_code`, `name`, `active`) VALUES ('SK.01','SK','{\"en\":\"Banskobystrický kraj\"}',1);
INSERT INTO `__PREFIX__subadmin1` (`code`, `country_code`, `name`, `active`) VALUES ('SK.02','SK','{\"en\":\"Bratislavský Kraj\"}',1);
INSERT INTO `__PREFIX__subadmin1` (`code`, `country_code`, `name`, `active`) VALUES ('SK.04','SK','{\"en\":\"Nitriansky kraj\"}',1);
INSERT INTO `__PREFIX__subadmin1` (`code`, `country_code`, `name`, `active`) VALUES ('SK.06','SK','{\"en\":\"Trenčiansky kraj\"}',1);
INSERT INTO `__PREFIX__subadmin1` (`code`, `country_code`, `name`, `active`) VALUES ('SK.07','SK','{\"en\":\"Trnava\"}',1);
/*!40000 ALTER TABLE `__PREFIX__subadmin1` ENABLE KEYS */;

--
-- Dumping data for table `__PREFIX__subadmin2`
--

/*!40000 ALTER TABLE `__PREFIX__subadmin2` DISABLE KEYS */;
INSERT INTO `__PREFIX__subadmin2` (`code`, `country_code`, `subadmin1_code`, `name`, `active`) VALUES ('SK.05.713','SK','SK.05','{\"en\":\"Okres Vranov nad Topľou\"}',1);
INSERT INTO `__PREFIX__subadmin2` (`code`, `country_code`, `subadmin1_code`, `name`, `active`) VALUES ('SK.03.811','SK','SK.03','{\"en\":\"Okres Trebišov\"}',1);
INSERT INTO `__PREFIX__subadmin2` (`code`, `country_code`, `subadmin1_code`, `name`, `active`) VALUES ('SK.05.712','SK','SK.05','{\"en\":\"Okres Svidník\"}',1);
INSERT INTO `__PREFIX__subadmin2` (`code`, `country_code`, `subadmin1_code`, `name`, `active`) VALUES ('SK.05.710','SK','SK.05','{\"en\":\"Okres Stará Ĺubovňa\"}',1);
INSERT INTO `__PREFIX__subadmin2` (`code`, `country_code`, `subadmin1_code`, `name`, `active`) VALUES ('SK.03.810','SK','SK.03','{\"en\":\"Okres Spišská Nová Ves\"}',1);
INSERT INTO `__PREFIX__subadmin2` (`code`, `country_code`, `subadmin1_code`, `name`, `active`) VALUES ('SK.03.808','SK','SK.03','{\"en\":\"Okres Rožňava\"}',1);
INSERT INTO `__PREFIX__subadmin2` (`code`, `country_code`, `subadmin1_code`, `name`, `active`) VALUES ('SK.01.609','SK','SK.01','{\"en\":\"Okres Rimavská Sobota\"}',1);
INSERT INTO `__PREFIX__subadmin2` (`code`, `country_code`, `subadmin1_code`, `name`, `active`) VALUES ('SK.05.707','SK','SK.05','{\"en\":\"Okres Prešov\"}',1);
INSERT INTO `__PREFIX__subadmin2` (`code`, `country_code`, `subadmin1_code`, `name`, `active`) VALUES ('SK.05.706','SK','SK.05','{\"en\":\"Okres Poprad\"}',1);
INSERT INTO `__PREFIX__subadmin2` (`code`, `country_code`, `subadmin1_code`, `name`, `active`) VALUES ('SK.03.807','SK','SK.03','{\"en\":\"Okres Michalovce\"}',1);
INSERT INTO `__PREFIX__subadmin2` (`code`, `country_code`, `subadmin1_code`, `name`, `active`) VALUES ('SK.05.702','SK','SK.05','{\"en\":\"Okres Humenné\"}',1);
INSERT INTO `__PREFIX__subadmin2` (`code`, `country_code`, `subadmin1_code`, `name`, `active`) VALUES ('SK.05.701','SK','SK.05','{\"en\":\"Okres Bardejov\"}',1);
INSERT INTO `__PREFIX__subadmin2` (`code`, `country_code`, `subadmin1_code`, `name`, `active`) VALUES ('SK.01.611','SK','SK.01','{\"en\":\"Okres Zvolen\"}',1);
INSERT INTO `__PREFIX__subadmin2` (`code`, `country_code`, `subadmin1_code`, `name`, `active`) VALUES ('SK.08.511','SK','SK.08','{\"en\":\"Okres Žilina\"}',1);
INSERT INTO `__PREFIX__subadmin2` (`code`, `country_code`, `subadmin1_code`, `name`, `active`) VALUES ('SK.01.613','SK','SK.01','{\"en\":\"Okres Žiar nad Hronom\"}',1);
INSERT INTO `__PREFIX__subadmin2` (`code`, `country_code`, `subadmin1_code`, `name`, `active`) VALUES ('SK.01.610','SK','SK.01','{\"en\":\"Okres Veľký Krtíš\"}',1);
INSERT INTO `__PREFIX__subadmin2` (`code`, `country_code`, `subadmin1_code`, `name`, `active`) VALUES ('SK.07.207','SK','SK.07','{\"en\":\"Okres Trnava\"}',1);
INSERT INTO `__PREFIX__subadmin2` (`code`, `country_code`, `subadmin1_code`, `name`, `active`) VALUES ('SK.06.309','SK','SK.06','{\"en\":\"Okres Trenčín\"}',1);
INSERT INTO `__PREFIX__subadmin2` (`code`, `country_code`, `subadmin1_code`, `name`, `active`) VALUES ('SK.04.406','SK','SK.04','{\"en\":\"Okres Topoľčany\"}',1);
INSERT INTO `__PREFIX__subadmin2` (`code`, `country_code`, `subadmin1_code`, `name`, `active`) VALUES ('SK.07.206','SK','SK.07','{\"en\":\"Okres Skalica\"}',1);
INSERT INTO `__PREFIX__subadmin2` (`code`, `country_code`, `subadmin1_code`, `name`, `active`) VALUES ('SK.07.205','SK','SK.07','{\"en\":\"Okres Senica\"}',1);
INSERT INTO `__PREFIX__subadmin2` (`code`, `country_code`, `subadmin1_code`, `name`, `active`) VALUES ('SK.06.307','SK','SK.06','{\"en\":\"Okres Prievidza\"}',1);
INSERT INTO `__PREFIX__subadmin2` (`code`, `country_code`, `subadmin1_code`, `name`, `active`) VALUES ('SK.06.306','SK','SK.06','{\"en\":\"Okres Považská Bystrica\"}',1);
INSERT INTO `__PREFIX__subadmin2` (`code`, `country_code`, `subadmin1_code`, `name`, `active`) VALUES ('SK.04.404','SK','SK.04','{\"en\":\"Okres Nové Zámky\"}',1);
INSERT INTO `__PREFIX__subadmin2` (`code`, `country_code`, `subadmin1_code`, `name`, `active`) VALUES ('SK.06.304','SK','SK.06','{\"en\":\"Okres Nové Mesto nad Váhom\"}',1);
INSERT INTO `__PREFIX__subadmin2` (`code`, `country_code`, `subadmin1_code`, `name`, `active`) VALUES ('SK.04.403','SK','SK.04','{\"en\":\"Okres Nitra\"}',1);
INSERT INTO `__PREFIX__subadmin2` (`code`, `country_code`, `subadmin1_code`, `name`, `active`) VALUES ('SK.06.303','SK','SK.06','{\"en\":\"Okres Myjava\"}',1);
INSERT INTO `__PREFIX__subadmin2` (`code`, `country_code`, `subadmin1_code`, `name`, `active`) VALUES ('SK.08.506','SK','SK.08','{\"en\":\"Okres Martin\"}',1);
INSERT INTO `__PREFIX__subadmin2` (`code`, `country_code`, `subadmin1_code`, `name`, `active`) VALUES ('SK.01.606','SK','SK.01','{\"en\":\"Okres Lučenec\"}',1);
INSERT INTO `__PREFIX__subadmin2` (`code`, `country_code`, `subadmin1_code`, `name`, `active`) VALUES ('SK.08.505','SK','SK.08','{\"en\":\"Okres Liptovský Mikuláš\"}',1);
INSERT INTO `__PREFIX__subadmin2` (`code`, `country_code`, `subadmin1_code`, `name`, `active`) VALUES ('SK.04.402','SK','SK.04','{\"en\":\"Okres Levice\"}',1);
INSERT INTO `__PREFIX__subadmin2` (`code`, `country_code`, `subadmin1_code`, `name`, `active`) VALUES ('SK.04.401','SK','SK.04','{\"en\":\"Okres Komárno\"}',1);
INSERT INTO `__PREFIX__subadmin2` (`code`, `country_code`, `subadmin1_code`, `name`, `active`) VALUES ('SK.07.203','SK','SK.07','{\"en\":\"Okres Hlohovec\"}',1);
INSERT INTO `__PREFIX__subadmin2` (`code`, `country_code`, `subadmin1_code`, `name`, `active`) VALUES ('SK.07.202','SK','SK.07','{\"en\":\"Okres Galanta\"}',1);
INSERT INTO `__PREFIX__subadmin2` (`code`, `country_code`, `subadmin1_code`, `name`, `active`) VALUES ('SK.07.201','SK','SK.07','{\"en\":\"Okres Dunajská Streda\"}',1);
INSERT INTO `__PREFIX__subadmin2` (`code`, `country_code`, `subadmin1_code`, `name`, `active`) VALUES ('SK.08.503','SK','SK.08','{\"en\":\"Okres Dolný Kubín\"}',1);
INSERT INTO `__PREFIX__subadmin2` (`code`, `country_code`, `subadmin1_code`, `name`, `active`) VALUES ('SK.08.502','SK','SK.08','{\"en\":\"Okres Čadca\"}',1);
INSERT INTO `__PREFIX__subadmin2` (`code`, `country_code`, `subadmin1_code`, `name`, `active`) VALUES ('SK.01.603','SK','SK.01','{\"en\":\"Okres Brezno\"}',1);
INSERT INTO `__PREFIX__subadmin2` (`code`, `country_code`, `subadmin1_code`, `name`, `active`) VALUES ('SK.01.601','SK','SK.01','{\"en\":\"Okres Banská Bystrica\"}',1);
INSERT INTO `__PREFIX__subadmin2` (`code`, `country_code`, `subadmin1_code`, `name`, `active`) VALUES ('SK.08.507','SK','SK.08','{\"en\":\"Okres Namestovo\"}',1);
INSERT INTO `__PREFIX__subadmin2` (`code`, `country_code`, `subadmin1_code`, `name`, `active`) VALUES ('SK.01.602','SK','SK.01','{\"en\":\"Okres Banská Štiavnica\"}',1);
INSERT INTO `__PREFIX__subadmin2` (`code`, `country_code`, `subadmin1_code`, `name`, `active`) VALUES ('SK.06.301','SK','SK.06','{\"en\":\"Okres Bánovce nad Bebravou\"}',1);
INSERT INTO `__PREFIX__subadmin2` (`code`, `country_code`, `subadmin1_code`, `name`, `active`) VALUES ('SK.02.101','SK','SK.02','{\"en\":\"Okres Bratislava I\"}',1);
INSERT INTO `__PREFIX__subadmin2` (`code`, `country_code`, `subadmin1_code`, `name`, `active`) VALUES ('SK.08.501','SK','SK.08','{\"en\":\"Okres Bytča\"}',1);
INSERT INTO `__PREFIX__subadmin2` (`code`, `country_code`, `subadmin1_code`, `name`, `active`) VALUES ('SK.01.604','SK','SK.01','{\"en\":\"Okres Detva\"}',1);
INSERT INTO `__PREFIX__subadmin2` (`code`, `country_code`, `subadmin1_code`, `name`, `active`) VALUES ('SK.03.801','SK','SK.03','{\"en\":\"Okres Gelnica\"}',1);
INSERT INTO `__PREFIX__subadmin2` (`code`, `country_code`, `subadmin1_code`, `name`, `active`) VALUES ('SK.06.302','SK','SK.06','{\"en\":\"Okres Ilava\"}',1);
INSERT INTO `__PREFIX__subadmin2` (`code`, `country_code`, `subadmin1_code`, `name`, `active`) VALUES ('SK.05.703','SK','SK.05','{\"en\":\"Okres Kežmarok\"}',1);
INSERT INTO `__PREFIX__subadmin2` (`code`, `country_code`, `subadmin1_code`, `name`, `active`) VALUES ('SK.01.605','SK','SK.01','{\"en\":\"Okres Krupina\"}',1);
INSERT INTO `__PREFIX__subadmin2` (`code`, `country_code`, `subadmin1_code`, `name`, `active`) VALUES ('SK.08.504','SK','SK.08','{\"en\":\"Okres Kysucké Nové Mesto\"}',1);
INSERT INTO `__PREFIX__subadmin2` (`code`, `country_code`, `subadmin1_code`, `name`, `active`) VALUES ('SK.02.106','SK','SK.02','{\"en\":\"Okres Malacky\"}',1);
INSERT INTO `__PREFIX__subadmin2` (`code`, `country_code`, `subadmin1_code`, `name`, `active`) VALUES ('SK.05.705','SK','SK.05','{\"en\":\"Okres Medzilaborce\"}',1);
INSERT INTO `__PREFIX__subadmin2` (`code`, `country_code`, `subadmin1_code`, `name`, `active`) VALUES ('SK.06.305','SK','SK.06','{\"en\":\"Okres Partizánske\"}',1);
INSERT INTO `__PREFIX__subadmin2` (`code`, `country_code`, `subadmin1_code`, `name`, `active`) VALUES ('SK.02.107','SK','SK.02','{\"en\":\"Okres Pezinok\"}',1);
INSERT INTO `__PREFIX__subadmin2` (`code`, `country_code`, `subadmin1_code`, `name`, `active`) VALUES ('SK.07.204','SK','SK.07','{\"en\":\"Okres Piešťany\"}',1);
INSERT INTO `__PREFIX__subadmin2` (`code`, `country_code`, `subadmin1_code`, `name`, `active`) VALUES ('SK.01.607','SK','SK.01','{\"en\":\"Okres Poltár\"}',1);
INSERT INTO `__PREFIX__subadmin2` (`code`, `country_code`, `subadmin1_code`, `name`, `active`) VALUES ('SK.06.308','SK','SK.06','{\"en\":\"Okres Púchov\"}',1);
INSERT INTO `__PREFIX__subadmin2` (`code`, `country_code`, `subadmin1_code`, `name`, `active`) VALUES ('SK.01.608','SK','SK.01','{\"en\":\"Okres Revúca\"}',1);
INSERT INTO `__PREFIX__subadmin2` (`code`, `country_code`, `subadmin1_code`, `name`, `active`) VALUES ('SK.08.508','SK','SK.08','{\"en\":\"Okres Ružomberok\"}',1);
INSERT INTO `__PREFIX__subadmin2` (`code`, `country_code`, `subadmin1_code`, `name`, `active`) VALUES ('SK.05.708','SK','SK.05','{\"en\":\"Okres Sabinov\"}',1);
INSERT INTO `__PREFIX__subadmin2` (`code`, `country_code`, `subadmin1_code`, `name`, `active`) VALUES ('SK.02.108','SK','SK.02','{\"en\":\"Okres Senec\"}',1);
INSERT INTO `__PREFIX__subadmin2` (`code`, `country_code`, `subadmin1_code`, `name`, `active`) VALUES ('SK.05.709','SK','SK.05','{\"en\":\"Okres Snina\"}',1);
INSERT INTO `__PREFIX__subadmin2` (`code`, `country_code`, `subadmin1_code`, `name`, `active`) VALUES ('SK.03.809','SK','SK.03','{\"en\":\"Okres Sobrance\"}',1);
INSERT INTO `__PREFIX__subadmin2` (`code`, `country_code`, `subadmin1_code`, `name`, `active`) VALUES ('SK.05.711','SK','SK.05','{\"en\":\"Okres Stropkov\"}',1);
INSERT INTO `__PREFIX__subadmin2` (`code`, `country_code`, `subadmin1_code`, `name`, `active`) VALUES ('SK.04.405','SK','SK.04','{\"en\":\"Okres Šaľa\"}',1);
INSERT INTO `__PREFIX__subadmin2` (`code`, `country_code`, `subadmin1_code`, `name`, `active`) VALUES ('SK.08.509','SK','SK.08','{\"en\":\"Okres Turčianske Teplice\"}',1);
INSERT INTO `__PREFIX__subadmin2` (`code`, `country_code`, `subadmin1_code`, `name`, `active`) VALUES ('SK.08.510','SK','SK.08','{\"en\":\"Okres Tvrdošín\"}',1);
INSERT INTO `__PREFIX__subadmin2` (`code`, `country_code`, `subadmin1_code`, `name`, `active`) VALUES ('SK.04.407','SK','SK.04','{\"en\":\"Okres Zlaté Moravce\"}',1);
INSERT INTO `__PREFIX__subadmin2` (`code`, `country_code`, `subadmin1_code`, `name`, `active`) VALUES ('SK.01.612','SK','SK.01','{\"en\":\"Okres Žarnovica\"}',1);
INSERT INTO `__PREFIX__subadmin2` (`code`, `country_code`, `subadmin1_code`, `name`, `active`) VALUES ('SK.03.802','SK','SK.03','{\"en\":\"Košice I\"}',1);
INSERT INTO `__PREFIX__subadmin2` (`code`, `country_code`, `subadmin1_code`, `name`, `active`) VALUES ('SK.03.803','SK','SK.03','{\"en\":\"Košice II\"}',1);
INSERT INTO `__PREFIX__subadmin2` (`code`, `country_code`, `subadmin1_code`, `name`, `active`) VALUES ('SK.03.804','SK','SK.03','{\"en\":\"Košice III\"}',1);
INSERT INTO `__PREFIX__subadmin2` (`code`, `country_code`, `subadmin1_code`, `name`, `active`) VALUES ('SK.03.805','SK','SK.03','{\"en\":\"Košice IV\"}',1);
INSERT INTO `__PREFIX__subadmin2` (`code`, `country_code`, `subadmin1_code`, `name`, `active`) VALUES ('SK.02.102','SK','SK.02','{\"en\":\"Okres Bratislava II\"}',1);
INSERT INTO `__PREFIX__subadmin2` (`code`, `country_code`, `subadmin1_code`, `name`, `active`) VALUES ('SK.02.103','SK','SK.02','{\"en\":\"Okres Bratislava III\"}',1);
INSERT INTO `__PREFIX__subadmin2` (`code`, `country_code`, `subadmin1_code`, `name`, `active`) VALUES ('SK.02.104','SK','SK.02','{\"en\":\"Okres Bratislava IV\"}',1);
INSERT INTO `__PREFIX__subadmin2` (`code`, `country_code`, `subadmin1_code`, `name`, `active`) VALUES ('SK.02.105','SK','SK.02','{\"en\":\"Okres Bratislava V\"}',1);
INSERT INTO `__PREFIX__subadmin2` (`code`, `country_code`, `subadmin1_code`, `name`, `active`) VALUES ('SK.03.806','SK','SK.03','{\"en\":\"Okres Kosice-okolie\"}',1);
INSERT INTO `__PREFIX__subadmin2` (`code`, `country_code`, `subadmin1_code`, `name`, `active`) VALUES ('SK.05.704','SK','SK.05','{\"en\":\"Okres Levoča\"}',1);
/*!40000 ALTER TABLE `__PREFIX__subadmin2` ENABLE KEYS */;

--
-- Dumping data for table `__PREFIX__cities`
--

/*!40000 ALTER TABLE `__PREFIX__cities` DISABLE KEYS */;
INSERT INTO `__PREFIX__cities` (`country_code`, `name`, `longitude`, `latitude`, `feature_class`, `feature_code`, `subadmin1_code`, `subadmin2_code`, `population`, `time_zone`, `active`, `created_at`, `updated_at`) VALUES ('SK','{\"en\":\"Vranov nad Topľou\"}',21.68,48.89,'P','PPLA2','SK.05','SK.05.713',23246,'Europe/Bratislava',1,'2020-06-09 23:00:00','2020-06-09 23:00:00');
INSERT INTO `__PREFIX__cities` (`country_code`, `name`, `longitude`, `latitude`, `feature_class`, `feature_code`, `subadmin1_code`, `subadmin2_code`, `population`, `time_zone`, `active`, `created_at`, `updated_at`) VALUES ('SK','{\"en\":\"Veľké Kapušany\"}',22.08,48.55,'P','PPL','SK.03','SK.03.807',8940,'Europe/Bratislava',1,'2021-11-20 23:00:00','2021-11-20 23:00:00');
INSERT INTO `__PREFIX__cities` (`country_code`, `name`, `longitude`, `latitude`, `feature_class`, `feature_code`, `subadmin1_code`, `subadmin2_code`, `population`, `time_zone`, `active`, `created_at`, `updated_at`) VALUES ('SK','{\"en\":\"Trebišov\"}',21.72,48.63,'P','PPLA2','SK.03','SK.03.811',22947,'Europe/Bratislava',1,'2019-06-08 23:00:00','2019-06-08 23:00:00');
INSERT INTO `__PREFIX__cities` (`country_code`, `name`, `longitude`, `latitude`, `feature_class`, `feature_code`, `subadmin1_code`, `subadmin2_code`, `population`, `time_zone`, `active`, `created_at`, `updated_at`) VALUES ('SK','{\"en\":\"Tornaľa\"}',20.33,48.42,'P','PPL','SK.01','SK.01.608',7177,'Europe/Bratislava',1,'2021-11-20 23:00:00','2021-11-20 23:00:00');
INSERT INTO `__PREFIX__cities` (`country_code`, `name`, `longitude`, `latitude`, `feature_class`, `feature_code`, `subadmin1_code`, `subadmin2_code`, `population`, `time_zone`, `active`, `created_at`, `updated_at`) VALUES ('SK','{\"en\":\"Svit\"}',20.21,49.06,'P','PPL','SK.05','SK.05.706',7790,'Europe/Bratislava',1,'2021-11-20 23:00:00','2021-11-20 23:00:00');
INSERT INTO `__PREFIX__cities` (`country_code`, `name`, `longitude`, `latitude`, `feature_class`, `feature_code`, `subadmin1_code`, `subadmin2_code`, `population`, `time_zone`, `active`, `created_at`, `updated_at`) VALUES ('SK','{\"en\":\"Svidník\"}',21.57,49.31,'P','PPLA2','SK.05','SK.05.712',12428,'Europe/Bratislava',1,'2019-06-08 23:00:00','2019-06-08 23:00:00');
INSERT INTO `__PREFIX__cities` (`country_code`, `name`, `longitude`, `latitude`, `feature_class`, `feature_code`, `subadmin1_code`, `subadmin2_code`, `population`, `time_zone`, `active`, `created_at`, `updated_at`) VALUES ('SK','{\"en\":\"Stropkov\"}',21.65,49.20,'P','PPLA2','SK.05','SK.05.711',10874,'Europe/Bratislava',1,'2019-06-08 23:00:00','2019-06-08 23:00:00');
INSERT INTO `__PREFIX__cities` (`country_code`, `name`, `longitude`, `latitude`, `feature_class`, `feature_code`, `subadmin1_code`, `subadmin2_code`, `population`, `time_zone`, `active`, `created_at`, `updated_at`) VALUES ('SK','{\"en\":\"Stará Ľubovňa\"}',20.69,49.30,'P','PPLA2','SK.05','SK.05.710',16000,'Europe/Bratislava',1,'2019-06-08 23:00:00','2019-06-08 23:00:00');
INSERT INTO `__PREFIX__cities` (`country_code`, `name`, `longitude`, `latitude`, `feature_class`, `feature_code`, `subadmin1_code`, `subadmin2_code`, `population`, `time_zone`, `active`, `created_at`, `updated_at`) VALUES ('SK','{\"en\":\"Spišská Nová Ves\"}',20.56,48.94,'P','PPLA2','SK.03','SK.03.810',39195,'Europe/Bratislava',1,'2020-06-09 23:00:00','2020-06-09 23:00:00');
INSERT INTO `__PREFIX__cities` (`country_code`, `name`, `longitude`, `latitude`, `feature_class`, `feature_code`, `subadmin1_code`, `subadmin2_code`, `population`, `time_zone`, `active`, `created_at`, `updated_at`) VALUES ('SK','{\"en\":\"Spišská Belá\"}',20.46,49.19,'P','PPL','SK.05','SK.05.703',6680,'Europe/Bratislava',1,'2021-11-20 23:00:00','2021-11-20 23:00:00');
INSERT INTO `__PREFIX__cities` (`country_code`, `name`, `longitude`, `latitude`, `feature_class`, `feature_code`, `subadmin1_code`, `subadmin2_code`, `population`, `time_zone`, `active`, `created_at`, `updated_at`) VALUES ('SK','{\"en\":\"Sobrance\"}',22.18,48.74,'P','PPLA2','SK.03','SK.03.809',6262,'Europe/Bratislava',1,'2019-06-08 23:00:00','2019-06-08 23:00:00');
INSERT INTO `__PREFIX__cities` (`country_code`, `name`, `longitude`, `latitude`, `feature_class`, `feature_code`, `subadmin1_code`, `subadmin2_code`, `population`, `time_zone`, `active`, `created_at`, `updated_at`) VALUES ('SK','{\"en\":\"Snina\"}',22.15,48.99,'P','PPLA2','SK.05','SK.05.709',22221,'Europe/Bratislava',1,'2019-06-08 23:00:00','2019-06-08 23:00:00');
INSERT INTO `__PREFIX__cities` (`country_code`, `name`, `longitude`, `latitude`, `feature_class`, `feature_code`, `subadmin1_code`, `subadmin2_code`, `population`, `time_zone`, `active`, `created_at`, `updated_at`) VALUES ('SK','{\"en\":\"Sečovce\"}',21.66,48.70,'P','PPL','SK.03','SK.03.811',8453,'Europe/Bratislava',1,'2021-11-20 23:00:00','2021-11-20 23:00:00');
INSERT INTO `__PREFIX__cities` (`country_code`, `name`, `longitude`, `latitude`, `feature_class`, `feature_code`, `subadmin1_code`, `subadmin2_code`, `population`, `time_zone`, `active`, `created_at`, `updated_at`) VALUES ('SK','{\"en\":\"Sabinov\"}',21.10,49.10,'P','PPLA2','SK.05','SK.05.708',12290,'Europe/Bratislava',1,'2019-06-08 23:00:00','2019-06-08 23:00:00');
INSERT INTO `__PREFIX__cities` (`country_code`, `name`, `longitude`, `latitude`, `feature_class`, `feature_code`, `subadmin1_code`, `subadmin2_code`, `population`, `time_zone`, `active`, `created_at`, `updated_at`) VALUES ('SK','{\"en\":\"Rožňava\"}',20.54,48.66,'P','PPLA2','SK.03','SK.03.808',19261,'Europe/Bratislava',1,'2019-06-08 23:00:00','2019-06-08 23:00:00');
INSERT INTO `__PREFIX__cities` (`country_code`, `name`, `longitude`, `latitude`, `feature_class`, `feature_code`, `subadmin1_code`, `subadmin2_code`, `population`, `time_zone`, `active`, `created_at`, `updated_at`) VALUES ('SK','{\"en\":\"Rimavská Sobota\"}',20.02,48.38,'P','PPLA2','SK.01','SK.01.609',25235,'Europe/Bratislava',1,'2020-06-09 23:00:00','2020-06-09 23:00:00');
INSERT INTO `__PREFIX__cities` (`country_code`, `name`, `longitude`, `latitude`, `feature_class`, `feature_code`, `subadmin1_code`, `subadmin2_code`, `population`, `time_zone`, `active`, `created_at`, `updated_at`) VALUES ('SK','{\"en\":\"Revúca\"}',20.12,48.68,'P','PPLA2','SK.01','SK.01.608',13466,'Europe/Bratislava',1,'2019-06-08 23:00:00','2019-06-08 23:00:00');
INSERT INTO `__PREFIX__cities` (`country_code`, `name`, `longitude`, `latitude`, `feature_class`, `feature_code`, `subadmin1_code`, `subadmin2_code`, `population`, `time_zone`, `active`, `created_at`, `updated_at`) VALUES ('SK','{\"en\":\"Prešov\"}',21.23,49.00,'P','PPLA','SK.05','SK.05.707',94718,'Europe/Bratislava',1,'2020-06-26 23:00:00','2020-06-26 23:00:00');
INSERT INTO `__PREFIX__cities` (`country_code`, `name`, `longitude`, `latitude`, `feature_class`, `feature_code`, `subadmin1_code`, `subadmin2_code`, `population`, `time_zone`, `active`, `created_at`, `updated_at`) VALUES ('SK','{\"en\":\"Poprad\"}',20.30,49.06,'P','PPLA2','SK.05','SK.05.706',57431,'Europe/Bratislava',1,'2020-10-15 23:00:00','2020-10-15 23:00:00');
INSERT INTO `__PREFIX__cities` (`country_code`, `name`, `longitude`, `latitude`, `feature_class`, `feature_code`, `subadmin1_code`, `subadmin2_code`, `population`, `time_zone`, `active`, `created_at`, `updated_at`) VALUES ('SK','{\"en\":\"Moldava nad Bodvou\"}',21.00,48.61,'P','PPL','SK.03','SK.03.806',11332,'Europe/Bratislava',1,'2021-11-20 23:00:00','2021-11-20 23:00:00');
INSERT INTO `__PREFIX__cities` (`country_code`, `name`, `longitude`, `latitude`, `feature_class`, `feature_code`, `subadmin1_code`, `subadmin2_code`, `population`, `time_zone`, `active`, `created_at`, `updated_at`) VALUES ('SK','{\"en\":\"Michalovce\"}',21.92,48.75,'P','PPLA2','SK.03','SK.03.807',40360,'Europe/Bratislava',1,'2019-09-04 23:00:00','2019-09-04 23:00:00');
INSERT INTO `__PREFIX__cities` (`country_code`, `name`, `longitude`, `latitude`, `feature_class`, `feature_code`, `subadmin1_code`, `subadmin2_code`, `population`, `time_zone`, `active`, `created_at`, `updated_at`) VALUES ('SK','{\"en\":\"Medzilaborce\"}',21.90,49.27,'P','PPL','SK.05','SK.05.705',6541,'Europe/Bratislava',1,'2021-11-19 23:00:00','2021-11-19 23:00:00');
INSERT INTO `__PREFIX__cities` (`country_code`, `name`, `longitude`, `latitude`, `feature_class`, `feature_code`, `subadmin1_code`, `subadmin2_code`, `population`, `time_zone`, `active`, `created_at`, `updated_at`) VALUES ('SK','{\"en\":\"Lipany\"}',20.96,49.15,'P','PPL','SK.05','SK.05.708',6521,'Europe/Bratislava',1,'2021-11-20 23:00:00','2021-11-20 23:00:00');
INSERT INTO `__PREFIX__cities` (`country_code`, `name`, `longitude`, `latitude`, `feature_class`, `feature_code`, `subadmin1_code`, `subadmin2_code`, `population`, `time_zone`, `active`, `created_at`, `updated_at`) VALUES ('SK','{\"en\":\"Levoča\"}',20.59,49.02,'P','PPLA2','SK.05','SK.05.704',14511,'Europe/Bratislava',1,'2020-06-09 23:00:00','2020-06-09 23:00:00');
INSERT INTO `__PREFIX__cities` (`country_code`, `name`, `longitude`, `latitude`, `feature_class`, `feature_code`, `subadmin1_code`, `subadmin2_code`, `population`, `time_zone`, `active`, `created_at`, `updated_at`) VALUES ('SK','{\"en\":\"Krompachy\"}',20.88,48.91,'P','PPL','SK.03','SK.03.810',8763,'Europe/Bratislava',1,'2021-11-20 23:00:00','2021-11-20 23:00:00');
INSERT INTO `__PREFIX__cities` (`country_code`, `name`, `longitude`, `latitude`, `feature_class`, `feature_code`, `subadmin1_code`, `subadmin2_code`, `population`, `time_zone`, `active`, `created_at`, `updated_at`) VALUES ('SK','{\"en\":\"Košice\"}',21.26,48.71,'P','PPLA','SK.03',NULL,236563,'Europe/Bratislava',1,'2021-01-12 23:00:00','2021-01-12 23:00:00');
INSERT INTO `__PREFIX__cities` (`country_code`, `name`, `longitude`, `latitude`, `feature_class`, `feature_code`, `subadmin1_code`, `subadmin2_code`, `population`, `time_zone`, `active`, `created_at`, `updated_at`) VALUES ('SK','{\"en\":\"Kežmarok\"}',20.43,49.14,'P','PPLA2','SK.05','SK.05.703',16381,'Europe/Bratislava',1,'2020-01-17 23:00:00','2020-01-17 23:00:00');
INSERT INTO `__PREFIX__cities` (`country_code`, `name`, `longitude`, `latitude`, `feature_class`, `feature_code`, `subadmin1_code`, `subadmin2_code`, `population`, `time_zone`, `active`, `created_at`, `updated_at`) VALUES ('SK','{\"en\":\"Humenné\"}',21.92,48.94,'P','PPLA2','SK.05','SK.05.702',35367,'Europe/Bratislava',1,'2019-06-08 23:00:00','2019-06-08 23:00:00');
INSERT INTO `__PREFIX__cities` (`country_code`, `name`, `longitude`, `latitude`, `feature_class`, `feature_code`, `subadmin1_code`, `subadmin2_code`, `population`, `time_zone`, `active`, `created_at`, `updated_at`) VALUES ('SK','{\"en\":\"Gelnica\"}',20.94,48.86,'P','PPLA2','SK.03','SK.03.801',6404,'Europe/Bratislava',1,'2019-06-08 23:00:00','2019-06-08 23:00:00');
INSERT INTO `__PREFIX__cities` (`country_code`, `name`, `longitude`, `latitude`, `feature_class`, `feature_code`, `subadmin1_code`, `subadmin2_code`, `population`, `time_zone`, `active`, `created_at`, `updated_at`) VALUES ('SK','{\"en\":\"Dobšiná\"}',20.37,48.82,'P','PPL','SK.03','SK.03.808',5639,'Europe/Bratislava',1,'2021-11-20 23:00:00','2021-11-20 23:00:00');
INSERT INTO `__PREFIX__cities` (`country_code`, `name`, `longitude`, `latitude`, `feature_class`, `feature_code`, `subadmin1_code`, `subadmin2_code`, `population`, `time_zone`, `active`, `created_at`, `updated_at`) VALUES ('SK','{\"en\":\"Chlmec\"}',21.94,48.89,'P','PPL','SK.05','SK.05.702',8031,'Europe/Bratislava',1,'2019-06-08 23:00:00','2019-06-08 23:00:00');
INSERT INTO `__PREFIX__cities` (`country_code`, `name`, `longitude`, `latitude`, `feature_class`, `feature_code`, `subadmin1_code`, `subadmin2_code`, `population`, `time_zone`, `active`, `created_at`, `updated_at`) VALUES ('SK','{\"en\":\"Bardejov\"}',21.27,49.29,'P','PPLA2','SK.05','SK.05.701',33060,'Europe/Bratislava',1,'2019-09-04 23:00:00','2019-09-04 23:00:00');
INSERT INTO `__PREFIX__cities` (`country_code`, `name`, `longitude`, `latitude`, `feature_class`, `feature_code`, `subadmin1_code`, `subadmin2_code`, `population`, `time_zone`, `active`, `created_at`, `updated_at`) VALUES ('SK','{\"en\":\"Zvolen\"}',19.15,48.57,'P','PPL','SK.01','SK.01.611',44502,'Europe/Bratislava',1,'2021-12-12 23:00:00','2021-12-12 23:00:00');
INSERT INTO `__PREFIX__cities` (`country_code`, `name`, `longitude`, `latitude`, `feature_class`, `feature_code`, `subadmin1_code`, `subadmin2_code`, `population`, `time_zone`, `active`, `created_at`, `updated_at`) VALUES ('SK','{\"en\":\"Zlaté Moravce\"}',18.40,48.39,'P','PPLA2','SK.04','SK.04.407',15618,'Europe/Bratislava',1,'2019-09-04 23:00:00','2019-09-04 23:00:00');
INSERT INTO `__PREFIX__cities` (`country_code`, `name`, `longitude`, `latitude`, `feature_class`, `feature_code`, `subadmin1_code`, `subadmin2_code`, `population`, `time_zone`, `active`, `created_at`, `updated_at`) VALUES ('SK','{\"en\":\"Žilina\"}',18.74,49.22,'P','PPLA','SK.08','SK.08.511',85985,'Europe/Bratislava',1,'2019-09-04 23:00:00','2019-09-04 23:00:00');
INSERT INTO `__PREFIX__cities` (`country_code`, `name`, `longitude`, `latitude`, `feature_class`, `feature_code`, `subadmin1_code`, `subadmin2_code`, `population`, `time_zone`, `active`, `created_at`, `updated_at`) VALUES ('SK','{\"en\":\"Žiar nad Hronom\"}',18.85,48.59,'P','PPLA2','SK.01','SK.01.613',19392,'Europe/Bratislava',1,'2019-06-08 23:00:00','2019-06-08 23:00:00');
INSERT INTO `__PREFIX__cities` (`country_code`, `name`, `longitude`, `latitude`, `feature_class`, `feature_code`, `subadmin1_code`, `subadmin2_code`, `population`, `time_zone`, `active`, `created_at`, `updated_at`) VALUES ('SK','{\"en\":\"Želiezovce\"}',18.65,48.05,'P','PPL','SK.04','SK.04.402',6772,'Europe/Bratislava',1,'2021-11-20 23:00:00','2021-11-20 23:00:00');
INSERT INTO `__PREFIX__cities` (`country_code`, `name`, `longitude`, `latitude`, `feature_class`, `feature_code`, `subadmin1_code`, `subadmin2_code`, `population`, `time_zone`, `active`, `created_at`, `updated_at`) VALUES ('SK','{\"en\":\"Žarnovica\"}',18.72,48.48,'P','PPLA2','SK.01','SK.01.612',6596,'Europe/Bratislava',1,'2019-06-08 23:00:00','2019-06-08 23:00:00');
INSERT INTO `__PREFIX__cities` (`country_code`, `name`, `longitude`, `latitude`, `feature_class`, `feature_code`, `subadmin1_code`, `subadmin2_code`, `population`, `time_zone`, `active`, `created_at`, `updated_at`) VALUES ('SK','{\"en\":\"Vrútky\"}',18.92,49.11,'P','PPL','SK.08','SK.08.506',7762,'Europe/Bratislava',1,'2021-11-20 23:00:00','2021-11-20 23:00:00');
INSERT INTO `__PREFIX__cities` (`country_code`, `name`, `longitude`, `latitude`, `feature_class`, `feature_code`, `subadmin1_code`, `subadmin2_code`, `population`, `time_zone`, `active`, `created_at`, `updated_at`) VALUES ('SK','{\"en\":\"Vrbové\"}',17.72,48.62,'P','PPL','SK.07','SK.07.204',5947,'Europe/Bratislava',1,'2021-11-20 23:00:00','2021-11-20 23:00:00');
INSERT INTO `__PREFIX__cities` (`country_code`, `name`, `longitude`, `latitude`, `feature_class`, `feature_code`, `subadmin1_code`, `subadmin2_code`, `population`, `time_zone`, `active`, `created_at`, `updated_at`) VALUES ('SK','{\"en\":\"Vráble\"}',18.31,48.24,'P','PPL','SK.04','SK.04.403',8567,'Europe/Bratislava',1,'2021-11-20 23:00:00','2021-11-20 23:00:00');
INSERT INTO `__PREFIX__cities` (`country_code`, `name`, `longitude`, `latitude`, `feature_class`, `feature_code`, `subadmin1_code`, `subadmin2_code`, `population`, `time_zone`, `active`, `created_at`, `updated_at`) VALUES ('SK','{\"en\":\"Veľký Meder\"}',17.77,47.86,'P','PPL','SK.07','SK.07.201',8611,'Europe/Bratislava',1,'2021-11-20 23:00:00','2021-11-20 23:00:00');
INSERT INTO `__PREFIX__cities` (`country_code`, `name`, `longitude`, `latitude`, `feature_class`, `feature_code`, `subadmin1_code`, `subadmin2_code`, `population`, `time_zone`, `active`, `created_at`, `updated_at`) VALUES ('SK','{\"en\":\"Veľký Krtíš\"}',19.35,48.21,'P','PPLA2','SK.01','SK.01.610',12608,'Europe/Bratislava',1,'2019-09-04 23:00:00','2019-09-04 23:00:00');
INSERT INTO `__PREFIX__cities` (`country_code`, `name`, `longitude`, `latitude`, `feature_class`, `feature_code`, `subadmin1_code`, `subadmin2_code`, `population`, `time_zone`, `active`, `created_at`, `updated_at`) VALUES ('SK','{\"en\":\"Tvrdošín\"}',19.56,49.34,'P','PPLA2','SK.08','SK.08.510',9544,'Europe/Bratislava',1,'2019-09-04 23:00:00','2019-09-04 23:00:00');
INSERT INTO `__PREFIX__cities` (`country_code`, `name`, `longitude`, `latitude`, `feature_class`, `feature_code`, `subadmin1_code`, `subadmin2_code`, `population`, `time_zone`, `active`, `created_at`, `updated_at`) VALUES ('SK','{\"en\":\"Turzovka\"}',18.62,49.40,'P','PPL','SK.08','SK.08.502',7565,'Europe/Bratislava',1,'2021-11-20 23:00:00','2021-11-20 23:00:00');
INSERT INTO `__PREFIX__cities` (`country_code`, `name`, `longitude`, `latitude`, `feature_class`, `feature_code`, `subadmin1_code`, `subadmin2_code`, `population`, `time_zone`, `active`, `created_at`, `updated_at`) VALUES ('SK','{\"en\":\"Trstená\"}',19.61,49.36,'P','PPL','SK.08','SK.08.510',7360,'Europe/Bratislava',1,'2021-11-20 23:00:00','2021-11-20 23:00:00');
INSERT INTO `__PREFIX__cities` (`country_code`, `name`, `longitude`, `latitude`, `feature_class`, `feature_code`, `subadmin1_code`, `subadmin2_code`, `population`, `time_zone`, `active`, `created_at`, `updated_at`) VALUES ('SK','{\"en\":\"Trnava\"}',17.59,48.38,'P','PPLA','SK.07','SK.07.207',69785,'Europe/Bratislava',1,'2021-06-10 23:00:00','2021-06-10 23:00:00');
INSERT INTO `__PREFIX__cities` (`country_code`, `name`, `longitude`, `latitude`, `feature_class`, `feature_code`, `subadmin1_code`, `subadmin2_code`, `population`, `time_zone`, `active`, `created_at`, `updated_at`) VALUES ('SK','{\"en\":\"Trenčín\"}',18.04,48.89,'P','PPLA','SK.06','SK.06.309',58278,'Europe/Bratislava',1,'2019-06-08 23:00:00','2019-06-08 23:00:00');
INSERT INTO `__PREFIX__cities` (`country_code`, `name`, `longitude`, `latitude`, `feature_class`, `feature_code`, `subadmin1_code`, `subadmin2_code`, `population`, `time_zone`, `active`, `created_at`, `updated_at`) VALUES ('SK','{\"en\":\"Svätý Jur\"}',17.22,48.25,'P','PPL','SK.02','SK.02.107',5700,'Europe/Bratislava',1,'2021-11-20 23:00:00','2021-11-20 23:00:00');
INSERT INTO `__PREFIX__cities` (`country_code`, `name`, `longitude`, `latitude`, `feature_class`, `feature_code`, `subadmin1_code`, `subadmin2_code`, `population`, `time_zone`, `active`, `created_at`, `updated_at`) VALUES ('SK','{\"en\":\"Šurany\"}',18.18,48.09,'P','PPL','SK.04','SK.04.404',9782,'Europe/Bratislava',1,'2021-11-19 23:00:00','2021-11-19 23:00:00');
INSERT INTO `__PREFIX__cities` (`country_code`, `name`, `longitude`, `latitude`, `feature_class`, `feature_code`, `subadmin1_code`, `subadmin2_code`, `population`, `time_zone`, `active`, `created_at`, `updated_at`) VALUES ('SK','{\"en\":\"Štúrovo\"}',18.72,47.79,'P','PPL','SK.04','SK.04.404',10279,'Europe/Bratislava',1,'2021-11-19 23:00:00','2021-11-19 23:00:00');
INSERT INTO `__PREFIX__cities` (`country_code`, `name`, `longitude`, `latitude`, `feature_class`, `feature_code`, `subadmin1_code`, `subadmin2_code`, `population`, `time_zone`, `active`, `created_at`, `updated_at`) VALUES ('SK','{\"en\":\"Stupava\"}',17.03,48.27,'P','PPL','SK.02','SK.02.106',15095,'Europe/Bratislava',1,'2021-11-20 23:00:00','2021-11-20 23:00:00');
INSERT INTO `__PREFIX__cities` (`country_code`, `name`, `longitude`, `latitude`, `feature_class`, `feature_code`, `subadmin1_code`, `subadmin2_code`, `population`, `time_zone`, `active`, `created_at`, `updated_at`) VALUES ('SK','{\"en\":\"Stará Turá\"}',17.69,48.78,'P','PPL','SK.06','SK.06.304',8832,'Europe/Bratislava',1,'2021-11-20 23:00:00','2021-11-20 23:00:00');
INSERT INTO `__PREFIX__cities` (`country_code`, `name`, `longitude`, `latitude`, `feature_class`, `feature_code`, `subadmin1_code`, `subadmin2_code`, `population`, `time_zone`, `active`, `created_at`, `updated_at`) VALUES ('SK','{\"en\":\"Sládkovičovo\"}',17.64,48.20,'P','PPL','SK.07','SK.07.202',5219,'Europe/Bratislava',1,'2021-11-20 23:00:00','2021-11-20 23:00:00');
INSERT INTO `__PREFIX__cities` (`country_code`, `name`, `longitude`, `latitude`, `feature_class`, `feature_code`, `subadmin1_code`, `subadmin2_code`, `population`, `time_zone`, `active`, `created_at`, `updated_at`) VALUES ('SK','{\"en\":\"Skalica\"}',17.23,48.84,'P','PPLA2','SK.07','SK.07.206',15013,'Europe/Bratislava',1,'2019-06-08 23:00:00','2019-06-08 23:00:00');
INSERT INTO `__PREFIX__cities` (`country_code`, `name`, `longitude`, `latitude`, `feature_class`, `feature_code`, `subadmin1_code`, `subadmin2_code`, `population`, `time_zone`, `active`, `created_at`, `updated_at`) VALUES ('SK','{\"en\":\"Senica\"}',17.37,48.68,'P','PPLA2','SK.07','SK.07.205',21741,'Europe/Bratislava',1,'2019-09-04 23:00:00','2019-09-04 23:00:00');
INSERT INTO `__PREFIX__cities` (`country_code`, `name`, `longitude`, `latitude`, `feature_class`, `feature_code`, `subadmin1_code`, `subadmin2_code`, `population`, `time_zone`, `active`, `created_at`, `updated_at`) VALUES ('SK','{\"en\":\"Senec\"}',17.40,48.22,'P','PPLA2','SK.02','SK.02.108',14673,'Europe/Bratislava',1,'2019-06-08 23:00:00','2019-06-08 23:00:00');
INSERT INTO `__PREFIX__cities` (`country_code`, `name`, `longitude`, `latitude`, `feature_class`, `feature_code`, `subadmin1_code`, `subadmin2_code`, `population`, `time_zone`, `active`, `created_at`, `updated_at`) VALUES ('SK','{\"en\":\"Šamorín\"}',17.31,48.03,'P','PPL','SK.07','SK.07.201',13314,'Europe/Bratislava',1,'2021-11-20 23:00:00','2021-11-20 23:00:00');
INSERT INTO `__PREFIX__cities` (`country_code`, `name`, `longitude`, `latitude`, `feature_class`, `feature_code`, `subadmin1_code`, `subadmin2_code`, `population`, `time_zone`, `active`, `created_at`, `updated_at`) VALUES ('SK','{\"en\":\"Šaľa\"}',17.88,48.15,'P','PPLA2','SK.04','SK.04.405',24513,'Europe/Bratislava',1,'2020-01-10 23:00:00','2020-01-10 23:00:00');
INSERT INTO `__PREFIX__cities` (`country_code`, `name`, `longitude`, `latitude`, `feature_class`, `feature_code`, `subadmin1_code`, `subadmin2_code`, `population`, `time_zone`, `active`, `created_at`, `updated_at`) VALUES ('SK','{\"en\":\"Šahy\"}',18.95,48.07,'P','PPL','SK.04','SK.04.402',7238,'Europe/Bratislava',1,'2021-11-20 23:00:00','2021-11-20 23:00:00');
INSERT INTO `__PREFIX__cities` (`country_code`, `name`, `longitude`, `latitude`, `feature_class`, `feature_code`, `subadmin1_code`, `subadmin2_code`, `population`, `time_zone`, `active`, `created_at`, `updated_at`) VALUES ('SK','{\"en\":\"Ružomberok\"}',19.31,49.07,'P','PPLA2','SK.08','SK.08.508',30806,'Europe/Bratislava',1,'2020-06-09 23:00:00','2020-06-09 23:00:00');
INSERT INTO `__PREFIX__cities` (`country_code`, `name`, `longitude`, `latitude`, `feature_class`, `feature_code`, `subadmin1_code`, `subadmin2_code`, `population`, `time_zone`, `active`, `created_at`, `updated_at`) VALUES ('SK','{\"en\":\"Rajec\"}',18.64,49.09,'P','PPL','SK.08','SK.08.511',5777,'Europe/Bratislava',1,'2021-11-21 23:00:00','2021-11-21 23:00:00');
INSERT INTO `__PREFIX__cities` (`country_code`, `name`, `longitude`, `latitude`, `feature_class`, `feature_code`, `subadmin1_code`, `subadmin2_code`, `population`, `time_zone`, `active`, `created_at`, `updated_at`) VALUES ('SK','{\"en\":\"Púchov\"}',18.33,49.12,'P','PPLA2','SK.06','SK.06.308',18833,'Europe/Bratislava',1,'2019-08-27 23:00:00','2019-08-27 23:00:00');
INSERT INTO `__PREFIX__cities` (`country_code`, `name`, `longitude`, `latitude`, `feature_class`, `feature_code`, `subadmin1_code`, `subadmin2_code`, `population`, `time_zone`, `active`, `created_at`, `updated_at`) VALUES ('SK','{\"en\":\"Prievidza\"}',18.63,48.77,'P','PPLA2','SK.06','SK.06.307',52987,'Europe/Bratislava',1,'2019-09-04 23:00:00','2019-09-04 23:00:00');
INSERT INTO `__PREFIX__cities` (`country_code`, `name`, `longitude`, `latitude`, `feature_class`, `feature_code`, `subadmin1_code`, `subadmin2_code`, `population`, `time_zone`, `active`, `created_at`, `updated_at`) VALUES ('SK','{\"en\":\"Považská Bystrica\"}',18.42,49.12,'P','PPLA2','SK.06','SK.06.306',43936,'Europe/Bratislava',1,'2019-09-04 23:00:00','2019-09-04 23:00:00');
INSERT INTO `__PREFIX__cities` (`country_code`, `name`, `longitude`, `latitude`, `feature_class`, `feature_code`, `subadmin1_code`, `subadmin2_code`, `population`, `time_zone`, `active`, `created_at`, `updated_at`) VALUES ('SK','{\"en\":\"Poltár\"}',19.79,48.43,'P','PPLA2','SK.01','SK.01.607',6099,'Europe/Bratislava',1,'2019-06-08 23:00:00','2019-06-08 23:00:00');
INSERT INTO `__PREFIX__cities` (`country_code`, `name`, `longitude`, `latitude`, `feature_class`, `feature_code`, `subadmin1_code`, `subadmin2_code`, `population`, `time_zone`, `active`, `created_at`, `updated_at`) VALUES ('SK','{\"en\":\"Piešťany\"}',17.83,48.59,'P','PPLA2','SK.07','SK.07.204',30000,'Europe/Bratislava',1,'2019-09-04 23:00:00','2019-09-04 23:00:00');
INSERT INTO `__PREFIX__cities` (`country_code`, `name`, `longitude`, `latitude`, `feature_class`, `feature_code`, `subadmin1_code`, `subadmin2_code`, `population`, `time_zone`, `active`, `created_at`, `updated_at`) VALUES ('SK','{\"en\":\"Pezinok\"}',17.27,48.29,'P','PPLA2','SK.02','SK.02.107',21343,'Europe/Bratislava',1,'2019-09-04 23:00:00','2019-09-04 23:00:00');
INSERT INTO `__PREFIX__cities` (`country_code`, `name`, `longitude`, `latitude`, `feature_class`, `feature_code`, `subadmin1_code`, `subadmin2_code`, `population`, `time_zone`, `active`, `created_at`, `updated_at`) VALUES ('SK','{\"en\":\"Partizánske\"}',18.38,48.63,'P','PPLA2','SK.06','SK.06.305',24370,'Europe/Bratislava',1,'2019-08-27 23:00:00','2019-08-27 23:00:00');
INSERT INTO `__PREFIX__cities` (`country_code`, `name`, `longitude`, `latitude`, `feature_class`, `feature_code`, `subadmin1_code`, `subadmin2_code`, `population`, `time_zone`, `active`, `created_at`, `updated_at`) VALUES ('SK','{\"en\":\"Nové Zámky\"}',18.16,47.99,'P','PPL','SK.04','SK.04.404',37899,'Europe/Bratislava',1,'2021-11-19 23:00:00','2021-11-19 23:00:00');
INSERT INTO `__PREFIX__cities` (`country_code`, `name`, `longitude`, `latitude`, `feature_class`, `feature_code`, `subadmin1_code`, `subadmin2_code`, `population`, `time_zone`, `active`, `created_at`, `updated_at`) VALUES ('SK','{\"en\":\"Nové Mesto nad Váhom\"}',17.83,48.76,'P','PPL','SK.06','SK.06.304',21527,'Europe/Bratislava',1,'2019-06-08 23:00:00','2019-06-08 23:00:00');
INSERT INTO `__PREFIX__cities` (`country_code`, `name`, `longitude`, `latitude`, `feature_class`, `feature_code`, `subadmin1_code`, `subadmin2_code`, `population`, `time_zone`, `active`, `created_at`, `updated_at`) VALUES ('SK','{\"en\":\"Nová Dubnica\"}',18.15,48.93,'P','PPL','SK.06','SK.06.302',12358,'Europe/Bratislava',1,'2019-06-08 23:00:00','2019-06-08 23:00:00');
INSERT INTO `__PREFIX__cities` (`country_code`, `name`, `longitude`, `latitude`, `feature_class`, `feature_code`, `subadmin1_code`, `subadmin2_code`, `population`, `time_zone`, `active`, `created_at`, `updated_at`) VALUES ('SK','{\"en\":\"Nová Baňa\"}',18.64,48.42,'P','PPL','SK.01','SK.01.612',7319,'Europe/Bratislava',1,'2021-11-20 23:00:00','2021-11-20 23:00:00');
INSERT INTO `__PREFIX__cities` (`country_code`, `name`, `longitude`, `latitude`, `feature_class`, `feature_code`, `subadmin1_code`, `subadmin2_code`, `population`, `time_zone`, `active`, `created_at`, `updated_at`) VALUES ('SK','{\"en\":\"Nitra\"}',18.08,48.31,'P','PPLA','SK.04','SK.04.403',86329,'Europe/Bratislava',1,'2019-09-04 23:00:00','2019-09-04 23:00:00');
INSERT INTO `__PREFIX__cities` (`country_code`, `name`, `longitude`, `latitude`, `feature_class`, `feature_code`, `subadmin1_code`, `subadmin2_code`, `population`, `time_zone`, `active`, `created_at`, `updated_at`) VALUES ('SK','{\"en\":\"Nemšová\"}',18.12,48.97,'P','PPLA3','SK.06','SK.06.309',6136,'Europe/Bratislava',1,'2019-08-29 23:00:00','2019-08-29 23:00:00');
INSERT INTO `__PREFIX__cities` (`country_code`, `name`, `longitude`, `latitude`, `feature_class`, `feature_code`, `subadmin1_code`, `subadmin2_code`, `population`, `time_zone`, `active`, `created_at`, `updated_at`) VALUES ('SK','{\"en\":\"Námestovo\"}',19.48,49.41,'P','PPLA2','SK.08','SK.08.507',8135,'Europe/Bratislava',1,'2019-06-08 23:00:00','2019-06-08 23:00:00');
INSERT INTO `__PREFIX__cities` (`country_code`, `name`, `longitude`, `latitude`, `feature_class`, `feature_code`, `subadmin1_code`, `subadmin2_code`, `population`, `time_zone`, `active`, `created_at`, `updated_at`) VALUES ('SK','{\"en\":\"Myjava\"}',17.57,48.76,'P','PPL','SK.06','SK.06.303',11591,'Europe/Bratislava',1,'2021-11-20 23:00:00','2021-11-20 23:00:00');
INSERT INTO `__PREFIX__cities` (`country_code`, `name`, `longitude`, `latitude`, `feature_class`, `feature_code`, `subadmin1_code`, `subadmin2_code`, `population`, `time_zone`, `active`, `created_at`, `updated_at`) VALUES ('SK','{\"en\":\"Modra\"}',17.31,48.33,'P','PPL','SK.02','SK.02.107',9042,'Europe/Bratislava',1,'2021-11-20 23:00:00','2021-11-20 23:00:00');
INSERT INTO `__PREFIX__cities` (`country_code`, `name`, `longitude`, `latitude`, `feature_class`, `feature_code`, `subadmin1_code`, `subadmin2_code`, `population`, `time_zone`, `active`, `created_at`, `updated_at`) VALUES ('SK','{\"en\":\"Martin\"}',18.92,49.07,'P','PPLA2','SK.08','SK.08.506',54618,'Europe/Bratislava',1,'2020-01-17 23:00:00','2020-01-17 23:00:00');
INSERT INTO `__PREFIX__cities` (`country_code`, `name`, `longitude`, `latitude`, `feature_class`, `feature_code`, `subadmin1_code`, `subadmin2_code`, `population`, `time_zone`, `active`, `created_at`, `updated_at`) VALUES ('SK','{\"en\":\"Malacky\"}',17.02,48.44,'P','PPLA2','SK.02','SK.02.106',17773,'Europe/Bratislava',1,'2019-09-04 23:00:00','2019-09-04 23:00:00');
INSERT INTO `__PREFIX__cities` (`country_code`, `name`, `longitude`, `latitude`, `feature_class`, `feature_code`, `subadmin1_code`, `subadmin2_code`, `population`, `time_zone`, `active`, `created_at`, `updated_at`) VALUES ('SK','{\"en\":\"Lučenec\"}',19.67,48.33,'P','PPLA2','SK.01','SK.01.606',28159,'Europe/Bratislava',1,'2020-06-09 23:00:00','2020-06-09 23:00:00');
INSERT INTO `__PREFIX__cities` (`country_code`, `name`, `longitude`, `latitude`, `feature_class`, `feature_code`, `subadmin1_code`, `subadmin2_code`, `population`, `time_zone`, `active`, `created_at`, `updated_at`) VALUES ('SK','{\"en\":\"Liptovský Mikuláš\"}',19.62,49.08,'P','PPL','SK.08','SK.08.505',31194,'Europe/Bratislava',1,'2020-01-17 23:00:00','2020-01-17 23:00:00');
INSERT INTO `__PREFIX__cities` (`country_code`, `name`, `longitude`, `latitude`, `feature_class`, `feature_code`, `subadmin1_code`, `subadmin2_code`, `population`, `time_zone`, `active`, `created_at`, `updated_at`) VALUES ('SK','{\"en\":\"Liptovský Hrádok\"}',19.72,49.04,'P','PPL','SK.08','SK.08.505',7572,'Europe/Bratislava',1,'2019-06-08 23:00:00','2019-06-08 23:00:00');
INSERT INTO `__PREFIX__cities` (`country_code`, `name`, `longitude`, `latitude`, `feature_class`, `feature_code`, `subadmin1_code`, `subadmin2_code`, `population`, `time_zone`, `active`, `created_at`, `updated_at`) VALUES ('SK','{\"en\":\"Levice\"}',18.61,48.22,'P','PPLA2','SK.04','SK.04.402',37574,'Europe/Bratislava',1,'2019-09-04 23:00:00','2019-09-04 23:00:00');
INSERT INTO `__PREFIX__cities` (`country_code`, `name`, `longitude`, `latitude`, `feature_class`, `feature_code`, `subadmin1_code`, `subadmin2_code`, `population`, `time_zone`, `active`, `created_at`, `updated_at`) VALUES ('SK','{\"en\":\"Kysucké Nové Mesto\"}',18.78,49.30,'P','PPLA2','SK.08','SK.08.504',16558,'Europe/Bratislava',1,'2019-06-08 23:00:00','2019-06-08 23:00:00');
INSERT INTO `__PREFIX__cities` (`country_code`, `name`, `longitude`, `latitude`, `feature_class`, `feature_code`, `subadmin1_code`, `subadmin2_code`, `population`, `time_zone`, `active`, `created_at`, `updated_at`) VALUES ('SK','{\"en\":\"Krupina\"}',19.06,48.36,'P','PPLA2','SK.01','SK.01.605',7991,'Europe/Bratislava',1,'2019-06-08 23:00:00','2019-06-08 23:00:00');
INSERT INTO `__PREFIX__cities` (`country_code`, `name`, `longitude`, `latitude`, `feature_class`, `feature_code`, `subadmin1_code`, `subadmin2_code`, `population`, `time_zone`, `active`, `created_at`, `updated_at`) VALUES ('SK','{\"en\":\"Kremnica\"}',18.92,48.71,'P','PPL','SK.01','SK.01.613',5356,'Europe/Bratislava',1,'2019-09-04 23:00:00','2019-09-04 23:00:00');
INSERT INTO `__PREFIX__cities` (`country_code`, `name`, `longitude`, `latitude`, `feature_class`, `feature_code`, `subadmin1_code`, `subadmin2_code`, `population`, `time_zone`, `active`, `created_at`, `updated_at`) VALUES ('SK','{\"en\":\"Komárno\"}',18.12,47.76,'P','PPL','SK.04','SK.04.401',33927,'Europe/Bratislava',1,'2021-12-19 23:00:00','2021-12-19 23:00:00');
INSERT INTO `__PREFIX__cities` (`country_code`, `name`, `longitude`, `latitude`, `feature_class`, `feature_code`, `subadmin1_code`, `subadmin2_code`, `population`, `time_zone`, `active`, `created_at`, `updated_at`) VALUES ('SK','{\"en\":\"Kolárovo\"}',17.98,47.92,'P','PPL','SK.04','SK.04.401',10546,'Europe/Bratislava',1,'2021-11-19 23:00:00','2021-11-19 23:00:00');
INSERT INTO `__PREFIX__cities` (`country_code`, `name`, `longitude`, `latitude`, `feature_class`, `feature_code`, `subadmin1_code`, `subadmin2_code`, `population`, `time_zone`, `active`, `created_at`, `updated_at`) VALUES ('SK','{\"en\":\"Ivanka pri Dunaji\"}',17.26,48.19,'P','PPL','SK.02','SK.02.108',6245,'Europe/Bratislava',1,'2019-06-08 23:00:00','2019-06-08 23:00:00');
INSERT INTO `__PREFIX__cities` (`country_code`, `name`, `longitude`, `latitude`, `feature_class`, `feature_code`, `subadmin1_code`, `subadmin2_code`, `population`, `time_zone`, `active`, `created_at`, `updated_at`) VALUES ('SK','{\"en\":\"Ilava\"}',18.24,49.00,'P','PPLA2','SK.06','SK.06.302',5411,'Europe/Bratislava',1,'2019-08-27 23:00:00','2019-08-27 23:00:00');
INSERT INTO `__PREFIX__cities` (`country_code`, `name`, `longitude`, `latitude`, `feature_class`, `feature_code`, `subadmin1_code`, `subadmin2_code`, `population`, `time_zone`, `active`, `created_at`, `updated_at`) VALUES ('SK','{\"en\":\"Hurbanovo\"}',18.19,47.87,'P','PPL','SK.04','SK.04.401',7472,'Europe/Bratislava',1,'2021-11-20 23:00:00','2021-11-20 23:00:00');
INSERT INTO `__PREFIX__cities` (`country_code`, `name`, `longitude`, `latitude`, `feature_class`, `feature_code`, `subadmin1_code`, `subadmin2_code`, `population`, `time_zone`, `active`, `created_at`, `updated_at`) VALUES ('SK','{\"en\":\"Hriňová\"}',19.53,48.58,'P','PPL','SK.01','SK.01.604',7484,'Europe/Bratislava',1,'2021-11-20 23:00:00','2021-11-20 23:00:00');
INSERT INTO `__PREFIX__cities` (`country_code`, `name`, `longitude`, `latitude`, `feature_class`, `feature_code`, `subadmin1_code`, `subadmin2_code`, `population`, `time_zone`, `active`, `created_at`, `updated_at`) VALUES ('SK','{\"en\":\"Holíč\"}',17.16,48.81,'P','PPL','SK.07','SK.07.206',11174,'Europe/Bratislava',1,'2021-11-20 23:00:00','2021-11-20 23:00:00');
INSERT INTO `__PREFIX__cities` (`country_code`, `name`, `longitude`, `latitude`, `feature_class`, `feature_code`, `subadmin1_code`, `subadmin2_code`, `population`, `time_zone`, `active`, `created_at`, `updated_at`) VALUES ('SK','{\"en\":\"Hlohovec\"}',17.80,48.43,'P','PPLA2','SK.07','SK.07.203',23930,'Europe/Bratislava',1,'2019-06-08 23:00:00','2019-06-08 23:00:00');
INSERT INTO `__PREFIX__cities` (`country_code`, `name`, `longitude`, `latitude`, `feature_class`, `feature_code`, `subadmin1_code`, `subadmin2_code`, `population`, `time_zone`, `active`, `created_at`, `updated_at`) VALUES ('SK','{\"en\":\"Handlová\"}',18.76,48.73,'P','PPLA3','SK.06','SK.06.307',18018,'Europe/Bratislava',1,'2019-09-04 23:00:00','2019-09-04 23:00:00');
INSERT INTO `__PREFIX__cities` (`country_code`, `name`, `longitude`, `latitude`, `feature_class`, `feature_code`, `subadmin1_code`, `subadmin2_code`, `population`, `time_zone`, `active`, `created_at`, `updated_at`) VALUES ('SK','{\"en\":\"Gbely\"}',17.12,48.72,'P','PPL','SK.07','SK.07.206',5139,'Europe/Bratislava',1,'2021-11-20 23:00:00','2021-11-20 23:00:00');
INSERT INTO `__PREFIX__cities` (`country_code`, `name`, `longitude`, `latitude`, `feature_class`, `feature_code`, `subadmin1_code`, `subadmin2_code`, `population`, `time_zone`, `active`, `created_at`, `updated_at`) VALUES ('SK','{\"en\":\"Galanta\"}',17.73,48.19,'P','PPL','SK.07','SK.07.202',15013,'Europe/Bratislava',1,'2021-11-20 23:00:00','2021-11-20 23:00:00');
INSERT INTO `__PREFIX__cities` (`country_code`, `name`, `longitude`, `latitude`, `feature_class`, `feature_code`, `subadmin1_code`, `subadmin2_code`, `population`, `time_zone`, `active`, `created_at`, `updated_at`) VALUES ('SK','{\"en\":\"Gabčíkovo\"}',17.58,47.89,'P','PPL','SK.07','SK.07.201',5343,'Europe/Bratislava',1,'2019-06-08 23:00:00','2019-06-08 23:00:00');
INSERT INTO `__PREFIX__cities` (`country_code`, `name`, `longitude`, `latitude`, `feature_class`, `feature_code`, `subadmin1_code`, `subadmin2_code`, `population`, `time_zone`, `active`, `created_at`, `updated_at`) VALUES ('SK','{\"en\":\"Fiľakovo\"}',19.82,48.27,'P','PPLA3','SK.01','SK.01.606',10198,'Europe/Bratislava',1,'2019-06-29 23:00:00','2019-06-29 23:00:00');
INSERT INTO `__PREFIX__cities` (`country_code`, `name`, `longitude`, `latitude`, `feature_class`, `feature_code`, `subadmin1_code`, `subadmin2_code`, `population`, `time_zone`, `active`, `created_at`, `updated_at`) VALUES ('SK','{\"en\":\"Bratislava - Vajnory\"}',17.21,48.21,'P','PPLX','SK.02','SK.02.103',5484,'Europe/Bratislava',1,'2019-06-08 23:00:00','2019-06-08 23:00:00');
INSERT INTO `__PREFIX__cities` (`country_code`, `name`, `longitude`, `latitude`, `feature_class`, `feature_code`, `subadmin1_code`, `subadmin2_code`, `population`, `time_zone`, `active`, `created_at`, `updated_at`) VALUES ('SK','{\"en\":\"Dunajská Streda\"}',17.61,47.99,'P','PPL','SK.07','SK.07.201',22730,'Europe/Bratislava',1,'2021-11-19 23:00:00','2021-11-19 23:00:00');
INSERT INTO `__PREFIX__cities` (`country_code`, `name`, `longitude`, `latitude`, `feature_class`, `feature_code`, `subadmin1_code`, `subadmin2_code`, `population`, `time_zone`, `active`, `created_at`, `updated_at`) VALUES ('SK','{\"en\":\"Dubnica nad Váhom\"}',18.17,48.96,'P','PPL','SK.06','SK.06.302',23762,'Europe/Bratislava',1,'2021-11-19 23:00:00','2021-11-19 23:00:00');
INSERT INTO `__PREFIX__cities` (`country_code`, `name`, `longitude`, `latitude`, `feature_class`, `feature_code`, `subadmin1_code`, `subadmin2_code`, `population`, `time_zone`, `active`, `created_at`, `updated_at`) VALUES ('SK','{\"en\":\"Dolný Kubín\"}',19.30,49.21,'P','PPLA2','SK.08','SK.08.503',18995,'Europe/Bratislava',1,'2019-06-08 23:00:00','2019-06-08 23:00:00');
INSERT INTO `__PREFIX__cities` (`country_code`, `name`, `longitude`, `latitude`, `feature_class`, `feature_code`, `subadmin1_code`, `subadmin2_code`, `population`, `time_zone`, `active`, `created_at`, `updated_at`) VALUES ('SK','{\"en\":\"Detva\"}',19.42,48.56,'P','PPL','SK.01','SK.01.604',14686,'Europe/Bratislava',1,'2021-11-19 23:00:00','2021-11-19 23:00:00');
INSERT INTO `__PREFIX__cities` (`country_code`, `name`, `longitude`, `latitude`, `feature_class`, `feature_code`, `subadmin1_code`, `subadmin2_code`, `population`, `time_zone`, `active`, `created_at`, `updated_at`) VALUES ('SK','{\"en\":\"Čierny Balog\"}',19.65,48.75,'P','PPL','SK.01','SK.01.603',5234,'Europe/Bratislava',1,'2019-06-08 23:00:00','2019-06-08 23:00:00');
INSERT INTO `__PREFIX__cities` (`country_code`, `name`, `longitude`, `latitude`, `feature_class`, `feature_code`, `subadmin1_code`, `subadmin2_code`, `population`, `time_zone`, `active`, `created_at`, `updated_at`) VALUES ('SK','{\"en\":\"Čadca\"}',18.79,49.44,'P','PPLA2','SK.08','SK.08.502',24670,'Europe/Bratislava',1,'2020-06-09 23:00:00','2020-06-09 23:00:00');
INSERT INTO `__PREFIX__cities` (`country_code`, `name`, `longitude`, `latitude`, `feature_class`, `feature_code`, `subadmin1_code`, `subadmin2_code`, `population`, `time_zone`, `active`, `created_at`, `updated_at`) VALUES ('SK','{\"en\":\"Bytča\"}',18.56,49.22,'P','PPLA2','SK.08','SK.08.501',11279,'Europe/Bratislava',1,'2019-06-08 23:00:00','2019-06-08 23:00:00');
INSERT INTO `__PREFIX__cities` (`country_code`, `name`, `longitude`, `latitude`, `feature_class`, `feature_code`, `subadmin1_code`, `subadmin2_code`, `population`, `time_zone`, `active`, `created_at`, `updated_at`) VALUES ('SK','{\"en\":\"Brezová pod Bradlom\"}',17.54,48.66,'P','PPL','SK.06','SK.06.303',5567,'Europe/Bratislava',1,'2019-06-08 23:00:00','2019-06-08 23:00:00');
INSERT INTO `__PREFIX__cities` (`country_code`, `name`, `longitude`, `latitude`, `feature_class`, `feature_code`, `subadmin1_code`, `subadmin2_code`, `population`, `time_zone`, `active`, `created_at`, `updated_at`) VALUES ('SK','{\"en\":\"Brezno\"}',19.64,48.80,'P','PPLA2','SK.01','SK.01.603',21331,'Europe/Bratislava',1,'2019-06-08 23:00:00','2019-06-08 23:00:00');
INSERT INTO `__PREFIX__cities` (`country_code`, `name`, `longitude`, `latitude`, `feature_class`, `feature_code`, `subadmin1_code`, `subadmin2_code`, `population`, `time_zone`, `active`, `created_at`, `updated_at`) VALUES ('SK','{\"en\":\"Bratislava\"}',17.11,48.15,'P','PPLC','SK.02',NULL,423737,'Europe/Bratislava',1,'2019-09-04 23:00:00','2019-09-04 23:00:00');
INSERT INTO `__PREFIX__cities` (`country_code`, `name`, `longitude`, `latitude`, `feature_class`, `feature_code`, `subadmin1_code`, `subadmin2_code`, `population`, `time_zone`, `active`, `created_at`, `updated_at`) VALUES ('SK','{\"en\":\"Banská Štiavnica\"}',18.91,48.45,'P','PPLA2','SK.01','SK.01.602',10191,'Europe/Bratislava',1,'2020-06-09 23:00:00','2020-06-09 23:00:00');
INSERT INTO `__PREFIX__cities` (`country_code`, `name`, `longitude`, `latitude`, `feature_class`, `feature_code`, `subadmin1_code`, `subadmin2_code`, `population`, `time_zone`, `active`, `created_at`, `updated_at`) VALUES ('SK','{\"en\":\"Banská Bystrica\"}',19.15,48.74,'P','PPLA','SK.01','SK.01.601',82336,'Europe/Bratislava',1,'2020-08-31 23:00:00','2020-08-31 23:00:00');
INSERT INTO `__PREFIX__cities` (`country_code`, `name`, `longitude`, `latitude`, `feature_class`, `feature_code`, `subadmin1_code`, `subadmin2_code`, `population`, `time_zone`, `active`, `created_at`, `updated_at`) VALUES ('SK','{\"en\":\"Bánovce nad Bebravou\"}',18.26,48.72,'P','PPLA2','SK.06','SK.06.301',18933,'Europe/Bratislava',1,'2019-06-08 23:00:00','2019-06-08 23:00:00');
/*!40000 ALTER TABLE `__PREFIX__cities` ENABLE KEYS */;
/*!40103 SET TIME_ZONE=@OLD_TIME_ZONE */;

/*!40101 SET SQL_MODE=@OLD_SQL_MODE */;
/*!40014 SET FOREIGN_KEY_CHECKS=@OLD_FOREIGN_KEY_CHECKS */;
/*!40014 SET UNIQUE_CHECKS=@OLD_UNIQUE_CHECKS */;
/*!40101 SET CHARACTER_SET_CLIENT=@OLD_CHARACTER_SET_CLIENT */;
/*!40101 SET CHARACTER_SET_RESULTS=@OLD_CHARACTER_SET_RESULTS */;
/*!40101 SET COLLATION_CONNECTION=@OLD_COLLATION_CONNECTION */;
/*!40111 SET SQL_NOTES=@OLD_SQL_NOTES */;

-- Dump completed
