-- MySQL dump 10.13  Distrib 5.7.34, for osx10.12 (x86_64)
--
-- Host: 127.0.0.1    Database: laraclassifier
-- ------------------------------------------------------
-- Server version	5.7.34

/*!40101 SET @OLD_CHARACTER_SET_CLIENT=@@CHARACTER_SET_CLIENT */;
/*!40101 SET @OLD_CHARACTER_SET_RESULTS=@@CHARACTER_SET_RESULTS */;
/*!40101 SET @OLD_COLLATION_CONNECTION=@@COLLATION_CONNECTION */;
/*!40101 SET NAMES utf8 */;
/*!40103 SET @OLD_TIME_ZONE=@@TIME_ZONE */;
/*!40103 SET TIME_ZONE='+00:00' */;
/*!40014 SET @OLD_UNIQUE_CHECKS=@@UNIQUE_CHECKS, UNIQUE_CHECKS=0 */;
/*!40014 SET @OLD_FOREIGN_KEY_CHECKS=@@FOREIGN_KEY_CHECKS, FOREIGN_KEY_CHECKS=0 */;
/*!40101 SET @OLD_SQL_MODE=@@SQL_MODE, SQL_MODE='NO_AUTO_VALUE_ON_ZERO' */;
/*!40111 SET @OLD_SQL_NOTES=@@SQL_NOTES, SQL_NOTES=0 */;

--
-- Dumping data for table `__PREFIX__subadmin1`
--

/*!40000 ALTER TABLE `__PREFIX__subadmin1` DISABLE KEYS */;
INSERT INTO `__PREFIX__subadmin1` (`code`, `country_code`, `name`, `active`) VALUES ('SV.14','SV','{\"en\":\"Usulután\"}',1);
INSERT INTO `__PREFIX__subadmin1` (`code`, `country_code`, `name`, `active`) VALUES ('SV.13','SV','{\"en\":\"Sonsonate\"}',1);
INSERT INTO `__PREFIX__subadmin1` (`code`, `country_code`, `name`, `active`) VALUES ('SV.12','SV','{\"en\":\"San Vicente\"}',1);
INSERT INTO `__PREFIX__subadmin1` (`code`, `country_code`, `name`, `active`) VALUES ('SV.11','SV','{\"en\":\"Santa Ana\"}',1);
INSERT INTO `__PREFIX__subadmin1` (`code`, `country_code`, `name`, `active`) VALUES ('SV.10','SV','{\"en\":\"San Salvador\"}',1);
INSERT INTO `__PREFIX__subadmin1` (`code`, `country_code`, `name`, `active`) VALUES ('SV.09','SV','{\"en\":\"San Miguel\"}',1);
INSERT INTO `__PREFIX__subadmin1` (`code`, `country_code`, `name`, `active`) VALUES ('SV.08','SV','{\"en\":\"Morazán\"}',1);
INSERT INTO `__PREFIX__subadmin1` (`code`, `country_code`, `name`, `active`) VALUES ('SV.07','SV','{\"en\":\"La Unión\"}',1);
INSERT INTO `__PREFIX__subadmin1` (`code`, `country_code`, `name`, `active`) VALUES ('SV.06','SV','{\"en\":\"La Paz\"}',1);
INSERT INTO `__PREFIX__subadmin1` (`code`, `country_code`, `name`, `active`) VALUES ('SV.05','SV','{\"en\":\"La Libertad\"}',1);
INSERT INTO `__PREFIX__subadmin1` (`code`, `country_code`, `name`, `active`) VALUES ('SV.04','SV','{\"en\":\"Cuscatlán\"}',1);
INSERT INTO `__PREFIX__subadmin1` (`code`, `country_code`, `name`, `active`) VALUES ('SV.03','SV','{\"en\":\"Chalatenango\"}',1);
INSERT INTO `__PREFIX__subadmin1` (`code`, `country_code`, `name`, `active`) VALUES ('SV.02','SV','{\"en\":\"Cabañas\"}',1);
INSERT INTO `__PREFIX__subadmin1` (`code`, `country_code`, `name`, `active`) VALUES ('SV.01','SV','{\"en\":\"Ahuachapán\"}',1);
/*!40000 ALTER TABLE `__PREFIX__subadmin1` ENABLE KEYS */;

--
-- Dumping data for table `__PREFIX__subadmin2`
--

/*!40000 ALTER TABLE `__PREFIX__subadmin2` DISABLE KEYS */;
INSERT INTO `__PREFIX__subadmin2` (`code`, `country_code`, `subadmin1_code`, `name`, `active`) VALUES ('SV.06.0821','SV','SV.06','{\"en\":\"Zacatecoluca\"}',1);
INSERT INTO `__PREFIX__subadmin2` (`code`, `country_code`, `subadmin1_code`, `name`, `active`) VALUES ('SV.14.1123','SV','SV.14','{\"en\":\"Usulután\"}',1);
INSERT INTO `__PREFIX__subadmin2` (`code`, `country_code`, `subadmin1_code`, `name`, `active`) VALUES ('SV.10.0618','SV','SV.10','{\"en\":\"Tonacatepeque\"}',1);
INSERT INTO `__PREFIX__subadmin2` (`code`, `country_code`, `subadmin1_code`, `name`, `active`) VALUES ('SV.03.0433','SV','SV.03','{\"en\":\"Tejutla\"}',1);
INSERT INTO `__PREFIX__subadmin2` (`code`, `country_code`, `subadmin1_code`, `name`, `active`) VALUES ('SV.04.0715','SV','SV.04','{\"en\":\"Suchitoto\"}',1);
INSERT INTO `__PREFIX__subadmin2` (`code`, `country_code`, `subadmin1_code`, `name`, `active`) VALUES ('SV.13.0315','SV','SV.13','{\"en\":\"Sonsonate\"}',1);
INSERT INTO `__PREFIX__subadmin2` (`code`, `country_code`, `subadmin1_code`, `name`, `active`) VALUES ('SV.09.1219','SV','SV.09','{\"en\":\"Sesori\"}',1);
INSERT INTO `__PREFIX__subadmin2` (`code`, `country_code`, `subadmin1_code`, `name`, `active`) VALUES ('SV.02.0906','SV','SV.02','{\"en\":\"Sensuntepeque\"}',1);
INSERT INTO `__PREFIX__subadmin2` (`code`, `country_code`, `subadmin1_code`, `name`, `active`) VALUES ('SV.12.1010','SV','SV.12','{\"en\":\"San Vicente\"}',1);
INSERT INTO `__PREFIX__subadmin2` (`code`, `country_code`, `subadmin1_code`, `name`, `active`) VALUES ('SV.10.0616','SV','SV.10','{\"en\":\"Santo Tomás\"}',1);
INSERT INTO `__PREFIX__subadmin2` (`code`, `country_code`, `subadmin1_code`, `name`, `active`) VALUES ('SV.14.1121','SV','SV.14','{\"en\":\"Santiago de María\"}',1);
INSERT INTO `__PREFIX__subadmin2` (`code`, `country_code`, `subadmin1_code`, `name`, `active`) VALUES ('SV.07.1416','SV','SV.07','{\"en\":\"Santa Rosa de Lima\"}',1);
INSERT INTO `__PREFIX__subadmin2` (`code`, `country_code`, `subadmin1_code`, `name`, `active`) VALUES ('SV.11.0210','SV','SV.11','{\"en\":\"Santa Ana\"}',1);
INSERT INTO `__PREFIX__subadmin2` (`code`, `country_code`, `subadmin1_code`, `name`, `active`) VALUES ('SV.12.1009','SV','SV.12','{\"en\":\"San Sebastián\"}',1);
INSERT INTO `__PREFIX__subadmin2` (`code`, `country_code`, `subadmin1_code`, `name`, `active`) VALUES ('SV.10.0614','SV','SV.10','{\"en\":\"San Salvador\"}',1);
INSERT INTO `__PREFIX__subadmin2` (`code`, `country_code`, `subadmin1_code`, `name`, `active`) VALUES ('SV.06.0816','SV','SV.06','{\"en\":\"San Pedro Nonualco\"}',1);
INSERT INTO `__PREFIX__subadmin2` (`code`, `country_code`, `subadmin1_code`, `name`, `active`) VALUES ('SV.06.0815','SV','SV.06','{\"en\":\"San Pedro Masahuat\"}',1);
INSERT INTO `__PREFIX__subadmin2` (`code`, `country_code`, `subadmin1_code`, `name`, `active`) VALUES ('SV.09.1217','SV','SV.09','{\"en\":\"San Miguel\"}',1);
INSERT INTO `__PREFIX__subadmin2` (`code`, `country_code`, `subadmin1_code`, `name`, `active`) VALUES ('SV.05.0515','SV','SV.05','{\"en\":\"San Juan Opico\"}',1);
INSERT INTO `__PREFIX__subadmin2` (`code`, `country_code`, `subadmin1_code`, `name`, `active`) VALUES ('SV.04.0708','SV','SV.04','{\"en\":\"San Cristóbal\"}',1);
INSERT INTO `__PREFIX__subadmin2` (`code`, `country_code`, `subadmin1_code`, `name`, `active`) VALUES ('SV.09.1213','SV','SV.09','{\"en\":\"San Antonio\"}',1);
INSERT INTO `__PREFIX__subadmin2` (`code`, `country_code`, `subadmin1_code`, `name`, `active`) VALUES ('SV.05.0512','SV','SV.05','{\"en\":\"Quezaltepeque\"}',1);
INSERT INTO `__PREFIX__subadmin2` (`code`, `country_code`, `subadmin1_code`, `name`, `active`) VALUES ('SV.08.1315','SV','SV.08','{\"en\":\"Osicala\"}',1);
INSERT INTO `__PREFIX__subadmin2` (`code`, `country_code`, `subadmin1_code`, `name`, `active`) VALUES ('SV.06.0805','SV','SV.06','{\"en\":\"Olocuilta\"}',1);
INSERT INTO `__PREFIX__subadmin2` (`code`, `country_code`, `subadmin1_code`, `name`, `active`) VALUES ('SV.05.0511','SV','SV.05','{\"en\":\"Santa Tecla\"}',1);
INSERT INTO `__PREFIX__subadmin2` (`code`, `country_code`, `subadmin1_code`, `name`, `active`) VALUES ('SV.11.0207','SV','SV.11','{\"en\":\"Metapán\"}',1);
INSERT INTO `__PREFIX__subadmin2` (`code`, `country_code`, `subadmin1_code`, `name`, `active`) VALUES ('SV.11.0206','SV','SV.11','{\"en\":\"Masahuat\"}',1);
INSERT INTO `__PREFIX__subadmin2` (`code`, `country_code`, `subadmin1_code`, `name`, `active`) VALUES ('SV.07.1408','SV','SV.07','{\"en\":\"La Unión\"}',1);
INSERT INTO `__PREFIX__subadmin2` (`code`, `country_code`, `subadmin1_code`, `name`, `active`) VALUES ('SV.05.0509','SV','SV.05','{\"en\":\"La Libertad\"}',1);
INSERT INTO `__PREFIX__subadmin2` (`code`, `country_code`, `subadmin1_code`, `name`, `active`) VALUES ('SV.14.1109','SV','SV.14','{\"en\":\"Jucuapa\"}',1);
INSERT INTO `__PREFIX__subadmin2` (`code`, `country_code`, `subadmin1_code`, `name`, `active`) VALUES ('SV.13.0307','SV','SV.13','{\"en\":\"Juayúa\"}',1);
INSERT INTO `__PREFIX__subadmin2` (`code`, `country_code`, `subadmin1_code`, `name`, `active`) VALUES ('SV.08.1311','SV','SV.08','{\"en\":\"Jocoaitique\"}',1);
INSERT INTO `__PREFIX__subadmin2` (`code`, `country_code`, `subadmin1_code`, `name`, `active`) VALUES ('SV.13.0306','SV','SV.13','{\"en\":\"Izalco\"}',1);
INSERT INTO `__PREFIX__subadmin2` (`code`, `country_code`, `subadmin1_code`, `name`, `active`) VALUES ('SV.02.0903','SV','SV.02','{\"en\":\"Ilobasco\"}',1);
INSERT INTO `__PREFIX__subadmin2` (`code`, `country_code`, `subadmin1_code`, `name`, `active`) VALUES ('SV.03.0408','SV','SV.03','{\"en\":\"Dulce Nombre de María\"}',1);
INSERT INTO `__PREFIX__subadmin2` (`code`, `country_code`, `subadmin1_code`, `name`, `active`) VALUES ('SV.04.0702','SV','SV.04','{\"en\":\"Cojutepeque\"}',1);
INSERT INTO `__PREFIX__subadmin2` (`code`, `country_code`, `subadmin1_code`, `name`, `active`) VALUES ('SV.09.1205','SV','SV.09','{\"en\":\"Chinameca\"}',1);
INSERT INTO `__PREFIX__subadmin2` (`code`, `country_code`, `subadmin1_code`, `name`, `active`) VALUES ('SV.11.0203','SV','SV.11','{\"en\":\"Chalchuapa\"}',1);
INSERT INTO `__PREFIX__subadmin2` (`code`, `country_code`, `subadmin1_code`, `name`, `active`) VALUES ('SV.03.0407','SV','SV.03','{\"en\":\"Chalatenango\"}',1);
INSERT INTO `__PREFIX__subadmin2` (`code`, `country_code`, `subadmin1_code`, `name`, `active`) VALUES ('SV.14.1102','SV','SV.14','{\"en\":\"Berlín\"}',1);
INSERT INTO `__PREFIX__subadmin2` (`code`, `country_code`, `subadmin1_code`, `name`, `active`) VALUES ('SV.01.0103','SV','SV.01','{\"en\":\"Atiquizaya\"}',1);
INSERT INTO `__PREFIX__subadmin2` (`code`, `country_code`, `subadmin1_code`, `name`, `active`) VALUES ('SV.01.0101','SV','SV.01','{\"en\":\"Ahuachapán\"}',1);
INSERT INTO `__PREFIX__subadmin2` (`code`, `country_code`, `subadmin1_code`, `name`, `active`) VALUES ('SV.01.0109','SV','SV.01','{\"en\":\"San Lorenzo\"}',1);
INSERT INTO `__PREFIX__subadmin2` (`code`, `country_code`, `subadmin1_code`, `name`, `active`) VALUES ('SV.06.0822','SV','SV.06','{\"en\":\"San Luis la  Herradura\"}',1);
INSERT INTO `__PREFIX__subadmin2` (`code`, `country_code`, `subadmin1_code`, `name`, `active`) VALUES ('SV.06.0813','SV','SV.06','{\"en\":\"San Luis Talpa\"}',1);
INSERT INTO `__PREFIX__subadmin2` (`code`, `country_code`, `subadmin1_code`, `name`, `active`) VALUES ('SV.08.1319','SV','SV.08','{\"en\":\"San Francisco Gotera\"}',1);
INSERT INTO `__PREFIX__subadmin2` (`code`, `country_code`, `subadmin1_code`, `name`, `active`) VALUES ('SV.12.1002','SV','SV.12','{\"en\":\"Guadalupe\"}',1);
INSERT INTO `__PREFIX__subadmin2` (`code`, `country_code`, `subadmin1_code`, `name`, `active`) VALUES ('SV.07.1402','SV','SV.07','{\"en\":\"Bolivar\"}',1);
INSERT INTO `__PREFIX__subadmin2` (`code`, `country_code`, `subadmin1_code`, `name`, `active`) VALUES ('SV.01.0108','SV','SV.01','{\"en\":\"San Francisco Menéndez\"}',1);
INSERT INTO `__PREFIX__subadmin2` (`code`, `country_code`, `subadmin1_code`, `name`, `active`) VALUES ('SV.01.0107','SV','SV.01','{\"en\":\"Jujutla\"}',1);
INSERT INTO `__PREFIX__subadmin2` (`code`, `country_code`, `subadmin1_code`, `name`, `active`) VALUES ('SV.01.0106','SV','SV.01','{\"en\":\"Guaymango\"}',1);
INSERT INTO `__PREFIX__subadmin2` (`code`, `country_code`, `subadmin1_code`, `name`, `active`) VALUES ('SV.01.0104','SV','SV.01','{\"en\":\"Concepción de Ataco\"}',1);
INSERT INTO `__PREFIX__subadmin2` (`code`, `country_code`, `subadmin1_code`, `name`, `active`) VALUES ('SV.01.0102','SV','SV.01','{\"en\":\"Apaneca\"}',1);
INSERT INTO `__PREFIX__subadmin2` (`code`, `country_code`, `subadmin1_code`, `name`, `active`) VALUES ('SV.01.0110','SV','SV.01','{\"en\":\"San Pedro Puxtla\"}',1);
INSERT INTO `__PREFIX__subadmin2` (`code`, `country_code`, `subadmin1_code`, `name`, `active`) VALUES ('SV.01.0111','SV','SV.01','{\"en\":\"Tacuba\"}',1);
INSERT INTO `__PREFIX__subadmin2` (`code`, `country_code`, `subadmin1_code`, `name`, `active`) VALUES ('SV.01.0112','SV','SV.01','{\"en\":\"Turín\"}',1);
INSERT INTO `__PREFIX__subadmin2` (`code`, `country_code`, `subadmin1_code`, `name`, `active`) VALUES ('SV.01.0105','SV','SV.01','{\"en\":\"El Refugio\"}',1);
INSERT INTO `__PREFIX__subadmin2` (`code`, `country_code`, `subadmin1_code`, `name`, `active`) VALUES ('SV.02.0908','SV','SV.02','{\"en\":\"Victoria\"}',1);
INSERT INTO `__PREFIX__subadmin2` (`code`, `country_code`, `subadmin1_code`, `name`, `active`) VALUES ('SV.02.0909','SV','SV.02','{\"en\":\"Dolores\"}',1);
INSERT INTO `__PREFIX__subadmin2` (`code`, `country_code`, `subadmin1_code`, `name`, `active`) VALUES ('SV.02.0902','SV','SV.02','{\"en\":\"Guacotecti\"}',1);
INSERT INTO `__PREFIX__subadmin2` (`code`, `country_code`, `subadmin1_code`, `name`, `active`) VALUES ('SV.02.0905','SV','SV.02','{\"en\":\"San Isidro\"}',1);
INSERT INTO `__PREFIX__subadmin2` (`code`, `country_code`, `subadmin1_code`, `name`, `active`) VALUES ('SV.02.0904','SV','SV.02','{\"en\":\"Jutiapa\"}',1);
INSERT INTO `__PREFIX__subadmin2` (`code`, `country_code`, `subadmin1_code`, `name`, `active`) VALUES ('SV.02.0907','SV','SV.02','{\"en\":\"Tejutepeque\"}',1);
INSERT INTO `__PREFIX__subadmin2` (`code`, `country_code`, `subadmin1_code`, `name`, `active`) VALUES ('SV.02.0901','SV','SV.02','{\"en\":\"Cinquera\"}',1);
INSERT INTO `__PREFIX__subadmin2` (`code`, `country_code`, `subadmin1_code`, `name`, `active`) VALUES ('SV.03.0416','SV','SV.03','{\"en\":\"Nueva Concepción\"}',1);
INSERT INTO `__PREFIX__subadmin2` (`code`, `country_code`, `subadmin1_code`, `name`, `active`) VALUES ('SV.03.0401','SV','SV.03','{\"en\":\"Agua Caliente\"}',1);
INSERT INTO `__PREFIX__subadmin2` (`code`, `country_code`, `subadmin1_code`, `name`, `active`) VALUES ('SV.03.0413','SV','SV.03','{\"en\":\"La Reina\"}',1);
INSERT INTO `__PREFIX__subadmin2` (`code`, `country_code`, `subadmin1_code`, `name`, `active`) VALUES ('SV.03.0410','SV','SV.03','{\"en\":\"El Paraíso\"}',1);
INSERT INTO `__PREFIX__subadmin2` (`code`, `country_code`, `subadmin1_code`, `name`, `active`) VALUES ('SV.03.0431','SV','SV.03','{\"en\":\"San Rafael\"}',1);
INSERT INTO `__PREFIX__subadmin2` (`code`, `country_code`, `subadmin1_code`, `name`, `active`) VALUES ('SV.03.0432','SV','SV.03','{\"en\":\"Santa Rita\"}',1);
INSERT INTO `__PREFIX__subadmin2` (`code`, `country_code`, `subadmin1_code`, `name`, `active`) VALUES ('SV.03.0424','SV','SV.03','{\"en\":\"San Francisco Morazán\"}',1);
INSERT INTO `__PREFIX__subadmin2` (`code`, `country_code`, `subadmin1_code`, `name`, `active`) VALUES ('SV.03.0412','SV','SV.03','{\"en\":\"La Palma\"}',1);
INSERT INTO `__PREFIX__subadmin2` (`code`, `country_code`, `subadmin1_code`, `name`, `active`) VALUES ('SV.03.0422','SV','SV.03','{\"en\":\"San Fernando\"}',1);
INSERT INTO `__PREFIX__subadmin2` (`code`, `country_code`, `subadmin1_code`, `name`, `active`) VALUES ('SV.03.0425','SV','SV.03','{\"en\":\"San Ignacio\"}',1);
INSERT INTO `__PREFIX__subadmin2` (`code`, `country_code`, `subadmin1_code`, `name`, `active`) VALUES ('SV.03.0404','SV','SV.03','{\"en\":\"Citalá\"}',1);
INSERT INTO `__PREFIX__subadmin2` (`code`, `country_code`, `subadmin1_code`, `name`, `active`) VALUES ('SV.03.0405','SV','SV.03','{\"en\":\"Comalapa\"}',1);
INSERT INTO `__PREFIX__subadmin2` (`code`, `country_code`, `subadmin1_code`, `name`, `active`) VALUES ('SV.03.0411','SV','SV.03','{\"en\":\"La Laguna\"}',1);
INSERT INTO `__PREFIX__subadmin2` (`code`, `country_code`, `subadmin1_code`, `name`, `active`) VALUES ('SV.03.0418','SV','SV.03','{\"en\":\"Ojos de Agua\"}',1);
INSERT INTO `__PREFIX__subadmin2` (`code`, `country_code`, `subadmin1_code`, `name`, `active`) VALUES ('SV.03.0409','SV','SV.03','{\"en\":\"El Carrizal\"}',1);
INSERT INTO `__PREFIX__subadmin2` (`code`, `country_code`, `subadmin1_code`, `name`, `active`) VALUES ('SV.03.0414','SV','SV.03','{\"en\":\"Las Vueltas\"}',1);
INSERT INTO `__PREFIX__subadmin2` (`code`, `country_code`, `subadmin1_code`, `name`, `active`) VALUES ('SV.03.0406','SV','SV.03','{\"en\":\"Concepción Quezaltepeque\"}',1);
INSERT INTO `__PREFIX__subadmin2` (`code`, `country_code`, `subadmin1_code`, `name`, `active`) VALUES ('SV.03.0421','SV','SV.03','{\"en\":\"San Antonio los Ranchos\"}',1);
INSERT INTO `__PREFIX__subadmin2` (`code`, `country_code`, `subadmin1_code`, `name`, `active`) VALUES ('SV.03.0430','SV','SV.03','{\"en\":\"San Miguel de Mercedes\"}',1);
INSERT INTO `__PREFIX__subadmin2` (`code`, `country_code`, `subadmin1_code`, `name`, `active`) VALUES ('SV.03.0419','SV','SV.03','{\"en\":\"Potonico\"}',1);
INSERT INTO `__PREFIX__subadmin2` (`code`, `country_code`, `subadmin1_code`, `name`, `active`) VALUES ('SV.03.0427','SV','SV.03','{\"en\":\"Cancasque\"}',1);
INSERT INTO `__PREFIX__subadmin2` (`code`, `country_code`, `subadmin1_code`, `name`, `active`) VALUES ('SV.03.0426','SV','SV.03','{\"en\":\"San Isidro Labrador\"}',1);
INSERT INTO `__PREFIX__subadmin2` (`code`, `country_code`, `subadmin1_code`, `name`, `active`) VALUES ('SV.03.0428','SV','SV.03','{\"en\":\"Las Flores\"}',1);
INSERT INTO `__PREFIX__subadmin2` (`code`, `country_code`, `subadmin1_code`, `name`, `active`) VALUES ('SV.03.0420','SV','SV.03','{\"en\":\"San Antonio de la Cruz\"}',1);
INSERT INTO `__PREFIX__subadmin2` (`code`, `country_code`, `subadmin1_code`, `name`, `active`) VALUES ('SV.03.0417','SV','SV.03','{\"en\":\"Nueva Trinidad\"}',1);
INSERT INTO `__PREFIX__subadmin2` (`code`, `country_code`, `subadmin1_code`, `name`, `active`) VALUES ('SV.03.0402','SV','SV.03','{\"en\":\"Arcatao\"}',1);
INSERT INTO `__PREFIX__subadmin2` (`code`, `country_code`, `subadmin1_code`, `name`, `active`) VALUES ('SV.03.0415','SV','SV.03','{\"en\":\"Nombre de Jesús\"}',1);
INSERT INTO `__PREFIX__subadmin2` (`code`, `country_code`, `subadmin1_code`, `name`, `active`) VALUES ('SV.03.0429','SV','SV.03','{\"en\":\"San Luis del Carmen\"}',1);
INSERT INTO `__PREFIX__subadmin2` (`code`, `country_code`, `subadmin1_code`, `name`, `active`) VALUES ('SV.03.0423','SV','SV.03','{\"en\":\"San Francisco Lempa\"}',1);
INSERT INTO `__PREFIX__subadmin2` (`code`, `country_code`, `subadmin1_code`, `name`, `active`) VALUES ('SV.03.0403','SV','SV.03','{\"en\":\"Azacualpa\"}',1);
INSERT INTO `__PREFIX__subadmin2` (`code`, `country_code`, `subadmin1_code`, `name`, `active`) VALUES ('SV.04.0713','SV','SV.04','{\"en\":\"Santa Cruz Analquito\"}',1);
INSERT INTO `__PREFIX__subadmin2` (`code`, `country_code`, `subadmin1_code`, `name`, `active`) VALUES ('SV.04.0712','SV','SV.04','{\"en\":\"San Ramón\"}',1);
INSERT INTO `__PREFIX__subadmin2` (`code`, `country_code`, `subadmin1_code`, `name`, `active`) VALUES ('SV.04.0701','SV','SV.04','{\"en\":\"Candelaria\"}',1);
INSERT INTO `__PREFIX__subadmin2` (`code`, `country_code`, `subadmin1_code`, `name`, `active`) VALUES ('SV.04.0703','SV','SV.04','{\"en\":\"El Carmen\"}',1);
INSERT INTO `__PREFIX__subadmin2` (`code`, `country_code`, `subadmin1_code`, `name`, `active`) VALUES ('SV.04.0711','SV','SV.04','{\"en\":\"San Rafael Cedros\"}',1);
INSERT INTO `__PREFIX__subadmin2` (`code`, `country_code`, `subadmin1_code`, `name`, `active`) VALUES ('SV.04.0704','SV','SV.04','{\"en\":\"El Rosario\"}',1);
INSERT INTO `__PREFIX__subadmin2` (`code`, `country_code`, `subadmin1_code`, `name`, `active`) VALUES ('SV.04.0705','SV','SV.04','{\"en\":\"Monte San Juan\"}',1);
INSERT INTO `__PREFIX__subadmin2` (`code`, `country_code`, `subadmin1_code`, `name`, `active`) VALUES ('SV.04.0714','SV','SV.04','{\"en\":\"Santa Cruz Michapa\"}',1);
INSERT INTO `__PREFIX__subadmin2` (`code`, `country_code`, `subadmin1_code`, `name`, `active`) VALUES ('SV.04.0710','SV','SV.04','{\"en\":\"San Pedro Perulapán\"}',1);
INSERT INTO `__PREFIX__subadmin2` (`code`, `country_code`, `subadmin1_code`, `name`, `active`) VALUES ('SV.04.0707','SV','SV.04','{\"en\":\"San Bartolomé Perulapía\"}',1);
INSERT INTO `__PREFIX__subadmin2` (`code`, `country_code`, `subadmin1_code`, `name`, `active`) VALUES ('SV.04.0716','SV','SV.04','{\"en\":\"Tenancingo\"}',1);
INSERT INTO `__PREFIX__subadmin2` (`code`, `country_code`, `subadmin1_code`, `name`, `active`) VALUES ('SV.04.0706','SV','SV.04','{\"en\":\"Oratorio de Concepción\"}',1);
INSERT INTO `__PREFIX__subadmin2` (`code`, `country_code`, `subadmin1_code`, `name`, `active`) VALUES ('SV.04.0709','SV','SV.04','{\"en\":\"San José Guayabal\"}',1);
INSERT INTO `__PREFIX__subadmin2` (`code`, `country_code`, `subadmin1_code`, `name`, `active`) VALUES ('SV.05.0502','SV','SV.05','{\"en\":\"Ciudad Arce\"}',1);
INSERT INTO `__PREFIX__subadmin2` (`code`, `country_code`, `subadmin1_code`, `name`, `active`) VALUES ('SV.05.0516','SV','SV.05','{\"en\":\"San Matías\"}',1);
INSERT INTO `__PREFIX__subadmin2` (`code`, `country_code`, `subadmin1_code`, `name`, `active`) VALUES ('SV.05.0517','SV','SV.05','{\"en\":\"San Pablo Tacachico\"}',1);
INSERT INTO `__PREFIX__subadmin2` (`code`, `country_code`, `subadmin1_code`, `name`, `active`) VALUES ('SV.05.0503','SV','SV.05','{\"en\":\"Colón\"}',1);
INSERT INTO `__PREFIX__subadmin2` (`code`, `country_code`, `subadmin1_code`, `name`, `active`) VALUES ('SV.05.0513','SV','SV.05','{\"en\":\"Sacacoyo\"}',1);
INSERT INTO `__PREFIX__subadmin2` (`code`, `country_code`, `subadmin1_code`, `name`, `active`) VALUES ('SV.05.0521','SV','SV.05','{\"en\":\"Tepecoyo\"}',1);
INSERT INTO `__PREFIX__subadmin2` (`code`, `country_code`, `subadmin1_code`, `name`, `active`) VALUES ('SV.05.0519','SV','SV.05','{\"en\":\"Talnique\"}',1);
INSERT INTO `__PREFIX__subadmin2` (`code`, `country_code`, `subadmin1_code`, `name`, `active`) VALUES ('SV.05.0507','SV','SV.05','{\"en\":\"Jayaque\"}',1);
INSERT INTO `__PREFIX__subadmin2` (`code`, `country_code`, `subadmin1_code`, `name`, `active`) VALUES ('SV.05.0504','SV','SV.05','{\"en\":\"Comasagua\"}',1);
INSERT INTO `__PREFIX__subadmin2` (`code`, `country_code`, `subadmin1_code`, `name`, `active`) VALUES ('SV.05.0522','SV','SV.05','{\"en\":\"Zaragoza\"}',1);
INSERT INTO `__PREFIX__subadmin2` (`code`, `country_code`, `subadmin1_code`, `name`, `active`) VALUES ('SV.05.0514','SV','SV.05','{\"en\":\"San José Villanueva\"}',1);
INSERT INTO `__PREFIX__subadmin2` (`code`, `country_code`, `subadmin1_code`, `name`, `active`) VALUES ('SV.05.0518','SV','SV.05','{\"en\":\"Tamanique\"}',1);
INSERT INTO `__PREFIX__subadmin2` (`code`, `country_code`, `subadmin1_code`, `name`, `active`) VALUES ('SV.05.0505','SV','SV.05','{\"en\":\"Chiltiupán\"}',1);
INSERT INTO `__PREFIX__subadmin2` (`code`, `country_code`, `subadmin1_code`, `name`, `active`) VALUES ('SV.05.0508','SV','SV.05','{\"en\":\"Jicalapa\"}',1);
INSERT INTO `__PREFIX__subadmin2` (`code`, `country_code`, `subadmin1_code`, `name`, `active`) VALUES ('SV.05.0520','SV','SV.05','{\"en\":\"Teotepeque\"}',1);
INSERT INTO `__PREFIX__subadmin2` (`code`, `country_code`, `subadmin1_code`, `name`, `active`) VALUES ('SV.05.0506','SV','SV.05','{\"en\":\"Huizúcar\"}',1);
INSERT INTO `__PREFIX__subadmin2` (`code`, `country_code`, `subadmin1_code`, `name`, `active`) VALUES ('SV.05.0510','SV','SV.05','{\"en\":\"Nuevo Cuscatlán\"}',1);
INSERT INTO `__PREFIX__subadmin2` (`code`, `country_code`, `subadmin1_code`, `name`, `active`) VALUES ('SV.05.0501','SV','SV.05','{\"en\":\"Antiguo Cuscatlán\"}',1);
INSERT INTO `__PREFIX__subadmin2` (`code`, `country_code`, `subadmin1_code`, `name`, `active`) VALUES ('SV.06.0802','SV','SV.06','{\"en\":\"El Rosario\"}',1);
INSERT INTO `__PREFIX__subadmin2` (`code`, `country_code`, `subadmin1_code`, `name`, `active`) VALUES ('SV.06.0817','SV','SV.06','{\"en\":\"San Rafael Obrajuelo\"}',1);
INSERT INTO `__PREFIX__subadmin2` (`code`, `country_code`, `subadmin1_code`, `name`, `active`) VALUES ('SV.06.0819','SV','SV.06','{\"en\":\"Santiago Nonualco\"}',1);
INSERT INTO `__PREFIX__subadmin2` (`code`, `country_code`, `subadmin1_code`, `name`, `active`) VALUES ('SV.06.0810','SV','SV.06','{\"en\":\"San Juan Nonualco\"}',1);
INSERT INTO `__PREFIX__subadmin2` (`code`, `country_code`, `subadmin1_code`, `name`, `active`) VALUES ('SV.06.0818','SV','SV.06','{\"en\":\"Santa María Ostuma\"}',1);
INSERT INTO `__PREFIX__subadmin2` (`code`, `country_code`, `subadmin1_code`, `name`, `active`) VALUES ('SV.06.0804','SV','SV.06','{\"en\":\"Mercedes la Ceiba\"}',1);
INSERT INTO `__PREFIX__subadmin2` (`code`, `country_code`, `subadmin1_code`, `name`, `active`) VALUES ('SV.06.0803','SV','SV.06','{\"en\":\"Jerusalén\"}',1);
INSERT INTO `__PREFIX__subadmin2` (`code`, `country_code`, `subadmin1_code`, `name`, `active`) VALUES ('SV.06.0806','SV','SV.06','{\"en\":\"Paraíso de Osorio\"}',1);
INSERT INTO `__PREFIX__subadmin2` (`code`, `country_code`, `subadmin1_code`, `name`, `active`) VALUES ('SV.06.0808','SV','SV.06','{\"en\":\"San Emigdio\"}',1);
INSERT INTO `__PREFIX__subadmin2` (`code`, `country_code`, `subadmin1_code`, `name`, `active`) VALUES ('SV.06.0812','SV','SV.06','{\"en\":\"San Juan Tepezontes\"}',1);
INSERT INTO `__PREFIX__subadmin2` (`code`, `country_code`, `subadmin1_code`, `name`, `active`) VALUES ('SV.06.0814','SV','SV.06','{\"en\":\"San Miguel Tepezontes\"}',1);
INSERT INTO `__PREFIX__subadmin2` (`code`, `country_code`, `subadmin1_code`, `name`, `active`) VALUES ('SV.06.0807','SV','SV.06','{\"en\":\"San Antonio Masahuat\"}',1);
INSERT INTO `__PREFIX__subadmin2` (`code`, `country_code`, `subadmin1_code`, `name`, `active`) VALUES ('SV.06.0809','SV','SV.06','{\"en\":\"San Francisco Chinameca\"}',1);
INSERT INTO `__PREFIX__subadmin2` (`code`, `country_code`, `subadmin1_code`, `name`, `active`) VALUES ('SV.06.0820','SV','SV.06','{\"en\":\"Tapalhuaca\"}',1);
INSERT INTO `__PREFIX__subadmin2` (`code`, `country_code`, `subadmin1_code`, `name`, `active`) VALUES ('SV.06.0801','SV','SV.06','{\"en\":\"Cuyultitán\"}',1);
INSERT INTO `__PREFIX__subadmin2` (`code`, `country_code`, `subadmin1_code`, `name`, `active`) VALUES ('SV.06.0811','SV','SV.06','{\"en\":\"San Juan Talpa\"}',1);
INSERT INTO `__PREFIX__subadmin2` (`code`, `country_code`, `subadmin1_code`, `name`, `active`) VALUES ('SV.08.1306','SV','SV.08','{\"en\":\"El Divisadero\"}',1);
INSERT INTO `__PREFIX__subadmin2` (`code`, `country_code`, `subadmin1_code`, `name`, `active`) VALUES ('SV.08.1312','SV','SV.08','{\"en\":\"Jocoro\"}',1);
INSERT INTO `__PREFIX__subadmin2` (`code`, `country_code`, `subadmin1_code`, `name`, `active`) VALUES ('SV.08.1323','SV','SV.08','{\"en\":\"Sociedad\"}',1);
INSERT INTO `__PREFIX__subadmin2` (`code`, `country_code`, `subadmin1_code`, `name`, `active`) VALUES ('SV.08.1317','SV','SV.08','{\"en\":\"San Carlos\"}',1);
INSERT INTO `__PREFIX__subadmin2` (`code`, `country_code`, `subadmin1_code`, `name`, `active`) VALUES ('SV.08.1309','SV','SV.08','{\"en\":\"Guatajiagua\"}',1);
INSERT INTO `__PREFIX__subadmin2` (`code`, `country_code`, `subadmin1_code`, `name`, `active`) VALUES ('SV.08.1322','SV','SV.08','{\"en\":\"Sensembra\"}',1);
INSERT INTO `__PREFIX__subadmin2` (`code`, `country_code`, `subadmin1_code`, `name`, `active`) VALUES ('SV.08.1325','SV','SV.08','{\"en\":\"Yamabal\"}',1);
INSERT INTO `__PREFIX__subadmin2` (`code`, `country_code`, `subadmin1_code`, `name`, `active`) VALUES ('SV.08.1304','SV','SV.08','{\"en\":\"Chilanga\"}',1);
INSERT INTO `__PREFIX__subadmin2` (`code`, `country_code`, `subadmin1_code`, `name`, `active`) VALUES ('SV.08.1313','SV','SV.08','{\"en\":\"Lolotiquillo\"}',1);
INSERT INTO `__PREFIX__subadmin2` (`code`, `country_code`, `subadmin1_code`, `name`, `active`) VALUES ('SV.08.1326','SV','SV.08','{\"en\":\"Yoloaiquín\"}',1);
INSERT INTO `__PREFIX__subadmin2` (`code`, `country_code`, `subadmin1_code`, `name`, `active`) VALUES ('SV.08.1305','SV','SV.08','{\"en\":\"Delicias de Concepción\"}',1);
INSERT INTO `__PREFIX__subadmin2` (`code`, `country_code`, `subadmin1_code`, `name`, `active`) VALUES ('SV.08.1321','SV','SV.08','{\"en\":\"San Simón\"}',1);
INSERT INTO `__PREFIX__subadmin2` (`code`, `country_code`, `subadmin1_code`, `name`, `active`) VALUES ('SV.08.1308','SV','SV.08','{\"en\":\"Gualococti\"}',1);
INSERT INTO `__PREFIX__subadmin2` (`code`, `country_code`, `subadmin1_code`, `name`, `active`) VALUES ('SV.08.1307','SV','SV.08','{\"en\":\"El Rosario\"}',1);
INSERT INTO `__PREFIX__subadmin2` (`code`, `country_code`, `subadmin1_code`, `name`, `active`) VALUES ('SV.08.1320','SV','SV.08','{\"en\":\"San Isidro\"}',1);
INSERT INTO `__PREFIX__subadmin2` (`code`, `country_code`, `subadmin1_code`, `name`, `active`) VALUES ('SV.08.1314','SV','SV.08','{\"en\":\"Meanguera\"}',1);
INSERT INTO `__PREFIX__subadmin2` (`code`, `country_code`, `subadmin1_code`, `name`, `active`) VALUES ('SV.08.1310','SV','SV.08','{\"en\":\"Joateca\"}',1);
INSERT INTO `__PREFIX__subadmin2` (`code`, `country_code`, `subadmin1_code`, `name`, `active`) VALUES ('SV.08.1324','SV','SV.08','{\"en\":\"Torola\"}',1);
INSERT INTO `__PREFIX__subadmin2` (`code`, `country_code`, `subadmin1_code`, `name`, `active`) VALUES ('SV.08.1301','SV','SV.08','{\"en\":\"Arambala\"}',1);
INSERT INTO `__PREFIX__subadmin2` (`code`, `country_code`, `subadmin1_code`, `name`, `active`) VALUES ('SV.08.1316','SV','SV.08','{\"en\":\"Perquín\"}',1);
INSERT INTO `__PREFIX__subadmin2` (`code`, `country_code`, `subadmin1_code`, `name`, `active`) VALUES ('SV.08.1318','SV','SV.08','{\"en\":\"San Fernando\"}',1);
INSERT INTO `__PREFIX__subadmin2` (`code`, `country_code`, `subadmin1_code`, `name`, `active`) VALUES ('SV.08.1302','SV','SV.08','{\"en\":\"Cacaopera\"}',1);
INSERT INTO `__PREFIX__subadmin2` (`code`, `country_code`, `subadmin1_code`, `name`, `active`) VALUES ('SV.08.1303','SV','SV.08','{\"en\":\"Corinto\"}',1);
INSERT INTO `__PREFIX__subadmin2` (`code`, `country_code`, `subadmin1_code`, `name`, `active`) VALUES ('SV.09.1207','SV','SV.09','{\"en\":\"El Tránsito\"}',1);
INSERT INTO `__PREFIX__subadmin2` (`code`, `country_code`, `subadmin1_code`, `name`, `active`) VALUES ('SV.09.1206','SV','SV.09','{\"en\":\"Chirilagua\"}',1);
INSERT INTO `__PREFIX__subadmin2` (`code`, `country_code`, `subadmin1_code`, `name`, `active`) VALUES ('SV.09.1220','SV','SV.09','{\"en\":\"Uluazapa\"}',1);
INSERT INTO `__PREFIX__subadmin2` (`code`, `country_code`, `subadmin1_code`, `name`, `active`) VALUES ('SV.09.1203','SV','SV.09','{\"en\":\"Comacarán\"}',1);
INSERT INTO `__PREFIX__subadmin2` (`code`, `country_code`, `subadmin1_code`, `name`, `active`) VALUES ('SV.09.1218','SV','SV.09','{\"en\":\"San Rafael Oriente\"}',1);
INSERT INTO `__PREFIX__subadmin2` (`code`, `country_code`, `subadmin1_code`, `name`, `active`) VALUES ('SV.09.1215','SV','SV.09','{\"en\":\"San Jorge\"}',1);
INSERT INTO `__PREFIX__subadmin2` (`code`, `country_code`, `subadmin1_code`, `name`, `active`) VALUES ('SV.09.1212','SV','SV.09','{\"en\":\"Quelepa\"}',1);
INSERT INTO `__PREFIX__subadmin2` (`code`, `country_code`, `subadmin1_code`, `name`, `active`) VALUES ('SV.09.1209','SV','SV.09','{\"en\":\"Moncagua\"}',1);
INSERT INTO `__PREFIX__subadmin2` (`code`, `country_code`, `subadmin1_code`, `name`, `active`) VALUES ('SV.09.1210','SV','SV.09','{\"en\":\"Nueva Guadalupe\"}',1);
INSERT INTO `__PREFIX__subadmin2` (`code`, `country_code`, `subadmin1_code`, `name`, `active`) VALUES ('SV.09.1208','SV','SV.09','{\"en\":\"Lolotique\"}',1);
INSERT INTO `__PREFIX__subadmin2` (`code`, `country_code`, `subadmin1_code`, `name`, `active`) VALUES ('SV.09.1204','SV','SV.09','{\"en\":\"Chapeltique\"}',1);
INSERT INTO `__PREFIX__subadmin2` (`code`, `country_code`, `subadmin1_code`, `name`, `active`) VALUES ('SV.09.1202','SV','SV.09','{\"en\":\"Ciudad Barrios\"}',1);
INSERT INTO `__PREFIX__subadmin2` (`code`, `country_code`, `subadmin1_code`, `name`, `active`) VALUES ('SV.09.1216','SV','SV.09','{\"en\":\"San Luis de la Reina\"}',1);
INSERT INTO `__PREFIX__subadmin2` (`code`, `country_code`, `subadmin1_code`, `name`, `active`) VALUES ('SV.09.1201','SV','SV.09','{\"en\":\"Carolina\"}',1);
INSERT INTO `__PREFIX__subadmin2` (`code`, `country_code`, `subadmin1_code`, `name`, `active`) VALUES ('SV.09.1214','SV','SV.09','{\"en\":\"San Gerardo\"}',1);
INSERT INTO `__PREFIX__subadmin2` (`code`, `country_code`, `subadmin1_code`, `name`, `active`) VALUES ('SV.09.1211','SV','SV.09','{\"en\":\"Nuevo Edén de San Juan\"}',1);
INSERT INTO `__PREFIX__subadmin2` (`code`, `country_code`, `subadmin1_code`, `name`, `active`) VALUES ('SV.10.0605','SV','SV.10','{\"en\":\"Municipio de El Paisnal\"}',1);
INSERT INTO `__PREFIX__subadmin2` (`code`, `country_code`, `subadmin1_code`, `name`, `active`) VALUES ('SV.10.0601','SV','SV.10','{\"en\":\"Aguilares\"}',1);
INSERT INTO `__PREFIX__subadmin2` (`code`, `country_code`, `subadmin1_code`, `name`, `active`) VALUES ('SV.10.0606','SV','SV.10','{\"en\":\"Guazapa\"}',1);
INSERT INTO `__PREFIX__subadmin2` (`code`, `country_code`, `subadmin1_code`, `name`, `active`) VALUES ('SV.10.0609','SV','SV.10','{\"en\":\"Nejapa\"}',1);
INSERT INTO `__PREFIX__subadmin2` (`code`, `country_code`, `subadmin1_code`, `name`, `active`) VALUES ('SV.10.0602','SV','SV.10','{\"en\":\"Apopa\"}',1);
INSERT INTO `__PREFIX__subadmin2` (`code`, `country_code`, `subadmin1_code`, `name`, `active`) VALUES ('SV.10.0608','SV','SV.10','{\"en\":\"Mejicanos\"}',1);
INSERT INTO `__PREFIX__subadmin2` (`code`, `country_code`, `subadmin1_code`, `name`, `active`) VALUES ('SV.10.0603','SV','SV.10','{\"en\":\"Ayutuxtepeque\"}',1);
INSERT INTO `__PREFIX__subadmin2` (`code`, `country_code`, `subadmin1_code`, `name`, `active`) VALUES ('SV.10.0613','SV','SV.10','{\"en\":\"San Martín\"}',1);
INSERT INTO `__PREFIX__subadmin2` (`code`, `country_code`, `subadmin1_code`, `name`, `active`) VALUES ('SV.10.0607','SV','SV.10','{\"en\":\"Ilopango\"}',1);
INSERT INTO `__PREFIX__subadmin2` (`code`, `country_code`, `subadmin1_code`, `name`, `active`) VALUES ('SV.10.0617','SV','SV.10','{\"en\":\"Soyapango\"}',1);
INSERT INTO `__PREFIX__subadmin2` (`code`, `country_code`, `subadmin1_code`, `name`, `active`) VALUES ('SV.10.0604','SV','SV.10','{\"en\":\"Cuscatancingo\"}',1);
INSERT INTO `__PREFIX__subadmin2` (`code`, `country_code`, `subadmin1_code`, `name`, `active`) VALUES ('SV.10.0619','SV','SV.10','{\"en\":\"Ciudad Delgado\"}',1);
INSERT INTO `__PREFIX__subadmin2` (`code`, `country_code`, `subadmin1_code`, `name`, `active`) VALUES ('SV.10.0612','SV','SV.10','{\"en\":\"San Marcos\"}',1);
INSERT INTO `__PREFIX__subadmin2` (`code`, `country_code`, `subadmin1_code`, `name`, `active`) VALUES ('SV.10.0615','SV','SV.10','{\"en\":\"Santiago Texacuangos\"}',1);
INSERT INTO `__PREFIX__subadmin2` (`code`, `country_code`, `subadmin1_code`, `name`, `active`) VALUES ('SV.10.0610','SV','SV.10','{\"en\":\"Panchimalco\"}',1);
INSERT INTO `__PREFIX__subadmin2` (`code`, `country_code`, `subadmin1_code`, `name`, `active`) VALUES ('SV.10.0611','SV','SV.10','{\"en\":\"Rosario de Mora\"}',1);
INSERT INTO `__PREFIX__subadmin2` (`code`, `country_code`, `subadmin1_code`, `name`, `active`) VALUES ('SV.11.0204','SV','SV.11','{\"en\":\"El Congo\"}',1);
INSERT INTO `__PREFIX__subadmin2` (`code`, `country_code`, `subadmin1_code`, `name`, `active`) VALUES ('SV.11.0202','SV','SV.11','{\"en\":\"Coatepeque\"}',1);
INSERT INTO `__PREFIX__subadmin2` (`code`, `country_code`, `subadmin1_code`, `name`, `active`) VALUES ('SV.11.0209','SV','SV.11','{\"en\":\"San Sebastián Salitrillo\"}',1);
INSERT INTO `__PREFIX__subadmin2` (`code`, `country_code`, `subadmin1_code`, `name`, `active`) VALUES ('SV.11.0205','SV','SV.11','{\"en\":\"El Porvenir\"}',1);
INSERT INTO `__PREFIX__subadmin2` (`code`, `country_code`, `subadmin1_code`, `name`, `active`) VALUES ('SV.11.0201','SV','SV.11','{\"en\":\"Candelaria de la Frontera\"}',1);
INSERT INTO `__PREFIX__subadmin2` (`code`, `country_code`, `subadmin1_code`, `name`, `active`) VALUES ('SV.11.0213','SV','SV.11','{\"en\":\"Texistepeque\"}',1);
INSERT INTO `__PREFIX__subadmin2` (`code`, `country_code`, `subadmin1_code`, `name`, `active`) VALUES ('SV.11.0212','SV','SV.11','{\"en\":\"Santiago de la Frontera\"}',1);
INSERT INTO `__PREFIX__subadmin2` (`code`, `country_code`, `subadmin1_code`, `name`, `active`) VALUES ('SV.11.0208','SV','SV.11','{\"en\":\"San Antonio Pajonal\"}',1);
INSERT INTO `__PREFIX__subadmin2` (`code`, `country_code`, `subadmin1_code`, `name`, `active`) VALUES ('SV.11.0211','SV','SV.11','{\"en\":\"Santa Rosa Guachipilín\"}',1);
INSERT INTO `__PREFIX__subadmin2` (`code`, `country_code`, `subadmin1_code`, `name`, `active`) VALUES ('SV.12.1007','SV','SV.12','{\"en\":\"San Ildefonso\"}',1);
INSERT INTO `__PREFIX__subadmin2` (`code`, `country_code`, `subadmin1_code`, `name`, `active`) VALUES ('SV.12.1004','SV','SV.12','{\"en\":\"Santa Clara\"}',1);
INSERT INTO `__PREFIX__subadmin2` (`code`, `country_code`, `subadmin1_code`, `name`, `active`) VALUES ('SV.12.1001','SV','SV.12','{\"en\":\"Apastepeque\"}',1);
INSERT INTO `__PREFIX__subadmin2` (`code`, `country_code`, `subadmin1_code`, `name`, `active`) VALUES ('SV.12.1006','SV','SV.12','{\"en\":\"San Esteban Catarina\"}',1);
INSERT INTO `__PREFIX__subadmin2` (`code`, `country_code`, `subadmin1_code`, `name`, `active`) VALUES ('SV.12.1008','SV','SV.12','{\"en\":\"San Lorenzo\"}',1);
INSERT INTO `__PREFIX__subadmin2` (`code`, `country_code`, `subadmin1_code`, `name`, `active`) VALUES ('SV.12.1005','SV','SV.12','{\"en\":\"Santo Domingo\"}',1);
INSERT INTO `__PREFIX__subadmin2` (`code`, `country_code`, `subadmin1_code`, `name`, `active`) VALUES ('SV.12.1013','SV','SV.12','{\"en\":\"Verapaz\"}',1);
INSERT INTO `__PREFIX__subadmin2` (`code`, `country_code`, `subadmin1_code`, `name`, `active`) VALUES ('SV.12.1012','SV','SV.12','{\"en\":\"Tepetitán\"}',1);
INSERT INTO `__PREFIX__subadmin2` (`code`, `country_code`, `subadmin1_code`, `name`, `active`) VALUES ('SV.12.1003','SV','SV.12','{\"en\":\"San Cayetano Istepeque\"}',1);
INSERT INTO `__PREFIX__subadmin2` (`code`, `country_code`, `subadmin1_code`, `name`, `active`) VALUES ('SV.12.1011','SV','SV.12','{\"en\":\"Tecoluca\"}',1);
INSERT INTO `__PREFIX__subadmin2` (`code`, `country_code`, `subadmin1_code`, `name`, `active`) VALUES ('SV.13.0312','SV','SV.13','{\"en\":\"San Julián\"}',1);
INSERT INTO `__PREFIX__subadmin2` (`code`, `country_code`, `subadmin1_code`, `name`, `active`) VALUES ('SV.13.0302','SV','SV.13','{\"en\":\"Armenia\"}',1);
INSERT INTO `__PREFIX__subadmin2` (`code`, `country_code`, `subadmin1_code`, `name`, `active`) VALUES ('SV.13.0303','SV','SV.13','{\"en\":\"Caluco\"}',1);
INSERT INTO `__PREFIX__subadmin2` (`code`, `country_code`, `subadmin1_code`, `name`, `active`) VALUES ('SV.13.0304','SV','SV.13','{\"en\":\"Cuisnahuat\"}',1);
INSERT INTO `__PREFIX__subadmin2` (`code`, `country_code`, `subadmin1_code`, `name`, `active`) VALUES ('SV.13.0305','SV','SV.13','{\"en\":\"Santa Isabel Ishuatán\"}',1);
INSERT INTO `__PREFIX__subadmin2` (`code`, `country_code`, `subadmin1_code`, `name`, `active`) VALUES ('SV.13.0301','SV','SV.13','{\"en\":\"Acajutla\"}',1);
INSERT INTO `__PREFIX__subadmin2` (`code`, `country_code`, `subadmin1_code`, `name`, `active`) VALUES ('SV.13.0309','SV','SV.13','{\"en\":\"Nahulingo\"}',1);
INSERT INTO `__PREFIX__subadmin2` (`code`, `country_code`, `subadmin1_code`, `name`, `active`) VALUES ('SV.13.0311','SV','SV.13','{\"en\":\"San Antonio del Monte\"}',1);
INSERT INTO `__PREFIX__subadmin2` (`code`, `country_code`, `subadmin1_code`, `name`, `active`) VALUES ('SV.13.0314','SV','SV.13','{\"en\":\"Santo Domingo de Guzmán\"}',1);
INSERT INTO `__PREFIX__subadmin2` (`code`, `country_code`, `subadmin1_code`, `name`, `active`) VALUES ('SV.13.0316','SV','SV.13','{\"en\":\"Sonzacate\"}',1);
INSERT INTO `__PREFIX__subadmin2` (`code`, `country_code`, `subadmin1_code`, `name`, `active`) VALUES ('SV.13.0313','SV','SV.13','{\"en\":\"Santa Catarina Masahuat\"}',1);
INSERT INTO `__PREFIX__subadmin2` (`code`, `country_code`, `subadmin1_code`, `name`, `active`) VALUES ('SV.13.0308','SV','SV.13','{\"en\":\"Nahuizalco\"}',1);
INSERT INTO `__PREFIX__subadmin2` (`code`, `country_code`, `subadmin1_code`, `name`, `active`) VALUES ('SV.13.0310','SV','SV.13','{\"en\":\"Salcoatitán\"}',1);
INSERT INTO `__PREFIX__subadmin2` (`code`, `country_code`, `subadmin1_code`, `name`, `active`) VALUES ('SV.14.1108','SV','SV.14','{\"en\":\"Jiquilisco\"}',1);
INSERT INTO `__PREFIX__subadmin2` (`code`, `country_code`, `subadmin1_code`, `name`, `active`) VALUES ('SV.14.1114','SV','SV.14','{\"en\":\"Puerto El Triunfo\"}',1);
INSERT INTO `__PREFIX__subadmin2` (`code`, `country_code`, `subadmin1_code`, `name`, `active`) VALUES ('SV.14.1117','SV','SV.14','{\"en\":\"San Dionisio\"}',1);
INSERT INTO `__PREFIX__subadmin2` (`code`, `country_code`, `subadmin1_code`, `name`, `active`) VALUES ('SV.14.1104','SV','SV.14','{\"en\":\"Concepción Batres\"}',1);
INSERT INTO `__PREFIX__subadmin2` (`code`, `country_code`, `subadmin1_code`, `name`, `active`) VALUES ('SV.14.1120','SV','SV.14','{\"en\":\"Santa María\"}',1);
INSERT INTO `__PREFIX__subadmin2` (`code`, `country_code`, `subadmin1_code`, `name`, `active`) VALUES ('SV.14.1106','SV','SV.14','{\"en\":\"Ereguayquín\"}',1);
INSERT INTO `__PREFIX__subadmin2` (`code`, `country_code`, `subadmin1_code`, `name`, `active`) VALUES ('SV.14.1118','SV','SV.14','{\"en\":\"Santa Elena\"}',1);
INSERT INTO `__PREFIX__subadmin2` (`code`, `country_code`, `subadmin1_code`, `name`, `active`) VALUES ('SV.14.1113','SV','SV.14','{\"en\":\"Ozatlán\"}',1);
INSERT INTO `__PREFIX__subadmin2` (`code`, `country_code`, `subadmin1_code`, `name`, `active`) VALUES ('SV.14.1122','SV','SV.14','{\"en\":\"Tecapán\"}',1);
INSERT INTO `__PREFIX__subadmin2` (`code`, `country_code`, `subadmin1_code`, `name`, `active`) VALUES ('SV.14.1103','SV','SV.14','{\"en\":\"California\"}',1);
INSERT INTO `__PREFIX__subadmin2` (`code`, `country_code`, `subadmin1_code`, `name`, `active`) VALUES ('SV.14.1119','SV','SV.14','{\"en\":\"San Francisco Javier\"}',1);
INSERT INTO `__PREFIX__subadmin2` (`code`, `country_code`, `subadmin1_code`, `name`, `active`) VALUES ('SV.14.1115','SV','SV.14','{\"en\":\"San Agustín\"}',1);
INSERT INTO `__PREFIX__subadmin2` (`code`, `country_code`, `subadmin1_code`, `name`, `active`) VALUES ('SV.14.1101','SV','SV.14','{\"en\":\"Alegría\"}',1);
INSERT INTO `__PREFIX__subadmin2` (`code`, `country_code`, `subadmin1_code`, `name`, `active`) VALUES ('SV.14.1111','SV','SV.14','{\"en\":\"Mercedes Umaña\"}',1);
INSERT INTO `__PREFIX__subadmin2` (`code`, `country_code`, `subadmin1_code`, `name`, `active`) VALUES ('SV.14.1116','SV','SV.14','{\"en\":\"San Buenaventura\"}',1);
INSERT INTO `__PREFIX__subadmin2` (`code`, `country_code`, `subadmin1_code`, `name`, `active`) VALUES ('SV.14.1105','SV','SV.14','{\"en\":\"El Triunfo\"}',1);
INSERT INTO `__PREFIX__subadmin2` (`code`, `country_code`, `subadmin1_code`, `name`, `active`) VALUES ('SV.14.1112','SV','SV.14','{\"en\":\"Nueva Granada\"}',1);
INSERT INTO `__PREFIX__subadmin2` (`code`, `country_code`, `subadmin1_code`, `name`, `active`) VALUES ('SV.14.1107','SV','SV.14','{\"en\":\"Estanzuelas\"}',1);
INSERT INTO `__PREFIX__subadmin2` (`code`, `country_code`, `subadmin1_code`, `name`, `active`) VALUES ('SV.14.1110','SV','SV.14','{\"en\":\"Jucuarán\"}',1);
INSERT INTO `__PREFIX__subadmin2` (`code`, `country_code`, `subadmin1_code`, `name`, `active`) VALUES ('SV.07.1410','SV','SV.07','{\"en\":\"Meanguera del Golfo\"}',1);
INSERT INTO `__PREFIX__subadmin2` (`code`, `country_code`, `subadmin1_code`, `name`, `active`) VALUES ('SV.07.1404','SV','SV.07','{\"en\":\"Conchagua\"}',1);
INSERT INTO `__PREFIX__subadmin2` (`code`, `country_code`, `subadmin1_code`, `name`, `active`) VALUES ('SV.07.1405','SV','SV.07','{\"en\":\"El Carmen\"}',1);
INSERT INTO `__PREFIX__subadmin2` (`code`, `country_code`, `subadmin1_code`, `name`, `active`) VALUES ('SV.07.1407','SV','SV.07','{\"en\":\"Intipucá\"}',1);
INSERT INTO `__PREFIX__subadmin2` (`code`, `country_code`, `subadmin1_code`, `name`, `active`) VALUES ('SV.07.1414','SV','SV.07','{\"en\":\"San Alejo\"}',1);
INSERT INTO `__PREFIX__subadmin2` (`code`, `country_code`, `subadmin1_code`, `name`, `active`) VALUES ('SV.07.1417','SV','SV.07','{\"en\":\"Yayantique\"}',1);
INSERT INTO `__PREFIX__subadmin2` (`code`, `country_code`, `subadmin1_code`, `name`, `active`) VALUES ('SV.07.1412','SV','SV.07','{\"en\":\"Pasaquina\"}',1);
INSERT INTO `__PREFIX__subadmin2` (`code`, `country_code`, `subadmin1_code`, `name`, `active`) VALUES ('SV.07.1415','SV','SV.07','{\"en\":\"San José\"}',1);
INSERT INTO `__PREFIX__subadmin2` (`code`, `country_code`, `subadmin1_code`, `name`, `active`) VALUES ('SV.07.1418','SV','SV.07','{\"en\":\"Yucuaiquín\"}',1);
INSERT INTO `__PREFIX__subadmin2` (`code`, `country_code`, `subadmin1_code`, `name`, `active`) VALUES ('SV.07.1406','SV','SV.07','{\"en\":\"El Sauce\"}',1);
INSERT INTO `__PREFIX__subadmin2` (`code`, `country_code`, `subadmin1_code`, `name`, `active`) VALUES ('SV.07.1401','SV','SV.07','{\"en\":\"Anamorós\"}',1);
INSERT INTO `__PREFIX__subadmin2` (`code`, `country_code`, `subadmin1_code`, `name`, `active`) VALUES ('SV.07.1409','SV','SV.07','{\"en\":\"Lislique\"}',1);
INSERT INTO `__PREFIX__subadmin2` (`code`, `country_code`, `subadmin1_code`, `name`, `active`) VALUES ('SV.07.1411','SV','SV.07','{\"en\":\"Nueva Esparta\"}',1);
INSERT INTO `__PREFIX__subadmin2` (`code`, `country_code`, `subadmin1_code`, `name`, `active`) VALUES ('SV.07.1413','SV','SV.07','{\"en\":\"Polorós\"}',1);
INSERT INTO `__PREFIX__subadmin2` (`code`, `country_code`, `subadmin1_code`, `name`, `active`) VALUES ('SV.07.1403','SV','SV.07','{\"en\":\"Concepción de Oriente\"}',1);
/*!40000 ALTER TABLE `__PREFIX__subadmin2` ENABLE KEYS */;

--
-- Dumping data for table `__PREFIX__cities`
--

/*!40000 ALTER TABLE `__PREFIX__cities` DISABLE KEYS */;
INSERT INTO `__PREFIX__cities` (`country_code`, `name`, `longitude`, `latitude`, `feature_class`, `feature_code`, `subadmin1_code`, `subadmin2_code`, `population`, `time_zone`, `active`, `created_at`, `updated_at`) VALUES ('SV','{\"en\":\"Zaragoza\"}',-89.29,13.59,'P','PPL','SV.05',NULL,11749,'America/El_Salvador',1,'2012-02-01 23:00:00','2012-02-01 23:00:00');
INSERT INTO `__PREFIX__cities` (`country_code`, `name`, `longitude`, `latitude`, `feature_class`, `feature_code`, `subadmin1_code`, `subadmin2_code`, `population`, `time_zone`, `active`, `created_at`, `updated_at`) VALUES ('SV','{\"en\":\"Zacatecoluca\"}',-88.87,13.50,'P','PPLA','SV.06',NULL,39613,'America/El_Salvador',1,'2012-01-13 23:00:00','2012-01-13 23:00:00');
INSERT INTO `__PREFIX__cities` (`country_code`, `name`, `longitude`, `latitude`, `feature_class`, `feature_code`, `subadmin1_code`, `subadmin2_code`, `population`, `time_zone`, `active`, `created_at`, `updated_at`) VALUES ('SV','{\"en\":\"Usulután\"}',-88.45,13.35,'P','PPLA','SV.14',NULL,51910,'America/El_Salvador',1,'2012-01-13 23:00:00','2012-01-13 23:00:00');
INSERT INTO `__PREFIX__cities` (`country_code`, `name`, `longitude`, `latitude`, `feature_class`, `feature_code`, `subadmin1_code`, `subadmin2_code`, `population`, `time_zone`, `active`, `created_at`, `updated_at`) VALUES ('SV','{\"en\":\"Tonacatepeque\"}',-89.12,13.78,'P','PPL','SV.10',NULL,6245,'America/El_Salvador',1,'2012-02-01 23:00:00','2012-02-01 23:00:00');
INSERT INTO `__PREFIX__cities` (`country_code`, `name`, `longitude`, `latitude`, `feature_class`, `feature_code`, `subadmin1_code`, `subadmin2_code`, `population`, `time_zone`, `active`, `created_at`, `updated_at`) VALUES ('SV','{\"en\":\"Tacuba\"}',-89.93,13.90,'P','PPL','SV.01',NULL,5055,'America/El_Salvador',1,'2012-01-17 23:00:00','2012-01-17 23:00:00');
INSERT INTO `__PREFIX__cities` (`country_code`, `name`, `longitude`, `latitude`, `feature_class`, `feature_code`, `subadmin1_code`, `subadmin2_code`, `population`, `time_zone`, `active`, `created_at`, `updated_at`) VALUES ('SV','{\"en\":\"Suchitoto\"}',-89.03,13.94,'P','PPL','SV.04',NULL,5735,'America/El_Salvador',1,'2012-01-17 23:00:00','2012-01-17 23:00:00');
INSERT INTO `__PREFIX__cities` (`country_code`, `name`, `longitude`, `latitude`, `feature_class`, `feature_code`, `subadmin1_code`, `subadmin2_code`, `population`, `time_zone`, `active`, `created_at`, `updated_at`) VALUES ('SV','{\"en\":\"Soyapango\"}',-89.14,13.71,'P','PPL','SV.10',NULL,329708,'America/El_Salvador',1,'2014-07-19 23:00:00','2014-07-19 23:00:00');
INSERT INTO `__PREFIX__cities` (`country_code`, `name`, `longitude`, `latitude`, `feature_class`, `feature_code`, `subadmin1_code`, `subadmin2_code`, `population`, `time_zone`, `active`, `created_at`, `updated_at`) VALUES ('SV','{\"en\":\"Sonzacate\"}',-89.71,13.73,'P','PPL','SV.13',NULL,15446,'America/El_Salvador',1,'2014-04-05 23:00:00','2014-04-05 23:00:00');
INSERT INTO `__PREFIX__cities` (`country_code`, `name`, `longitude`, `latitude`, `feature_class`, `feature_code`, `subadmin1_code`, `subadmin2_code`, `population`, `time_zone`, `active`, `created_at`, `updated_at`) VALUES ('SV','{\"en\":\"Sonsonate\"}',-89.72,13.72,'P','PPLA','SV.13',NULL,59468,'America/El_Salvador',1,'2012-01-13 23:00:00','2012-01-13 23:00:00');
INSERT INTO `__PREFIX__cities` (`country_code`, `name`, `longitude`, `latitude`, `feature_class`, `feature_code`, `subadmin1_code`, `subadmin2_code`, `population`, `time_zone`, `active`, `created_at`, `updated_at`) VALUES ('SV','{\"en\":\"Sensuntepeque\"}',-88.63,13.87,'P','PPLA','SV.02',NULL,20386,'America/El_Salvador',1,'2012-01-13 23:00:00','2012-01-13 23:00:00');
INSERT INTO `__PREFIX__cities` (`country_code`, `name`, `longitude`, `latitude`, `feature_class`, `feature_code`, `subadmin1_code`, `subadmin2_code`, `population`, `time_zone`, `active`, `created_at`, `updated_at`) VALUES ('SV','{\"en\":\"San Vicente\"}',-88.80,13.63,'P','PPLA','SV.12',NULL,41504,'America/El_Salvador',1,'2013-06-29 23:00:00','2013-06-29 23:00:00');
INSERT INTO `__PREFIX__cities` (`country_code`, `name`, `longitude`, `latitude`, `feature_class`, `feature_code`, `subadmin1_code`, `subadmin2_code`, `population`, `time_zone`, `active`, `created_at`, `updated_at`) VALUES ('SV','{\"en\":\"Santo Tomás\"}',-89.13,13.64,'P','PPL','SV.10',NULL,14581,'America/El_Salvador',1,'2012-01-17 23:00:00','2012-01-17 23:00:00');
INSERT INTO `__PREFIX__cities` (`country_code`, `name`, `longitude`, `latitude`, `feature_class`, `feature_code`, `subadmin1_code`, `subadmin2_code`, `population`, `time_zone`, `active`, `created_at`, `updated_at`) VALUES ('SV','{\"en\":\"Santiago Nonualco\"}',-88.95,13.52,'P','PPL','SV.06',NULL,9490,'America/El_Salvador',1,'2012-01-17 23:00:00','2012-01-17 23:00:00');
INSERT INTO `__PREFIX__cities` (`country_code`, `name`, `longitude`, `latitude`, `feature_class`, `feature_code`, `subadmin1_code`, `subadmin2_code`, `population`, `time_zone`, `active`, `created_at`, `updated_at`) VALUES ('SV','{\"en\":\"Santiago de María\"}',-88.47,13.48,'P','PPL','SV.14',NULL,15032,'America/El_Salvador',1,'2020-06-09 23:00:00','2020-06-09 23:00:00');
INSERT INTO `__PREFIX__cities` (`country_code`, `name`, `longitude`, `latitude`, `feature_class`, `feature_code`, `subadmin1_code`, `subadmin2_code`, `population`, `time_zone`, `active`, `created_at`, `updated_at`) VALUES ('SV','{\"en\":\"Santa Rosa de Lima\"}',-87.89,13.62,'P','PPL','SV.07',NULL,13249,'America/El_Salvador',1,'2012-01-17 23:00:00','2012-01-17 23:00:00');
INSERT INTO `__PREFIX__cities` (`country_code`, `name`, `longitude`, `latitude`, `feature_class`, `feature_code`, `subadmin1_code`, `subadmin2_code`, `population`, `time_zone`, `active`, `created_at`, `updated_at`) VALUES ('SV','{\"en\":\"Santa Elena\"}',-88.42,13.38,'P','PPL','SV.14',NULL,5887,'America/El_Salvador',1,'2012-05-05 23:00:00','2012-05-05 23:00:00');
INSERT INTO `__PREFIX__cities` (`country_code`, `name`, `longitude`, `latitude`, `feature_class`, `feature_code`, `subadmin1_code`, `subadmin2_code`, `population`, `time_zone`, `active`, `created_at`, `updated_at`) VALUES ('SV','{\"en\":\"Santa Ana\"}',-89.56,13.99,'P','PPLA','SV.11',NULL,176661,'America/El_Salvador',1,'2019-09-04 23:00:00','2019-09-04 23:00:00');
INSERT INTO `__PREFIX__cities` (`country_code`, `name`, `longitude`, `latitude`, `feature_class`, `feature_code`, `subadmin1_code`, `subadmin2_code`, `population`, `time_zone`, `active`, `created_at`, `updated_at`) VALUES ('SV','{\"en\":\"San Sebastián\"}',-88.83,13.73,'P','PPL','SV.12',NULL,7333,'America/El_Salvador',1,'2012-01-17 23:00:00','2012-01-17 23:00:00');
INSERT INTO `__PREFIX__cities` (`country_code`, `name`, `longitude`, `latitude`, `feature_class`, `feature_code`, `subadmin1_code`, `subadmin2_code`, `population`, `time_zone`, `active`, `created_at`, `updated_at`) VALUES ('SV','{\"en\":\"San Salvador\"}',-89.19,13.69,'P','PPLC','SV.10',NULL,525990,'America/El_Salvador',1,'2019-09-04 23:00:00','2019-09-04 23:00:00');
INSERT INTO `__PREFIX__cities` (`country_code`, `name`, `longitude`, `latitude`, `feature_class`, `feature_code`, `subadmin1_code`, `subadmin2_code`, `population`, `time_zone`, `active`, `created_at`, `updated_at`) VALUES ('SV','{\"en\":\"San Rafael Oriente\"}',-88.35,13.38,'P','PPL','SV.09',NULL,19095,'America/El_Salvador',1,'2012-01-17 23:00:00','2012-01-17 23:00:00');
INSERT INTO `__PREFIX__cities` (`country_code`, `name`, `longitude`, `latitude`, `feature_class`, `feature_code`, `subadmin1_code`, `subadmin2_code`, `population`, `time_zone`, `active`, `created_at`, `updated_at`) VALUES ('SV','{\"en\":\"San Miguel\"}',-88.18,13.48,'P','PPLA','SV.09',NULL,161880,'America/El_Salvador',1,'2013-10-05 23:00:00','2013-10-05 23:00:00');
INSERT INTO `__PREFIX__cities` (`country_code`, `name`, `longitude`, `latitude`, `feature_class`, `feature_code`, `subadmin1_code`, `subadmin2_code`, `population`, `time_zone`, `active`, `created_at`, `updated_at`) VALUES ('SV','{\"en\":\"San Martín\"}',-88.92,13.78,'P','PPL','SV.04',NULL,39361,'America/El_Salvador',1,'2018-12-04 23:00:00','2018-12-04 23:00:00');
INSERT INTO `__PREFIX__cities` (`country_code`, `name`, `longitude`, `latitude`, `feature_class`, `feature_code`, `subadmin1_code`, `subadmin2_code`, `population`, `time_zone`, `active`, `created_at`, `updated_at`) VALUES ('SV','{\"en\":\"San Marcos\"}',-89.18,13.66,'P','PPL','SV.10',NULL,54615,'America/El_Salvador',1,'2019-11-05 23:00:00','2019-11-05 23:00:00');
INSERT INTO `__PREFIX__cities` (`country_code`, `name`, `longitude`, `latitude`, `feature_class`, `feature_code`, `subadmin1_code`, `subadmin2_code`, `population`, `time_zone`, `active`, `created_at`, `updated_at`) VALUES ('SV','{\"en\":\"San Juan Opico\"}',-89.36,13.88,'P','PPL','SV.05',NULL,7127,'America/El_Salvador',1,'2012-01-17 23:00:00','2012-01-17 23:00:00');
INSERT INTO `__PREFIX__cities` (`country_code`, `name`, `longitude`, `latitude`, `feature_class`, `feature_code`, `subadmin1_code`, `subadmin2_code`, `population`, `time_zone`, `active`, `created_at`, `updated_at`) VALUES ('SV','{\"en\":\"San Francisco\"}',-88.10,13.70,'P','PPLA','SV.08',NULL,16152,'America/El_Salvador',1,'2012-01-13 23:00:00','2012-01-13 23:00:00');
INSERT INTO `__PREFIX__cities` (`country_code`, `name`, `longitude`, `latitude`, `feature_class`, `feature_code`, `subadmin1_code`, `subadmin2_code`, `population`, `time_zone`, `active`, `created_at`, `updated_at`) VALUES ('SV','{\"en\":\"San Antonio del Monte\"}',-89.74,13.72,'P','PPL','SV.13',NULL,9135,'America/El_Salvador',1,'2012-01-17 23:00:00','2012-01-17 23:00:00');
INSERT INTO `__PREFIX__cities` (`country_code`, `name`, `longitude`, `latitude`, `feature_class`, `feature_code`, `subadmin1_code`, `subadmin2_code`, `population`, `time_zone`, `active`, `created_at`, `updated_at`) VALUES ('SV','{\"en\":\"San Alejo\"}',-87.96,13.43,'P','PPL','SV.07',NULL,5149,'America/El_Salvador',1,'2012-02-01 23:00:00','2012-02-01 23:00:00');
INSERT INTO `__PREFIX__cities` (`country_code`, `name`, `longitude`, `latitude`, `feature_class`, `feature_code`, `subadmin1_code`, `subadmin2_code`, `population`, `time_zone`, `active`, `created_at`, `updated_at`) VALUES ('SV','{\"en\":\"Rosario de Mora\"}',-89.21,13.58,'P','PPL','SV.10',NULL,5178,'America/El_Salvador',1,'2012-01-17 23:00:00','2012-01-17 23:00:00');
INSERT INTO `__PREFIX__cities` (`country_code`, `name`, `longitude`, `latitude`, `feature_class`, `feature_code`, `subadmin1_code`, `subadmin2_code`, `population`, `time_zone`, `active`, `created_at`, `updated_at`) VALUES ('SV','{\"en\":\"Quezaltepeque\"}',-89.27,13.83,'P','PPL','SV.05','SV.05.0512',28886,'America/El_Salvador',1,'2020-06-14 23:00:00','2020-06-14 23:00:00');
INSERT INTO `__PREFIX__cities` (`country_code`, `name`, `longitude`, `latitude`, `feature_class`, `feature_code`, `subadmin1_code`, `subadmin2_code`, `population`, `time_zone`, `active`, `created_at`, `updated_at`) VALUES ('SV','{\"en\":\"Puerto El Triunfo\"}',-88.55,13.28,'P','PPL','SV.14',NULL,19074,'America/El_Salvador',1,'2012-01-17 23:00:00','2012-01-17 23:00:00');
INSERT INTO `__PREFIX__cities` (`country_code`, `name`, `longitude`, `latitude`, `feature_class`, `feature_code`, `subadmin1_code`, `subadmin2_code`, `population`, `time_zone`, `active`, `created_at`, `updated_at`) VALUES ('SV','{\"en\":\"Panchimalco\"}',-89.18,13.61,'P','PPL','SV.10',NULL,6764,'America/El_Salvador',1,'2012-01-17 23:00:00','2012-01-17 23:00:00');
INSERT INTO `__PREFIX__cities` (`country_code`, `name`, `longitude`, `latitude`, `feature_class`, `feature_code`, `subadmin1_code`, `subadmin2_code`, `population`, `time_zone`, `active`, `created_at`, `updated_at`) VALUES ('SV','{\"en\":\"Olocuilta\"}',-89.12,13.57,'P','PPL','SV.06',NULL,6324,'America/El_Salvador',1,'2012-01-17 23:00:00','2012-01-17 23:00:00');
INSERT INTO `__PREFIX__cities` (`country_code`, `name`, `longitude`, `latitude`, `feature_class`, `feature_code`, `subadmin1_code`, `subadmin2_code`, `population`, `time_zone`, `active`, `created_at`, `updated_at`) VALUES ('SV','{\"en\":\"Nuevo Cuscatlán\"}',-89.27,13.65,'P','PPL','SV.05',NULL,6469,'America/El_Salvador',1,'2012-01-17 23:00:00','2012-01-17 23:00:00');
INSERT INTO `__PREFIX__cities` (`country_code`, `name`, `longitude`, `latitude`, `feature_class`, `feature_code`, `subadmin1_code`, `subadmin2_code`, `population`, `time_zone`, `active`, `created_at`, `updated_at`) VALUES ('SV','{\"en\":\"Santa Tecla\"}',-89.28,13.68,'P','PPLA','SV.05',NULL,124694,'America/El_Salvador',1,'2012-01-05 23:00:00','2012-01-05 23:00:00');
INSERT INTO `__PREFIX__cities` (`country_code`, `name`, `longitude`, `latitude`, `feature_class`, `feature_code`, `subadmin1_code`, `subadmin2_code`, `population`, `time_zone`, `active`, `created_at`, `updated_at`) VALUES ('SV','{\"en\":\"Nueva Guadalupe\"}',-88.35,13.53,'P','PPL','SV.09',NULL,5798,'America/El_Salvador',1,'2012-01-17 23:00:00','2012-01-17 23:00:00');
INSERT INTO `__PREFIX__cities` (`country_code`, `name`, `longitude`, `latitude`, `feature_class`, `feature_code`, `subadmin1_code`, `subadmin2_code`, `population`, `time_zone`, `active`, `created_at`, `updated_at`) VALUES ('SV','{\"en\":\"Nueva Concepción\"}',-89.30,14.13,'P','PPL','SV.03',NULL,9990,'America/El_Salvador',1,'2020-06-09 23:00:00','2020-06-09 23:00:00');
INSERT INTO `__PREFIX__cities` (`country_code`, `name`, `longitude`, `latitude`, `feature_class`, `feature_code`, `subadmin1_code`, `subadmin2_code`, `population`, `time_zone`, `active`, `created_at`, `updated_at`) VALUES ('SV','{\"en\":\"Nahuizalco\"}',-89.74,13.78,'P','PPL','SV.13',NULL,7358,'America/El_Salvador',1,'2012-01-17 23:00:00','2012-01-17 23:00:00');
INSERT INTO `__PREFIX__cities` (`country_code`, `name`, `longitude`, `latitude`, `feature_class`, `feature_code`, `subadmin1_code`, `subadmin2_code`, `population`, `time_zone`, `active`, `created_at`, `updated_at`) VALUES ('SV','{\"en\":\"Metapán\"}',-89.45,14.33,'P','PPL','SV.11',NULL,19143,'America/El_Salvador',1,'2012-01-17 23:00:00','2012-01-17 23:00:00');
INSERT INTO `__PREFIX__cities` (`country_code`, `name`, `longitude`, `latitude`, `feature_class`, `feature_code`, `subadmin1_code`, `subadmin2_code`, `population`, `time_zone`, `active`, `created_at`, `updated_at`) VALUES ('SV','{\"en\":\"Mejicanos\"}',-89.19,13.72,'P','PPL','SV.10',NULL,160317,'America/El_Salvador',1,'2019-11-05 23:00:00','2019-11-05 23:00:00');
INSERT INTO `__PREFIX__cities` (`country_code`, `name`, `longitude`, `latitude`, `feature_class`, `feature_code`, `subadmin1_code`, `subadmin2_code`, `population`, `time_zone`, `active`, `created_at`, `updated_at`) VALUES ('SV','{\"en\":\"La Unión\"}',-87.84,13.34,'P','PPLA','SV.07',NULL,26807,'America/El_Salvador',1,'2013-06-29 23:00:00','2013-06-29 23:00:00');
INSERT INTO `__PREFIX__cities` (`country_code`, `name`, `longitude`, `latitude`, `feature_class`, `feature_code`, `subadmin1_code`, `subadmin2_code`, `population`, `time_zone`, `active`, `created_at`, `updated_at`) VALUES ('SV','{\"en\":\"La Libertad\"}',-89.32,13.49,'P','PPL','SV.05',NULL,16855,'America/El_Salvador',1,'2012-01-17 23:00:00','2012-01-17 23:00:00');
INSERT INTO `__PREFIX__cities` (`country_code`, `name`, `longitude`, `latitude`, `feature_class`, `feature_code`, `subadmin1_code`, `subadmin2_code`, `population`, `time_zone`, `active`, `created_at`, `updated_at`) VALUES ('SV','{\"en\":\"Jucuapa\"}',-88.38,13.52,'P','PPL','SV.14',NULL,10601,'America/El_Salvador',1,'2012-02-01 23:00:00','2012-02-01 23:00:00');
INSERT INTO `__PREFIX__cities` (`country_code`, `name`, `longitude`, `latitude`, `feature_class`, `feature_code`, `subadmin1_code`, `subadmin2_code`, `population`, `time_zone`, `active`, `created_at`, `updated_at`) VALUES ('SV','{\"en\":\"Juayúa\"}',-89.75,13.84,'P','PPL','SV.13',NULL,9936,'America/El_Salvador',1,'2012-02-01 23:00:00','2012-02-01 23:00:00');
INSERT INTO `__PREFIX__cities` (`country_code`, `name`, `longitude`, `latitude`, `feature_class`, `feature_code`, `subadmin1_code`, `subadmin2_code`, `population`, `time_zone`, `active`, `created_at`, `updated_at`) VALUES ('SV','{\"en\":\"Jiquilisco\"}',-88.58,13.32,'P','PPL','SV.14',NULL,9129,'America/El_Salvador',1,'2012-01-17 23:00:00','2012-01-17 23:00:00');
INSERT INTO `__PREFIX__cities` (`country_code`, `name`, `longitude`, `latitude`, `feature_class`, `feature_code`, `subadmin1_code`, `subadmin2_code`, `population`, `time_zone`, `active`, `created_at`, `updated_at`) VALUES ('SV','{\"en\":\"Izalco\"}',-89.67,13.74,'P','PPL','SV.13',NULL,19197,'America/El_Salvador',1,'2019-09-04 23:00:00','2019-09-04 23:00:00');
INSERT INTO `__PREFIX__cities` (`country_code`, `name`, `longitude`, `latitude`, `feature_class`, `feature_code`, `subadmin1_code`, `subadmin2_code`, `population`, `time_zone`, `active`, `created_at`, `updated_at`) VALUES ('SV','{\"en\":\"Ilopango\"}',-89.11,13.70,'P','PPL','SV.10',NULL,38890,'America/El_Salvador',1,'2012-01-17 23:00:00','2012-01-17 23:00:00');
INSERT INTO `__PREFIX__cities` (`country_code`, `name`, `longitude`, `latitude`, `feature_class`, `feature_code`, `subadmin1_code`, `subadmin2_code`, `population`, `time_zone`, `active`, `created_at`, `updated_at`) VALUES ('SV','{\"en\":\"Guazapa\"}',-89.17,13.88,'P','PPL','SV.10',NULL,10995,'America/El_Salvador',1,'2012-01-17 23:00:00','2012-01-17 23:00:00');
INSERT INTO `__PREFIX__cities` (`country_code`, `name`, `longitude`, `latitude`, `feature_class`, `feature_code`, `subadmin1_code`, `subadmin2_code`, `population`, `time_zone`, `active`, `created_at`, `updated_at`) VALUES ('SV','{\"en\":\"Guatajiagua\"}',-88.20,13.67,'P','PPL','SV.08',NULL,5273,'America/El_Salvador',1,'2012-05-05 23:00:00','2012-05-05 23:00:00');
INSERT INTO `__PREFIX__cities` (`country_code`, `name`, `longitude`, `latitude`, `feature_class`, `feature_code`, `subadmin1_code`, `subadmin2_code`, `population`, `time_zone`, `active`, `created_at`, `updated_at`) VALUES ('SV','{\"en\":\"El Tránsito\"}',-88.35,13.35,'P','PPL','SV.09',NULL,9485,'America/El_Salvador',1,'2012-01-17 23:00:00','2012-01-17 23:00:00');
INSERT INTO `__PREFIX__cities` (`country_code`, `name`, `longitude`, `latitude`, `feature_class`, `feature_code`, `subadmin1_code`, `subadmin2_code`, `population`, `time_zone`, `active`, `created_at`, `updated_at`) VALUES ('SV','{\"en\":\"El Rosario\"}',-89.03,13.50,'P','PPL','SV.06',NULL,5620,'America/El_Salvador',1,'2012-01-17 23:00:00','2012-01-17 23:00:00');
INSERT INTO `__PREFIX__cities` (`country_code`, `name`, `longitude`, `latitude`, `feature_class`, `feature_code`, `subadmin1_code`, `subadmin2_code`, `population`, `time_zone`, `active`, `created_at`, `updated_at`) VALUES ('SV','{\"en\":\"El Congo\"}',-89.50,13.91,'P','PPL','SV.11',NULL,8905,'America/El_Salvador',1,'2012-02-01 23:00:00','2012-02-01 23:00:00');
INSERT INTO `__PREFIX__cities` (`country_code`, `name`, `longitude`, `latitude`, `feature_class`, `feature_code`, `subadmin1_code`, `subadmin2_code`, `population`, `time_zone`, `active`, `created_at`, `updated_at`) VALUES ('SV','{\"en\":\"Delgado\"}',-89.17,13.72,'P','PPL','SV.10',NULL,71594,'America/El_Salvador',1,'2020-01-07 23:00:00','2020-01-07 23:00:00');
INSERT INTO `__PREFIX__cities` (`country_code`, `name`, `longitude`, `latitude`, `feature_class`, `feature_code`, `subadmin1_code`, `subadmin2_code`, `population`, `time_zone`, `active`, `created_at`, `updated_at`) VALUES ('SV','{\"en\":\"Cuscatancingo\"}',-89.18,13.73,'P','PPL','SV.10',NULL,44369,'America/El_Salvador',1,'2019-11-05 23:00:00','2019-11-05 23:00:00');
INSERT INTO `__PREFIX__cities` (`country_code`, `name`, `longitude`, `latitude`, `feature_class`, `feature_code`, `subadmin1_code`, `subadmin2_code`, `population`, `time_zone`, `active`, `created_at`, `updated_at`) VALUES ('SV','{\"en\":\"Concepción de Ataco\"}',-89.85,13.87,'P','PPL','SV.01',NULL,7797,'America/El_Salvador',1,'2020-06-09 23:00:00','2020-06-09 23:00:00');
INSERT INTO `__PREFIX__cities` (`country_code`, `name`, `longitude`, `latitude`, `feature_class`, `feature_code`, `subadmin1_code`, `subadmin2_code`, `population`, `time_zone`, `active`, `created_at`, `updated_at`) VALUES ('SV','{\"en\":\"Cojutepeque\"}',-88.93,13.72,'P','PPLA','SV.04',NULL,48411,'America/El_Salvador',1,'2012-01-13 23:00:00','2012-01-13 23:00:00');
INSERT INTO `__PREFIX__cities` (`country_code`, `name`, `longitude`, `latitude`, `feature_class`, `feature_code`, `subadmin1_code`, `subadmin2_code`, `population`, `time_zone`, `active`, `created_at`, `updated_at`) VALUES ('SV','{\"en\":\"Coatepeque\"}',-89.50,13.93,'P','PPL','SV.11',NULL,5773,'America/El_Salvador',1,'2012-02-01 23:00:00','2012-02-01 23:00:00');
INSERT INTO `__PREFIX__cities` (`country_code`, `name`, `longitude`, `latitude`, `feature_class`, `feature_code`, `subadmin1_code`, `subadmin2_code`, `population`, `time_zone`, `active`, `created_at`, `updated_at`) VALUES ('SV','{\"en\":\"Ciudad Barrios\"}',-88.27,13.77,'P','PPL','SV.09',NULL,8491,'America/El_Salvador',1,'2012-01-17 23:00:00','2012-01-17 23:00:00');
INSERT INTO `__PREFIX__cities` (`country_code`, `name`, `longitude`, `latitude`, `feature_class`, `feature_code`, `subadmin1_code`, `subadmin2_code`, `population`, `time_zone`, `active`, `created_at`, `updated_at`) VALUES ('SV','{\"en\":\"Ciudad Arce\"}',-89.45,13.84,'P','PPL','SV.05',NULL,10095,'America/El_Salvador',1,'2012-01-17 23:00:00','2012-01-17 23:00:00');
INSERT INTO `__PREFIX__cities` (`country_code`, `name`, `longitude`, `latitude`, `feature_class`, `feature_code`, `subadmin1_code`, `subadmin2_code`, `population`, `time_zone`, `active`, `created_at`, `updated_at`) VALUES ('SV','{\"en\":\"Chirilagua\"}',-88.14,13.22,'P','PPL','SV.09',NULL,6393,'America/El_Salvador',1,'2012-01-17 23:00:00','2012-01-17 23:00:00');
INSERT INTO `__PREFIX__cities` (`country_code`, `name`, `longitude`, `latitude`, `feature_class`, `feature_code`, `subadmin1_code`, `subadmin2_code`, `population`, `time_zone`, `active`, `created_at`, `updated_at`) VALUES ('SV','{\"en\":\"Chinameca\"}',-88.35,13.50,'P','PPL','SV.09',NULL,8646,'America/El_Salvador',1,'2012-01-17 23:00:00','2012-01-17 23:00:00');
INSERT INTO `__PREFIX__cities` (`country_code`, `name`, `longitude`, `latitude`, `feature_class`, `feature_code`, `subadmin1_code`, `subadmin2_code`, `population`, `time_zone`, `active`, `created_at`, `updated_at`) VALUES ('SV','{\"en\":\"Chalchuapa\"}',-89.68,13.99,'P','PPL','SV.11',NULL,32282,'America/El_Salvador',1,'2012-01-17 23:00:00','2012-01-17 23:00:00');
INSERT INTO `__PREFIX__cities` (`country_code`, `name`, `longitude`, `latitude`, `feature_class`, `feature_code`, `subadmin1_code`, `subadmin2_code`, `population`, `time_zone`, `active`, `created_at`, `updated_at`) VALUES ('SV','{\"en\":\"Chalatenango\"}',-88.93,14.03,'P','PPLA','SV.03',NULL,19364,'America/El_Salvador',1,'2019-09-04 23:00:00','2019-09-04 23:00:00');
INSERT INTO `__PREFIX__cities` (`country_code`, `name`, `longitude`, `latitude`, `feature_class`, `feature_code`, `subadmin1_code`, `subadmin2_code`, `population`, `time_zone`, `active`, `created_at`, `updated_at`) VALUES ('SV','{\"en\":\"Candelaria de La Frontera\"}',-89.65,14.12,'P','PPL','SV.11',NULL,6301,'America/El_Salvador',1,'2012-01-17 23:00:00','2012-01-17 23:00:00');
INSERT INTO `__PREFIX__cities` (`country_code`, `name`, `longitude`, `latitude`, `feature_class`, `feature_code`, `subadmin1_code`, `subadmin2_code`, `population`, `time_zone`, `active`, `created_at`, `updated_at`) VALUES ('SV','{\"en\":\"Berlín\"}',-88.53,13.50,'P','PPL','SV.14',NULL,11313,'America/El_Salvador',1,'2012-01-17 23:00:00','2012-01-17 23:00:00');
INSERT INTO `__PREFIX__cities` (`country_code`, `name`, `longitude`, `latitude`, `feature_class`, `feature_code`, `subadmin1_code`, `subadmin2_code`, `population`, `time_zone`, `active`, `created_at`, `updated_at`) VALUES ('SV','{\"en\":\"Ayutuxtepeque\"}',-89.20,13.74,'P','PPL','SV.10',NULL,25426,'America/El_Salvador',1,'2019-11-05 23:00:00','2019-11-05 23:00:00');
INSERT INTO `__PREFIX__cities` (`country_code`, `name`, `longitude`, `latitude`, `feature_class`, `feature_code`, `subadmin1_code`, `subadmin2_code`, `population`, `time_zone`, `active`, `created_at`, `updated_at`) VALUES ('SV','{\"en\":\"Atiquizaya\"}',-89.75,13.98,'P','PPL','SV.01',NULL,9476,'America/El_Salvador',1,'2012-01-17 23:00:00','2012-01-17 23:00:00');
INSERT INTO `__PREFIX__cities` (`country_code`, `name`, `longitude`, `latitude`, `feature_class`, `feature_code`, `subadmin1_code`, `subadmin2_code`, `population`, `time_zone`, `active`, `created_at`, `updated_at`) VALUES ('SV','{\"en\":\"Armenia\"}',-89.50,13.74,'P','PPL','SV.13',NULL,14997,'America/El_Salvador',1,'2012-01-17 23:00:00','2012-01-17 23:00:00');
INSERT INTO `__PREFIX__cities` (`country_code`, `name`, `longitude`, `latitude`, `feature_class`, `feature_code`, `subadmin1_code`, `subadmin2_code`, `population`, `time_zone`, `active`, `created_at`, `updated_at`) VALUES ('SV','{\"en\":\"Apopa\"}',-89.18,13.81,'P','PPL','SV.10',NULL,112158,'America/El_Salvador',1,'2012-01-17 23:00:00','2012-01-17 23:00:00');
INSERT INTO `__PREFIX__cities` (`country_code`, `name`, `longitude`, `latitude`, `feature_class`, `feature_code`, `subadmin1_code`, `subadmin2_code`, `population`, `time_zone`, `active`, `created_at`, `updated_at`) VALUES ('SV','{\"en\":\"Apastepeque\"}',-88.78,13.67,'P','PPL','SV.12',NULL,5785,'America/El_Salvador',1,'2012-01-17 23:00:00','2012-01-17 23:00:00');
INSERT INTO `__PREFIX__cities` (`country_code`, `name`, `longitude`, `latitude`, `feature_class`, `feature_code`, `subadmin1_code`, `subadmin2_code`, `population`, `time_zone`, `active`, `created_at`, `updated_at`) VALUES ('SV','{\"en\":\"Antiguo Cuscatlán\"}',-89.25,13.66,'P','PPL','SV.05',NULL,33767,'America/El_Salvador',1,'2014-07-19 23:00:00','2014-07-19 23:00:00');
INSERT INTO `__PREFIX__cities` (`country_code`, `name`, `longitude`, `latitude`, `feature_class`, `feature_code`, `subadmin1_code`, `subadmin2_code`, `population`, `time_zone`, `active`, `created_at`, `updated_at`) VALUES ('SV','{\"en\":\"Ahuachapán\"}',-89.84,13.92,'P','PPLA','SV.01',NULL,34102,'America/El_Salvador',1,'2018-03-16 23:00:00','2018-03-16 23:00:00');
INSERT INTO `__PREFIX__cities` (`country_code`, `name`, `longitude`, `latitude`, `feature_class`, `feature_code`, `subadmin1_code`, `subadmin2_code`, `population`, `time_zone`, `active`, `created_at`, `updated_at`) VALUES ('SV','{\"en\":\"Aguilares\"}',-89.19,13.96,'P','PPL','SV.10',NULL,21445,'America/El_Salvador',1,'2012-02-01 23:00:00','2012-02-01 23:00:00');
INSERT INTO `__PREFIX__cities` (`country_code`, `name`, `longitude`, `latitude`, `feature_class`, `feature_code`, `subadmin1_code`, `subadmin2_code`, `population`, `time_zone`, `active`, `created_at`, `updated_at`) VALUES ('SV','{\"en\":\"Acajutla\"}',-89.83,13.59,'P','PPL','SV.13',NULL,22763,'America/El_Salvador',1,'2012-01-17 23:00:00','2012-01-17 23:00:00');
/*!40000 ALTER TABLE `__PREFIX__cities` ENABLE KEYS */;
/*!40103 SET TIME_ZONE=@OLD_TIME_ZONE */;

/*!40101 SET SQL_MODE=@OLD_SQL_MODE */;
/*!40014 SET FOREIGN_KEY_CHECKS=@OLD_FOREIGN_KEY_CHECKS */;
/*!40014 SET UNIQUE_CHECKS=@OLD_UNIQUE_CHECKS */;
/*!40101 SET CHARACTER_SET_CLIENT=@OLD_CHARACTER_SET_CLIENT */;
/*!40101 SET CHARACTER_SET_RESULTS=@OLD_CHARACTER_SET_RESULTS */;
/*!40101 SET COLLATION_CONNECTION=@OLD_COLLATION_CONNECTION */;
/*!40111 SET SQL_NOTES=@OLD_SQL_NOTES */;

-- Dump completed
