-- MySQL dump 10.13  Distrib 5.7.34, for osx10.12 (x86_64)
--
-- Host: 127.0.0.1    Database: laraclassifier
-- ------------------------------------------------------
-- Server version	5.7.34

/*!40101 SET @OLD_CHARACTER_SET_CLIENT=@@CHARACTER_SET_CLIENT */;
/*!40101 SET @OLD_CHARACTER_SET_RESULTS=@@CHARACTER_SET_RESULTS */;
/*!40101 SET @OLD_COLLATION_CONNECTION=@@COLLATION_CONNECTION */;
/*!40101 SET NAMES utf8 */;
/*!40103 SET @OLD_TIME_ZONE=@@TIME_ZONE */;
/*!40103 SET TIME_ZONE='+00:00' */;
/*!40014 SET @OLD_UNIQUE_CHECKS=@@UNIQUE_CHECKS, UNIQUE_CHECKS=0 */;
/*!40014 SET @OLD_FOREIGN_KEY_CHECKS=@@FOREIGN_KEY_CHECKS, FOREIGN_KEY_CHECKS=0 */;
/*!40101 SET @OLD_SQL_MODE=@@SQL_MODE, SQL_MODE='NO_AUTO_VALUE_ON_ZERO' */;
/*!40111 SET @OLD_SQL_NOTES=@@SQL_NOTES, SQL_NOTES=0 */;

--
-- Dumping data for table `__PREFIX__subadmin1`
--

/*!40000 ALTER TABLE `__PREFIX__subadmin1` DISABLE KEYS */;
INSERT INTO `__PREFIX__subadmin1` (`code`, `country_code`, `name`, `active`) VALUES ('SY.14','SY','{\"en\":\"Tartus\"}',1);
INSERT INTO `__PREFIX__subadmin1` (`code`, `country_code`, `name`, `active`) VALUES ('SY.13','SY','{\"en\":\"Dimashq\"}',1);
INSERT INTO `__PREFIX__subadmin1` (`code`, `country_code`, `name`, `active`) VALUES ('SY.12','SY','{\"en\":\"Idlib\"}',1);
INSERT INTO `__PREFIX__subadmin1` (`code`, `country_code`, `name`, `active`) VALUES ('SY.11','SY','{\"en\":\"Homs\"}',1);
INSERT INTO `__PREFIX__subadmin1` (`code`, `country_code`, `name`, `active`) VALUES ('SY.10','SY','{\"en\":\"Hama\"}',1);
INSERT INTO `__PREFIX__subadmin1` (`code`, `country_code`, `name`, `active`) VALUES ('SY.09','SY','{\"en\":\"Aleppo\"}',1);
INSERT INTO `__PREFIX__subadmin1` (`code`, `country_code`, `name`, `active`) VALUES ('SY.08','SY','{\"en\":\"Rif-dimashq\"}',1);
INSERT INTO `__PREFIX__subadmin1` (`code`, `country_code`, `name`, `active`) VALUES ('SY.07','SY','{\"en\":\"Deir ez-Zor\"}',1);
INSERT INTO `__PREFIX__subadmin1` (`code`, `country_code`, `name`, `active`) VALUES ('SY.06','SY','{\"en\":\"Daraa\"}',1);
INSERT INTO `__PREFIX__subadmin1` (`code`, `country_code`, `name`, `active`) VALUES ('SY.05','SY','{\"en\":\"As-Suwayda\"}',1);
INSERT INTO `__PREFIX__subadmin1` (`code`, `country_code`, `name`, `active`) VALUES ('SY.04','SY','{\"en\":\"Ar-Raqqah\"}',1);
INSERT INTO `__PREFIX__subadmin1` (`code`, `country_code`, `name`, `active`) VALUES ('SY.03','SY','{\"en\":\"Quneitra\"}',1);
INSERT INTO `__PREFIX__subadmin1` (`code`, `country_code`, `name`, `active`) VALUES ('SY.02','SY','{\"en\":\"Latakia\"}',1);
INSERT INTO `__PREFIX__subadmin1` (`code`, `country_code`, `name`, `active`) VALUES ('SY.01','SY','{\"en\":\"Al-Hasakah\"}',1);
/*!40000 ALTER TABLE `__PREFIX__subadmin1` ENABLE KEYS */;

--
-- Dumping data for table `__PREFIX__subadmin2`
--

/*!40000 ALTER TABLE `__PREFIX__subadmin2` DISABLE KEYS */;
INSERT INTO `__PREFIX__subadmin2` (`code`, `country_code`, `subadmin1_code`, `name`, `active`) VALUES ('SY.14.163343','SY','SY.14','{\"en\":\"Tartus District\"}',1);
INSERT INTO `__PREFIX__subadmin2` (`code`, `country_code`, `subadmin1_code`, `name`, `active`) VALUES ('SY.11.163532','SY','SY.11','{\"en\":\"Talkalakh District\"}',1);
INSERT INTO `__PREFIX__subadmin2` (`code`, `country_code`, `subadmin1_code`, `name`, `active`) VALUES ('SY.05.164625','SY','SY.05','{\"en\":\"Shahba District\"}',1);
INSERT INTO `__PREFIX__subadmin2` (`code`, `country_code`, `subadmin1_code`, `name`, `active`) VALUES ('SY.05.164916','SY','SY.05','{\"en\":\"Salkhad District\"}',1);
INSERT INTO `__PREFIX__subadmin2` (`code`, `country_code`, `subadmin1_code`, `name`, `active`) VALUES ('SY.10.164946','SY','SY.10','{\"en\":\"Al-Salamiyah District\"}',1);
INSERT INTO `__PREFIX__subadmin2` (`code`, `country_code`, `subadmin1_code`, `name`, `active`) VALUES ('SY.14.165059','SY','SY.14','{\"en\":\"Safita District\"}',1);
INSERT INTO `__PREFIX__subadmin2` (`code`, `country_code`, `subadmin1_code`, `name`, `active`) VALUES ('SY.08.165928','SY','SY.08','{\"en\":\"Qatana District\"}',1);
INSERT INTO `__PREFIX__subadmin2` (`code`, `country_code`, `subadmin1_code`, `name`, `active`) VALUES ('SY.10.167044','SY','SY.10','{\"en\":\"Masyaf District\"}',1);
INSERT INTO `__PREFIX__subadmin2` (`code`, `country_code`, `subadmin1_code`, `name`, `active`) VALUES ('SY.09.167355','SY','SY.09','{\"en\":\"Manbij District\"}',1);
INSERT INTO `__PREFIX__subadmin2` (`code`, `country_code`, `subadmin1_code`, `name`, `active`) VALUES ('SY.12.167610','SY','SY.12','{\"en\":\"Maarrat al-Nu\'man District\"}',1);
INSERT INTO `__PREFIX__subadmin2` (`code`, `country_code`, `subadmin1_code`, `name`, `active`) VALUES ('SY.12.169022','SY','SY.12','{\"en\":\"Jisr al-Shughur District\"}',1);
INSERT INTO `__PREFIX__subadmin2` (`code`, `country_code`, `subadmin1_code`, `name`, `active`) VALUES ('SY.09.169178','SY','SY.09','{\"en\":\"Jarabulus District\"}',1);
INSERT INTO `__PREFIX__subadmin2` (`code`, `country_code`, `subadmin1_code`, `name`, `active`) VALUES ('SY.02.169303','SY','SY.02','{\"en\":\"Jableh District\"}',1);
INSERT INTO `__PREFIX__subadmin2` (`code`, `country_code`, `subadmin1_code`, `name`, `active`) VALUES ('SY.09.169326','SY','SY.09','{\"en\":\"Mount Simeon District\"}',1);
INSERT INTO `__PREFIX__subadmin2` (`code`, `country_code`, `subadmin1_code`, `name`, `active`) VALUES ('SY.06.169339','SY','SY.06','{\"en\":\"Izra District\"}',1);
INSERT INTO `__PREFIX__subadmin2` (`code`, `country_code`, `subadmin1_code`, `name`, `active`) VALUES ('SY.12.169388','SY','SY.12','{\"en\":\"Idlib District\"}',1);
INSERT INTO `__PREFIX__subadmin2` (`code`, `country_code`, `subadmin1_code`, `name`, `active`) VALUES ('SY.11.169576','SY','SY.11','{\"en\":\"Homs District\"}',1);
INSERT INTO `__PREFIX__subadmin2` (`code`, `country_code`, `subadmin1_code`, `name`, `active`) VALUES ('SY.12.169865','SY','SY.12','{\"en\":\"Harem District\"}',1);
INSERT INTO `__PREFIX__subadmin2` (`code`, `country_code`, `subadmin1_code`, `name`, `active`) VALUES ('SY.10.170016','SY','SY.10','{\"en\":\"Hama District\"}',1);
INSERT INTO `__PREFIX__subadmin2` (`code`, `country_code`, `subadmin1_code`, `name`, `active`) VALUES ('SY.08.170590','SY','SY.08','{\"en\":\"Douma District\"}',1);
INSERT INTO `__PREFIX__subadmin2` (`code`, `country_code`, `subadmin1_code`, `name`, `active`) VALUES ('SY.13.170653','SY','SY.13','{\"en\":\"Minţaqat Dimashq\"}',1);
INSERT INTO `__PREFIX__subadmin2` (`code`, `country_code`, `subadmin1_code`, `name`, `active`) VALUES ('SY.01.170665','SY','SY.01','{\"en\":\"Al-Malikiyah District\"}',1);
INSERT INTO `__PREFIX__subadmin2` (`code`, `country_code`, `subadmin1_code`, `name`, `active`) VALUES ('SY.07.170793','SY','SY.07','{\"en\":\"Deir ez-Zor District\"}',1);
INSERT INTO `__PREFIX__subadmin2` (`code`, `country_code`, `subadmin1_code`, `name`, `active`) VALUES ('SY.06.170904','SY','SY.06','{\"en\":\"Daraa District\"}',1);
INSERT INTO `__PREFIX__subadmin2` (`code`, `country_code`, `subadmin1_code`, `name`, `active`) VALUES ('SY.14.171829','SY','SY.14','{\"en\":\"Baniyas District\"}',1);
INSERT INTO `__PREFIX__subadmin2` (`code`, `country_code`, `subadmin1_code`, `name`, `active`) VALUES ('SY.03.172039','SY','SY.03','{\"en\":\"Fiq District\"}',1);
INSERT INTO `__PREFIX__subadmin2` (`code`, `country_code`, `subadmin1_code`, `name`, `active`) VALUES ('SY.08.172060','SY','SY.08','{\"en\":\"Al-Zabadani District\"}',1);
INSERT INTO `__PREFIX__subadmin2` (`code`, `country_code`, `subadmin1_code`, `name`, `active`) VALUES ('SY.09.172081','SY','SY.09','{\"en\":\"Azaz District\"}',1);
INSERT INTO `__PREFIX__subadmin2` (`code`, `country_code`, `subadmin1_code`, `name`, `active`) VALUES ('SY.09.172255','SY','SY.09','{\"en\":\"Ayn al-Arab District\"}',1);
INSERT INTO `__PREFIX__subadmin2` (`code`, `country_code`, `subadmin1_code`, `name`, `active`) VALUES ('SY.08.172350','SY','SY.08','{\"en\":\"Al-Tall District\"}',1);
INSERT INTO `__PREFIX__subadmin2` (`code`, `country_code`, `subadmin1_code`, `name`, `active`) VALUES ('SY.05.172409','SY','SY.05','{\"en\":\"As-Suwayda District\"}',1);
INSERT INTO `__PREFIX__subadmin2` (`code`, `country_code`, `subadmin1_code`, `name`, `active`) VALUES ('SY.11.172947','SY','SY.11','{\"en\":\"Al-Rastan District\"}',1);
INSERT INTO `__PREFIX__subadmin2` (`code`, `country_code`, `subadmin1_code`, `name`, `active`) VALUES ('SY.04.172956','SY','SY.04','{\"en\":\"Ar-Raqqah District\"}',1);
INSERT INTO `__PREFIX__subadmin2` (`code`, `country_code`, `subadmin1_code`, `name`, `active`) VALUES ('SY.08.173194','SY','SY.08','{\"en\":\"Al-Nabk District\"}',1);
INSERT INTO `__PREFIX__subadmin2` (`code`, `country_code`, `subadmin1_code`, `name`, `active`) VALUES ('SY.08.173313','SY','SY.08','{\"en\":\"Al-Qutayfah District\"}',1);
INSERT INTO `__PREFIX__subadmin2` (`code`, `country_code`, `subadmin1_code`, `name`, `active`) VALUES ('SY.11.173324','SY','SY.11','{\"en\":\"Al-Qusayr District\"}',1);
INSERT INTO `__PREFIX__subadmin2` (`code`, `country_code`, `subadmin1_code`, `name`, `active`) VALUES ('SY.03.173335','SY','SY.03','{\"en\":\"Quneitra District\"}',1);
INSERT INTO `__PREFIX__subadmin2` (`code`, `country_code`, `subadmin1_code`, `name`, `active`) VALUES ('SY.02.173365','SY','SY.02','{\"en\":\"Qardaha District\"}',1);
INSERT INTO `__PREFIX__subadmin2` (`code`, `country_code`, `subadmin1_code`, `name`, `active`) VALUES ('SY.01.173378','SY','SY.01','{\"en\":\"Al-Qamishli District\"}',1);
INSERT INTO `__PREFIX__subadmin2` (`code`, `country_code`, `subadmin1_code`, `name`, `active`) VALUES ('SY.11.173435','SY','SY.11','{\"en\":\"Al-Mukharram District\"}',1);
INSERT INTO `__PREFIX__subadmin2` (`code`, `country_code`, `subadmin1_code`, `name`, `active`) VALUES ('SY.07.173481','SY','SY.07','{\"en\":\"Mayadin District\"}',1);
INSERT INTO `__PREFIX__subadmin2` (`code`, `country_code`, `subadmin1_code`, `name`, `active`) VALUES ('SY.02.173577','SY','SY.02','{\"en\":\"Latakia District\"}',1);
INSERT INTO `__PREFIX__subadmin2` (`code`, `country_code`, `subadmin1_code`, `name`, `active`) VALUES ('SY.01.173812','SY','SY.01','{\"en\":\"Al-Hasakah District\"}',1);
INSERT INTO `__PREFIX__subadmin2` (`code`, `country_code`, `subadmin1_code`, `name`, `active`) VALUES ('SY.02.173857','SY','SY.02','{\"en\":\"Al-Haffah District\"}',1);
INSERT INTO `__PREFIX__subadmin2` (`code`, `country_code`, `subadmin1_code`, `name`, `active`) VALUES ('SY.10.173885','SY','SY.10','{\"en\":\"Al-Suqaylabiyah District\"}',1);
INSERT INTO `__PREFIX__subadmin2` (`code`, `country_code`, `subadmin1_code`, `name`, `active`) VALUES ('SY.09.174019','SY','SY.09','{\"en\":\"Al-Bab District\"}',1);
INSERT INTO `__PREFIX__subadmin2` (`code`, `country_code`, `subadmin1_code`, `name`, `active`) VALUES ('SY.09.174184','SY','SY.09','{\"en\":\"Afrin District\"}',1);
INSERT INTO `__PREFIX__subadmin2` (`code`, `country_code`, `subadmin1_code`, `name`, `active`) VALUES ('SY.07.174447','SY','SY.07','{\"en\":\"Abu Kamal District\"}',1);
INSERT INTO `__PREFIX__subadmin2` (`code`, `country_code`, `subadmin1_code`, `name`, `active`) VALUES ('SY.11.7895145','SY','SY.11','{\"en\":\"Tadmur District\"}',1);
INSERT INTO `__PREFIX__subadmin2` (`code`, `country_code`, `subadmin1_code`, `name`, `active`) VALUES ('SY.01.7895146','SY','SY.01','{\"en\":\"Ras al-Ayn District\"}',1);
INSERT INTO `__PREFIX__subadmin2` (`code`, `country_code`, `subadmin1_code`, `name`, `active`) VALUES ('SY.08.7895152','SY','SY.08','{\"en\":\"Yabrud District\"}',1);
INSERT INTO `__PREFIX__subadmin2` (`code`, `country_code`, `subadmin1_code`, `name`, `active`) VALUES ('SY.04.7905857','SY','SY.04','{\"en\":\"Tell Abyad District\"}',1);
INSERT INTO `__PREFIX__subadmin2` (`code`, `country_code`, `subadmin1_code`, `name`, `active`) VALUES ('SY.14.8276858','SY','SY.14','{\"en\":\"Duraykish District\"}',1);
INSERT INTO `__PREFIX__subadmin2` (`code`, `country_code`, `subadmin1_code`, `name`, `active`) VALUES ('SY.14.8276859','SY','SY.14','{\"en\":\"Al-Shaykh Badr District\"}',1);
INSERT INTO `__PREFIX__subadmin2` (`code`, `country_code`, `subadmin1_code`, `name`, `active`) VALUES ('SY.10.8276860','SY','SY.10','{\"en\":\"Mhardeh District\"}',1);
INSERT INTO `__PREFIX__subadmin2` (`code`, `country_code`, `subadmin1_code`, `name`, `active`) VALUES ('SY.09.8276861','SY','SY.09','{\"en\":\"Al-Safira District\"}',1);
INSERT INTO `__PREFIX__subadmin2` (`code`, `country_code`, `subadmin1_code`, `name`, `active`) VALUES ('SY.08.8276862','SY','SY.08','{\"en\":\"Darayya District\"}',1);
INSERT INTO `__PREFIX__subadmin2` (`code`, `country_code`, `subadmin1_code`, `name`, `active`) VALUES ('SY.06.8276863','SY','SY.06','{\"en\":\"Al-Sanamayn District\"}',1);
INSERT INTO `__PREFIX__subadmin2` (`code`, `country_code`, `subadmin1_code`, `name`, `active`) VALUES ('SY.04.8276864','SY','SY.04','{\"en\":\"Al-Thawrah District\"}',1);
INSERT INTO `__PREFIX__subadmin2` (`code`, `country_code`, `subadmin1_code`, `name`, `active`) VALUES ('SY.12.8537261','SY','SY.12','{\"en\":\"Ariha District\"}',1);
INSERT INTO `__PREFIX__subadmin2` (`code`, `country_code`, `subadmin1_code`, `name`, `active`) VALUES ('SY.08.8540234','SY','SY.08','{\"en\":\"Markaz Rif Dimashq District\"}',1);
/*!40000 ALTER TABLE `__PREFIX__subadmin2` ENABLE KEYS */;

--
-- Dumping data for table `__PREFIX__cities`
--

/*!40000 ALTER TABLE `__PREFIX__cities` DISABLE KEYS */;
INSERT INTO `__PREFIX__cities` (`country_code`, `name`, `longitude`, `latitude`, `feature_class`, `feature_code`, `subadmin1_code`, `subadmin2_code`, `population`, `time_zone`, `active`, `created_at`, `updated_at`) VALUES ('SY','{\"en\":\"Yabrūd\"}',36.66,33.97,'P','PPLA2','SY.08',NULL,40502,'Asia/Damascus',1,'2020-06-09 23:00:00','2020-06-09 23:00:00');
INSERT INTO `__PREFIX__cities` (`country_code`, `name`, `longitude`, `latitude`, `feature_class`, `feature_code`, `subadmin1_code`, `subadmin2_code`, `population`, `time_zone`, `active`, `created_at`, `updated_at`) VALUES ('SY','{\"en\":\"Ţayyibat al Imām\"}',36.71,35.27,'P','PPL','SY.10',NULL,29259,'Asia/Damascus',1,'2020-06-09 23:00:00','2020-06-09 23:00:00');
INSERT INTO `__PREFIX__cities` (`country_code`, `name`, `longitude`, `latitude`, `feature_class`, `feature_code`, `subadmin1_code`, `subadmin2_code`, `population`, `time_zone`, `active`, `created_at`, `updated_at`) VALUES ('SY','{\"en\":\"Ţarţūs\"}',35.89,34.89,'P','PPLA','SY.14',NULL,89457,'Asia/Damascus',1,'2020-07-07 23:00:00','2020-07-07 23:00:00');
INSERT INTO `__PREFIX__cities` (`country_code`, `name`, `longitude`, `latitude`, `feature_class`, `feature_code`, `subadmin1_code`, `subadmin2_code`, `population`, `time_zone`, `active`, `created_at`, `updated_at`) VALUES ('SY','{\"en\":\"Tall Rif‘at\"}',37.09,36.47,'P','PPLA3','SY.09',NULL,25658,'Asia/Damascus',1,'2020-06-09 23:00:00','2020-06-09 23:00:00');
INSERT INTO `__PREFIX__cities` (`country_code`, `name`, `longitude`, `latitude`, `feature_class`, `feature_code`, `subadmin1_code`, `subadmin2_code`, `population`, `time_zone`, `active`, `created_at`, `updated_at`) VALUES ('SY','{\"en\":\"Tallkalakh\"}',36.26,34.67,'P','PPLA2','SY.11',NULL,29754,'Asia/Damascus',1,'2013-09-05 23:00:00','2013-09-05 23:00:00');
INSERT INTO `__PREFIX__cities` (`country_code`, `name`, `longitude`, `latitude`, `feature_class`, `feature_code`, `subadmin1_code`, `subadmin2_code`, `population`, `time_zone`, `active`, `created_at`, `updated_at`) VALUES ('SY','{\"en\":\"Tallbīsah\"}',36.73,34.84,'P','PPLA3','SY.11',NULL,38491,'Asia/Damascus',1,'2020-06-09 23:00:00','2020-06-09 23:00:00');
INSERT INTO `__PREFIX__cities` (`country_code`, `name`, `longitude`, `latitude`, `feature_class`, `feature_code`, `subadmin1_code`, `subadmin2_code`, `population`, `time_zone`, `active`, `created_at`, `updated_at`) VALUES ('SY','{\"en\":\"Ţafas\"}',36.07,32.74,'P','PPL','SY.06',NULL,31249,'Asia/Damascus',1,'2020-06-09 23:00:00','2020-06-09 23:00:00');
INSERT INTO `__PREFIX__cities` (`country_code`, `name`, `longitude`, `latitude`, `feature_class`, `feature_code`, `subadmin1_code`, `subadmin2_code`, `population`, `time_zone`, `active`, `created_at`, `updated_at`) VALUES ('SY','{\"en\":\"Tadmur\"}',38.28,34.56,'P','PPLA2','SY.11',NULL,51015,'Asia/Damascus',1,'2017-02-08 23:00:00','2017-02-08 23:00:00');
INSERT INTO `__PREFIX__cities` (`country_code`, `name`, `longitude`, `latitude`, `feature_class`, `feature_code`, `subadmin1_code`, `subadmin2_code`, `population`, `time_zone`, `active`, `created_at`, `updated_at`) VALUES ('SY','{\"en\":\"Tādif\"}',37.53,36.35,'P','PPLA3','SY.09',NULL,34670,'Asia/Damascus',1,'2020-06-09 23:00:00','2020-06-09 23:00:00');
INSERT INTO `__PREFIX__cities` (`country_code`, `name`, `longitude`, `latitude`, `feature_class`, `feature_code`, `subadmin1_code`, `subadmin2_code`, `population`, `time_zone`, `active`, `created_at`, `updated_at`) VALUES ('SY','{\"en\":\"Şūrān\"}',36.75,35.29,'P','PPLA3','SY.10',NULL,30716,'Asia/Damascus',1,'2020-07-07 23:00:00','2020-07-07 23:00:00');
INSERT INTO `__PREFIX__cities` (`country_code`, `name`, `longitude`, `latitude`, `feature_class`, `feature_code`, `subadmin1_code`, `subadmin2_code`, `population`, `time_zone`, `active`, `created_at`, `updated_at`) VALUES ('SY','{\"en\":\"Subaykhān\"}',40.60,34.85,'P','PPL','SY.07',NULL,25514,'Asia/Damascus',1,'2020-06-09 23:00:00','2020-06-09 23:00:00');
INSERT INTO `__PREFIX__cities` (`country_code`, `name`, `longitude`, `latitude`, `feature_class`, `feature_code`, `subadmin1_code`, `subadmin2_code`, `population`, `time_zone`, `active`, `created_at`, `updated_at`) VALUES ('SY','{\"en\":\"Shaykh Miskīn\"}',36.16,32.83,'P','PPLA3','SY.06',NULL,25920,'Asia/Damascus',1,'2021-01-06 23:00:00','2021-01-06 23:00:00');
INSERT INTO `__PREFIX__cities` (`country_code`, `name`, `longitude`, `latitude`, `feature_class`, `feature_code`, `subadmin1_code`, `subadmin2_code`, `population`, `time_zone`, `active`, `created_at`, `updated_at`) VALUES ('SY','{\"en\":\"Shahbā\"}',36.63,32.85,'P','PPLA2','SY.05',NULL,14784,'Asia/Damascus',1,'2021-02-04 23:00:00','2021-02-04 23:00:00');
INSERT INTO `__PREFIX__cities` (`country_code`, `name`, `longitude`, `latitude`, `feature_class`, `feature_code`, `subadmin1_code`, `subadmin2_code`, `population`, `time_zone`, `active`, `created_at`, `updated_at`) VALUES ('SY','{\"en\":\"Sarāqib\"}',36.81,35.86,'P','PPLA3','SY.12',NULL,34231,'Asia/Damascus',1,'2020-06-09 23:00:00','2020-06-09 23:00:00');
INSERT INTO `__PREFIX__cities` (`country_code`, `name`, `longitude`, `latitude`, `feature_class`, `feature_code`, `subadmin1_code`, `subadmin2_code`, `population`, `time_zone`, `active`, `created_at`, `updated_at`) VALUES ('SY','{\"en\":\"Salqīn\"}',36.45,36.14,'P','PPLA3','SY.12',NULL,31608,'Asia/Damascus',1,'2020-06-09 23:00:00','2020-06-09 23:00:00');
INSERT INTO `__PREFIX__cities` (`country_code`, `name`, `longitude`, `latitude`, `feature_class`, `feature_code`, `subadmin1_code`, `subadmin2_code`, `population`, `time_zone`, `active`, `created_at`, `updated_at`) VALUES ('SY','{\"en\":\"As Salamīyah\"}',37.05,35.01,'P','PPLA2','SY.10',NULL,94887,'Asia/Damascus',1,'2020-06-09 23:00:00','2020-06-09 23:00:00');
INSERT INTO `__PREFIX__cities` (`country_code`, `name`, `longitude`, `latitude`, `feature_class`, `feature_code`, `subadmin1_code`, `subadmin2_code`, `population`, `time_zone`, `active`, `created_at`, `updated_at`) VALUES ('SY','{\"en\":\"Şalākhid\"}',36.57,32.87,'P','PPL','SY.05',NULL,12842,'Asia/Damascus',1,'2021-02-04 23:00:00','2021-02-04 23:00:00');
INSERT INTO `__PREFIX__cities` (`country_code`, `name`, `longitude`, `latitude`, `feature_class`, `feature_code`, `subadmin1_code`, `subadmin2_code`, `population`, `time_zone`, `active`, `created_at`, `updated_at`) VALUES ('SY','{\"en\":\"Şāfītā\"}',36.12,34.82,'P','PPLA2','SY.14',NULL,27815,'Asia/Damascus',1,'2020-07-07 23:00:00','2020-07-07 23:00:00');
INSERT INTO `__PREFIX__cities` (`country_code`, `name`, `longitude`, `latitude`, `feature_class`, `feature_code`, `subadmin1_code`, `subadmin2_code`, `population`, `time_zone`, `active`, `created_at`, `updated_at`) VALUES ('SY','{\"en\":\"Qaţanā\"}',36.08,33.44,'P','PPLA2','SY.08',NULL,18511,'Asia/Damascus',1,'2020-06-09 23:00:00','2020-06-09 23:00:00');
INSERT INTO `__PREFIX__cities` (`country_code`, `name`, `longitude`, `latitude`, `feature_class`, `feature_code`, `subadmin1_code`, `subadmin2_code`, `population`, `time_zone`, `active`, `created_at`, `updated_at`) VALUES ('SY','{\"en\":\"Jāsim\"}',36.06,32.99,'P','PPLA3','SY.06',NULL,30283,'Asia/Damascus',1,'2021-01-06 23:00:00','2021-01-06 23:00:00');
INSERT INTO `__PREFIX__cities` (`country_code`, `name`, `longitude`, `latitude`, `feature_class`, `feature_code`, `subadmin1_code`, `subadmin2_code`, `population`, `time_zone`, `active`, `created_at`, `updated_at`) VALUES ('SY','{\"en\":\"Qārah\"}',36.74,34.16,'P','PPL','SY.08',NULL,20656,'Asia/Damascus',1,'2020-06-09 23:00:00','2020-06-09 23:00:00');
INSERT INTO `__PREFIX__cities` (`country_code`, `name`, `longitude`, `latitude`, `feature_class`, `feature_code`, `subadmin1_code`, `subadmin2_code`, `population`, `time_zone`, `active`, `created_at`, `updated_at`) VALUES ('SY','{\"en\":\"Nubl\"}',36.99,36.38,'P','PPLA3','SY.09',NULL,25546,'Asia/Damascus',1,'2013-09-05 23:00:00','2013-09-05 23:00:00');
INSERT INTO `__PREFIX__cities` (`country_code`, `name`, `longitude`, `latitude`, `feature_class`, `feature_code`, `subadmin1_code`, `subadmin2_code`, `population`, `time_zone`, `active`, `created_at`, `updated_at`) VALUES ('SY','{\"en\":\"Mūrak\"}',36.69,35.38,'P','PPL','SY.10',NULL,14307,'Asia/Damascus',1,'2015-03-12 23:00:00','2015-03-12 23:00:00');
INSERT INTO `__PREFIX__cities` (`country_code`, `name`, `longitude`, `latitude`, `feature_class`, `feature_code`, `subadmin1_code`, `subadmin2_code`, `population`, `time_zone`, `active`, `created_at`, `updated_at`) VALUES ('SY','{\"en\":\"Mukharram al Fawqānī\"}',37.09,34.82,'P','PPLA2','SY.11',NULL,9112,'Asia/Damascus',1,'2020-06-09 23:00:00','2020-06-09 23:00:00');
INSERT INTO `__PREFIX__cities` (`country_code`, `name`, `longitude`, `latitude`, `feature_class`, `feature_code`, `subadmin1_code`, `subadmin2_code`, `population`, `time_zone`, `active`, `created_at`, `updated_at`) VALUES ('SY','{\"en\":\"Maşyāf\"}',36.34,35.07,'P','PPLA2','SY.10',NULL,32262,'Asia/Damascus',1,'2020-06-09 23:00:00','2020-06-09 23:00:00');
INSERT INTO `__PREFIX__cities` (`country_code`, `name`, `longitude`, `latitude`, `feature_class`, `feature_code`, `subadmin1_code`, `subadmin2_code`, `population`, `time_zone`, `active`, `created_at`, `updated_at`) VALUES ('SY','{\"en\":\"Manbij\"}',37.95,36.53,'P','PPLA2','SY.09','SY.09.167355',99497,'Asia/Damascus',1,'2018-10-12 23:00:00','2018-10-12 23:00:00');
INSERT INTO `__PREFIX__cities` (`country_code`, `name`, `longitude`, `latitude`, `feature_class`, `feature_code`, `subadmin1_code`, `subadmin2_code`, `population`, `time_zone`, `active`, `created_at`, `updated_at`) VALUES ('SY','{\"en\":\"Ma‘arratmişrīn\"}',36.67,36.01,'P','PPLA3','SY.12',NULL,32163,'Asia/Damascus',1,'2020-06-09 23:00:00','2020-06-09 23:00:00');
INSERT INTO `__PREFIX__cities` (`country_code`, `name`, `longitude`, `latitude`, `feature_class`, `feature_code`, `subadmin1_code`, `subadmin2_code`, `population`, `time_zone`, `active`, `created_at`, `updated_at`) VALUES ('SY','{\"en\":\"Khān Shaykhūn\"}',36.65,35.44,'P','PPLA3','SY.12',NULL,48975,'Asia/Damascus',1,'2020-06-09 23:00:00','2020-06-09 23:00:00');
INSERT INTO `__PREFIX__cities` (`country_code`, `name`, `longitude`, `latitude`, `feature_class`, `feature_code`, `subadmin1_code`, `subadmin2_code`, `population`, `time_zone`, `active`, `created_at`, `updated_at`) VALUES ('SY','{\"en\":\"Kafr Zaytā\"}',36.60,35.37,'P','PPLA3','SY.10',NULL,21845,'Asia/Damascus',1,'2020-06-09 23:00:00','2020-06-09 23:00:00');
INSERT INTO `__PREFIX__cities` (`country_code`, `name`, `longitude`, `latitude`, `feature_class`, `feature_code`, `subadmin1_code`, `subadmin2_code`, `population`, `time_zone`, `active`, `created_at`, `updated_at`) VALUES ('SY','{\"en\":\"Kafr Takhārīm\"}',36.52,36.12,'P','PPLA3','SY.12',NULL,22436,'Asia/Damascus',1,'2020-06-09 23:00:00','2020-06-09 23:00:00');
INSERT INTO `__PREFIX__cities` (`country_code`, `name`, `longitude`, `latitude`, `feature_class`, `feature_code`, `subadmin1_code`, `subadmin2_code`, `population`, `time_zone`, `active`, `created_at`, `updated_at`) VALUES ('SY','{\"en\":\"Kafranbel\"}',36.56,35.61,'P','PPLA3','SY.12','SY.12.167610',45652,'Asia/Damascus',1,'2017-10-29 23:00:00','2017-10-29 23:00:00');
INSERT INTO `__PREFIX__cities` (`country_code`, `name`, `longitude`, `latitude`, `feature_class`, `feature_code`, `subadmin1_code`, `subadmin2_code`, `population`, `time_zone`, `active`, `created_at`, `updated_at`) VALUES ('SY','{\"en\":\"Kafr Lāhā\"}',36.50,34.89,'P','PPL','SY.11',NULL,21819,'Asia/Damascus',1,'2020-06-09 23:00:00','2020-06-09 23:00:00');
INSERT INTO `__PREFIX__cities` (`country_code`, `name`, `longitude`, `latitude`, `feature_class`, `feature_code`, `subadmin1_code`, `subadmin2_code`, `population`, `time_zone`, `active`, `created_at`, `updated_at`) VALUES ('SY','{\"en\":\"Jisr ash Shughūr\"}',36.32,35.81,'P','PPLA2','SY.12',NULL,39311,'Asia/Damascus',1,'2020-06-09 23:00:00','2020-06-09 23:00:00');
INSERT INTO `__PREFIX__cities` (`country_code`, `name`, `longitude`, `latitude`, `feature_class`, `feature_code`, `subadmin1_code`, `subadmin2_code`, `population`, `time_zone`, `active`, `created_at`, `updated_at`) VALUES ('SY','{\"en\":\"Jayrūd\"}',36.74,33.81,'P','PPLA3','SY.08',NULL,32352,'Asia/Damascus',1,'2020-06-09 23:00:00','2020-06-09 23:00:00');
INSERT INTO `__PREFIX__cities` (`country_code`, `name`, `longitude`, `latitude`, `feature_class`, `feature_code`, `subadmin1_code`, `subadmin2_code`, `population`, `time_zone`, `active`, `created_at`, `updated_at`) VALUES ('SY','{\"en\":\"Jarābulus\"}',38.01,36.82,'P','PPLA2','SY.09',NULL,24997,'Asia/Damascus',1,'2018-01-23 23:00:00','2018-01-23 23:00:00');
INSERT INTO `__PREFIX__cities` (`country_code`, `name`, `longitude`, `latitude`, `feature_class`, `feature_code`, `subadmin1_code`, `subadmin2_code`, `population`, `time_zone`, `active`, `created_at`, `updated_at`) VALUES ('SY','{\"en\":\"Jablah\"}',35.93,35.36,'P','PPLA2','SY.02',NULL,65915,'Asia/Damascus',1,'2013-05-06 23:00:00','2013-05-06 23:00:00');
INSERT INTO `__PREFIX__cities` (`country_code`, `name`, `longitude`, `latitude`, `feature_class`, `feature_code`, `subadmin1_code`, `subadmin2_code`, `population`, `time_zone`, `active`, `created_at`, `updated_at`) VALUES ('SY','{\"en\":\"Izra‘\"}',36.25,32.87,'P','PPLA2','SY.06',NULL,13882,'Asia/Damascus',1,'2021-01-06 23:00:00','2021-01-06 23:00:00');
INSERT INTO `__PREFIX__cities` (`country_code`, `name`, `longitude`, `latitude`, `feature_class`, `feature_code`, `subadmin1_code`, `subadmin2_code`, `population`, `time_zone`, `active`, `created_at`, `updated_at`) VALUES ('SY','{\"en\":\"‘Irbīn\"}',36.37,33.54,'P','PPLA3','SY.08',NULL,42474,'Asia/Damascus',1,'2020-06-09 23:00:00','2020-06-09 23:00:00');
INSERT INTO `__PREFIX__cities` (`country_code`, `name`, `longitude`, `latitude`, `feature_class`, `feature_code`, `subadmin1_code`, `subadmin2_code`, `population`, `time_zone`, `active`, `created_at`, `updated_at`) VALUES ('SY','{\"en\":\"Inkhil\"}',36.13,33.02,'P','PPL','SY.06',NULL,29076,'Asia/Damascus',1,'2016-11-04 23:00:00','2016-11-04 23:00:00');
INSERT INTO `__PREFIX__cities` (`country_code`, `name`, `longitude`, `latitude`, `feature_class`, `feature_code`, `subadmin1_code`, `subadmin2_code`, `population`, `time_zone`, `active`, `created_at`, `updated_at`) VALUES ('SY','{\"en\":\"Idlib\"}',36.63,35.93,'P','PPLA','SY.12',NULL,128840,'Asia/Damascus',1,'2012-01-16 23:00:00','2012-01-16 23:00:00');
INSERT INTO `__PREFIX__cities` (`country_code`, `name`, `longitude`, `latitude`, `feature_class`, `feature_code`, `subadmin1_code`, `subadmin2_code`, `population`, `time_zone`, `active`, `created_at`, `updated_at`) VALUES ('SY','{\"en\":\"Homs\"}',36.72,34.73,'P','PPLA','SY.11',NULL,775404,'Asia/Damascus',1,'2019-09-04 23:00:00','2019-09-04 23:00:00');
INSERT INTO `__PREFIX__cities` (`country_code`, `name`, `longitude`, `latitude`, `feature_class`, `feature_code`, `subadmin1_code`, `subadmin2_code`, `population`, `time_zone`, `active`, `created_at`, `updated_at`) VALUES ('SY','{\"en\":\"Ḩarastā\"}',36.37,33.56,'P','PPLA3','SY.08',NULL,37348,'Asia/Damascus',1,'2020-06-09 23:00:00','2020-06-09 23:00:00');
INSERT INTO `__PREFIX__cities` (`country_code`, `name`, `longitude`, `latitude`, `feature_class`, `feature_code`, `subadmin1_code`, `subadmin2_code`, `population`, `time_zone`, `active`, `created_at`, `updated_at`) VALUES ('SY','{\"en\":\"Ḩamāh\"}',36.76,35.13,'P','PPLA','SY.10',NULL,460602,'Asia/Damascus',1,'2020-06-09 23:00:00','2020-06-09 23:00:00');
INSERT INTO `__PREFIX__cities` (`country_code`, `name`, `longitude`, `latitude`, `feature_class`, `feature_code`, `subadmin1_code`, `subadmin2_code`, `population`, `time_zone`, `active`, `created_at`, `updated_at`) VALUES ('SY','{\"en\":\"Ḩalfāyā\"}',36.61,35.26,'P','PPL','SY.10',NULL,23403,'Asia/Damascus',1,'2017-10-29 23:00:00','2017-10-29 23:00:00');
INSERT INTO `__PREFIX__cities` (`country_code`, `name`, `longitude`, `latitude`, `feature_class`, `feature_code`, `subadmin1_code`, `subadmin2_code`, `population`, `time_zone`, `active`, `created_at`, `updated_at`) VALUES ('SY','{\"en\":\"Aleppo\"}',37.16,36.20,'P','PPLA','SY.09',NULL,1602264,'Asia/Damascus',1,'2019-09-04 23:00:00','2019-09-04 23:00:00');
INSERT INTO `__PREFIX__cities` (`country_code`, `name`, `longitude`, `latitude`, `feature_class`, `feature_code`, `subadmin1_code`, `subadmin2_code`, `population`, `time_zone`, `active`, `created_at`, `updated_at`) VALUES ('SY','{\"en\":\"Ad Duraykīsh\"}',36.14,34.90,'P','PPLA2','SY.14',NULL,11918,'Asia/Damascus',1,'2020-06-09 23:00:00','2020-06-09 23:00:00');
INSERT INTO `__PREFIX__cities` (`country_code`, `name`, `longitude`, `latitude`, `feature_class`, `feature_code`, `subadmin1_code`, `subadmin2_code`, `population`, `time_zone`, `active`, `created_at`, `updated_at`) VALUES ('SY','{\"en\":\"Dūmā\"}',36.40,33.57,'P','PPLA2','SY.08',NULL,111864,'Asia/Damascus',1,'2020-07-27 23:00:00','2020-07-27 23:00:00');
INSERT INTO `__PREFIX__cities` (`country_code`, `name`, `longitude`, `latitude`, `feature_class`, `feature_code`, `subadmin1_code`, `subadmin2_code`, `population`, `time_zone`, `active`, `created_at`, `updated_at`) VALUES ('SY','{\"en\":\"Damascus\"}',36.29,33.51,'P','PPLC','SY.13',NULL,1569394,'Asia/Damascus',1,'2019-09-04 23:00:00','2019-09-04 23:00:00');
INSERT INTO `__PREFIX__cities` (`country_code`, `name`, `longitude`, `latitude`, `feature_class`, `feature_code`, `subadmin1_code`, `subadmin2_code`, `population`, `time_zone`, `active`, `created_at`, `updated_at`) VALUES ('SY','{\"en\":\"Dayr Ḩāfir\"}',37.71,36.16,'P','PPLA3','SY.09',NULL,28905,'Asia/Damascus',1,'2012-01-16 23:00:00','2012-01-16 23:00:00');
INSERT INTO `__PREFIX__cities` (`country_code`, `name`, `longitude`, `latitude`, `feature_class`, `feature_code`, `subadmin1_code`, `subadmin2_code`, `population`, `time_zone`, `active`, `created_at`, `updated_at`) VALUES ('SY','{\"en\":\"Deir ez-Zor\"}',40.14,35.34,'P','PPLA','SY.07',NULL,242565,'Asia/Damascus',1,'2017-01-09 23:00:00','2017-01-09 23:00:00');
INSERT INTO `__PREFIX__cities` (`country_code`, `name`, `longitude`, `latitude`, `feature_class`, `feature_code`, `subadmin1_code`, `subadmin2_code`, `population`, `time_zone`, `active`, `created_at`, `updated_at`) VALUES ('SY','{\"en\":\"Dayr al ‘Aşāfīr\"}',36.42,33.47,'P','PPL','SY.08',NULL,6209,'Asia/Damascus',1,'2016-11-12 23:00:00','2016-11-12 23:00:00');
INSERT INTO `__PREFIX__cities` (`country_code`, `name`, `longitude`, `latitude`, `feature_class`, `feature_code`, `subadmin1_code`, `subadmin2_code`, `population`, `time_zone`, `active`, `created_at`, `updated_at`) VALUES ('SY','{\"en\":\"Ad Darbāsīyah\"}',40.65,37.07,'P','PPLA3','SY.01',NULL,21481,'Asia/Damascus',1,'2020-06-09 23:00:00','2020-06-09 23:00:00');
INSERT INTO `__PREFIX__cities` (`country_code`, `name`, `longitude`, `latitude`, `feature_class`, `feature_code`, `subadmin1_code`, `subadmin2_code`, `population`, `time_zone`, `active`, `created_at`, `updated_at`) VALUES ('SY','{\"en\":\"Dārayyā\"}',36.23,33.46,'P','PPLA2','SY.08',NULL,71596,'Asia/Damascus',1,'2020-06-09 23:00:00','2020-06-09 23:00:00');
INSERT INTO `__PREFIX__cities` (`country_code`, `name`, `longitude`, `latitude`, `feature_class`, `feature_code`, `subadmin1_code`, `subadmin2_code`, `population`, `time_zone`, `active`, `created_at`, `updated_at`) VALUES ('SY','{\"en\":\"Dar‘ā\"}',36.10,32.62,'P','PPLA','SY.06',NULL,97969,'Asia/Damascus',1,'2020-06-09 23:00:00','2020-06-09 23:00:00');
INSERT INTO `__PREFIX__cities` (`country_code`, `name`, `longitude`, `latitude`, `feature_class`, `feature_code`, `subadmin1_code`, `subadmin2_code`, `population`, `time_zone`, `active`, `created_at`, `updated_at`) VALUES ('SY','{\"en\":\"Buq‘ātā\"}',35.78,33.20,'P','PPL','SY.03',NULL,6528,'Asia/Damascus',1,'2020-04-21 23:00:00','2020-04-21 23:00:00');
INSERT INTO `__PREFIX__cities` (`country_code`, `name`, `longitude`, `latitude`, `feature_class`, `feature_code`, `subadmin1_code`, `subadmin2_code`, `population`, `time_zone`, `active`, `created_at`, `updated_at`) VALUES ('SY','{\"en\":\"Binnish\"}',36.71,35.96,'P','PPLA3','SY.12',NULL,30354,'Asia/Damascus',1,'2013-09-05 23:00:00','2013-09-05 23:00:00');
INSERT INTO `__PREFIX__cities` (`country_code`, `name`, `longitude`, `latitude`, `feature_class`, `feature_code`, `subadmin1_code`, `subadmin2_code`, `population`, `time_zone`, `active`, `created_at`, `updated_at`) VALUES ('SY','{\"en\":\"Batabo\"}',36.74,36.13,'P','PPL','SY.09',NULL,25560,'Asia/Damascus',1,'2020-09-01 23:00:00','2020-09-01 23:00:00');
INSERT INTO `__PREFIX__cities` (`country_code`, `name`, `longitude`, `latitude`, `feature_class`, `feature_code`, `subadmin1_code`, `subadmin2_code`, `population`, `time_zone`, `active`, `created_at`, `updated_at`) VALUES ('SY','{\"en\":\"Bāniyās\"}',35.95,35.18,'P','PPLA2','SY.14',NULL,39066,'Asia/Damascus',1,'2012-01-16 23:00:00','2012-01-16 23:00:00');
INSERT INTO `__PREFIX__cities` (`country_code`, `name`, `longitude`, `latitude`, `feature_class`, `feature_code`, `subadmin1_code`, `subadmin2_code`, `population`, `time_zone`, `active`, `created_at`, `updated_at`) VALUES ('SY','{\"en\":\"Az Zabadānī\"}',36.10,33.72,'P','PPLA2','SY.08',NULL,29549,'Asia/Damascus',1,'2020-06-09 23:00:00','2020-06-09 23:00:00');
INSERT INTO `__PREFIX__cities` (`country_code`, `name`, `longitude`, `latitude`, `feature_class`, `feature_code`, `subadmin1_code`, `subadmin2_code`, `population`, `time_zone`, `active`, `created_at`, `updated_at`) VALUES ('SY','{\"en\":\"I‘zāz\"}',37.05,36.59,'P','PPLA2','SY.09',NULL,66138,'Asia/Damascus',1,'2016-12-21 23:00:00','2016-12-21 23:00:00');
INSERT INTO `__PREFIX__cities` (`country_code`, `name`, `longitude`, `latitude`, `feature_class`, `feature_code`, `subadmin1_code`, `subadmin2_code`, `population`, `time_zone`, `active`, `created_at`, `updated_at`) VALUES ('SY','{\"en\":\"‘Ayn al ‘Arab\"}',38.35,36.89,'P','PPLA2','SY.09',NULL,50000,'Asia/Damascus',1,'2021-12-05 23:00:00','2021-12-05 23:00:00');
INSERT INTO `__PREFIX__cities` (`country_code`, `name`, `longitude`, `latitude`, `feature_class`, `feature_code`, `subadmin1_code`, `subadmin2_code`, `population`, `time_zone`, `active`, `created_at`, `updated_at`) VALUES ('SY','{\"en\":\"At Tall\"}',36.31,33.61,'P','PPLA2','SY.08',NULL,55561,'Asia/Damascus',1,'2016-11-30 23:00:00','2016-11-30 23:00:00');
INSERT INTO `__PREFIX__cities` (`country_code`, `name`, `longitude`, `latitude`, `feature_class`, `feature_code`, `subadmin1_code`, `subadmin2_code`, `population`, `time_zone`, `active`, `created_at`, `updated_at`) VALUES ('SY','{\"en\":\"Ath Thawrah\"}',38.55,35.84,'P','PPLA2','SY.04',NULL,87880,'Asia/Damascus',1,'2017-01-02 23:00:00','2017-01-02 23:00:00');
INSERT INTO `__PREFIX__cities` (`country_code`, `name`, `longitude`, `latitude`, `feature_class`, `feature_code`, `subadmin1_code`, `subadmin2_code`, `population`, `time_zone`, `active`, `created_at`, `updated_at`) VALUES ('SY','{\"en\":\"As-Suwayda\"}',36.57,32.71,'P','PPLA','SY.05',NULL,59052,'Asia/Damascus',1,'2019-05-20 23:00:00','2019-05-20 23:00:00');
INSERT INTO `__PREFIX__cities` (`country_code`, `name`, `longitude`, `latitude`, `feature_class`, `feature_code`, `subadmin1_code`, `subadmin2_code`, `population`, `time_zone`, `active`, `created_at`, `updated_at`) VALUES ('SY','{\"en\":\"Aş Şanamayn\"}',36.18,33.07,'P','PPLA2','SY.06',NULL,25702,'Asia/Damascus',1,'2020-06-09 23:00:00','2020-06-09 23:00:00');
INSERT INTO `__PREFIX__cities` (`country_code`, `name`, `longitude`, `latitude`, `feature_class`, `feature_code`, `subadmin1_code`, `subadmin2_code`, `population`, `time_zone`, `active`, `created_at`, `updated_at`) VALUES ('SY','{\"en\":\"As Safīrah\"}',37.37,36.08,'P','PPLA2','SY.09','SY.09.8276861',63708,'Asia/Damascus',1,'2020-06-09 23:00:00','2020-06-09 23:00:00');
INSERT INTO `__PREFIX__cities` (`country_code`, `name`, `longitude`, `latitude`, `feature_class`, `feature_code`, `subadmin1_code`, `subadmin2_code`, `population`, `time_zone`, `active`, `created_at`, `updated_at`) VALUES ('SY','{\"en\":\"Ar Rastan\"}',36.73,34.93,'P','PPLA2','SY.11',NULL,53152,'Asia/Damascus',1,'2017-02-02 23:00:00','2017-02-02 23:00:00');
INSERT INTO `__PREFIX__cities` (`country_code`, `name`, `longitude`, `latitude`, `feature_class`, `feature_code`, `subadmin1_code`, `subadmin2_code`, `population`, `time_zone`, `active`, `created_at`, `updated_at`) VALUES ('SY','{\"en\":\"Ar Raqqah\"}',39.01,35.95,'P','PPLA','SY.04',NULL,177636,'Asia/Damascus',1,'2017-07-20 23:00:00','2017-07-20 23:00:00');
INSERT INTO `__PREFIX__cities` (`country_code`, `name`, `longitude`, `latitude`, `feature_class`, `feature_code`, `subadmin1_code`, `subadmin2_code`, `population`, `time_zone`, `active`, `created_at`, `updated_at`) VALUES ('SY','{\"en\":\"An Nabk\"}',36.73,34.02,'P','PPLA2','SY.08',NULL,49372,'Asia/Damascus',1,'2017-02-02 23:00:00','2017-02-02 23:00:00');
INSERT INTO `__PREFIX__cities` (`country_code`, `name`, `longitude`, `latitude`, `feature_class`, `feature_code`, `subadmin1_code`, `subadmin2_code`, `population`, `time_zone`, `active`, `created_at`, `updated_at`) VALUES ('SY','{\"en\":\"Al Ghanţū\"}',36.70,34.82,'P','PPL','SY.11',NULL,9412,'Asia/Damascus',1,'2020-06-09 23:00:00','2020-06-09 23:00:00');
INSERT INTO `__PREFIX__cities` (`country_code`, `name`, `longitude`, `latitude`, `feature_class`, `feature_code`, `subadmin1_code`, `subadmin2_code`, `population`, `time_zone`, `active`, `created_at`, `updated_at`) VALUES ('SY','{\"en\":\"Al Quţayfah\"}',36.60,33.74,'P','PPLA2','SY.08',NULL,16118,'Asia/Damascus',1,'2020-06-09 23:00:00','2020-06-09 23:00:00');
INSERT INTO `__PREFIX__cities` (`country_code`, `name`, `longitude`, `latitude`, `feature_class`, `feature_code`, `subadmin1_code`, `subadmin2_code`, `population`, `time_zone`, `active`, `created_at`, `updated_at`) VALUES ('SY','{\"en\":\"Al Quşayr\"}',36.58,34.51,'P','PPLA2','SY.11',NULL,41062,'Asia/Damascus',1,'2020-06-09 23:00:00','2020-06-09 23:00:00');
INSERT INTO `__PREFIX__cities` (`country_code`, `name`, `longitude`, `latitude`, `feature_class`, `feature_code`, `subadmin1_code`, `subadmin2_code`, `population`, `time_zone`, `active`, `created_at`, `updated_at`) VALUES ('SY','{\"en\":\"Al Qunayţirah\"}',35.82,33.13,'P','PPLA','SY.03',NULL,36143,'Asia/Damascus',1,'2020-06-09 23:00:00','2020-06-09 23:00:00');
INSERT INTO `__PREFIX__cities` (`country_code`, `name`, `longitude`, `latitude`, `feature_class`, `feature_code`, `subadmin1_code`, `subadmin2_code`, `population`, `time_zone`, `active`, `created_at`, `updated_at`) VALUES ('SY','{\"en\":\"Al Qaryatayn\"}',37.24,34.23,'P','PPLA3','SY.11',NULL,31748,'Asia/Damascus',1,'2017-01-10 23:00:00','2017-01-10 23:00:00');
INSERT INTO `__PREFIX__cities` (`country_code`, `name`, `longitude`, `latitude`, `feature_class`, `feature_code`, `subadmin1_code`, `subadmin2_code`, `population`, `time_zone`, `active`, `created_at`, `updated_at`) VALUES ('SY','{\"en\":\"Al Mayādīn\"}',40.45,35.02,'P','PPLA2','SY.07',NULL,54534,'Asia/Damascus',1,'2020-06-09 23:00:00','2020-06-09 23:00:00');
INSERT INTO `__PREFIX__cities` (`country_code`, `name`, `longitude`, `latitude`, `feature_class`, `feature_code`, `subadmin1_code`, `subadmin2_code`, `population`, `time_zone`, `active`, `created_at`, `updated_at`) VALUES ('SY','{\"en\":\"Latakia\"}',35.79,35.53,'P','PPLA','SY.02',NULL,340181,'Asia/Damascus',1,'2019-09-04 23:00:00','2019-09-04 23:00:00');
INSERT INTO `__PREFIX__cities` (`country_code`, `name`, `longitude`, `latitude`, `feature_class`, `feature_code`, `subadmin1_code`, `subadmin2_code`, `population`, `time_zone`, `active`, `created_at`, `updated_at`) VALUES ('SY','{\"en\":\"Al Kiswah\"}',36.24,33.36,'P','PPLA3','SY.08',NULL,23526,'Asia/Damascus',1,'2016-12-10 23:00:00','2016-12-10 23:00:00');
INSERT INTO `__PREFIX__cities` (`country_code`, `name`, `longitude`, `latitude`, `feature_class`, `feature_code`, `subadmin1_code`, `subadmin2_code`, `population`, `time_zone`, `active`, `created_at`, `updated_at`) VALUES ('SY','{\"en\":\"Al Ḩasakah\"}',40.75,36.50,'P','PPLA','SY.01',NULL,81539,'Asia/Damascus',1,'2020-06-09 23:00:00','2020-06-09 23:00:00');
INSERT INTO `__PREFIX__cities` (`country_code`, `name`, `longitude`, `latitude`, `feature_class`, `feature_code`, `subadmin1_code`, `subadmin2_code`, `population`, `time_zone`, `active`, `created_at`, `updated_at`) VALUES ('SY','{\"en\":\"Al Ḩirāk\"}',36.31,32.75,'P','PPLA3','SY.06',NULL,23784,'Asia/Damascus',1,'2021-01-06 23:00:00','2021-01-06 23:00:00');
INSERT INTO `__PREFIX__cities` (`country_code`, `name`, `longitude`, `latitude`, `feature_class`, `feature_code`, `subadmin1_code`, `subadmin2_code`, `population`, `time_zone`, `active`, `created_at`, `updated_at`) VALUES ('SY','{\"en\":\"Al Bāb\"}',37.52,36.37,'P','PPLA2','SY.09',NULL,130745,'Asia/Damascus',1,'2015-06-06 23:00:00','2015-06-06 23:00:00');
INSERT INTO `__PREFIX__cities` (`country_code`, `name`, `longitude`, `latitude`, `feature_class`, `feature_code`, `subadmin1_code`, `subadmin2_code`, `population`, `time_zone`, `active`, `created_at`, `updated_at`) VALUES ('SY','{\"en\":\"‘Afrīn\"}',36.87,36.51,'P','PPLA2','SY.09',NULL,48693,'Asia/Damascus',1,'2020-06-09 23:00:00','2020-06-09 23:00:00');
INSERT INTO `__PREFIX__cities` (`country_code`, `name`, `longitude`, `latitude`, `feature_class`, `feature_code`, `subadmin1_code`, `subadmin2_code`, `population`, `time_zone`, `active`, `created_at`, `updated_at`) VALUES ('SY','{\"en\":\"Ad Dānā\"}',36.77,36.21,'P','PPLA3','SY.12',NULL,21987,'Asia/Damascus',1,'2017-06-05 23:00:00','2017-06-05 23:00:00');
INSERT INTO `__PREFIX__cities` (`country_code`, `name`, `longitude`, `latitude`, `feature_class`, `feature_code`, `subadmin1_code`, `subadmin2_code`, `population`, `time_zone`, `active`, `created_at`, `updated_at`) VALUES ('SY','{\"en\":\"Ālbū Kamāl\"}',40.92,34.45,'P','PPLA2','SY.07',NULL,57572,'Asia/Damascus',1,'2020-06-09 23:00:00','2020-06-09 23:00:00');
INSERT INTO `__PREFIX__cities` (`country_code`, `name`, `longitude`, `latitude`, `feature_class`, `feature_code`, `subadmin1_code`, `subadmin2_code`, `population`, `time_zone`, `active`, `created_at`, `updated_at`) VALUES ('SY','{\"en\":\"Hajīn\"}',40.83,34.70,'P','PPLA3','SY.07',NULL,29237,'Asia/Damascus',1,'2020-06-09 23:00:00','2020-06-09 23:00:00');
INSERT INTO `__PREFIX__cities` (`country_code`, `name`, `longitude`, `latitude`, `feature_class`, `feature_code`, `subadmin1_code`, `subadmin2_code`, `population`, `time_zone`, `active`, `created_at`, `updated_at`) VALUES ('SY','{\"en\":\"Tremseh\"}',36.50,35.27,'P','PPL','SY.10',NULL,6927,'Asia/Damascus',1,'2014-11-13 23:00:00','2014-11-13 23:00:00');
/*!40000 ALTER TABLE `__PREFIX__cities` ENABLE KEYS */;
/*!40103 SET TIME_ZONE=@OLD_TIME_ZONE */;

/*!40101 SET SQL_MODE=@OLD_SQL_MODE */;
/*!40014 SET FOREIGN_KEY_CHECKS=@OLD_FOREIGN_KEY_CHECKS */;
/*!40014 SET UNIQUE_CHECKS=@OLD_UNIQUE_CHECKS */;
/*!40101 SET CHARACTER_SET_CLIENT=@OLD_CHARACTER_SET_CLIENT */;
/*!40101 SET CHARACTER_SET_RESULTS=@OLD_CHARACTER_SET_RESULTS */;
/*!40101 SET COLLATION_CONNECTION=@OLD_COLLATION_CONNECTION */;
/*!40111 SET SQL_NOTES=@OLD_SQL_NOTES */;

-- Dump completed
