-- MySQL dump 10.13  Distrib 5.7.34, for osx10.12 (x86_64)
--
-- Host: 127.0.0.1    Database: laraclassifier
-- ------------------------------------------------------
-- Server version	5.7.34

/*!40101 SET @OLD_CHARACTER_SET_CLIENT=@@CHARACTER_SET_CLIENT */;
/*!40101 SET @OLD_CHARACTER_SET_RESULTS=@@CHARACTER_SET_RESULTS */;
/*!40101 SET @OLD_COLLATION_CONNECTION=@@COLLATION_CONNECTION */;
/*!40101 SET NAMES utf8 */;
/*!40103 SET @OLD_TIME_ZONE=@@TIME_ZONE */;
/*!40103 SET TIME_ZONE='+00:00' */;
/*!40014 SET @OLD_UNIQUE_CHECKS=@@UNIQUE_CHECKS, UNIQUE_CHECKS=0 */;
/*!40014 SET @OLD_FOREIGN_KEY_CHECKS=@@FOREIGN_KEY_CHECKS, FOREIGN_KEY_CHECKS=0 */;
/*!40101 SET @OLD_SQL_MODE=@@SQL_MODE, SQL_MODE='NO_AUTO_VALUE_ON_ZERO' */;
/*!40111 SET @OLD_SQL_NOTES=@@SQL_NOTES, SQL_NOTES=0 */;

--
-- Dumping data for table `__PREFIX__subadmin1`
--

/*!40000 ALTER TABLE `__PREFIX__subadmin1` DISABLE KEYS */;
INSERT INTO `__PREFIX__subadmin1` (`code`, `country_code`, `name`, `active`) VALUES ('TN.37','TN','{\"en\":\"Zaghwān\"}',1);
INSERT INTO `__PREFIX__subadmin1` (`code`, `country_code`, `name`, `active`) VALUES ('TN.36','TN','{\"en\":\"Tūnis\"}',1);
INSERT INTO `__PREFIX__subadmin1` (`code`, `country_code`, `name`, `active`) VALUES ('TN.35','TN','{\"en\":\"Tawzar\"}',1);
INSERT INTO `__PREFIX__subadmin1` (`code`, `country_code`, `name`, `active`) VALUES ('TN.34','TN','{\"en\":\"Tataouine\"}',1);
INSERT INTO `__PREFIX__subadmin1` (`code`, `country_code`, `name`, `active`) VALUES ('TN.23','TN','{\"en\":\"Sūsah\"}',1);
INSERT INTO `__PREFIX__subadmin1` (`code`, `country_code`, `name`, `active`) VALUES ('TN.22','TN','{\"en\":\"Silyānah\"}',1);
INSERT INTO `__PREFIX__subadmin1` (`code`, `country_code`, `name`, `active`) VALUES ('TN.33','TN','{\"en\":\"Sīdī Bū Zayd\"}',1);
INSERT INTO `__PREFIX__subadmin1` (`code`, `country_code`, `name`, `active`) VALUES ('TN.32','TN','{\"en\":\"Şafāqis\"}',1);
INSERT INTO `__PREFIX__subadmin1` (`code`, `country_code`, `name`, `active`) VALUES ('TN.31','TN','{\"en\":\"Qibilī\"}',1);
INSERT INTO `__PREFIX__subadmin1` (`code`, `country_code`, `name`, `active`) VALUES ('TN.30','TN','{\"en\":\"Gafsa\"}',1);
INSERT INTO `__PREFIX__subadmin1` (`code`, `country_code`, `name`, `active`) VALUES ('TN.29','TN','{\"en\":\"Qābis\"}',1);
INSERT INTO `__PREFIX__subadmin1` (`code`, `country_code`, `name`, `active`) VALUES ('TN.19','TN','{\"en\":\"Nābul\"}',1);
INSERT INTO `__PREFIX__subadmin1` (`code`, `country_code`, `name`, `active`) VALUES ('TN.28','TN','{\"en\":\"Madanīn\"}',1);
INSERT INTO `__PREFIX__subadmin1` (`code`, `country_code`, `name`, `active`) VALUES ('TN.06','TN','{\"en\":\"Jundūbah\"}',1);
INSERT INTO `__PREFIX__subadmin1` (`code`, `country_code`, `name`, `active`) VALUES ('TN.27','TN','{\"en\":\"Bin ‘Arūs\"}',1);
INSERT INTO `__PREFIX__subadmin1` (`code`, `country_code`, `name`, `active`) VALUES ('TN.18','TN','{\"en\":\"Banzart\"}',1);
INSERT INTO `__PREFIX__subadmin1` (`code`, `country_code`, `name`, `active`) VALUES ('TN.17','TN','{\"en\":\"Bājah\"}',1);
INSERT INTO `__PREFIX__subadmin1` (`code`, `country_code`, `name`, `active`) VALUES ('TN.38','TN','{\"en\":\"Ariana\"}',1);
INSERT INTO `__PREFIX__subadmin1` (`code`, `country_code`, `name`, `active`) VALUES ('TN.03','TN','{\"en\":\"Kairouan\"}',1);
INSERT INTO `__PREFIX__subadmin1` (`code`, `country_code`, `name`, `active`) VALUES ('TN.02','TN','{\"en\":\"Al Qaşrayn\"}',1);
INSERT INTO `__PREFIX__subadmin1` (`code`, `country_code`, `name`, `active`) VALUES ('TN.16','TN','{\"en\":\"Al Munastīr\"}',1);
INSERT INTO `__PREFIX__subadmin1` (`code`, `country_code`, `name`, `active`) VALUES ('TN.15','TN','{\"en\":\"Al Mahdīyah\"}',1);
INSERT INTO `__PREFIX__subadmin1` (`code`, `country_code`, `name`, `active`) VALUES ('TN.14','TN','{\"en\":\"Kef\"}',1);
INSERT INTO `__PREFIX__subadmin1` (`code`, `country_code`, `name`, `active`) VALUES ('TN.39','TN','{\"en\":\"Manouba\"}',1);
/*!40000 ALTER TABLE `__PREFIX__subadmin1` ENABLE KEYS */;

--
-- Dumping data for table `__PREFIX__subadmin2`
--

/*!40000 ALTER TABLE `__PREFIX__subadmin2` DISABLE KEYS */;
INSERT INTO `__PREFIX__subadmin2` (`code`, `country_code`, `subadmin1_code`, `name`, `active`) VALUES ('TN.37.1651','TN','TN.37','{\"en\":\"Zaghouan\"}',1);
INSERT INTO `__PREFIX__subadmin2` (`code`, `country_code`, `subadmin1_code`, `name`, `active`) VALUES ('TN.36.1152','TN','TN.36','{\"en\":\"Délégation de la Médina\"}',1);
INSERT INTO `__PREFIX__subadmin2` (`code`, `country_code`, `subadmin1_code`, `name`, `active`) VALUES ('TN.35.6251','TN','TN.35','{\"en\":\"Tozeur\"}',1);
INSERT INTO `__PREFIX__subadmin2` (`code`, `country_code`, `subadmin1_code`, `name`, `active`) VALUES ('TN.34.5351','TN','TN.34','{\"en\":\"Tataouine Nord\"}',1);
INSERT INTO `__PREFIX__subadmin2` (`code`, `country_code`, `subadmin1_code`, `name`, `active`) VALUES ('TN.17.2157','TN','TN.17','{\"en\":\"Testour\"}',1);
INSERT INTO `__PREFIX__subadmin2` (`code`, `country_code`, `subadmin1_code`, `name`, `active`) VALUES ('TN.02.4259','TN','TN.02','{\"en\":\"Thala\"}',1);
INSERT INTO `__PREFIX__subadmin2` (`code`, `country_code`, `subadmin1_code`, `name`, `active`) VALUES ('TN.14.2355','TN','TN.14','{\"en\":\"Tajerouine\"}',1);
INSERT INTO `__PREFIX__subadmin2` (`code`, `country_code`, `subadmin1_code`, `name`, `active`) VALUES ('TN.17.2155','TN','TN.17','{\"en\":\"Teboursouk\"}',1);
INSERT INTO `__PREFIX__subadmin2` (`code`, `country_code`, `subadmin1_code`, `name`, `active`) VALUES ('TN.39.1457','TN','TN.39','{\"en\":\"Tebourba\"}',1);
INSERT INTO `__PREFIX__subadmin2` (`code`, `country_code`, `subadmin1_code`, `name`, `active`) VALUES ('TN.06.2254','TN','TN.06','{\"en\":\"Tabarka\"}',1);
INSERT INTO `__PREFIX__subadmin2` (`code`, `country_code`, `subadmin1_code`, `name`, `active`) VALUES ('TN.23.3151','TN','TN.23','{\"en\":\"Sousse Médina\"}',1);
INSERT INTO `__PREFIX__subadmin2` (`code`, `country_code`, `subadmin1_code`, `name`, `active`) VALUES ('TN.19.1561','TN','TN.19','{\"en\":\"Soliman\"}',1);
INSERT INTO `__PREFIX__subadmin2` (`code`, `country_code`, `subadmin1_code`, `name`, `active`) VALUES ('TN.02.4255','TN','TN.02','{\"en\":\"Sbeitla\"}',1);
INSERT INTO `__PREFIX__subadmin2` (`code`, `country_code`, `subadmin1_code`, `name`, `active`) VALUES ('TN.03.4154','TN','TN.03','{\"en\":\"Sbikha\"}',1);
INSERT INTO `__PREFIX__subadmin2` (`code`, `country_code`, `subadmin1_code`, `name`, `active`) VALUES ('TN.22.2452','TN','TN.22','{\"en\":\"Siliana Sud\"}',1);
INSERT INTO `__PREFIX__subadmin2` (`code`, `country_code`, `subadmin1_code`, `name`, `active`) VALUES ('TN.03.4161','TN','TN.03','{\"en\":\"Bouhajla\"}',1);
INSERT INTO `__PREFIX__subadmin2` (`code`, `country_code`, `subadmin1_code`, `name`, `active`) VALUES ('TN.33.4351','TN','TN.33','{\"en\":\"Sidi Bouzid Ouest\"}',1);
INSERT INTO `__PREFIX__subadmin2` (`code`, `country_code`, `subadmin1_code`, `name`, `active`) VALUES ('TN.03.4159','TN','TN.03','{\"en\":\"Nasrallah\"}',1);
INSERT INTO `__PREFIX__subadmin2` (`code`, `country_code`, `subadmin1_code`, `name`, `active`) VALUES ('TN.15.3354','TN','TN.15','{\"en\":\"Chorbane\"}',1);
INSERT INTO `__PREFIX__subadmin2` (`code`, `country_code`, `subadmin1_code`, `name`, `active`) VALUES ('TN.15.3356','TN','TN.15','{\"en\":\"Souassi\"}',1);
INSERT INTO `__PREFIX__subadmin2` (`code`, `country_code`, `subadmin1_code`, `name`, `active`) VALUES ('TN.14.2354','TN','TN.14','{\"en\":\"Sakiet Sidi Youssef\"}',1);
INSERT INTO `__PREFIX__subadmin2` (`code`, `country_code`, `subadmin1_code`, `name`, `active`) VALUES ('TN.32.3451','TN','TN.32','{\"en\":\"Sfax Ville\"}',1);
INSERT INTO `__PREFIX__subadmin2` (`code`, `country_code`, `subadmin1_code`, `name`, `active`) VALUES ('TN.30.6156','TN','TN.30','{\"en\":\"Mu‘tamadīyat ar Rudayyif\"}',1);
INSERT INTO `__PREFIX__subadmin2` (`code`, `country_code`, `subadmin1_code`, `name`, `active`) VALUES ('TN.33.4361','TN','TN.33','{\"en\":\"Regueb\"}',1);
INSERT INTO `__PREFIX__subadmin2` (`code`, `country_code`, `subadmin1_code`, `name`, `active`) VALUES ('TN.18.1764','TN','TN.18','{\"en\":\"Mu‘tamadīyat Ra’s al Jabal\"}',1);
INSERT INTO `__PREFIX__subadmin2` (`code`, `country_code`, `subadmin1_code`, `name`, `active`) VALUES ('TN.34.5357','TN','TN.34','{\"en\":\"Remada\"}',1);
INSERT INTO `__PREFIX__subadmin2` (`code`, `country_code`, `subadmin1_code`, `name`, `active`) VALUES ('TN.15.3361','TN','TN.15','{\"en\":\"Ksour Essaf\"}',1);
INSERT INTO `__PREFIX__subadmin2` (`code`, `country_code`, `subadmin1_code`, `name`, `active`) VALUES ('TN.19.1564','TN','TN.19','{\"en\":\"Grombalia\"}',1);
INSERT INTO `__PREFIX__subadmin2` (`code`, `country_code`, `subadmin1_code`, `name`, `active`) VALUES ('TN.19.1554','TN','TN.19','{\"en\":\"Korba\"}',1);
INSERT INTO `__PREFIX__subadmin2` (`code`, `country_code`, `subadmin1_code`, `name`, `active`) VALUES ('TN.19.1557','TN','TN.19','{\"en\":\"Mu‘tamadīyat Qulaybīyah\"}',1);
INSERT INTO `__PREFIX__subadmin2` (`code`, `country_code`, `subadmin1_code`, `name`, `active`) VALUES ('TN.31.6351','TN','TN.31','{\"en\":\"Délégation de Kébili Sud\"}',1);
INSERT INTO `__PREFIX__subadmin2` (`code`, `country_code`, `subadmin1_code`, `name`, `active`) VALUES ('TN.30.6159','TN','TN.30','{\"en\":\"El Guetar\"}',1);
INSERT INTO `__PREFIX__subadmin2` (`code`, `country_code`, `subadmin1_code`, `name`, `active`) VALUES ('TN.32.3466','TN','TN.32','{\"en\":\"Kerkennah\"}',1);
INSERT INTO `__PREFIX__subadmin2` (`code`, `country_code`, `subadmin1_code`, `name`, `active`) VALUES ('TN.37.1654','TN','TN.37','{\"en\":\"El Fahs\"}',1);
INSERT INTO `__PREFIX__subadmin2` (`code`, `country_code`, `subadmin1_code`, `name`, `active`) VALUES ('TN.23.3157','TN','TN.23','{\"en\":\"Kalaa Kebira\"}',1);
INSERT INTO `__PREFIX__subadmin2` (`code`, `country_code`, `subadmin1_code`, `name`, `active`) VALUES ('TN.22.2454','TN','TN.22','{\"en\":\"Gaafour\"}',1);
INSERT INTO `__PREFIX__subadmin2` (`code`, `country_code`, `subadmin1_code`, `name`, `active`) VALUES ('TN.29.5151','TN','TN.29','{\"en\":\"Délégation de Gabès Ville\"}',1);
INSERT INTO `__PREFIX__subadmin2` (`code`, `country_code`, `subadmin1_code`, `name`, `active`) VALUES ('TN.35.6254','TN','TN.35','{\"en\":\"Nefta\"}',1);
INSERT INTO `__PREFIX__subadmin2` (`code`, `country_code`, `subadmin1_code`, `name`, `active`) VALUES ('TN.23.3160','TN','TN.23','{\"en\":\"Mu‘tamadīyat an Nafīḑah\"}',1);
INSERT INTO `__PREFIX__subadmin2` (`code`, `country_code`, `subadmin1_code`, `name`, `active`) VALUES ('TN.19.1551','TN','TN.19','{\"en\":\"Nabeul\"}',1);
INSERT INTO `__PREFIX__subadmin2` (`code`, `country_code`, `subadmin1_code`, `name`, `active`) VALUES ('TN.16.3258','TN','TN.16','{\"en\":\"Moknine\"}',1);
INSERT INTO `__PREFIX__subadmin2` (`code`, `country_code`, `subadmin1_code`, `name`, `active`) VALUES ('TN.33.4358','TN','TN.33','{\"en\":\"Meknassy\"}',1);
INSERT INTO `__PREFIX__subadmin2` (`code`, `country_code`, `subadmin1_code`, `name`, `active`) VALUES ('TN.30.6157','TN','TN.30','{\"en\":\"Metlaoui\"}',1);
INSERT INTO `__PREFIX__subadmin2` (`code`, `country_code`, `subadmin1_code`, `name`, `active`) VALUES ('TN.33.4360','TN','TN.33','{\"en\":\"Mezzouna\"}',1);
INSERT INTO `__PREFIX__subadmin2` (`code`, `country_code`, `subadmin1_code`, `name`, `active`) VALUES ('TN.29.5158','TN','TN.29','{\"en\":\"Matmata\"}',1);
INSERT INTO `__PREFIX__subadmin2` (`code`, `country_code`, `subadmin1_code`, `name`, `active`) VALUES ('TN.18.1756','TN','TN.18','{\"en\":\"Mateur\"}',1);
INSERT INTO `__PREFIX__subadmin2` (`code`, `country_code`, `subadmin1_code`, `name`, `active`) VALUES ('TN.23.3164','TN','TN.23','{\"en\":\"Délégation de M’saken\"}',1);
INSERT INTO `__PREFIX__subadmin2` (`code`, `country_code`, `subadmin1_code`, `name`, `active`) VALUES ('TN.29.5160','TN','TN.29','{\"en\":\"Mareth\"}',1);
INSERT INTO `__PREFIX__subadmin2` (`code`, `country_code`, `subadmin1_code`, `name`, `active`) VALUES ('TN.19.1555','TN','TN.19','{\"en\":\"Menzel Temime\"}',1);
INSERT INTO `__PREFIX__subadmin2` (`code`, `country_code`, `subadmin1_code`, `name`, `active`) VALUES ('TN.18.1758','TN','TN.18','{\"en\":\"Mu‘tamadīyat Manzil Bū Ruqaybah\"}',1);
INSERT INTO `__PREFIX__subadmin2` (`code`, `country_code`, `subadmin1_code`, `name`, `active`) VALUES ('TN.32.3461','TN','TN.32','{\"en\":\"Menzel Chaker\"}',1);
INSERT INTO `__PREFIX__subadmin2` (`code`, `country_code`, `subadmin1_code`, `name`, `active`) VALUES ('TN.39.1451','TN','TN.39','{\"en\":\"Mu‘tamadīyat Manūbah\"}',1);
INSERT INTO `__PREFIX__subadmin2` (`code`, `country_code`, `subadmin1_code`, `name`, `active`) VALUES ('TN.22.2457','TN','TN.22','{\"en\":\"Mu‘tamadīyat Makthar\"}',1);
INSERT INTO `__PREFIX__subadmin2` (`code`, `country_code`, `subadmin1_code`, `name`, `active`) VALUES ('TN.17.2159','TN','TN.17','{\"en\":\"Medjez El Bab\"}',1);
INSERT INTO `__PREFIX__subadmin2` (`code`, `country_code`, `subadmin1_code`, `name`, `active`) VALUES ('TN.28.5252','TN','TN.28','{\"en\":\"Délégation de Médenine Sud\"}',1);
INSERT INTO `__PREFIX__subadmin2` (`code`, `country_code`, `subadmin1_code`, `name`, `active`) VALUES ('TN.06.2251','TN','TN.06','{\"en\":\"Jendouba\"}',1);
INSERT INTO `__PREFIX__subadmin2` (`code`, `country_code`, `subadmin1_code`, `name`, `active`) VALUES ('TN.28.5255','TN','TN.28','{\"en\":\"Zarzis\"}',1);
INSERT INTO `__PREFIX__subadmin2` (`code`, `country_code`, `subadmin1_code`, `name`, `active`) VALUES ('TN.16.3256','TN','TN.16','{\"en\":\"Jemmal\"}',1);
INSERT INTO `__PREFIX__subadmin2` (`code`, `country_code`, `subadmin1_code`, `name`, `active`) VALUES ('TN.32.3458','TN','TN.32','{\"en\":\"Djebeniana\"}',1);
INSERT INTO `__PREFIX__subadmin2` (`code`, `country_code`, `subadmin1_code`, `name`, `active`) VALUES ('TN.28.5256','TN','TN.28','{\"en\":\"Mu‘tamadīyat Ḩawmat as Sūq\"}',1);
INSERT INTO `__PREFIX__subadmin2` (`code`, `country_code`, `subadmin1_code`, `name`, `active`) VALUES ('TN.27.1354','TN','TN.27','{\"en\":\"Hammam Lif\"}',1);
INSERT INTO `__PREFIX__subadmin2` (`code`, `country_code`, `subadmin1_code`, `name`, `active`) VALUES ('TN.29.5157','TN','TN.29','{\"en\":\"El Hamma\"}',1);
INSERT INTO `__PREFIX__subadmin2` (`code`, `country_code`, `subadmin1_code`, `name`, `active`) VALUES ('TN.03.4158','TN','TN.03','{\"en\":\"Hajeb El Ayoun\"}',1);
INSERT INTO `__PREFIX__subadmin2` (`code`, `country_code`, `subadmin1_code`, `name`, `active`) VALUES ('TN.03.4156','TN','TN.03','{\"en\":\"Haffouz\"}',1);
INSERT INTO `__PREFIX__subadmin2` (`code`, `country_code`, `subadmin1_code`, `name`, `active`) VALUES ('TN.34.5355','TN','TN.34','{\"en\":\"Ghomrassen\"}',1);
INSERT INTO `__PREFIX__subadmin2` (`code`, `country_code`, `subadmin1_code`, `name`, `active`) VALUES ('TN.06.2257','TN','TN.06','{\"en\":\"Ghardimaou\"}',1);
INSERT INTO `__PREFIX__subadmin2` (`code`, `country_code`, `subadmin1_code`, `name`, `active`) VALUES ('TN.02.4262','TN','TN.02','{\"en\":\"Feriana\"}',1);
INSERT INTO `__PREFIX__subadmin2` (`code`, `country_code`, `subadmin1_code`, `name`, `active`) VALUES ('TN.22.2453','TN','TN.22','{\"en\":\"Bou Arada\"}',1);
INSERT INTO `__PREFIX__subadmin2` (`code`, `country_code`, `subadmin1_code`, `name`, `active`) VALUES ('TN.32.3463','TN','TN.32','{\"en\":\"Bir Ali Ben Khalifa\"}',1);
INSERT INTO `__PREFIX__subadmin2` (`code`, `country_code`, `subadmin1_code`, `name`, `active`) VALUES ('TN.18.1753','TN','TN.18','{\"en\":\"Bizerte Sud\"}',1);
INSERT INTO `__PREFIX__subadmin2` (`code`, `country_code`, `subadmin1_code`, `name`, `active`) VALUES ('TN.17.2151','TN','TN.17','{\"en\":\"Délégation de Béja Nord\"}',1);
INSERT INTO `__PREFIX__subadmin2` (`code`, `country_code`, `subadmin1_code`, `name`, `active`) VALUES ('TN.06.2255','TN','TN.06','{\"en\":\"Ain Draham\"}',1);
INSERT INTO `__PREFIX__subadmin2` (`code`, `country_code`, `subadmin1_code`, `name`, `active`) VALUES ('TN.17.2153','TN','TN.17','{\"en\":\"Amdoun\"}',1);
INSERT INTO `__PREFIX__subadmin2` (`code`, `country_code`, `subadmin1_code`, `name`, `active`) VALUES ('TN.03.4155','TN','TN.03','{\"en\":\"Oueslatia\"}',1);
INSERT INTO `__PREFIX__subadmin2` (`code`, `country_code`, `subadmin1_code`, `name`, `active`) VALUES ('TN.03.4152','TN','TN.03','{\"en\":\"Kairouan Sud\"}',1);
INSERT INTO `__PREFIX__subadmin2` (`code`, `country_code`, `subadmin1_code`, `name`, `active`) VALUES ('TN.02.4252','TN','TN.02','{\"en\":\"Kasserine Sud\"}',1);
INSERT INTO `__PREFIX__subadmin2` (`code`, `country_code`, `subadmin1_code`, `name`, `active`) VALUES ('TN.16.3251','TN','TN.16','{\"en\":\"Monastir\"}',1);
INSERT INTO `__PREFIX__subadmin2` (`code`, `country_code`, `subadmin1_code`, `name`, `active`) VALUES ('TN.29.5155','TN','TN.29','{\"en\":\"Metouia\"}',1);
INSERT INTO `__PREFIX__subadmin2` (`code`, `country_code`, `subadmin1_code`, `name`, `active`) VALUES ('TN.32.3465','TN','TN.32','{\"en\":\"Mu‘tamadīyat al Maḩras\"}',1);
INSERT INTO `__PREFIX__subadmin2` (`code`, `country_code`, `subadmin1_code`, `name`, `active`) VALUES ('TN.15.3351','TN','TN.15','{\"en\":\"Mahdia\"}',1);
INSERT INTO `__PREFIX__subadmin2` (`code`, `country_code`, `subadmin1_code`, `name`, `active`) VALUES ('TN.14.2352','TN','TN.14','{\"en\":\"Kef Est\"}',1);
INSERT INTO `__PREFIX__subadmin2` (`code`, `country_code`, `subadmin1_code`, `name`, `active`) VALUES ('TN.15.3357','TN','TN.15','{\"en\":\"El Jem\"}',1);
INSERT INTO `__PREFIX__subadmin2` (`code`, `country_code`, `subadmin1_code`, `name`, `active`) VALUES ('TN.17.2154','TN','TN.17','{\"en\":\"Nefza\"}',1);
INSERT INTO `__PREFIX__subadmin2` (`code`, `country_code`, `subadmin1_code`, `name`, `active`) VALUES ('TN.19.1566','TN','TN.19','{\"en\":\"Hammamet\"}',1);
INSERT INTO `__PREFIX__subadmin2` (`code`, `country_code`, `subadmin1_code`, `name`, `active`) VALUES ('TN.14.2359','TN','TN.14','{\"en\":\"El Ksour\"}',1);
INSERT INTO `__PREFIX__subadmin2` (`code`, `country_code`, `subadmin1_code`, `name`, `active`) VALUES ('TN.06.2259','TN','TN.06','{\"en\":\"Balta Bou Aouane\"}',1);
INSERT INTO `__PREFIX__subadmin2` (`code`, `country_code`, `subadmin1_code`, `name`, `active`) VALUES ('TN.06.2253','TN','TN.06','{\"en\":\"Bou Salem\"}',1);
INSERT INTO `__PREFIX__subadmin2` (`code`, `country_code`, `subadmin1_code`, `name`, `active`) VALUES ('TN.06.2252','TN','TN.06','{\"en\":\"Jendouba Nord\"}',1);
INSERT INTO `__PREFIX__subadmin2` (`code`, `country_code`, `subadmin1_code`, `name`, `active`) VALUES ('TN.06.2258','TN','TN.06','{\"en\":\"Oued Meliz\"}',1);
INSERT INTO `__PREFIX__subadmin2` (`code`, `country_code`, `subadmin1_code`, `name`, `active`) VALUES ('TN.28.5253','TN','TN.28','{\"en\":\"Beni Khedeche\"}',1);
INSERT INTO `__PREFIX__subadmin2` (`code`, `country_code`, `subadmin1_code`, `name`, `active`) VALUES ('TN.28.5251','TN','TN.28','{\"en\":\"Medenine Nord\"}',1);
INSERT INTO `__PREFIX__subadmin2` (`code`, `country_code`, `subadmin1_code`, `name`, `active`) VALUES ('TN.28.5259','TN','TN.28','{\"en\":\"Sidi Makhlouf\"}',1);
INSERT INTO `__PREFIX__subadmin2` (`code`, `country_code`, `subadmin1_code`, `name`, `active`) VALUES ('TN.28.5254','TN','TN.28','{\"en\":\"Ben Guerdane\"}',1);
INSERT INTO `__PREFIX__subadmin2` (`code`, `country_code`, `subadmin1_code`, `name`, `active`) VALUES ('TN.02.4257','TN','TN.02','{\"en\":\"Djedliane\"}',1);
INSERT INTO `__PREFIX__subadmin2` (`code`, `country_code`, `subadmin1_code`, `name`, `active`) VALUES ('TN.02.4258','TN','TN.02','{\"en\":\"Ayoun\"}',1);
INSERT INTO `__PREFIX__subadmin2` (`code`, `country_code`, `subadmin1_code`, `name`, `active`) VALUES ('TN.02.4256','TN','TN.02','{\"en\":\"Sbiba\"}',1);
INSERT INTO `__PREFIX__subadmin2` (`code`, `country_code`, `subadmin1_code`, `name`, `active`) VALUES ('TN.02.4260','TN','TN.02','{\"en\":\"Hidra\"}',1);
INSERT INTO `__PREFIX__subadmin2` (`code`, `country_code`, `subadmin1_code`, `name`, `active`) VALUES ('TN.02.4261','TN','TN.02','{\"en\":\"Foussana\"}',1);
INSERT INTO `__PREFIX__subadmin2` (`code`, `country_code`, `subadmin1_code`, `name`, `active`) VALUES ('TN.15.3358','TN','TN.15','{\"en\":\"Chebba\"}',1);
INSERT INTO `__PREFIX__subadmin2` (`code`, `country_code`, `subadmin1_code`, `name`, `active`) VALUES ('TN.36.1161','TN','TN.36','{\"en\":\"Sijoumi\"}',1);
INSERT INTO `__PREFIX__subadmin2` (`code`, `country_code`, `subadmin1_code`, `name`, `active`) VALUES ('TN.36.1164','TN','TN.36','{\"en\":\"Sidi Hassine\"}',1);
INSERT INTO `__PREFIX__subadmin2` (`code`, `country_code`, `subadmin1_code`, `name`, `active`) VALUES ('TN.37.1655','TN','TN.37','{\"en\":\"Nadhour\"}',1);
INSERT INTO `__PREFIX__subadmin2` (`code`, `country_code`, `subadmin1_code`, `name`, `active`) VALUES ('TN.18.1754','TN','TN.18','{\"en\":\"Sejnane\"}',1);
INSERT INTO `__PREFIX__subadmin2` (`code`, `country_code`, `subadmin1_code`, `name`, `active`) VALUES ('TN.18.1755','TN','TN.18','{\"en\":\"Joumine\"}',1);
INSERT INTO `__PREFIX__subadmin2` (`code`, `country_code`, `subadmin1_code`, `name`, `active`) VALUES ('TN.18.1757','TN','TN.18','{\"en\":\"Ghazala\"}',1);
INSERT INTO `__PREFIX__subadmin2` (`code`, `country_code`, `subadmin1_code`, `name`, `active`) VALUES ('TN.17.2152','TN','TN.17','{\"en\":\"Beja Sud\"}',1);
INSERT INTO `__PREFIX__subadmin2` (`code`, `country_code`, `subadmin1_code`, `name`, `active`) VALUES ('TN.17.2158','TN','TN.17','{\"en\":\"Goubellat\"}',1);
INSERT INTO `__PREFIX__subadmin2` (`code`, `country_code`, `subadmin1_code`, `name`, `active`) VALUES ('TN.06.2256','TN','TN.06','{\"en\":\"Fernana\"}',1);
INSERT INTO `__PREFIX__subadmin2` (`code`, `country_code`, `subadmin1_code`, `name`, `active`) VALUES ('TN.14.2351','TN','TN.14','{\"en\":\"Kef Quest\"}',1);
INSERT INTO `__PREFIX__subadmin2` (`code`, `country_code`, `subadmin1_code`, `name`, `active`) VALUES ('TN.14.2361','TN','TN.14','{\"en\":\"Es Sers\"}',1);
INSERT INTO `__PREFIX__subadmin2` (`code`, `country_code`, `subadmin1_code`, `name`, `active`) VALUES ('TN.14.2353','TN','TN.14','{\"en\":\"Nebeur\"}',1);
INSERT INTO `__PREFIX__subadmin2` (`code`, `country_code`, `subadmin1_code`, `name`, `active`) VALUES ('TN.22.2455','TN','TN.22','{\"en\":\"Elkrib\"}',1);
INSERT INTO `__PREFIX__subadmin2` (`code`, `country_code`, `subadmin1_code`, `name`, `active`) VALUES ('TN.22.2456','TN','TN.22','{\"en\":\"Bourouis\"}',1);
INSERT INTO `__PREFIX__subadmin2` (`code`, `country_code`, `subadmin1_code`, `name`, `active`) VALUES ('TN.22.2451','TN','TN.22','{\"en\":\"Siliana Nord\"}',1);
INSERT INTO `__PREFIX__subadmin2` (`code`, `country_code`, `subadmin1_code`, `name`, `active`) VALUES ('TN.38.1253','TN','TN.38','{\"en\":\"Raoued\"}',1);
INSERT INTO `__PREFIX__subadmin2` (`code`, `country_code`, `subadmin1_code`, `name`, `active`) VALUES ('TN.28.5257','TN','TN.28','{\"en\":\"Jerba Midoun\"}',1);
INSERT INTO `__PREFIX__subadmin2` (`code`, `country_code`, `subadmin1_code`, `name`, `active`) VALUES ('TN.28.5258','TN','TN.28','{\"en\":\"Jerba Ajim\"}',1);
INSERT INTO `__PREFIX__subadmin2` (`code`, `country_code`, `subadmin1_code`, `name`, `active`) VALUES ('TN.29.5156','TN','TN.29','{\"en\":\"Menzel Habib\"}',1);
INSERT INTO `__PREFIX__subadmin2` (`code`, `country_code`, `subadmin1_code`, `name`, `active`) VALUES ('TN.19.1559','TN','TN.19','{\"en\":\"El Haouaria\"}',1);
INSERT INTO `__PREFIX__subadmin2` (`code`, `country_code`, `subadmin1_code`, `name`, `active`) VALUES ('TN.19.1558','TN','TN.19','{\"en\":\"Hammam El Guezaz\"}',1);
INSERT INTO `__PREFIX__subadmin2` (`code`, `country_code`, `subadmin1_code`, `name`, `active`) VALUES ('TN.19.1560','TN','TN.19','{\"en\":\"Takelsa\"}',1);
INSERT INTO `__PREFIX__subadmin2` (`code`, `country_code`, `subadmin1_code`, `name`, `active`) VALUES ('TN.19.1556','TN','TN.19','{\"en\":\"El Mida\"}',1);
INSERT INTO `__PREFIX__subadmin2` (`code`, `country_code`, `subadmin1_code`, `name`, `active`) VALUES ('TN.19.1562','TN','TN.19','{\"en\":\"Menzel Bouzelfa\"}',1);
INSERT INTO `__PREFIX__subadmin2` (`code`, `country_code`, `subadmin1_code`, `name`, `active`) VALUES ('TN.19.1565','TN','TN.19','{\"en\":\"Bou Argoub\"}',1);
INSERT INTO `__PREFIX__subadmin2` (`code`, `country_code`, `subadmin1_code`, `name`, `active`) VALUES ('TN.19.1552','TN','TN.19','{\"en\":\"Dar Chaabane El Fehri\"}',1);
INSERT INTO `__PREFIX__subadmin2` (`code`, `country_code`, `subadmin1_code`, `name`, `active`) VALUES ('TN.19.1563','TN','TN.19','{\"en\":\"Beni Khalled\"}',1);
INSERT INTO `__PREFIX__subadmin2` (`code`, `country_code`, `subadmin1_code`, `name`, `active`) VALUES ('TN.19.1553','TN','TN.19','{\"en\":\"Beni Khiar\"}',1);
INSERT INTO `__PREFIX__subadmin2` (`code`, `country_code`, `subadmin1_code`, `name`, `active`) VALUES ('TN.23.3161','TN','TN.23','{\"en\":\"Bouficha\"}',1);
INSERT INTO `__PREFIX__subadmin2` (`code`, `country_code`, `subadmin1_code`, `name`, `active`) VALUES ('TN.16.3262','TN','TN.16','{\"en\":\"Ksibet El Mediouni\"}',1);
INSERT INTO `__PREFIX__subadmin2` (`code`, `country_code`, `subadmin1_code`, `name`, `active`) VALUES ('TN.23.3159','TN','TN.23','{\"en\":\"Hergla\"}',1);
INSERT INTO `__PREFIX__subadmin2` (`code`, `country_code`, `subadmin1_code`, `name`, `active`) VALUES ('TN.23.3158','TN','TN.23','{\"en\":\"Sidi Bou Ali\"}',1);
INSERT INTO `__PREFIX__subadmin2` (`code`, `country_code`, `subadmin1_code`, `name`, `active`) VALUES ('TN.23.3162','TN','TN.23','{\"en\":\"Kondar\"}',1);
INSERT INTO `__PREFIX__subadmin2` (`code`, `country_code`, `subadmin1_code`, `name`, `active`) VALUES ('TN.23.3163','TN','TN.23','{\"en\":\"Sidi El Hani\"}',1);
INSERT INTO `__PREFIX__subadmin2` (`code`, `country_code`, `subadmin1_code`, `name`, `active`) VALUES ('TN.23.3156','TN','TN.23','{\"en\":\"Akouda\"}',1);
INSERT INTO `__PREFIX__subadmin2` (`code`, `country_code`, `subadmin1_code`, `name`, `active`) VALUES ('TN.23.3165','TN','TN.23','{\"en\":\"Kalaa Sghira\"}',1);
INSERT INTO `__PREFIX__subadmin2` (`code`, `country_code`, `subadmin1_code`, `name`, `active`) VALUES ('TN.23.3155','TN','TN.23','{\"en\":\"Hammam Sousse\"}',1);
INSERT INTO `__PREFIX__subadmin2` (`code`, `country_code`, `subadmin1_code`, `name`, `active`) VALUES ('TN.23.3153','TN','TN.23','{\"en\":\"Sousse Jawhara\"}',1);
INSERT INTO `__PREFIX__subadmin2` (`code`, `country_code`, `subadmin1_code`, `name`, `active`) VALUES ('TN.23.3154','TN','TN.23','{\"en\":\"Sousse Sidi Abdelhamid\"}',1);
INSERT INTO `__PREFIX__subadmin2` (`code`, `country_code`, `subadmin1_code`, `name`, `active`) VALUES ('TN.23.3152','TN','TN.23','{\"en\":\"Sousse Riadh\"}',1);
INSERT INTO `__PREFIX__subadmin2` (`code`, `country_code`, `subadmin1_code`, `name`, `active`) VALUES ('TN.23.3166','TN','TN.23','{\"en\":\"Zaouia-Ksiba-Thrayet\"}',1);
INSERT INTO `__PREFIX__subadmin2` (`code`, `country_code`, `subadmin1_code`, `name`, `active`) VALUES ('TN.16.3259','TN','TN.16','{\"en\":\"Bekalta\"}',1);
INSERT INTO `__PREFIX__subadmin2` (`code`, `country_code`, `subadmin1_code`, `name`, `active`) VALUES ('TN.16.3260','TN','TN.16','{\"en\":\"Délégation de Téboulba\"}',1);
INSERT INTO `__PREFIX__subadmin2` (`code`, `country_code`, `subadmin1_code`, `name`, `active`) VALUES ('TN.16.3263','TN','TN.16','{\"en\":\"Sayada Lamta Bouhjar\"}',1);
INSERT INTO `__PREFIX__subadmin2` (`code`, `country_code`, `subadmin1_code`, `name`, `active`) VALUES ('TN.32.3452','TN','TN.32','{\"en\":\"Sfax Ouest\"}',1);
INSERT INTO `__PREFIX__subadmin2` (`code`, `country_code`, `subadmin1_code`, `name`, `active`) VALUES ('TN.32.3456','TN','TN.32','{\"en\":\"Thyna\"}',1);
INSERT INTO `__PREFIX__subadmin2` (`code`, `country_code`, `subadmin1_code`, `name`, `active`) VALUES ('TN.32.3455','TN','TN.32','{\"en\":\"Sfax Sud\"}',1);
INSERT INTO `__PREFIX__subadmin2` (`code`, `country_code`, `subadmin1_code`, `name`, `active`) VALUES ('TN.32.3453','TN','TN.32','{\"en\":\"Sakiet Ezzit\"}',1);
INSERT INTO `__PREFIX__subadmin2` (`code`, `country_code`, `subadmin1_code`, `name`, `active`) VALUES ('TN.32.3454','TN','TN.32','{\"en\":\"Sakiet Eddaier\"}',1);
INSERT INTO `__PREFIX__subadmin2` (`code`, `country_code`, `subadmin1_code`, `name`, `active`) VALUES ('TN.16.3261','TN','TN.16','{\"en\":\"Ksar Helal\"}',1);
INSERT INTO `__PREFIX__subadmin2` (`code`, `country_code`, `subadmin1_code`, `name`, `active`) VALUES ('TN.16.3253','TN','TN.16','{\"en\":\"Sahline\"}',1);
INSERT INTO `__PREFIX__subadmin2` (`code`, `country_code`, `subadmin1_code`, `name`, `active`) VALUES ('TN.16.3252','TN','TN.16','{\"en\":\"Ouerdanine\"}',1);
INSERT INTO `__PREFIX__subadmin2` (`code`, `country_code`, `subadmin1_code`, `name`, `active`) VALUES ('TN.16.3257','TN','TN.16','{\"en\":\"Bembla\"}',1);
INSERT INTO `__PREFIX__subadmin2` (`code`, `country_code`, `subadmin1_code`, `name`, `active`) VALUES ('TN.16.3254','TN','TN.16','{\"en\":\"Zeramdine\"}',1);
INSERT INTO `__PREFIX__subadmin2` (`code`, `country_code`, `subadmin1_code`, `name`, `active`) VALUES ('TN.16.3255','TN','TN.16','{\"en\":\"Beni Hassen\"}',1);
INSERT INTO `__PREFIX__subadmin2` (`code`, `country_code`, `subadmin1_code`, `name`, `active`) VALUES ('TN.15.3353','TN','TN.15','{\"en\":\"Ouled Chamekh\"}',1);
INSERT INTO `__PREFIX__subadmin2` (`code`, `country_code`, `subadmin1_code`, `name`, `active`) VALUES ('TN.15.3352','TN','TN.15','{\"en\":\"Délégation de Bou Merdès\"}',1);
INSERT INTO `__PREFIX__subadmin2` (`code`, `country_code`, `subadmin1_code`, `name`, `active`) VALUES ('TN.15.3355','TN','TN.15','{\"en\":\"Hbira\"}',1);
INSERT INTO `__PREFIX__subadmin2` (`code`, `country_code`, `subadmin1_code`, `name`, `active`) VALUES ('TN.15.3360','TN','TN.15','{\"en\":\"Sidi Alouane\"}',1);
INSERT INTO `__PREFIX__subadmin2` (`code`, `country_code`, `subadmin1_code`, `name`, `active`) VALUES ('TN.15.3359','TN','TN.15','{\"en\":\"Melloulech\"}',1);
INSERT INTO `__PREFIX__subadmin2` (`code`, `country_code`, `subadmin1_code`, `name`, `active`) VALUES ('TN.32.3459','TN','TN.32','{\"en\":\"El Amra\"}',1);
INSERT INTO `__PREFIX__subadmin2` (`code`, `country_code`, `subadmin1_code`, `name`, `active`) VALUES ('TN.32.3460','TN','TN.32','{\"en\":\"El Hencha\"}',1);
INSERT INTO `__PREFIX__subadmin2` (`code`, `country_code`, `subadmin1_code`, `name`, `active`) VALUES ('TN.32.3457','TN','TN.32','{\"en\":\"Agareb\"}',1);
INSERT INTO `__PREFIX__subadmin2` (`code`, `country_code`, `subadmin1_code`, `name`, `active`) VALUES ('TN.32.3462','TN','TN.32','{\"en\":\"Ghraiba\"}',1);
INSERT INTO `__PREFIX__subadmin2` (`code`, `country_code`, `subadmin1_code`, `name`, `active`) VALUES ('TN.32.3464','TN','TN.32','{\"en\":\"Skhira\"}',1);
INSERT INTO `__PREFIX__subadmin2` (`code`, `country_code`, `subadmin1_code`, `name`, `active`) VALUES ('TN.29.5159','TN','TN.29','{\"en\":\"Nouvelle Matmata\"}',1);
INSERT INTO `__PREFIX__subadmin2` (`code`, `country_code`, `subadmin1_code`, `name`, `active`) VALUES ('TN.29.5154','TN','TN.29','{\"en\":\"Ghannouch\"}',1);
INSERT INTO `__PREFIX__subadmin2` (`code`, `country_code`, `subadmin1_code`, `name`, `active`) VALUES ('TN.34.5353','TN','TN.34','{\"en\":\"Smar\"}',1);
INSERT INTO `__PREFIX__subadmin2` (`code`, `country_code`, `subadmin1_code`, `name`, `active`) VALUES ('TN.34.5354','TN','TN.34','{\"en\":\"Bir Lahmar\"}',1);
INSERT INTO `__PREFIX__subadmin2` (`code`, `country_code`, `subadmin1_code`, `name`, `active`) VALUES ('TN.34.5352','TN','TN.34','{\"en\":\"Tataouine Sud\"}',1);
INSERT INTO `__PREFIX__subadmin2` (`code`, `country_code`, `subadmin1_code`, `name`, `active`) VALUES ('TN.34.5356','TN','TN.34','{\"en\":\"Dhehiba\"}',1);
INSERT INTO `__PREFIX__subadmin2` (`code`, `country_code`, `subadmin1_code`, `name`, `active`) VALUES ('TN.31.6352','TN','TN.31','{\"en\":\"Délégation de Kébili Nord\"}',1);
INSERT INTO `__PREFIX__subadmin2` (`code`, `country_code`, `subadmin1_code`, `name`, `active`) VALUES ('TN.31.6356','TN','TN.31','{\"en\":\"El Faouar\"}',1);
INSERT INTO `__PREFIX__subadmin2` (`code`, `country_code`, `subadmin1_code`, `name`, `active`) VALUES ('TN.31.6353','TN','TN.31','{\"en\":\"Souk Lahad\"}',1);
INSERT INTO `__PREFIX__subadmin2` (`code`, `country_code`, `subadmin1_code`, `name`, `active`) VALUES ('TN.31.6355','TN','TN.31','{\"en\":\"Douz Sud\"}',1);
INSERT INTO `__PREFIX__subadmin2` (`code`, `country_code`, `subadmin1_code`, `name`, `active`) VALUES ('TN.35.6255','TN','TN.35','{\"en\":\"Hazoua\"}',1);
INSERT INTO `__PREFIX__subadmin2` (`code`, `country_code`, `subadmin1_code`, `name`, `active`) VALUES ('TN.35.6252','TN','TN.35','{\"en\":\"Degache\"}',1);
INSERT INTO `__PREFIX__subadmin2` (`code`, `country_code`, `subadmin1_code`, `name`, `active`) VALUES ('TN.35.6253','TN','TN.35','{\"en\":\"Tamaghza\"}',1);
INSERT INTO `__PREFIX__subadmin2` (`code`, `country_code`, `subadmin1_code`, `name`, `active`) VALUES ('TN.30.6158','TN','TN.30','{\"en\":\"Mdhila\"}',1);
INSERT INTO `__PREFIX__subadmin2` (`code`, `country_code`, `subadmin1_code`, `name`, `active`) VALUES ('TN.30.6155','TN','TN.30','{\"en\":\"Délégation d’Om El Araïes\"}',1);
INSERT INTO `__PREFIX__subadmin2` (`code`, `country_code`, `subadmin1_code`, `name`, `active`) VALUES ('TN.30.6153','TN','TN.30','{\"en\":\"El Ksar\"}',1);
INSERT INTO `__PREFIX__subadmin2` (`code`, `country_code`, `subadmin1_code`, `name`, `active`) VALUES ('TN.30.6160','TN','TN.30','{\"en\":\"Belkhir\"}',1);
INSERT INTO `__PREFIX__subadmin2` (`code`, `country_code`, `subadmin1_code`, `name`, `active`) VALUES ('TN.30.6161','TN','TN.30','{\"en\":\"Sned\"}',1);
INSERT INTO `__PREFIX__subadmin2` (`code`, `country_code`, `subadmin1_code`, `name`, `active`) VALUES ('TN.30.6151','TN','TN.30','{\"en\":\"Gafsa Nord\"}',1);
INSERT INTO `__PREFIX__subadmin2` (`code`, `country_code`, `subadmin1_code`, `name`, `active`) VALUES ('TN.30.6152','TN','TN.30','{\"en\":\"Délégation de Sidi Aïch\"}',1);
INSERT INTO `__PREFIX__subadmin2` (`code`, `country_code`, `subadmin1_code`, `name`, `active`) VALUES ('TN.33.4357','TN','TN.33','{\"en\":\"Menzel Bouzaiene\"}',1);
INSERT INTO `__PREFIX__subadmin2` (`code`, `country_code`, `subadmin1_code`, `name`, `active`) VALUES ('TN.33.4356','TN','TN.33','{\"en\":\"Sidi Ali Ben Aoun\"}',1);
INSERT INTO `__PREFIX__subadmin2` (`code`, `country_code`, `subadmin1_code`, `name`, `active`) VALUES ('TN.33.4355','TN','TN.33','{\"en\":\"Bir El Hafey\"}',1);
INSERT INTO `__PREFIX__subadmin2` (`code`, `country_code`, `subadmin1_code`, `name`, `active`) VALUES ('TN.33.4359','TN','TN.33','{\"en\":\"Souk Jedid\"}',1);
INSERT INTO `__PREFIX__subadmin2` (`code`, `country_code`, `subadmin1_code`, `name`, `active`) VALUES ('TN.33.4362','TN','TN.33','{\"en\":\"Ouled Haffouz\"}',1);
INSERT INTO `__PREFIX__subadmin2` (`code`, `country_code`, `subadmin1_code`, `name`, `active`) VALUES ('TN.33.4352','TN','TN.33','{\"en\":\"Sidi Bouzid Est\"}',1);
INSERT INTO `__PREFIX__subadmin2` (`code`, `country_code`, `subadmin1_code`, `name`, `active`) VALUES ('TN.33.4353','TN','TN.33','{\"en\":\"Jelma\"}',1);
INSERT INTO `__PREFIX__subadmin2` (`code`, `country_code`, `subadmin1_code`, `name`, `active`) VALUES ('TN.33.4354','TN','TN.33','{\"en\":\"Cebalet Ouled Asker\"}',1);
INSERT INTO `__PREFIX__subadmin2` (`code`, `country_code`, `subadmin1_code`, `name`, `active`) VALUES ('TN.02.4253','TN','TN.02','{\"en\":\"Ezzouhour\"}',1);
INSERT INTO `__PREFIX__subadmin2` (`code`, `country_code`, `subadmin1_code`, `name`, `active`) VALUES ('TN.02.4251','TN','TN.02','{\"en\":\"Kasserine Nord\"}',1);
INSERT INTO `__PREFIX__subadmin2` (`code`, `country_code`, `subadmin1_code`, `name`, `active`) VALUES ('TN.02.4263','TN','TN.02','{\"en\":\"Délégation de Mejel Bel Abbès\"}',1);
INSERT INTO `__PREFIX__subadmin2` (`code`, `country_code`, `subadmin1_code`, `name`, `active`) VALUES ('TN.02.4254','TN','TN.02','{\"en\":\"Hassi El Ferid\"}',1);
INSERT INTO `__PREFIX__subadmin2` (`code`, `country_code`, `subadmin1_code`, `name`, `active`) VALUES ('TN.03.4157','TN','TN.03','{\"en\":\"El Ala\"}',1);
INSERT INTO `__PREFIX__subadmin2` (`code`, `country_code`, `subadmin1_code`, `name`, `active`) VALUES ('TN.03.4151','TN','TN.03','{\"en\":\"Kairouan Nord\"}',1);
INSERT INTO `__PREFIX__subadmin2` (`code`, `country_code`, `subadmin1_code`, `name`, `active`) VALUES ('TN.03.4160','TN','TN.03','{\"en\":\"Cherarda\"}',1);
INSERT INTO `__PREFIX__subadmin2` (`code`, `country_code`, `subadmin1_code`, `name`, `active`) VALUES ('TN.03.4153','TN','TN.03','{\"en\":\"Chebika\"}',1);
INSERT INTO `__PREFIX__subadmin2` (`code`, `country_code`, `subadmin1_code`, `name`, `active`) VALUES ('TN.14.2360','TN','TN.14','{\"en\":\"Dahmani\"}',1);
INSERT INTO `__PREFIX__subadmin2` (`code`, `country_code`, `subadmin1_code`, `name`, `active`) VALUES ('TN.14.2358','TN','TN.14','{\"en\":\"Jerissa\"}',1);
INSERT INTO `__PREFIX__subadmin2` (`code`, `country_code`, `subadmin1_code`, `name`, `active`) VALUES ('TN.14.2357','TN','TN.14','{\"en\":\"Kalaa Khasba\"}',1);
INSERT INTO `__PREFIX__subadmin2` (`code`, `country_code`, `subadmin1_code`, `name`, `active`) VALUES ('TN.14.2356','TN','TN.14','{\"en\":\"Kalaat Senan\"}',1);
INSERT INTO `__PREFIX__subadmin2` (`code`, `country_code`, `subadmin1_code`, `name`, `active`) VALUES ('TN.22.2461','TN','TN.22','{\"en\":\"El Aroussa\"}',1);
INSERT INTO `__PREFIX__subadmin2` (`code`, `country_code`, `subadmin1_code`, `name`, `active`) VALUES ('TN.22.2460','TN','TN.22','{\"en\":\"Bargou\"}',1);
INSERT INTO `__PREFIX__subadmin2` (`code`, `country_code`, `subadmin1_code`, `name`, `active`) VALUES ('TN.22.2459','TN','TN.22','{\"en\":\"Kesra\"}',1);
INSERT INTO `__PREFIX__subadmin2` (`code`, `country_code`, `subadmin1_code`, `name`, `active`) VALUES ('TN.22.2458','TN','TN.22','{\"en\":\"Rouhia\"}',1);
INSERT INTO `__PREFIX__subadmin2` (`code`, `country_code`, `subadmin1_code`, `name`, `active`) VALUES ('TN.17.2156','TN','TN.17','{\"en\":\"Tibar\"}',1);
INSERT INTO `__PREFIX__subadmin2` (`code`, `country_code`, `subadmin1_code`, `name`, `active`) VALUES ('TN.37.1653','TN','TN.37','{\"en\":\"Bir Mcherga\"}',1);
INSERT INTO `__PREFIX__subadmin2` (`code`, `country_code`, `subadmin1_code`, `name`, `active`) VALUES ('TN.37.1652','TN','TN.37','{\"en\":\"Zriba\"}',1);
INSERT INTO `__PREFIX__subadmin2` (`code`, `country_code`, `subadmin1_code`, `name`, `active`) VALUES ('TN.37.1656','TN','TN.37','{\"en\":\"Saouaf\"}',1);
INSERT INTO `__PREFIX__subadmin2` (`code`, `country_code`, `subadmin1_code`, `name`, `active`) VALUES ('TN.18.1759','TN','TN.18','{\"en\":\"Tinja\"}',1);
INSERT INTO `__PREFIX__subadmin2` (`code`, `country_code`, `subadmin1_code`, `name`, `active`) VALUES ('TN.18.1760','TN','TN.18','{\"en\":\"Utique\"}',1);
INSERT INTO `__PREFIX__subadmin2` (`code`, `country_code`, `subadmin1_code`, `name`, `active`) VALUES ('TN.18.1751','TN','TN.18','{\"en\":\"Bizerte Nord\"}',1);
INSERT INTO `__PREFIX__subadmin2` (`code`, `country_code`, `subadmin1_code`, `name`, `active`) VALUES ('TN.18.1752','TN','TN.18','{\"en\":\"Zarzouna\"}',1);
INSERT INTO `__PREFIX__subadmin2` (`code`, `country_code`, `subadmin1_code`, `name`, `active`) VALUES ('TN.18.1762','TN','TN.18','{\"en\":\"Menzel Jemil\"}',1);
INSERT INTO `__PREFIX__subadmin2` (`code`, `country_code`, `subadmin1_code`, `name`, `active`) VALUES ('TN.18.1763','TN','TN.18','{\"en\":\"El Alia\"}',1);
INSERT INTO `__PREFIX__subadmin2` (`code`, `country_code`, `subadmin1_code`, `name`, `active`) VALUES ('TN.18.1761','TN','TN.18','{\"en\":\"Ghar El Melh\"}',1);
INSERT INTO `__PREFIX__subadmin2` (`code`, `country_code`, `subadmin1_code`, `name`, `active`) VALUES ('TN.39.1458','TN','TN.39','{\"en\":\"El Battane\"}',1);
INSERT INTO `__PREFIX__subadmin2` (`code`, `country_code`, `subadmin1_code`, `name`, `active`) VALUES ('TN.39.1455','TN','TN.39','{\"en\":\"Borj El Amri\"}',1);
INSERT INTO `__PREFIX__subadmin2` (`code`, `country_code`, `subadmin1_code`, `name`, `active`) VALUES ('TN.39.1454','TN','TN.39','{\"en\":\"Mornaguia\"}',1);
INSERT INTO `__PREFIX__subadmin2` (`code`, `country_code`, `subadmin1_code`, `name`, `active`) VALUES ('TN.39.1452','TN','TN.39','{\"en\":\"Douar Hicher\"}',1);
INSERT INTO `__PREFIX__subadmin2` (`code`, `country_code`, `subadmin1_code`, `name`, `active`) VALUES ('TN.39.1453','TN','TN.39','{\"en\":\"Oued Ellil\"}',1);
INSERT INTO `__PREFIX__subadmin2` (`code`, `country_code`, `subadmin1_code`, `name`, `active`) VALUES ('TN.39.1456','TN','TN.39','{\"en\":\"Délégation de Jedaïda\"}',1);
INSERT INTO `__PREFIX__subadmin2` (`code`, `country_code`, `subadmin1_code`, `name`, `active`) VALUES ('TN.27.1362','TN','TN.27','{\"en\":\"Mornag\"}',1);
INSERT INTO `__PREFIX__subadmin2` (`code`, `country_code`, `subadmin1_code`, `name`, `active`) VALUES ('TN.27.1355','TN','TN.27','{\"en\":\"Hammam Chott\"}',1);
INSERT INTO `__PREFIX__subadmin2` (`code`, `country_code`, `subadmin1_code`, `name`, `active`) VALUES ('TN.27.1358','TN','TN.27','{\"en\":\"Délégation de Radès\"}',1);
INSERT INTO `__PREFIX__subadmin2` (`code`, `country_code`, `subadmin1_code`, `name`, `active`) VALUES ('TN.27.1357','TN','TN.27','{\"en\":\"Ezzahra\"}',1);
INSERT INTO `__PREFIX__subadmin2` (`code`, `country_code`, `subadmin1_code`, `name`, `active`) VALUES ('TN.27.1360','TN','TN.27','{\"en\":\"Mohamedia\"}',1);
INSERT INTO `__PREFIX__subadmin2` (`code`, `country_code`, `subadmin1_code`, `name`, `active`) VALUES ('TN.27.1361','TN','TN.27','{\"en\":\"Fouchana\"}',1);
INSERT INTO `__PREFIX__subadmin2` (`code`, `country_code`, `subadmin1_code`, `name`, `active`) VALUES ('TN.27.1353','TN','TN.27','{\"en\":\"El Mourouj\"}',1);
INSERT INTO `__PREFIX__subadmin2` (`code`, `country_code`, `subadmin1_code`, `name`, `active`) VALUES ('TN.27.1352','TN','TN.27','{\"en\":\"Délégation de la Nouvelle Médina\"}',1);
INSERT INTO `__PREFIX__subadmin2` (`code`, `country_code`, `subadmin1_code`, `name`, `active`) VALUES ('TN.27.1359','TN','TN.27','{\"en\":\"Délégation de Mégrine\"}',1);
INSERT INTO `__PREFIX__subadmin2` (`code`, `country_code`, `subadmin1_code`, `name`, `active`) VALUES ('TN.27.1356','TN','TN.27','{\"en\":\"Bou Mhel El Bassatine\"}',1);
INSERT INTO `__PREFIX__subadmin2` (`code`, `country_code`, `subadmin1_code`, `name`, `active`) VALUES ('TN.38.1251','TN','TN.38','{\"en\":\"Ariana Ville\"}',1);
INSERT INTO `__PREFIX__subadmin2` (`code`, `country_code`, `subadmin1_code`, `name`, `active`) VALUES ('TN.38.1252','TN','TN.38','{\"en\":\"Soukra\"}',1);
INSERT INTO `__PREFIX__subadmin2` (`code`, `country_code`, `subadmin1_code`, `name`, `active`) VALUES ('TN.38.1256','TN','TN.38','{\"en\":\"Délégation de Cité Ettadhamen\"}',1);
INSERT INTO `__PREFIX__subadmin2` (`code`, `country_code`, `subadmin1_code`, `name`, `active`) VALUES ('TN.38.1257','TN','TN.38','{\"en\":\"El Mnihla\"}',1);
INSERT INTO `__PREFIX__subadmin2` (`code`, `country_code`, `subadmin1_code`, `name`, `active`) VALUES ('TN.38.1255','TN','TN.38','{\"en\":\"Sidi Thabet\"}',1);
INSERT INTO `__PREFIX__subadmin2` (`code`, `country_code`, `subadmin1_code`, `name`, `active`) VALUES ('TN.38.1254','TN','TN.38','{\"en\":\"Kalaat El Andalous\"}',1);
INSERT INTO `__PREFIX__subadmin2` (`code`, `country_code`, `subadmin1_code`, `name`, `active`) VALUES ('TN.36.1163','TN','TN.36','{\"en\":\"El Hrairia\"}',1);
INSERT INTO `__PREFIX__subadmin2` (`code`, `country_code`, `subadmin1_code`, `name`, `active`) VALUES ('TN.36.1166','TN','TN.36','{\"en\":\"El Kabaria\"}',1);
INSERT INTO `__PREFIX__subadmin2` (`code`, `country_code`, `subadmin1_code`, `name`, `active`) VALUES ('TN.36.1168','TN','TN.36','{\"en\":\"Jebel Jelloud\"}',1);
INSERT INTO `__PREFIX__subadmin2` (`code`, `country_code`, `subadmin1_code`, `name`, `active`) VALUES ('TN.36.1165','TN','TN.36','{\"en\":\"El Ouardia\"}',1);
INSERT INTO `__PREFIX__subadmin2` (`code`, `country_code`, `subadmin1_code`, `name`, `active`) VALUES ('TN.36.1167','TN','TN.36','{\"en\":\"Délégation de Sidi El Béchir\"}',1);
INSERT INTO `__PREFIX__subadmin2` (`code`, `country_code`, `subadmin1_code`, `name`, `active`) VALUES ('TN.36.1154','TN','TN.36','{\"en\":\"Bab Souika\"}',1);
INSERT INTO `__PREFIX__subadmin2` (`code`, `country_code`, `subadmin1_code`, `name`, `active`) VALUES ('TN.36.1162','TN','TN.36','{\"en\":\"Ezzouhour\"}',1);
INSERT INTO `__PREFIX__subadmin2` (`code`, `country_code`, `subadmin1_code`, `name`, `active`) VALUES ('TN.36.1160','TN','TN.36','{\"en\":\"Le Bardo\"}',1);
INSERT INTO `__PREFIX__subadmin2` (`code`, `country_code`, `subadmin1_code`, `name`, `active`) VALUES ('TN.36.1157','TN','TN.36','{\"en\":\"Ettahrir\"}',1);
INSERT INTO `__PREFIX__subadmin2` (`code`, `country_code`, `subadmin1_code`, `name`, `active`) VALUES ('TN.36.1156','TN','TN.36','{\"en\":\"Délégation d’El Omrane Supérieur\"}',1);
INSERT INTO `__PREFIX__subadmin2` (`code`, `country_code`, `subadmin1_code`, `name`, `active`) VALUES ('TN.36.1155','TN','TN.36','{\"en\":\"El Omrane\"}',1);
INSERT INTO `__PREFIX__subadmin2` (`code`, `country_code`, `subadmin1_code`, `name`, `active`) VALUES ('TN.36.1158','TN','TN.36','{\"en\":\"El Menzah\"}',1);
INSERT INTO `__PREFIX__subadmin2` (`code`, `country_code`, `subadmin1_code`, `name`, `active`) VALUES ('TN.36.1153','TN','TN.36','{\"en\":\"Bab El Bhar\"}',1);
INSERT INTO `__PREFIX__subadmin2` (`code`, `country_code`, `subadmin1_code`, `name`, `active`) VALUES ('TN.36.1159','TN','TN.36','{\"en\":\"Délégation de Cité El Khadra\"}',1);
INSERT INTO `__PREFIX__subadmin2` (`code`, `country_code`, `subadmin1_code`, `name`, `active`) VALUES ('TN.36.1169','TN','TN.36','{\"en\":\"La Goulette\"}',1);
INSERT INTO `__PREFIX__subadmin2` (`code`, `country_code`, `subadmin1_code`, `name`, `active`) VALUES ('TN.36.1170','TN','TN.36','{\"en\":\"Le Kram\"}',1);
INSERT INTO `__PREFIX__subadmin2` (`code`, `country_code`, `subadmin1_code`, `name`, `active`) VALUES ('TN.36.1151','TN','TN.36','{\"en\":\"Carthage\"}',1);
INSERT INTO `__PREFIX__subadmin2` (`code`, `country_code`, `subadmin1_code`, `name`, `active`) VALUES ('TN.36.1171','TN','TN.36','{\"en\":\"La Marsa\"}',1);
INSERT INTO `__PREFIX__subadmin2` (`code`, `country_code`, `subadmin1_code`, `name`, `active`) VALUES ('TN.29.5152','TN','TN.29','{\"en\":\"Délégation de Gabès Ouest\"}',1);
INSERT INTO `__PREFIX__subadmin2` (`code`, `country_code`, `subadmin1_code`, `name`, `active`) VALUES ('TN.29.5153','TN','TN.29','{\"en\":\"Délégation de Gabès Sud\"}',1);
INSERT INTO `__PREFIX__subadmin2` (`code`, `country_code`, `subadmin1_code`, `name`, `active`) VALUES ('TN.30.6154','TN','TN.30','{\"en\":\"Gafsa Sud\"}',1);
INSERT INTO `__PREFIX__subadmin2` (`code`, `country_code`, `subadmin1_code`, `name`, `active`) VALUES ('TN.27.1351','TN','TN.27','{\"en\":\"Ben Arous\"}',1);
INSERT INTO `__PREFIX__subadmin2` (`code`, `country_code`, `subadmin1_code`, `name`, `active`) VALUES ('TN.31.6354','TN','TN.31','{\"en\":\"Douz Nord\"}',1);
/*!40000 ALTER TABLE `__PREFIX__subadmin2` ENABLE KEYS */;

--
-- Dumping data for table `__PREFIX__cities`
--

/*!40000 ALTER TABLE `__PREFIX__cities` DISABLE KEYS */;
INSERT INTO `__PREFIX__cities` (`country_code`, `name`, `longitude`, `latitude`, `feature_class`, `feature_code`, `subadmin1_code`, `subadmin2_code`, `population`, `time_zone`, `active`, `created_at`, `updated_at`) VALUES ('TN','{\"en\":\"Zaouiet Kountech\"}',10.77,35.63,'P','PPL','TN.16','TN.16.3256',6713,'Africa/Tunis',1,'2022-01-12 23:00:00','2022-01-12 23:00:00');
INSERT INTO `__PREFIX__cities` (`country_code`, `name`, `longitude`, `latitude`, `feature_class`, `feature_code`, `subadmin1_code`, `subadmin2_code`, `population`, `time_zone`, `active`, `created_at`, `updated_at`) VALUES ('TN','{\"en\":\"Zaouiat Djedidi\"}',10.57,36.64,'P','PPL','TN.19','TN.19.1563',7862,'Africa/Tunis',1,'2022-01-11 23:00:00','2022-01-11 23:00:00');
INSERT INTO `__PREFIX__cities` (`country_code`, `name`, `longitude`, `latitude`, `feature_class`, `feature_code`, `subadmin1_code`, `subadmin2_code`, `population`, `time_zone`, `active`, `created_at`, `updated_at`) VALUES ('TN','{\"en\":\"Zaghouan\"}',10.14,36.40,'P','PPLA','TN.37','TN.37.1651',16911,'Africa/Tunis',1,'2020-07-19 23:00:00','2020-07-19 23:00:00');
INSERT INTO `__PREFIX__cities` (`country_code`, `name`, `longitude`, `latitude`, `feature_class`, `feature_code`, `subadmin1_code`, `subadmin2_code`, `population`, `time_zone`, `active`, `created_at`, `updated_at`) VALUES ('TN','{\"en\":\"Oued Lill\"}',10.04,36.83,'P','PPL','TN.39',NULL,47101,'Africa/Tunis',1,'2019-04-10 23:00:00','2019-04-10 23:00:00');
INSERT INTO `__PREFIX__cities` (`country_code`, `name`, `longitude`, `latitude`, `feature_class`, `feature_code`, `subadmin1_code`, `subadmin2_code`, `population`, `time_zone`, `active`, `created_at`, `updated_at`) VALUES ('TN','{\"en\":\"Touza\"}',10.83,35.64,'P','PPL','TN.16','TN.16.3262',7236,'Africa/Tunis',1,'2022-01-10 23:00:00','2022-01-10 23:00:00');
INSERT INTO `__PREFIX__cities` (`country_code`, `name`, `longitude`, `latitude`, `feature_class`, `feature_code`, `subadmin1_code`, `subadmin2_code`, `population`, `time_zone`, `active`, `created_at`, `updated_at`) VALUES ('TN','{\"en\":\"Tunis\"}',10.17,36.82,'P','PPLC','TN.36',NULL,693210,'Africa/Tunis',1,'2019-09-04 23:00:00','2019-09-04 23:00:00');
INSERT INTO `__PREFIX__cities` (`country_code`, `name`, `longitude`, `latitude`, `feature_class`, `feature_code`, `subadmin1_code`, `subadmin2_code`, `population`, `time_zone`, `active`, `created_at`, `updated_at`) VALUES ('TN','{\"en\":\"Tozeur\"}',8.13,33.92,'P','PPLA','TN.35','TN.35.6251',34943,'Africa/Tunis',1,'2018-08-30 23:00:00','2018-08-30 23:00:00');
INSERT INTO `__PREFIX__cities` (`country_code`, `name`, `longitude`, `latitude`, `feature_class`, `feature_code`, `subadmin1_code`, `subadmin2_code`, `population`, `time_zone`, `active`, `created_at`, `updated_at`) VALUES ('TN','{\"en\":\"Tataouine\"}',10.45,32.93,'P','PPLA','TN.34',NULL,62577,'Africa/Tunis',1,'2018-08-29 23:00:00','2018-08-29 23:00:00');
INSERT INTO `__PREFIX__cities` (`country_code`, `name`, `longitude`, `latitude`, `feature_class`, `feature_code`, `subadmin1_code`, `subadmin2_code`, `population`, `time_zone`, `active`, `created_at`, `updated_at`) VALUES ('TN','{\"en\":\"Testour\"}',9.44,36.55,'P','PPL','TN.17','TN.17.2157',13397,'Africa/Tunis',1,'2022-01-10 23:00:00','2022-01-10 23:00:00');
INSERT INTO `__PREFIX__cities` (`country_code`, `name`, `longitude`, `latitude`, `feature_class`, `feature_code`, `subadmin1_code`, `subadmin2_code`, `population`, `time_zone`, `active`, `created_at`, `updated_at`) VALUES ('TN','{\"en\":\"Thala\"}',8.67,35.57,'P','PPL','TN.02','TN.02.4259',18230,'Africa/Tunis',1,'2022-01-10 23:00:00','2022-01-10 23:00:00');
INSERT INTO `__PREFIX__cities` (`country_code`, `name`, `longitude`, `latitude`, `feature_class`, `feature_code`, `subadmin1_code`, `subadmin2_code`, `population`, `time_zone`, `active`, `created_at`, `updated_at`) VALUES ('TN','{\"en\":\"Takelsa\"}',10.63,36.78,'P','PPL','TN.19','TN.19.1560',22151,'Africa/Tunis',1,'2022-01-10 23:00:00','2022-01-10 23:00:00');
INSERT INTO `__PREFIX__cities` (`country_code`, `name`, `longitude`, `latitude`, `feature_class`, `feature_code`, `subadmin1_code`, `subadmin2_code`, `population`, `time_zone`, `active`, `created_at`, `updated_at`) VALUES ('TN','{\"en\":\"Tajerouine\"}',8.55,35.89,'P','PPL','TN.14','TN.14.2355',19362,'Africa/Tunis',1,'2022-01-10 23:00:00','2022-01-10 23:00:00');
INSERT INTO `__PREFIX__cities` (`country_code`, `name`, `longitude`, `latitude`, `feature_class`, `feature_code`, `subadmin1_code`, `subadmin2_code`, `population`, `time_zone`, `active`, `created_at`, `updated_at`) VALUES ('TN','{\"en\":\"Tabursuq\"}',9.25,36.46,'P','PPL','TN.17','TN.17.2155',12727,'Africa/Tunis',1,'2022-01-10 23:00:00','2022-01-10 23:00:00');
INSERT INTO `__PREFIX__cities` (`country_code`, `name`, `longitude`, `latitude`, `feature_class`, `feature_code`, `subadmin1_code`, `subadmin2_code`, `population`, `time_zone`, `active`, `created_at`, `updated_at`) VALUES ('TN','{\"en\":\"Tabarka\"}',8.76,36.95,'P','PPL','TN.06','TN.06.2254',13712,'Africa/Tunis',1,'2018-08-04 23:00:00','2018-08-04 23:00:00');
INSERT INTO `__PREFIX__cities` (`country_code`, `name`, `longitude`, `latitude`, `feature_class`, `feature_code`, `subadmin1_code`, `subadmin2_code`, `population`, `time_zone`, `active`, `created_at`, `updated_at`) VALUES ('TN','{\"en\":\"Sousse\"}',10.64,35.83,'P','PPLA','TN.23','TN.23.3151',164123,'Africa/Tunis',1,'2019-09-04 23:00:00','2019-09-04 23:00:00');
INSERT INTO `__PREFIX__cities` (`country_code`, `name`, `longitude`, `latitude`, `feature_class`, `feature_code`, `subadmin1_code`, `subadmin2_code`, `population`, `time_zone`, `active`, `created_at`, `updated_at`) VALUES ('TN','{\"en\":\"Siliana\"}',9.37,36.08,'P','PPLA','TN.22','TN.22.2451',26960,'Africa/Tunis',1,'2018-08-30 23:00:00','2018-08-30 23:00:00');
INSERT INTO `__PREFIX__cities` (`country_code`, `name`, `longitude`, `latitude`, `feature_class`, `feature_code`, `subadmin1_code`, `subadmin2_code`, `population`, `time_zone`, `active`, `created_at`, `updated_at`) VALUES ('TN','{\"en\":\"Sidi Alouane\"}',10.94,35.38,'P','PPL','TN.15','TN.15.3360',7610,'Africa/Tunis',1,'2022-01-10 23:00:00','2022-01-10 23:00:00');
INSERT INTO `__PREFIX__cities` (`country_code`, `name`, `longitude`, `latitude`, `feature_class`, `feature_code`, `subadmin1_code`, `subadmin2_code`, `population`, `time_zone`, `active`, `created_at`, `updated_at`) VALUES ('TN','{\"en\":\"Sidi Bouzid\"}',9.48,35.04,'P','PPLA','TN.33',NULL,42098,'Africa/Tunis',1,'2020-09-10 23:00:00','2020-09-10 23:00:00');
INSERT INTO `__PREFIX__cities` (`country_code`, `name`, `longitude`, `latitude`, `feature_class`, `feature_code`, `subadmin1_code`, `subadmin2_code`, `population`, `time_zone`, `active`, `created_at`, `updated_at`) VALUES ('TN','{\"en\":\"Sidi Bou Ali\"}',10.47,35.96,'P','PPL','TN.23','TN.23.3158',8855,'Africa/Tunis',1,'2018-08-04 23:00:00','2018-08-04 23:00:00');
INSERT INTO `__PREFIX__cities` (`country_code`, `name`, `longitude`, `latitude`, `feature_class`, `feature_code`, `subadmin1_code`, `subadmin2_code`, `population`, `time_zone`, `active`, `created_at`, `updated_at`) VALUES ('TN','{\"en\":\"Sidi Bou Saïd\"}',10.34,36.87,'P','PPL','TN.36','TN.36.1151',5911,'Africa/Tunis',1,'2022-01-10 23:00:00','2022-01-10 23:00:00');
INSERT INTO `__PREFIX__cities` (`country_code`, `name`, `longitude`, `latitude`, `feature_class`, `feature_code`, `subadmin1_code`, `subadmin2_code`, `population`, `time_zone`, `active`, `created_at`, `updated_at`) VALUES ('TN','{\"en\":\"Chorbane\"}',10.39,35.29,'P','PPL','TN.15','TN.15.3354',5710,'Africa/Tunis',1,'2022-01-11 23:00:00','2022-01-11 23:00:00');
INSERT INTO `__PREFIX__cities` (`country_code`, `name`, `longitude`, `latitude`, `feature_class`, `feature_code`, `subadmin1_code`, `subadmin2_code`, `population`, `time_zone`, `active`, `created_at`, `updated_at`) VALUES ('TN','{\"en\":\"Sakiet Sidi Youssef\"}',8.36,36.22,'P','PPL','TN.14','TN.14.2354',6442,'Africa/Tunis',1,'2018-08-04 23:00:00','2018-08-04 23:00:00');
INSERT INTO `__PREFIX__cities` (`country_code`, `name`, `longitude`, `latitude`, `feature_class`, `feature_code`, `subadmin1_code`, `subadmin2_code`, `population`, `time_zone`, `active`, `created_at`, `updated_at`) VALUES ('TN','{\"en\":\"Skanes\"}',10.80,35.78,'P','PPL','TN.16',NULL,64222,'Africa/Tunis',1,'2019-09-15 23:00:00','2019-09-15 23:00:00');
INSERT INTO `__PREFIX__cities` (`country_code`, `name`, `longitude`, `latitude`, `feature_class`, `feature_code`, `subadmin1_code`, `subadmin2_code`, `population`, `time_zone`, `active`, `created_at`, `updated_at`) VALUES ('TN','{\"en\":\"Sejenane\"}',9.24,37.06,'P','PPL','TN.18','TN.18.1754',5718,'Africa/Tunis',1,'2022-01-10 23:00:00','2022-01-10 23:00:00');
INSERT INTO `__PREFIX__cities` (`country_code`, `name`, `longitude`, `latitude`, `feature_class`, `feature_code`, `subadmin1_code`, `subadmin2_code`, `population`, `time_zone`, `active`, `created_at`, `updated_at`) VALUES ('TN','{\"en\":\"Sfax\"}',10.76,34.74,'P','PPLA','TN.32','TN.32.3451',277278,'Africa/Tunis',1,'2019-09-04 23:00:00','2019-09-04 23:00:00');
INSERT INTO `__PREFIX__cities` (`country_code`, `name`, `longitude`, `latitude`, `feature_class`, `feature_code`, `subadmin1_code`, `subadmin2_code`, `population`, `time_zone`, `active`, `created_at`, `updated_at`) VALUES ('TN','{\"en\":\"Sbiba\"}',9.07,35.54,'P','PPL','TN.02','TN.02.4256',6291,'Africa/Tunis',1,'2018-08-04 23:00:00','2018-08-04 23:00:00');
INSERT INTO `__PREFIX__cities` (`country_code`, `name`, `longitude`, `latitude`, `feature_class`, `feature_code`, `subadmin1_code`, `subadmin2_code`, `population`, `time_zone`, `active`, `created_at`, `updated_at`) VALUES ('TN','{\"en\":\"La Sebala du Mornag\"}',10.29,36.68,'P','PPL','TN.27',NULL,33421,'Africa/Tunis',1,'2019-04-10 23:00:00','2019-04-10 23:00:00');
INSERT INTO `__PREFIX__cities` (`country_code`, `name`, `longitude`, `latitude`, `feature_class`, `feature_code`, `subadmin1_code`, `subadmin2_code`, `population`, `time_zone`, `active`, `created_at`, `updated_at`) VALUES ('TN','{\"en\":\"Rafrāf\"}',10.18,37.19,'P','PPL','TN.18','TN.18.1764',9850,'Africa/Tunis',1,'2022-01-11 23:00:00','2022-01-11 23:00:00');
INSERT INTO `__PREFIX__cities` (`country_code`, `name`, `longitude`, `latitude`, `feature_class`, `feature_code`, `subadmin1_code`, `subadmin2_code`, `population`, `time_zone`, `active`, `created_at`, `updated_at`) VALUES ('TN','{\"en\":\"Radès\"}',10.27,36.77,'P','PPL','TN.27',NULL,59998,'Africa/Tunis',1,'2022-01-10 23:00:00','2022-01-10 23:00:00');
INSERT INTO `__PREFIX__cities` (`country_code`, `name`, `longitude`, `latitude`, `feature_class`, `feature_code`, `subadmin1_code`, `subadmin2_code`, `population`, `time_zone`, `active`, `created_at`, `updated_at`) VALUES ('TN','{\"en\":\"Ksour Essaf\"}',10.99,35.42,'P','PPL','TN.15','TN.15.3361',36274,'Africa/Tunis',1,'2022-01-10 23:00:00','2022-01-10 23:00:00');
INSERT INTO `__PREFIX__cities` (`country_code`, `name`, `longitude`, `latitude`, `feature_class`, `feature_code`, `subadmin1_code`, `subadmin2_code`, `population`, `time_zone`, `active`, `created_at`, `updated_at`) VALUES ('TN','{\"en\":\"Ksibet el Mediouni\"}',10.84,35.69,'P','PPL','TN.16','TN.16.3262',13122,'Africa/Tunis',1,'2022-01-10 23:00:00','2022-01-10 23:00:00');
INSERT INTO `__PREFIX__cities` (`country_code`, `name`, `longitude`, `latitude`, `feature_class`, `feature_code`, `subadmin1_code`, `subadmin2_code`, `population`, `time_zone`, `active`, `created_at`, `updated_at`) VALUES ('TN','{\"en\":\"Korba\"}',10.86,36.58,'P','PPL','TN.19','TN.19.1554',33589,'Africa/Tunis',1,'2022-01-10 23:00:00','2022-01-10 23:00:00');
INSERT INTO `__PREFIX__cities` (`country_code`, `name`, `longitude`, `latitude`, `feature_class`, `feature_code`, `subadmin1_code`, `subadmin2_code`, `population`, `time_zone`, `active`, `created_at`, `updated_at`) VALUES ('TN','{\"en\":\"Kélibia\"}',11.09,36.85,'P','PPL','TN.19','TN.19.1557',58524,'Africa/Tunis',1,'2022-01-10 23:00:00','2022-01-10 23:00:00');
INSERT INTO `__PREFIX__cities` (`country_code`, `name`, `longitude`, `latitude`, `feature_class`, `feature_code`, `subadmin1_code`, `subadmin2_code`, `population`, `time_zone`, `active`, `created_at`, `updated_at`) VALUES ('TN','{\"en\":\"Kebili\"}',8.97,33.70,'P','PPLA','TN.31','TN.31.6352',19875,'Africa/Tunis',1,'2018-08-04 23:00:00','2018-08-04 23:00:00');
INSERT INTO `__PREFIX__cities` (`country_code`, `name`, `longitude`, `latitude`, `feature_class`, `feature_code`, `subadmin1_code`, `subadmin2_code`, `population`, `time_zone`, `active`, `created_at`, `updated_at`) VALUES ('TN','{\"en\":\"Ksar Hellal\"}',10.89,35.65,'P','PPL','TN.16','TN.16.3261',49376,'Africa/Tunis',1,'2022-01-10 23:00:00','2022-01-10 23:00:00');
INSERT INTO `__PREFIX__cities` (`country_code`, `name`, `longitude`, `latitude`, `feature_class`, `feature_code`, `subadmin1_code`, `subadmin2_code`, `population`, `time_zone`, `active`, `created_at`, `updated_at`) VALUES ('TN','{\"en\":\"Carthage\"}',10.33,36.86,'P','PPL','TN.36','TN.36.1151',15922,'Africa/Tunis',1,'2018-08-04 23:00:00','2018-08-04 23:00:00');
INSERT INTO `__PREFIX__cities` (`country_code`, `name`, `longitude`, `latitude`, `feature_class`, `feature_code`, `subadmin1_code`, `subadmin2_code`, `population`, `time_zone`, `active`, `created_at`, `updated_at`) VALUES ('TN','{\"en\":\"El Fahs\"}',9.91,36.37,'P','PPL','TN.37','TN.37.1654',23561,'Africa/Tunis',1,'2022-01-10 23:00:00','2022-01-10 23:00:00');
INSERT INTO `__PREFIX__cities` (`country_code`, `name`, `longitude`, `latitude`, `feature_class`, `feature_code`, `subadmin1_code`, `subadmin2_code`, `population`, `time_zone`, `active`, `created_at`, `updated_at`) VALUES ('TN','{\"en\":\"Galaat el Andeless\"}',10.12,37.06,'P','PPL','TN.38','TN.38.1254',15313,'Africa/Tunis',1,'2018-08-04 23:00:00','2018-08-04 23:00:00');
INSERT INTO `__PREFIX__cities` (`country_code`, `name`, `longitude`, `latitude`, `feature_class`, `feature_code`, `subadmin1_code`, `subadmin2_code`, `population`, `time_zone`, `active`, `created_at`, `updated_at`) VALUES ('TN','{\"en\":\"Gafour\"}',9.32,36.32,'P','PPL','TN.22','TN.22.2454',10272,'Africa/Tunis',1,'2022-01-10 23:00:00','2022-01-10 23:00:00');
INSERT INTO `__PREFIX__cities` (`country_code`, `name`, `longitude`, `latitude`, `feature_class`, `feature_code`, `subadmin1_code`, `subadmin2_code`, `population`, `time_zone`, `active`, `created_at`, `updated_at`) VALUES ('TN','{\"en\":\"Gafsa\"}',8.78,34.42,'P','PPLA','TN.30','TN.30.6154',81232,'Africa/Tunis',1,'2018-08-28 23:00:00','2018-08-28 23:00:00');
INSERT INTO `__PREFIX__cities` (`country_code`, `name`, `longitude`, `latitude`, `feature_class`, `feature_code`, `subadmin1_code`, `subadmin2_code`, `population`, `time_zone`, `active`, `created_at`, `updated_at`) VALUES ('TN','{\"en\":\"Gabès\"}',10.10,33.88,'P','PPLA','TN.29',NULL,110075,'Africa/Tunis',1,'2020-09-22 23:00:00','2020-09-22 23:00:00');
INSERT INTO `__PREFIX__cities` (`country_code`, `name`, `longitude`, `latitude`, `feature_class`, `feature_code`, `subadmin1_code`, `subadmin2_code`, `population`, `time_zone`, `active`, `created_at`, `updated_at`) VALUES ('TN','{\"en\":\"Nefta\"}',7.88,33.87,'P','PPL','TN.35','TN.35.6254',21720,'Africa/Tunis',1,'2018-08-04 23:00:00','2018-08-04 23:00:00');
INSERT INTO `__PREFIX__cities` (`country_code`, `name`, `longitude`, `latitude`, `feature_class`, `feature_code`, `subadmin1_code`, `subadmin2_code`, `population`, `time_zone`, `active`, `created_at`, `updated_at`) VALUES ('TN','{\"en\":\"Nabeul\"}',10.74,36.46,'P','PPLA','TN.19',NULL,56387,'Africa/Tunis',1,'2018-08-29 23:00:00','2018-08-29 23:00:00');
INSERT INTO `__PREFIX__cities` (`country_code`, `name`, `longitude`, `latitude`, `feature_class`, `feature_code`, `subadmin1_code`, `subadmin2_code`, `population`, `time_zone`, `active`, `created_at`, `updated_at`) VALUES ('TN','{\"en\":\"Midoun\"}',10.99,33.81,'P','PPLA2','TN.28','TN.28.5257',32000,'Africa/Tunis',1,'2018-08-28 23:00:00','2018-08-28 23:00:00');
INSERT INTO `__PREFIX__cities` (`country_code`, `name`, `longitude`, `latitude`, `feature_class`, `feature_code`, `subadmin1_code`, `subadmin2_code`, `population`, `time_zone`, `active`, `created_at`, `updated_at`) VALUES ('TN','{\"en\":\"Mateur\"}',9.67,37.04,'P','PPL','TN.18','TN.18.1756',31005,'Africa/Tunis',1,'2018-08-04 23:00:00','2018-08-04 23:00:00');
INSERT INTO `__PREFIX__cities` (`country_code`, `name`, `longitude`, `latitude`, `feature_class`, `feature_code`, `subadmin1_code`, `subadmin2_code`, `population`, `time_zone`, `active`, `created_at`, `updated_at`) VALUES ('TN','{\"en\":\"Msaken\"}',10.58,35.73,'P','PPL','TN.23','TN.23.3164',72953,'Africa/Tunis',1,'2022-01-10 23:00:00','2022-01-10 23:00:00');
INSERT INTO `__PREFIX__cities` (`country_code`, `name`, `longitude`, `latitude`, `feature_class`, `feature_code`, `subadmin1_code`, `subadmin2_code`, `population`, `time_zone`, `active`, `created_at`, `updated_at`) VALUES ('TN','{\"en\":\"Menzel Kamel\"}',10.67,35.62,'P','PPL','TN.16','TN.16.3256',8314,'Africa/Tunis',1,'2018-08-04 23:00:00','2018-08-04 23:00:00');
INSERT INTO `__PREFIX__cities` (`country_code`, `name`, `longitude`, `latitude`, `feature_class`, `feature_code`, `subadmin1_code`, `subadmin2_code`, `population`, `time_zone`, `active`, `created_at`, `updated_at`) VALUES ('TN','{\"en\":\"Menzel Jemil\"}',9.91,37.24,'P','PPL','TN.18','TN.18.1762',21542,'Africa/Tunis',1,'2022-01-10 23:00:00','2022-01-10 23:00:00');
INSERT INTO `__PREFIX__cities` (`country_code`, `name`, `longitude`, `latitude`, `feature_class`, `feature_code`, `subadmin1_code`, `subadmin2_code`, `population`, `time_zone`, `active`, `created_at`, `updated_at`) VALUES ('TN','{\"en\":\"Mennzel Bou Zelfa\"}',10.58,36.68,'P','PPL','TN.19','TN.19.1562',18551,'Africa/Tunis',1,'2022-01-10 23:00:00','2022-01-10 23:00:00');
INSERT INTO `__PREFIX__cities` (`country_code`, `name`, `longitude`, `latitude`, `feature_class`, `feature_code`, `subadmin1_code`, `subadmin2_code`, `population`, `time_zone`, `active`, `created_at`, `updated_at`) VALUES ('TN','{\"en\":\"Menzel Bourguiba\"}',9.79,37.15,'P','PPL','TN.18','TN.18.1758',54536,'Africa/Tunis',1,'2022-01-10 23:00:00','2022-01-10 23:00:00');
INSERT INTO `__PREFIX__cities` (`country_code`, `name`, `longitude`, `latitude`, `feature_class`, `feature_code`, `subadmin1_code`, `subadmin2_code`, `population`, `time_zone`, `active`, `created_at`, `updated_at`) VALUES ('TN','{\"en\":\"Menzel Abderhaman\"}',9.86,37.24,'P','PPL','TN.18','TN.18.1762',19078,'Africa/Tunis',1,'2022-01-10 23:00:00','2022-01-10 23:00:00');
INSERT INTO `__PREFIX__cities` (`country_code`, `name`, `longitude`, `latitude`, `feature_class`, `feature_code`, `subadmin1_code`, `subadmin2_code`, `population`, `time_zone`, `active`, `created_at`, `updated_at`) VALUES ('TN','{\"en\":\"Manouba\"}',10.10,36.81,'P','PPLA','TN.39','TN.39.1451',24948,'Africa/Tunis',1,'2019-04-10 23:00:00','2019-04-10 23:00:00');
INSERT INTO `__PREFIX__cities` (`country_code`, `name`, `longitude`, `latitude`, `feature_class`, `feature_code`, `subadmin1_code`, `subadmin2_code`, `population`, `time_zone`, `active`, `created_at`, `updated_at`) VALUES ('TN','{\"en\":\"Melloulèche\"}',11.04,35.17,'P','PPL','TN.15','TN.15.3359',6948,'Africa/Tunis',1,'2022-01-10 23:00:00','2022-01-10 23:00:00');
INSERT INTO `__PREFIX__cities` (`country_code`, `name`, `longitude`, `latitude`, `feature_class`, `feature_code`, `subadmin1_code`, `subadmin2_code`, `population`, `time_zone`, `active`, `created_at`, `updated_at`) VALUES ('TN','{\"en\":\"Maktar\"}',9.20,35.86,'P','PPL','TN.22','TN.22.2457',14500,'Africa/Tunis',1,'2022-01-10 23:00:00','2022-01-10 23:00:00');
INSERT INTO `__PREFIX__cities` (`country_code`, `name`, `longitude`, `latitude`, `feature_class`, `feature_code`, `subadmin1_code`, `subadmin2_code`, `population`, `time_zone`, `active`, `created_at`, `updated_at`) VALUES ('TN','{\"en\":\"Medjez el Bab\"}',9.61,36.65,'P','PPL','TN.17','TN.17.2159',20118,'Africa/Tunis',1,'2022-01-10 23:00:00','2022-01-10 23:00:00');
INSERT INTO `__PREFIX__cities` (`country_code`, `name`, `longitude`, `latitude`, `feature_class`, `feature_code`, `subadmin1_code`, `subadmin2_code`, `population`, `time_zone`, `active`, `created_at`, `updated_at`) VALUES ('TN','{\"en\":\"Medenine\"}',10.51,33.35,'P','PPLA','TN.28',NULL,61705,'Africa/Tunis',1,'2018-08-29 23:00:00','2018-08-29 23:00:00');
INSERT INTO `__PREFIX__cities` (`country_code`, `name`, `longitude`, `latitude`, `feature_class`, `feature_code`, `subadmin1_code`, `subadmin2_code`, `population`, `time_zone`, `active`, `created_at`, `updated_at`) VALUES ('TN','{\"en\":\"Lemta\"}',10.88,35.67,'P','PPL','TN.16','TN.16.3263',5382,'Africa/Tunis',1,'2022-01-11 23:00:00','2022-01-11 23:00:00');
INSERT INTO `__PREFIX__cities` (`country_code`, `name`, `longitude`, `latitude`, `feature_class`, `feature_code`, `subadmin1_code`, `subadmin2_code`, `population`, `time_zone`, `active`, `created_at`, `updated_at`) VALUES ('TN','{\"en\":\"Jendouba\"}',8.78,36.50,'P','PPLA','TN.06','TN.06.2251',51408,'Africa/Tunis',1,'2018-08-29 23:00:00','2018-08-29 23:00:00');
INSERT INTO `__PREFIX__cities` (`country_code`, `name`, `longitude`, `latitude`, `feature_class`, `feature_code`, `subadmin1_code`, `subadmin2_code`, `population`, `time_zone`, `active`, `created_at`, `updated_at`) VALUES ('TN','{\"en\":\"Jilma\"}',9.42,35.27,'P','PPL','TN.33','TN.33.4353',5887,'Africa/Tunis',1,'2022-01-10 23:00:00','2022-01-10 23:00:00');
INSERT INTO `__PREFIX__cities` (`country_code`, `name`, `longitude`, `latitude`, `feature_class`, `feature_code`, `subadmin1_code`, `subadmin2_code`, `population`, `time_zone`, `active`, `created_at`, `updated_at`) VALUES ('TN','{\"en\":\"Zarzis\"}',11.11,33.50,'P','PPL','TN.28','TN.28.5255',79316,'Africa/Tunis',1,'2018-08-29 23:00:00','2018-08-29 23:00:00');
INSERT INTO `__PREFIX__cities` (`country_code`, `name`, `longitude`, `latitude`, `feature_class`, `feature_code`, `subadmin1_code`, `subadmin2_code`, `population`, `time_zone`, `active`, `created_at`, `updated_at`) VALUES ('TN','{\"en\":\"Jemna\"}',9.01,33.58,'P','PPL','TN.31','TN.31.6351',6254,'Africa/Tunis',1,'2022-01-10 23:00:00','2022-01-10 23:00:00');
INSERT INTO `__PREFIX__cities` (`country_code`, `name`, `longitude`, `latitude`, `feature_class`, `feature_code`, `subadmin1_code`, `subadmin2_code`, `population`, `time_zone`, `active`, `created_at`, `updated_at`) VALUES ('TN','{\"en\":\"Djemmal\"}',10.76,35.62,'P','PPL','TN.16','TN.16.3256',50275,'Africa/Tunis',1,'2022-01-10 23:00:00','2022-01-10 23:00:00');
INSERT INTO `__PREFIX__cities` (`country_code`, `name`, `longitude`, `latitude`, `feature_class`, `feature_code`, `subadmin1_code`, `subadmin2_code`, `population`, `time_zone`, `active`, `created_at`, `updated_at`) VALUES ('TN','{\"en\":\"Djebeniana\"}',10.91,35.03,'P','PPL','TN.32','TN.32.3458',7190,'Africa/Tunis',1,'2022-01-10 23:00:00','2022-01-10 23:00:00');
INSERT INTO `__PREFIX__cities` (`country_code`, `name`, `longitude`, `latitude`, `feature_class`, `feature_code`, `subadmin1_code`, `subadmin2_code`, `population`, `time_zone`, `active`, `created_at`, `updated_at`) VALUES ('TN','{\"en\":\"Houmt El Souk\"}',10.86,33.88,'P','PPL','TN.28','TN.28.5256',62583,'Africa/Tunis',1,'2020-09-28 23:00:00','2020-09-28 23:00:00');
INSERT INTO `__PREFIX__cities` (`country_code`, `name`, `longitude`, `latitude`, `feature_class`, `feature_code`, `subadmin1_code`, `subadmin2_code`, `population`, `time_zone`, `active`, `created_at`, `updated_at`) VALUES ('TN','{\"en\":\"Harqalah\"}',10.51,36.03,'P','PPL','TN.23','TN.23.3159',7423,'Africa/Tunis',1,'2022-01-10 23:00:00','2022-01-10 23:00:00');
INSERT INTO `__PREFIX__cities` (`country_code`, `name`, `longitude`, `latitude`, `feature_class`, `feature_code`, `subadmin1_code`, `subadmin2_code`, `population`, `time_zone`, `active`, `created_at`, `updated_at`) VALUES ('TN','{\"en\":\"Hammam Sousse\"}',10.60,35.86,'P','PPL','TN.23','TN.23.3155',33834,'Africa/Tunis',1,'2018-08-04 23:00:00','2018-08-04 23:00:00');
INSERT INTO `__PREFIX__cities` (`country_code`, `name`, `longitude`, `latitude`, `feature_class`, `feature_code`, `subadmin1_code`, `subadmin2_code`, `population`, `time_zone`, `active`, `created_at`, `updated_at`) VALUES ('TN','{\"en\":\"Hammam-Lif\"}',10.34,36.73,'P','PPL','TN.27',NULL,47760,'Africa/Tunis',1,'2022-01-10 23:00:00','2022-01-10 23:00:00');
INSERT INTO `__PREFIX__cities` (`country_code`, `name`, `longitude`, `latitude`, `feature_class`, `feature_code`, `subadmin1_code`, `subadmin2_code`, `population`, `time_zone`, `active`, `created_at`, `updated_at`) VALUES ('TN','{\"en\":\"La Goulette\"}',10.31,36.82,'P','PPL','TN.36','TN.36.1169',79795,'Africa/Tunis',1,'2019-09-04 23:00:00','2019-09-04 23:00:00');
INSERT INTO `__PREFIX__cities` (`country_code`, `name`, `longitude`, `latitude`, `feature_class`, `feature_code`, `subadmin1_code`, `subadmin2_code`, `population`, `time_zone`, `active`, `created_at`, `updated_at`) VALUES ('TN','{\"en\":\"Haffouz\"}',9.68,35.63,'P','PPL','TN.03','TN.03.4156',8472,'Africa/Tunis',1,'2022-01-10 23:00:00','2022-01-10 23:00:00');
INSERT INTO `__PREFIX__cities` (`country_code`, `name`, `longitude`, `latitude`, `feature_class`, `feature_code`, `subadmin1_code`, `subadmin2_code`, `population`, `time_zone`, `active`, `created_at`, `updated_at`) VALUES ('TN','{\"en\":\"Rhar el Melah\"}',10.19,37.17,'P','PPL','TN.18','TN.18.1761',10530,'Africa/Tunis',1,'2022-01-10 23:00:00','2022-01-10 23:00:00');
INSERT INTO `__PREFIX__cities` (`country_code`, `name`, `longitude`, `latitude`, `feature_class`, `feature_code`, `subadmin1_code`, `subadmin2_code`, `population`, `time_zone`, `active`, `created_at`, `updated_at`) VALUES ('TN','{\"en\":\"Ghardimaou\"}',8.44,36.45,'P','PPL','TN.06','TN.06.2257',19574,'Africa/Tunis',1,'2022-01-12 23:00:00','2022-01-12 23:00:00');
INSERT INTO `__PREFIX__cities` (`country_code`, `name`, `longitude`, `latitude`, `feature_class`, `feature_code`, `subadmin1_code`, `subadmin2_code`, `population`, `time_zone`, `active`, `created_at`, `updated_at`) VALUES ('TN','{\"en\":\"Douz\"}',9.02,33.47,'P','PPL','TN.31','TN.31.6354',28127,'Africa/Tunis',1,'2018-08-04 23:00:00','2018-08-04 23:00:00');
INSERT INTO `__PREFIX__cities` (`country_code`, `name`, `longitude`, `latitude`, `feature_class`, `feature_code`, `subadmin1_code`, `subadmin2_code`, `population`, `time_zone`, `active`, `created_at`, `updated_at`) VALUES ('TN','{\"en\":\"Degache\"}',8.21,33.98,'P','PPL','TN.35','TN.35.6252',8134,'Africa/Tunis',1,'2022-01-10 23:00:00','2022-01-10 23:00:00');
INSERT INTO `__PREFIX__cities` (`country_code`, `name`, `longitude`, `latitude`, `feature_class`, `feature_code`, `subadmin1_code`, `subadmin2_code`, `population`, `time_zone`, `active`, `created_at`, `updated_at`) VALUES ('TN','{\"en\":\"Douar Tindja\"}',9.75,37.17,'P','PPL','TN.18',NULL,18551,'Africa/Tunis',1,'2015-09-05 23:00:00','2015-09-05 23:00:00');
INSERT INTO `__PREFIX__cities` (`country_code`, `name`, `longitude`, `latitude`, `feature_class`, `feature_code`, `subadmin1_code`, `subadmin2_code`, `population`, `time_zone`, `active`, `created_at`, `updated_at`) VALUES ('TN','{\"en\":\"Dar Chabanne\"}',10.75,36.47,'P','PPL','TN.19','TN.19.1552',42140,'Africa/Tunis',1,'2022-01-10 23:00:00','2022-01-10 23:00:00');
INSERT INTO `__PREFIX__cities` (`country_code`, `name`, `longitude`, `latitude`, `feature_class`, `feature_code`, `subadmin1_code`, `subadmin2_code`, `population`, `time_zone`, `active`, `created_at`, `updated_at`) VALUES ('TN','{\"en\":\"Bou Arkoub\"}',10.55,36.54,'P','PPL','TN.19','TN.19.1565',12312,'Africa/Tunis',1,'2022-01-10 23:00:00','2022-01-10 23:00:00');
INSERT INTO `__PREFIX__cities` (`country_code`, `name`, `longitude`, `latitude`, `feature_class`, `feature_code`, `subadmin1_code`, `subadmin2_code`, `population`, `time_zone`, `active`, `created_at`, `updated_at`) VALUES ('TN','{\"en\":\"Bou Arada\"}',9.62,36.35,'P','PPL','TN.22','TN.22.2453',12158,'Africa/Tunis',1,'2018-08-04 23:00:00','2018-08-04 23:00:00');
INSERT INTO `__PREFIX__cities` (`country_code`, `name`, `longitude`, `latitude`, `feature_class`, `feature_code`, `subadmin1_code`, `subadmin2_code`, `population`, `time_zone`, `active`, `created_at`, `updated_at`) VALUES ('TN','{\"en\":\"Bir el Hafey\"}',9.19,34.93,'P','PPL','TN.33','TN.33.4355',6498,'Africa/Tunis',1,'2022-01-12 23:00:00','2022-01-12 23:00:00');
INSERT INTO `__PREFIX__cities` (`country_code`, `name`, `longitude`, `latitude`, `feature_class`, `feature_code`, `subadmin1_code`, `subadmin2_code`, `population`, `time_zone`, `active`, `created_at`, `updated_at`) VALUES ('TN','{\"en\":\"Ben Gardane\"}',11.22,33.14,'P','PPL','TN.28','TN.28.5254',13364,'Africa/Tunis',1,'2022-01-10 23:00:00','2022-01-10 23:00:00');
INSERT INTO `__PREFIX__cities` (`country_code`, `name`, `longitude`, `latitude`, `feature_class`, `feature_code`, `subadmin1_code`, `subadmin2_code`, `population`, `time_zone`, `active`, `created_at`, `updated_at`) VALUES ('TN','{\"en\":\"Ben Arous\"}',10.22,36.75,'P','PPLA','TN.27',NULL,74932,'Africa/Tunis',1,'2019-04-10 23:00:00','2019-04-10 23:00:00');
INSERT INTO `__PREFIX__cities` (`country_code`, `name`, `longitude`, `latitude`, `feature_class`, `feature_code`, `subadmin1_code`, `subadmin2_code`, `population`, `time_zone`, `active`, `created_at`, `updated_at`) VALUES ('TN','{\"en\":\"Bizerte\"}',9.87,37.27,'P','PPLA','TN.18',NULL,115268,'Africa/Tunis',1,'2018-08-25 23:00:00','2018-08-25 23:00:00');
INSERT INTO `__PREFIX__cities` (`country_code`, `name`, `longitude`, `latitude`, `feature_class`, `feature_code`, `subadmin1_code`, `subadmin2_code`, `population`, `time_zone`, `active`, `created_at`, `updated_at`) VALUES ('TN','{\"en\":\"Beni Khiar\"}',10.78,36.47,'P','PPL','TN.19','TN.19.1553',18011,'Africa/Tunis',1,'2018-08-04 23:00:00','2018-08-04 23:00:00');
INSERT INTO `__PREFIX__cities` (`country_code`, `name`, `longitude`, `latitude`, `feature_class`, `feature_code`, `subadmin1_code`, `subadmin2_code`, `population`, `time_zone`, `active`, `created_at`, `updated_at`) VALUES ('TN','{\"en\":\"Beni Khalled\"}',10.59,36.65,'P','PPL','TN.19','TN.19.1563',11300,'Africa/Tunis',1,'2018-08-04 23:00:00','2018-08-04 23:00:00');
INSERT INTO `__PREFIX__cities` (`country_code`, `name`, `longitude`, `latitude`, `feature_class`, `feature_code`, `subadmin1_code`, `subadmin2_code`, `population`, `time_zone`, `active`, `created_at`, `updated_at`) VALUES ('TN','{\"en\":\"Beni Hassane\"}',10.81,35.57,'P','PPL','TN.16','TN.16.3255',8801,'Africa/Tunis',1,'2022-01-10 23:00:00','2022-01-10 23:00:00');
INSERT INTO `__PREFIX__cities` (`country_code`, `name`, `longitude`, `latitude`, `feature_class`, `feature_code`, `subadmin1_code`, `subadmin2_code`, `population`, `time_zone`, `active`, `created_at`, `updated_at`) VALUES ('TN','{\"en\":\"Banbalah\"}',10.80,35.70,'P','PPL','TN.16','TN.16.3257',12367,'Africa/Tunis',1,'2018-08-04 23:00:00','2018-08-04 23:00:00');
INSERT INTO `__PREFIX__cities` (`country_code`, `name`, `longitude`, `latitude`, `feature_class`, `feature_code`, `subadmin1_code`, `subadmin2_code`, `population`, `time_zone`, `active`, `created_at`, `updated_at`) VALUES ('TN','{\"en\":\"Béja\"}',9.18,36.73,'P','PPLA','TN.17',NULL,57233,'Africa/Tunis',1,'2020-06-09 23:00:00','2020-06-09 23:00:00');
INSERT INTO `__PREFIX__cities` (`country_code`, `name`, `longitude`, `latitude`, `feature_class`, `feature_code`, `subadmin1_code`, `subadmin2_code`, `population`, `time_zone`, `active`, `created_at`, `updated_at`) VALUES ('TN','{\"en\":\"Zouila\"}',11.06,35.50,'P','PPLX','TN.15','TN.15.3351',44349,'Africa/Tunis',1,'2018-08-04 23:00:00','2018-08-04 23:00:00');
INSERT INTO `__PREFIX__cities` (`country_code`, `name`, `longitude`, `latitude`, `feature_class`, `feature_code`, `subadmin1_code`, `subadmin2_code`, `population`, `time_zone`, `active`, `created_at`, `updated_at`) VALUES ('TN','{\"en\":\"Skhira\"}',10.07,34.30,'P','PPL','TN.32','TN.32.3464',11944,'Africa/Tunis',1,'2022-01-10 23:00:00','2022-01-10 23:00:00');
INSERT INTO `__PREFIX__cities` (`country_code`, `name`, `longitude`, `latitude`, `feature_class`, `feature_code`, `subadmin1_code`, `subadmin2_code`, `population`, `time_zone`, `active`, `created_at`, `updated_at`) VALUES ('TN','{\"en\":\"Sbikha\"}',10.02,35.93,'P','PPL','TN.03','TN.03.4154',7062,'Africa/Tunis',1,'2018-08-04 23:00:00','2018-08-04 23:00:00');
INSERT INTO `__PREFIX__cities` (`country_code`, `name`, `longitude`, `latitude`, `feature_class`, `feature_code`, `subadmin1_code`, `subadmin2_code`, `population`, `time_zone`, `active`, `created_at`, `updated_at`) VALUES ('TN','{\"en\":\"Seïada\"}',10.89,35.67,'P','PPL','TN.16','TN.16.3263',12962,'Africa/Tunis',1,'2022-01-10 23:00:00','2022-01-10 23:00:00');
INSERT INTO `__PREFIX__cities` (`country_code`, `name`, `longitude`, `latitude`, `feature_class`, `feature_code`, `subadmin1_code`, `subadmin2_code`, `population`, `time_zone`, `active`, `created_at`, `updated_at`) VALUES ('TN','{\"en\":\"As Sars\"}',9.02,36.08,'P','PPL','TN.14','TN.14.2361',12137,'Africa/Tunis',1,'2022-01-10 23:00:00','2022-01-10 23:00:00');
INSERT INTO `__PREFIX__cities` (`country_code`, `name`, `longitude`, `latitude`, `feature_class`, `feature_code`, `subadmin1_code`, `subadmin2_code`, `population`, `time_zone`, `active`, `created_at`, `updated_at`) VALUES ('TN','{\"en\":\"As Sanad\"}',9.26,34.46,'P','PPL','TN.30','TN.30.6161',7859,'Africa/Tunis',1,'2022-01-11 23:00:00','2022-01-11 23:00:00');
INSERT INTO `__PREFIX__cities` (`country_code`, `name`, `longitude`, `latitude`, `feature_class`, `feature_code`, `subadmin1_code`, `subadmin2_code`, `population`, `time_zone`, `active`, `created_at`, `updated_at`) VALUES ('TN','{\"en\":\"Sahline\"}',10.71,35.75,'P','PPL','TN.16','TN.16.3253',13806,'Africa/Tunis',1,'2018-08-04 23:00:00','2018-08-04 23:00:00');
INSERT INTO `__PREFIX__cities` (`country_code`, `name`, `longitude`, `latitude`, `feature_class`, `feature_code`, `subadmin1_code`, `subadmin2_code`, `population`, `time_zone`, `active`, `created_at`, `updated_at`) VALUES ('TN','{\"en\":\"Chebba\"}',11.12,35.24,'P','PPL','TN.15','TN.15.3358',21559,'Africa/Tunis',1,'2018-08-04 23:00:00','2018-08-04 23:00:00');
INSERT INTO `__PREFIX__cities` (`country_code`, `name`, `longitude`, `latitude`, `feature_class`, `feature_code`, `subadmin1_code`, `subadmin2_code`, `population`, `time_zone`, `active`, `created_at`, `updated_at`) VALUES ('TN','{\"en\":\"Ariana\"}',10.19,36.86,'P','PPLA','TN.38','TN.38.1251',97687,'Africa/Tunis',1,'2019-04-10 23:00:00','2019-04-10 23:00:00');
INSERT INTO `__PREFIX__cities` (`country_code`, `name`, `longitude`, `latitude`, `feature_class`, `feature_code`, `subadmin1_code`, `subadmin2_code`, `population`, `time_zone`, `active`, `created_at`, `updated_at`) VALUES ('TN','{\"en\":\"Ar Rudayyif\"}',8.16,34.38,'P','PPL','TN.30','TN.30.6156',26976,'Africa/Tunis',1,'2022-01-10 23:00:00','2022-01-10 23:00:00');
INSERT INTO `__PREFIX__cities` (`country_code`, `name`, `longitude`, `latitude`, `feature_class`, `feature_code`, `subadmin1_code`, `subadmin2_code`, `population`, `time_zone`, `active`, `created_at`, `updated_at`) VALUES ('TN','{\"en\":\"Er Regueb\"}',9.79,34.86,'P','PPL','TN.33','TN.33.4361',6702,'Africa/Tunis',1,'2018-08-04 23:00:00','2018-08-04 23:00:00');
INSERT INTO `__PREFIX__cities` (`country_code`, `name`, `longitude`, `latitude`, `feature_class`, `feature_code`, `subadmin1_code`, `subadmin2_code`, `population`, `time_zone`, `active`, `created_at`, `updated_at`) VALUES ('TN','{\"en\":\"Ouardenine\"}',10.67,35.71,'P','PPL','TN.16','TN.16.3252',18287,'Africa/Tunis',1,'2018-08-04 23:00:00','2018-08-04 23:00:00');
INSERT INTO `__PREFIX__cities` (`country_code`, `name`, `longitude`, `latitude`, `feature_class`, `feature_code`, `subadmin1_code`, `subadmin2_code`, `population`, `time_zone`, `active`, `created_at`, `updated_at`) VALUES ('TN','{\"en\":\"El Ksour\"}',8.88,35.90,'P','PPL','TN.14','TN.14.2359',5034,'Africa/Tunis',1,'2022-01-11 23:00:00','2022-01-11 23:00:00');
INSERT INTO `__PREFIX__cities` (`country_code`, `name`, `longitude`, `latitude`, `feature_class`, `feature_code`, `subadmin1_code`, `subadmin2_code`, `population`, `time_zone`, `active`, `created_at`, `updated_at`) VALUES ('TN','{\"en\":\"Kairouan\"}',10.10,35.68,'P','PPLA','TN.03',NULL,119794,'Africa/Tunis',1,'2018-08-25 23:00:00','2018-08-25 23:00:00');
INSERT INTO `__PREFIX__cities` (`country_code`, `name`, `longitude`, `latitude`, `feature_class`, `feature_code`, `subadmin1_code`, `subadmin2_code`, `population`, `time_zone`, `active`, `created_at`, `updated_at`) VALUES ('TN','{\"en\":\"Kasserine\"}',8.84,35.17,'P','PPLA','TN.02',NULL,81987,'Africa/Tunis',1,'2018-08-25 23:00:00','2018-08-25 23:00:00');
INSERT INTO `__PREFIX__cities` (`country_code`, `name`, `longitude`, `latitude`, `feature_class`, `feature_code`, `subadmin1_code`, `subadmin2_code`, `population`, `time_zone`, `active`, `created_at`, `updated_at`) VALUES ('TN','{\"en\":\"Gremda\"}',10.78,34.75,'P','PPL','TN.32',NULL,33744,'Africa/Tunis',1,'2018-03-21 23:00:00','2018-03-21 23:00:00');
INSERT INTO `__PREFIX__cities` (`country_code`, `name`, `longitude`, `latitude`, `feature_class`, `feature_code`, `subadmin1_code`, `subadmin2_code`, `population`, `time_zone`, `active`, `created_at`, `updated_at`) VALUES ('TN','{\"en\":\"El Golaa\"}',9.01,33.48,'P','PPL','TN.31','TN.31.6354',7189,'Africa/Tunis',1,'2018-08-04 23:00:00','2018-08-04 23:00:00');
INSERT INTO `__PREFIX__cities` (`country_code`, `name`, `longitude`, `latitude`, `feature_class`, `feature_code`, `subadmin1_code`, `subadmin2_code`, `population`, `time_zone`, `active`, `created_at`, `updated_at`) VALUES ('TN','{\"en\":\"Monastir\"}',10.83,35.78,'P','PPLA','TN.16','TN.16.3251',71546,'Africa/Tunis',1,'2019-09-04 23:00:00','2019-09-04 23:00:00');
INSERT INTO `__PREFIX__cities` (`country_code`, `name`, `longitude`, `latitude`, `feature_class`, `feature_code`, `subadmin1_code`, `subadmin2_code`, `population`, `time_zone`, `active`, `created_at`, `updated_at`) VALUES ('TN','{\"en\":\"La Mohammedia\"}',10.16,36.67,'P','PPL','TN.36',NULL,66593,'Africa/Tunis',1,'2022-01-10 23:00:00','2022-01-10 23:00:00');
INSERT INTO `__PREFIX__cities` (`country_code`, `name`, `longitude`, `latitude`, `feature_class`, `feature_code`, `subadmin1_code`, `subadmin2_code`, `population`, `time_zone`, `active`, `created_at`, `updated_at`) VALUES ('TN','{\"en\":\"Metlaoui\"}',8.40,34.32,'P','PPL','TN.30','TN.30.6157',38634,'Africa/Tunis',1,'2022-01-10 23:00:00','2022-01-10 23:00:00');
INSERT INTO `__PREFIX__cities` (`country_code`, `name`, `longitude`, `latitude`, `feature_class`, `feature_code`, `subadmin1_code`, `subadmin2_code`, `population`, `time_zone`, `active`, `created_at`, `updated_at`) VALUES ('TN','{\"en\":\"Mezzouna\"}',9.84,34.58,'P','PPL','TN.33','TN.33.4360',7390,'Africa/Tunis',1,'2022-01-11 23:00:00','2022-01-11 23:00:00');
INSERT INTO `__PREFIX__cities` (`country_code`, `name`, `longitude`, `latitude`, `feature_class`, `feature_code`, `subadmin1_code`, `subadmin2_code`, `population`, `time_zone`, `active`, `created_at`, `updated_at`) VALUES ('TN','{\"en\":\"Al Matlīn\"}',10.05,37.25,'P','PPL','TN.18','TN.18.1764',7370,'Africa/Tunis',1,'2018-08-04 23:00:00','2018-08-04 23:00:00');
INSERT INTO `__PREFIX__cities` (`country_code`, `name`, `longitude`, `latitude`, `feature_class`, `feature_code`, `subadmin1_code`, `subadmin2_code`, `population`, `time_zone`, `active`, `created_at`, `updated_at`) VALUES ('TN','{\"en\":\"Al Marsá\"}',10.32,36.88,'P','PPLA2','TN.36','TN.36.1171',65640,'Africa/Tunis',1,'2018-08-29 23:00:00','2018-08-29 23:00:00');
INSERT INTO `__PREFIX__cities` (`country_code`, `name`, `longitude`, `latitude`, `feature_class`, `feature_code`, `subadmin1_code`, `subadmin2_code`, `population`, `time_zone`, `active`, `created_at`, `updated_at`) VALUES ('TN','{\"en\":\"El Maamoura\"}',10.81,36.46,'P','PPL','TN.19','TN.19.1553',8039,'Africa/Tunis',1,'2022-01-11 23:00:00','2022-01-11 23:00:00');
INSERT INTO `__PREFIX__cities` (`country_code`, `name`, `longitude`, `latitude`, `feature_class`, `feature_code`, `subadmin1_code`, `subadmin2_code`, `population`, `time_zone`, `active`, `created_at`, `updated_at`) VALUES ('TN','{\"en\":\"Mahdia\"}',11.06,35.50,'P','PPLA','TN.15','TN.15.3351',45977,'Africa/Tunis',1,'2021-06-09 23:00:00','2021-06-09 23:00:00');
INSERT INTO `__PREFIX__cities` (`country_code`, `name`, `longitude`, `latitude`, `feature_class`, `feature_code`, `subadmin1_code`, `subadmin2_code`, `population`, `time_zone`, `active`, `created_at`, `updated_at`) VALUES ('TN','{\"en\":\"Le Krib\"}',9.14,36.33,'P','PPL','TN.22','TN.22.2455',7691,'Africa/Tunis',1,'2018-08-04 23:00:00','2018-08-04 23:00:00');
INSERT INTO `__PREFIX__cities` (`country_code`, `name`, `longitude`, `latitude`, `feature_class`, `feature_code`, `subadmin1_code`, `subadmin2_code`, `population`, `time_zone`, `active`, `created_at`, `updated_at`) VALUES ('TN','{\"en\":\"El Kef\"}',8.70,36.17,'P','PPLA','TN.14',NULL,47979,'Africa/Tunis',1,'2018-08-29 23:00:00','2018-08-29 23:00:00');
INSERT INTO `__PREFIX__cities` (`country_code`, `name`, `longitude`, `latitude`, `feature_class`, `feature_code`, `subadmin1_code`, `subadmin2_code`, `population`, `time_zone`, `active`, `created_at`, `updated_at`) VALUES ('TN','{\"en\":\"El Jem\"}',10.72,35.30,'P','PPL','TN.15','TN.15.3357',20029,'Africa/Tunis',1,'2018-08-04 23:00:00','2018-08-04 23:00:00');
INSERT INTO `__PREFIX__cities` (`country_code`, `name`, `longitude`, `latitude`, `feature_class`, `feature_code`, `subadmin1_code`, `subadmin2_code`, `population`, `time_zone`, `active`, `created_at`, `updated_at`) VALUES ('TN','{\"en\":\"El Haouaria\"}',11.01,37.05,'P','PPL','TN.19','TN.19.1559',9273,'Africa/Tunis',1,'2018-08-04 23:00:00','2018-08-04 23:00:00');
INSERT INTO `__PREFIX__cities` (`country_code`, `name`, `longitude`, `latitude`, `feature_class`, `feature_code`, `subadmin1_code`, `subadmin2_code`, `population`, `time_zone`, `active`, `created_at`, `updated_at`) VALUES ('TN','{\"en\":\"Erriadh\"}',10.85,33.82,'P','PPL','TN.28','TN.28.5256',14426,'Africa/Tunis',1,'2018-08-05 23:00:00','2018-08-05 23:00:00');
INSERT INTO `__PREFIX__cities` (`country_code`, `name`, `longitude`, `latitude`, `feature_class`, `feature_code`, `subadmin1_code`, `subadmin2_code`, `population`, `time_zone`, `active`, `created_at`, `updated_at`) VALUES ('TN','{\"en\":\"Hammamet\"}',10.62,36.40,'P','PPL','TN.19','TN.19.1566',97579,'Africa/Tunis',1,'2022-01-10 23:00:00','2022-01-10 23:00:00');
INSERT INTO `__PREFIX__cities` (`country_code`, `name`, `longitude`, `latitude`, `feature_class`, `feature_code`, `subadmin1_code`, `subadmin2_code`, `population`, `time_zone`, `active`, `created_at`, `updated_at`) VALUES ('TN','{\"en\":\"El Hamma\"}',9.80,33.89,'P','PPL','TN.29','TN.29.5157',73512,'Africa/Tunis',1,'2022-01-10 23:00:00','2022-01-10 23:00:00');
INSERT INTO `__PREFIX__cities` (`country_code`, `name`, `longitude`, `latitude`, `feature_class`, `feature_code`, `subadmin1_code`, `subadmin2_code`, `population`, `time_zone`, `active`, `created_at`, `updated_at`) VALUES ('TN','{\"en\":\"El Battan\"}',9.84,36.80,'P','PPL','TN.39','TN.39.1458',6458,'Africa/Tunis',1,'2022-01-11 23:00:00','2022-01-11 23:00:00');
INSERT INTO `__PREFIX__cities` (`country_code`, `name`, `longitude`, `latitude`, `feature_class`, `feature_code`, `subadmin1_code`, `subadmin2_code`, `population`, `time_zone`, `active`, `created_at`, `updated_at`) VALUES ('TN','{\"en\":\"Bekalta\"}',10.99,35.62,'P','PPL','TN.16','TN.16.3259',17850,'Africa/Tunis',1,'2022-01-10 23:00:00','2022-01-10 23:00:00');
INSERT INTO `__PREFIX__cities` (`country_code`, `name`, `longitude`, `latitude`, `feature_class`, `feature_code`, `subadmin1_code`, `subadmin2_code`, `population`, `time_zone`, `active`, `created_at`, `updated_at`) VALUES ('TN','{\"en\":\"El Alia\"}',10.03,37.17,'P','PPL','TN.18','TN.18.1763',16083,'Africa/Tunis',1,'2018-08-04 23:00:00','2018-08-04 23:00:00');
INSERT INTO `__PREFIX__cities` (`country_code`, `name`, `longitude`, `latitude`, `feature_class`, `feature_code`, `subadmin1_code`, `subadmin2_code`, `population`, `time_zone`, `active`, `created_at`, `updated_at`) VALUES ('TN','{\"en\":\"Akouda\"}',10.57,35.87,'P','PPL','TN.23','TN.23.3156',20027,'Africa/Tunis',1,'2018-08-04 23:00:00','2018-08-04 23:00:00');
INSERT INTO `__PREFIX__cities` (`country_code`, `name`, `longitude`, `latitude`, `feature_class`, `feature_code`, `subadmin1_code`, `subadmin2_code`, `population`, `time_zone`, `active`, `created_at`, `updated_at`) VALUES ('TN','{\"en\":\"Douane\"}',10.76,36.45,'P','PPL','TN.19','TN.19.1552',60192,'Africa/Tunis',1,'2018-08-04 23:00:00','2018-08-04 23:00:00');
INSERT INTO `__PREFIX__cities` (`country_code`, `name`, `longitude`, `latitude`, `feature_class`, `feature_code`, `subadmin1_code`, `subadmin2_code`, `population`, `time_zone`, `active`, `created_at`, `updated_at`) VALUES ('TN','{\"en\":\"Port el Kantaoui\"}',10.59,35.89,'P','PPL','TN.23','TN.23.3155',6000,'Africa/Tunis',1,'2018-08-04 23:00:00','2018-08-04 23:00:00');
INSERT INTO `__PREFIX__cities` (`country_code`, `name`, `longitude`, `latitude`, `feature_class`, `feature_code`, `subadmin1_code`, `subadmin2_code`, `population`, `time_zone`, `active`, `created_at`, `updated_at`) VALUES ('TN','{\"en\":\"Ezzouhour\"}',10.58,35.79,'P','PPL','TN.23','TN.23.3152',17348,'Africa/Tunis',1,'2022-01-12 23:00:00','2022-01-12 23:00:00');
/*!40000 ALTER TABLE `__PREFIX__cities` ENABLE KEYS */;
/*!40103 SET TIME_ZONE=@OLD_TIME_ZONE */;

/*!40101 SET SQL_MODE=@OLD_SQL_MODE */;
/*!40014 SET FOREIGN_KEY_CHECKS=@OLD_FOREIGN_KEY_CHECKS */;
/*!40014 SET UNIQUE_CHECKS=@OLD_UNIQUE_CHECKS */;
/*!40101 SET CHARACTER_SET_CLIENT=@OLD_CHARACTER_SET_CLIENT */;
/*!40101 SET CHARACTER_SET_RESULTS=@OLD_CHARACTER_SET_RESULTS */;
/*!40101 SET COLLATION_CONNECTION=@OLD_COLLATION_CONNECTION */;
/*!40111 SET SQL_NOTES=@OLD_SQL_NOTES */;

-- Dump completed
